05-23 09:26:30.134 732 732 I SystemServiceManager: Starting com.android.server.usb.UsbService$Lifecycle
05-23 09:26:30.135 732 732 V SystemServerTiming: StartUsbService took to complete: 1ms
05-23 09:26:30.135 732 732 D SystemServerTiming: StartSerialService
05-23 09:26:30.136 732 822 D SystemServerTimingAsync: InitThreadPoolExec:UsbService$Lifecycle#onStart
05-23 09:26:30.136 732 822 D SystemServerInitThreadPool: Started executing UsbService$Lifecycle#onStart
05-23 09:26:30.138 732 732 V SystemServerTiming: StartSerialService took to complete: 2ms
05-23 09:26:30.138 732 732 D SystemServerTiming: StartHardwarePropertiesManagerService
05-23 09:26:30.140 732 732 V SystemServerTiming: StartHardwarePropertiesManagerService took to complete: 2ms
05-23 09:26:30.140 732 732 D SystemServerTiming: StartTwilightService
05-23 09:26:30.141 732 732 I SystemServiceManager: Starting com.android.server.twilight.TwilightService
05-23 09:26:30.141 732 732 V SystemServerTiming: StartTwilightService took to complete: 1ms
05-23 09:26:30.141 732 732 D SystemServerTiming: StartColorDisplay
05-23 09:26:30.142 732 732 I SystemServiceManager: Starting com.android.server.display.color.ColorDisplayService
05-23 09:26:30.145 732 822 I UsbDeviceManager: failed to write to /sys/class/android_usb/android0/f_rndis/ethaddr
05-23 09:26:30.146 732 822 D UsbPortManager: Querying USB Gadget HAL version
05-23 09:26:30.147 732 732 V SystemServerTiming: StartColorDisplay took to complete: 5ms
05-23 09:26:30.147 732 732 D SystemServerTiming: StartJobScheduler
05-23 09:26:30.147 732 822 I UsbPortManager: USB Gadget HAL AIDL present
05-23 09:26:30.148 732 732 I SystemServiceManager: Starting com.android.server.job.JobSchedulerService
05-23 09:26:30.150 732 822 D UsbDeviceManager: getInstance done
05-23 09:26:30.160 732 822 W StorageManagerService: No primary storage defined yet; hacking together a stub
05-23 09:26:30.165 732 753 I UsbGadgetAidl: USB Gadget HAL AIDL version: GADGET_HAL_V2_0
05-23 09:26:30.166 732 822 D UsbPortManager: Querying USB HAL version
05-23 09:26:30.166 732 808 E UsbDeviceManager: Usb getCurrentUsbFunctionsCb failed ,functions:1 ,status:3 ,transactionId:1
05-23 09:26:30.168 732 822 I UsbPortManager: USB HAL AIDL present
05-23 09:26:30.170 732 753 I UsbDeviceManager: processing MSG_GET_CURRENT_USB_FUNCTIONS
05-23 09:26:30.170 732 753 I UsbDeviceManager: updating mCurrentFunctions
05-23 09:26:30.170 732 753 I UsbDeviceManager: mCurrentFunctions:0applied:0
05-23 09:26:30.170 732 822 D UsbPortManager: getInstance done
05-23 09:26:30.173 732 808 I UsbPortManager: all: opID:1 successful
05-23 09:26:30.174 732 755 D JobStore: Start tag: job-info
05-23 09:26:30.179 732 822 D SystemServerInitThreadPool: Finished executing UsbService$Lifecycle#onStart
05-23 09:26:30.179 732 822 V SystemServerTimingAsync: InitThreadPoolExec:UsbService$Lifecycle#onStart took to complete: 43ms
05-23 09:26:30.182 732 755 D JobStore: Start tag: job-info
05-23 09:26:30.183 732 755 I JobStore: Read 5 jobs
05-23 09:26:30.198 732 732 V HistoricalRegistry: Interaction before persistence initialized
05-23 09:26:30.199 732 732 V HistoricalRegistry: Interaction before persistence initialized
05-23 09:26:30.202 732 732 W JobScheduler: !!! RTC not yet good; tracking time updates for job scheduling
05-23 09:26:30.203 732 732 V SystemServerTiming: StartJobScheduler took to complete: 56ms
05-23 09:26:30.203 732 732 D SystemServerTiming: StartSoundTrigger
05-23 09:26:30.204 732 732 I SystemServiceManager: Starting com.android.server.soundtrigger.SoundTriggerService
05-23 09:26:30.206 732 732 V SystemServerTiming: StartSoundTrigger took to complete: 2ms
05-23 09:26:30.206 732 732 D SystemServerTiming: StartTrustManager
05-23 09:26:30.206 732 732 I SystemServiceManager: Starting com.android.server.trust.TrustManagerService
05-23 09:26:30.219 732 732 V SystemServerTiming: StartTrustManager took to complete: 13ms
05-23 09:26:30.219 732 732 D SystemServerTiming: StartBackupManager
05-23 09:26:30.219 732 732 I SystemServiceManager: Starting com.android.server.backup.BackupManagerService$Lifecycle
05-23 09:26:30.222 732 732 D BackupManagerService: Default backup user id = 0
05-23 09:26:30.223 732 732 V SystemServerTiming: StartBackupManager took to complete: 4ms
05-23 09:26:30.223 732 732 D SystemServerTiming: StartAppWidgetService
05-23 09:26:30.223 732 732 I SystemServiceManager: Starting com.android.server.appwidget.AppWidgetService
05-23 09:26:30.233 732 732 V SystemServerTiming: StartAppWidgetService took to complete: 11ms
05-23 09:26:30.234 732 732 D SystemServerTiming: StartVoiceRecognitionManager
05-23 09:26:30.234 732 732 I SystemServiceManager: Starting com.android.server.voiceinteraction.VoiceInteractionManagerService
05-23 09:26:30.255 732 732 V SystemServerTiming: StartVoiceRecognitionManager took to complete: 22ms
05-23 09:26:30.256 732 732 D SystemServerTiming: StartGestureLauncher
05-23 09:26:30.256 732 732 I SystemServiceManager: Starting com.android.server.GestureLauncherService
05-23 09:26:30.258 732 732 V SystemServerTiming: StartGestureLauncher took to complete: 2ms
05-23 09:26:30.258 732 732 D SystemServerTiming: StartSensorNotification
05-23 09:26:30.259 732 732 I SystemServiceManager: Starting com.android.server.SensorNotificationService
05-23 09:26:30.259 732 732 V SystemServerTiming: StartSensorNotification took to complete: 1ms
05-23 09:26:30.259 732 732 D SystemServerTiming: StartDiskStatsService
05-23 09:26:30.263 732 732 D CompatibilityChangeReporter: Compat change id reported: 253665015; UID 1000; state: ENABLED
05-23 09:26:30.263 732 732 D CompatibilityChangeReporter: Compat change id reported: 253665015; UID 1000; state: DISABLED
05-23 09:26:30.265 732 732 D CompatibilityChangeReporter: Compat change id reported: 194532703; UID 1000; state: ENABLED
05-23 09:26:30.266 732 732 D CompatibilityChangeReporter: Compat change id reported: 194532703; UID 1000; state: DISABLED
05-23 09:26:30.268 732 732 V SystemServerTiming: StartDiskStatsService took to complete: 9ms
05-23 09:26:30.268 732 732 D SystemServerTiming: RuntimeService
05-23 09:26:30.269 732 732 V SystemServerTiming: RuntimeService took to complete: 1ms
05-23 09:26:30.270 732 732 D SystemServerTiming: StartNetworkTimeUpdateService
05-23 09:26:30.272 732 732 V SystemServerTiming: StartNetworkTimeUpdateService took to complete: 2ms
05-23 09:26:30.272 732 732 D SystemServerTiming: CertBlacklister
05-23 09:26:30.273 732 732 V SystemServerTiming: CertBlacklister took to complete: 1ms
05-23 09:26:30.273 732 732 D SystemServerTiming: StartEmergencyAffordanceService
05-23 09:26:30.273 732 732 I SystemServiceManager: Starting com.android.server.emergency.EmergencyAffordanceService
05-23 09:26:30.275 732 732 V SystemServerTiming: StartEmergencyAffordanceService took to complete: 2ms
05-23 09:26:30.275 732 732 D SystemServerTiming: startBlobStoreManagerService
05-23 09:26:30.276 732 732 I SystemServiceManager: Starting com.android.server.blob.BlobStoreManagerService
05-23 09:26:30.281 732 732 V SystemServerTiming: startBlobStoreManagerService took to complete: 6ms
05-23 09:26:30.281 732 732 D SystemServerTiming: StartDreamManager
05-23 09:26:30.281 732 732 I SystemServiceManager: Starting com.android.server.dreams.DreamManagerService
05-23 09:26:30.285 732 732 V SystemServerTiming: StartDreamManager took to complete: 4ms
05-23 09:26:30.285 732 732 D SystemServerTiming: AddGraphicsStatsService
05-23 09:26:30.290 732 732 V SystemServerTiming: AddGraphicsStatsService took to complete: 6ms
05-23 09:26:30.291 732 732 D SystemServerTiming: StartAttestationVerificationService
05-23 09:26:30.291 732 732 I SystemServiceManager: Starting com.android.server.security.AttestationVerificationManagerService
05-23 09:26:30.292 732 732 D AVF : Started
05-23 09:26:30.293 732 732 V SystemServerTiming: StartAttestationVerificationService took to complete: 2ms
05-23 09:26:30.293 732 732 D SystemServerTiming: StartRestrictionManager
05-23 09:26:30.293 732 732 I SystemServiceManager: Starting com.android.server.restrictions.RestrictionsManagerService
05-23 09:26:30.295 732 732 V SystemServerTiming: StartRestrictionManager took to complete: 2ms
05-23 09:26:30.295 732 732 D SystemServerTiming: StartMediaSessionService
05-23 09:26:30.295 732 732 I SystemServiceManager: Starting com.android.server.media.MediaSessionService
05-23 09:26:30.303 732 732 V SystemServerTiming: StartMediaSessionService took to complete: 8ms
05-23 09:26:30.303 732 732 D SystemServerTiming: StartHdmiControlService
05-23 09:26:30.304 732 732 I SystemServiceManager: Starting com.android.server.hdmi.HdmiControlService
05-23 09:26:30.310 732 732 D HdmiControlService: Initial power status is set to 0
05-23 09:26:30.311 732 732 D HDMI : updateEarcEnabled audioControlEnabled:true, earcFeatureEnabled:true res:true
05-23 09:26:30.312 732 732 D HDMI : initOthers
05-23 09:26:30.319 732 732 I HdmiControlService: Device does not support MHL-control.
05-23 09:26:30.322 732 732 W HDMI : [1]:Could not connect to eARC AIDL HAL.
05-23 09:26:30.322 732 732 I HdmiControlService: Device does not support eARC.
05-23 09:26:30.323 732 732 D HDMI : enableSystemCecControl: true
05-23 09:26:30.332 732 894 W BroadcastLoopers: Found previously unknown looper Thread[AudioService,5,main]
05-23 09:26:30.338 732 732 D HDMI : initPortInfo port info:port_id: 0, type: HDMI_OUT, address: 0x0000, cec: true, arc: true, mhl: false, earc: false
05-23 09:26:30.347 732 732 V SystemServerTiming: StartHdmiControlService took to complete: 43ms
05-23 09:26:30.347 732 732 D SystemServerTiming: StartTvInteractiveAppManager
05-23 09:26:30.348 732 732 I SystemServiceManager: Starting com.android.server.tv.interactive.TvInteractiveAppManagerService
05-23 09:26:30.351 732 732 V SystemServerTiming: StartTvInteractiveAppManager took to complete: 4ms
05-23 09:26:30.351 732 732 D SystemServerTiming: StartTvInputManager
05-23 09:26:30.351 732 732 I SystemServiceManager: Starting com.android.server.tv.TvInputManagerService
05-23 09:26:30.357 732 732 V SystemServerTiming: StartTvInputManager took to complete: 7ms
05-23 09:26:30.358 732 732 D SystemServerTiming: StartMediaResourceMonitor
05-23 09:26:30.358 732 732 I SystemServiceManager: Starting com.android.server.media.MediaResourceMonitorService
05-23 09:26:30.359 732 732 V SystemServerTiming: StartMediaResourceMonitor took to complete: 1ms
05-23 09:26:30.359 732 732 D SystemServerTiming: StartTvRemoteService
05-23 09:26:30.359 732 732 I SystemServiceManager: Starting com.android.server.tv.TvRemoteService
05-23 09:26:30.360 732 732 V SystemServerTiming: StartTvRemoteService took to complete: 1ms
05-23 09:26:30.360 732 732 D SystemServerTiming: StartMediaRouterService
05-23 09:26:30.362 732 732 V HistoricalRegistry: Interaction before persistence initialized
05-23 09:26:30.366 732 732 V SystemServerTiming: StartMediaRouterService took to complete: 6ms
05-23 09:26:30.366 732 732 D SystemServerTiming: StartBiometricService
05-23 09:26:30.366 732 732 I SystemServiceManager: Starting com.android.server.biometrics.BiometricService
05-23 09:26:30.374 732 732 V HistoricalRegistry: Interaction before persistence initialized
05-23 09:26:30.378 732 732 V SystemServerTiming: StartBiometricService took to complete: 12ms
05-23 09:26:30.379 732 732 D SystemServerTiming: StartAuthService
05-23 09:26:30.379 732 732 I SystemServiceManager: Starting com.android.server.biometrics.AuthService
05-23 09:26:30.384 732 732 V SystemServerTiming: StartAuthService took to complete: 6ms
05-23 09:26:30.384 732 732 D SystemServerTiming: StartDynamicCodeLoggingService
05-23 09:26:30.387 732 732 V SystemServerTiming: StartDynamicCodeLoggingService took to complete: 2ms
05-23 09:26:30.387 732 732 D SystemServerTiming: StartPruneInstantAppsJobService
05-23 09:26:30.388 732 732 V SystemServerTiming: StartPruneInstantAppsJobService took to complete: 1ms
05-23 09:26:30.389 732 732 D SystemServerTiming: StartShortcutServiceLifecycle
05-23 09:26:30.389 732 732 I SystemServiceManager: Starting com.android.server.pm.ShortcutService$Lifecycle
05-23 09:26:30.393 732 732 V HistoricalRegistry: Interaction before persistence initialized
05-23 09:26:30.394 732 732 V SystemServerTiming: StartShortcutServiceLifecycle took to complete: 5ms
05-23 09:26:30.394 732 732 D SystemServerTiming: StartLauncherAppsService
05-23 09:26:30.395 732 732 I SystemServiceManager: Starting com.android.server.pm.LauncherAppsService
05-23 09:26:30.399 732 732 V SystemServerTiming: StartLauncherAppsService took to complete: 4ms
05-23 09:26:30.399 732 732 D SystemServerTiming: StartCrossProfileAppsService
05-23 09:26:30.400 732 732 I SystemServiceManager: Starting com.android.server.pm.CrossProfileAppsService
05-23 09:26:30.402 732 732 V SystemServerTiming: StartCrossProfileAppsService took to complete: 2ms
05-23 09:26:30.402 732 732 D SystemServerTiming: StartPeopleService
05-23 09:26:30.402 732 732 I SystemServiceManager: Starting com.android.server.people.PeopleService
05-23 09:26:30.404 732 732 V SystemServerTiming: StartPeopleService took to complete: 2ms
05-23 09:26:30.404 732 732 D SystemServerTiming: StartMediaMetricsManager
05-23 09:26:30.404 732 732 I SystemServiceManager: Starting com.android.server.media.metrics.MediaMetricsManagerService
05-23 09:26:30.406 732 732 V SystemServerTiming: StartMediaMetricsManager took to complete: 2ms
05-23 09:26:30.407 732 732 D SystemServerTiming: StartBackgroundInstallControlService
05-23 09:26:30.407 732 732 I SystemServiceManager: Starting com.android.server.pm.BackgroundInstallControlService
05-23 09:26:30.410 732 732 V SystemServerTiming: StartBackgroundInstallControlService took to complete: 3ms
05-23 09:26:30.410 732 732 D SystemServerTiming: StartMediaProjectionManager
05-23 09:26:30.410 732 732 I SystemServiceManager: Starting com.android.server.media.projection.MediaProjectionManagerService
05-23 09:26:30.418 732 732 V SystemServerTiming: StartMediaProjectionManager took to complete: 8ms
05-23 09:26:30.418 732 732 D SystemServerTiming: StartSliceManagerService
05-23 09:26:30.418 732 732 I SystemServiceManager: Starting com.android.server.slice.SliceManagerService$Lifecycle
05-23 09:26:30.423 732 732 V SystemServerTiming: StartSliceManagerService took to complete: 5ms
05-23 09:26:30.423 732 732 D SystemServerTiming: StartStatsCompanion
05-23 09:26:30.424 732 732 I SystemServiceManager: Starting com.android.server.stats.StatsCompanion$Lifecycle
05-23 09:26:30.427 732 732 V SystemServerTiming: StartStatsCompanion took to complete: 4ms
05-23 09:26:30.427 732 732 D SystemServerTiming: StartRebootReadinessManagerService
05-23 09:26:30.428 732 732 I SystemServiceManager: Starting com.android.server.scheduling.RebootReadinessManagerService$Lifecycle
05-23 09:26:30.434 732 732 V SystemServerTiming: StartRebootReadinessManagerService took to complete: 8ms
05-23 09:26:30.434 732 732 D SystemServerTiming: StartStatsPullAtomService
05-23 09:26:30.435 732 732 I SystemServiceManager: Starting com.android.server.stats.pull.StatsPullAtomService
05-23 09:26:30.435 732 732 V SystemServerTiming: StartStatsPullAtomService took to complete: 0ms
05-23 09:26:30.435 732 732 D SystemServerTiming: StatsBootstrapAtomService
05-23 09:26:30.435 732 732 I SystemServiceManager: Starting com.android.server.stats.bootstrap.StatsBootstrapAtomService$Lifecycle
05-23 09:26:30.436 732 732 V SystemServerTiming: StatsBootstrapAtomService took to complete: 1ms
05-23 09:26:30.436 732 732 D SystemServerTiming: StartIncidentCompanionService
05-23 09:26:30.437 732 732 I SystemServiceManager: Starting com.android.server.incident.IncidentCompanionService
05-23 09:26:30.438 732 732 V SystemServerTiming: StartIncidentCompanionService took to complete: 1ms
05-23 09:26:30.438 732 732 D SystemServerTiming: StarSdkSandboxManagerService
05-23 09:26:30.439 732 732 I SystemServiceManager: Starting com.android.server.sdksandbox.SdkSandboxManagerService$Lifecycle
05-23 09:26:30.449 732 732 V SystemServerTiming: StarSdkSandboxManagerService took to complete: 10ms
05-23 09:26:30.449 732 732 D SystemServerTiming: StartAdServicesManagerService
05-23 09:26:30.450 732 732 I SystemServiceManager: Starting com.android.server.adservices.AdServicesManagerService$Lifecycle
05-23 09:26:30.453 732 732 V SystemServerTiming: StartAdServicesManagerService took to complete: 4ms
05-23 09:26:30.453 732 732 D SystemServerTiming: StartOnDevicePersonalizationSystemService
05-23 09:26:30.453 732 732 I SystemServiceManager: Starting com.android.server.ondevicepersonalization.OnDevicePersonalizationSystemService$Lifecycle
05-23 09:26:30.454 732 732 V SystemServerTiming: StartOnDevicePersonalizationSystemService took to complete: 2ms
05-23 09:26:30.455 732 732 D SystemServerTiming: StartAutoFillService
05-23 09:26:30.457 732 732 I SystemServiceManager: Starting com.android.server.autofill.AutofillManagerService
05-23 09:26:30.461 732 732 D AutofillManagerService: setLogLevelFromSettings(): level=2, debug=true, verbose=false
05-23 09:26:30.462 732 732 D AutofillManagerService: setMaxPartitionsFromSettings(): 10
05-23 09:26:30.462 732 732 D AutofillManagerService: setMaxVisibleDatasetsFromSettings(): 0
05-23 09:26:30.464 732 754 D AutofillUI: destroySaveUiUiThread(): already destroyed
05-23 09:26:30.465 732 732 D AutofillManagerServiceImpl: Reset component for user 0:null
05-23 09:26:30.467 732 732 V SystemServerTiming: StartAutoFillService took to complete: 13ms
05-23 09:26:30.468 732 732 D SystemServer: TranslationService not defined by OEM
05-23 09:26:30.468 732 732 D SystemServerTiming: StartClipboardService
05-23 09:26:30.468 732 732 I SystemServiceManager: Starting com.android.server.clipboard.ClipboardService
05-23 09:26:30.472 732 732 V SystemServerTiming: StartClipboardService took to complete: 4ms
05-23 09:26:30.472 732 732 D SystemServerTiming: AppServiceManager
05-23 09:26:30.472 732 732 I SystemServiceManager: Starting com.android.server.appbinding.AppBindingService$Lifecycle
05-23 09:26:30.475 732 732 V SystemServerTiming: AppServiceManager took to complete: 2ms
05-23 09:26:30.475 732 732 D SystemServerTiming: startTracingServiceProxy
05-23 09:26:30.476 732 732 I SystemServiceManager: Starting com.android.server.tracing.TracingServiceProxy
05-23 09:26:30.477 732 732 V SystemServerTiming: startTracingServiceProxy took to complete: 1ms
05-23 09:26:30.477 732 732 D SystemServerTiming: MakeLockSettingsServiceReady
05-23 09:26:30.499 732 910 D HDMI : New logical address for device [4]: [preferred:4, assigned:4]
05-23 09:26:30.503 732 732 I LockSettingsService: Device doesn't implement AuthSecret HAL
05-23 09:26:30.507 732 732 V SystemServerTiming: MakeLockSettingsServiceReady took to complete: 30ms
05-23 09:26:30.507 732 732 D SystemServerTiming: StartBootPhaseLockSettingsReady
05-23 09:26:30.507 732 732 I SystemServiceManager: Starting phase 480
05-23 09:26:30.507 732 732 D SystemServerTiming: OnBootPhase_480
05-23 09:26:30.507 732 732 D SystemServerTiming: OnBootPhase_480_com.android.server.security.FileIntegrityService
05-23 09:26:30.507 732 732 V SystemServerTiming: OnBootPhase_480_com.android.server.security.FileIntegrityService took to complete: 0ms
05-23 09:26:30.507 732 732 D SystemServerTiming: OnBootPhase_480_com.android.server.pm.Installer
05-23 09:26:30.507 732 732 V SystemServerTiming: OnBootPhase_480_com.android.server.pm.Installer took to complete: 0ms
05-23 09:26:30.507 732 732 D SystemServerTiming: OnBootPhase_480_com.android.server.os.DeviceIdentifiersPolicyService
05-23 09:26:30.507 732 732 V SystemServerTiming: OnBootPhase_480_com.android.server.os.DeviceIdentifiersPolicyService took to complete: 0ms
05-23 09:26:30.507 732 732 D SystemServerTiming: OnBootPhase_480_com.android.server.flags.FeatureFlagsService
05-23 09:26:30.507 732 732 V SystemServerTiming: OnBootPhase_480_com.android.server.flags.FeatureFlagsService took to complete: 0ms
05-23 09:26:30.508 732 732 D SystemServerTiming: OnBootPhase_480_com.android.server.uri.UriGrantsManagerService$Lifecycle
05-23 09:26:30.508 732 732 V SystemServerTiming: OnBootPhase_480_com.android.server.uri.UriGrantsManagerService$Lifecycle took to complete: 0ms
05-23 09:26:30.508 732 732 D SystemServerTiming: OnBootPhase_480_com.android.server.powerstats.PowerStatsService
05-23 09:26:30.508 732 732 V SystemServerTiming: OnBootPhase_480_com.android.server.powerstats.PowerStatsService took to complete: 0ms
05-23 09:26:30.508 732 732 D SystemServerTiming: OnBootPhase_480_com.android.server.permission.access.AccessCheckingService
05-23 09:26:30.508 732 732 V SystemServerTiming: OnBootPhase_480_com.android.server.permission.access.AccessCheckingService took to complete: 0ms
05-23 09:26:30.508 732 732 D SystemServerTiming: OnBootPhase_480_com.android.server.wm.ActivityTaskManagerService$Lifecycle
05-23 09:26:30.508 732 732 V SystemServerTiming: OnBootPhase_480_com.android.server.wm.ActivityTaskManagerService$Lifecycle took to complete: 0ms
05-23 09:26:30.508 732 732 D SystemServerTiming: OnBootPhase_480_com.android.server.am.ActivityManagerService$Lifecycle
05-23 09:26:30.508 732 732 V SystemServerTiming: OnBootPhase_480_com.android.server.am.ActivityManagerService$Lifecycle took to complete: 0ms
05-23 09:26:30.508 732 732 D SystemServerTiming: OnBootPhase_480_com.android.server.pm.DataLoaderManagerService
05-23 09:26:30.508 732 732 V SystemServerTiming: OnBootPhase_480_com.android.server.pm.DataLoaderManagerService took to complete: 0ms
05-23 09:26:30.508 732 732 D SystemServerTiming: OnBootPhase_480_com.android.server.power.PowerManagerService
05-23 09:26:30.508 732 732 V SystemServerTiming: OnBootPhase_480_com.android.server.power.PowerManagerService took to complete: 0ms
05-23 09:26:30.508 732 732 D SystemServerTiming: OnBootPhase_480_com.android.server.power.ThermalManagerService
05-23 09:26:30.508 732 732 V SystemServerTiming: OnBootPhase_480_com.android.server.power.ThermalManagerService took to complete: 0ms
05-23 09:26:30.508 732 732 D SystemServerTiming: OnBootPhase_480_com.android.server.power.hint.HintManagerService
05-23 09:26:30.508 732 732 V SystemServerTiming: OnBootPhase_480_com.android.server.power.hint.HintManagerService took to complete: 0ms
05-23 09:26:30.508 732 732 D SystemServerTiming: OnBootPhase_480_com.android.server.recoverysystem.RecoverySystemService$Lifecycle
05-23 09:26:30.508 732 732 V SystemServerTiming: OnBootPhase_480_com.android.server.recoverysystem.RecoverySystemService$Lifecycle took to complete: 0ms
05-23 09:26:30.508 732 732 D SystemServerTiming: OnBootPhase_480_com.android.server.lights.LightsService
05-23 09:26:30.508 732 732 V SystemServerTiming: OnBootPhase_480_com.android.server.lights.LightsService took to complete: 0ms
05-23 09:26:30.508 732 732 D SystemServerTiming: OnBootPhase_480_com.android.server.display.DisplayManagerService
05-23 09:26:30.508 732 732 V SystemServerTiming: OnBootPhase_480_com.android.server.display.DisplayManagerService took to complete: 0ms
05-23 09:26:30.508 732 732 D SystemServerTiming: OnBootPhase_480_com.android.server.pm.verify.domain.DomainVerificationService
05-23 09:26:30.508 732 732 V SystemServerTiming: OnBootPhase_480_com.android.server.pm.verify.domain.DomainVerificationService took to complete: 0ms
05-23 09:26:30.508 732 732 D SystemServerTiming: OnBootPhase_480_com.android.server.pm.PackageInstallerService$Lifecycle
05-23 09:26:30.508 732 732 V SystemServerTiming: OnBootPhase_480_com.android.server.pm.PackageInstallerService$Lifecycle took to complete: 0ms
05-23 09:26:30.508 732 732 D SystemServerTiming: OnBootPhase_480_com.android.server.pm.UserManagerService$LifeCycle
05-23 09:26:30.508 732 732 V SystemServerTiming: OnBootPhase_480_com.android.server.pm.UserManagerService$LifeCycle took to complete: 0ms
05-23 09:26:30.508 732 732 D SystemServerTiming: OnBootPhase_480_com.android.server.om.OverlayManagerService
05-23 09:26:30.508 732 732 V SystemServerTiming: OnBootPhase_480_com.android.server.om.OverlayManagerService took to complete: 0ms
05-23 09:26:30.508 732 732 D SystemServerTiming: OnBootPhase_480_com.android.server.resources.ResourcesManagerService
05-23 09:26:30.508 732 732 V SystemServerTiming: OnBootPhase_480_com.android.server.resources.ResourcesManagerService took to complete: 0ms
05-23 09:26:30.508 732 732 D SystemServerTiming: OnBootPhase_480_com.android.server.sensorprivacy.SensorPrivacyService
05-23 09:26:30.508 732 732 V SystemServerTiming: OnBootPhase_480_com.android.server.sensorprivacy.SensorPrivacyService took to complete: 1ms
05-23 09:26:30.508 732 732 D SystemServerTiming: OnBootPhase_480_com.android.server.sensors.SensorService
05-23 09:26:30.508 732 732 V SystemServerTiming: OnBootPhase_480_com.android.server.sensors.SensorService took to complete: 0ms
05-23 09:26:30.508 732 732 D SystemServerTiming: OnBootPhase_480_com.android.server.SystemConfigService
05-23 09:26:30.508 732 732 V SystemServerTiming: OnBootPhase_480_com.android.server.SystemConfigService took to complete: 0ms
05-23 09:26:30.508 732 732 D SystemServerTiming: OnBootPhase_480_com.android.server.BatteryService
05-23 09:26:30.508 732 732 V SystemServerTiming: OnBootPhase_480_com.android.server.BatteryService took to complete: 0ms
05-23 09:26:30.508 732 732 D SystemServerTiming: OnBootPhase_480_com.android.server.usage.UsageStatsService
05-23 09:26:30.508 732 732 V SystemServerTiming: OnBootPhase_480_com.android.server.usage.UsageStatsService took to complete: 0ms
05-23 09:26:30.508 732 732 D SystemServerTiming: OnBootPhase_480_com.android.server.webkit.WebViewUpdateService
05-23 09:26:30.508 732 732 V SystemServerTiming: OnBootPhase_480_com.android.server.webkit.WebViewUpdateService took to complete: 0ms
05-23 09:26:30.508 732 732 D SystemServerTiming: OnBootPhase_480_com.android.server.CachedDeviceStateService
05-23 09:26:30.508 732 732 V SystemServerTiming: OnBootPhase_480_com.android.server.CachedDeviceStateService took to complete: 0ms
05-23 09:26:30.508 732 732 D SystemServerTiming: OnBootPhase_480_com.android.server.BinderCallsStatsService$LifeCycle
05-23 09:26:30.508 732 732 V SystemServerTiming: OnBootPhase_480_com.android.server.BinderCallsStatsService$LifeCycle took to complete: 0ms
05-23 09:26:30.509 732 732 D SystemServerTiming: OnBootPhase_480_com.android.server.LooperStatsService$Lifecycle
05-23 09:26:30.509 732 732 V SystemServerTiming: OnBootPhase_480_com.android.server.LooperStatsService$Lifecycle took to complete: 0ms
05-23 09:26:30.509 732 732 D SystemServerTiming: OnBootPhase_480_com.android.server.rollback.RollbackManagerService
05-23 09:26:30.509 732 732 V SystemServerTiming: OnBootPhase_480_com.android.server.rollback.RollbackManagerService took to complete: 0ms
05-23 09:26:30.509 732 732 D SystemServerTiming: OnBootPhase_480_com.android.server.os.NativeTombstoneManagerService
05-23 09:26:30.509 732 732 V SystemServerTiming: OnBootPhase_480_com.android.server.os.NativeTombstoneManagerService took to complete: 0ms
05-23 09:26:30.509 732 732 D SystemServerTiming: OnBootPhase_480_com.android.server.os.BugreportManagerService
05-23 09:26:30.509 732 732 V SystemServerTiming: OnBootPhase_480_com.android.server.os.BugreportManagerService took to complete: 0ms
05-23 09:26:30.509 732 732 D SystemServerTiming: OnBootPhase_480_com.android.server.gpu.GpuService
05-23 09:26:30.509 732 732 V SystemServerTiming: OnBootPhase_480_com.android.server.gpu.GpuService took to complete: 0ms
05-23 09:26:30.509 732 732 D SystemServerTiming: OnBootPhase_480_com.android.server.security.rkp.RemoteProvisioningService
05-23 09:26:30.509 732 732 V SystemServerTiming: OnBootPhase_480_com.android.server.security.rkp.RemoteProvisioningService took to complete: 0ms
05-23 09:26:30.509 732 732 D SystemServerTiming: OnBootPhase_480_com.android.server.cpu.CpuMonitorService
05-23 09:26:30.509 732 732 V SystemServerTiming: OnBootPhase_480_com.android.server.cpu.CpuMonitorService took to complete: 0ms
05-23 09:26:30.509 732 732 D SystemServerTiming: OnBootPhase_480_com.android.server.security.KeyChainSystemService
05-23 09:26:30.509 732 732 V SystemServerTiming: OnBootPhase_480_com.android.server.security.KeyChainSystemService took to complete: 0ms
05-23 09:26:30.509 732 732 D SystemServerTiming: OnBootPhase_480_com.android.server.BinaryTransparencyService
05-23 09:26:30.509 732 732 V SystemServerTiming: OnBootPhase_480_com.android.server.BinaryTransparencyService took to complete: 0ms
05-23 09:26:30.509 732 732 D SystemServerTiming: OnBootPhase_480_com.android.server.accounts.AccountManagerService$Lifecycle
05-23 09:26:30.509 732 732 V SystemServerTiming: OnBootPhase_480_com.android.server.accounts.AccountManagerService$Lifecycle took to complete: 0ms
05-23 09:26:30.509 732 732 D SystemServerTiming: OnBootPhase_480_com.android.server.content.ContentService$Lifecycle
05-23 09:26:30.509 732 732 V SystemServerTiming: OnBootPhase_480_com.android.server.content.ContentService$Lifecycle took to complete: 0ms
05-23 09:26:30.509 732 732 D SystemServerTiming: OnBootPhase_480_com.android.server.deviceconfig.DeviceConfigInit$Lifecycle
05-23 09:26:30.509 732 732 V SystemServerTiming: OnBootPhase_480_com.android.server.deviceconfig.DeviceConfigInit$Lifecycle took to complete: 0ms
05-23 09:26:30.509 732 732 D SystemServerTiming: OnBootPhase_480_com.android.server.DropBoxManagerService
05-23 09:26:30.509 732 732 V SystemServerTiming: OnBootPhase_480_com.android.server.DropBoxManagerService took to complete: 0ms
05-23 09:26:30.509 732 732 D SystemServerTiming: OnBootPhase_480_com.android.role.RoleService
05-23 09:26:30.509 732 732 V SystemServerTiming: OnBootPhase_480_com.android.role.RoleService took to complete: 0ms
05-23 09:26:30.509 732 732 D SystemServerTiming: OnBootPhase_480_com.android.server.vibrator.VibratorManagerService$Lifecycle
05-23 09:26:30.509 732 732 V SystemServerTiming: OnBootPhase_480_com.android.server.vibrator.VibratorManagerService$Lifecycle took to complete: 0ms
05-23 09:26:30.509 732 732 D SystemServerTiming: OnBootPhase_480_com.android.server.tare.InternalResourceService
05-23 09:26:30.509 732 732 V SystemServerTiming: OnBootPhase_480_com.android.server.tare.InternalResourceService took to complete: 0ms
05-23 09:26:30.509 732 732 D SystemServerTiming: OnBootPhase_480_com.android.server.alarm.AlarmManagerService
05-23 09:26:30.509 732 732 V SystemServerTiming: OnBootPhase_480_com.android.server.alarm.AlarmManagerService took to complete: 0ms
05-23 09:26:30.509 732 732 D SystemServerTiming: OnBootPhase_480_com.android.server.devicestate.DeviceStateManagerService
05-23 09:26:30.509 732 732 V SystemServerTiming: OnBootPhase_480_com.android.server.devicestate.DeviceStateManagerService took to complete: 0ms
05-23 09:26:30.509 732 732 D SystemServerTiming: OnBootPhase_480_com.android.server.camera.CameraServiceProxy
05-23 09:26:30.509 732 732 V SystemServerTiming: OnBootPhase_480_com.android.server.camera.CameraServiceProxy took to complete: 0ms
05-23 09:26:30.509 732 732 D SystemServerTiming: OnBootPhase_480_com.android.server.bluetooth.BluetoothService
05-23 09:26:30.509 732 732 V SystemServerTiming: OnBootPhase_480_com.android.server.bluetooth.BluetoothService took to complete: 0ms
05-23 09:26:30.509 732 732 D SystemServerTiming: OnBootPhase_480_com.android.server.connectivity.IpConnectivityMetrics
05-23 09:26:30.510 732 732 V SystemServerTiming: OnBootPhase_480_com.android.server.connectivity.IpConnectivityMetrics took to complete: 0ms
05-23 09:26:30.510 732 732 D SystemServerTiming: OnBootPhase_480_com.android.server.net.watchlist.NetworkWatchlistService$Lifecycle
05-23 09:26:30.510 732 732 V SystemServerTiming: OnBootPhase_480_com.android.server.net.watchlist.NetworkWatchlistService$Lifecycle took to complete: 0ms
05-23 09:26:30.510 732 732 D SystemServerTiming: OnBootPhase_480_com.android.server.PinnerService
05-23 09:26:30.510 732 732 V SystemServerTiming: OnBootPhase_480_com.android.server.PinnerService took to complete: 0ms
05-23 09:26:30.510 732 732 D SystemServerTiming: OnBootPhase_480_com.android.server.integrity.AppIntegrityManagerService
05-23 09:26:30.510 732 732 V SystemServerTiming: OnBootPhase_480_com.android.server.integrity.AppIntegrityManagerService took to complete: 0ms
05-23 09:26:30.510 732 732 D SystemServerTiming: OnBootPhase_480_com.android.server.logcat.LogcatManagerService
05-23 09:26:30.510 732 732 V SystemServerTiming: OnBootPhase_480_com.android.server.logcat.LogcatManagerService took to complete: 0ms
05-23 09:26:30.510 732 732 D SystemServerTiming: OnBootPhase_480_com.android.server.inputmethod.InputMethodManagerService$Lifecycle
05-23 09:26:30.510 732 732 V SystemServerTiming: OnBootPhase_480_com.android.server.inputmethod.InputMethodManagerService$Lifecycle took to complete: 0ms
05-23 09:26:30.510 732 732 D SystemServerTiming: OnBootPhase_480_com.android.server.accessibility.AccessibilityManagerService$Lifecycle
05-23 09:26:30.510 732 732 V SystemServerTiming: OnBootPhase_480_com.android.server.accessibility.AccessibilityManagerService$Lifecycle took to complete: 1ms
05-23 09:26:30.510 732 732 D SystemServerTiming: OnBootPhase_480_com.android.server.StorageManagerService$Lifecycle
05-23 09:26:30.510 732 732 V SystemServerTiming: OnBootPhase_480_com.android.server.StorageManagerService$Lifecycle took to complete: 0ms
05-23 09:26:30.510 732 732 D SystemServerTiming: OnBootPhase_480_com.android.server.usage.StorageStatsService$Lifecycle
05-23 09:26:30.510 732 732 V SystemServerTiming: OnBootPhase_480_com.android.server.usage.StorageStatsService$Lifecycle took to complete: 0ms
05-23 09:26:30.510 732 732 D SystemServerTiming: OnBootPhase_480_com.android.server.UiModeManagerService
05-23 09:26:30.510 732 732 V SystemServerTiming: OnBootPhase_480_com.android.server.UiModeManagerService took to complete: 0ms
05-23 09:26:30.510 732 732 D SystemServerTiming: OnBootPhase_480_com.android.server.locales.LocaleManagerService
05-23 09:26:30.510 732 732 V SystemServerTiming: OnBootPhase_480_com.android.server.locales.LocaleManagerService took to complete: 0ms
05-23 09:26:30.510 732 732 D SystemServerTiming: OnBootPhase_480_com.android.server.grammaticalinflection.GrammaticalInflectionService
05-23 09:26:30.510 732 732 V SystemServerTiming: OnBootPhase_480_com.android.server.grammaticalinflection.GrammaticalInflectionService took to complete: 0ms
05-23 09:26:30.510 732 732 D SystemServerTiming: OnBootPhase_480_com.android.server.apphibernation.AppHibernationService
05-23 09:26:30.510 732 732 V SystemServerTiming: OnBootPhase_480_com.android.server.apphibernation.AppHibernationService took to complete: 0ms
05-23 09:26:30.510 732 732 D SystemServerTiming: OnBootPhase_480_com.android.server.locksettings.LockSettingsService$Lifecycle
05-23 09:26:30.510 732 732 V SystemServerTiming: OnBootPhase_480_com.android.server.locksettings.LockSettingsService$Lifecycle took to complete: 0ms
05-23 09:26:30.510 732 732 D SystemServerTiming: OnBootPhase_480_com.android.server.PersistentDataBlockService
05-23 09:26:30.511 732 732 V SystemServerTiming: OnBootPhase_480_com.android.server.PersistentDataBlockService took to complete: 0ms
05-23 09:26:30.511 732 732 D SystemServerTiming: OnBootPhase_480_com.android.server.testharness.TestHarnessModeService
05-23 09:26:30.511 732 732 V SystemServerTiming: OnBootPhase_480_com.android.server.testharness.TestHarnessModeService took to complete: 0ms
05-23 09:26:30.511 732 732 D SystemServerTiming: OnBootPhase_480_com.android.server.oemlock.OemLockService
05-23 09:26:30.511 732 732 V SystemServerTiming: OnBootPhase_480_com.android.server.oemlock.OemLockService took to complete: 0ms
05-23 09:26:30.511 732 732 D SystemServerTiming: OnBootPhase_480_com.android.server.DeviceIdleController
05-23 09:26:30.511 732 732 V SystemServerTiming: OnBootPhase_480_com.android.server.DeviceIdleController took to complete: 0ms
05-23 09:26:30.511 732 732 D SystemServerTiming: OnBootPhase_480_com.android.server.devicepolicy.DevicePolicyManagerService$Lifecycle
05-23 09:26:30.511 732 732 V SystemServerTiming: OnBootPhase_480_com.android.server.devicepolicy.DevicePolicyManagerService$Lifecycle took to complete: 0ms
05-23 09:26:30.511 732 732 D SystemServerTiming: OnBootPhase_480_com.android.server.texttospeech.TextToSpeechManagerService
05-23 09:26:30.511 732 732 V SystemServerTiming: OnBootPhase_480_com.android.server.texttospeech.TextToSpeechManagerService took to complete: 0ms
05-23 09:26:30.511 732 732 D SystemServerTiming: OnBootPhase_480_com.android.server.ambientcontext.AmbientContextManagerService
05-23 09:26:30.511 732 732 V SystemServerTiming: OnBootPhase_480_com.android.server.ambientcontext.AmbientContextManagerService took to complete: 0ms
05-23 09:26:30.511 732 732 D SystemServerTiming: OnBootPhase_480_com.android.server.wearable.WearableSensingManagerService
05-23 09:26:30.511 732 732 V SystemServerTiming: OnBootPhase_480_com.android.server.wearable.WearableSensingManagerService took to complete: 0ms
05-23 09:26:30.511 732 732 D SystemServerTiming: OnBootPhase_480_com.android.server.speech.SpeechRecognitionManagerService
05-23 09:26:30.511 732 732 V SystemServerTiming: OnBootPhase_480_com.android.server.speech.SpeechRecognitionManagerService took to complete: 0ms
05-23 09:26:30.511 732 732 D SystemServerTiming: OnBootPhase_480_com.android.server.searchui.SearchUiManagerService
05-23 09:26:30.511 732 732 V SystemServerTiming: OnBootPhase_480_com.android.server.searchui.SearchUiManagerService took to complete: 0ms
05-23 09:26:30.511 732 732 D SystemServerTiming: OnBootPhase_480_com.android.server.smartspace.SmartspaceManagerService
05-23 09:26:30.511 732 732 V SystemServerTiming: OnBootPhase_480_com.android.server.smartspace.SmartspaceManagerService took to complete: 0ms
05-23 09:26:30.511 732 732 D SystemServerTiming: OnBootPhase_480_com.android.server.graphics.fonts.FontManagerService$Lifecycle
05-23 09:26:30.511 732 732 V SystemServerTiming: OnBootPhase_480_com.android.server.graphics.fonts.FontManagerService$Lifecycle took to complete: 0ms
05-23 09:26:30.511 732 732 D SystemServerTiming: OnBootPhase_480_com.android.server.textservices.TextServicesManagerService$Lifecycle
05-23 09:26:30.511 732 732 V SystemServerTiming: OnBootPhase_480_com.android.server.textservices.TextServicesManagerService$Lifecycle took to complete: 0ms
05-23 09:26:30.511 732 732 D SystemServerTiming: OnBootPhase_480_com.android.server.textclassifier.TextClassificationManagerService$Lifecycle
05-23 09:26:30.511 732 732 V SystemServerTiming: OnBootPhase_480_com.android.server.textclassifier.TextClassificationManagerService$Lifecycle took to complete: 0ms
05-23 09:26:30.511 732 732 D SystemServerTiming: OnBootPhase_480_com.android.server.NetworkScoreService$Lifecycle
05-23 09:26:30.511 732 732 V SystemServerTiming: OnBootPhase_480_com.android.server.NetworkScoreService$Lifecycle took to complete: 0ms
05-23 09:26:30.511 732 732 D SystemServerTiming: OnBootPhase_480_com.android.server.NetworkStatsServiceInitializer
05-23 09:26:30.511 732 732 V SystemServerTiming: OnBootPhase_480_com.android.server.NetworkStatsServiceInitializer took to complete: 0ms
05-23 09:26:30.511 732 732 D SystemServerTiming: OnBootPhase_480_com.android.server.wifi.WifiService
05-23 09:26:30.511 732 732 V SystemServerTiming: OnBootPhase_480_com.android.server.wifi.WifiService took to complete: 0ms
05-23 09:26:30.511 732 732 D SystemServerTiming: OnBootPhase_480_com.android.server.wifi.scanner.WifiScanningService
05-23 09:26:30.511 732 732 V SystemServerTiming: OnBootPhase_480_com.android.server.wifi.scanner.WifiScanningService took to complete: 0ms
05-23 09:26:30.511 732 732 D SystemServerTiming: OnBootPhase_480_com.android.server.wifi.p2p.WifiP2pService
05-23 09:26:30.511 732 732 V SystemServerTiming: OnBootPhase_480_com.android.server.wifi.p2p.WifiP2pService took to complete: 0ms
05-23 09:26:30.511 732 732 D SystemServerTiming: OnBootPhase_480_com.android.server.ConnectivityServiceInitializer
05-23 09:26:30.511 732 732 V SystemServerTiming: OnBootPhase_480_com.android.server.ConnectivityServiceInitializer took to complete: 0ms
05-23 09:26:30.511 732 732 D SystemServerTiming: OnBootPhase_480_com.android.server.notification.NotificationManagerService
05-23 09:26:30.511 732 732 V SystemServerTiming: OnBootPhase_480_com.android.server.notification.NotificationManagerService took to complete: 0ms
05-23 09:26:30.511 732 732 D SystemServerTiming: OnBootPhase_480_com.android.server.storage.DeviceStorageMonitorService
05-23 09:26:30.511 732 732 V SystemServerTiming: OnBootPhase_480_com.android.server.storage.DeviceStorageMonitorService took to complete: 0ms
05-23 09:26:30.511 732 732 D SystemServerTiming: OnBootPhase_480_com.android.server.timedetector.TimeDetectorService$Lifecycle
05-23 09:26:30.511 732 732 V SystemServerTiming: OnBootPhase_480_com.android.server.timedetector.TimeDetectorService$Lifecycle took to complete: 0ms
05-23 09:26:30.511 732 732 D SystemServerTiming: OnBootPhase_480_com.android.server.location.LocationManagerService$Lifecycle
05-23 09:26:30.511 732 732 V SystemServerTiming: OnBootPhase_480_com.android.server.location.LocationManagerService$Lifecycle took to complete: 0ms
05-23 09:26:30.511 732 732 D SystemServerTiming: OnBootPhase_480_com.android.server.timezonedetector.TimeZoneDetectorService$Lifecycle
05-23 09:26:30.511 732 732 V SystemServerTiming: OnBootPhase_480_com.android.server.timezonedetector.TimeZoneDetectorService$Lifecycle took to complete: 0ms
05-23 09:26:30.511 732 732 D SystemServerTiming: OnBootPhase_480_com.android.server.location.altitude.AltitudeService$Lifecycle
05-23 09:26:30.511 732 732 V SystemServerTiming: OnBootPhase_480_com.android.server.location.altitude.AltitudeService$Lifecycle took to complete: 0ms
05-23 09:26:30.511 732 732 D SystemServerTiming: OnBootPhase_480_com.android.server.timezonedetector.location.LocationTimeZoneManagerService$Lifecycle
05-23 09:26:30.511 732 732 V SystemServerTiming: OnBootPhase_480_com.android.server.timezonedetector.location.LocationTimeZoneManagerService$Lifecycle took to complete: 0ms
05-23 09:26:30.512 732 732 D SystemServerTiming: OnBootPhase_480_com.android.server.search.SearchManagerService$Lifecycle
05-23 09:26:30.512 732 732 V SystemServerTiming: OnBootPhase_480_com.android.server.search.SearchManagerService$Lifecycle took to complete: 0ms
05-23 09:26:30.512 732 732 D SystemServerTiming: OnBootPhase_480_com.android.server.wallpaper.WallpaperManagerService$Lifecycle
05-23 09:26:30.513 732 732 V SystemServerTiming: OnBootPhase_480_com.android.server.wallpaper.WallpaperManagerService$Lifecycle took to complete: 1ms
05-23 09:26:30.513 732 732 D SystemServerTiming: OnBootPhase_480_com.android.server.wallpapereffectsgeneration.WallpaperEffectsGenerationManagerService
05-23 09:26:30.513 732 732 V SystemServerTiming: OnBootPhase_480_com.android.server.wallpapereffectsgeneration.WallpaperEffectsGenerationManagerService took to complete: 0ms
05-23 09:26:30.513 732 732 D SystemServerTiming: OnBootPhase_480_com.android.server.audio.AudioService$Lifecycle
05-23 09:26:30.513 732 732 V SystemServerTiming: OnBootPhase_480_com.android.server.audio.AudioService$Lifecycle took to complete: 0ms
05-23 09:26:30.513 732 732 D SystemServerTiming: OnBootPhase_480_com.android.server.soundtrigger_middleware.SoundTriggerMiddlewareService$Lifecycle
05-23 09:26:30.513 732 732 V SystemServerTiming: OnBootPhase_480_com.android.server.soundtrigger_middleware.SoundTriggerMiddlewareService$Lifecycle took to complete: 0ms
05-23 09:26:30.513 732 732 D SystemServerTiming: OnBootPhase_480_com.android.server.adb.AdbService$Lifecycle
05-23 09:26:30.513 732 732 V SystemServerTiming: OnBootPhase_480_com.android.server.adb.AdbService$Lifecycle took to complete: 0ms
05-23 09:26:30.513 732 732 D SystemServerTiming: OnBootPhase_480_com.android.server.usb.UsbService$Lifecycle
05-23 09:26:30.513 732 732 V SystemServerTiming: OnBootPhase_480_com.android.server.usb.UsbService$Lifecycle took to complete: 0ms
05-23 09:26:30.513 732 732 D SystemServerTiming: OnBootPhase_480_com.android.server.twilight.TwilightService
05-23 09:26:30.513 732 732 V SystemServerTiming: OnBootPhase_480_com.android.server.twilight.TwilightService took to complete: 0ms
05-23 09:26:30.513 732 732 D SystemServerTiming: OnBootPhase_480_com.android.server.display.color.ColorDisplayService
05-23 09:26:30.513 732 732 V SystemServerTiming: OnBootPhase_480_com.android.server.display.color.ColorDisplayService took to complete: 0ms
05-23 09:26:30.513 732 732 D SystemServerTiming: OnBootPhase_480_com.android.server.job.JobSchedulerService
05-23 09:26:30.513 732 732 V SystemServerTiming: OnBootPhase_480_com.android.server.job.JobSchedulerService took to complete: 0ms
05-23 09:26:30.513 732 732 D SystemServerTiming: OnBootPhase_480_com.android.server.soundtrigger.SoundTriggerService
05-23 09:26:30.513 732 732 D SoundTriggerService: onBootPhase: 480 : false
05-23 09:26:30.514 732 732 V SystemServerTiming: OnBootPhase_480_com.android.server.soundtrigger.SoundTriggerService took to complete: 1ms
05-23 09:26:30.514 732 732 D SystemServerTiming: OnBootPhase_480_com.android.server.trust.TrustManagerService
05-23 09:26:30.514 732 732 V SystemServerTiming: OnBootPhase_480_com.android.server.trust.TrustManagerService took to complete: 0ms
05-23 09:26:30.514 732 732 D SystemServerTiming: OnBootPhase_480_com.android.server.backup.BackupManagerService$Lifecycle
05-23 09:26:30.514 732 732 V SystemServerTiming: OnBootPhase_480_com.android.server.backup.BackupManagerService$Lifecycle took to complete: 0ms
05-23 09:26:30.514 732 732 D SystemServerTiming: OnBootPhase_480_com.android.server.appwidget.AppWidgetService
05-23 09:26:30.514 732 732 V SystemServerTiming: OnBootPhase_480_com.android.server.appwidget.AppWidgetService took to complete: 0ms
05-23 09:26:30.514 732 732 D SystemServerTiming: OnBootPhase_480_com.android.server.voiceinteraction.VoiceInteractionManagerService
05-23 09:26:30.514 732 732 V SystemServerTiming: OnBootPhase_480_com.android.server.voiceinteraction.VoiceInteractionManagerService took to complete: 0ms
05-23 09:26:30.514 732 732 D SystemServerTiming: OnBootPhase_480_com.android.server.GestureLauncherService
05-23 09:26:30.514 732 732 V SystemServerTiming: OnBootPhase_480_com.android.server.GestureLauncherService took to complete: 0ms
05-23 09:26:30.514 732 732 D SystemServerTiming: OnBootPhase_480_com.android.server.SensorNotificationService
05-23 09:26:30.514 732 732 V SystemServerTiming: OnBootPhase_480_com.android.server.SensorNotificationService took to complete: 0ms
05-23 09:26:30.514 732 732 D SystemServerTiming: OnBootPhase_480_com.android.server.emergency.EmergencyAffordanceService
05-23 09:26:30.514 732 732 V SystemServerTiming: OnBootPhase_480_com.android.server.emergency.EmergencyAffordanceService took to complete: 0ms
05-23 09:26:30.514 732 732 D SystemServerTiming: OnBootPhase_480_com.android.server.blob.BlobStoreManagerService
05-23 09:26:30.514 732 732 V SystemServerTiming: OnBootPhase_480_com.android.server.blob.BlobStoreManagerService took to complete: 0ms
05-23 09:26:30.514 732 732 D SystemServerTiming: OnBootPhase_480_com.android.server.dreams.DreamManagerService
05-23 09:26:30.514 732 732 V SystemServerTiming: OnBootPhase_480_com.android.server.dreams.DreamManagerService took to complete: 0ms
05-23 09:26:30.514 732 732 D SystemServerTiming: OnBootPhase_480_com.android.server.security.AttestationVerificationManagerService
05-23 09:26:30.514 732 732 V SystemServerTiming: OnBootPhase_480_com.android.server.security.AttestationVerificationManagerService took to complete: 0ms
05-23 09:26:30.514 732 732 D SystemServerTiming: OnBootPhase_480_com.android.server.restrictions.RestrictionsManagerService
05-23 09:26:30.514 732 732 V SystemServerTiming: OnBootPhase_480_com.android.server.restrictions.RestrictionsManagerService took to complete: 0ms
05-23 09:26:30.514 732 732 D SystemServerTiming: OnBootPhase_480_com.android.server.media.MediaSessionService
05-23 09:26:30.514 732 732 V SystemServerTiming: OnBootPhase_480_com.android.server.media.MediaSessionService took to complete: 0ms
05-23 09:26:30.514 732 732 D SystemServerTiming: OnBootPhase_480_com.android.server.hdmi.HdmiControlService
05-23 09:26:30.514 732 732 V SystemServerTiming: OnBootPhase_480_com.android.server.hdmi.HdmiControlService took to complete: 0ms
05-23 09:26:30.514 732 732 D SystemServerTiming: OnBootPhase_480_com.android.server.tv.interactive.TvInteractiveAppManagerService
05-23 09:26:30.514 732 732 V SystemServerTiming: OnBootPhase_480_com.android.server.tv.interactive.TvInteractiveAppManagerService took to complete: 0ms
05-23 09:26:30.514 732 732 D SystemServerTiming: OnBootPhase_480_com.android.server.tv.TvInputManagerService
05-23 09:26:30.514 732 732 V SystemServerTiming: OnBootPhase_480_com.android.server.tv.TvInputManagerService took to complete: 0ms
05-23 09:26:30.514 732 732 D SystemServerTiming: OnBootPhase_480_com.android.server.media.MediaResourceMonitorService
05-23 09:26:30.515 732 732 V SystemServerTiming: OnBootPhase_480_com.android.server.media.MediaResourceMonitorService took to complete: 0ms
05-23 09:26:30.515 732 732 D SystemServerTiming: OnBootPhase_480_com.android.server.tv.TvRemoteService
05-23 09:26:30.515 732 732 V SystemServerTiming: OnBootPhase_480_com.android.server.tv.TvRemoteService took to complete: 0ms
05-23 09:26:30.515 732 732 D SystemServerTiming: OnBootPhase_480_com.android.server.biometrics.BiometricService
05-23 09:26:30.515 732 732 V SystemServerTiming: OnBootPhase_480_com.android.server.biometrics.BiometricService took to complete: 0ms
05-23 09:26:30.515 732 732 D SystemServerTiming: OnBootPhase_480_com.android.server.biometrics.AuthService
05-23 09:26:30.515 732 732 V SystemServerTiming: OnBootPhase_480_com.android.server.biometrics.AuthService took to complete: 0ms
05-23 09:26:30.515 732 732 D SystemServerTiming: OnBootPhase_480_com.android.server.pm.ShortcutService$Lifecycle
05-23 09:26:30.518 732 732 W ShortcutService: Clock rewound
