05-23 09:26:32.915 732 732 V SystemServerTiming: OnBootPhase_550_com.android.server.app.GameManagerService$Lifecycle took to complete: 0ms
05-23 09:26:32.915 732 732 D SystemServerTiming: OnBootPhase_550_com.android.safetycenter.SafetyCenterService
05-23 09:26:32.915 732 732 V SystemServerTiming: OnBootPhase_550_com.android.safetycenter.SafetyCenterService took to complete: 0ms
05-23 09:26:32.915 732 732 D SystemServerTiming: OnBootPhase_550_com.android.server.appsearch.AppSearchModule$Lifecycle
05-23 09:26:32.915 732 732 V SystemServerTiming: OnBootPhase_550_com.android.server.appsearch.AppSearchModule$Lifecycle took to complete: 0ms
05-23 09:26:32.915 732 732 D SystemServerTiming: OnBootPhase_550_com.android.server.media.MediaCommunicationService
05-23 09:26:32.915 732 732 V SystemServerTiming: OnBootPhase_550_com.android.server.media.MediaCommunicationService took to complete: 0ms
05-23 09:26:32.915 732 732 D SystemServerTiming: OnBootPhase_550_com.android.server.compat.overrides.AppCompatOverridesService$Lifecycle
05-23 09:26:32.915 732 732 V SystemServerTiming: OnBootPhase_550_com.android.server.compat.overrides.AppCompatOverridesService$Lifecycle took to complete: 0ms
05-23 09:26:32.915 732 732 D SystemServerTiming: OnBootPhase_550_com.android.server.healthconnect.HealthConnectManagerService
05-23 09:26:32.915 732 732 V SystemServerTiming: OnBootPhase_550_com.android.server.healthconnect.HealthConnectManagerService took to complete: 0ms
05-23 09:26:32.915 732 732 D SystemServerTiming: OnBootPhase_550_com.android.server.devicelock.DeviceLockService
05-23 09:26:32.915 732 732 D DeviceLockService: onBootPhase: 550
05-23 09:26:32.915 732 732 V SystemServerTiming: OnBootPhase_550_com.android.server.devicelock.DeviceLockService took to complete: 0ms
05-23 09:26:32.915 732 732 V SystemServerTiming: OnBootPhase_550 took to complete: 690ms
05-23 09:26:32.915 732 732 V SystemServerTiming: StartActivityManagerReadyPhase took to complete: 690ms
05-23 09:26:32.915 732 732 D SystemServerTiming: StartObservingNativeCrashes
01-01 08:00:19.496 0 0 W : [0 T557 ..] [aml_open 1102] vif_idx=0, type=2, name=wlan0 sta_mode=1
01-01 08:00:19.496 0 0 W : [0 T557 ..] >>> aml_send_msg()
01-01 08:00:19.497 0 0 W : [2 T947 ..] ipc_sdio_host_msgack_handler 000000005568cfdd
01-01 08:00:19.498 0 0 W : [2 T947 ..] [aml_msgackind 2038] msg ack hostid=0xffffff804a084980
01-01 08:00:19.499 0 0 W : [2 T947 ..] [cmd_mgr_llind 329] cmd tkn[14] flags:001a result: -4 cmd: 105-MM_SUB_READ_EFUSE - reqcfm(16391-unknown)
01-01 08:00:19.500 0 0 W : [2 T947 ..] [cmd_mgr_msgind 409] cmd tkn[14] flags:0012 result: -4 cmd: 105-MM_SUB_READ_EFUSE - reqcfm(16391-unknown)
01-01 08:00:19.502 0 0 W : [2 T947 ..] [cmd_complete 65] cmd tkn[14] flags:0002 result: -4 cmd: 105-MM_SUB_READ_EFUSE - reqcfm(16391-unknown)
01-01 08:00:19.504 0 0 W : [2 T947 ..] fmac efuse read: address:0x0 value:0x6401B8E
01-01 08:00:19.504 0 0 W [2 T557 ..] read_efuse: value = 6401b8e
01-01 08:00:19.505 0 0 W : [2 T557 ..] >>> aml_send_msg()
05-23 09:26:32.921 732 732 V SystemServerTiming: StartObservingNativeCrashes took to complete: 6ms
05-23 09:26:32.921 732 732 D SystemServerTiming: RegisterAppOpsPolicy
05-23 09:26:32.923 732 732 V SystemServerTiming: RegisterAppOpsPolicy took to complete: 3ms
05-23 09:26:32.924 732 732 D SystemServerTiming: MakeNetworkManagementServiceReady
05-23 09:26:32.925 732 812 D SystemServerTimingAsync: InitThreadPoolExec:WebViewFactoryPreparation
05-23 09:26:32.925 732 812 D SystemServerInitThreadPool: Started executing WebViewFactoryPreparation
05-23 09:26:32.926 732 812 I SystemServer: WebViewFactoryPreparation
05-23 09:26:32.926 732 812 D SystemServerTimingAsync: WebViewFactoryPreparation
01-01 08:00:19.506 0 0 W : [2 T947 ..] ipc_sdio_host_msgack_handler 0000000003ced8fe
01-01 08:00:19.506 0 0 W : [2 T947 ..] [aml_msgackind 2038] msg ack hostid=0xffffff8049275f00
01-01 08:00:19.507 0 0 W : [2 T947 ..] [cmd_mgr_llind 329] cmd tkn[15] flags:001a result: -4 cmd: 105-MM_SUB_READ_EFUSE - reqcfm(16391-unknown)
01-01 08:00:19.509 0 0 W : [2 T947 ..] [cmd_mgr_msgind 409] cmd tkn[15] flags:0012 result: -4 cmd: 105-MM_SUB_READ_EFUSE - reqcfm(16391-unknown)
01-01 08:00:19.511 0 0 W : [2 T947 ..] [cmd_complete 65] cmd tkn[15] flags:0002 result: -4 cmd: 105-MM_SUB_READ_EFUSE - reqcfm(16391-unknown)
01-01 08:00:19.512 0 0 W [3 T557 ..] read_efuse: value = 632
01-01 08:00:19.512 0 0 W : [2 T947 ..] fmac efuse read: address:0xF value:0x632
01-01 08:00:19.513 0 0 W : [3 T557 ..] >>> aml_send_msg()
05-23 09:26:32.929 732 812 E AppOps : Bad call made by uid 1000. Package "android" does not belong to uid 1037.
05-23 09:26:32.933 732 820 I DropBoxManagerService: add tag=SYSTEM_TOMBSTONE_PROTO_WITH_HEADERS isTagEnabled=true flags=0x4
01-01 08:00:19.516 0 0 W : [2 T947 ..] ipc_sdio_host_msgack_handler 00000000f91bb260
01-01 08:00:19.516 0 0 W : [2 T947 ..] [aml_msgackind 2038] msg ack hostid=0xffffff804a0f9100
01-01 08:00:19.517 0 0 W : [2 T947 ..] [cmd_mgr_llind 329] cmd tkn[16] flags:001a result: -4 cmd: 105-MM_SUB_READ_EFUSE - reqcfm(16391-unknown)
01-01 08:00:19.519 0 0 W : [2 T947 ..] [cmd_mgr_msgind 409] cmd tkn[16] flags:0012 result: -4 cmd: 105-MM_SUB_READ_EFUSE - reqcfm(16391-unknown)
01-01 08:00:19.520 0 0 W : [2 T947 ..] [cmd_complete 65] cmd tkn[16] flags:0002 result: -4 cmd: 105-MM_SUB_READ_EFUSE - reqcfm(16391-unknown)
01-01 08:00:19.522 0 0 W [2 T557 ..] read_efuse: value = 1ffff
01-01 08:00:19.523 0 0 W : [2 T947 ..] fmac efuse read: address:0x7 value:0x1FFFF
01-01 08:00:19.523 0 0 W : [2 T557 ..] aml_sdio mmc1:0000:7: Direct firmware load for aml_w2_rf_0640_0632.txt failed with error -2
01-01 08:00:19.525 0 0 W : [2 T557 ..] [aml_get_cali_param 5865] vendor customized aml_w2_rf_0640_0632.txt not existed, use default
01-01 08:00:19.534 0 0 W : [2 T557 ..] ======>>>>>> version = 18
01-01 08:00:19.540 0 0 W : [2 T557 ..] ======>>>>>> cali_config = 0
01-01 08:00:19.540 0 0 W : [2 T557 ..] ======>>>>>> freq_offset = 0
01-01 08:00:19.540 0 0 W : [2 T557 ..] ======>>>>>> htemp_freq_offset = 20
01-01 08:00:19.541 0 0 W : [2 T557 ..] ======>>>>>> tssi_2g_offset = 0xa
01-01 08:00:19.542 0 0 W : [2 T557 ..] ======>>>>>> tssi_5g_offset_5200 = 0xf4
01-01 08:00:19.543 0 0 W : [2 T557 ..] ======>>>>>> tssi_5g_offset_5400 = 0xf0
01-01 08:00:19.543 0 0 W : [2 T557 ..] ======>>>>>> tssi_5g_offset_5600 = 0xfc
01-01 08:00:19.544 0 0 W : [2 T557 ..] ======>>>>>> tssi_5g_offset_5800 = 0x4
01-01 08:00:19.545 0 0 W : [2 T557 ..] ======>>>>>> wf2g_spur_rmen = 0
01-01 08:00:19.545 0 0 W : [2 T557 ..] ======>>>>>> spur_freq = 24478
01-01 08:00:19.546 0 0 W : [2 T557 ..] ======>>>>>> rf_count = 2
01-01 08:00:19.547 0 0 W : [2 T557 ..] ======>>>>>> cw2mod = fe
01-01 08:00:19.547 0 0 W : [2 T557 ..] ======>>>>>> wf2g_he20_tpwr = 19
01-01 08:00:19.548 0 0 W : [2 T557 ..] ======>>>>>> wf2g_he40_tpwr = 20
01-01 08:00:19.549 0 0 W : [2 T557 ..] ======>>>>>> wf5g_he20_tpwr_h = 15
01-01 08:00:19.549 0 0 W : [2 T557 ..] ======>>>>>> wf5g_he40_tpwr_h = 15
01-01 08:00:19.550 0 0 W : [2 T557 ..] ======>>>>>> wf5g_he80_tpwr_h = 14
01-01 08:00:19.551 0 0 W : [2 T557 ..] ======>>>>>> customer_efuse_en = 0x1
01-01 08:00:19.551 0 0 W : [2 T557 ..] ======>>>>>> FT_efuse_en = 0x1
05-23 09:26:32.982 732 812 E AppOps : Cannot checkOperation
05-23 09:26:32.982 732 812 E AppOps : java.lang.SecurityException: Specified package "android" under uid 1037 but it is not
05-23 09:26:32.982 732 812 E AppOps : at com.android.server.appop.AppOpsService.verifyAndGetBypass(AppOpsService.java:3894)
05-23 09:26:32.982 732 812 E AppOps : at com.android.server.appop.AppOpsService.verifyAndGetBypass(AppOpsService.java:3754)
05-23 09:26:32.982 732 812 E AppOps : at com.android.server.appop.AppOpsService.verifyAndGetBypass(AppOpsService.java:3746)
05-23 09:26:32.982 732 812 E AppOps : at com.android.server.appop.AppOpsService.checkOperationUnchecked(AppOpsService.java:2417)
05-23 09:26:32.982 732 812 E AppOps : at com.android.server.appop.AppOpsService.checkOperationImpl(AppOpsService.java:2400)
05-23 09:26:32.982 732 812 E AppOps : at com.android.server.appop.AppOpsService.-$$Nest$mcheckOperationImpl(AppOpsService.java:0)
05-23 09:26:32.982 732 812 E AppOps : at com.android.server.appop.AppOpsService$CheckOpsDelegateDispatcher.$r8$lambda$fx57Sum-uA3sXo7NCFwrI3iq4WM(AppOpsService.java:0)
05-23 09:26:32.982 732 812 E AppOps : at com.android.server.appop.AppOpsService$CheckOpsDelegateDispatcher$$ExternalSyntheticLambda9.apply(R8$$SyntheticClass:0)
05-23 09:26:32.982 732 812 E AppOps : at com.android.server.policy.AppOpsPolicy.checkOperation(AppOpsPolicy.java:221)
05-23 09:26:32.982 732 812 E AppOps : at com.android.server.appop.AppOpsService$CheckOpsDelegateDispatcher.checkOperation(AppOpsService.java:6427)
05-23 09:26:32.982 732 812 E AppOps : at com.android.server.appop.AppOpsService.checkOperation(AppOpsService.java:2385)
05-23 09:26:32.982 732 812 E AppOps : at com.android.server.StorageManagerService$StorageManagerInternalImpl.hasExternalStorageAccess(StorageManagerService.java:4728)
05-23 09:26:32.982 732 812 E AppOps : at com.android.server.am.ProcessList.startProcessLocked(ProcessList.java:1778)
05-23 09:26:32.982 732 812 E AppOps : at com.android.server.am.ProcessList.startProcessLocked(ProcessList.java:2484)
05-23 09:26:32.982 732 812 E AppOps : at com.android.server.am.ProcessList.startProcessLocked(ProcessList.java:2629)
05-23 09:26:32.982 732 812 E AppOps : at com.android.server.am.ActivityManagerService.startIsolatedProcess(ActivityManagerService.java:2949)
05-23 09:26:32.982 732 812 E AppOps : at com.android.server.am.ActivityManagerService$LocalService.startIsolatedProcess(ActivityManagerService.java:17521)
05-23 09:26:32.982 732 812 E AppOps : at android.webkit.WebViewLibraryLoader.createRelroFile(WebViewLibraryLoader.java:126)
05-23 09:26:32.982 732 812 E AppOps : at android.webkit.WebViewLibraryLoader.createRelros(WebViewLibraryLoader.java:164)
05-23 09:26:32.982 732 812 E AppOps : at android.webkit.WebViewLibraryLoader.prepareNativeLibraries(WebViewLibraryLoader.java:152)
05-23 09:26:32.982 732 812 E AppOps : at android.webkit.WebViewFactory.onWebViewProviderChanged(WebViewFactory.java:555)
05-23 09:26:32.982 732 812 E AppOps : at com.android.server.webkit.SystemImpl.onWebViewProviderChanged(SystemImpl.java:174)
05-23 09:26:32.982 732 812 E AppOps : at com.android.server.webkit.WebViewUpdateServiceImpl.onWebViewProviderChanged(WebViewUpdateServiceImpl.java:351)
05-23 09:26:32.982 732 812 E AppOps : at com.android.server.webkit.WebViewUpdateServiceImpl.prepareWebViewInSystemServer(WebViewUpdateServiceImpl.java:182)
05-23 09:26:32.982 732 812 E AppOps : at com.android.server.webkit.WebViewUpdateService.prepareWebViewInSystemServer(WebViewUpdateService.java:129)
05-23 09:26:32.982 732 812 E AppOps : at com.android.server.SystemServer.lambda$startOtherServices$4(SystemServer.java:2939)
05-23 09:26:32.982 732 812 E AppOps : at com.android.server.SystemServer.$r8$lambda$t1R-mpe1gQ3l_T3UqaEuPqwZT88(SystemServer.java:0)
05-23 09:26:32.982 732 812 E AppOps : at com.android.server.SystemServer$$ExternalSyntheticLambda7.run(R8$$SyntheticClass:0)
05-23 09:26:32.982 732 812 E AppOps : at com.android.server.SystemServerInitThreadPool.lambda$submitTask$0(SystemServerInitThreadPool.java:107)
05-23 09:26:32.982 732 812 E AppOps : at com.android.server.SystemServerInitThreadPool.$r8$lambda$iar571g8isa6ZrPZMHj1USmyX48(SystemServerInitThreadPool.java:0)
05-23 09:26:32.982 732 812 E AppOps : at com.android.server.SystemServerInitThreadPool$$ExternalSyntheticLambda1.run(R8$$SyntheticClass:0)
05-23 09:26:32.982 732 812 E AppOps : at java.util.concurrent.Executors$RunnableAdapter.call(Executors.java:487)
05-23 09:26:32.982 732 812 E AppOps : at java.util.concurrent.FutureTask.run(FutureTask.java:264)
05-23 09:26:32.982 732 812 E AppOps : at java.util.concurrent.ThreadPoolExecutor.runWorker(ThreadPoolExecutor.java:1145)
05-23 09:26:32.982 732 812 E AppOps : at java.util.concurrent.ThreadPoolExecutor$Worker.run(ThreadPoolExecutor.java:644)
05-23 09:26:32.982 732 812 E AppOps : at com.android.internal.util.ConcurrentUtils$1$1.run(ConcurrentUtils.java:65)
05-23 09:26:32.983 732 812 I ActivityManager: android is exempt from freezer
05-23 09:26:32.983 732 812 W ActivityManager: Slow operation: 54ms so far, now at startProcess: building args
05-23 09:26:32.983 732 812 D CompatibilityChangeReporter: Compat change id reported: 135634846; UID 1000; state: DISABLED
05-23 09:26:32.983 732 812 D CompatibilityChangeReporter: Compat change id reported: 177438394; UID 1000; state: DISABLED
05-23 09:26:32.984 732 812 D CompatibilityChangeReporter: Compat change id reported: 135772972; UID 1000; state: DISABLED
05-23 09:26:32.984 732 812 D CompatibilityChangeReporter: Compat change id reported: 178038272; UID 1000; state: DISABLED
05-23 09:26:32.984 732 812 W ActivityManager: Slow operation: 57ms so far, now at startProcess: done starting proc!
05-23 09:26:32.985 732 765 W ActivityManager: Slow operation: 56ms so far, now at startProcess: asking zygote to start proc
01-01 08:00:19.568 0 0 W : [2 T557 ..] >>> aml_send_msg()
01-01 08:00:19.568 0 0 W : [2 T947 ..] ipc_sdio_host_msgack_handler 000000008c49d5c8
01-01 08:00:19.569 0 0 W : [2 T947 ..] [aml_msgackind 2038] msg ack hostid=0xffffff8049275c00
01-01 08:00:19.569 0 0 W : [2 T947 ..] [cmd_mgr_llind 329] cmd tkn[17] flags:0008 result: -4 cmd: 105-MM_SUB_SET_CALI_REQ - reqcfm( 0-none)
01-01 08:00:19.571 0 0 W : [2 T947 ..] [cmd_complete 65] cmd tkn[17] flags:0000 result: -4 cmd: 105-MM_SUB_SET_CALI_REQ - reqcfm( 0-none)
05-23 09:26:32.996 732 812 V SystemServerTimingAsync: WebViewFactoryPreparation took to complete: 70ms
05-23 09:26:32.996 732 812 D SystemServerInitThreadPool: Finished executing WebViewFactoryPreparation
05-23 09:26:32.996 732 812 V SystemServerTimingAsync: InitThreadPoolExec:WebViewFactoryPreparation took to complete: 71ms
01-01 08:00:19.573 0 0 W : [2 T557 ..] [aml_config_cali_param 5907] set calibration parameter success
01-01 08:00:19.573 0 0 W : [2 T557 ..] [recy_dbg][aml_recy_flags_clr 63] clr flags(0x200), new flags(0x0)
01-01 08:00:19.575 0 0 W : [2 T557 ..] >>> aml_cfg80211_set_power_mgmt()
01-01 08:00:19.576 0 0 W : [2 T557 ..] [aml_send_me_set_ps_mode 2111] set power save mode:0
01-01 08:00:19.576 0 0 W : [2 T557 ..] >>> aml_send_msg()
05-23 09:26:33.006 732 765 W ActivityManager: Slow operation: 77ms so far, now at startProcess: returned from zygote!
05-23 09:26:33.007 732 765 W ActivityManager: Slow operation: 78ms so far, now at startProcess: done updating battery stats
05-23 09:26:33.007 732 765 W ActivityManager: Slow operation: 78ms so far, now at startProcess: building log message
05-23 09:26:33.007 732 765 I ActivityManager: Start proc 986:WebViewLoader-armeabi-v7a/1037 [android.webkit.WebViewLibraryLoader$RelroFileCreator] for
05-23 09:26:33.007 732 765 W ActivityManager: Slow operation: 78ms so far, now at startProcess: starting to update pids map
05-23 09:26:33.007 732 765 W ActivityManager: Slow operation: 78ms so far, now at startProcess: done updating pids map
01-01 08:00:19.590 0 0 W : [2 T947 ..] ipc_sdio_host_msgack_handler 000000001208b1d2
01-01 08:00:19.590 0 0 W : [2 T947 ..] [aml_msgackind 2038] msg ack hostid=0xffffff8049275480
01-01 08:00:19.591 0 0 W : [2 T947 ..] [cmd_mgr_llind 329] cmd tkn[18] flags:001a result: -4 cmd:5139-ME_SET_PS_MODE_REQ - reqcfm(5140-ME_SET_PS_MODE_CFM)
01-01 08:00:19.593 0 0 W : [2 T947 ..] [cmd_mgr_msgind 409] cmd tkn[18] flags:0012 result: -4 cmd:5139-ME_SET_PS_MODE_REQ - reqcfm(5140-ME_SET_PS_MODE_CFM)
01-01 08:00:19.595 0 0 W : [2 T947 ..] [cmd_complete 65] cmd tkn[18] flags:0002 result: -4 cmd:5139-ME_SET_PS_MODE_REQ - reqcfm(5140-ME_SET_PS_MODE_CFM)
05-23 09:26:33.019 497 557 I android.hardware.wifi-service.droidlogic: Adding interface handle for p2p0
05-23 09:26:33.019 497 557 I android.hardware.wifi-service.droidlogic: Adding interface handle for ap0
05-23 09:26:33.019 497 557 I android.hardware.wifi-service.droidlogic: Adding interface handle for wlan0
05-23 09:26:33.019 497 557 W android.hardware.wifi-service.droidlogic: No active wlan interfaces in use! Using default
05-23 09:26:33.019 497 557 E android.hardware.wifi-service.droidlogic: Failed to register radio mode change callback
05-23 09:26:33.019 497 557 W android.hardware.wifi-service.droidlogic: No active wlan interfaces in use! Using default
05-23 09:26:33.023 497 557 E android.hardware.wifi-service.droidlogic: Failed to get SupportedIfaceCombinations matrix from legacy HAL: NOT_SUPPORTED
05-23 09:26:33.023 497 557 I android.hardware.wifi-service.droidlogic: Configured chip in mode 3
05-23 09:26:33.024 497 557 W android.hardware.wifi-service.droidlogic: No active wlan interfaces in use! Using default
05-23 09:26:33.044 497 557 W android.hardware.wifi-service.droidlogic: No active wlan interfaces in use! Using default
05-23 09:26:33.044 732 732 V SystemServerTiming: MakeNetworkManagementServiceReady took to complete: 120ms
05-23 09:26:33.044 732 732 D SystemServerTiming: MakeConnectivityServiceReady
05-23 09:26:33.101 497 557 I android.hardware.wifi-service.droidlogic: Adding interface handle for p2p0
05-23 09:26:33.101 497 557 I android.hardware.wifi-service.droidlogic: Adding interface handle for ap0
05-23 09:26:33.101 497 557 I android.hardware.wifi-service.droidlogic: Adding interface handle for wlan0
05-23 09:26:33.102 497 557 E android.hardware.wifi-service.droidlogic: Failed to set DFS flag; DFS channels may be unavailable.
05-23 09:26:33.111 732 771 W BatteryExternalStatsWorker: error reading modem stats:ERROR_PHONE_NOT_AVAILABLE
05-23 09:26:33.114 732 745 D GameManagerService: User ID '0' does not have a Game Mode selected for package: 'android'
05-23 09:26:33.145 732 745 D CompatibilityChangeReporter: Compat change id reported: 168419799; UID 1000; state: DISABLED
05-23 09:26:33.146 732 745 D CompatibilityChangeReporter: Compat change id reported: 273564678; UID 1000; state: DISABLED
05-23 09:26:33.153 732 745 W ActivityManager: Slow operation: 87ms so far, now at attachApplicationLocked: immediately before bindApplication
05-23 09:26:33.154 732 745 W ActivityManager: Slow operation: 87ms so far, now at attachApplicationLocked: immediately after bindApplication
05-23 09:26:33.154 732 745 W ActivityManager: Slow operation: 87ms so far, now at attachApplicationLocked: after updateLruProcessLocked
05-23 09:26:33.155 732 745 W ActivityManager: Slow operation: 88ms so far, now at attachApplicationLocked: after updateOomAdjLocked
05-23 09:26:33.188 497 557 E android.hardware.wifi-service.droidlogic: Failed to get chip capabilities from legacy HAL: NOT_SUPPORTED
05-23 09:26:33.219 640 640 I wificond: createClientInterface: wiphy_index 0 iface_name wlan0
05-23 09:26:33.220 640 640 I wificond: create scanner for interface with index: 16
05-23 09:26:33.220 640 640 I wificond: subscribe scan result for interface with index: 16
05-23 09:26:33.221 640 640 I wificond: add channel type 0 support at wiphy index: 0
05-23 09:26:33.222 640 640 I wificond: add channel type 1 support at wiphy index: 0
05-23 09:26:33.420 732 820 E NativeTombstoneManager: Tombstone's UID (1002) not an app, ignoring
05-23 09:26:33.445 732 753 W Looper : Slow delivery took 289ms android.fg h=android.os.Handler c=com.android.server.power.hint.HintManagerService$MyUidObserver$$ExternalSyntheticLambda0@230c260 m=0
05-23 09:26:33.451 732 732 V SystemServerTiming: MakeConnectivityServiceReady took to complete: 408ms
05-23 09:26:33.451 732 732 D SystemServerTiming: MakeVpnManagerServiceReady
05-23 09:26:33.477 732 732 V SystemServerTiming: MakeVpnManagerServiceReady took to complete: 25ms
05-23 09:26:33.477 732 732 D SystemServerTiming: MakeVcnManagementServiceReady
05-23 09:26:33.490 732 871 W NetworkPolicy: setRestrictBackgroundUL: already false
05-23 09:26:33.555 732 871 D CompatibilityChangeReporter: Compat change id reported: 218533173; UID 10045; state: ENABLED
05-23 09:26:33.571 732 871 D CompatibilityChangeReporter: Compat change id reported: 262645982; UID 10045; state: ENABLED
05-23 09:26:33.595 732 871 D CompatibilityChangeReporter: Compat change id reported: 218533173; UID 10050; state: DISABLED
05-23 09:26:33.597 732 871 D CompatibilityChangeReporter: Compat change id reported: 262645982; UID 10050; state: DISABLED
05-23 09:26:33.622 732 871 D CompatibilityChangeReporter: Compat change id reported: 171306433; UID 10050; state: DISABLED
05-23 09:26:33.623 732 871 D CompatibilityChangeReporter: Compat change id reported: 218533173; UID 10048; state: ENABLED
05-23 09:26:33.623 732 871 D CompatibilityChangeReporter: Compat change id reported: 262645982; UID 10048; state: ENABLED
05-23 09:26:33.625 732 732 V SystemServerTiming: MakeVcnManagementServiceReady took to complete: 148ms
05-23 09:26:33.625 732 732 D SystemServerTiming: MakeNetworkPolicyServiceReady
05-23 09:26:33.636 497 557 E android.hardware.wifi-service.droidlogic: Failed to get SupportedRadioCombinations matrix from legacy HAL: NOT_SUPPORTED
05-23 09:26:33.646 732 871 D CompatibilityChangeReporter: Compat change id reported: 218533173; UID 10040; state: DISABLED
05-23 09:26:33.652 732 871 D CompatibilityChangeReporter: Compat change id reported: 262645982; UID 10040; state: DISABLED
05-23 09:26:33.755 732 732 V SystemServerTiming: MakeNetworkPolicyServiceReady took to complete: 130ms
05-23 09:26:33.755 732 732 D SystemServerTiming: PhaseThirdPartyAppsCanStart
05-23 09:26:33.755 732 732 I SystemServiceManager: Starting phase 600
05-23 09:26:33.755 732 732 D SystemServerTiming: OnBootPhase_600
05-23 09:26:33.755 732 732 D SystemServerTiming: OnBootPhase_600_com.android.server.security.FileIntegrityService
05-23 09:26:33.755 732 732 V SystemServerTiming: OnBootPhase_600_com.android.server.security.FileIntegrityService took to complete: 0ms
05-23 09:26:33.755 732 732 D SystemServerTiming: OnBootPhase_600_com.android.server.pm.Installer
05-23 09:26:33.755 732 732 V SystemServerTiming: OnBootPhase_600_com.android.server.pm.Installer took to complete: 0ms
05-23 09:26:33.755 732 732 D SystemServerTiming: OnBootPhase_600_com.android.server.os.DeviceIdentifiersPolicyService
05-23 09:26:33.755 732 732 V SystemServerTiming: OnBootPhase_600_com.android.server.os.DeviceIdentifiersPolicyService took to complete: 0ms
05-23 09:26:33.755 732 732 D SystemServerTiming: OnBootPhase_600_com.android.server.flags.FeatureFlagsService
05-23 09:26:33.755 732 732 V SystemServerTiming: OnBootPhase_600_com.android.server.flags.FeatureFlagsService took to complete: 0ms
05-23 09:26:33.755 732 732 D SystemServerTiming: OnBootPhase_600_com.android.server.uri.UriGrantsManagerService$Lifecycle
05-23 09:26:33.755 732 732 V SystemServerTiming: OnBootPhase_600_com.android.server.uri.UriGrantsManagerService$Lifecycle took to complete: 0ms
05-23 09:26:33.755 732 732 D SystemServerTiming: OnBootPhase_600_com.android.server.powerstats.PowerStatsService
05-23 09:26:33.755 732 732 V SystemServerTiming: OnBootPhase_600_com.android.server.powerstats.PowerStatsService took to complete: 0ms
05-23 09:26:33.755 732 732 D SystemServerTiming: OnBootPhase_600_com.android.server.permission.access.AccessCheckingService
05-23 09:26:33.755 732 732 V SystemServerTiming: OnBootPhase_600_com.android.server.permission.access.AccessCheckingService took to complete: 0ms
05-23 09:26:33.755 732 732 D SystemServerTiming: OnBootPhase_600_com.android.server.wm.ActivityTaskManagerService$Lifecycle
05-23 09:26:33.755 732 732 V SystemServerTiming: OnBootPhase_600_com.android.server.wm.ActivityTaskManagerService$Lifecycle took to complete: 0ms
05-23 09:26:33.755 732 732 D SystemServerTiming: OnBootPhase_600_com.android.server.am.ActivityManagerService$Lifecycle
05-23 09:26:33.757 732 732 I ExplicitHealthCheckController: Explicit health checks enabled.
05-23 09:26:33.757 732 732 I PackageWatchdog: Syncing state, reason: health check state enabled
05-23 09:26:33.758 732 732 V SystemServerTiming: OnBootPhase_600_com.android.server.am.ActivityManagerService$Lifecycle took to complete: 1ms
05-23 09:26:33.758 732 732 D SystemServerTiming: OnBootPhase_600_com.android.server.pm.DataLoaderManagerService
05-23 09:26:33.758 732 732 V SystemServerTiming: OnBootPhase_600_com.android.server.pm.DataLoaderManagerService took to complete: 0ms
05-23 09:26:33.758 732 732 D SystemServerTiming: OnBootPhase_600_com.android.server.power.PowerManagerService
05-23 09:26:33.760 732 732 V SystemServerTiming: OnBootPhase_600_com.android.server.power.PowerManagerService took to complete: 1ms
05-23 09:26:33.760 732 732 D SystemServerTiming: OnBootPhase_600_com.android.server.power.ThermalManagerService
05-23 09:26:33.760 732 732 V SystemServerTiming: OnBootPhase_600_com.android.server.power.ThermalManagerService took to complete: 0ms
05-23 09:26:33.760 732 732 D SystemServerTiming: OnBootPhase_600_com.android.server.power.hint.HintManagerService
05-23 09:26:33.760 732 732 V SystemServerTiming: OnBootPhase_600_com.android.server.power.hint.HintManagerService took to complete: 0ms
05-23 09:26:33.760 732 732 D SystemServerTiming: OnBootPhase_600_com.android.server.recoverysystem.RecoverySystemService$Lifecycle
05-23 09:26:33.760 732 732 V SystemServerTiming: OnBootPhase_600_com.android.server.recoverysystem.RecoverySystemService$Lifecycle took to complete: 0ms
05-23 09:26:33.760 732 732 D SystemServerTiming: OnBootPhase_600_com.android.server.lights.LightsService
05-23 09:26:33.760 732 732 V SystemServerTiming: OnBootPhase_600_com.android.server.lights.LightsService took to complete: 0ms
05-23 09:26:33.760 732 732 D SystemServerTiming: OnBootPhase_600_com.android.server.display.DisplayManagerService
05-23 09:26:33.760 732 732 V SystemServerTiming: OnBootPhase_600_com.android.server.display.DisplayManagerService took to complete: 0ms
05-23 09:26:33.760 732 732 D SystemServerTiming: OnBootPhase_600_com.android.server.pm.verify.domain.DomainVerificationService
05-23 09:26:33.760 732 732 V SystemServerTiming: OnBootPhase_600_com.android.server.pm.verify.domain.DomainVerificationService took to complete: 0ms
05-23 09:26:33.760 732 732 D SystemServerTiming: OnBootPhase_600_com.android.server.pm.PackageInstallerService$Lifecycle
05-23 09:26:33.760 732 732 V SystemServerTiming: OnBootPhase_600_com.android.server.pm.PackageInstallerService$Lifecycle took to complete: 0ms
05-23 09:26:33.760 732 732 D SystemServerTiming: OnBootPhase_600_com.android.server.pm.UserManagerService$LifeCycle
05-23 09:26:33.760 732 732 V SystemServerTiming: OnBootPhase_600_com.android.server.pm.UserManagerService$LifeCycle took to complete: 0ms
05-23 09:26:33.760 732 732 D SystemServerTiming: OnBootPhase_600_com.android.server.om.OverlayManagerService
05-23 09:26:33.760 732 732 V SystemServerTiming: OnBootPhase_600_com.android.server.om.OverlayManagerService took to complete: 0ms
05-23 09:26:33.760 732 732 D SystemServerTiming: OnBootPhase_600_com.android.server.resources.ResourcesManagerService
05-23 09:26:33.760 732 732 V SystemServerTiming: OnBootPhase_600_com.android.server.resources.ResourcesManagerService took to complete: 0ms
05-23 09:26:33.760 732 732 D SystemServerTiming: OnBootPhase_600_com.android.server.sensorprivacy.SensorPrivacyService
05-23 09:26:33.760 732 732 V SystemServerTiming: OnBootPhase_600_com.android.server.sensorprivacy.SensorPrivacyService took to complete: 0ms
05-23 09:26:33.760 732 732 D SystemServerTiming: OnBootPhase_600_com.android.server.sensors.SensorService
05-23 09:26:33.760 732 732 V SystemServerTiming: OnBootPhase_600_com.android.server.sensors.SensorService took to complete: 0ms
05-23 09:26:33.760 732 732 D SystemServerTiming: OnBootPhase_600_com.android.server.SystemConfigService
05-23 09:26:33.760 732 732 V SystemServerTiming: OnBootPhase_600_com.android.server.SystemConfigService took to complete: 0ms
05-23 09:26:33.760 732 732 D SystemServerTiming: OnBootPhase_600_com.android.server.BatteryService
05-23 09:26:33.760 732 732 V SystemServerTiming: OnBootPhase_600_com.android.server.BatteryService took to complete: 0ms
05-23 09:26:33.760 732 732 D SystemServerTiming: OnBootPhase_600_com.android.server.usage.UsageStatsService
05-23 09:26:33.760 732 732 V SystemServerTiming: OnBootPhase_600_com.android.server.usage.UsageStatsService took to complete: 0ms
05-23 09:26:33.760 732 732 D SystemServerTiming: OnBootPhase_600_com.android.server.webkit.WebViewUpdateService
05-23 09:26:33.760 732 732 V SystemServerTiming: OnBootPhase_600_com.android.server.webkit.WebViewUpdateService took to complete: 0ms
05-23 09:26:33.760 732 732 D SystemServerTiming: OnBootPhase_600_com.android.server.CachedDeviceStateService
05-23 09:26:33.760 732 732 V SystemServerTiming: OnBootPhase_600_com.android.server.CachedDeviceStateService took to complete: 0ms
05-23 09:26:33.760 732 732 D SystemServerTiming: OnBootPhase_600_com.android.server.BinderCallsStatsService$LifeCycle
05-23 09:26:33.760 732 732 V SystemServerTiming: OnBootPhase_600_com.android.server.BinderCallsStatsService$LifeCycle took to complete: 0ms
05-23 09:26:33.760 732 732 D SystemServerTiming: OnBootPhase_600_com.android.server.LooperStatsService$Lifecycle
05-23 09:26:33.760 732 732 V SystemServerTiming: OnBootPhase_600_com.android.server.LooperStatsService$Lifecycle took to complete: 0ms
05-23 09:26:33.760 732 732 D SystemServerTiming: OnBootPhase_600_com.android.server.rollback.RollbackManagerService
05-23 09:26:33.760 732 732 V SystemServerTiming: OnBootPhase_600_com.android.server.rollback.RollbackManagerService took to complete: 0ms
05-23 09:26:33.760 732 732 D SystemServerTiming: OnBootPhase_600_com.android.server.os.NativeTombstoneManagerService
05-23 09:26:33.760 732 732 V SystemServerTiming: OnBootPhase_600_com.android.server.os.NativeTombstoneManagerService took to complete: 0ms
05-23 09:26:33.760 732 732 D SystemServerTiming: OnBootPhase_600_com.android.server.os.BugreportManagerService
05-23 09:26:33.760 732 732 V SystemServerTiming: OnBootPhase_600_com.android.server.os.BugreportManagerService took to complete: 0ms
05-23 09:26:33.760 732 732 D SystemServerTiming: OnBootPhase_600_com.android.server.gpu.GpuService
05-23 09:26:33.760 732 732 V SystemServerTiming: OnBootPhase_600_com.android.server.gpu.GpuService took to complete: 0ms
05-23 09:26:33.760 732 732 D SystemServerTiming: OnBootPhase_600_com.android.server.security.rkp.RemoteProvisioningService
05-23 09:26:33.761 732 732 V SystemServerTiming: OnBootPhase_600_com.android.server.security.rkp.RemoteProvisioningService took to complete: 0ms
05-23 09:26:33.761 732 732 D SystemServerTiming: OnBootPhase_600_com.android.server.cpu.CpuMonitorService
05-23 09:26:33.761 732 732 V SystemServerTiming: OnBootPhase_600_com.android.server.cpu.CpuMonitorService took to complete: 0ms
05-23 09:26:33.761 732 732 D SystemServerTiming: OnBootPhase_600_com.android.server.security.KeyChainSystemService
05-23 09:26:33.761 732 732 V SystemServerTiming: OnBootPhase_600_com.android.server.security.KeyChainSystemService took to complete: 0ms
05-23 09:26:33.761 732 732 D SystemServerTiming: OnBootPhase_600_com.android.server.BinaryTransparencyService
05-23 09:26:33.761 732 732 V SystemServerTiming: OnBootPhase_600_com.android.server.BinaryTransparencyService took to complete: 0ms
05-23 09:26:33.761 732 732 D SystemServerTiming: OnBootPhase_600_com.android.server.accounts.AccountManagerService$Lifecycle
05-23 09:26:33.761 732 732 V SystemServerTiming: OnBootPhase_600_com.android.server.accounts.AccountManagerService$Lifecycle took to complete: 0ms
05-23 09:26:33.761 732 732 D SystemServerTiming: OnBootPhase_600_com.android.server.content.ContentService$Lifecycle
05-23 09:26:33.761 732 732 V SystemServerTiming: OnBootPhase_600_com.android.server.content.ContentService$Lifecycle took to complete: 0ms
05-23 09:26:33.761 732 732 D SystemServerTiming: OnBootPhase_600_com.android.server.deviceconfig.DeviceConfigInit$Lifecycle
05-23 09:26:33.761 732 732 V SystemServerTiming: OnBootPhase_600_com.android.server.deviceconfig.DeviceConfigInit$Lifecycle took to complete: 0ms
05-23 09:26:33.761 732 732 D SystemServerTiming: OnBootPhase_600_com.android.server.DropBoxManagerService
05-23 09:26:33.761 732 732 V SystemServerTiming: OnBootPhase_600_com.android.server.DropBoxManagerService took to complete: 0ms
05-23 09:26:33.761 732 732 D SystemServerTiming: OnBootPhase_600_com.android.role.RoleService
05-23 09:26:33.761 732 732 V SystemServerTiming: OnBootPhase_600_com.android.role.RoleService took to complete: 0ms
05-23 09:26:33.761 732 732 D SystemServerTiming: OnBootPhase_600_com.android.server.vibrator.VibratorManagerService$Lifecycle
05-23 09:26:33.761 732 732 V SystemServerTiming: OnBootPhase_600_com.android.server.vibrator.VibratorManagerService$Lifecycle took to complete: 0ms
05-23 09:26:33.761 732 732 D SystemServerTiming: OnBootPhase_600_com.android.server.tare.InternalResourceService
05-23 09:26:33.761 732 732 V SystemServerTiming: OnBootPhase_600_com.android.server.tare.InternalResourceService took to complete: 0ms
05-23 09:26:33.761 732 732 D SystemServerTiming: OnBootPhase_600_com.android.server.alarm.AlarmManagerService
05-23 09:26:33.761 732 732 V SystemServerTiming: OnBootPhase_600_com.android.server.alarm.AlarmManagerService took to complete: 0ms
05-23 09:26:33.761 732 732 D SystemServerTiming: OnBootPhase_600_com.android.server.devicestate.DeviceStateManagerService
05-23 09:26:33.761 732 732 V SystemServerTiming: OnBootPhase_600_com.android.server.devicestate.DeviceStateManagerService took to complete: 0ms
05-23 09:26:33.761 732 732 D SystemServerTiming: OnBootPhase_600_com.android.server.camera.CameraServiceProxy
05-23 09:26:33.761 732 732 V SystemServerTiming: OnBootPhase_600_com.android.server.camera.CameraServiceProxy took to complete: 0ms
05-23 09:26:33.761 732 732 D SystemServerTiming: OnBootPhase_600_com.android.server.bluetooth.BluetoothService
05-23 09:26:33.761 732 732 V SystemServerTiming: OnBootPhase_600_com.android.server.bluetooth.BluetoothService took to complete: 0ms
05-23 09:26:33.761 732 732 D SystemServerTiming: OnBootPhase_600_com.android.server.connectivity.IpConnectivityMetrics
05-23 09:26:33.761 732 732 V SystemServerTiming: OnBootPhase_600_com.android.server.connectivity.IpConnectivityMetrics took to complete: 0ms
05-23 09:26:33.761 732 732 D SystemServerTiming: OnBootPhase_600_com.android.server.net.watchlist.NetworkWatchlistService$Lifecycle
05-23 09:26:33.761 732 732 V SystemServerTiming: OnBootPhase_600_com.android.server.net.watchlist.NetworkWatchlistService$Lifecycle took to complete: 0ms
05-23 09:26:33.761 732 732 D SystemServerTiming: OnBootPhase_600_com.android.server.PinnerService
05-23 09:26:33.761 732 732 V SystemServerTiming: OnBootPhase_600_com.android.server.PinnerService took to complete: 0ms
05-23 09:26:33.761 732 732 D SystemServerTiming: OnBootPhase_600_com.android.server.integrity.AppIntegrityManagerService
05-23 09:26:33.761 732 732 V SystemServerTiming: OnBootPhase_600_com.android.server.integrity.AppIntegrityManagerService took to complete: 0ms
05-23 09:26:33.761 732 732 D SystemServerTiming: OnBootPhase_600_com.android.server.logcat.LogcatManagerService
05-23 09:26:33.761 732 732 V SystemServerTiming: OnBootPhase_600_com.android.server.logcat.LogcatManagerService took to complete: 0ms
05-23 09:26:33.761 732 732 D SystemServerTiming: OnBootPhase_600_com.android.server.inputmethod.InputMethodManagerService$Lifecycle
05-23 09:26:33.761 732 732 V SystemServerTiming: OnBootPhase_600_com.android.server.inputmethod.InputMethodManagerService$Lifecycle took to complete: 0ms
05-23 09:26:33.761 732 732 D SystemServerTiming: OnBootPhase_600_com.android.server.accessibility.AccessibilityManagerService$Lifecycle
05-23 09:26:33.764 732 732 V SystemServerTiming: OnBootPhase_600_com.android.server.accessibility.AccessibilityManagerService$Lifecycle took to complete: 2ms
05-23 09:26:33.765 732 732 D SystemServerTiming: OnBootPhase_600_com.android.server.StorageManagerService$Lifecycle
05-23 09:26:33.765 732 732 V SystemServerTiming: OnBootPhase_600_com.android.server.StorageManagerService$Lifecycle took to complete: 0ms
05-23 09:26:33.765 732 732 D SystemServerTiming: OnBootPhase_600_com.android.server.usage.StorageStatsService$Lifecycle
05-23 09:26:33.765 732 732 V SystemServerTiming: OnBootPhase_600_com.android.server.usage.StorageStatsService$Lifecycle took to complete: 0ms
05-23 09:26:33.765 732 732 D SystemServerTiming: OnBootPhase_600_com.android.server.UiModeManagerService
05-23 09:26:33.765 732 732 V SystemServerTiming: OnBootPhase_600_com.android.server.UiModeManagerService took to complete: 0ms
05-23 09:26:33.765 732 732 D SystemServerTiming: OnBootPhase_600_com.android.server.locales.LocaleManagerService
05-23 09:26:33.765 732 732 V SystemServerTiming: OnBootPhase_600_com.android.server.locales.LocaleManagerService took to complete: 0ms
05-23 09:26:33.765 732 732 D SystemServerTiming: OnBootPhase_600_com.android.server.grammaticalinflection.GrammaticalInflectionService
05-23 09:26:33.765 732 732 V SystemServerTiming: OnBootPhase_600_com.android.server.grammaticalinflection.GrammaticalInflectionService took to complete: 0ms
05-23 09:26:33.765 732 732 D SystemServerTiming: OnBootPhase_600_com.android.server.apphibernation.AppHibernationService
05-23 09:26:33.765 732 732 V SystemServerTiming: OnBootPhase_600_com.android.server.apphibernation.AppHibernationService took to complete: 0ms
05-23 09:26:33.765 732 732 D SystemServerTiming: OnBootPhase_600_com.android.server.locksettings.LockSettingsService$Lifecycle
05-23 09:26:33.765 732 732 V SystemServerTiming: OnBootPhase_600_com.android.server.locksettings.LockSettingsService$Lifecycle took to complete: 0ms
05-23 09:26:33.765 732 732 D SystemServerTiming: OnBootPhase_600_com.android.server.PersistentDataBlockService
05-23 09:26:33.765 732 732 V SystemServerTiming: OnBootPhase_600_com.android.server.PersistentDataBlockService took to complete: 0ms
05-23 09:26:33.765 732 732 D SystemServerTiming: OnBootPhase_600_com.android.server.testharness.TestHarnessModeService
05-23 09:26:33.765 732 732 V SystemServerTiming: OnBootPhase_600_com.android.server.testharness.TestHarnessModeService took to complete: 0ms
05-23 09:26:33.765 732 732 D SystemServerTiming: OnBootPhase_600_com.android.server.oemlock.OemLockService
05-23 09:26:33.765 732 732 V SystemServerTiming: OnBootPhase_600_com.android.server.oemlock.OemLockService took to complete: 0ms
05-23 09:26:33.765 732 732 D SystemServerTiming: OnBootPhase_600_com.android.server.DeviceIdleController
05-23 09:26:33.765 732 732 V SystemServerTiming: OnBootPhase_600_com.android.server.DeviceIdleController took to complete: 0ms
05-23 09:26:33.765 732 732 D SystemServerTiming: OnBootPhase_600_com.android.server.devicepolicy.DevicePolicyManagerService$Lifecycle
05-23 09:26:33.765 732 732 V SystemServerTiming: OnBootPhase_600_com.android.server.devicepolicy.DevicePolicyManagerService$Lifecycle took to complete: 0ms
05-23 09:26:33.765 732 732 D SystemServerTiming: OnBootPhase_600_com.android.server.texttospeech.TextToSpeechManagerService
05-23 09:26:33.766 732 732 V SystemServerTiming: OnBootPhase_600_com.android.server.texttospeech.TextToSpeechManagerService took to complete: 1ms
05-23 09:26:33.766 732 732 D SystemServerTiming: OnBootPhase_600_com.android.server.ambientcontext.AmbientContextManagerService
05-23 09:26:33.766 732 732 V SystemServerTiming: OnBootPhase_600_com.android.server.ambientcontext.AmbientContextManagerService took to complete: 0ms
05-23 09:26:33.766 732 732 D SystemServerTiming: OnBootPhase_600_com.android.server.wearable.WearableSensingManagerService
05-23 09:26:33.766 732 732 V SystemServerTiming: OnBootPhase_600_com.android.server.wearable.WearableSensingManagerService took to complete: 0ms
05-23 09:26:33.766 732 732 D SystemServerTiming: OnBootPhase_600_com.android.server.speech.SpeechRecognitionManagerService
05-23 09:26:33.766 732 732 V SystemServerTiming: OnBootPhase_600_com.android.server.speech.SpeechRecognitionManagerService took to complete: 1ms
05-23 09:26:33.766 732 732 D SystemServerTiming: OnBootPhase_600_com.android.server.searchui.SearchUiManagerService
05-23 09:26:33.766 732 732 V SystemServerTiming: OnBootPhase_600_com.android.server.searchui.SearchUiManagerService took to complete: 0ms
05-23 09:26:33.767 732 732 D SystemServerTiming: OnBootPhase_600_com.android.server.smartspace.SmartspaceManagerService
05-23 09:26:33.767 732 732 V SystemServerTiming: OnBootPhase_600_com.android.server.smartspace.SmartspaceManagerService took to complete: 0ms
05-23 09:26:33.767 732 732 D SystemServerTiming: OnBootPhase_600_com.android.server.graphics.fonts.FontManagerService$Lifecycle
05-23 09:26:33.767 732 732 V SystemServerTiming: OnBootPhase_600_com.android.server.graphics.fonts.FontManagerService$Lifecycle took to complete: 0ms
05-23 09:26:33.767 732 732 D SystemServerTiming: OnBootPhase_600_com.android.server.textservices.TextServicesManagerService$Lifecycle
05-23 09:26:33.767 732 732 V SystemServerTiming: OnBootPhase_600_com.android.server.textservices.TextServicesManagerService$Lifecycle took to complete: 0ms
05-23 09:26:33.767 732 732 D SystemServerTiming: OnBootPhase_600_com.android.server.textclassifier.TextClassificationManagerService$Lifecycle
05-23 09:26:33.767 732 732 V SystemServerTiming: OnBootPhase_600_com.android.server.textclassifier.TextClassificationManagerService$Lifecycle took to complete: 0ms
05-23 09:26:33.767 732 732 D SystemServerTiming: OnBootPhase_600_com.android.server.NetworkScoreService$Lifecycle
05-23 09:26:33.767 732 732 V SystemServerTiming: OnBootPhase_600_com.android.server.NetworkScoreService$Lifecycle took to complete: 0ms
05-23 09:26:33.767 732 732 D SystemServerTiming: OnBootPhase_600_com.android.server.NetworkStatsServiceInitializer
05-23 09:26:33.767 732 732 V SystemServerTiming: OnBootPhase_600_com.android.server.NetworkStatsServiceInitializer took to complete: 0ms
05-23 09:26:33.767 732 732 D SystemServerTiming: OnBootPhase_600_com.android.server.wifi.WifiService
05-23 09:26:33.767 732 732 V SystemServerTiming: OnBootPhase_600_com.android.server.wifi.WifiService took to complete: 0ms
05-23 09:26:33.767 732 732 D SystemServerTiming: OnBootPhase_600_com.android.server.wifi.scanner.WifiScanningService
05-23 09:26:33.767 732 732 V SystemServerTiming: OnBootPhase_600_com.android.server.wifi.scanner.WifiScanningService took to complete: 0ms
05-23 09:26:33.767 732 732 D SystemServerTiming: OnBootPhase_600_com.android.server.wifi.p2p.WifiP2pService
05-23 09:26:33.767 732 732 V SystemServerTiming: OnBootPhase_600_com.android.server.wifi.p2p.WifiP2pService took to complete: 0ms
05-23 09:26:33.767 732 732 D SystemServerTiming: OnBootPhase_600_com.android.server.ConnectivityServiceInitializer
05-23 09:26:33.771 732 732 V SystemServerTiming: OnBootPhase_600_com.android.server.ConnectivityServiceInitializer took to complete: 4ms
05-23 09:26:33.771 732 732 D SystemServerTiming: OnBootPhase_600_com.android.server.notification.NotificationManagerService
05-23 09:26:33.777 732 732 V SystemServerTiming: OnBootPhase_600_com.android.server.notification.NotificationManagerService took to complete: 6ms
05-23 09:26:33.777 732 732 D SystemServerTiming: OnBootPhase_600_com.android.server.storage.DeviceStorageMonitorService
05-23 09:26:33.777 732 732 V SystemServerTiming: OnBootPhase_600_com.android.server.storage.DeviceStorageMonitorService took to complete: 0ms
05-23 09:26:33.777 732 732 D SystemServerTiming: OnBootPhase_600_com.android.server.timedetector.TimeDetectorService$Lifecycle
05-23 09:26:33.777 732 732 V SystemServerTiming: OnBootPhase_600_com.android.server.timedetector.TimeDetectorService$Lifecycle took to complete: 0ms
05-23 09:26:33.777 732 732 D SystemServerTiming: OnBootPhase_600_com.android.server.location.LocationManagerService$Lifecycle
05-23 09:26:33.787 732 753 D CompatibilityChangeReporter: Compat change id reported: 261072174; UID 1000; state: ENABLED
05-23 09:26:33.788 732 753 W Looper : Drained
01-01 08:00:20.368 0 0 I [2 T242 ..] servicemanager: Could not find android.hardware.gnss.IGnss/default in the VINTF manifest.
05-23 09:26:33.795 732 820 I BootReceiver: Copying /data/tombstones/tombstone_04 to DropBox (SYSTEM_TOMBSTONE)
05-23 09:26:33.815 732 820 I DropBoxManagerService: add tag=SYSTEM_TOMBSTONE isTagEnabled=true flags=0x6
01-01 08:00:20.401 0 0 I [3 T242 ..] servicemanager: Found android.hardware.wifi.IWifi/default in device VINTF manifest.
01-01 08:00:20.402 0 0 I [3 T242 ..] servicemanager: Found android.hardware.wifi.supplicant.ISupplicant/default in device VINTF manifest.
01-01 08:00:20.406 0 0 I [3 T242 ..] servicemanager: Found android.hardware.wifi.supplicant.ISupplicant/default in device VINTF manifest.
01-01 08:00:20.408 0 0 I [3 T242 ..] servicemanager: Since 'android.hardware.wifi.supplicant.ISupplicant/default' could not be found, trying to start it as a lazy AIDL service. (if it's not configured to be a lazy service, it may be stuck starting or still starting).
05-23 09:26:33.871 732 763 I PackageWatchdog: Saving observer state to file
05-23 09:26:33.872 732 732 W SystemServiceManager: Service com.android.server.location.LocationManagerService$Lifecycle took 95 ms in onBootPhase
05-23 09:26:33.876 732 732 V SystemServerTiming: OnBootPhase_600_com.android.server.location.LocationManagerService$Lifecycle took to complete: 100ms
05-23 09:26:33.876 732 732 D SystemServerTiming: OnBootPhase_600_com.android.server.timezonedetector.TimeZoneDetectorService$Lifecycle
05-23 09:26:33.876 732 732 V SystemServerTiming: OnBootPhase_600_com.android.server.timezonedetector.TimeZoneDetectorService$Lifecycle took to complete: 0ms
05-23 09:26:33.876 732 732 D SystemServerTiming: OnBootPhase_600_com.android.server.location.altitude.AltitudeService$Lifecycle
05-23 09:26:33.876 732 732 V SystemServerTiming: OnBootPhase_600_com.android.server.location.altitude.AltitudeService$Lifecycle took to complete: 0ms
05-23 09:26:33.876 732 732 D SystemServerTiming: OnBootPhase_600_com.android.server.timezonedetector.location.LocationTimeZoneManagerService$Lifecycle
05-23 09:26:33.877 732 732 V SystemServerTiming: OnBootPhase_600_com.android.server.timezonedetector.location.LocationTimeZoneManagerService$Lifecycle took to complete: 0ms
05-23 09:26:33.877 732 732 D SystemServerTiming: OnBootPhase_600_com.android.server.search.SearchManagerService$Lifecycle
05-23 09:26:33.877 732 732 V SystemServerTiming: OnBootPhase_600_com.android.server.search.SearchManagerService$Lifecycle took to complete: 0ms
05-23 09:26:33.877 732 732 D SystemServerTiming: OnBootPhase_600_com.android.server.wallpaper.WallpaperManagerService$Lifecycle
05-23 09:26:33.877 732 732 D WallpaperManagerService: Wallpaper_switch-user-0
05-23 09:26:33.877 732 869 W BroadcastLoopers: Found previously unknown looper Thread[NetworkStats,5,main]
05-23 09:26:33.885 732 732 V WallpaperManagerService: bindWallpaperComponentLocked: componentName=ComponentInfo{com.android.systemui/com.android.systemui.wallpapers.ImageWallpaper}
05-23 09:26:33.886 732 732 D WallpaperManagerService: WPMS.bindWallpaperComponentLocked-ComponentInfo{com.android.systemui/com.android.systemui.wallpapers.ImageWallpaper}
05-23 09:26:33.887 732 732 V WallpaperManagerService: WPMS.bindWallpaperComponentLocked-ComponentInfo{com.android.systemui/com.android.systemui.wallpapers.ImageWallpaper} took to complete: 2ms
05-23 09:26:33.888 732 732 V WallpaperManagerService: Wallpaper_switch-user-0 took to complete: 11ms
05-23 09:26:33.888 732 732 V SystemServerTiming: OnBootPhase_600_com.android.server.wallpaper.WallpaperManagerService$Lifecycle took to complete: 11ms
05-23 09:26:33.888 732 732 D SystemServerTiming: OnBootPhase_600_com.android.server.wallpapereffectsgeneration.WallpaperEffectsGenerationManagerService
05-23 09:26:33.888 732 732 V SystemServerTiming: OnBootPhase_600_com.android.server.wallpapereffectsgeneration.WallpaperEffectsGenerationManagerService took to complete: 0ms
05-23 09:26:33.888 732 732 D SystemServerTiming: OnBootPhase_600_com.android.server.audio.AudioService$Lifecycle
05-23 09:26:33.888 732 732 V SystemServerTiming: OnBootPhase_600_com.android.server.audio.AudioService$Lifecycle took to complete: 0ms
05-23 09:26:33.888 732 732 D SystemServerTiming: OnBootPhase_600_com.android.server.soundtrigger_middleware.SoundTriggerMiddlewareService$Lifecycle
05-23 09:26:33.888 732 732 V SystemServerTiming: OnBootPhase_600_com.android.server.soundtrigger_middleware.SoundTriggerMiddlewareService$Lifecycle took to complete: 0ms
05-23 09:26:33.888 732 732 D SystemServerTiming: OnBootPhase_600_com.android.server.adb.AdbService$Lifecycle
05-23 09:26:33.888 732 732 V SystemServerTiming: OnBootPhase_600_com.android.server.adb.AdbService$Lifecycle took to complete: 0ms
05-23 09:26:33.888 732 732 D SystemServerTiming: OnBootPhase_600_com.android.server.usb.UsbService$Lifecycle
05-23 09:26:33.888 732 732 V SystemServerTiming: OnBootPhase_600_com.android.server.usb.UsbService$Lifecycle took to complete: 0ms
05-23 09:26:33.888 732 732 D SystemServerTiming: OnBootPhase_600_com.android.server.twilight.TwilightService
05-23 09:26:33.888 732 732 V SystemServerTiming: OnBootPhase_600_com.android.server.twilight.TwilightService took to complete: 0ms
05-23 09:26:33.888 732 732 D SystemServerTiming: OnBootPhase_600_com.android.server.display.color.ColorDisplayService
05-23 09:26:33.888 732 732 V SystemServerTiming: OnBootPhase_600_com.android.server.display.color.ColorDisplayService took to complete: 0ms
05-23 09:26:33.888 732 732 D SystemServerTiming: OnBootPhase_600_com.android.server.job.JobSchedulerService
05-23 09:26:33.892 732 820 E NativeTombstoneManager: Tombstone's UID (1002) not an app, ignoring
05-23 09:26:33.905 732 732 V SystemServerTiming: OnBootPhase_600_com.android.server.job.JobSchedulerService took to complete: 12ms
05-23 09:26:33.905 732 732 D SystemServerTiming: OnBootPhase_600_com.android.server.soundtrigger.SoundTriggerService
