05-23 09:26:34.656 732 732 V StorageManagerService: Package com.sohu.inputmethod.sogou.tv has legacy storage
05-23 09:26:34.657 732 732 V StorageManagerService: Package com.droidlogic.tvprovider.overlay does not have legacy storage
05-23 09:26:34.657 732 732 V StorageManagerService: Package com.android.externalstorage does not have legacy storage
05-23 09:26:34.657 732 732 V StorageManagerService: Package com.android.htmlviewer does not have legacy storage
05-23 09:26:34.657 732 732 V StorageManagerService: Package com.android.companiondevicemanager does not have legacy storage
05-23 09:26:34.657 732 732 V StorageManagerService: Package com.android.providers.downloads does not have legacy storage
05-23 09:26:34.657 732 732 V StorageManagerService: Package com.android.providers.tv does not have legacy storage
05-23 09:26:34.657 732 732 V StorageManagerService: Package com.droidlogic.mediacenter does not have legacy storage
05-23 09:26:34.657 732 732 V StorageManagerService: Package com.android.federatedcompute.services does not have legacy storage
05-23 09:26:34.657 732 732 V StorageManagerService: Package com.droidlogic does not have legacy storage
05-23 09:26:34.657 732 732 V StorageManagerService: Package com.droidlogic.tv.settings does not have legacy storage
05-23 09:26:34.657 732 732 V StorageManagerService: Package com.oranth.ledstatus does not have legacy storage
05-23 09:26:34.662 732 732 V StorageManagerService: Package com.android.tv.overlay.lps.disabled does not have legacy storage
05-23 09:26:34.662 732 732 V StorageManagerService: Package com.ktcp.video has legacy storage
05-23 09:26:34.662 732 732 V StorageManagerService: Package com.dangbei.lerad.videoposter has legacy storage
05-23 09:26:34.662 732 732 V StorageManagerService: Package com.android.tv.overlay.settingsprovider does not have legacy storage
05-23 09:26:34.662 732 732 V StorageManagerService: Package com.android.safetycenter.resources does not have legacy storage
05-23 09:26:34.662 732 732 V StorageManagerService: Package com.android.pacprocessor does not have legacy storage
05-23 09:26:34.662 732 732 V StorageManagerService: Package com.android.networkstack does not have legacy storage
05-23 09:26:34.662 732 732 V StorageManagerService: Package com.android.connectivity.resources does not have legacy storage
05-23 09:26:34.663 732 732 V StorageManagerService: Package com.android.modulemetadata does not have legacy storage
05-23 09:26:34.663 732 732 V StorageManagerService: Package com.android.certinstaller does not have legacy storage
05-23 09:26:34.663 732 732 V StorageManagerService: Package com.android.wifi.dialog does not have legacy storage
05-23 09:26:34.663 732 732 V StorageManagerService: Package android does not have legacy storage
05-23 09:26:34.663 732 732 V StorageManagerService: Package com.android.camera2 does not have legacy storage
05-23 09:26:34.663 732 732 V StorageManagerService: Package com.android.mtp does not have legacy storage
05-23 09:26:34.663 732 732 V StorageManagerService: Package com.android.backupconfirm does not have legacy storage
05-23 09:26:34.663 732 732 V StorageManagerService: Package com.android.systemui.auto_generated_rro_vendor__ does not have legacy storage
05-23 09:26:34.663 732 732 V StorageManagerService: Package com.android.tv.overlay.networkstack does not have legacy storage
05-23 09:26:34.663 732 732 V StorageManagerService: Package com.android.statementservice does not have legacy storage
05-23 09:26:34.663 732 732 V StorageManagerService: Package com.dangbei.screencast has legacy storage
05-23 09:26:34.663 732 732 V StorageManagerService: Package com.android.settings.intelligence does not have legacy storage
05-23 09:26:34.663 732 732 V StorageManagerService: Package com.bestv.ott.baseservices.gw has legacy storage
05-23 09:26:34.663 732 732 V StorageManagerService: Package com.dangbei.leard.leradlauncher does not have legacy storage
05-23 09:26:34.664 732 732 V StorageManagerService: Package com.android.providers.settings does not have legacy storage
05-23 09:26:34.664 732 732 V StorageManagerService: Package com.android.sharedstoragebackup does not have legacy storage
05-23 09:26:34.664 732 732 V StorageManagerService: Package com.android.printspooler does not have legacy storage
05-23 09:26:34.664 732 732 V StorageManagerService: Package com.android.dreams.basic does not have legacy storage
05-23 09:26:34.664 732 732 V StorageManagerService: Package com.android.webview does not have legacy storage
05-23 09:26:34.664 732 732 V StorageManagerService: Package com.android.se does not have legacy storage
05-23 09:26:34.664 732 732 V StorageManagerService: Package com.android.inputdevices does not have legacy storage
05-23 09:26:34.664 732 732 V StorageManagerService: Package com.android.rkpdapp does not have legacy storage
05-23 09:26:34.664 732 732 V StorageManagerService: Package com.android.tv.overlay.wifi.resources does not have legacy storage
05-23 09:26:34.664 732 732 V StorageManagerService: Package com.oranth.inputmacsn does not have legacy storage
05-23 09:26:34.664 732 732 V StorageManagerService: Package com.android.musicfx does not have legacy storage
05-23 09:26:34.664 732 732 V StorageManagerService: Package com.dangbei.hqguide does not have legacy storage
05-23 09:26:34.665 732 732 V StorageManagerService: Package com.dangbei.hqmedia does not have legacy storage
05-23 09:26:34.665 732 732 V StorageManagerService: Package com.droidlogic.systemui.overlay does not have legacy storage
05-23 09:26:34.665 732 732 V StorageManagerService: Package android.ext.shared does not have legacy storage
05-23 09:26:34.665 732 732 V StorageManagerService: Package com.android.keychain does not have legacy storage
05-23 09:26:34.666 957 1021 V WindowManagerShell: DefaultTransitionHandler init took 23ms
05-23 09:26:34.666 732 732 V StorageManagerService: Package com.dlg.framework.overlay does not have legacy storage
05-23 09:26:34.666 732 732 V StorageManagerService: Package android.ext.services does not have legacy storage
05-23 09:26:34.666 732 732 V StorageManagerService: Package com.android.wifi.resources does not have legacy storage
05-23 09:26:34.666 732 732 V StorageManagerService: Package com.android.cameraextensions does not have legacy storage
05-23 09:26:34.666 732 732 V StorageManagerService: Package com.android.localtransport does not have legacy storage
05-23 09:26:34.666 732 732 V StorageManagerService: Package com.android.networkstack.tethering.droidlogic does not have legacy storage
05-23 09:26:34.666 732 732 V StorageManagerService: Package com.droidlogic.mictoggle does not have legacy storage
05-23 09:26:34.666 732 732 V StorageManagerService: Package com.android.packageinstaller does not have legacy storage
05-23 09:26:34.666 732 732 V StorageManagerService: Package com.cskj.factorytest does not have legacy storage
05-23 09:26:34.666 732 732 V StorageManagerService: Package com.android.proxyhandler does not have legacy storage
05-23 09:26:34.666 732 732 V StorageManagerService: Package com.android.intentresolver does not have legacy storage
05-23 09:26:34.666 732 732 V StorageManagerService: Package com.android.nearby.halfsheet does not have legacy storage
05-23 09:26:34.666 957 1021 V WindowManagerShell: Adding external interface from Transitions with key extra_shell_shell_transitions
05-23 09:26:34.666 732 732 V StorageManagerService: Package com.android.managedprovisioning does not have legacy storage
05-23 09:26:34.666 732 732 V StorageManagerService: Package com.oranth.usbopenft does not have legacy storage
05-23 09:26:34.666 732 732 V StorageManagerService: Package com.android.networkstack.tethering does not have legacy storage
05-23 09:26:34.667 732 732 V StorageManagerService: Package com.android.soundpicker does not have legacy storage
05-23 09:26:34.667 732 732 V StorageManagerService: Package com.dangbei.lerad.etna.haqu does not have legacy storage
05-23 09:26:34.667 732 732 V StorageManagerService: Package com.droidlogic.miracast does not have legacy storage
05-23 09:26:34.667 732 732 V StorageManagerService: Package com.amlogic.tv.overlay.matchcontent does not have legacy storage
05-23 09:26:34.667 732 732 V StorageManagerService: Package com.droidlogic.wifitetheringoverlay does not have legacy storage
05-23 09:26:34.667 732 732 V StorageManagerService: Package com.tv.filemanager.os has legacy storage
05-23 09:26:34.667 732 732 V StorageManagerService: Package com.oranth.powerwindow does not have legacy storage
05-23 09:26:34.667 732 732 V StorageManagerService: Package com.android.cts.ctsshim does not have legacy storage
05-23 09:26:34.667 732 732 V StorageManagerService: Package com.dangbei.lerad.screensaver does not have legacy storage
05-23 09:26:34.667 732 732 V StorageManagerService: Package com.droidlogic.wifion does not have legacy storage
05-23 09:26:34.667 732 732 V StorageManagerService: Package com.android.vpndialogs does not have legacy storage
05-23 09:26:34.668 732 732 V StorageManagerService: Package com.android.music does not have legacy storage
05-23 09:26:34.668 732 732 V StorageManagerService: Package com.android.shell does not have legacy storage
05-23 09:26:34.668 732 732 V StorageManagerService: Package com.android.sdksandbox does not have legacy storage
05-23 09:26:34.668 732 732 V StorageManagerService: Package com.android.wallpaperbackup does not have legacy storage
05-23 09:26:34.668 732 732 V StorageManagerService: Package com.android.providers.userdictionary does not have legacy storage
05-23 09:26:34.668 732 732 V StorageManagerService: Package com.android.providers.media.module does not have legacy storage
05-23 09:26:34.668 732 732 V StorageManagerService: Package com.oranth.storage does not have legacy storage
05-23 09:26:34.669 732 732 V StorageManagerService: Package com.android.hotspot2.osulogin does not have legacy storage
05-23 09:26:34.669 732 732 V StorageManagerService: Package com.android.location.fused does not have legacy storage
05-23 09:26:34.669 732 732 V StorageManagerService: Package com.android.deskclock does not have legacy storage
05-23 09:26:34.669 732 732 V StorageManagerService: Package com.android.systemui does not have legacy storage
05-23 09:26:34.669 732 732 V StorageManagerService: Package com.dangbei.haqusetting does not have legacy storage
05-23 09:26:34.669 732 732 V StorageManagerService: Package com.android.tv.overlay.framework does not have legacy storage
05-23 09:26:34.670 732 732 V StorageManagerService: Package com.android.permissioncontroller does not have legacy storage
05-23 09:26:34.670 732 732 V StorageManagerService: Package com.droidlogic.appinstall does not have legacy storage
05-23 09:26:34.670 732 732 V StorageManagerService: Package com.android.ondevicepersonalization.services does not have legacy storage
05-23 09:26:34.670 732 732 V StorageManagerService: Package com.android.bluetooth does not have legacy storage
05-23 09:26:34.670 732 732 V StorageManagerService: Package com.android.providers.contacts does not have legacy storage
05-23 09:26:34.671 732 732 V StorageManagerService: Package com.android.captiveportallogin does not have legacy storage
05-23 09:26:34.671 732 732 V StorageManagerService: Package com.droidlogic.overlay does not have legacy storage
05-23 09:26:34.671 732 732 V StorageManagerService: Package com.android.devicelockcontroller does not have legacy storage
05-23 09:26:34.671 732 732 V StorageManagerService: Package com.android.ext.adservices.api does not have legacy storage
05-23 09:26:34.671 732 732 V StorageManagerService: Package android.auto_generated_rro_vendor__ does not have legacy storage
05-23 09:26:34.672 732 732 V SystemServerTimingAsync: ssm.onStartUser-0_com.android.server.StorageManagerService$Lifecycle took to complete: 35ms
05-23 09:26:34.673 732 732 D SystemServerTimingAsync: ssm.onStartUser-0_com.android.server.usage.StorageStatsService$Lifecycle
05-23 09:26:34.673 732 732 V SystemServerTimingAsync: ssm.onStartUser-0_com.android.server.usage.StorageStatsService$Lifecycle took to complete: 0ms
05-23 09:26:34.673 732 732 D SystemServerTimingAsync: ssm.onStartUser-0_com.android.server.UiModeManagerService
05-23 09:26:34.673 732 732 V SystemServerTimingAsync: ssm.onStartUser-0_com.android.server.UiModeManagerService took to complete: 0ms
05-23 09:26:34.673 732 732 D SystemServerTimingAsync: ssm.onStartUser-0_com.android.server.locales.LocaleManagerService
05-23 09:26:34.673 732 732 V SystemServerTimingAsync: ssm.onStartUser-0_com.android.server.locales.LocaleManagerService took to complete: 0ms
05-23 09:26:34.673 732 732 D SystemServerTimingAsync: ssm.onStartUser-0_com.android.server.grammaticalinflection.GrammaticalInflectionService
05-23 09:26:34.673 732 732 V SystemServerTimingAsync: ssm.onStartUser-0_com.android.server.grammaticalinflection.GrammaticalInflectionService took to complete: 0ms
05-23 09:26:34.673 732 732 D SystemServerTimingAsync: ssm.onStartUser-0_com.android.server.apphibernation.AppHibernationService
05-23 09:26:34.673 732 732 V SystemServerTimingAsync: ssm.onStartUser-0_com.android.server.apphibernation.AppHibernationService took to complete: 0ms
05-23 09:26:34.673 732 732 D SystemServerTimingAsync: ssm.onStartUser-0_com.android.server.locksettings.LockSettingsService$Lifecycle
05-23 09:26:34.673 732 732 V SystemServerTimingAsync: ssm.onStartUser-0_com.android.server.locksettings.LockSettingsService$Lifecycle took to complete: 0ms
05-23 09:26:34.673 732 732 D SystemServerTimingAsync: ssm.onStartUser-0_com.android.server.PersistentDataBlockService
05-23 09:26:34.673 732 732 V SystemServerTimingAsync: ssm.onStartUser-0_com.android.server.PersistentDataBlockService took to complete: 0ms
05-23 09:26:34.673 732 732 D SystemServerTimingAsync: ssm.onStartUser-0_com.android.server.testharness.TestHarnessModeService
05-23 09:26:34.673 732 732 V SystemServerTimingAsync: ssm.onStartUser-0_com.android.server.testharness.TestHarnessModeService took to complete: 0ms
05-23 09:26:34.673 732 732 D SystemServerTimingAsync: ssm.onStartUser-0_com.android.server.oemlock.OemLockService
05-23 09:26:34.673 732 732 V SystemServerTimingAsync: ssm.onStartUser-0_com.android.server.oemlock.OemLockService took to complete: 0ms
05-23 09:26:34.673 732 732 D SystemServerTimingAsync: ssm.onStartUser-0_com.android.server.DeviceIdleController
05-23 09:26:34.673 732 732 V SystemServerTimingAsync: ssm.onStartUser-0_com.android.server.DeviceIdleController took to complete: 0ms
05-23 09:26:34.673 732 732 D SystemServerTimingAsync: ssm.onStartUser-0_com.android.server.devicepolicy.DevicePolicyManagerService$Lifecycle
05-23 09:26:34.674 957 1021 V WindowManagerShell: Adding command class transitions for Transitions
05-23 09:26:34.674 957 1021 V WindowManagerShell: Transitions init took 8ms
05-23 09:26:34.674 957 1021 V WindowManagerShell: FullscreenTaskListener init took 0ms
05-23 09:26:34.674 957 1021 V WindowManagerShell: addHandler: ActivityEmbeddingController
05-23 09:26:34.674 957 1021 V WindowManagerShell: ActivityEmbeddingController init took 0ms
05-23 09:26:34.674 957 1021 V WindowManagerShell: Adding external interface from StartingWindowController with key extra_shell_starting_window
05-23 09:26:34.674 957 1021 V WindowManagerShell: StartingWindowController init took 0ms
05-23 09:26:34.674 957 1021 V WindowManagerShell: Adding command class protolog for ProtoLogController
05-23 09:26:34.674 957 1021 V WindowManagerShell: ProtoLogController init took 0ms
05-23 09:26:34.674 957 1021 V WindowManagerShell: addHandler: TvPipTransition
05-23 09:26:34.674 957 1021 V WindowManagerShell: TvPipTransition init took 0ms
05-23 09:26:34.682 957 1021 V WindowManagerShell: TvPipController init took 7ms
05-23 09:26:34.682 957 1021 V WindowManagerShell: addHandler: KeyguardTransitionHandler
05-23 09:26:34.682 957 1021 V WindowManagerShell: KeyguardTransitionHandler init took 0ms
05-23 09:26:34.685 957 1021 D ShellBackPreview: Back animation enabled=false
05-23 09:26:34.689 732 732 V SystemServerTimingAsync: ssm.onStartUser-0_com.android.server.devicepolicy.DevicePolicyManagerService$Lifecycle took to complete: 16ms
05-23 09:26:34.689 732 732 D SystemServerTimingAsync: ssm.onStartUser-0_com.android.server.texttospeech.TextToSpeechManagerService
05-23 09:26:34.689 732 732 V SystemServerTimingAsync: ssm.onStartUser-0_com.android.server.texttospeech.TextToSpeechManagerService took to complete: 0ms
05-23 09:26:34.689 732 732 D SystemServerTimingAsync: ssm.onStartUser-0_com.android.server.ambientcontext.AmbientContextManagerService
05-23 09:26:34.689 732 732 V SystemServerTimingAsync: ssm.onStartUser-0_com.android.server.ambientcontext.AmbientContextManagerService took to complete: 0ms
05-23 09:26:34.689 732 732 D SystemServerTimingAsync: ssm.onStartUser-0_com.android.server.wearable.WearableSensingManagerService
05-23 09:26:34.689 732 732 V SystemServerTimingAsync: ssm.onStartUser-0_com.android.server.wearable.WearableSensingManagerService took to complete: 0ms
05-23 09:26:34.689 732 732 D SystemServerTimingAsync: ssm.onStartUser-0_com.android.server.speech.SpeechRecognitionManagerService
05-23 09:26:34.689 732 732 V SystemServerTimingAsync: ssm.onStartUser-0_com.android.server.speech.SpeechRecognitionManagerService took to complete: 0ms
05-23 09:26:34.689 732 732 D SystemServerTimingAsync: ssm.onStartUser-0_com.android.server.searchui.SearchUiManagerService
05-23 09:26:34.689 732 732 V SystemServerTimingAsync: ssm.onStartUser-0_com.android.server.searchui.SearchUiManagerService took to complete: 0ms
05-23 09:26:34.689 732 732 D SystemServerTimingAsync: ssm.onStartUser-0_com.android.server.smartspace.SmartspaceManagerService
05-23 09:26:34.689 732 732 V SystemServerTimingAsync: ssm.onStartUser-0_com.android.server.smartspace.SmartspaceManagerService took to complete: 0ms
05-23 09:26:34.689 732 732 D SystemServerTimingAsync: ssm.onStartUser-0_com.android.server.graphics.fonts.FontManagerService$Lifecycle
05-23 09:26:34.689 732 732 V SystemServerTimingAsync: ssm.onStartUser-0_com.android.server.graphics.fonts.FontManagerService$Lifecycle took to complete: 0ms
05-23 09:26:34.689 732 732 D SystemServerTimingAsync: ssm.onStartUser-0_com.android.server.textservices.TextServicesManagerService$Lifecycle
05-23 09:26:34.689 957 1021 V WindowManagerShell: Adding external interface from BackAnimationController with key extra_shell_back_animation
05-23 09:26:34.689 732 732 V SystemServerTimingAsync: ssm.onStartUser-0_com.android.server.textservices.TextServicesManagerService$Lifecycle took to complete: 0ms
05-23 09:26:34.689 732 732 D SystemServerTimingAsync: ssm.onStartUser-0_com.android.server.textclassifier.TextClassificationManagerService$Lifecycle
05-23 09:26:34.692 732 732 V SystemServerTimingAsync: ssm.onStartUser-0_com.android.server.textclassifier.TextClassificationManagerService$Lifecycle took to complete: 2ms
05-23 09:26:34.692 732 732 D SystemServerTimingAsync: ssm.onStartUser-0_com.android.server.NetworkScoreService$Lifecycle
05-23 09:26:34.692 732 732 V SystemServerTimingAsync: ssm.onStartUser-0_com.android.server.NetworkScoreService$Lifecycle took to complete: 0ms
05-23 09:26:34.692 732 732 D SystemServerTimingAsync: ssm.onStartUser-0_com.android.server.NetworkStatsServiceInitializer
05-23 09:26:34.692 732 732 V SystemServerTimingAsync: ssm.onStartUser-0_com.android.server.NetworkStatsServiceInitializer took to complete: 0ms
05-23 09:26:34.692 732 732 D SystemServerTimingAsync: ssm.onStartUser-0_com.android.server.wifi.WifiService
05-23 09:26:34.692 732 732 V SystemServerTimingAsync: ssm.onStartUser-0_com.android.server.wifi.WifiService took to complete: 0ms
05-23 09:26:34.692 732 732 D SystemServerTimingAsync: ssm.onStartUser-0_com.android.server.wifi.scanner.WifiScanningService
05-23 09:26:34.692 732 732 V SystemServerTimingAsync: ssm.onStartUser-0_com.android.server.wifi.scanner.WifiScanningService took to complete: 0ms
05-23 09:26:34.692 732 732 D SystemServerTimingAsync: ssm.onStartUser-0_com.android.server.wifi.p2p.WifiP2pService
05-23 09:26:34.692 732 732 V SystemServerTimingAsync: ssm.onStartUser-0_com.android.server.wifi.p2p.WifiP2pService took to complete: 0ms
05-23 09:26:34.692 732 732 D SystemServerTimingAsync: ssm.onStartUser-0_com.android.server.ConnectivityServiceInitializer
05-23 09:26:34.692 732 732 V SystemServerTimingAsync: ssm.onStartUser-0_com.android.server.ConnectivityServiceInitializer took to complete: 0ms
05-23 09:26:34.692 732 732 D SystemServerTimingAsync: ssm.onStartUser-0_com.android.server.notification.NotificationManagerService
05-23 09:26:34.692 732 732 V SystemServerTimingAsync: ssm.onStartUser-0_com.android.server.notification.NotificationManagerService took to complete: 0ms
05-23 09:26:34.692 732 732 D SystemServerTimingAsync: ssm.onStartUser-0_com.android.server.storage.DeviceStorageMonitorService
05-23 09:26:34.692 732 732 V SystemServerTimingAsync: ssm.onStartUser-0_com.android.server.storage.DeviceStorageMonitorService took to complete: 0ms
05-23 09:26:34.692 732 732 D SystemServerTimingAsync: ssm.onStartUser-0_com.android.server.timedetector.TimeDetectorService$Lifecycle
05-23 09:26:34.692 732 732 V SystemServerTimingAsync: ssm.onStartUser-0_com.android.server.timedetector.TimeDetectorService$Lifecycle took to complete: 0ms
05-23 09:26:34.692 732 732 D SystemServerTimingAsync: ssm.onStartUser-0_com.android.server.location.LocationManagerService$Lifecycle
05-23 09:26:34.693 732 732 V SystemServerTimingAsync: ssm.onStartUser-0_com.android.server.location.LocationManagerService$Lifecycle took to complete: 1ms
05-23 09:26:34.693 732 732 D SystemServerTimingAsync: ssm.onStartUser-0_com.android.server.timezonedetector.TimeZoneDetectorService$Lifecycle
05-23 09:26:34.693 732 732 V SystemServerTimingAsync: ssm.onStartUser-0_com.android.server.timezonedetector.TimeZoneDetectorService$Lifecycle took to complete: 0ms
05-23 09:26:34.694 732 732 D SystemServerTimingAsync: ssm.onStartUser-0_com.android.server.location.altitude.AltitudeService$Lifecycle
05-23 09:26:34.694 732 732 V SystemServerTimingAsync: ssm.onStartUser-0_com.android.server.location.altitude.AltitudeService$Lifecycle took to complete: 0ms
05-23 09:26:34.694 732 732 D SystemServerTimingAsync: ssm.onStartUser-0_com.android.server.timezonedetector.location.LocationTimeZoneManagerService$Lifecycle
05-23 09:26:34.694 732 732 V SystemServerTimingAsync: ssm.onStartUser-0_com.android.server.timezonedetector.location.LocationTimeZoneManagerService$Lifecycle took to complete: 0ms
05-23 09:26:34.694 732 732 D SystemServerTimingAsync: ssm.onStartUser-0_com.android.server.search.SearchManagerService$Lifecycle
05-23 09:26:34.694 732 732 V SystemServerTimingAsync: ssm.onStartUser-0_com.android.server.search.SearchManagerService$Lifecycle took to complete: 0ms
05-23 09:26:34.694 732 732 D SystemServerTimingAsync: ssm.onStartUser-0_com.android.server.wallpaper.WallpaperManagerService$Lifecycle
05-23 09:26:34.694 732 732 V SystemServerTimingAsync: ssm.onStartUser-0_com.android.server.wallpaper.WallpaperManagerService$Lifecycle took to complete: 0ms
05-23 09:26:34.694 732 732 D SystemServerTimingAsync: ssm.onStartUser-0_com.android.server.wallpapereffectsgeneration.WallpaperEffectsGenerationManagerService
05-23 09:26:34.694 732 732 V SystemServerTimingAsync: ssm.onStartUser-0_com.android.server.wallpapereffectsgeneration.WallpaperEffectsGenerationManagerService took to complete: 0ms
05-23 09:26:34.694 732 732 D SystemServerTimingAsync: ssm.onStartUser-0_com.android.server.audio.AudioService$Lifecycle
05-23 09:26:34.694 732 732 V SystemServerTimingAsync: ssm.onStartUser-0_com.android.server.audio.AudioService$Lifecycle took to complete: 0ms
05-23 09:26:34.694 732 732 D SystemServerTimingAsync: ssm.onStartUser-0_com.android.server.soundtrigger_middleware.SoundTriggerMiddlewareService$Lifecycle
05-23 09:26:34.694 732 732 V SystemServerTimingAsync: ssm.onStartUser-0_com.android.server.soundtrigger_middleware.SoundTriggerMiddlewareService$Lifecycle took to complete: 0ms
05-23 09:26:34.694 732 732 D SystemServerTimingAsync: ssm.onStartUser-0_com.android.server.adb.AdbService$Lifecycle
05-23 09:26:34.694 732 732 V SystemServerTimingAsync: ssm.onStartUser-0_com.android.server.adb.AdbService$Lifecycle took to complete: 0ms
05-23 09:26:34.695 957 1021 V WindowManagerShell: BackAnimationController init took 12ms
05-23 09:26:34.695 957 1021 W Looper : Slow dispatch took 106ms wmshell.main h=android.os.Handler c=com.android.wm.shell.common.ShellExecutor$$ExternalSyntheticLambda0@15899c1 m=0
05-23 09:26:34.696 957 1021 V ShellDragAndDrop: Display added: 0
05-23 09:26:34.694 732 732 D SystemServerTimingAsync: ssm.onStartUser-0_com.android.server.usb.UsbService$Lifecycle
05-23 09:26:34.697 732 732 V SystemServerTimingAsync: ssm.onStartUser-0_com.android.server.usb.UsbService$Lifecycle took to complete: 0ms
05-23 09:26:34.697 732 732 D SystemServerTimingAsync: ssm.onStartUser-0_com.android.server.twilight.TwilightService
05-23 09:26:34.698 732 732 V SystemServerTimingAsync: ssm.onStartUser-0_com.android.server.twilight.TwilightService took to complete: 0ms
05-23 09:26:34.698 732 732 D SystemServerTimingAsync: ssm.onStartUser-0_com.android.server.display.color.ColorDisplayService
05-23 09:26:34.698 732 732 V SystemServerTimingAsync: ssm.onStartUser-0_com.android.server.display.color.ColorDisplayService took to complete: 0ms
05-23 09:26:34.698 732 732 D SystemServerTimingAsync: ssm.onStartUser-0_com.android.server.job.JobSchedulerService
05-23 09:26:34.698 732 732 V SystemServerTimingAsync: ssm.onStartUser-0_com.android.server.job.JobSchedulerService took to complete: 0ms
05-23 09:26:34.698 732 732 D SystemServerTimingAsync: ssm.onStartUser-0_com.android.server.soundtrigger.SoundTriggerService
05-23 09:26:34.698 732 732 V SystemServerTimingAsync: ssm.onStartUser-0_com.android.server.soundtrigger.SoundTriggerService took to complete: 0ms
05-23 09:26:34.698 732 732 D SystemServerTimingAsync: ssm.onStartUser-0_com.android.server.trust.TrustManagerService
05-23 09:26:34.698 732 732 V SystemServerTimingAsync: ssm.onStartUser-0_com.android.server.trust.TrustManagerService took to complete: 0ms
05-23 09:26:34.698 732 732 D SystemServerTimingAsync: ssm.onStartUser-0_com.android.server.backup.BackupManagerService$Lifecycle
05-23 09:26:34.698 732 732 V SystemServerTimingAsync: ssm.onStartUser-0_com.android.server.backup.BackupManagerService$Lifecycle took to complete: 0ms
05-23 09:26:34.698 732 732 D SystemServerTimingAsync: ssm.onStartUser-0_com.android.server.appwidget.AppWidgetService
05-23 09:26:34.698 732 732 V SystemServerTimingAsync: ssm.onStartUser-0_com.android.server.appwidget.AppWidgetService took to complete: 0ms
05-23 09:26:34.698 732 732 D SystemServerTimingAsync: ssm.onStartUser-0_com.android.server.voiceinteraction.VoiceInteractionManagerService
05-23 09:26:34.700 732 732 W VoiceInteractionManager: no available voice recognition services found for user 0
05-23 09:26:34.700 732 732 V SystemServerTimingAsync: ssm.onStartUser-0_com.android.server.voiceinteraction.VoiceInteractionManagerService took to complete: 1ms
05-23 09:26:34.700 732 732 D SystemServerTimingAsync: ssm.onStartUser-0_com.android.server.GestureLauncherService
05-23 09:26:34.700 732 732 V SystemServerTimingAsync: ssm.onStartUser-0_com.android.server.GestureLauncherService took to complete: 0ms
05-23 09:26:34.700 732 732 D SystemServerTimingAsync: ssm.onStartUser-0_com.android.server.SensorNotificationService
05-23 09:26:34.700 732 732 V SystemServerTimingAsync: ssm.onStartUser-0_com.android.server.SensorNotificationService took to complete: 0ms
05-23 09:26:34.700 732 732 D SystemServerTimingAsync: ssm.onStartUser-0_com.android.server.emergency.EmergencyAffordanceService
05-23 09:26:34.700 732 732 V SystemServerTimingAsync: ssm.onStartUser-0_com.android.server.emergency.EmergencyAffordanceService took to complete: 0ms
05-23 09:26:34.700 732 732 D SystemServerTimingAsync: ssm.onStartUser-0_com.android.server.blob.BlobStoreManagerService
05-23 09:26:34.700 732 732 V SystemServerTimingAsync: ssm.onStartUser-0_com.android.server.blob.BlobStoreManagerService took to complete: 0ms
05-23 09:26:34.700 732 732 D SystemServerTimingAsync: ssm.onStartUser-0_com.android.server.dreams.DreamManagerService
05-23 09:26:34.700 732 732 V SystemServerTimingAsync: ssm.onStartUser-0_com.android.server.dreams.DreamManagerService took to complete: 0ms
05-23 09:26:34.700 732 732 D SystemServerTimingAsync: ssm.onStartUser-0_com.android.server.security.AttestationVerificationManagerService
05-23 09:26:34.700 732 732 V SystemServerTimingAsync: ssm.onStartUser-0_com.android.server.security.AttestationVerificationManagerService took to complete: 0ms
05-23 09:26:34.700 732 732 D SystemServerTimingAsync: ssm.onStartUser-0_com.android.server.restrictions.RestrictionsManagerService
05-23 09:26:34.700 732 732 V SystemServerTimingAsync: ssm.onStartUser-0_com.android.server.restrictions.RestrictionsManagerService took to complete: 0ms
05-23 09:26:34.700 732 732 D SystemServerTimingAsync: ssm.onStartUser-0_com.android.server.media.MediaSessionService
05-23 09:26:34.701 732 732 V SystemServerTimingAsync: ssm.onStartUser-0_com.android.server.media.MediaSessionService took to complete: 0ms
05-23 09:26:34.701 732 732 D SystemServerTimingAsync: ssm.onStartUser-0_com.android.server.hdmi.HdmiControlService
05-23 09:26:34.701 732 732 V SystemServerTimingAsync: ssm.onStartUser-0_com.android.server.hdmi.HdmiControlService took to complete: 0ms
05-23 09:26:34.701 732 732 D SystemServerTimingAsync: ssm.onStartUser-0_com.android.server.tv.interactive.TvInteractiveAppManagerService
05-23 09:26:34.701 732 732 V SystemServerTimingAsync: ssm.onStartUser-0_com.android.server.tv.interactive.TvInteractiveAppManagerService took to complete: 0ms
05-23 09:26:34.701 732 732 D SystemServerTimingAsync: ssm.onStartUser-0_com.android.server.tv.TvInputManagerService
05-23 09:26:34.701 732 732 V SystemServerTimingAsync: ssm.onStartUser-0_com.android.server.tv.TvInputManagerService took to complete: 0ms
05-23 09:26:34.701 732 732 D SystemServerTimingAsync: ssm.onStartUser-0_com.android.server.media.MediaResourceMonitorService
05-23 09:26:34.701 732 732 V SystemServerTimingAsync: ssm.onStartUser-0_com.android.server.media.MediaResourceMonitorService took to complete: 0ms
05-23 09:26:34.701 732 732 D SystemServerTimingAsync: ssm.onStartUser-0_com.android.server.tv.TvRemoteService
05-23 09:26:34.701 732 732 V SystemServerTimingAsync: ssm.onStartUser-0_com.android.server.tv.TvRemoteService took to complete: 0ms
05-23 09:26:34.701 732 732 D SystemServerTimingAsync: ssm.onStartUser-0_com.android.server.biometrics.BiometricService
05-23 09:26:34.701 732 732 V SystemServerTimingAsync: ssm.onStartUser-0_com.android.server.biometrics.BiometricService took to complete: 0ms
05-23 09:26:34.701 732 732 D SystemServerTimingAsync: ssm.onStartUser-0_com.android.server.biometrics.AuthService
05-23 09:26:34.701 732 732 V SystemServerTimingAsync: ssm.onStartUser-0_com.android.server.biometrics.AuthService took to complete: 0ms
05-23 09:26:34.701 732 732 D SystemServerTimingAsync: ssm.onStartUser-0_com.android.server.pm.ShortcutService$Lifecycle
05-23 09:26:34.701 732 732 V SystemServerTimingAsync: ssm.onStartUser-0_com.android.server.pm.ShortcutService$Lifecycle took to complete: 0ms
05-23 09:26:34.701 732 732 D SystemServerTimingAsync: ssm.onStartUser-0_com.android.server.pm.LauncherAppsService
05-23 09:26:34.701 732 732 V SystemServerTimingAsync: ssm.onStartUser-0_com.android.server.pm.LauncherAppsService took to complete: 0ms
05-23 09:26:34.701 732 732 D SystemServerTimingAsync: ssm.onStartUser-0_com.android.server.pm.CrossProfileAppsService
05-23 09:26:34.701 732 732 V SystemServerTimingAsync: ssm.onStartUser-0_com.android.server.pm.CrossProfileAppsService took to complete: 0ms
05-23 09:26:34.701 732 732 D SystemServerTimingAsync: ssm.onStartUser-0_com.android.server.people.PeopleService
05-23 09:26:34.701 732 732 V SystemServerTimingAsync: ssm.onStartUser-0_com.android.server.people.PeopleService took to complete: 0ms
05-23 09:26:34.701 732 732 D SystemServerTimingAsync: ssm.onStartUser-0_com.android.server.media.metrics.MediaMetricsManagerService
05-23 09:26:34.701 732 732 V SystemServerTimingAsync: ssm.onStartUser-0_com.android.server.media.metrics.MediaMetricsManagerService took to complete: 0ms
05-23 09:26:34.701 732 732 D SystemServerTimingAsync: ssm.onStartUser-0_com.android.server.pm.BackgroundInstallControlService
05-23 09:26:34.701 732 732 V SystemServerTimingAsync: ssm.onStartUser-0_com.android.server.pm.BackgroundInstallControlService took to complete: 0ms
05-23 09:26:34.701 732 732 D SystemServerTimingAsync: ssm.onStartUser-0_com.android.server.media.projection.MediaProjectionManagerService
05-23 09:26:34.701 732 732 V SystemServerTimingAsync: ssm.onStartUser-0_com.android.server.media.projection.MediaProjectionManagerService took to complete: 0ms
05-23 09:26:34.702 732 732 D SystemServerTimingAsync: ssm.onStartUser-0_com.android.server.slice.SliceManagerService$Lifecycle
05-23 09:26:34.702 732 732 V SystemServerTimingAsync: ssm.onStartUser-0_com.android.server.slice.SliceManagerService$Lifecycle took to complete: 0ms
05-23 09:26:34.702 732 732 D SystemServerTimingAsync: ssm.onStartUser-0_com.android.server.stats.StatsCompanion$Lifecycle
05-23 09:26:34.702 732 732 V SystemServerTimingAsync: ssm.onStartUser-0_com.android.server.stats.StatsCompanion$Lifecycle took to complete: 0ms
05-23 09:26:34.702 732 732 D SystemServerTimingAsync: ssm.onStartUser-0_com.android.server.scheduling.RebootReadinessManagerService$Lifecycle
05-23 09:26:34.702 732 732 V SystemServerTimingAsync: ssm.onStartUser-0_com.android.server.scheduling.RebootReadinessManagerService$Lifecycle took to complete: 0ms
05-23 09:26:34.702 732 732 D SystemServerTimingAsync: ssm.onStartUser-0_com.android.server.stats.pull.StatsPullAtomService
05-23 09:26:34.702 732 732 V SystemServerTimingAsync: ssm.onStartUser-0_com.android.server.stats.pull.StatsPullAtomService took to complete: 0ms
05-23 09:26:34.702 732 732 D SystemServerTimingAsync: ssm.onStartUser-0_com.android.server.stats.bootstrap.StatsBootstrapAtomService$Lifecycle
05-23 09:26:34.702 732 732 V SystemServerTimingAsync: ssm.onStartUser-0_com.android.server.stats.bootstrap.StatsBootstrapAtomService$Lifecycle took to complete: 0ms
05-23 09:26:34.702 732 732 D SystemServerTimingAsync: ssm.onStartUser-0_com.android.server.incident.IncidentCompanionService
05-23 09:26:34.702 732 732 V SystemServerTimingAsync: ssm.onStartUser-0_com.android.server.incident.IncidentCompanionService took to complete: 0ms
05-23 09:26:34.702 732 732 D SystemServerTimingAsync: ssm.onStartUser-0_com.android.server.sdksandbox.SdkSandboxManagerService$Lifecycle
05-23 09:26:34.702 732 732 V SystemServerTimingAsync: ssm.onStartUser-0_com.android.server.sdksandbox.SdkSandboxManagerService$Lifecycle took to complete: 0ms
05-23 09:26:34.702 732 732 D SystemServerTimingAsync: ssm.onStartUser-0_com.android.server.adservices.AdServicesManagerService$Lifecycle
05-23 09:26:34.702 732 732 V SystemServerTimingAsync: ssm.onStartUser-0_com.android.server.adservices.AdServicesManagerService$Lifecycle took to complete: 0ms
05-23 09:26:34.702 732 732 D SystemServerTimingAsync: ssm.onStartUser-0_com.android.server.ondevicepersonalization.OnDevicePersonalizationSystemService$Lifecycle
05-23 09:26:34.702 732 732 V SystemServerTimingAsync: ssm.onStartUser-0_com.android.server.ondevicepersonalization.OnDevicePersonalizationSystemService$Lifecycle took to complete: 0ms
05-23 09:26:34.702 732 732 D SystemServerTimingAsync: ssm.onStartUser-0_com.android.server.autofill.AutofillManagerService
05-23 09:26:34.702 732 732 V SystemServerTimingAsync: ssm.onStartUser-0_com.android.server.autofill.AutofillManagerService took to complete: 0ms
05-23 09:26:34.702 732 732 D SystemServerTimingAsync: ssm.onStartUser-0_com.android.server.clipboard.ClipboardService
05-23 09:26:34.702 732 732 V SystemServerTimingAsync: ssm.onStartUser-0_com.android.server.clipboard.ClipboardService took to complete: 0ms
05-23 09:26:34.702 732 732 D SystemServerTimingAsync: ssm.onStartUser-0_com.android.server.appbinding.AppBindingService$Lifecycle
05-23 09:26:34.702 732 732 W AppBindingService: [Default SMS app] u0 Target package not found
05-23 09:26:34.702 732 732 V SystemServerTimingAsync: ssm.onStartUser-0_com.android.server.appbinding.AppBindingService$Lifecycle took to complete: 1ms
05-23 09:26:34.702 732 732 D SystemServerTimingAsync: ssm.onStartUser-0_com.android.server.tracing.TracingServiceProxy
05-23 09:26:34.703 732 732 V SystemServerTimingAsync: ssm.onStartUser-0_com.android.server.tracing.TracingServiceProxy took to complete: 0ms
05-23 09:26:34.703 732 732 D SystemServerTimingAsync: ssm.onStartUser-0_com.android.server.policy.PermissionPolicyService
05-23 09:26:34.704 732 732 V SystemServerTimingAsync: ssm.onStartUser-0_com.android.server.policy.PermissionPolicyService took to complete: 0ms
05-23 09:26:34.704 732 732 D SystemServerTimingAsync: ssm.onStartUser-0_com.android.server.pm.StagingManager$Lifecycle
05-23 09:26:34.704 732 732 V SystemServerTimingAsync: ssm.onStartUser-0_com.android.server.pm.StagingManager$Lifecycle took to complete: 0ms
05-23 09:26:34.704 732 732 D SystemServerTimingAsync: ssm.onStartUser-0_com.android.server.app.GameManagerService$Lifecycle
05-23 09:26:34.704 732 732 D GameManagerService: Starting user 0
05-23 09:26:34.722 732 732 V SystemServerTimingAsync: ssm.onStartUser-0_com.android.server.app.GameManagerService$Lifecycle took to complete: 17ms
05-23 09:26:34.722 732 732 D SystemServerTimingAsync: ssm.onStartUser-0_com.android.safetycenter.SafetyCenterService
05-23 09:26:34.722 732 732 V SystemServerTimingAsync: ssm.onStartUser-0_com.android.safetycenter.SafetyCenterService took to complete: 0ms
05-23 09:26:34.722 732 732 D SystemServerTimingAsync: ssm.onStartUser-0_com.android.server.appsearch.AppSearchModule$Lifecycle
05-23 09:26:34.722 732 732 V SystemServerTimingAsync: ssm.onStartUser-0_com.android.server.appsearch.AppSearchModule$Lifecycle took to complete: 0ms
05-23 09:26:34.722 732 732 D SystemServerTimingAsync: ssm.onStartUser-0_com.android.server.media.MediaCommunicationService
05-23 09:26:34.722 732 732 V SystemServerTimingAsync: ssm.onStartUser-0_com.android.server.media.MediaCommunicationService took to complete: 0ms
05-23 09:26:34.722 732 732 D SystemServerTimingAsync: ssm.onStartUser-0_com.android.server.compat.overrides.AppCompatOverridesService$Lifecycle
05-23 09:26:34.722 732 732 V SystemServerTimingAsync: ssm.onStartUser-0_com.android.server.compat.overrides.AppCompatOverridesService$Lifecycle took to complete: 0ms
05-23 09:26:34.722 732 732 D SystemServerTimingAsync: ssm.onStartUser-0_com.android.server.healthconnect.HealthConnectManagerService
05-23 09:26:34.722 732 732 V SystemServerTimingAsync: ssm.onStartUser-0_com.android.server.healthconnect.HealthConnectManagerService took to complete: 0ms
05-23 09:26:34.722 732 732 D SystemServerTimingAsync: ssm.onStartUser-0_com.android.server.devicelock.DeviceLockService
05-23 09:26:34.722 732 732 V SystemServerTimingAsync: ssm.onStartUser-0_com.android.server.devicelock.DeviceLockService took to complete: 0ms
05-23 09:26:34.722 732 732 V SystemServerTimingAsync: ssm.StartUser-0 took to complete: 558ms
05-23 09:26:34.723 732 732 D SystemServerTiming: startPersistentApps
05-23 09:26:34.724 732 732 I ActivityManager: com.droidlogic is exempt from freezer
05-23 09:26:34.725 732 732 D CompatibilityChangeReporter: Compat change id reported: 135634846; UID 1000; state: DISABLED
05-23 09:26:34.728 732 732 D CompatibilityChangeReporter: Compat change id reported: 135634846; UID 1068; state: DISABLED
05-23 09:26:34.728 732 732 V SystemServerTiming: startPersistentApps took to complete: 6ms
05-23 09:26:34.729 732 732 D SystemServerTiming: startHomeOnAllDisplays
05-23 09:26:34.731 732 732 D WindowManager: ThemeHomeDelay: Home launch was deferred.
05-23 09:26:34.732 732 732 V SystemServerTiming: startHomeOnAllDisplays took to complete: 3ms
05-23 09:26:34.732 732 732 D SystemServerTiming: showSystemReadyErrorDialogs
05-23 09:26:34.762 732 1019 D CompatibilityChangeReporter: Compat change id reported: 171306433; UID 1000; state: ENABLED
05-23 09:26:34.768 732 1019 W WindowManager: [addWindow] title:ShellDropTarget
05-23 09:26:34.806 732 763 D CountryDetector: Using custom country detector class: com.android.server.location.ComprehensiveCountryDetector
05-23 09:26:34.807 732 763 E CountryDetector: Could not instantiate the custom country detector class
05-23 09:26:34.807 732 763 D CountryDetector: Using default country detector
05-23 09:26:34.877 732 732 E Build : Vendor interface is incompatible, error=1
05-23 09:26:34.877 732 732 E ActivityTaskManager: Build fingerprint is not consistent, warning user
05-23 09:26:34.877 732 732 V SystemServerTiming: showSystemReadyErrorDialogs took to complete: 144ms
05-23 09:26:34.877 732 732 D SystemServerTiming: sendUserStartBroadcast
05-23 09:26:34.879 732 732 V SystemServerTiming: sendUserStartBroadcast took to complete: 2ms
05-23 09:26:34.879 732 732 D SystemServerTiming: resumeTopActivities
05-23 09:26:34.889 732 732 V SystemServerTiming: resumeTopActivities took to complete: 10ms
05-23 09:26:34.889 732 732 D SystemServerTiming: sendUserSwitchBroadcasts
05-23 09:26:34.890 732 732 V SystemServerTiming: sendUserSwitchBroadcasts took to complete: 2ms
05-23 09:26:34.890 732 732 D SystemServerTiming: setBinderProxies
05-23 09:26:34.891 732 732 V SystemServerTiming: setBinderProxies took to complete: 0ms
05-23 09:26:34.891 732 732 V SystemServerTiming: ActivityManagerStartApps took to complete: 728ms
05-23 09:26:34.891 732 732 D SystemServerTiming: componentAlias
05-23 09:26:34.891 732 732 D ComponentAliasResolver: Compat listener set.
05-23 09:26:34.892 732 732 V SystemServerTiming: componentAlias took to complete: 1ms
05-23 09:26:34.892 732 732 V SystemServerTiming: PhaseActivityManagerReady took to complete: 2713ms
05-23 09:26:34.892 732 732 D SystemServerTiming: LockSettingsThirdPartyAppsStarted
05-23 09:26:34.892 732 732 V SystemServerTiming: LockSettingsThirdPartyAppsStarted took to complete: 0ms
05-23 09:26:34.892 732 732 D SystemServerTiming: StartSystemUI
05-23 09:26:34.893 957 1021 W Looper : Slow delivery took 63ms wmshell.main h=android.os.Handler c=com.android.wm.shell.draganddrop.DragAndDropController$$ExternalSyntheticLambda0@87f8706 m=0
05-23 09:26:34.893 957 1021 W Looper : Slow dispatch took 197ms wmshell.main h=android.os.Handler c=com.android.wm.shell.draganddrop.DragAndDropController$$ExternalSyntheticLambda0@87f8706 m=0
05-23 09:26:34.893 957 1021 D WindowManagerShell: TvPipController: onImeVisibilityChanged(), visible=false, height=0
05-23 09:26:34.894 732 732 W ActivityManager: Unable to start service Intent { flg=0x100 cmp=com.droidlogic/.StubKeyguardService } U=0: not found
05-23 09:26:34.895 732 732 V SystemServerTiming: StartSystemUI took to complete: 3ms
05-23 09:26:34.895 732 732 V SystemServerTiming: startOtherServices took to complete: 6065ms
05-23 09:26:34.895 732 732 D SystemServerTiming: startApexServices
05-23 09:26:34.895 732 732 D SystemServerTiming: starting com.android.server.scheduling.RebootReadinessManagerService$Lifecycle
05-23 09:26:34.895 732 958 D CompatibilityChangeReporter: Compat change id reported: 161145287; UID 1073; state: ENABLED
05-23 09:26:34.895 732 732 I SystemServiceManager: Starting com.android.server.scheduling.RebootReadinessManagerService$Lifecycle
05-23 09:26:34.895 732 732 I SystemServiceManager: Not starting an already started service com.android.server.scheduling.RebootReadinessManagerService$Lifecycle
05-23 09:26:34.895 732 732 V SystemServerTiming: starting com.android.server.scheduling.RebootReadinessManagerService$Lifecycle took to complete: 1ms
05-23 09:26:34.895 732 732 V SystemServerTiming: startApexServices took to complete: 1ms
05-23 09:26:34.895 732 732 D SystemServerTiming: UpdateWatchdogTimeout
05-23 09:26:34.896 732 732 I Watchdog: Watchdog timeout updated to 60000 millis
05-23 09:26:34.896 732 732 V SystemServerTiming: UpdateWatchdogTimeout took to complete: 0ms
05-23 09:26:34.896 732 732 V SystemServerTiming: StartServices took to complete: 8108ms
05-23 09:26:34.900 732 765 W ActivityManager: Slow operation: 176ms so far, now at startProcess: done updating battery stats
05-23 09:26:34.900 732 765 W ActivityManager: Slow operation: 177ms so far, now at startProcess: building log message
05-23 09:26:34.900 732 765 I ActivityManager: Start proc 1093:com.droidlogic/1000 for added application com.droidlogic
05-23 09:26:34.901 732 765 W ActivityManager: Slow operation: 177ms so far, now at startProcess: starting to update pids map
05-23 09:26:34.901 732 807 D CoreBackPreview: Window{8d94011 u0 ShellDropTarget}: Setting back callback OnBackInvokedCallbackInfo{mCallback=android.window.IOnBackInvokedCallback$Stub$Proxy@9b8128b, mPriority=0, mIsAnimationCallback=false}
05-23 09:26:34.901 732 765 W ActivityManager: Slow operation: 177ms so far, now at startProcess: done updating pids map
05-23 09:26:34.901 732 765 W ActivityManager: Slow operation: 174ms so far, now at startProcess: asking zygote to start proc
05-23 09:26:34.906 732 746 D CompatibilityChangeReporter: Compat change id reported: 168419799; UID 1000; state: DISABLED
05-23 09:26:34.907 732 746 D CompatibilityChangeReporter: Compat change id reported: 273564678; UID 1000; state: DISABLED
05-23 09:26:34.912 732 815 D CompatibilityChangeReporter: Compat change id reported: 218533173; UID 10070; state: DISABLED
05-23 09:26:34.917 732 765 W ActivityManager: Slow operation: 190ms so far, now at startProcess: returned from zygote!
05-23 09:26:34.917 732 815 D CompatibilityChangeReporter: Compat change id reported: 262645982; UID 10070; state: DISABLED
05-23 09:26:34.919 732 815 D CompatibilityChangeReporter: Compat change id reported: 218533173; UID 10072; state: ENABLED
05-23 09:26:34.919 732 815 D CompatibilityChangeReporter: Compat change id reported: 262645982; UID 10072; state: ENABLED
05-23 09:26:34.920 732 765 W ActivityManager: Slow operation: 193ms so far, now at startProcess: done updating battery stats
05-23 09:26:34.920 732 765 W ActivityManager: Slow operation: 194ms so far, now at startProcess: building log message
05-23 09:26:34.920 732 765 I ActivityManager: Start proc 1110:com.android.se/1068 for added application com.android.se
05-23 09:26:34.920 732 765 W ActivityManager: Slow operation: 194ms so far, now at startProcess: starting to update pids map
05-23 09:26:34.921 732 765 W ActivityManager: Slow operation: 194ms so far, now at startProcess: done updating pids map
05-23 09:26:34.924 732 732 W Looper : Slow delivery took 7610ms main h=android.app.PropertyInvalidatedCache$AutoCorker$1 c=null m=0
05-23 09:26:34.926 732 815 D CompatibilityChangeReporter: Compat change id reported: 218533173; UID 10053; state: ENABLED
05-23 09:26:34.927 732 815 D CompatibilityChangeReporter: Compat change id reported: 262645982; UID 10053; state: ENABLED
05-23 09:26:34.930 732 815 D CompatibilityChangeReporter: Compat change id reported: 218533173; UID 10062; state: ENABLED
05-23 09:26:34.931 732 815 D CompatibilityChangeReporter: Compat change id reported: 262645982; UID 10062; state: ENABLED
05-23 09:26:34.939 732 815 D CompatibilityChangeReporter: Compat change id reported: 218533173; UID 10016; state: ENABLED
05-23 09:26:34.939 732 815 D CompatibilityChangeReporter: Compat change id reported: 262645982; UID 10016; state: ENABLED
05-23 09:26:34.947 732 756 I DisplayDeviceRepository: Display device changed: DisplayDeviceInfo{"内置å±å¹•": uniqueId="local:4625716335649126413", 1280 x 720, modeId 1, renderFrameRate 50.0, defaultModeId 1, supportedModes [{id=1, width=1280, height=720, fps=50.0, alternativeRefreshRates=[], supportedHdrTypes=[]}, {id=2, width=1280, height=720, fps=60.000004, alternativeRefreshRates=[], supportedHdrTypes=[]}], colorMode 0, supportedColorModes [0], hdrCapabilities HdrCapabilities{mSupportedHdrTypes=[], mMaxLuminance=500.0, mMaxAverageLuminance=500.0, mMinLuminance=0.0}, allmSupported false, gameContentTypeSupported false, density 160, 0.0 x 0.0 dpi, appVsyncOff 2000000, presDeadline 17000000, touch INTERNAL, rotation 0, type INTERNAL, address {port=13, model=0x4031d87fca1678}, deviceProductInfo DeviceProductInfo{name=Linux FHD, manufacturerPnpId=LNX, productId=0, modelYear=null, manufactureDate=ManufactureDate{week=5, year=2012}, connectionToSinkType=0}, state ON, committedState ON, frameRateOverride , brightnessMinimum 0.0, brightnessMaximum 1.0, brightnessDefault 0.39763778, hdrSdrRatio NaN, FLAG_ALLOWED_TO_BE_DEFAULT_DISPLAY, FLAG_ROTATES_WITH_CONTENT, FLAG_SECURE, FLAG_SUPPORTS_PROTECTED_BUFFERS, FLAG_TRUSTED, installOrientation 0, displayShape DisplayShape{ spec=-1507169495 displayWidth=1280 displayHeight=720 physicalPixelDisplaySizeRatio=1.0 rotation=0 offsetX=0 offsetY=0 scale=1.0}}
05-23 09:26:34.980 732 815 D CompatibilityChangeReporter: Compat change id reported: 218533173; UID 10018; state: ENABLED
05-23 09:26:34.986 732 958 D CompatibilityChangeReporter: Compat change id reported: 168419799; UID 1068; state: DISABLED
05-23 09:26:34.987 732 958 D CompatibilityChangeReporter: Compat change id reported: 273564678; UID 1068; state: DISABLED
05-23 09:26:34.998 957 1021 W Looper : Drained
05-23 09:26:35.002 732 815 D CompatibilityChangeReporter: Compat change id reported: 262645982; UID 10018; state: ENABLED
05-23 09:26:35.004 732 815 D CompatibilityChangeReporter: Compat change id reported: 218533173; UID 10063; state: ENABLED
05-23 09:26:35.005 732 815 D CompatibilityChangeReporter: Compat change id reported: 262645982; UID 10063; state: ENABLED
05-23 09:26:35.008 732 732 D ConditionProviders.SCP: onConnected
