05-23 16:39:20.864 304 358 D MesonHwc: received Uevent: hdmitx_current_status=55
05-23 16:39:20.864 304 358 D MesonHwc: received Uevent: MAJOR=492
05-23 16:39:20.864 304 358 D MesonHwc: received Uevent: MINOR=0
05-23 16:39:20.864 304 358 D MesonHwc: received Uevent: DEVNAME=amhdmitx0
05-23 16:39:20.864 304 358 D MesonHwc: received Uevent: SEQNUM=4110
05-23 16:39:20.864 304 358 D MesonHwc: received Uevent: QNUM=4108
05-23 16:39:20.864 304 358 D MesonHwc: received Uevent: s7d
05-23 16:39:20.864 304 358 D MesonHwc: received Uevent: OF_COMPATIBLE_N=1
05-23 16:39:20.864 304 358 D MesonHwc: received Uevent: MODALIAS=of:NaocecT(null)Camlogic,_aocec-s7d
05-23 16:39:20.864 304 358 D MesonHwc: received Uevent: SEQNUM=4107
05-23 16:39:20.864 304 358 D MesonHwc: received Uevent: change@/devices/virtual/amhdmitx/amhdmitx0
05-23 16:39:20.864 494 539 I hdmicecd: [HdmiCecControl]:Hotplug event port:0, now:1, prevStatus:0 power:0
05-23 16:39:20.864 304 358 D MesonHwc: received Uevent: ACTION=change
05-23 16:39:20.864 304 358 D MesonHwc: received Uevent: DEVPATH=/devices/virtual/amhdmitx/amhdmitx0
05-23 16:39:20.865 304 358 D MesonHwc: received Uevent: SUBSYSTEM=amhdmitx
05-23 16:39:20.865 304 358 D MesonHwc: received Uevent: hdmitx_current_status=55
05-23 16:39:20.865 304 358 D MesonHwc: received Uevent: MAJOR=492
05-23 16:39:20.865 304 358 D MesonHwc: received Uevent: MINOR=0
05-23 16:39:20.865 304 358 D MesonHwc: received Uevent: DEVNAME=amhdmitx0
05-23 16:39:20.865 304 358 D MesonHwc: received Uevent: SEQNUM=4110
05-23 16:39:20.865 304 358 D MesonHwc: received Uevent: QNUM=4108
05-23 16:39:20.865 304 358 D MesonHwc: received Uevent: s7d
05-23 16:39:20.865 304 358 D MesonHwc: received Uevent: OF_COMPATIBLE_N=1
05-23 16:39:20.865 304 358 D MesonHwc: received Uevent: MODALIAS=of:NaocecT(null)Camlogic,_aocec-s7d
05-23 16:39:20.865 304 358 D MesonHwc: received Uevent: SEQNUM=4107
01-01 08:27:27.737 0 0 I : [0 T61 ..] [drm] drm hdmitx hpd notify
05-23 16:39:21.113 732 743 W System : A resource failed to call HardwareBuffer.close.
05-23 16:39:22.424 2569 2570 D uninstall: isAllowStart last_delay 0, current_time 1747989562
05-23 16:39:22.424 2569 2570 I uninstall: enable_service com.ktcp.video/com.tencent.qqlivetv.keeplive.proc.DaemonService com.ktcp.video/(null)
05-23 16:39:22.425 2569 2570 D uninstall: enable_service waitpid
05-23 16:39:22.425 6731 6731 D uninstall: enable_service pid == 0
05-23 16:39:22.425 6731 6731 D uninstall: enable_service version >= 17 || version == 0 version == 34
05-23 16:39:22.473 2569 2570 I uninstall: watchdaemon process_name = com.ktcp.video:daemon has gone, start it
05-23 16:39:22.474 2569 2570 D uninstall: watchdaemon waitpid
05-23 16:39:22.474 6735 6735 D uninstall: watchdaemon pid == 0
05-23 16:39:22.474 6735 6735 D uninstall: watchdaemon version >= 17 || version == 0 version == 34
05-23 16:39:22.518 484 1255 E android.hardware.bluetooth.hci_packetizer: OnDataReady: Unexpected EOF reading the payload!
05-23 16:39:23.698 492 503 D hdmicecd: [CEC]:printCecMsgBuf, msg: 0f 82 00 00
05-23 16:39:23.698 492 503 D hdmicecd: [HdmiCecControl]:updateActiveState received messag:82 active state:0
05-23 16:39:23.699 732 732 D HDMI : [R]: 0F:82:00:00
05-23 16:39:23.700 732 732 D HDMI : setActiveSource logical:0x00 physical:0x0000 HdmiCecLocalDeviceSource#handleActiveSource()
05-23 16:39:23.700 492 505 D hdmicecd: [HdmiCecControl]:getPhysicalAddress, physical addr: 2000, last pa: 2000, ret = 0
05-23 16:39:23.701 732 732 D HDMI : ActiveSourceHistoryRecord active source=(0x00, 0x0000) isActiveSource=false from=HdmiCecLocalDeviceSource#handleActiveSource()
05-23 16:39:23.701 732 732 D HdmiControlService: Switching to full volume behavior
05-23 16:39:26.845 492 503 D hdmicecd: [CEC]:printCecMsgBuf, msg: 04 8f
05-23 16:39:26.846 732 732 D HDMI : [R]: 04:8F
05-23 16:39:26.847 732 910 D HDMI : [S]: 40:90:01
05-23 16:39:26.952 492 505 D hdmicecd: [CEC]:printCecMessage, [4 -> 0] len: 2, body: 90 01, result:success
05-23 16:39:26.952 492 505 E IPCThreadState: binder thread pool (1 threads) starved for 106 ms
05-23 16:39:27.518 484 1255 E android.hardware.bluetooth.hci_packetizer: OnDataReady: Unexpected EOF reading the payload!
05-23 16:39:30.743 492 503 D hdmicecd: [CEC]:printCecMsgBuf, msg: 0f 80 00 00 20 00
05-23 16:39:30.743 492 503 D hdmicecd: [HdmiCecControl]:updateActiveState received messag:80 active state:1
05-23 16:39:30.744 732 732 D HDMI : [R]: 0F:80:00:00:20:00
05-23 16:39:30.744 492 505 D hdmicecd: [HdmiCecControl]:getPhysicalAddress, physical addr: 2000, last pa: 2000, ret = 0
05-23 16:39:30.745 492 492 D hdmicecd: [HdmiCecControl]:getPhysicalAddress, physical addr: 2000, last pa: 2000, ret = 0
05-23 16:39:30.745 732 732 D HDMI : setActiveSource logical:0xffffffff physical:0x2000 HdmiCecLocalDevicePlayback#handleRoutingChangeAndInformation()
05-23 16:39:30.746 492 505 D hdmicecd: [HdmiCecControl]:getPhysicalAddress, physical addr: 2000, last pa: 2000, ret = 0
05-23 16:39:30.746 732 732 D HDMI : ActiveSourceHistoryRecord active source=(invalid, 0x2000) isActiveSource=false from=HdmiCecLocalDevicePlayback#handleRoutingChangeAndInformation()
05-23 16:39:30.746 732 732 D HDMI : setActiveSource logical:0x04 physical:0x2000 HdmiCecLocalDevicePlayback#handleRoutingChangeAndInformation()
05-23 16:39:30.747 492 505 D hdmicecd: [HdmiCecControl]:getPhysicalAddress, physical addr: 2000, last pa: 2000, ret = 0
05-23 16:39:30.747 492 492 D hdmicecd: [HdmiCecControl]:getPhysicalAddress, physical addr: 2000, last pa: 2000, ret = 0
05-23 16:39:30.748 732 732 D HDMI : ActiveSourceHistoryRecord active source=(0x04, 0x2000) isActiveSource=true from=HdmiCecLocalDevicePlayback#handleRoutingChangeAndInformation()
05-23 16:39:30.748 732 732 I HDMI : Hdmi cec wake up
05-23 16:39:30.748 732 732 I PowerGroup: Waking up power group from Asleep (groupId=0, uid=1000, reason=WAKE_REASON_HDMI, details=android.server.hdmi:WAKE)...
05-23 16:39:30.749 732 732 I PowerManagerService: Waking up from Asleep (uid=1000, reason=WAKE_REASON_HDMI, details=android.server.hdmi:WAKE)...
05-23 16:39:30.753 732 732 I HDMI : Not ready to start action. Queued for deferred start:com.android.server.hdmi.ActiveSourceAction@2543bd1
05-23 16:39:30.753 732 732 D HdmiControlService: Switching to full volume behavior
05-23 16:39:30.753 732 781 I DisplayPowerController2[0]: Blocking screen on until initial contents have been drawn.
05-23 16:39:30.753 732 732 D HdmiControlService: Switching to full volume behavior
05-23 16:39:30.754 732 781 D ActivityTaskManager: Top Process State changed to PROCESS_STATE_TOP
05-23 16:39:30.755 957 1021 V WindowManagerShell: Transition requested: android.os.BinderProxy@e3091f3 TransitionRequestInfo { type = 11, triggerTask = null, remoteTransition = null, displayChange = null, flags = 0 }
05-23 16:39:30.757 732 781 V WindowManager: app ------------- force_land :0
01-01 08:27:37.650 0 0 I [3 T513 ..] [pm]: early_suspend_state=0
01-01 08:27:37.650 0 0 I [3 T513 ..] vpu: vpu: late_resume clk: 666666656Hz(0x100)
01-01 08:27:37.651 0 0 I [3 T513 ..] BTI: bt_lateresume RG_AON_A52:0x4000006
01-01 08:27:37.652 0 0 I [3 T513 ..] BTI: RG_AON_A52:0x6
01-01 08:27:37.654 0 0 I [3 T513 ..] [hdmitx: ] Late Resume
01-01 08:27:37.655 0 0 I : [3 T513 ..] [drm] drm hdmitx hpd notify
01-01 08:27:37.662 0 0 I : [3 T513 ..] video_late_resume ok
05-23 16:39:30.755 6701 6701 I rainbow_flow: type=1400 audit(0.0:1123): avc: denied { ioctl } for path="/dev/spidev1.0" dev="tmpfs" ino=545 ioctlcmd=0x6b00 scontext=u:r:init:s0 tcontext=u:object_r:device:s0 tclass=chr_file permissive=1
05-23 16:39:30.761 732 781 I DisplayBrightnessStrategySelector: Changing the DisplayBrightnessStrategy from ScreenOffBrightnessStrategy toInvalidBrightnessStrategy for display 0
05-23 16:39:30.762 732 732 D WindowManager: updateCecScreenStatus 0
05-23 16:39:30.762 732 732 D HDMI : setCecSettingIntValue name:cec_screen_state, value:0
05-23 16:39:30.763 732 732 E ActivityManager: Cancel pending or running compactions as system is awake
05-23 16:39:30.765 732 732 W ProcessStats: Tracking association SourceState{1ebb351 com.ktcp.video:daemon/10077 Fgs #821} whose proc state 3 is better than process ProcessState{3283533 com.ktcp.video/10077 pkg=com.ktcp.video} proc state 10 (0 skipped)
05-23 16:39:30.766 732 781 V DisplayPowerController2[0]: Brightness [0.39763778] reason changing to: 'manual', previous reason: 'screen_off'.
05-23 16:39:30.766 732 781 I DisplayPowerController2[0]: BrightnessEvent: disp=0, physDisp=local:4625716335649126413, brt=0.39763778, initBrt=0.0, rcmdBrt=NaN, preBrt=NaN, lux=0.0, preLux=0.0, hbmMax=1.0, hbmMode=off, rbcStrength=0, thrmMax=1.0, powerFactor=1.0, wasShortTermModelActive=false, flags=, reason=manual, autoBrightness=false, strategy=InvalidBrightnessStrategy
05-23 16:39:30.766 732 781 I DisplayPowerController2[0]: Unblocked screen on after 14 ms
05-23 16:39:30.768 491 491 I android.hardware.power-service.libperfmgr: Power setMode: INTERACTIVE to: 1
05-23 16:39:30.768 732 732 I HDMI : screen state is changing to 0
05-23 16:39:30.768 732 732 D HDMI : onWakeUp action:0, current power status:1
05-23 16:39:30.768 329 933 I SystemControl: [/Ubootenv.cpp, get, 336] [ubootenv] get key:quiescent_env_bk envValue: 0
05-23 16:39:30.768 491 491 I android.hardware.power-service.libperfmgr: quiescent_env_bk: 0
05-23 16:39:30.769 732 6258 D ConnectivityService: requestNetwork for uid/pid:1000/3411 activeRequest: null callbackRequest: 65 [NetworkRequest [ REQUEST id=66, [ Capabilities: INTERNET&NOT_RESTRICTED&TRUSTED&NOT_VCN_MANAGED Uid: 1000 RequestorUid: 1000 RequestorPkg: com.dangbei.haqusetting UnderlyingNetworks: Null] ]] callback flags: 0 order: 2147483647
05-23 16:39:30.769 275 275 D SurfaceFlinger: Setting power mode 2 on display 4625716335649126413
05-23 16:39:30.769 492 492 D hdmicecd: [HdmiCecControl]:getVersion, version:5, ret = 0
05-23 16:39:30.773 732 756 I DisplayDeviceRepository: Display device changed state: "内置å±å¹•", ON
05-23 16:39:30.774 329 932 I SystemControl: [/Ubootenv.cpp, updateValue, 68] [ubootenv] update value name [ubootenv.var.quiescent_env_bk]: value [0]
05-23 16:39:30.774 329 932 I SystemControl: [/Ubootenv.cpp, get, 336] [ubootenv] get key:quiescent_env_bk envValue: 0
05-23 16:39:30.775 732 732 D HDMI : enableSystemCecControl: true
05-23 16:39:30.776 732 756 I InputManager-JNI: Viewport [0] to add: local:4625716335649126413, isActive: true
05-23 16:39:30.777 275 275 E Scheduler: trackPendingFrame: Invalid present fence
05-23 16:39:30.777 732 841 I InputReader: Reconfiguring input devices, changes=DISPLAY_INFO
05-23 16:39:30.777 1440 3451 E ccc : cccccc UpdateHelper onMessageReceived com.dangbei.haqusetting com.dangbei.etna.update {"action":"get","functionTag":"leaf_controller_function_controller_dangbei_update","value":0} com.dangbei.lerad.etna.aidl.IEtnaAidlCallback$Stub$Proxy@36f9f5f
05-23 16:39:30.779 732 757 I DisplayDevice: [0] Layerstack set to 0 for local:4625716335649126413
05-23 16:39:30.783 1440 1649 E ccc : cccccc 请求电é‡ç¼“å­˜ 81
05-23 16:39:30.784 1440 3451 E ccc : cccccc 缓存获å–é¥æŽ§å™¨ç‰ˆæœ¬ DB-15B-H5-R0111
05-23 16:39:30.787 732 756 I DisplayDeviceRepository: Display device changed state: "内置å±å¹•", ON
05-23 16:39:30.789 329 338 I SystemControl: [/UEventObserver.cpp, HDMITxUenventThreadLoop, 451] HDMI TX switch_name:hdmitx_hpd, switch_state: 1
05-23 16:39:30.789 329 338 I SystemControl: [/UEventObserver.cpp, HDMITxUenventThreadLoop, 451] HDMI TX switch_name:hdmitx_audio, switch_state: 1
05-23 16:39:30.789 491 513 W libperfmgr: Slow writing to file: '/sys/class/meson_pm/early_suspend_trigger' with value: '0' took: 12 ms
05-23 16:39:30.789 304 358 D MesonHwc: received Uevent: change@/devices/virtual/amhdmitx/amhdmitx0
05-23 16:39:30.789 304 358 D MesonHwc: received Uevent: ACTION=change
05-23 16:39:30.789 304 358 D MesonHwc: received Uevent: DEVPATH=/devices/virtual/amhdmitx/amhdmitx0
05-23 16:39:30.789 304 358 D MesonHwc: received Uevent: SUBSYSTEM=amhdmitx
05-23 16:39:30.789 304 358 D MesonHwc: received Uevent: hdmitx_hpd=1
05-23 16:39:30.789 304 358 D MesonHwc: received Uevent: MAJOR=492
05-23 16:39:30.789 304 358 D MesonHwc: received Uevent: MINOR=0
05-23 16:39:30.789 304 358 D MesonHwc: received Uevent: DEVNAME=amhdmitx0
05-23 16:39:30.789 304 358 D MesonHwc: received Uevent: SEQNUM=4121
05-23 16:39:30.789 304 358 D MesonHwc: received Uevent: TIBLE_0=amlogic, aocec-s7d
05-23 16:39:30.789 304 358 D MesonHwc: received Uevent: OF_COMPATIBLE_N=1
05-23 16:39:30.789 304 358 D MesonHwc: received Uevent: MODALIAS=of:NaocecT(null)Camlogic,_aocec-s7d
05-23 16:39:30.789 304 358 D MesonHwc: received Uevent: SEQNUM=4120
05-23 16:39:30.789 304 358 D MesonHwc: received Uevent: ltiplexer@360000/mdio@0/ethernet-phy@0
05-23 16:39:30.789 304 358 D MesonHwc: received Uevent: OF_COMPATIBLE_N=0
05-23 16:39:30.789 304 358 D MesonHwc: received Uevent: SEQNUM=4095
05-23 16:39:30.789 304 358 D MesonHwc: received Uevent: =0
05-23 16:39:30.789 304 358 D MesonHwc: received Uevent: MODALIAS=of:Nethernet-phyT(null)
05-23 16:39:30.789 304 358 D MesonHwc: received Uevent: SEQNUM=4094
05-23 16:39:30.789 304 358 D MesonHwc: received Uevent: change@/devices/virtual/amhdmitx/amhdmitx0
05-23 16:39:30.790 304 358 D MesonHwc: received Uevent: ACTION=change
05-23 16:39:30.790 304 358 D MesonHwc: received Uevent: DEVPATH=/devices/virtual/amhdmitx/amhdmitx0
05-23 16:39:30.790 304 358 D MesonHwc: received Uevent: SUBSYSTEM=amhdmitx
05-23 16:39:30.790 304 358 D MesonHwc: received Uevent: hdmitx_hpd=1
05-23 16:39:30.790 304 358 D MesonHwc: received Uevent: MAJOR=492
05-23 16:39:30.790 304 358 D MesonHwc: received Uevent: MINOR=0
05-23 16:39:30.790 304 358 D MesonHwc: received Uevent: DEVNAME=amhdmitx0
05-23 16:39:30.790 304 358 D MesonHwc: received Uevent: SEQNUM=4121
05-23 16:39:30.790 304 358 D MesonHwc: received Uevent: TIBLE_0=amlogic, aocec-s7d
05-23 16:39:30.790 304 358 D MesonHwc: received Uevent: OF_COMPATIBLE_N=1
05-23 16:39:30.790 304 358 D MesonHwc: received Uevent: MODALIAS=of:NaocecT(null)Camlogic,_aocec-s7d
05-23 16:39:30.790 304 358 D MesonHwc: received Uevent: SEQNUM=4120
05-23 16:39:30.790 304 358 D MesonHwc: received Uevent: ltiplexer@360000/mdio@0/ethernet-phy@0
05-23 16:39:30.790 304 358 D MesonHwc: received Uevent: OF_COMPATIBLE_N=0
05-23 16:39:30.790 304 358 D MesonHwc: received Uevent: SEQNUM=4095
05-23 16:39:30.790 304 358 D MesonHwc: received Uevent: =0
05-23 16:39:30.790 304 358 D MesonHwc: received Uevent: MODALIAS=of:Nethernet-phyT(null)
05-23 16:39:30.790 304 358 D MesonHwc: received Uevent: SEQNUM=4094
05-23 16:39:30.790 304 358 D MesonHwc: received Uevent: change@/devices/virtual/amhdmitx/amhdmitx0
05-23 16:39:30.790 304 358 D MesonHwc: received Uevent: ACTION=change
05-23 16:39:30.790 304 358 D MesonHwc: received Uevent: DEVPATH=/devices/virtual/amhdmitx/amhdmitx0
05-23 16:39:30.790 304 358 D MesonHwc: received Uevent: SUBSYSTEM=amhdmitx
05-23 16:39:30.790 304 358 D MesonHwc: received Uevent: hdmitx_audio=1
05-23 16:39:30.790 304 358 D MesonHwc: received Uevent: MAJOR=492
05-23 16:39:30.790 304 358 D MesonHwc: received Uevent: MINOR=0
05-23 16:39:30.790 304 358 D MesonHwc: received Uevent: DEVNAME=amhdmitx0
05-23 16:39:30.790 304 358 D MesonHwc: received Uevent: SEQNUM=4123
05-23 16:39:30.790 304 358 D MesonHwc: received Uevent: change@/devices/virtual/amhdmitx/amhdmitx0
05-23 16:39:30.790 304 358 D MesonHwc: received Uevent: ACTION=change
05-23 16:39:30.790 304 358 D MesonHwc: received Uevent: DEVPATH=/devices/virtual/amhdmitx/amhdmitx0
05-23 16:39:30.790 304 358 D MesonHwc: received Uevent: SUBSYSTEM=amhdmitx
05-23 16:39:30.790 304 358 D MesonHwc: received Uevent: hdmitx_audio=1
05-23 16:39:30.790 304 358 D MesonHwc: received Uevent: MAJOR=492
05-23 16:39:30.790 304 358 D MesonHwc: received Uevent: MINOR=0
05-23 16:39:30.790 304 358 D MesonHwc: received Uevent: DEVNAME=amhdmitx0
05-23 16:39:30.790 304 358 D MesonHwc: received Uevent: SEQNUM=4123
05-23 16:39:30.790 304 358 D MesonHwc: received Uevent: change@/devices/virtual/amhdmitx/amhdmitx0
05-23 16:39:30.790 304 358 D MesonHwc: received Uevent: ACTION=change
05-23 16:39:30.790 304 358 D MesonHwc: received Uevent: DEVPATH=/devices/virtual/amhdmitx/amhdmitx0
05-23 16:39:30.790 304 358 D MesonHwc: received Uevent: SUBSYSTEM=amhdmitx
05-23 16:39:30.790 304 358 D MesonHwc: received Uevent: hdmitx_hdcppwr=1
05-23 16:39:30.790 304 358 D MesonHwc: received Uevent: MAJOR=492
05-23 16:39:30.790 304 358 D MesonHwc: received Uevent: MINOR=0
05-23 16:39:30.790 304 358 D MesonHwc: received Uevent: DEVNAME=amhdmitx0
05-23 16:39:30.790 304 358 D MesonHwc: received Uevent: SEQNUM=4124
05-23 16:39:30.790 304 358 D MesonHwc: received Uevent: EVTYPE=extcon0
05-23 16:39:30.790 304 358 D MesonHwc: received Uevent: SEQNUM=4122
05-23 16:39:30.790 304 358 D MesonHwc: received Uevent: OMPATIBLE_N=1
05-23 16:39:30.790 304 358 D MesonHwc: received Uevent: MODALIAS=of:NaocecT(null)Camlogic,_aocec-s7d
05-23 16:39:30.790 304 358 D MesonHwc: received Uevent: SEQNUM=4120
05-23 16:39:30.790 304 358 D MesonHwc: received Uevent: ltiplexer@360000/mdio@0/ethernet-phy@0
05-23 16:39:30.790 304 358 D MesonHwc: received Uevent: OF_COMPATIBLE_N=0
05-23 16:39:30.790 304 358 D MesonHwc: received Uevent: SEQNUM=4095
05-23 16:39:30.790 304 358 D MesonHwc: received Uevent: =0
05-23 16:39:30.790 304 358 D MesonHwc: received Uevent: MODALIAS=of:Nethernet-phyT(null)
05-23 16:39:30.790 304 358 D MesonHwc: received Uevent: SEQNUM=4094
05-23 16:39:30.790 304 358 D MesonHwc: received Uevent: change@/devices/virtual/amhdmitx/amhdmitx0
05-23 16:39:30.790 304 358 D MesonHwc: received Uevent: ACTION=change
05-23 16:39:30.790 304 358 D MesonHwc: received Uevent: DEVPATH=/devices/virtual/amhdmitx/amhdmitx0
05-23 16:39:30.790 304 358 D MesonHwc: received Uevent: SUBSYSTEM=amhdmitx
05-23 16:39:30.790 304 358 D MesonHwc: received Uevent: hdmitx_hdcppwr=1
05-23 16:39:30.791 329 932 I SystemControl: [/Ubootenv.cpp, get, 345] [ubootenv] search end and not find env:connector_type
05-23 16:39:30.791 329 338 I SystemControl: [/DisplayMode.cpp, onTxEvent, 3267] onTxEvent switchName:hdmitx_audio hpdstate:1 state: 1
05-23 16:39:30.792 329 338 I SystemControl: [/SysWrite.cpp, getKernelReleaseVersion, 701] getKernelReleaseVersion: 5.15
05-23 16:39:30.792 329 338 I SystemControl: [/SystemControlHal.cpp, onEvent, 72] onEvent event:5, client size:5
05-23 16:39:30.792 732 839 V WindowManager: app ------------- force_land :0
05-23 16:39:30.793 275 275 I BpBinder: onLastStrongRef automatically unlinking death recipients:
05-23 16:39:30.794 275 275 E Scheduler: trackPendingFrame: Invalid present fence
01-01 08:27:37.670 0 0 I [0 T610 dh] amvecm: resume recovery vsync
05-23 16:39:30.795 732 873 D WifiNetworkFactory: got request NetworkRequest [ REQUEST id=66, [ Capabilities: INTERNET&NOT_RESTRICTED&TRUSTED&NOT_VCN_MANAGED Uid: 1000 RequestorUid: 1000 RequestorPkg: com.dangbei.haqusetting UnderlyingNetworks: Null] ]
05-23 16:39:30.795 732 881 D ConnectivityService: NetReassign [66 : null → 100] [c 18] [a 1] [i 1]
05-23 16:39:30.795 732 873 D UntrustedWifiNetworkFactory: got request NetworkRequest [ REQUEST id=66, [ Capabilities: INTERNET&NOT_RESTRICTED&TRUSTED&NOT_VCN_MANAGED Uid: 1000 RequestorUid: 1000 RequestorPkg: com.dangbei.haqusetting UnderlyingNetworks: Null] ]
05-23 16:39:30.796 732 873 D OemPaidWifiNetworkFactory: got request NetworkRequest [ REQUEST id=66, [ Capabilities: INTERNET&NOT_RESTRICTED&TRUSTED&NOT_VCN_MANAGED Uid: 1000 RequestorUid: 1000 RequestorPkg: com.dangbei.haqusetting UnderlyingNetworks: Null] ]
05-23 16:39:30.796 732 873 D MultiInternetWifiNetworkFactory: got request NetworkRequest [ REQUEST id=66, [ Capabilities: INTERNET&NOT_RESTRICTED&TRUSTED&NOT_VCN_MANAGED Uid: 1000 RequestorUid: 1000 RequestorPkg: com.dangbei.haqusetting UnderlyingNetworks: Null] ]
05-23 16:39:30.796 491 509 I SystemControlClient: notifyCallback event type:5
05-23 16:39:30.796 491 509 I SystemControlClient: notifyCallback: listener is NULL.
05-23 16:39:30.796 329 338 I SystemControl: [/UEventObserver.cpp, HDMITxUenventThreadLoop, 451] HDMI TX switch_name:hdmitx_hdcppwr, switch_state: 1
05-23 16:39:30.796 329 338 I SystemControl: [/DisplayMode.cpp, onTxEvent, 3267] onTxEvent switchName:hdmitx_hdcppwr hpdstate:1 state: 1
05-23 16:39:30.796 329 338 I SystemControl: [/SysWrite.cpp, getKernelReleaseVersion, 701] getKernelReleaseVersion: 5.15
05-23 16:39:30.796 489 610 I SystemControlClient: notifyCallback event type:5
05-23 16:39:30.796 329 338 I SystemControl: [/Ubootenv.cpp, updateValue, 68] [ubootenv] update value name [ubootenv.var.bestdolbyvision]: value [true]
05-23 16:39:30.796 329 338 I SystemControl: [/Ubootenv.cpp, get, 336] [ubootenv] get key:bestdolbyvision envValue: true
05-23 16:39:30.796 489 610 I SystemControlClient: notifyCallback: listener is NULL.
05-23 16:39:30.797 304 358 D MesonHwc: sc_read_bootenv val is empty
05-23 16:39:30.797 304 358 D MesonHwc: getConnectorType, get ubootenv.var.connector_type from uboot env, return (null)
05-23 16:39:30.797 304 358 D MesonHwc: getConnectorType-0 get connector type hdmi--65536
05-23 16:39:30.797 3326 3342 I SystemControlEvent: system control callback event: 5
05-23 16:39:30.797 304 358 E MesonHwc: read screen size 0x0 from vinfo
05-23 16:39:30.797 304 358 E MesonHwc: dolby vision driver is not ready
05-23 16:39:30.797 304 358 D MesonHwc: Connector VIRTUAL loadDisplayModes get 1 modes
05-23 16:39:30.797 304 358 I MesonHwc: add display mode (dummy_l-dummy_l-111, 720x480, 56.000000) dpi(0,0), hskew(0)
05-23 16:39:30.797 304 358 I MesonHwc: loadDisplayModes (1) end
05-23 16:39:30.797 304 358 D MesonHwc: ERR: PLEASE FIX NON-IMPLEMENT FUN(update).
05-23 16:39:30.797 329 338 I SystemControl: [/Ubootenv.cpp, get, 336] [ubootenv] get key:hdmimode envValue: smpte60hz
05-23 16:39:30.798 329 338 I SystemControl: [/Ubootenv.cpp, get, 336] [ubootenv] get key:is.bestmode envValue: false
05-23 16:39:30.798 329 338 I SystemControl: [/Ubootenv.cpp, get, 345] [ubootenv] search end and not find env:user_colorattribute
05-23 16:39:30.798 329 338 I SystemControl: [/Ubootenv.cpp, get, 345] [ubootenv] search end and not find env:hdr_force_mode
05-23 16:39:30.798 329 338 I SystemControl: [/DisplayMode.cpp, gethdrforcemode, 2742] get hdr force mode is [2]
05-23 16:39:30.798 329 338 I SystemControl: [/Ubootenv.cpp, get, 336] [ubootenv] get key:hdr_policy envValue: 0
05-23 16:39:30.798 329 338 I SystemControl: [/DisplayMode.cpp, getHdrStrategy, 2758] getHdrStrategy is [0]
05-23 16:39:30.798 329 338 I SystemControl: [/Ubootenv.cpp, get, 336] [ubootenv] get key:hdr_priority envValue: 268435472
05-23 16:39:30.798 329 338 I SystemControl: [/DisplayMode.cpp, getHdrPriority, 2891] getHdrPriority is [0x10000010]
05-23 16:39:30.798 329 338 I SystemControl: [/DisplayMode.cpp, getCommonData, 1534] isbestcolorspace:1, isbestpolicy:0, hdr_policy:0, hdr_priority :268435472, hdr_force_mode:2
05-23 16:39:30.799 304 358 D MesonHwc: FixedDisplayPipe::isVMXCertification:0
05-23 16:39:30.799 304 358 D MesonHwc: handleEvent resume update hdmi connector
05-23 16:39:30.799 490 545 I SystemControlClient: notifyCallback event type:5
05-23 16:39:30.799 490 545 I SystemControlClient: notifyCallback: listener is NULL.
05-23 16:39:30.799 255 824 I SystemControlClient: notifyCallback event type:5
05-23 16:39:30.799 255 824 I SystemControlClient: notifyCallback: listener is NULL.
05-23 16:39:30.800 304 358 D MesonHwc: DrmProperty: EDID (1), value [118]
05-23 16:39:30.800 304 358 D MesonHwc: DrmProperty: content type (77), value [0]
05-23 16:39:30.800 304 358 D MesonHwc: DrmProperty: vrr_capable (78), value [0]
05-23 16:39:30.800 304 358 D MesonHwc: DrmProperty: UPDATE (79), value [0]
05-23 16:39:30.800 304 358 D MesonHwc: DrmProperty: color_depth (80), value [10]
05-23 16:39:30.800 304 358 D MesonHwc: DrmProperty: color_space (81), value [3]
05-23 16:39:30.800 304 358 D MesonHwc: DrmProperty: MESON_DRM_HDMITX_PROP_AVMUTE (82), value [0]
05-23 16:39:30.800 304 358 D MesonHwc: DrmProperty: hdmi_hdr_status (83), value [6]
05-23 16:39:30.800 304 358 D MesonHwc: DrmProperty: dv_cap (85), value [0]
05-23 16:39:30.800 304 358 D MesonHwc: DrmProperty: contenttype_cap (89), value [31]
05-23 16:39:30.800 304 358 D MesonHwc: DrmProperty: hdr_priority (91), value [268435472]
05-23 16:39:30.800 304 358 D MesonHwc: DrmProperty: ready (92), value [0]
05-23 16:39:30.800 304 358 D MesonHwc: DrmProperty: allm_cap (95), value [0]
05-23 16:39:30.800 304 358 D MesonHwc: DrmProperty: dc_cap (96), value [1023]
05-23 16:39:30.801 304 358 E MesonHwc: dolby vision driver is not ready
05-23 16:39:30.791 329 329 I systemcontrol: type=1400 audit(0.0:1124): avc: denied { call } for scontext=u:r:system_control:s0 tcontext=u:r:hal_power_default:s0 tclass=binder permissive=1
05-23 16:39:30.802 492 505 D hdmicecd: [HdmiCecControl]:setOption, flag:0x3, value:0x1, ret:0, is_cec_controlled:1
05-23 16:39:30.810 275 275 E Scheduler: trackPendingFrame: Invalid present fence
05-23 16:39:30.814 1067 1296 D BtGatt.ScanManager: handleScreenOn()
05-23 16:39:30.817 1483 1699 E OpenGLRenderer: Unable to match the desired swap behavior.
05-23 16:39:30.819 492 492 I HdmiCec : setLanguage 7a686f
05-23 16:39:30.819 732 839 I WiredAccessoryManager: MSG_NEW_DEVICE_STATE
05-23 16:39:30.819 492 505 I hdmicecd: [HdmiCecControl]:clearLogicaladdress
05-23 16:39:30.820 492 502 D hdmicecd: [HdmiCecControl]:getPhysicalAddress, physical addr: 2000, last pa: 2000, ret = 0
05-23 16:39:30.820 492 502 D hdmicecd: [HdmiCecControl]:getPhysicalAddress, physical addr: 2000, last pa: 2000, ret = 0
05-23 16:39:30.821 492 492 I hdmicecd: [HdmiCecControl]:clearLogicaladdress
05-23 16:39:30.824 732 732 I AS.AudioDeviceInventory: not sending NOISY: state=1
05-23 16:39:30.827 275 275 E Scheduler: trackPendingFrame: Invalid present fence
05-23 16:39:30.832 304 358 I MesonHwc: hdr_preference (dolby_vision)
05-23 16:39:30.832 304 358 E MesonHwc: dolby vision driver is not ready
05-23 16:39:30.832 304 358 D MesonHwc: dolby version:0, dv3:0, hlg:0, hdr10:1, hdr10+:0 max:0, avg:0, min:0
05-23 16:39:30.832 304 358 D MesonHwc: dolby version 4k30:0
05-23 16:39:30.832 304 358 D MesonHwc: Connector HDMI-A loadDisplayModes get 20 modes
05-23 16:39:30.833 304 358 D MesonHwc: add fraction display mode (1080p60hz)
05-23 16:39:30.833 304 358 I MesonHwc: add display mode (1080p60hz-1080p60hz-110, 1920x1080, 60.000000) dpi(39973,39756), hskew(1)
05-23 16:39:30.833 304 358 D MesonHwc: add fraction display mode (smpte60hz)
05-23 16:39:30.833 304 358 I MesonHwc: add display mode (smpte60hz-smpte60hz-119, 4096x2160, 60.000000) dpi(85277,79513), hskew(1)
05-23 16:39:30.833 304 358 I MesonHwc: add display mode (smpte50hz-smpte50hz-120, 4096x2160, 50.000000) dpi(85277,79513), hskew(1)
05-23 16:39:30.833 304 358 D MesonHwc: add fraction display mode (smpte30hz)
05-23 16:39:30.833 304 358 I MesonHwc: add display mode (smpte30hz-smpte30hz-121, 4096x2160, 30.000000) dpi(85277,79513), hskew(1)
05-23 16:39:30.833 304 358 I MesonHwc: add display mode (smpte25hz-smpte25hz-122, 4096x2160, 25.000000) dpi(85277,79513), hskew(1)
05-23 16:39:30.833 304 358 D MesonHwc: add fraction display mode (smpte24hz)
05-23 16:39:30.833 304 358 I MesonHwc: add display mode (smpte24hz-smpte24hz-123, 4096x2160, 24.000000) dpi(85277,79513), hskew(1)
05-23 16:39:30.833 304 358 D MesonHwc: add fraction display mode (2160p60hz)
05-23 16:39:30.833 304 358 I MesonHwc: add display mode (2160p60hz-2160p60hz-124, 3840x2160, 60.000000) dpi(79947,79513), hskew(1)
05-23 16:39:30.833 304 358 I MesonHwc: add display mode (2160p50hz-2160p50hz-125, 3840x2160, 50.000000) dpi(79947,79513), hskew(1)
05-23 16:39:30.833 304 358 D MesonHwc: add fraction display mode (2160p30hz)
05-23 16:39:30.833 304 358 I MesonHwc: add display mode (2160p30hz-2160p30hz-126, 3840x2160, 30.000000) dpi(79947,79513), hskew(1)
05-23 16:39:30.833 304 358 I MesonHwc: add display mode (2160p25hz-2160p25hz-127, 3840x2160, 25.000000) dpi(79947,79513), hskew(1)
05-23 16:39:30.833 304 358 D MesonHwc: add fraction display mode (2160p24hz)
05-23 16:39:30.833 304 358 I MesonHwc: add display mode (2160p24hz-2160p24hz-128, 3840x2160, 24.000000) dpi(79947,79513), hskew(1)
05-23 16:39:30.833 304 358 D MesonHwc: add fraction display mode (1080i60hz)
05-23 16:39:30.833 304 358 I MesonHwc: add display mode (1080i60hz-1080i60hz-129, 1920x1080, 60.000000) dpi(39973,39756), hskew(1)
05-23 16:39:30.833 304 358 I MesonHwc: add display mode (1080p50hz-1080p50hz-130, 1920x1080, 50.000000) dpi(39973,39756), hskew(1)
05-23 16:39:30.833 304 358 I MesonHwc: add display mode (1080i50hz-1080i50hz-131, 1920x1080, 50.000000) dpi(39973,39756), hskew(1)
05-23 16:39:30.833 304 358 D MesonHwc: add fraction display mode (720p60hz)
05-23 16:39:30.833 304 358 I MesonHwc: add display mode (720p60hz-720p60hz-132, 1280x720, 60.000000) dpi(26649,26504), hskew(1)
05-23 16:39:30.833 304 358 I MesonHwc: add display mode (720p50hz-720p50hz-133, 1280x720, 50.000000) dpi(26649,26504), hskew(1)
05-23 16:39:30.833 304 358 I MesonHwc: add display mode (576p50hz-576p50hz-134, 720x576, 50.000000) dpi(14990,21203), hskew(1)
05-23 16:39:30.833 304 358 I MesonHwc: add display mode (576i50hz-576i50hz-135, 720x576, 50.000000) dpi(14990,21203), hskew(1)
05-23 16:39:30.833 304 358 D MesonHwc: add fraction display mode (480p60hz)
05-23 16:39:30.833 304 358 I MesonHwc: add display mode (480p60hz-480p60hz-136, 720x480, 60.000000) dpi(14990,17669), hskew(1)
05-23 16:39:30.833 304 358 D MesonHwc: add fraction display mode (480i60hz)
05-23 16:39:30.833 304 358 I MesonHwc: add display mode (480i60hz-480i60hz-137, 720x480, 60.000000) dpi(14990,17669), hskew(1)
05-23 16:39:30.833 304 358 I MesonHwc: loadDisplayModes (31) end
05-23 16:39:30.833 329 932 I SystemControl: [/Ubootenv.cpp, get, 345] [ubootenv] search end and not find env:connector_type
05-23 16:39:30.833 732 891 D AudioService: setWiredDeviceConnectionState( type:400 state:DEVICE_STATE_AVAILABLE addr: name:) from android
05-23 16:39:30.833 304 358 D MesonHwc: sc_read_bootenv val is empty
05-23 16:39:30.833 304 358 D MesonHwc: getConnectorType, get ubootenv.var.connector_type from uboot env, return (null)
05-23 16:39:30.833 304 358 D MesonHwc: getConnectorType-0 get connector type hdmi--65536
05-23 16:39:30.833 304 358 D MesonHwc: getConnectorCfg: get display 0, connector 11
05-23 16:39:30.833 304 358 E MesonHwc: FixedDisplayPipe::getConnectorCfg 11
05-23 16:39:30.834 304 358 D MesonHwc: handleEvent DRM_EVENT_HDMITX_HOTPLUG 15 VS 11
05-23 16:39:30.834 732 891 I AS.AudioDeviceInventory: handleDeviceConnection(true dev:400 address: name:)
05-23 16:39:30.834 732 891 I AS.AudioDeviceInventory: deviceKey:0x400:
05-23 16:39:30.834 732 891 I AS.AudioDeviceInventory: deviceInfo:null is(already)Connected:false
05-23 16:39:30.834 304 358 D MesonHwc: DrmProperty: EDID (1), value [138]
05-23 16:39:30.834 304 358 D MesonHwc: DrmProperty: content type (77), value [0]
05-23 16:39:30.834 304 358 D MesonHwc: DrmProperty: vrr_capable (78), value [0]
05-23 16:39:30.834 304 358 D MesonHwc: DrmProperty: UPDATE (79), value [0]
05-23 16:39:30.834 304 358 D MesonHwc: DrmProperty: color_depth (80), value [10]
05-23 16:39:30.834 304 358 D MesonHwc: DrmProperty: color_space (81), value [3]
05-23 16:39:30.834 304 358 D MesonHwc: DrmProperty: MESON_DRM_HDMITX_PROP_AVMUTE (82), value [0]
05-23 16:39:30.834 304 358 D MesonHwc: DrmProperty: hdmi_hdr_status (83), value [6]
05-23 16:39:30.834 304 358 D MesonHwc: DrmProperty: dv_cap (85), value [0]
05-23 16:39:30.834 304 358 D MesonHwc: DrmProperty: contenttype_cap (89), value [31]
05-23 16:39:30.834 304 358 D MesonHwc: DrmProperty: hdr_priority (91), value [268435472]
05-23 16:39:30.834 304 358 D MesonHwc: DrmProperty: ready (92), value [0]
05-23 16:39:30.834 304 358 D MesonHwc: DrmProperty: allm_cap (95), value [0]
05-23 16:39:30.834 304 358 D MesonHwc: DrmProperty: dc_cap (96), value [1023]
05-23 16:39:30.834 304 358 E MesonHwc: dolby vision driver is not ready
05-23 16:39:30.835 304 358 I MesonHwc: hdr_preference (dolby_vision)
05-23 16:39:30.835 304 358 E MesonHwc: dolby vision driver is not ready
05-23 16:39:30.835 304 358 D MesonHwc: dolby version:0, dv3:0, hlg:0, hdr10:1, hdr10+:0 max:0, avg:0, min:0
05-23 16:39:30.835 304 358 D MesonHwc: dolby version 4k30:0
05-23 16:39:30.835 304 358 D MesonHwc: Connector HDMI-A loadDisplayModes get 20 modes
05-23 16:39:30.835 304 358 D MesonHwc: add fraction display mode (1080p60hz)
05-23 16:39:30.835 304 358 I MesonHwc: add display mode (1080p60hz-1080p60hz-110, 1920x1080, 60.000000) dpi(39973,39756), hskew(1)
05-23 16:39:30.835 304 358 D MesonHwc: add fraction display mode (smpte60hz)
05-23 16:39:30.835 304 358 I MesonHwc: add display mode (smpte60hz-smpte60hz-118, 4096x2160, 60.000000) dpi(85277,79513), hskew(1)
05-23 16:39:30.835 304 358 I MesonHwc: add display mode (smpte50hz-smpte50hz-119, 4096x2160, 50.000000) dpi(85277,79513), hskew(1)
05-23 16:39:30.835 304 358 D MesonHwc: add fraction display mode (smpte30hz)
05-23 16:39:30.835 304 358 I MesonHwc: add display mode (smpte30hz-smpte30hz-120, 4096x2160, 30.000000) dpi(85277,79513), hskew(1)
05-23 16:39:30.835 304 358 I MesonHwc: add display mode (smpte25hz-smpte25hz-121, 4096x2160, 25.000000) dpi(85277,79513), hskew(1)
05-23 16:39:30.835 304 358 D MesonHwc: add fraction display mode (smpte24hz)
05-23 16:39:30.835 304 358 I MesonHwc: add display mode (smpte24hz-smpte24hz-122, 4096x2160, 24.000000) dpi(85277,79513), hskew(1)
05-23 16:39:30.835 304 358 D MesonHwc: add fraction display mode (2160p60hz)
05-23 16:39:30.835 304 358 I MesonHwc: add display mode (2160p60hz-2160p60hz-123, 3840x2160, 60.000000) dpi(79947,79513), hskew(1)
05-23 16:39:30.835 304 358 I MesonHwc: add display mode (2160p50hz-2160p50hz-124, 3840x2160, 50.000000) dpi(79947,79513), hskew(1)
05-23 16:39:30.835 304 358 D MesonHwc: add fraction display mode (2160p30hz)
05-23 16:39:30.835 304 358 I MesonHwc: add display mode (2160p30hz-2160p30hz-125, 3840x2160, 30.000000) dpi(79947,79513), hskew(1)
05-23 16:39:30.835 304 358 I MesonHwc: add display mode (2160p25hz-2160p25hz-126, 3840x2160, 25.000000) dpi(79947,79513), hskew(1)
05-23 16:39:30.835 304 358 D MesonHwc: add fraction display mode (2160p24hz)
05-23 16:39:30.835 304 358 I MesonHwc: add display mode (2160p24hz-2160p24hz-127, 3840x2160, 24.000000) dpi(79947,79513), hskew(1)
05-23 16:39:30.835 304 358 D MesonHwc: add fraction display mode (1080i60hz)
05-23 16:39:30.835 304 358 I MesonHwc: add display mode (1080i60hz-1080i60hz-128, 1920x1080, 60.000000) dpi(39973,39756), hskew(1)
05-23 16:39:30.835 304 358 I MesonHwc: add display mode (1080p50hz-1080p50hz-129, 1920x1080, 50.000000) dpi(39973,39756), hskew(1)
05-23 16:39:30.835 304 358 I MesonHwc: add display mode (1080i50hz-1080i50hz-130, 1920x1080, 50.000000) dpi(39973,39756), hskew(1)
05-23 16:39:30.835 304 358 D MesonHwc: add fraction display mode (720p60hz)
05-23 16:39:30.835 304 358 I MesonHwc: add display mode (720p60hz-720p60hz-131, 1280x720, 60.000000) dpi(26649,26504), hskew(1)
05-23 16:39:30.836 304 358 I MesonHwc: add display mode (720p50hz-720p50hz-132, 1280x720, 50.000000) dpi(26649,26504), hskew(1)
05-23 16:39:30.836 304 358 I MesonHwc: add display mode (576p50hz-576p50hz-133, 720x576, 50.000000) dpi(14990,21203), hskew(1)
05-23 16:39:30.836 304 358 I MesonHwc: add display mode (576i50hz-576i50hz-134, 720x576, 50.000000) dpi(14990,21203), hskew(1)
05-23 16:39:30.836 304 358 D MesonHwc: add fraction display mode (480p60hz)
05-23 16:39:30.836 304 358 I MesonHwc: add display mode (480p60hz-480p60hz-135, 720x480, 60.000000) dpi(14990,17669), hskew(1)
05-23 16:39:30.836 304 358 D MesonHwc: add fraction display mode (480i60hz)
05-23 16:39:30.836 304 358 I MesonHwc: add display mode (480i60hz-480i60hz-136, 720x480, 60.000000) dpi(14990,17669), hskew(1)
05-23 16:39:30.836 304 358 I MesonHwc: loadDisplayModes (31) end
05-23 16:39:30.836 304 358 D MesonHwc: HwcDisplayPipe::updatePipe 0.
05-23 16:39:30.836 329 932 I SystemControl: [/Ubootenv.cpp, get, 345] [ubootenv] search end and not find env:connector_type
05-23 16:39:30.836 304 351 E MesonHwc: getCrtc by id(0) failed.
05-23 16:39:30.836 483 2749 I audio_hw_hal_primary: [adev_set_parameters:4123] dev:0xea4c14a0, kv: set_ARC_hdmi=updated_sad
05-23 16:39:30.836 304 351 V MesonDisplayServer: GetDisplayMode:
05-23 16:39:30.836 483 2749 D audio_hw_hal_hfp: [audio_extn_hfp_set_parameters:739] audio_extn_hfp_set_parameters
05-23 16:39:30.837 304 351 E MesonHwc: getCrtc by id(0) failed.
05-23 16:39:30.837 304 351 V MesonDisplayServer: GetDisplayMode:
05-23 16:39:30.837 329 338 I SystemControl: [/DisplayMode.cpp, getDisplayMode, 2331] getDisplayMode mode:
05-23 16:39:30.837 329 338 I SystemControl: [/Ubootenv.cpp, get, 336] [ubootenv] get key:hdmimode envValue: smpte60hz
05-23 16:39:30.837 329 338 I SystemControl: [/Ubootenv.cpp, get, 336] [ubootenv] get key:cvbsmode envValue: 576cvbs
05-23 16:39:30.837 329 338 I SystemControl: [/DisplayMode.cpp, getCommonData, 1542] hdmi_current_mode:, ubootenv hdmimode:smpte60hz cvbsmode:576cvbs
05-23 16:39:30.837 483 573 I audio_hw_hal_primary: [adev_set_device_connected_state_v7:9037] connected address:, num_descriptors:0, num_profiles:0
05-23 16:39:30.838 483 573 I audio_hw_hal_primary: [set_device_connect_state:4044] state:1, dev:OUT_HDMI(0x400), pre_out:0x80002, pre_in:0x4
05-23 16:39:30.838 483 573 D audio_hw_hal_resourcemgr: [set_output_device_avail:353] device:0x400 avail_out_devices:400 routed_out_devices:0x400
05-23 16:39:30.838 483 573 D audio_hw_hal_stream: update_sink_format_after_hotplug() active stream 0xea403990
05-23 16:39:30.838 483 573 D audio_hw_hal_profile: get_hdmi_sink_cap_new is running...
05-23 16:39:30.838 483 573 D audio_hw_hal_profile: query hdmi format...
05-23 16:39:30.838 483 573 D audio_hw_hal_profile: get_hdmi_sink_cap_new ddp is supported; ddp-joc(atmos) is unsupported;
05-23 16:39:30.838 483 573 I audio_hw_hal_profile: get_hdmi_sink_cap_new dts-hd vendor special byte3:0x1
05-23 16:39:30.838 483 573 I audio_hw_hal_profile: PCM cap Max channel =2
05-23 16:39:30.838 483 573 I audio_hw_hal_stream: get_sink_capability mbox+dvb case sink_capability = 0xa000000
05-23 16:39:30.838 483 573 I audio_hw_hal_stream: force ddp out =0
05-23 16:39:30.838 483 573 D audio_hw_hal_profile: get_hdmi_sink_cap_new is running...
05-23 16:39:30.838 483 573 D audio_hw_hal_profile: query hdmi format...
05-23 16:39:30.838 483 573 D audio_hw_hal_profile: get_hdmi_sink_cap_new ddp is supported; ddp-joc(atmos) is unsupported;
05-23 16:39:30.838 483 573 I audio_hw_hal_profile: get_hdmi_sink_cap_new dts-hd vendor special byte3:0x1
05-23 16:39:30.838 483 573 I audio_hw_hal_profile: PCM cap Max channel =2
05-23 16:39:30.838 483 573 I audio_hw_hal_stream: [get_sink_dts_capability:212] mbox+dvb case sink_capability: DTS(0xb000000)
05-23 16:39:30.838 483 573 D audio_hw_hal_profile: get_hdmi_sink_cap_new is running...
05-23 16:39:30.838 304 358 D MesonHwc: sc_read_bootenv val is empty
05-23 16:39:30.838 304 358 D MesonHwc: getConnectorType, get ubootenv.var.connector_type from uboot env, return (null)
05-23 16:39:30.838 304 358 D MesonHwc: getConnectorType-0 get connector type hdmi--65536
05-23 16:39:30.838 304 358 D MesonHwc: getConnectorCfg: get display 0, connector 11
05-23 16:39:30.838 304 358 E MesonHwc: FixedDisplayPipe::getConnectorCfg 11
05-23 16:39:30.838 304 358 D MesonHwc: HwcDisplayPipe::updatePipe (0) [CHANGED], crtc (0) connector (11)
05-23 16:39:30.838 304 358 D MesonHwc: HwcDisplayPipe::updatePipe 0 changed
05-23 16:39:30.838 483 573 D audio_hw_hal_profile: query hdmi format...
05-23 16:39:30.838 304 358 D MesonHwc: ERR: PLEASE FIX NON-IMPLEMENT FUN(update).
05-23 16:39:30.838 483 573 D audio_hw_hal_profile: get_hdmi_sink_cap_new ddp is supported; ddp-joc(atmos) is unsupported;
05-23 16:39:30.838 483 573 I audio_hw_hal_profile: get_hdmi_sink_cap_new dts-hd vendor special byte3:0x1
05-23 16:39:30.838 483 573 I audio_hw_hal_profile: PCM cap Max channel =2
05-23 16:39:30.838 483 573 I audio_hw_hal_stream: [get_sink_mpegh_capability:245] mbox+dvb case sink_capability: PCM_16_BIT(0x1)
05-23 16:39:30.838 483 573 D audio_hw_hal_profile: get_hdmi_sink_cap_new is running...
05-23 16:39:30.839 483 573 D audio_hw_hal_profile: [get_hdmi_sink_cap_new:960] query hdmi sample_rate... format: PCM_16_BIT(0x1)
05-23 16:39:30.839 483 573 I audio_hw_hal_profile: get_hdmi_sink_cap_new format =0x1 support rate =sup_sampling_rates=32000|44100|48000
05-23 16:39:30.839 483 573 I audio_hw_hal_stream: pcm_fmt support sample_rate_mask:0x7
05-23 16:39:30.839 483 573 I audio_hw_hal_stream: get_sink_dv_capability : /sys/class/amhdmitx/amhdmitx0/hdmi_hdr_status = SDR
05-23 16:39:30.839 483 573 I audio_hw_hal_stream: get_sink_dv_capability : dv enable 0
05-23 16:39:30.839 483 573 I audio_hw_hal_stream: [get_sink_format:446] out:0xea403990 out devices:0x80002 cur_out_devices:0x400 format:PCM_16_BIT(0x1) digital_mode(AUTO) sink cap:E_AC3(0xa000000)
05-23 16:39:30.839 483 573 I audio_hw_hal_stream: get_sink_format() HDMI ARC or mbox + dvb case
05-23 16:39:30.839 483 573 I audio_hw_hal_stream: [get_sink_format:645] sink_format:E_AC3(0xa000000) max channel:8 optical_format:E_AC3(0xa000000) dual_output 0
05-23 16:39:30.839 483 573 I audio_hw_hal_ms12common: audiohal_send_msg_2_ms12 mesg_type:MS12_MESG_TYPE_RESET_MS12_ENCODER entry
05-23 16:39:30.839 304 358 D MesonHwc: DrmProperty: EDID (1), value [137]
05-23 16:39:30.839 483 686 D audio_hw_hal_ms12common: ms12_message_threadloop(), msg type: MS12_MESG_TYPE_RESET_MS12_ENCODER
05-23 16:39:30.839 483 686 I audio_hw_hal_ms12v2: +dolby_ms12_encoder_reconfig()
05-23 16:39:30.839 304 358 D MesonHwc: DrmProperty: content type (77), value [0]
05-23 16:39:30.839 304 358 D MesonHwc: DrmProperty: vrr_capable (78), value [0]
05-23 16:39:30.839 304 358 D MesonHwc: DrmProperty: UPDATE (79), value [0]
05-23 16:39:30.839 483 686 D libdolbyms12: mch_enable 0
05-23 16:39:30.839 304 358 D MesonHwc: DrmProperty: color_depth (80), value [10]
05-23 16:39:30.839 483 686 D audio_hw_hal_continuous_standby: audio_continuous_standby_set, type 1, params 11
05-23 16:39:30.839 304 358 D MesonHwc: DrmProperty: color_space (81), value [3]
05-23 16:39:30.839 483 686 D audio_hw_hal_ms12common: ms12_message_threadloop mesg_list is empty, loop waiting......
05-23 16:39:30.839 304 358 D MesonHwc: DrmProperty: MESON_DRM_HDMITX_PROP_AVMUTE (82), value [0]
05-23 16:39:30.839 304 358 D MesonHwc: DrmProperty: hdmi_hdr_status (83), value [6]
05-23 16:39:30.839 483 573 I audio_hw_hal_ms12common: audiohal_send_msg_2_ms12 mesg_type:MS12_MESG_TYPE_RESET_MS12_ENCODER exit
05-23 16:39:30.839 304 358 D MesonHwc: DrmProperty: dv_cap (85), value [0]
05-23 16:39:30.839 483 573 D audio_hw_hal_ms12v2: set_dolby_ms12_continuous_state audio_continuous_standby_set status 0
05-23 16:39:30.839 483 573 D audio_hw_hal_continuous_standby: audio_continuous_standby_set, type 0, params 0
05-23 16:39:30.839 304 358 D MesonHwc: DrmProperty: contenttype_cap (89), value [31]
05-23 16:39:30.839 483 573 I audio_hw_hal_ms12common: aml_set_ms12_scheduler_state ms12_scheduler_state:0, sch_state:0 SCHEDULER_RUNNING is sent to ms12
05-23 16:39:30.839 304 358 D MesonHwc: DrmProperty: hdr_priority (91), value [268435472]
05-23 16:39:30.839 304 358 D MesonHwc: DrmProperty: ready (92), value [0]
05-23 16:39:30.839 304 358 D MesonHwc: DrmProperty: allm_cap (95), value [0]
05-23 16:39:30.839 304 358 D MesonHwc: DrmProperty: dc_cap (96), value [1023]
05-23 16:39:30.839 304 358 E MesonHwc: dolby vision driver is not ready
05-23 16:39:30.840 304 358 I MesonHwc: hdr_preference (dolby_vision)
05-23 16:39:30.840 304 358 E MesonHwc: dolby vision driver is not ready
05-23 16:39:30.840 304 358 D MesonHwc: dolby version:0, dv3:0, hlg:0, hdr10:1, hdr10+:0 max:0, avg:0, min:0
05-23 16:39:30.840 304 358 D MesonHwc: dolby version 4k30:0
05-23 16:39:30.840 304 358 D MesonHwc: Connector HDMI-A loadDisplayModes get 20 modes
05-23 16:39:30.840 483 688 D libdolbyms12: set runtime mch_enable 0
05-23 16:39:30.840 304 358 D MesonHwc: add fraction display mode (1080p60hz)
05-23 16:39:30.840 304 358 I MesonHwc: add display mode (1080p60hz-1080p60hz-110, 1920x1080, 60.000000) dpi(39973,39756), hskew(1)
05-23 16:39:30.840 304 358 D MesonHwc: add fraction display mode (smpte60hz)
05-23 16:39:30.840 304 358 I MesonHwc: add display mode (smpte60hz-smpte60hz-118, 4096x2160, 60.000000) dpi(85277,79513), hskew(1)
05-23 16:39:30.840 304 358 I MesonHwc: add display mode (smpte50hz-smpte50hz-119, 4096x2160, 50.000000) dpi(85277,79513), hskew(1)
05-23 16:39:30.840 304 358 D MesonHwc: add fraction display mode (smpte30hz)
05-23 16:39:30.840 304 358 I MesonHwc: add display mode (smpte30hz-smpte30hz-120, 4096x2160, 30.000000) dpi(85277,79513), hskew(1)
05-23 16:39:30.840 304 358 I MesonHwc: add display mode (smpte25hz-smpte25hz-121, 4096x2160, 25.000000) dpi(85277,79513), hskew(1)
05-23 16:39:30.840 304 358 D MesonHwc: add fraction display mode (smpte24hz)
05-23 16:39:30.840 304 358 I MesonHwc: add display mode (smpte24hz-smpte24hz-122, 4096x2160, 24.000000) dpi(85277,79513), hskew(1)
05-23 16:39:30.840 304 358 D MesonHwc: add fraction display mode (2160p60hz)
05-23 16:39:30.840 304 358 I MesonHwc: add display mode (2160p60hz-2160p60hz-123, 3840x2160, 60.000000) dpi(79947,79513), hskew(1)
05-23 16:39:30.840 304 358 I MesonHwc: add display mode (2160p50hz-2160p50hz-124, 3840x2160, 50.000000) dpi(79947,79513), hskew(1)
05-23 16:39:30.840 304 358 D MesonHwc: add fraction display mode (2160p30hz)
05-23 16:39:30.840 304 358 I MesonHwc: add display mode (2160p30hz-2160p30hz-125, 3840x2160, 30.000000) dpi(79947,79513), hskew(1)
05-23 16:39:30.840 304 358 I MesonHwc: add display mode (2160p25hz-2160p25hz-126, 3840x2160, 25.000000) dpi(79947,79513), hskew(1)
05-23 16:39:30.840 304 358 D MesonHwc: add fraction display mode (2160p24hz)
05-23 16:39:30.840 304 358 I MesonHwc: add display mode (2160p24hz-2160p24hz-127, 3840x2160, 24.000000) dpi(79947,79513), hskew(1)
05-23 16:39:30.840 304 358 D MesonHwc: add fraction display mode (1080i60hz)
05-23 16:39:30.840 304 358 I MesonHwc: add display mode (1080i60hz-1080i60hz-128, 1920x1080, 60.000000) dpi(39973,39756), hskew(1)
05-23 16:39:30.840 304 358 I MesonHwc: add display mode (1080p50hz-1080p50hz-129, 1920x1080, 50.000000) dpi(39973,39756), hskew(1)
05-23 16:39:30.840 304 358 I MesonHwc: add display mode (1080i50hz-1080i50hz-130, 1920x1080, 50.000000) dpi(39973,39756), hskew(1)
05-23 16:39:30.841 304 358 D MesonHwc: add fraction display mode (720p60hz)
05-23 16:39:30.841 304 358 I MesonHwc: add display mode (720p60hz-720p60hz-131, 1280x720, 60.000000) dpi(26649,26504), hskew(1)
05-23 16:39:30.841 304 358 I MesonHwc: add display mode (720p50hz-720p50hz-132, 1280x720, 50.000000) dpi(26649,26504), hskew(1)
05-23 16:39:30.841 304 358 I MesonHwc: add display mode (576p50hz-576p50hz-133, 720x576, 50.000000) dpi(14990,21203), hskew(1)
05-23 16:39:30.841 304 358 I MesonHwc: add display mode (576i50hz-576i50hz-134, 720x576, 50.000000) dpi(14990,21203), hskew(1)
05-23 16:39:30.841 304 358 D MesonHwc: add fraction display mode (480p60hz)
05-23 16:39:30.841 304 358 I MesonHwc: add display mode (480p60hz-480p60hz-135, 720x480, 60.000000) dpi(14990,17669), hskew(1)
05-23 16:39:30.841 304 358 D MesonHwc: add fraction display mode (480i60hz)
05-23 16:39:30.841 304 358 I MesonHwc: add display mode (480i60hz-480i60hz-136, 720x480, 60.000000) dpi(14990,17669), hskew(1)
05-23 16:39:30.841 304 358 I MesonHwc: loadDisplayModes (31) end
05-23 16:39:30.841 304 351 E MesonHwc: getCrtc by id(0) failed.
05-23 16:39:30.841 304 351 D MesonDisplayServer: use connector getDisplayAttribute "HDMI Color ATTR": "420,10bit"
05-23 16:39:30.841 329 932 I SystemControl: [/DisplayMode.cpp, getDeepColorAttr, 2290] getDeepColorAttr colorspace:420,10bit
05-23 16:39:30.841 329 932 I SystemControl: get deep color attr mode , value 420,10bit
05-23 16:39:30.842 1440 1456 E ccc : cccccc ColorHelper current get YCbCr 4:2:0 10-bit
05-23 16:39:30.842 304 351 E MesonHwc: getCrtc by id(0) failed.
05-23 16:39:30.843 304 351 D MesonDisplayServer: use connector getDisplayAttribute "HDMI Color ATTR": "420,10bit"
05-23 16:39:30.844 329 338 I SystemControl: [/Ubootenv.cpp, get, 345] [ubootenv] search end and not find env:user_colorattribute
05-23 16:39:30.844 483 573 W DeviceHAL: Error from HAL Device in function get_audio_port_v7: Function not implemented
05-23 16:39:30.844 329 338 I SystemControl: [/DisplayMode.cpp, getCommonData, 1554] hdmi_current_attr:420,10bit, ubootenv_colorattribute:none
05-23 16:39:30.844 329 338 I SystemControl: [/Ubootenv.cpp, get, 345] [ubootenv] search end and not find env:dv_enable
05-23 16:39:30.844 329 338 I SystemControl: [/DisplayMode.cpp, getCommonData, 1567] dv_enable:0
05-23 16:39:30.844 329 338 I SystemControl: [/Ubootenv.cpp, get, 345] [ubootenv] search end and not find env:user_prefer_dv_type
05-23 16:39:30.844 329 338 I SystemControl: [/DisplayMode.cpp, getCommonData, 1578] ubootenv_dv_type:0
05-23 16:39:30.844 329 338 I SystemControl: [/DisplayMode.cpp, getHdmiData, 1721] display sink type:1 [0:none, 1:sink, 2:repeater]
05-23 16:39:30.844 329 338 I SystemControl: [/DisplayMode.cpp, filterHdmiDispcap, 1398] before filtered HdmiDispcap: 480p60hz
05-23 16:39:30.844 329 338 I SystemControl: 720p60hz
05-23 16:39:30.844 329 338 I SystemControl: 1080i60hz
05-23 16:39:30.844 329 338 I SystemControl: 480i60hz
05-23 16:39:30.844 329 338 I SystemControl: 1080p60hz
05-23 16:39:30.844 329 338 I SystemControl: 576p50hz
05-23 16:39:30.844 329 338 I SystemControl: 720p50hz
05-23 16:39:30.844 329 338 I SystemControl: 1080i50hz
05-23 16:39:30.844 329 338 I SystemControl: 576i50hz
05-23 16:39:30.844 329 338 I SystemControl: 1080p50hz
05-23 16:39:30.844 329 338 I SystemControl: 2160p24hz
05-23 16:39:30.844 329 338 I SystemControl: 2160p25hz
05-23 16:39:30.844 329 338 I SystemControl: 2160p30hz
05-23 16:39:30.844 329 338 I SystemControl: 2160p50hz
