01-01 08:00:33.615 0 0 W : [2 T1165 .s] [SP FRAME TX] arp req,vif_idx:0 sender:[1c:79:2d:20:62:97 192.168.3.167]receiver:[00:00:00:00:00:00 192.168.3.156]
01-01 08:00:33.616 0 0 W : [2 T1165 .s] [SP FRAME TX] arp req,vif_idx:0 sender:[1c:79:2d:20:62:97 192.168.3.167]receiver:[00:00:00:00:00:00 192.168.3.158]
01-01 08:00:33.618 0 0 W : [2 T1165 .s] [SP FRAME TX] arp req,vif_idx:0 sender:[1c:79:2d:20:62:97 192.168.3.167]receiver:[00:00:00:00:00:00 192.168.3.163]
01-01 08:00:33.619 0 0 W : [2 T1165 .s] [SP FRAME TX] arp req,vif_idx:0 sender:[1c:79:2d:20:62:97 192.168.3.167]receiver:[00:00:00:00:00:00 192.168.3.164]
01-01 08:00:33.621 0 0 W : [2 T1165 .s] [SP FRAME TX] arp req,vif_idx:0 sender:[1c:79:2d:20:62:97 192.168.3.167]receiver:[00:00:00:00:00:00 192.168.3.165]
01-01 08:00:33.622 0 0 W : [2 T1165 .s] [SP FRAME TX] arp req,vif_idx:0 sender:[1c:79:2d:20:62:97 192.168.3.167]receiver:[00:00:00:00:00:00 192.168.3.168]
01-01 08:00:33.624 0 0 W : [2 T1165 .s] [SP FRAME TX] arp req,vif_idx:0 sender:[1c:79:2d:20:62:97 192.168.3.167]receiver:[00:00:00:00:00:00 192.168.3.169]
01-01 08:00:33.626 0 0 W : [2 T1165 .s] [SP FRAME TX] arp req,vif_idx:0 sender:[1c:79:2d:20:62:97 192.168.3.167]receiver:[00:00:00:00:00:00 192.168.3.171]
01-01 08:00:33.627 0 0 W : [2 T1165 .s] [SP FRAME TX] arp req,vif_idx:0 sender:[1c:79:2d:20:62:97 192.168.3.167]receiver:[00:00:00:00:00:00 192.168.3.174]
01-01 08:00:33.629 0 0 W : [2 T1165 .s] [SP FRAME TX] arp req,vif_idx:0 sender:[1c:79:2d:20:62:97 192.168.3.167]receiver:[00:00:00:00:00:00 192.168.3.175]
01-01 08:00:33.630 0 0 W : [2 T1165 .s] [SP FRAME TX] arp req,vif_idx:0 sender:[1c:79:2d:20:62:97 192.168.3.167]receiver:[00:00:00:00:00:00 192.168.3.178]
01-01 08:00:33.632 0 0 W : [2 T1165 .s] [SP FRAME TX] arp req,vif_idx:0 sender:[1c:79:2d:20:62:97 192.168.3.167]receiver:[00:00:00:00:00:00 192.168.3.180]
01-01 08:00:33.633 0 0 W : [2 T1165 .s] [SP FRAME TX] arp req,vif_idx:0 sender:[1c:79:2d:20:62:97 192.168.3.167]receiver:[00:00:00:00:00:00 192.168.3.181]
01-01 08:00:33.635 0 0 W : [2 T1165 .s] [SP FRAME TX] arp req,vif_idx:0 sender:[1c:79:2d:20:62:97 192.168.3.167]receiver:[00:00:00:00:00:00 192.168.3.182]
01-01 08:00:33.637 0 0 W : [2 T1165 .s] [SP FRAME TX] arp req,vif_idx:0 sender:[1c:79:2d:20:62:97 192.168.3.167]receiver:[00:00:00:00:00:00 192.168.3.185]
01-01 08:00:33.638 0 0 W : [2 T1165 .s] [SP FRAME TX] arp req,vif_idx:0 sender:[1c:79:2d:20:62:97 192.168.3.167]receiver:[00:00:00:00:00:00 192.168.3.186]
01-01 08:00:33.640 0 0 W : [2 T951 .s] [SP FRAME TX] arp req,vif_idx:0 sender:[1c:79:2d:20:62:97 192.168.3.167]receiver:[00:00:00:00:00:00 192.168.3.127]
01-01 08:00:33.641 0 0 W : [2 T951 .s] [SP FRAME TX] arp req,vif_idx:0 sender:[1c:79:2d:20:62:97 192.168.3.167]receiver:[00:00:00:00:00:00 192.168.3.129]
01-01 08:00:33.643 0 0 W : [2 T951 .s] [SP FRAME TX] arp req,vif_idx:0 sender:[1c:79:2d:20:62:97 192.168.3.167]receiver:[00:00:00:00:00:00 192.168.3.132]
01-01 08:00:33.644 0 0 W : [2 T951 .s] [SP FRAME TX] arp req,vif_idx:0 sender:[1c:79:2d:20:62:97 192.168.3.167]receiver:[00:00:00:00:00:00 192.168.3.133]
01-01 08:00:33.645 0 0 I [3 T688 ..] [snd-soc]: aml_audio_reset, reg 0xa, shift 9, use_vadtop 0
01-01 08:00:33.646 0 0 W : [2 T951 .s] [SP FRAME TX] arp req,vif_idx:0 sender:[1c:79:2d:20:62:97 192.168.3.167]receiver:[00:00:00:00:00:00 192.168.3.138]
01-01 08:00:33.647 0 0 I [3 T688 ..] [snd-soc]: aml_audio_reset, reg 0xa, shift 14, use_vadtop 0
01-01 08:00:33.648 0 0 W : [2 T951 .s] [SP FRAME TX] arp req,vif_idx:0 sender:[1c:79:2d:20:62:97 192.168.3.167]receiver:[00:00:00:00:00:00 192.168.3.141]
01-01 08:00:33.649 0 0 I [3 T688 ..] [hdmitx: ] hdmitx_audio_notify_callback[804] type:1 rate:3 size:1 chs:2 i2s_ch_mask:0 aud_src_if:1
01-01 08:00:33.651 0 0 W : [2 T951 .s] [SP FRAME TX] arp req,vif_idx:0 sender:[1c:79:2d:20:62:97 192.168.3.167]receiver:[00:00:00:00:00:00 192.168.3.143]
01-01 08:00:33.652 0 0 E [3 T688 ..] [hdmitx: ] *HDMITX_ERROR* audio chn msk, must larger than 0
01-01 08:00:33.655 0 0 I [2 T688 ..] [hdmitx: ] aout notify format CT_PCM
01-01 08:00:33.655 0 0 I [3 T688 ..] [hdmitx: ] set audio
01-01 08:00:33.656 0 0 I [3 T688 ..] [hdmitx: ] audio_param->chs = 1
01-01 08:00:33.657 0 0 I [3 T688 ..] [hdmitx: ] aud_src_if = 1
01-01 08:00:33.657 0 0 I [3 T688 ..] [hdmitx: ] set audio param
01-01 08:00:33.672 0 0 W : [2 T0 .s] [SP FRAME TX] arp req,vif_idx:0 sender:[1c:79:2d:20:62:97 192.168.3.167]receiver:[00:00:00:00:00:00 192.168.3.102]
01-01 08:00:33.673 0 0 W : [2 T0 .s] [SP FRAME TX] arp req,vif_idx:0 sender:[1c:79:2d:20:62:97 192.168.3.167]receiver:[00:00:00:00:00:00 192.168.3.107]
01-01 08:00:33.674 0 0 W : [2 T0 .s] [SP FRAME TX] arp req,vif_idx:0 sender:[1c:79:2d:20:62:97 192.168.3.167]receiver:[00:00:00:00:00:00 192.168.3.114]
01-01 08:00:33.676 0 0 W : [2 T0 .s] [SP FRAME TX] arp req,vif_idx:0 sender:[1c:79:2d:20:62:97 192.168.3.167]receiver:[00:00:00:00:00:00 192.168.3.119]
01-01 08:00:33.704 0 0 W : [2 T0 .s] [SP FRAME TX] arp req,vif_idx:0 sender:[1c:79:2d:20:62:97 192.168.3.167]receiver:[00:00:00:00:00:00 192.168.3.80]
01-01 08:00:33.705 0 0 W : [2 T0 .s] [SP FRAME TX] arp req,vif_idx:0 sender:[1c:79:2d:20:62:97 192.168.3.167]receiver:[00:00:00:00:00:00 192.168.3.81]
01-01 08:00:33.706 0 0 W : [2 T0 .s] [SP FRAME TX] arp req,vif_idx:0 sender:[1c:79:2d:20:62:97 192.168.3.167]receiver:[00:00:00:00:00:00 192.168.3.89]
01-01 08:00:33.708 0 0 W : [2 T0 .s] [SP FRAME TX] arp req,vif_idx:0 sender:[1c:79:2d:20:62:97 192.168.3.167]receiver:[00:00:00:00:00:00 192.168.3.92]
01-01 08:00:33.709 0 0 W : [2 T0 .s] [SP FRAME TX] arp req,vif_idx:0 sender:[1c:79:2d:20:62:97 192.168.3.167]receiver:[00:00:00:00:00:00 192.168.3.93]
01-01 08:00:33.711 0 0 W : [2 T0 .s] [SP FRAME TX] arp req,vif_idx:0 sender:[1c:79:2d:20:62:97 192.168.3.167]receiver:[00:00:00:00:00:00 192.168.3.96]
01-01 08:00:33.713 0 0 W : [2 T0 .s] [SP FRAME TX] arp req,vif_idx:0 sender:[1c:79:2d:20:62:97 192.168.3.167]receiver:[00:00:00:00:00:00 192.168.3.97]
01-01 08:00:34.057 0 0 W : [2 T948 ..] [SP FRAME RX] arp req,vif_idx:0 sender:[de:90:cb:50:92:8f 192.168.3.252]receiver:[00:00:00:00:00:00 192.168.3.167]
01-01 08:00:34.058 0 0 W : [2 T948 ..] [SP FRAME TX] arp rsp,vif_idx:0 sender:[1c:79:2d:20:62:97 192.168.3.167]receiver:[de:90:cb:50:92:8f 192.168.3.252]
01-01 08:00:34.078 0 0 W : [2 T948 ..] [SP FRAME RX] arp req,vif_idx:0 sender:[3a:fd:3d:ee:5f:54 192.168.3.118]receiver:[00:00:00:00:00:00 192.168.3.167]
01-01 08:00:34.079 0 0 W : [2 T948 ..] [SP FRAME TX] arp rsp,vif_idx:0 sender:[1c:79:2d:20:62:97 192.168.3.167]receiver:[3a:fd:3d:ee:5f:54 192.168.3.118]
01-01 08:00:34.081 0 0 W : [2 T948 ..] [SP FRAME RX] arp req,vif_idx:0 sender:[02:18:5d:1c:ad:fa 192.168.3.19]receiver:[00:00:00:00:00:00 192.168.3.167]
01-01 08:00:34.082 0 0 W : [2 T948 ..] [SP FRAME TX] arp rsp,vif_idx:0 sender:[1c:79:2d:20:62:97 192.168.3.167]receiver:[02:18:5d:1c:ad:fa 192.168.3.19]
01-01 08:00:34.135 0 0 W : [2 T948 ..] [SP FRAME RX] arp req,vif_idx:0 sender:[4c:6b:b8:99:cd:e4 192.168.3.205]receiver:[00:00:00:00:00:00 192.168.3.167]
01-01 08:00:34.136 0 0 W : [2 T948 ..] [SP FRAME TX] arp rsp,vif_idx:0 sender:[1c:79:2d:20:62:97 192.168.3.167]receiver:[4c:6b:b8:99:cd:e4 192.168.3.205]
01-01 08:00:34.137 0 0 W : [2 T948 ..] [SP FRAME RX] arp req,vif_idx:0 sender:[20:57:9e:67:7f:db 192.168.3.248]receiver:[00:00:00:00:00:00 192.168.3.167]
01-01 08:00:34.139 0 0 W : [2 T948 ..] [SP FRAME TX] arp rsp,vif_idx:0 sender:[1c:79:2d:20:62:97 192.168.3.167]receiver:[20:57:9e:67:7f:db 192.168.3.248]
01-01 08:00:34.150 0 0 W : [2 T948 ..] [SP FRAME RX] arp req,vif_idx:0 sender:[c0:e3:50:10:d6:46 192.168.3.183]receiver:[00:00:00:00:00:00 192.168.3.167]
01-01 08:00:34.151 0 0 W : [2 T948 ..] [SP FRAME TX] arp rsp,vif_idx:0 sender:[1c:79:2d:20:62:97 192.168.3.167]receiver:[c0:e3:50:10:d6:46 192.168.3.183]
01-01 08:00:34.153 0 0 W : [2 T948 ..] [SP FRAME RX] arp req,vif_idx:0 sender:[26:3b:39:2a:ea:db 192.168.3.69]receiver:[00:00:00:00:00:00 192.168.3.167]
01-01 08:00:34.155 0 0 W : [2 T948 ..] [SP FRAME TX] arp rsp,vif_idx:0 sender:[1c:79:2d:20:62:97 192.168.3.167]receiver:[26:3b:39:2a:ea:db 192.168.3.69]
01-01 08:00:34.156 0 0 W : [2 T948 ..] [SP FRAME RX] arp req,vif_idx:0 sender:[c2:07:3d:a6:ee:3e 192.168.3.116]receiver:[00:00:00:00:00:00 192.168.3.167]
01-01 08:00:34.158 0 0 W : [2 T948 ..] [SP FRAME TX] arp rsp,vif_idx:0 sender:[1c:79:2d:20:62:97 192.168.3.167]receiver:[c2:07:3d:a6:ee:3e 192.168.3.116]
01-01 08:00:34.173 0 0 W : [2 T948 ..] [SP FRAME RX] arp req,vif_idx:0 sender:[4c:6b:b8:99:ce:34 192.168.3.68]receiver:[00:00:00:00:00:00 192.168.3.167]
01-01 08:00:34.174 0 0 W : [2 T948 ..] [SP FRAME TX] arp rsp,vif_idx:0 sender:[1c:79:2d:20:62:97 192.168.3.167]receiver:[4c:6b:b8:99:ce:34 192.168.3.68]
01-01 08:00:34.176 0 0 W : [2 T948 ..] [SP FRAME RX] arp req,vif_idx:0 sender:[16:d0:ac:cd:07:4e 192.168.3.103]receiver:[00:00:00:00:00:00 192.168.3.167]
01-01 08:00:34.177 0 0 W : [2 T948 ..] [SP FRAME TX] arp rsp,vif_idx:0 sender:[1c:79:2d:20:62:97 192.168.3.167]receiver:[16:d0:ac:cd:07:4e 192.168.3.103]
01-01 08:00:34.179 0 0 W : [2 T948 ..] [SP FRAME RX] arp req,vif_idx:0 sender:[44:37:0b:0d:07:cd 192.168.3.234]receiver:[00:00:00:00:00:00 192.168.3.167]
01-01 08:00:34.180 0 0 W : [2 T948 ..] [SP FRAME TX] arp rsp,vif_idx:0 sender:[1c:79:2d:20:62:97 192.168.3.167]receiver:[44:37:0b:0d:07:cd 192.168.3.234]
01-01 08:00:34.182 0 0 W : [2 T948 ..] [SP FRAME RX] arp req,vif_idx:0 sender:[4e:df:ee:48:4b:63 192.168.3.151]receiver:[00:00:00:00:00:00 192.168.3.167]
01-01 08:00:34.183 0 0 W : [2 T948 ..] [SP FRAME TX] arp rsp,vif_idx:0 sender:[1c:79:2d:20:62:97 192.168.3.167]receiver:[4e:df:ee:48:4b:63 192.168.3.151]
01-01 08:00:34.185 0 0 W : [2 T948 ..] [SP FRAME RX] arp req,vif_idx:0 sender:[42:f0:95:73:53:48 192.168.3.101]receiver:[00:00:00:00:00:00 192.168.3.167]
01-01 08:00:34.186 0 0 W : [2 T948 ..] [SP FRAME TX] arp rsp,vif_idx:0 sender:[1c:79:2d:20:62:97 192.168.3.167]receiver:[42:f0:95:73:53:48 192.168.3.101]
01-01 08:00:34.193 0 0 W : [2 T948 ..] [SP FRAME RX] arp req,vif_idx:0 sender:[c2:cc:66:a5:97:10 192.168.3.153]receiver:[00:00:00:00:00:00 192.168.3.167]
01-01 08:00:34.194 0 0 W : [2 T948 ..] [SP FRAME TX] arp rsp,vif_idx:0 sender:[1c:79:2d:20:62:97 192.168.3.167]receiver:[c2:cc:66:a5:97:10 192.168.3.153]
01-01 08:00:34.217 0 0 W : [2 T948 ..] [SP FRAME RX] arp req,vif_idx:0 sender:[b4:2f:03:15:e9:0b 192.168.3.11]receiver:[00:00:00:00:00:00 192.168.3.167]
01-01 08:00:34.217 0 0 W : [2 T948 ..] [SP FRAME TX] arp rsp,vif_idx:0 sender:[1c:79:2d:20:62:97 192.168.3.167]receiver:[b4:2f:03:15:e9:0b 192.168.3.11]
01-01 08:00:34.224 0 0 W : [2 T948 ..] [SP FRAME RX] arp req,vif_idx:0 sender:[86:c4:12:e3:5b:28 192.168.3.161]receiver:[00:00:00:00:00:00 192.168.3.167]
01-01 08:00:34.225 0 0 W : [2 T948 ..] [SP FRAME TX] arp rsp,vif_idx:0 sender:[1c:79:2d:20:62:97 192.168.3.167]receiver:[86:c4:12:e3:5b:28 192.168.3.161]
01-01 08:00:34.229 0 0 W : [2 T948 ..] [SP FRAME RX] arp req,vif_idx:0 sender:[2e:18:a1:71:f0:39 192.168.3.86]receiver:[00:00:00:00:00:00 192.168.3.167]
01-01 08:00:34.230 0 0 W : [2 T948 ..] [SP FRAME TX] arp rsp,vif_idx:0 sender:[1c:79:2d:20:62:97 192.168.3.167]receiver:[2e:18:a1:71:f0:39 192.168.3.86]
01-01 08:00:34.256 0 0 W : [2 T948 ..] [SP FRAME RX] arp req,vif_idx:0 sender:[42:87:91:b7:6d:20 192.168.3.226]receiver:[00:00:00:00:00:00 192.168.3.167]
01-01 08:00:34.257 0 0 W : [2 T948 ..] [SP FRAME TX] arp rsp,vif_idx:0 sender:[1c:79:2d:20:62:97 192.168.3.167]receiver:[42:87:91:b7:6d:20 192.168.3.226]
01-01 08:00:34.347 0 0 W : [2 T948 ..] [SP FRAME RX] arp req,vif_idx:0 sender:[a6:8b:d2:cd:fe:9a 192.168.3.162]receiver:[00:00:00:00:00:00 192.168.3.167]
01-01 08:00:34.348 0 0 W : [2 T948 ..] [SP FRAME TX] arp rsp,vif_idx:0 sender:[1c:79:2d:20:62:97 192.168.3.167]receiver:[a6:8b:d2:cd:fe:9a 192.168.3.162]
01-01 08:00:34.352 0 0 W : [2 T948 ..] [SP FRAME RX] arp req,vif_idx:0 sender:[0c:91:60:12:cd:da 192.168.3.221]receiver:[00:00:00:00:00:00 192.168.3.167]
01-01 08:00:34.353 0 0 W : [2 T948 ..] [SP FRAME TX] arp rsp,vif_idx:0 sender:[1c:79:2d:20:62:97 192.168.3.167]receiver:[0c:91:60:12:cd:da 192.168.3.221]
01-01 08:00:34.358 0 0 W : [2 T948 ..] [SP FRAME RX] arp req,vif_idx:0 sender:[32:d3:91:86:95:7c 192.168.3.134]receiver:[00:00:00:00:00:00 192.168.3.167]
01-01 08:00:34.359 0 0 W : [2 T948 ..] [SP FRAME TX] arp rsp,vif_idx:0 sender:[1c:79:2d:20:62:97 192.168.3.167]receiver:[32:d3:91:86:95:7c 192.168.3.134]
01-01 08:00:34.469 0 0 W : [2 T948 ..] [SP FRAME RX] arp req,vif_idx:0 sender:[1a:8c:ec:ac:60:cb 192.168.3.43]receiver:[00:00:00:00:00:00 192.168.3.167]
01-01 08:00:34.470 0 0 W : [2 T948 ..] [SP FRAME TX] arp rsp,vif_idx:0 sender:[1c:79:2d:20:62:97 192.168.3.167]receiver:[1a:8c:ec:ac:60:cb 192.168.3.43]
05-23 09:26:48.105 732 829 D ActivityManager: freezing 1465 com.android.music
01-01 08:00:34.864 0 0 W [3 T2259 ..] audit: audit_lost=140 audit_rate_limit=5 audit_backlog_limit=64
01-01 08:00:34.864 0 0 E [3 T2259 ..] audit: rate limit exceeded
01-01 08:00:34.879 0 0 W : [3 T948 ..] [SP FRAME RX] arp req,vif_idx:0 sender:[c2:07:3d:a6:ee:3e 192.168.3.116]receiver:[00:00:00:00:00:00 192.168.3.167]
01-01 08:00:34.880 0 0 W : [3 T948 ..] [SP FRAME TX] arp rsp,vif_idx:0 sender:[1c:79:2d:20:62:97 192.168.3.167]receiver:[c2:07:3d:a6:ee:3e 192.168.3.116]
05-23 09:26:49.246 732 787 W BroadcastLoopers: Found previously unknown looper Thread[PackageManager,5,main]
05-23 09:26:49.270 732 763 W BroadcastLoopers: Found previously unknown looper Thread[android.bg,5,main]
05-23 09:26:49.275 732 763 W VoiceInteractionManager: no available voice recognition services found for user 0
05-23 09:26:49.383 732 808 D CompatibilityChangeReporter: Compat change id reported: 161145287; UID 10065; state: ENABLED
05-23 09:26:49.652 732 732 W NotificationHistory: Attempted to add notif for locked/gone/disabled user 0
05-23 09:26:50.123 732 1018 D CompatibilityChangeReporter: Compat change id reported: 161145287; UID 10043; state: DISABLED
05-23 09:26:50.134 732 763 D OomAdjuster: Not killing cached processes
01-01 08:00:36.992 0 0 W : [3 T948 ..] [SP FRAME RX] arp req,vif_idx:0 sender:[e0:ba:ad:3a:be:9a 192.168.3.66]receiver:[00:00:00:00:00:00 192.168.3.167]
01-01 08:00:36.993 0 0 W : [3 T948 ..] [SP FRAME TX] arp rsp,vif_idx:0 sender:[1c:79:2d:20:62:97 192.168.3.167]receiver:[e0:ba:ad:3a:be:9a 192.168.3.66]
01-01 08:00:37.015 0 0 W : [3 T948 ..] [SP FRAME RX] arp req,vif_idx:0 sender:[fa:ff:42:eb:c0:04 192.168.3.9]receiver:[00:00:00:00:00:00 192.168.3.167]
01-01 08:00:37.015 0 0 W : [3 T948 ..] [SP FRAME TX] arp rsp,vif_idx:0 sender:[1c:79:2d:20:62:97 192.168.3.167]receiver:[fa:ff:42:eb:c0:04 192.168.3.9]
01-01 08:00:37.152 0 0 W : [3 T948 ..] [SP FRAME RX] arp req,vif_idx:0 sender:[2e:b8:3b:16:08:4f 192.168.3.157]receiver:[00:00:00:00:00:00 192.168.3.167]
01-01 08:00:37.153 0 0 W : [3 T948 ..] [SP FRAME TX] arp rsp,vif_idx:0 sender:[1c:79:2d:20:62:97 192.168.3.167]receiver:[2e:b8:3b:16:08:4f 192.168.3.157]
01-01 08:00:37.188 0 0 W : [3 T948 ..] [SP FRAME RX] arp req,vif_idx:0 sender:[b2:33:fc:c9:ef:d5 192.168.3.223]receiver:[00:00:00:00:00:00 192.168.3.167]
01-01 08:00:37.189 0 0 W : [3 T948 ..] [SP FRAME TX] arp rsp,vif_idx:0 sender:[1c:79:2d:20:62:97 192.168.3.167]receiver:[b2:33:fc:c9:ef:d5 192.168.3.223]
01-01 08:00:37.211 0 0 W : [3 T948 ..] [SP FRAME RX] arp req,vif_idx:0 sender:[b6:b0:0e:25:f7:84 192.168.3.82]receiver:[00:00:00:00:00:00 192.168.3.167]
01-01 08:00:37.212 0 0 W : [3 T948 ..] [SP FRAME TX] arp rsp,vif_idx:0 sender:[1c:79:2d:20:62:97 192.168.3.167]receiver:[b6:b0:0e:25:f7:84 192.168.3.82]
01-01 08:00:37.235 0 0 W : [3 T948 ..] [SP FRAME RX] arp req,vif_idx:0 sender:[54:92:09:3f:ed:bb 192.168.3.172]receiver:[00:00:00:00:00:00 192.168.3.167]
01-01 08:00:37.236 0 0 W : [3 T948 ..] [SP FRAME TX] arp rsp,vif_idx:0 sender:[1c:79:2d:20:62:97 192.168.3.167]receiver:[54:92:09:3f:ed:bb 192.168.3.172]
01-01 08:00:37.548 0 0 W : [3 T948 ..] [SP FRAME RX] arp req,vif_idx:0 sender:[4e:20:74:a0:16:5d 192.168.3.244]receiver:[00:00:00:00:00:00 192.168.3.167]
01-01 08:00:37.549 0 0 W : [3 T948 ..] [SP FRAME TX] arp rsp,vif_idx:0 sender:[1c:79:2d:20:62:97 192.168.3.167]receiver:[4e:20:74:a0:16:5d 192.168.3.244]
01-01 08:00:37.719 0 0 W : [3 T948 ..] [SP FRAME RX] arp req,vif_idx:0 sender:[1a:c7:63:a3:06:ca 192.168.3.137]receiver:[00:00:00:00:00:00 192.168.3.167]
01-01 08:00:37.720 0 0 W : [3 T948 ..] [SP FRAME TX] arp rsp,vif_idx:0 sender:[1c:79:2d:20:62:97 192.168.3.167]receiver:[1a:c7:63:a3:06:ca 192.168.3.137]
01-01 08:00:37.779 0 0 W : [3 T948 ..] [SP FRAME RX] arp req,vif_idx:0 sender:[98:f1:12:30:b3:31 192.168.3.126]receiver:[00:00:00:00:00:00 192.168.3.167]
01-01 08:00:37.780 0 0 W : [3 T948 ..] [SP FRAME TX] arp rsp,vif_idx:0 sender:[1c:79:2d:20:62:97 192.168.3.167]receiver:[98:f1:12:30:b3:31 192.168.3.126]
01-01 08:00:37.901 0 0 W : [3 T948 ..] [SP FRAME RX] arp req,vif_idx:0 sender:[02:91:37:fc:9e:f6 192.168.3.105]receiver:[00:00:00:00:00:00 192.168.3.167]
01-01 08:00:37.902 0 0 W : [3 T948 ..] [SP FRAME TX] arp rsp,vif_idx:0 sender:[1c:79:2d:20:62:97 192.168.3.167]receiver:[02:91:37:fc:9e:f6 192.168.3.105]
01-01 08:00:37.953 0 0 W : [3 T948 ..] [SP FRAME RX] arp req,vif_idx:0 sender:[54:d6:0d:ac:40:f5 192.168.3.83]receiver:[00:00:00:00:00:00 192.168.3.167]
01-01 08:00:37.954 0 0 W : [3 T948 ..] [SP FRAME TX] arp rsp,vif_idx:0 sender:[1c:79:2d:20:62:97 192.168.3.167]receiver:[54:d6:0d:ac:40:f5 192.168.3.83]
01-01 08:00:38.020 0 0 W : [3 T948 ..] [SP FRAME RX] arp req,vif_idx:0 sender:[be:a5:e7:f2:9c:e1 192.168.3.94]receiver:[00:00:00:00:00:00 192.168.3.167]
01-01 08:00:38.021 0 0 W : [3 T948 ..] [SP FRAME TX] arp rsp,vif_idx:0 sender:[1c:79:2d:20:62:97 192.168.3.167]receiver:[be:a5:e7:f2:9c:e1 192.168.3.94]
01-01 08:00:38.913 0 0 W : [0 T1016 ..] >>> aml_cfg80211_set_power_mgmt()
01-01 08:00:38.913 0 0 W : [0 T1016 ..] [aml_send_me_set_ps_mode 2111] set power save mode:0
01-01 08:00:38.913 0 0 W : [0 T1016 ..] >>> aml_send_msg()
01-01 08:00:38.915 0 0 W : [1 T947 ..] ipc_sdio_host_msgack_handler 00000000de0dfdce
01-01 08:00:38.916 0 0 W : [1 T947 ..] [aml_msgackind 2038] msg ack hostid=0xffffff8081a3e100
01-01 08:00:38.917 0 0 W : [1 T947 ..] [cmd_mgr_llind 329] cmd tkn[31] flags:001a result: -4 cmd:5139-ME_SET_PS_MODE_REQ - reqcfm(5140-ME_SET_PS_MODE_CFM)
01-01 08:00:38.918 0 0 W : [1 T947 ..] [cmd_mgr_msgind 409] cmd tkn[31] flags:0012 result: -4 cmd:5139-ME_SET_PS_MODE_REQ - reqcfm(5140-ME_SET_PS_MODE_CFM)
01-01 08:00:38.920 0 0 W : [1 T947 ..] [cmd_complete 65] cmd tkn[31] flags:0002 result: -4 cmd:5139-ME_SET_PS_MODE_REQ - reqcfm(5140-ME_SET_PS_MODE_CFM)
01-01 08:00:39.053 0 0 I [0 T150 ..] [hdmitx: ] UTC+0 2025-05-23 01:26:52 HPD HIGH
01-01 08:00:39.560 0 0 I [0 T405 ..] [hdmitx: ] system: plugin
01-01 08:00:39.561 0 0 I [1 T405 ..] [hdmitx: ] plugin sequence id: 4294902184
01-01 08:00:39.598 0 0 I [2 T405 ..] cec: [hdmitx_notify_callback] unsupported notify:3
01-01 08:00:39.598 0 0 W : [2 T405 ..] [RX]-up_phy_addr = 3
01-01 08:00:39.599 0 0 I [2 T405 ..] [hdmitx: ] edid: blk0 raw data
01-01 08:00:39.600 0 0 I [2 T405 ..] [hdmitx: ] 00ffffffffffff0061a44a00010000000d1d0103807a45780acf74a3574cb02309484c2108008180454061409500010101010101010108e80030f2705a80b058
01-01 08:00:39.600 0 0 I : [2 T405 ..] 8a00c48e2100001e023a801871382d40582c4500c48e2100001e000000fc004d692054560a20202020202020000000fd003b461f8c3c000a2020202020200188
01-01 08:00:39.603 0 0 I [2 T405 ..] [hdmitx: ] edid: blk1 raw data
01-01 08:00:39.604 0 0 I [2 T405 ..] [hdmitx: ] 02035df25901020384050607901112131415161f5d5e5f606162636465662f0907051507503d07c05707005f7e01830100006e030c003000b83c2f0080010203
01-01 08:00:39.604 0 0 I : [2 T405 ..] 0467d85dc401788803e305c301e50f00008c01e3060501e5018b8490018c0ad08a20e02d10103e9600c48e210000180000000000000000000000000000000054
05-23 09:26:53.030 732 839 V WindowManager: app ------------- force_land :0
05-23 09:26:53.039 732 732 D HDMI : Hotplug event:[port:0, connected:true]
01-01 08:00:39.608 0 0 I : [2 T405 ..] [drm] drm hdmitx hpd notify
01-01 08:00:39.625 0 0 I [0 T358 ..] vc: [0]get capability: min 64 64; max 4096 2160
01-01 08:00:39.625 0 0 I [0 T358 ..] vc: [1]get capability: min 64 64; max 2048 1080
01-01 08:00:39.642 0 0 W [2 T338 ..] audit: audit_lost=145 audit_rate_limit=5 audit_backlog_limit=64
01-01 08:00:39.642 0 0 E [2 T338 ..] audit: rate limit exceeded
05-23 09:26:53.057 732 732 D HDMI : initPortInfo port info:port_id: 0, type: HDMI_OUT, address: 0x3000, cec: true, arc: true, mhl: false, earc: false
05-23 09:26:53.063 732 891 D AudioService: setWiredDeviceConnectionState( type:400 state:DEVICE_STATE_AVAILABLE addr: name:) from android
05-23 09:26:53.064 732 891 I AS.AudioDeviceInventory: handleDeviceConnection(true dev:400 address: name:)
05-23 09:26:53.064 732 891 I AS.AudioDeviceInventory: deviceKey:0x400:
05-23 09:26:53.064 732 891 I AS.AudioDeviceInventory: deviceInfo:null is(already)Connected:false
01-01 08:00:39.651 0 0 I [2 T688 ..] audio_ddr_mngr: frddrs[1] released by device fe330000.audiobus:spdif@0
01-01 08:00:39.652 0 0 D [2 T688 ..] [snd-soc]: spdif_a is set to disable
01-01 08:00:39.652 0 0 I [2 T688 ..] [snd-soc]: aml_audio_reset, reg 0xa, shift 9, use_vadtop 0
01-01 08:00:39.653 0 0 I [2 T688 ..] [snd-soc]: aml_audio_reset, reg 0xa, shift 14, use_vadtop 0
01-01 08:00:39.654 0 0 I [2 T688 ..] [snd-soc]: hdmitx src switch to spdif 0
01-01 08:00:39.654 0 0 I [2 T688 ..] [snd-soc]: sharebuffer_spdifout_prepare get_hdmitx_audio_src(rtd->card):0 spdif_id:0
01-01 08:00:39.656 0 0 I [2 T688 ..] [hdmitx: ] hdmitx_audio_notify_callback[804] type:1 rate:0 size:0 chs:0 i2s_ch_mask:0 aud_src_if:0
01-01 08:00:39.657 0 0 E [2 T688 ..] [hdmitx: ] *HDMITX_ERROR* audio chn setting, must be 2, 4, 6 or 8, Rst as def
01-01 08:00:39.658 0 0 I [2 T688 ..] [hdmitx: ] aout notify format CT_PCM
01-01 08:00:39.659 0 0 I [2 T688 ..] [hdmitx: ] set audio
01-01 08:00:39.659 0 0 I [2 T688 ..] [hdmitx: ] audio_param->chs = -1
01-01 08:00:39.660 0 0 I [2 T688 ..] [hdmitx: ] aud_src_if = 0
01-01 08:00:39.661 0 0 I [2 T688 ..] [hdmitx: ] set audio param
01-01 08:00:39.661 0 0 D [2 T688 ..] [snd-soc]: spdif_a fifo ctrl, frddr:0 type:1, 16 bits, chmask 0x3, swap 0x10
01-01 08:00:39.661 0 0 I [2 T688 ..] [hdmitx: ] hdmitx_audio_notify_callback[804] type:1 rate:3 size:1 chs:2 i2s_ch_mask:1 aud_src_if:0
01-01 08:00:39.663 0 0 I [2 T688 ..] [hdmitx: ] aout notify format CT_PCM
01-01 08:00:39.663 0 0 I [2 T688 ..] [hdmitx: ] set audio
01-01 08:00:39.664 0 0 I [2 T688 ..] [hdmitx: ] audio_param->chs = 1
01-01 08:00:39.665 0 0 I [2 T688 ..] [hdmitx: ] aud_src_if = 0
01-01 08:00:39.665 0 0 I [2 T688 ..] [hdmitx: ] set audio param
01-01 08:00:39.669 0 0 D [2 T688 ..] [snd-soc]: spdif_a is set to enable
01-01 08:00:39.691 0 0 I [0 T358 ..] [hdmitx: ] avmute_store 1
01-01 08:00:39.700 0 0 I [2 T688 ..] audio_ddr_mngr: frddrs[1] registered by device fe330000.audiobus:spdif@1
01-01 08:00:39.701 0 0 I [2 T688 ..] [hdmitx: ] hdmitx_audio_notify_callback[804] type:1 rate:0 size:0 chs:0 i2s_ch_mask:0 aud_src_if:0
01-01 08:00:39.702 0 0 E [2 T688 ..] [hdmitx: ] *HDMITX_ERROR* audio chn setting, must be 2, 4, 6 or 8, Rst as def
01-01 08:00:39.703 0 0 I [2 T688 ..] [hdmitx: ] aout notify format CT_PCM
01-01 08:00:39.704 0 0 I [2 T688 ..] [hdmitx: ] set audio
01-01 08:00:39.705 0 0 I [2 T688 ..] [hdmitx: ] audio_param->chs = -1
01-01 08:00:39.705 0 0 I [2 T688 ..] [hdmitx: ] aud_src_if = 0
01-01 08:00:39.706 0 0 I [2 T688 ..] [hdmitx: ] set audio param
01-01 08:00:39.707 0 0 I [2 T688 ..] [hdmitx: ] hdmitx_audio_notify_callback[804] type:1 rate:0 size:0 chs:0 i2s_ch_mask:0 aud_src_if:0
01-01 08:00:39.708 0 0 E [2 T688 ..] [hdmitx: ] *HDMITX_ERROR* audio chn setting, must be 2, 4, 6 or 8, Rst as def
01-01 08:00:39.709 0 0 I [2 T688 ..] [hdmitx: ] aout notify format CT_PCM
01-01 08:00:39.710 0 0 I [2 T688 ..] [hdmitx: ] set audio
01-01 08:00:39.710 0 0 I [2 T688 ..] [hdmitx: ] audio_param->chs = -1
01-01 08:00:39.711 0 0 I [2 T688 ..] [hdmitx: ] aud_src_if = 0
01-01 08:00:39.711 0 0 D [0 T693 ..] [snd-soc]: spdif_a is set to disable
01-01 08:00:39.712 0 0 I [2 T688 ..] [hdmitx: ] set audio param
01-01 08:00:39.712 0 0 I [2 T688 ..] [hdmitx: ] hdmitx_audio_notify_callback[804] type:10 rate:3 size:1 chs:2 i2s_ch_mask:1 aud_src_if:0
01-01 08:00:39.713 0 0 I [2 T688 ..] [hdmitx: ] aout notify format CT_DOLBY_D
01-01 08:00:39.714 0 0 I [2 T688 ..] [hdmitx: ] set audio
01-01 08:00:39.715 0 0 I [2 T688 ..] [hdmitx: ] audio_param->chs = 1
01-01 08:00:39.715 0 0 I [2 T688 ..] [hdmitx: ] aud_src_if = 0
01-01 08:00:39.716 0 0 I [2 T688 ..] [hdmitx: ] set audio param
01-01 08:00:39.717 0 0 D [2 T688 ..] [snd-soc]: aml_spdif_fifo_ctrl, bit depth:16, frddr type:1, toddr:type:1
01-01 08:00:39.718 0 0 I [2 T688 ..] [snd-soc]: release_spdif_same_src(), 1039 src sel 3
01-01 08:00:39.718 0 0 I [2 T688 ..] [snd-soc]: ss_free() samesrc 3, lvl 1
01-01 08:00:39.719 0 0 I [2 T688 ..] audio_ddr_mngr: frddrs[2] registered by device fe330000.audiobus:spdif@0
01-01 08:00:39.720 0 0 D [2 T688 ..] [snd-soc]: aml_spdif_fifo_ctrl, bit depth:16, frddr type:1, toddr:type:1
01-01 08:00:39.723 0 0 I [2 T688 ..] [snd-soc]: aml_audio_reset, reg 0xa, shift 9, use_vadtop 0
01-01 08:00:39.723 0 0 I [2 T688 ..] [snd-soc]: aml_audio_reset, reg 0xa, shift 14, use_vadtop 0
05-23 09:26:53.154 732 764 I ActivityManager: Skip zero pid ANR, process=WebViewLoader-armeabi-v7a
01-01 08:00:39.754 0 0 I : [3 T358 ..] [drm] build_hdmitx_attr_str:420,10bit = 3+10
01-01 08:00:39.755 0 0 I : [3 T358 ..] [drm] am_meson_crtc_atomic_disable-[0]:in
01-01 08:00:39.755 0 0 I : [3 T358 ..]
01-01 08:00:39.755 0 0 I [3 T358 ..] vdac_enable: 0, module_sel:0x8, private_flag:0x8
01-01 08:00:39.756 0 0 I [3 T358 ..] cvbsout: cvbs_vdac_output: 0
01-01 08:00:39.757 0 0 I : [3 T358 ..] [drm] am_meson_crtc_atomic_enable-[0] in: new[smpte60hz], old[576cvbs], vmode[4-4], uboot[0]
01-01 08:00:39.758 0 0 I : [3 T358 ..] [drm] am_meson_crtc_atomic_enable-[0]: enable mode smpte60hz final vmode 0
01-01 08:00:39.761 0 0 I [1 T358 ..] [hdmitx: ] set21_s7d_htxpll_clk_out[96] htxpll vco 3712500 div 1
01-01 08:00:39.761 0 0 I [1 T358 ..] [hdmitx: ] pll_od0 = 0, pll_od2 = 0, pll_od1 = 1
01-01 08:00:39.762 0 0 I [1 T358 ..] [hdmitx: ] clocks_set_vid_clk_div_for_hdmi[402] div = 8
01-01 08:00:39.763 0 0 I [1 T358 ..] [hdmitx: ] configure venc
01-01 08:00:39.763 0 0 I [1 T358 ..] [hdmitx: ] config_tv_enc_calc[63] vic = 102
01-01 08:00:39.764 0 0 I [1 T358 ..] [hdmitx: ] hdmitx_soft_reset[1261]
01-01 08:00:39.765 0 0 I [1 T358 ..] [hdmitx: ] config hdmitx IP vic = 102 cd:5 cs: 3
01-01 08:00:39.766 0 0 I [1 T358 ..] [hdmitx: ] configure hdmitx21
01-01 08:00:39.769 0 0 I [0 T358 dh] [hdmitx: ] hdmitx_set_drm_pkt: tf=1, cf=1, colormetry=0
01-01 08:00:39.769 0 0 I [0 T358 dh] [hdmitx: ] hdmitx_set_drm_pkt: hdr.sdr pkt sent
01-01 08:00:39.770 0 0 I [0 T358 ..] [hdmitx: ] hdmitx_set_dispmode[1527] frl_rate 0 htotal 4400 cs 3 cd 5 h_unstable 0
05-23 09:26:53.231 732 910 D HDMI : New logical address for device [4]: [preferred:4, assigned:4]
01-01 08:00:39.812 0 0 I [3 T358 ..] [hdmitx: ] set21_phy_by_mode_s7d[188] rterm = 7
01-01 08:00:39.813 0 0 I [0 T358 ..] [hdmitx: ] Sink is HDMI device
01-01 08:00:39.813 0 0 I [0 T358 ..] [hdmitx: ] clear vsif for non-4k mode.
01-01 08:00:39.814 0 0 I [0 T358 d.] [hdmitx: ] hdmitx_set_drm_pkt: hdr.sdr pkt sent
01-01 08:00:39.815 0 0 I [0 T358 ..] [hdmitx: ] set audio
01-01 08:00:39.815 0 0 I [0 T358 ..] [hdmitx: ] audio_param->chs = 1
01-01 08:00:39.816 0 0 I [0 T358 ..] [hdmitx: ] aud_src_if = 0
01-01 08:00:39.817 0 0 I [0 T358 ..] [hdmitx: ] aud_n_para = 20480
01-01 08:00:39.817 0 0 I [0 T358 ..] [hdmitx: ] vinfo: set cur_enc_ppc as 1, vpp color: 0
01-01 08:00:39.819 0 0 I [0 T492 dh] [hdmitx: ] hdmitx_set_drm_pkt: tf=16, cf=9, colormetry=0
01-01 08:00:39.819 0 0 I [0 T492 dh] [hdmitx: ] hdmitx_set_drm_pkt: VID_MUTE
01-01 08:00:39.820 0 0 I [0 T492 dh] [hdmitx: ] SDR->HDR enter mute
01-01 08:00:39.821 0 0 I [2 T688 ..] [snd-soc]: aml_audio_reset, reg 0xa, shift 9, use_vadtop 0
01-01 08:00:39.821 0 0 I [2 T688 ..] [snd-soc]: aml_audio_reset, reg 0xa, shift 14, use_vadtop 0
01-01 08:00:39.823 0 0 I [0 T94 ..] [hdmitx: ] vid mute 20 frames before play hdr/hlg video
01-01 08:00:39.824 0 0 I [2 T688 ..] [hdmitx: ] hdmitx_audio_notify_callback[804] type:1 rate:0 size:0 chs:0 i2s_ch_mask:0 aud_src_if:0
01-01 08:00:39.824 0 0 I [0 T358 ..] DOLBY: vout_notify_callback: VOUT_EVENT_MODE_CHANGE
01-01 08:00:39.825 0 0 E [2 T688 ..] [hdmitx: ] *HDMITX_ERROR* audio chn setting, must be 2, 4, 6 or 8, Rst as def
01-01 08:00:39.825 0 0 I [2 T688 ..] [hdmitx: ] aout notify format CT_PCM
01-01 08:00:39.825 0 0 I [2 T688 ..] [hdmitx: ] set audio
01-01 08:00:39.825 0 0 I [2 T688 ..] [hdmitx: ] audio_param->chs = -1
01-01 08:00:39.825 0 0 I [2 T688 ..] [hdmitx: ] aud_src_if = 0
01-01 08:00:39.826 0 0 I : [0 T358 ..] vsync_pts_inc 1500 1/60
01-01 08:00:39.827 0 0 I [2 T688 ..] [hdmitx: ] aud_n_para = 5120
01-01 08:00:39.827 0 0 I [2 T688 ..] [hdmitx: ] set audio param
01-01 08:00:39.830 0 0 I : [0 T358 ..] [drm] meson_vout_update_mode_name: hdmitx update vout 1 name smpte60hz.
01-01 08:00:39.830 0 0 I [2 T688 ..] [hdmitx: ] hdmitx_audio_notify_callback[804] type:10 rate:3 size:1 chs:2 i2s_ch_mask:1 aud_src_if:0
01-01 08:00:39.834 0 0 I [2 T688 ..] [hdmitx: ] aout notify format CT_DOLBY_D
01-01 08:00:39.835 0 0 I [2 T688 ..] [hdmitx: ] set audio
01-01 08:00:39.835 0 0 I [2 T688 ..] [hdmitx: ] audio_param->chs = 1
01-01 08:00:39.836 0 0 I [2 T688 ..] [hdmitx: ] aud_src_if = 0
01-01 08:00:39.836 0 0 I : [0 T884 dh] vout changed: 720x288->4096x2160
01-01 08:00:39.836 0 0 I [2 T688 ..] [hdmitx: ] aud_n_para = 20480
01-01 08:00:39.838 0 0 I [2 T688 ..] [hdmitx: ] set audio param
01-01 08:00:39.838 0 0 D [2 T688 ..] [snd-soc]: aml_spdif_fifo_ctrl, bit depth:16, frddr type:1, toddr:type:1
05-23 09:26:53.262 732 732 D HDMI : addCecDevice new:CEC: logical_address: 0x04 device_type: 4 cec_version: 5 vendor_id: 1877008 display_name: DBBOX-A3 power_status: 0 physical_address: 0x3000 port_id: 0 old:CEC: logical_address: 0x04 device_type: 4 cec_version: 5 vendor_id: 1877008 display_name: DBBOX-A3 power_status: 0 physical_address: 0xFFFF port_id: 0
05-23 09:26:53.275 732 732 D HDMI : onAddressAllocated address:4 reason:4
05-23 09:26:53.276 732 910 D HDMI : [S]: 4F:84:30:00:04
05-23 09:26:53.277 732 732 D HDMI : DeviceDiscoveryAction start com.android.server.hdmi.DeviceDiscoveryAction@5878b8a
01-01 08:00:39.884 0 0 I [3 T358 ..] [hdmitx: ] avmute_store -1
05-23 09:26:53.328 732 891 I AS.AudioDeviceInventory: sendDeviceConnectionIntent(dev:0x400 state:0x1 address: name:);
05-23 09:26:53.373 732 756 D LocalDisplayAdapter: The active mode was changed from SurfaceFlinger or the display device to {id=6, width=4096, height=2160, fps=60.000004, alternativeRefreshRates=[], supportedHdrTypes=[2]}
05-23 09:26:53.373 732 756 D LocalDisplayAdapter: The render frame rate was changed from SurfaceFlinger or the display device to 60.000004
05-23 09:26:53.374 732 756 D LocalDisplayAdapter: New display modes are added and the active mode has changed, use active mode as default mode.
05-23 09:26:53.374 732 756 W LocalDisplayAdapter: DisplayModeSpecs base mode no longer available, using currently active mode.
05-23 09:26:53.375 732 756 I DisplayDeviceRepository: Display device changed: DisplayDeviceInfo{"内置å±å¹•": uniqueId="local:4625716335649126413", 1280 x 720, modeId 1, renderFrameRate 50.0, defaultModeId 1, supportedModes [{id=1, width=1280, height=720, fps=50.0, alternativeRefreshRates=[], supportedHdrTypes=[]}, {id=2, width=1280, height=720, fps=60.000004, alternativeRefreshRates=[], supportedHdrTypes=[]}], colorMode 0, supportedColorModes [0], hdrCapabilities HdrCapabilities{mSupportedHdrTypes=[], mMaxLuminance=500.0, mMaxAverageLuminance=500.0, mMinLuminance=0.0}, allmSupported false, gameContentTypeSupported false, density 160, 0.0 x 0.0 dpi, appVsyncOff 2000000, presDeadline 17000000, touch INTERNAL, rotation 0, type INTERNAL, address {port=13, model=0x4031d87fca1678}, deviceProductInfo DeviceProductInfo{name=Linux FHD, manufacturerPnpId=LNX, productId=0, modelYear=null, manufactureDate=ManufactureDate{week=5, year=2012}, connectionToSinkType=0}, state ON, committedState ON, frameRateOverride , brightnessMinimum 0.0, brightnessMaximum 1.0, brightnessDefault 0.39763778, hdrSdrRatio NaN, FLAG_ALLOWED_TO_BE_DEFAULT_DISPLAY, FLAG_ROTATES_WITH_CONTENT, FLAG_SECURE, FLAG_SUPPORTS_PROTECTED_BUFFERS, FLAG_TRUSTED, installOrientation 0, displayShape DisplayShape{ spec=-1507169495 displayWidth=1280 displayHeight=720 physicalPixelDisplaySizeRatio=1.0 rotation=0 offsetX=0 offsetY=0 scale=1.0}}
05-23 09:26:53.378 732 757 W LocalDisplayAdapter: Ignoring request for invalid base mode id 1
05-23 09:26:53.380 732 756 I DisplayDeviceRepository: Display device changed: DisplayDeviceInfo{"内置å±å¹•": uniqueId="local:4625716335649126413", 4096 x 2160, modeId 6, renderFrameRate 60.000004, defaultModeId 6, supportedModes [{id=3, width=1920, height=1080, fps=59.94006, alternativeRefreshRates=[], supportedHdrTypes=[2]}, {id=4, width=1920, height=1080, fps=60.000004, alternativeRefreshRates=[], supportedHdrTypes=[2]}, {id=5, width=4096, height=2160, fps=59.94006, alternativeRefreshRates=[], supportedHdrTypes=[2]}, {id=6, width=4096, height=2160, fps=60.000004, alternativeRefreshRates=[], supportedHdrTypes=[2]}, {id=7, width=4096, height=2160, fps=50.0, alternativeRefreshRates=[], supportedHdrTypes=[2]}, {id=8, width=4096, height=2160, fps=29.97003, alternativeRefreshRates=[], supportedHdrTypes=[2]}, {id=9, width=4096, height=2160, fps=30.000002, alternativeRefreshRates=[], supportedHdrTypes=[2]}, {id=10, width=4096, height=2160, fps=23.976025, alternativeRefreshRates=[], supportedHdrTypes=[2]}, {id=11, width=4096, height=2160, fps=24.000002, alternativeRefreshRates=[], supportedHdrTypes=[2]}, {id=12, width=3840, height=2160, fps=59.94006, alternativeRefreshRates=[], supportedHdrTypes=[2]}, {id=13, width=3840, height=2160, fps=60.000004, alternativeRefreshRates=[], supportedHdrTypes=[2]}, {id=14, width=3840, height=2160, fps=50.0, alternativeRefreshRates=[], supportedHdrTypes=[2]}, {id=15, width=3840, height=2160, fps=29.97003, alternativeRefreshRates=[], supportedHdrTypes=[2]}, {id=16, width=3840, height=2160, fps=30.000002, alternativeRefreshRates=[], supportedHdrTypes=[2]}, {id=17, width=3840, height=2160, fps=25.0, alternativeRefreshRates=[], supportedHdrTypes=[2]}, {id=18, width=3840, height=2160, fps=23.976025, alternativeRefreshRates=[], supportedHdrTypes=[2]}, {id=19, width=3840, height=2160, fps=24.000002, alternativeRefreshRates=[], supportedHdrTypes=[2]}, {id=20, width=1920, height=1080, fps=50.0, alternativeRefreshRates=[], supportedHdrTypes=[2]}, {id=21, width=1280, height=720, fps=59.94006, alternativeRefreshRates=[], supportedHdrTypes=[2]}, {id=22, width=1280, height=720, fps=60.000004, alternativeRefreshRates=[], supportedHdrTypes=[2]}, {id=23, width=1280, height=720, fps=50.0, alternativeRefreshRates=[], supportedHdrTypes=[2]}, {id=24, width=720, height=576, fps=50.0, alternativeRefreshRates=[], supportedHdrTypes=[2]}, {id=25, width=720, height=480, fps=59.94006, alternativeRefreshRates=[], supportedHdrTypes=[2]}, {id=26, width=720, height=480, fps=60.000004, alternativeRefreshRates=[], supportedHdrTypes=[2]}], colorMode 0, supportedColorModes [0], hdrCapabilities HdrCapabilities{mSupportedHdrTypes=[2], mMaxLuminance=500.0, mMaxAverageLuminance=500.0, mMinLuminance=0.0}, allmSupported false, gameContentTypeSupported true, density 480, 85.277 x 79.513 dpi, appVsyncOff 2000000, presDeadline 13666666, touch INTERNAL, rotation 0, type INTERNAL, address {port=13, model=0x4031d87fca1678}, deviceProductInfo DeviceProductInfo{name=Mi TV, manufacturerPnpId=XMD, productId=74, modelYear=null, manufactureDate=ManufactureDate{week=13, year=2019}, connectionToSinkType=2}, state ON, committedState ON, frameRateOverride , brightnessMinimum 0.0, brightnessMaximum 1.0, brightnessDefault 0.39763778, hdrSdrRatio NaN, FLAG_ALLOWED_TO_BE_DEFAULT_DISPLAY, FLAG_ROTATES_WITH_CONTENT, FLAG_SECURE, FLAG_SUPPORTS_PROTECTED_BUFFERS, FLAG_TRUSTED, installOrientation 0, displayShape DisplayShape{ spec=215504843 displayWidth=4096 displayHeight=2160 physicalPixelDisplaySizeRatio=1.0 rotation=0 offsetX=0 offsetY=0 scale=1.0}}
05-23 09:26:53.433 732 910 D HDMI : [S]: 4F:87:1C:A4:10
05-23 09:26:53.445 732 764 I ActivityManager: Waited long enough for: ServiceRecord{a9b297c u0 com.oranth.storage/.MainService}
01-01 08:00:40.157 0 0 I [0 T94 ..] [hdmitx: ] hdr_unmute_work_func: VID_UNMUTE
05-23 09:26:53.585 732 910 D HDMI : [S]: 40:8C
05-23 09:26:53.703 732 910 D HDMI : [S]: 40:47
05-23 09:26:53.772 732 764 I ActivityManager: Waited long enough for: ServiceRecord{4ed57e1 u0 com.droidlogic.mictoggle/.AssistantMicMuteService}
05-23 09:26:53.823 732 910 D HDMI : [S]: 45:7D
05-23 09:26:53.823 732 732 D HDMI : Failed to send cec command 40:47
05-23 09:26:53.935 732 732 D HDMI : AVR did not respond to
05-23 09:26:53.936 732 732 D HdmiControlService: Switching to full volume behavior
05-23 09:26:54.030 732 829 D ActivityManager: freezing 2327 com.android.externalstorage
05-23 09:26:54.156 732 764 I ActivityManager: Waited long enough for: ServiceRecord{7fcc4e4 u0 com.dangbei.lerad.rocky/com.dangbei.phrike.core.PhrikeDownloadService}
05-23 09:26:54.331 732 732 D HdmiCecController: [P]:AllocatedAddress=[0]
05-23 09:26:54.332 732 910 D HDMI : [S]: 40:83
05-23 09:26:54.519 732 746 D CompatibilityChangeReporter: Compat change id reported: 161145287; UID 10077; state: DISABLED
05-23 09:26:54.532 732 746 D CompatibilityChangeReporter: Compat change id reported: 170503758; UID 10077; state: DISABLED
05-23 09:26:54.585 732 732 D HDMI : [R]: 0F:84:00:00:00
05-23 09:26:54.589 732 732 D HDMI : addCecDevice new:CEC: logical_address: 0x00 device_type: 0 cec_version: 5 vendor_id: 16777215 display_name: TV power_status: -1 physical_address: 0xFFFF port_id: -1 old:null
05-23 09:26:54.589 732 732 D HdmiControlService: Switching to full volume behavior
05-23 09:26:54.591 732 732 D HDMI : addCecDevice new:CEC: logical_address: 0x00 device_type: 0 cec_version: 5 vendor_id: 16777215 display_name: TV power_status: -1 physical_address: 0x0000 port_id: -1 old:CEC: logical_address: 0x00 device_type: 0 cec_version: 5 vendor_id: 16777215 display_name: TV power_status: -1 physical_address: 0xFFFF port_id: -1
05-23 09:26:54.591 732 732 D HdmiControlService: Switching to full volume behavior
05-23 09:26:54.591 732 732 D HDMI : TV is available now for receiving its message
05-23 09:26:54.592 732 732 D AudioService: onStatusChange cecEnabled:true available:true
05-23 09:26:54.594 732 910 D HDMI : [S]: 40:46
05-23 09:26:54.746 732 732 D HDMI : [R]: 0F:87:00:EC:0A
05-23 09:26:54.822 732 732 D HDMI : [R]: 0F:85
05-23 09:26:55.118 732 732 D HDMI : [R]: 0F:84:00:00:00
05-23 09:26:55.120 732 732 D HDMI : addCecDevice new:CEC: logical_address: 0x00 device_type: 0 cec_version: 5 vendor_id: 60426 display_name: TV power_status: -1 physical_address: 0x0000 port_id: -1 old:CEC: logical_address: 0x00 device_type: 0 cec_version: 5 vendor_id: 60426 display_name: TV power_status: -1 physical_address: 0x0000 port_id: -1
05-23 09:26:55.120 732 732 D HdmiControlService: Switching to full volume behavior
05-23 09:26:55.120 732 732 I HdmiCecLocalDevice: Ignored while Device Discovery Action is in progress: 0F:84:00:00:00
01-01 08:00:41.855 0 0 W [3 T2674 ..] audit: audit_lost=151 audit_rate_limit=5 audit_backlog_limit=64
01-01 08:00:41.856 0 0 E [3 T2674 ..] audit: rate limit exceeded
05-23 09:26:55.437 296 1009 I keystore2: system/security/keystore2/src/watchdog.rs:319 - Watchdog thread idle -> terminating. Have a great day.
05-23 09:26:55.449 732 732 D HDMI : [R]: 04:47
05-23 09:26:55.450 732 732 D HdmiCecNetwork: Updating device OSD name from TV to MiTV-ANSP0
05-23 09:26:55.451 732 910 D HDMI : [S]: 40:8F
05-23 09:26:55.526 732 1018 D CompatibilityChangeReporter: Compat change id reported: 171306433; UID 10077; state: DISABLED
05-23 09:26:55.855 732 732 D HDMI : [R]: 04:83
05-23 09:26:55.920 732 910 D HDMI : [S]: 4F:84:30:00:04
05-23 09:26:56.197 732 732 D HDMI : [R]: 04:90:00
05-23 09:26:56.199 732 732 D HDMI : addCecDevice new:CEC: logical_address: 0x00 device_type: 0 cec_version: 5 vendor_id: 60426 display_name: MiTV-ANSP0 power_status: 0 physical_address: 0x0000 port_id: -1 old:CEC: logical_address: 0x00 device_type: 0 cec_version: 5 vendor_id: 60426 display_name: MiTV-ANSP0 power_status: 0 physical_address: 0x0000 port_id: -1
05-23 09:26:56.200 732 732 D HdmiControlService: Switching to full volume behavior
05-23 09:26:56.201 732 732 D HDMI : addCecDevice new:CEC: logical_address: 0x04 device_type: 4 cec_version: 5 vendor_id: 1877008 display_name: DBBOX-A3 power_status: 0 physical_address: 0x3000 port_id: 0 old:null
05-23 09:26:56.308 732 732 D HDMI : [R]: 04:46
05-23 09:26:56.309 732 910 D HDMI : [S]: 40:47
05-23 09:26:56.672 732 732 D HDMI : [R]: 04:8C
05-23 09:26:56.674 732 910 D HDMI : [S]: 4F:87:1C:A4:10
05-23 09:26:56.917 732 732 D HDMI : [R]: 04:8F
05-23 09:26:56.918 732 910 D HDMI : [S]: 40:90:00
05-23 09:26:58.810 732 815 D OomAdjuster: Not killing cached processes
05-23 09:26:58.816 732 815 W ProcessStats: Tracking association SourceState{1ebb351 com.ktcp.video:daemon/10077 Fgs #403} whose proc state 3 is better than process ProcessState{3283533 com.ktcp.video/10077 pkg=com.ktcp.video} proc state 10 (17 skipped)
05-23 09:26:59.204 732 764 I ActivityManager: Waited long enough for: ServiceRecord{694114 u0 com.ktcp.video/.service.DaemonLiveService}
01-01 08:00:46.012 0 0 W : [2 T948 ..] [SP FRAME RX] arp req,vif_idx:0 sender:[c2:09:a1:aa:11:60 192.168.3.194]receiver:[00:00:00:00:00:00 192.168.3.167]
01-01 08:00:46.013 0 0 W : [2 T948 ..] [SP FRAME TX] arp rsp,vif_idx:0 sender:[1c:79:2d:20:62:97 192.168.3.167]receiver:[c2:09:a1:aa:11:60 192.168.3.194]
01-01 08:00:48.135 0 0 I [2 T948 ..] nf_conntrack: default automatic helper assignment has been turned off for security reasons and CT-based firewall rule not found. Use the iptables CT target to attach helpers instead.
05-23 16:12:32.840 732 833 E LazyAlarmStore: Removed TIME_TICK alarm
05-23 16:12:32.846 732 732 I JobScheduler: RTC now valid; recalculating persisted job windows
05-23 16:12:32.907 732 732 W SyncManager: Clock is valid now.
05-23 16:12:32.908 732 732 D ConditionProviders.SCP: onReceive android.intent.action.TIME_SET
05-23 16:12:32.909 732 732 D ConditionProviders.SCP: evaluateSubscriptionLocked cal=ScheduleCalendar[mDays={1, 2, 3, 4, 5, 6, 7}, mSchedule=ScheduleInfo{days=[1, 2, 3, 4, 5, 6, 7], startHour=22, startMinute=0, endHour=7, endMinute=0, exitAtAlarm=true, nextAlarm=Thu Jan 01 08:00:00 GMT+08:00 1970 (0)}], now=Fri May 23 16:12:32 GMT+08:00 2025 (1747987952908), nextUserAlarmTime=Thu Jan 01 08:00:00 GMT+08:00 1970 (0)
05-23 16:12:32.909 732 732 D ConditionProviders.SCP: notifyCondition condition://android/schedule?days=1.2.3.4.5.6.7&start=22.0&end=7.0&exitAtAlarm=true STATE_FALSE reason=!meetsSchedule
05-23 16:12:32.910 732 732 D ConditionProviders.SCP: Scheduling evaluate for Fri May 23 22:00:00 GMT+08:00 2025 (1748008800000), in +5h47m27s92ms, now=Fri May 23 16:12:32 GMT+08:00 2025 (1747987952908)
05-23 16:12:32.910 732 732 D CompatibilityChangeReporter: Compat change id reported: 171306433; UID 1000; state: ENABLED
05-23 16:12:32.911 732 732 D CompatibilityChangeReporter: Compat change id reported: 218533173; UID 1000; state: ENABLED
05-23 16:12:32.927 732 889 D CompatibilityChangeReporter: Compat change id reported: 143231523; UID 1000; state: DISABLED
05-23 16:12:32.947 732 763 I UsageStatsService: User[0] Time changed in by 24329 seconds
05-23 16:12:32.947 732 763 I UsageStatsService: User[0] Flushing usage stats to disk
05-23 16:12:32.962 732 763 I UsageStatsDatabase: Time changed by +6h45m29s810ms. files deleted: 0 files moved: 4
05-23 16:12:32.967 732 763 I UsageStatsService: User[0] Rollover scheduled @ 2025-05-24 16:12:08(1748074328337)
05-23 16:12:32.973 732 815 D CompatibilityChangeReporter: Compat change id reported: 218533173; UID 10019; state: ENABLED
05-23 16:12:32.973 732 815 D CompatibilityChangeReporter: Compat change id reported: 262645982; UID 10019; state: ENABLED
05-23 16:12:32.974 732 815 D CompatibilityChangeReporter: Compat change id reported: 218533173; UID 10026; state: ENABLED
05-23 16:12:32.974 732 815 D CompatibilityChangeReporter: Compat change id reported: 262645982; UID 10026; state: ENABLED
05-23 16:12:32.975 732 815 D CompatibilityChangeReporter: Compat change id reported: 218533173; UID 10077; state: DISABLED
05-23 16:12:32.975 732 815 D CompatibilityChangeReporter: Compat change id reported: 262645982; UID 10077; state: DISABLED
05-23 16:12:32.978 732 815 D CompatibilityChangeReporter: Compat change id reported: 218533173; UID 10028; state: DISABLED
05-23 16:12:32.978 732 815 D CompatibilityChangeReporter: Compat change id reported: 262645982; UID 10028; state: DISABLED
05-23 16:12:32.979 732 815 D CompatibilityChangeReporter: Compat change id reported: 218533173; UID 10043; state: DISABLED
05-23 16:12:32.979 732 815 D CompatibilityChangeReporter: Compat change id reported: 262645982; UID 10043; state: DISABLED
05-23 16:12:32.980 732 815 D CompatibilityChangeReporter: Compat change id reported: 218533173; UID 10061; state: ENABLED
05-23 16:12:32.981 732 815 D CompatibilityChangeReporter: Compat change id reported: 262645982; UID 10061; state: ENABLED
05-23 16:12:32.982 732 815 D CompatibilityChangeReporter: Compat change id reported: 218533173; UID 10025; state: ENABLED
05-23 16:12:32.983 732 815 D CompatibilityChangeReporter: Compat change id reported: 262645982; UID 10025; state: ENABLED
05-23 16:12:32.983 732 815 D CompatibilityChangeReporter: Compat change id reported: 218533173; UID 10021; state: ENABLED
05-23 16:12:32.983 732 815 D CompatibilityChangeReporter: Compat change id reported: 262645982; UID 10021; state: ENABLED
05-23 16:12:32.984 732 815 D CompatibilityChangeReporter: Compat change id reported: 218533173; UID 10041; state: DISABLED
05-23 16:12:32.984 732 815 D CompatibilityChangeReporter: Compat change id reported: 262645982; UID 10041; state: DISABLED
05-23 16:12:32.986 732 815 D CompatibilityChangeReporter: Compat change id reported: 218533173; UID 10065; state: ENABLED
05-23 16:12:32.987 732 815 D CompatibilityChangeReporter: Compat change id reported: 262645982; UID 10065; state: ENABLED
01-01 08:00:49.824 0 0 W : [2 T948 ..] [SP FRAME RX] arp req,vif_idx:0 sender:[ee:78:83:8f:63:7e 192.168.3.58]receiver:[00:00:00:00:00:00 192.168.3.167]
01-01 08:00:49.825 0 0 W : [2 T948 ..] [SP FRAME TX] arp rsp,vif_idx:0 sender:[1c:79:2d:20:62:97 192.168.3.167]receiver:[ee:78:83:8f:63:7e 192.168.3.58]
01-01 08:00:53.209 0 0 W : [2 T947 ..] traffic idle!!
05-23 16:12:37.918 732 764 D OomAdjuster: Not killing cached processes
05-23 16:12:37.926 732 975 D CompatibilityChangeReporter: Compat change id reported: 261072174; UID 1000; state: ENABLED
01-01 08:00:55.272 0 0 W : [3 T0 .s] [SP FRAME TX] arp req,vif_idx:0 sender:[1c:79:2d:20:62:97 192.168.3.167]receiver:[00:00:00:00:00:00 192.168.3.53]
01-01 08:00:56.296 0 0 W : [3 T0 .s] [SP FRAME TX] arp req,vif_idx:0 sender:[1c:79:2d:20:62:97 192.168.3.167]receiver:[00:00:00:00:00:00 192.168.3.53]
01-01 08:00:57.320 0 0 W : [3 T0 .s] [SP FRAME TX] arp req,vif_idx:0 sender:[1c:79:2d:20:62:97 192.168.3.167]receiver:[00:00:00:00:00:00 192.168.3.53]
01-01 08:00:57.663 0 0 W : [3 T948 ..] [SP FRAME RX] arp rsp,vif_idx:0 sender:[28:7b:11:70:68:8f 192.168.3.53]receiver:[1c:79:2d:20:62:97 192.168.3.167]
05-23 16:12:40.989 732 829 D ActivityManager: freezing 2031 com.android.providers.tv
01-01 08:00:59.925 0 0 W : [3 T948 ..] [SP FRAME RX] arp req,vif_idx:0 sender:[b0:c9:52:89:2f:af 192.168.3.32]receiver:[00:00:00:00:00:00 192.168.3.167]
01-01 08:00:59.926 0 0 W : [3 T948 ..] [SP FRAME TX] arp rsp,vif_idx:0 sender:[1c:79:2d:20:62:97 192.168.3.167]receiver:[b0:c9:52:89:2f:af 192.168.3.32]
01-01 08:01:03.392 0 0 I [0 T150 ..] [hdmitx: ] UTC+0 2025-05-23 08:12:46 HPD LOW
01-01 08:01:03.393 0 0 I [2 T61 ..] [hdmitx: ] system: plugout
01-01 08:01:03.393 0 0 I [2 T61 ..] resman: notify error info = {"subModule":11,"level":2,"logType":1,"errorType":6,"msg":"HDMITX_HPD_PLUGOUT"}
01-01 08:01:03.395 0 0 I [2 T61 ..] [hdmitx: ] plug out sequence id: 0
01-01 08:01:03.396 0 0 W : [2 T61 ..] [RX]-up_phy_addr = 0
01-01 08:01:03.396 0 0 I [2 T61 d.] [hdmitx: ] hdmitx_set_drm_pkt: disable drm pkt
01-01 08:01:03.397 0 0 I [2 T61 d.] [hdmitx: ] TV not support DV, clr dv_vsif
01-01 08:01:03.397 0 0 I [2 T61 d.] [hdmitx: ] DV H14b VSIF, switching signal to SDR
01-01 08:01:03.398 0 0 I [2 T61 ..] [hdmitx: ] hdmitx_set_hdr10plus_pkt: null vsif
01-01 08:01:03.399 0 0 I [2 T61 ..] [hdmitx: ] hdmitx21_video_mute_op: VID_UNMUTE path=0x4000000
05-23 16:12:46.634 732 839 V WindowManager: app ------------- force_land :0
01-01 08:01:03.400 0 0 I [2 T61 ..] [hdmitx: ] set_hdcp2_topo: 0
01-01 08:01:03.400 0 0 I : [2 T61 ..] [drm] drm hdmitx hpd notify
01-01 08:01:03.402 0 0 I [0 T937 dh] [hdmitx: ] hdmitx_set_drm_pkt: tf=1, cf=1, colormetry=0
01-01 08:01:03.414 0 0 I [0 T358 ..] vc: [0]get capability: min 64 64; max 4096 2160
01-01 08:01:03.414 0 0 I [0 T358 ..] vc: [1]get capability: min 64 64; max 2048 1080
01-01 08:01:03.415 0 0 I [0 T358 ..] [hdmitx: ] avmute_store 1
05-23 16:12:46.654 732 732 D HDMI : Hotplug event:[port:0, connected:false]
05-23 16:12:46.654 732 732 D HDMI : reset tv status for hotplug out
05-23 16:12:46.654 732 732 D AudioService: onStatusChange cecEnabled:true available:false
05-23 16:12:46.655 732 891 D AudioService: setWiredDeviceConnectionState( type:400 state:DEVICE_STATE_UNAVAILABLE addr: name:) from android
05-23 16:12:46.656 732 891 I AS.AudioDeviceInventory: handleDeviceConnection(false dev:400 address: name:)
05-23 16:12:46.656 732 891 I AS.AudioDeviceInventory: deviceKey:0x400:
