05-23 09:26:38.835 732 1018 D CompatibilityChangeReporter: Compat change id reported: 194532703; UID 10067; state: ENABLED
05-23 09:26:38.839 1371 1371 D GlobalParametersService: onCreate
05-23 09:26:38.842 1371 1681 I DlcClient: Binding com.android.devicelockcontroller/.storage.GlobalParametersService
05-23 09:26:38.851 732 975 D CompatibilityChangeReporter: Compat change id reported: 168419799; UID 10043; state: DISABLED
05-23 09:26:38.852 1371 1681 I DeviceCheckInHelper: enqueueDeviceCheckInWork with delay: PT0S
05-23 09:26:38.852 732 975 D CompatibilityChangeReporter: Compat change id reported: 273564678; UID 10043; state: DISABLED
05-23 09:26:38.865 732 1019 D CompatibilityChangeReporter: Compat change id reported: 197654537; UID 1000; state: DISABLED
05-23 09:26:38.888 732 1018 D CompatibilityChangeReporter: Compat change id reported: 170503758; UID 10043; state: DISABLED
05-23 09:26:38.905 732 808 D CompatibilityChangeReporter: Compat change id reported: 161145287; UID 10018; state: ENABLED
05-23 09:26:38.928 732 1018 D CompatibilityChangeReporter: Compat change id reported: 253665015; UID 10018; state: ENABLED
05-23 09:26:38.929 732 1018 D CompatibilityChangeReporter: Compat change id reported: 194532703; UID 10018; state: ENABLED
05-23 09:26:38.967 732 808 W StorageManagerService: Reporting emulated;0 unmounted due to system locked
05-23 09:26:38.968 732 808 W StorageManagerService: Reporting emulated;0 unmounted due to system locked
05-23 09:26:38.970 732 808 W StorageManagerService: Reporting emulated;0 unmounted due to system locked
05-23 09:26:38.991 732 808 W StorageManagerService: Reporting emulated;0 unmounted due to system locked
05-23 09:26:38.994 732 1018 W StorageManagerService: Reporting emulated;0 unmounted due to system locked
05-23 09:26:39.029 732 1018 W StorageManagerService: Reporting emulated;0 unmounted due to system locked
05-23 09:26:39.043 732 808 W StorageManagerService: Reporting emulated;0 unmounted due to system locked
05-23 09:26:39.065 732 808 W ActivityManager: Background start not allowed: service Intent { act=com.dangbei.screencast.STARTUP pkg=com.dangbei.screencast } to com.dangbei.screencast/.startup.StartupService from pid=1679 uid=10043 pkg=com.dangbei.screencast startFg?=false
05-23 09:26:39.086 732 1018 W ActivityManager: Background start not allowed: service Intent { act=com.dangbei.screencast.STARTUP pkg=com.dangbei.screencast } to com.dangbei.screencast/.startup.StartupService from pid=1679 uid=10043 pkg=com.dangbei.screencast startFg?=false
05-23 09:26:39.094 732 1018 W StorageManagerService: Reporting emulated;0 unmounted due to system locked
05-23 09:26:39.095 732 1019 W StorageManagerService: Reporting emulated;0 unmounted due to system locked
05-23 09:26:39.098 732 1019 W StorageManagerService: Reporting emulated;0 unmounted due to system locked
05-23 09:26:39.100 732 1019 W StorageManagerService: Reporting emulated;0 unmounted due to system locked
05-23 09:26:39.101 732 1019 W StorageManagerService: Reporting emulated;0 unmounted due to system locked
05-23 09:26:39.102 732 1019 W StorageManagerService: Reporting emulated;0 unmounted due to system locked
05-23 09:26:39.104 732 1019 W StorageManagerService: Reporting emulated;0 unmounted due to system locked
05-23 09:26:39.104 1659 1659 W ContextImpl: Calling a method in the system process without a qualified user: android.app.ContextImpl.startService:1899 android.content.ContextWrapper.startService:825 com.cvte.tv.api.TvApiSDKManager.:177 com.cvte.tv.api.TvApiSDKManager.init:217 com.dangbei.rocky.component.system.SystemControlUtils.initSystemAidl:82
05-23 09:26:39.105 732 1019 W ActivityManager: Unable to start service Intent { act=com.cvte.tv.api.TV_API_SERVICE pkg=com.cvte.tv.api.impl } U=0: not found
05-23 09:26:39.106 732 1019 W StorageManagerService: Reporting emulated;0 unmounted due to system locked
05-23 09:26:39.106 1659 1659 W ContextImpl: Calling a method in the system process without a qualified user: android.app.ContextImpl.bindService:1988 android.content.ContextWrapper.bindService:861 com.cvte.tv.api.TvApiSDKManager.:178 com.cvte.tv.api.TvApiSDKManager.init:217 com.dangbei.rocky.component.system.SystemControlUtils.initSystemAidl:82
05-23 09:26:39.107 732 1019 W ActivityManager: Unable to start service Intent { act=com.cvte.tv.api.TV_API_SERVICE pkg=com.cvte.tv.api.impl } U=0: not found
05-23 09:26:39.108 1659 1659 W ContextImpl: Calling a method in the system process without a qualified user: android.app.ContextImpl.startService:1899 android.content.ContextWrapper.startService:825 com.cvte.tv.api.TvApiSDKManager.getTvApi:361 com.dangbei.rocky.component.system.SystemControlUtils.initSystemAidl:83 com.dangbei.rocky.component.system.SystemComponent.onAttached:38
05-23 09:26:39.109 732 1019 W ActivityManager: Unable to start service Intent { act=com.cvte.tv.api.TV_API_SERVICE pkg=com.cvte.tv.api.impl } U=0: not found
05-23 09:26:39.109 732 1018 W StorageManagerService: Reporting emulated;0 unmounted due to system locked
05-23 09:26:39.116 1659 1659 W ContextImpl: Calling a method in the system process without a qualified user: android.app.ContextImpl.bindService:1988 android.content.ContextWrapper.bindService:861 com.cvte.tv.api.TvApiSDKManager.getTvApi:362 com.dangbei.rocky.component.system.SystemControlUtils.initSystemAidl:83 com.dangbei.rocky.component.system.SystemComponent.onAttached:38
05-23 09:26:39.117 732 1018 W ActivityManager: Unable to start service Intent { act=com.cvte.tv.api.TV_API_SERVICE pkg=com.cvte.tv.api.impl } U=0: not found
05-23 09:26:39.117 732 1019 W StorageManagerService: Reporting emulated;0 unmounted due to system locked
05-23 09:26:39.123 732 1019 W StorageManagerService: Reporting emulated;0 unmounted due to system locked
05-23 09:26:39.128 732 1019 W StorageManagerService: Reporting emulated;0 unmounted due to system locked
05-23 09:26:39.137 732 1019 W StorageManagerService: Reporting emulated;0 unmounted due to system locked
05-23 09:26:39.141 732 1019 W StorageManagerService: Reporting emulated;0 unmounted due to system locked
05-23 09:26:39.142 732 1018 W StorageManagerService: Reporting emulated;0 unmounted due to system locked
05-23 09:26:39.144 732 1018 W StorageManagerService: Reporting emulated;0 unmounted due to system locked
05-23 09:26:39.146 732 1019 W StorageManagerService: Reporting emulated;0 unmounted due to system locked
05-23 09:26:39.147 732 1019 W StorageManagerService: Reporting emulated;0 unmounted due to system locked
05-23 09:26:39.148 732 1018 W StorageManagerService: Reporting emulated;0 unmounted due to system locked
05-23 09:26:39.148 732 1019 W StorageManagerService: Reporting emulated;0 unmounted due to system locked
05-23 09:26:39.150 1659 1659 W ContextImpl: Calling a method in the system process without a qualified user: android.app.ContextImpl.startService:1899 android.content.ContextWrapper.startService:825 com.dangbei.phrike.core.DownloadManager.register:294 com.dangbei.component_appcontrol.phrike.XPhrikeAppCreator.register:47 com.dangbei.component_appcontrol.AppControlComponent.onAttached:65
05-23 09:26:39.152 732 808 W StorageManagerService: Reporting emulated;0 unmounted due to system locked
05-23 09:26:39.155 732 1018 W StorageManagerService: Reporting emulated;0 unmounted due to system locked
05-23 09:26:39.159 732 1019 W StorageManagerService: Reporting emulated;0 unmounted due to system locked
05-23 09:26:39.164 732 1019 D CompatibilityChangeReporter: Compat change id reported: 149924527; UID 10043; state: ENABLED
05-23 09:26:39.165 732 808 D CompatibilityChangeReporter: Compat change id reported: 132649864; UID 10043; state: DISABLED
05-23 09:26:39.169 732 1018 W WindowManager: Failed looking up window session=Session{9420002 1483:1000} callers=com.android.server.wm.WindowManagerService.windowForClientLocked:6075 com.android.server.wm.Session.updateRequestedVisibleTypes:695 android.view.IWindowSession$Stub.onTransact:1034
05-23 09:26:39.169 732 808 W WindowManager: [addWindow] title:com.dangbei.leard.leradlauncher/com.dangbei.launcher.home.LauncherActivity
05-23 09:26:39.170 732 808 D CompatibilityChangeReporter: Compat change id reported: 168419799; UID 1000; state: DISABLED
05-23 09:26:39.170 732 808 D CompatibilityChangeReporter: Compat change id reported: 273564678; UID 1000; state: DISABLED
05-23 09:26:39.176 732 808 W StorageManagerService: Reporting emulated;0 unmounted due to system locked
05-23 09:26:39.212 732 1018 D CoreBackPreview: Window{ba9a149 u0 com.dangbei.leard.leradlauncher/com.dangbei.launcher.home.LauncherActivity}: Setting back callback OnBackInvokedCallbackInfo{mCallback=android.window.IOnBackInvokedCallback$Stub$Proxy@47f3081, mPriority=0, mIsAnimationCallback=false}
05-23 09:26:39.216 732 1019 D CompatibilityChangeReporter: Compat change id reported: 161145287; UID 10043; state: DISABLED
05-23 09:26:39.239 732 1018 D PackageManager: Instant App installer not found with android.intent.action.INSTALL_INSTANT_APP_PACKAGE
05-23 09:26:39.239 732 1018 D PackageManager: Clear ephemeral installer activity
05-23 09:26:39.286 258 258 I vold : fuse-bpf is enabled because /sys/fs/fuse/features/fuse_bpf reads 'supported'
05-23 09:26:39.286 258 258 I vold : Setting ro.fuse.bpf.is_running to true
05-23 09:26:39.287 258 258 I vold : Configuring read_ahead of /mnt/user/0/emulated fuse filesystem to 256kb
05-23 09:26:39.288 258 258 I vold : Writing 256 to /sys/class/bdi/0:60/read_ahead_kb
05-23 09:26:39.288 258 258 I vold : Configuring max_ratio of /mnt/user/0/emulated fuse filesystem to 40
05-23 09:26:39.288 258 258 I vold : Writing 40 to /sys/class/bdi/0:60/max_ratio
05-23 09:26:39.289 732 849 I StorageManagerService: Mounted volume VolumeInfo{emulated;0}:
05-23 09:26:39.289 732 849 I StorageManagerService: type=EMULATED diskId=null partGuid= mountFlags=PRIMARY|VISIBLE_FOR_WRITE
05-23 09:26:39.289 732 849 I StorageManagerService: mountUserId=0 state=MOUNTED
05-23 09:26:39.289 732 849 I StorageManagerService: fsType=null fsUuid=null fsLabel=null
05-23 09:26:39.289 732 849 I StorageManagerService: path=/storage/emulated internalPath=/data/media
05-23 09:26:39.292 732 849 I StorageSessionController: Notifying volume state changed for session with id: emulated;0
05-23 09:26:39.293 732 808 D CompatibilityChangeReporter: Compat change id reported: 271850009; UID 10058; state: ENABLED
05-23 09:26:39.293 732 808 D CompatibilityChangeReporter: Compat change id reported: 253665015; UID 10058; state: ENABLED
05-23 09:26:39.293 732 808 D CompatibilityChangeReporter: Compat change id reported: 194532703; UID 10058; state: ENABLED
05-23 09:26:39.304 732 764 I ActivityManager: com.android.dynsystem is exempt from freezer
05-23 09:26:39.304 732 764 D CompatibilityChangeReporter: Compat change id reported: 135634846; UID 1000; state: DISABLED
01-01 08:00:25.882 0 0 I [1 T242 ..] servicemanager: Found android.hardware.graphics.allocator.IAllocator/default in device VINTF manifest.
05-23 09:26:39.305 732 849 I StorageSessionController: Notifying volume state changed for session with id: emulated;0
01-01 08:00:25.889 0 0 I [3 T242 ..] servicemanager: Found android.hardware.graphics.allocator.IAllocator/default in device VINTF manifest.
05-23 09:26:39.314 732 849 I StorageSessionController: Notifying volume state changed for session with id: emulated;0
05-23 09:26:39.325 732 754 W ContextImpl: Calling a method in the system process without a qualified user: android.app.ContextImpl.startService:1899 com.android.server.wm.DisplayPolicy.lambda$focusChangedLw$5:2126 com.android.server.wm.DisplayPolicy.$r8$lambda$Znxk63oh-WzVnzo_WQefN7uxV48:0 com.android.server.wm.DisplayPolicy$$ExternalSyntheticLambda13.run:0 android.os.Handler.handleCallback:958
05-23 09:26:39.332 732 765 I ActivityManager: Start proc 1772:com.android.dynsystem/1000 for broadcast {com.android.dynsystem/com.android.dynsystem.BootCompletedReceiver}
05-23 09:26:39.362 732 808 I ActivityManager: Background started FGS: Allowed [callingPackage: com.dangbei.screencast; callingUid: 10043; uidState: CEM ; uidBFSL: n/a; intent: Intent { act=com.dangbei.screencast.STARTUP pkg=com.dangbei.screencast }; code:SYSTEM_ALERT_WINDOW_PERMISSION; tempAllowListReason:; targetSdkVersion:28; callerTargetSdkVersion:28; startForegroundCount:0; bindFromPackage:null: isBindService:false]
05-23 09:26:39.387 732 849 W BroadcastLoopers: Found previously unknown looper Thread[StorageManagerService,5,main]
05-23 09:26:39.398 957 1021 V WindowManagerShell: onTransitionReady android.os.BinderProxy@72dea6: {id=1 t=CLOSE f=0x0 trk=0 r=[0@Point(0, 0)] c=[{WCT{android.window.IWindowContainerToken$Stub$Proxy@e5483} m=OPEN f=MOVE_TO_TOP leash=Surface(name=Task=226)/@0xdf54494 sb=Rect(0, 0 - 1920, 1080) eb=Rect(0, 0 - 1920, 1080) d=0},{WCT{android.window.IWindowContainerToken$Stub$Proxy@42c1600} m=CLOSE f=SHOW_WALLPAPER leash=Surface(name=Task=3)/@0xacb7b3d sb=Rect(0, 0 - 1920, 1080) eb=Rect(0, 0 - 1920, 1080) d=0}]}
05-23 09:26:39.399 957 1021 V WindowManagerShell: Playing animation for (#1)android.os.BinderProxy@72dea6@0
05-23 09:26:39.399 957 1021 V WindowManagerShell: try handler com.android.wm.shell.keyguard.KeyguardTransitionHandler@9798e39
05-23 09:26:39.399 957 1021 V WindowManagerShell: try handler com.android.wm.shell.pip.tv.TvPipTransition@b2d1c7e
05-23 09:26:39.400 957 1021 V WindowManagerShell: try handler com.android.wm.shell.activityembedding.ActivityEmbeddingController@857b5df
05-23 09:26:39.400 957 1021 V WindowManagerShell: try handler com.android.wm.shell.transition.RemoteTransitionHandler@3c922c
05-23 09:26:39.400 957 1021 V WindowManagerShell: Transition doesn't have explicit remote, search filters for match for {id=1 t=CLOSE f=0x0 trk=0 r=[0@Point(0, 0)] c=[{WCT{android.window.IWindowContainerToken$Stub$Proxy@e5483} m=OPEN f=MOVE_TO_TOP leash=Surface(name=Task=226)/@0xdf54494 sb=Rect(0, 0 - 1920, 1080) eb=Rect(0, 0 - 1920, 1080) d=0},{WCT{android.window.IWindowContainerToken$Stub$Proxy@42c1600} m=CLOSE f=SHOW_WALLPAPER leash=Surface(name=Task=3)/@0xacb7b3d sb=Rect(0, 0 - 1920, 1080) eb=Rect(0, 0 - 1920, 1080) d=0}]}
05-23 09:26:39.400 957 1021 V WindowManagerShell: Delegate animation for #1 to null
05-23 09:26:39.400 957 1021 V WindowManagerShell: try handler com.android.wm.shell.transition.DefaultTransitionHandler@85bd4f5
05-23 09:26:39.401 957 1021 V WindowManagerShell: start default transition animation, info = {id=1 t=CLOSE f=0x0 trk=0 r=[0@Point(0, 0)] c=[{WCT{android.window.IWindowContainerToken$Stub$Proxy@e5483} m=OPEN f=MOVE_TO_TOP leash=Surface(name=Task=226)/@0xdf54494 sb=Rect(0, 0 - 1920, 1080) eb=Rect(0, 0 - 1920, 1080) d=0},{WCT{android.window.IWindowContainerToken$Stub$Proxy@42c1600} m=CLOSE f=SHOW_WALLPAPER leash=Surface(name=Task=3)/@0xacb7b3d sb=Rect(0, 0 - 1920, 1080) eb=Rect(0, 0 - 1920, 1080) d=0}]}
05-23 09:26:39.404 957 1021 V WindowManagerShell: loadAnimation: anim=android.view.animation.AlphaAnimation@6e1cb71 animAttr=0x13 type=CLOSE isEntrance=false
05-23 09:26:39.405 957 1021 V WindowManagerShell: loadAnimation: anim=android.view.animation.AlphaAnimation@a5c81d7 animAttr=0x12 type=CLOSE isEntrance=true
05-23 09:26:39.406 957 1021 V WindowManagerShell: animated by com.android.wm.shell.transition.DefaultTransitionHandler@85bd4f5
05-23 09:26:39.424 732 849 D StorageManagerService: Volume emulated;0 broadcasting mounted to UserHandle{0}
05-23 09:26:39.429 732 753 V WindowManager: Sent Transition #1 createdAt=05-23 09:26:37.657 via request=TransitionRequestInfo { type = 2, triggerTask = TaskInfo{userId=0 taskId=3 displayId=0 isRunning=false baseIntent=Intent { act=android.intent.action.MAIN cat=[android.intent.category.HOME] flg=0x10800100 cmp=com.android.tv.settings/.system.FallbackHome } baseActivity=null topActivity=null origActivity=null realActivity=ComponentInfo{com.android.tv.settings/com.android.tv.settings.system.FallbackHome} numActivities=0 lastActiveTime=23170 supportsMultiWindow=true resizeMode=0 isResizeable=false minWidth=-1 minHeight=-1 defaultMinSize=220 token=WCT{RemoteToken{6d9b1f8 Task{13c138 #3 type=home A=1000:com.android.tv.settings}}} topActivityType=2 pictureInPictureParams=null shouldDockBigOverlays=false launchIntoPipHostTaskId=-1 lastParentTaskIdBeforePip=-1 displayCutoutSafeInsets=null topActivityInfo=null launchCookies=[] positionInParent=Point(0, 0) parentTaskId=-1 isFocused=true isVisible=true isVisibleRequested=true isSleeping=false topActivityInSizeCompat=false topActivityEligibleForLetterboxEducation= false isLetterboxDoubleTapEnabled= false topActivityEligibleForUserAspectRatioButton= false topActivityBoundsLetterboxed= false isFromLetterboxDoubleTap= false topActivityLetterboxVerticalPosition= -1 topActivityLetterboxHorizontalPosition= -1 topActivityLetterboxWidth=-1 topActivityLetterboxHeight=-1 isUserFullscreenOverrideEnabled=false isTopActivityTransparent=false locusId=null displayAreaFeatureId=1 cameraCompatControlState=hidden}, remoteTransition = null, displayChange = null, flags = 0 }
05-23 09:26:39.430 732 753 V WindowManager: startWCT=WindowContainerTransaction { changes = {} hops = [] errorCallbackToken=null taskFragmentOrganizer=null }
05-23 09:26:39.430 732 753 V WindowManager: info={id=1 t=CLOSE f=0x0 trk=0 r=[0@Point(0, 0)] c=[{WCT{RemoteToken{cba86d1 Task{91658d1 #226 type=home A=1000:com.dangbei.leard.leradlauncher}}} m=OPEN f=MOVE_TO_TOP leash=Surface(name=Task=226)/@0xe075ce3 sb=Rect(0, 0 - 1920, 1080) eb=Rect(0, 0 - 1920, 1080) d=0},{WCT{RemoteToken{6d9b1f8 Task{13c138 #3 type=home A=1000:com.android.tv.settings}}} m=CLOSE f=SHOW_WALLPAPER leash=Surface(name=Task=3)/@0x1aead12 sb=Rect(0, 0 - 1920, 1080) eb=Rect(0, 0 - 1920, 1080) d=0}]}
05-23 09:26:39.431 732 1019 D CompatibilityChangeReporter: Compat change id reported: 170668199; UID 10043; state: DISABLED
05-23 09:26:39.431 732 1019 W ActivityManager: Foreground service started from background can not have location/camera/microphone access: service com.dangbei.screencast/.startup.StartupService
05-23 09:26:39.431 732 1019 D CompatibilityChangeReporter: Compat change id reported: 255038118; UID 10043; state: DISABLED
05-23 09:26:39.432 732 1019 D CompatibilityChangeReporter: Compat change id reported: 255042465; UID 10043; state: DISABLED
05-23 09:26:39.435 732 1019 W ForegroundServiceTypeLoggerModule: Foreground service start for UID: 10043 does not have any types
05-23 09:26:39.437 732 975 D CoreBackPreview: Window{b68f22c u0 com.android.tv.settings/com.android.tv.settings.system.FallbackHome}: Setting back callback null
05-23 09:26:39.439 732 764 I ActivityManager: Deferring FGS notification in legacy app com.dangbei.screencast/u0a43 : Notification(channel=channel_record shortcut=null contentView=null vibrate=null sound=null defaults=0x0 flags=0x60 color=0x00000000 category=transport vis=PUBLIC)
05-23 09:26:39.447 732 849 D StorageManagerService: Volume emulated;0 broadcasting mounted to UserHandle{0}
05-23 09:26:39.466 732 808 D CompatibilityChangeReporter: Compat change id reported: 214016041; UID 1000; state: ENABLED
05-23 09:26:39.466 732 808 D CompatibilityChangeReporter: Compat change id reported: 214016041; UID 1000; state: DISABLED
05-23 09:26:39.489 732 1018 D OomAdjuster: Not killing cached processes
05-23 09:26:39.519 732 808 D CompatibilityChangeReporter: Compat change id reported: 182734110; UID 10067; state: ENABLED
05-23 09:26:39.537 732 764 I ActivityManager: com.android.managedprovisioning is exempt from freezer
05-23 09:26:39.538 732 764 D CompatibilityChangeReporter: Compat change id reported: 135634846; UID 10021; state: DISABLED
05-23 09:26:39.538 732 764 D CompatibilityChangeReporter: Compat change id reported: 177438394; UID 10021; state: DISABLED
05-23 09:26:39.538 732 764 D CompatibilityChangeReporter: Compat change id reported: 135772972; UID 10021; state: DISABLED
05-23 09:26:39.538 732 764 D CompatibilityChangeReporter: Compat change id reported: 135754954; UID 10021; state: ENABLED
05-23 09:26:39.539 732 765 D CompatibilityChangeReporter: Compat change id reported: 143937733; UID 10021; state: ENABLED
05-23 09:26:39.551 732 1018 I ActivityManager: com.android.dynsystem is exempt from freezer
05-23 09:26:39.553 732 1018 D CompatibilityChangeReporter: Compat change id reported: 135634846; UID 1000; state: DISABLED
05-23 09:26:39.558 732 1018 E UsbDeviceManager: Usb setCurrentUsbFunctionsCb failed ,functions:1 ,status:1 ,transactionId:6
05-23 09:26:39.559 732 1018 I UsbDeviceManager: notifyCurrentFunction request:1 status:1
01-01 08:00:26.213 0 0 W [3 T1679 ..] audit: audit_lost=21 audit_rate_limit=5 audit_backlog_limit=64
01-01 08:00:26.214 0 0 E [3 T1679 ..] audit: rate limit exceeded
05-23 09:26:39.598 732 765 W ActivityManager: Slow operation: 61ms so far, now at startProcess: returned from zygote!
05-23 09:26:39.598 732 765 W ActivityManager: Slow operation: 61ms so far, now at startProcess: done updating battery stats
05-23 09:26:39.598 732 765 W ActivityManager: Slow operation: 61ms so far, now at startProcess: building log message
05-23 09:26:39.598 732 765 I ActivityManager: Start proc 1833:com.android.managedprovisioning/u0a21 for broadcast {com.android.managedprovisioning/com.android.managedprovisioning.BootReminder}
05-23 09:26:39.598 732 765 W ActivityManager: Slow operation: 61ms so far, now at startProcess: starting to update pids map
05-23 09:26:39.599 732 765 W ActivityManager: Slow operation: 62ms so far, now at startProcess: done updating pids map
05-23 09:26:39.605 732 1019 I ActivityManager: Background started FGS: Allowed [callingPackage: com.dangbei.screencast; callingUid: 10043; uidState: FGS ; uidBFSL: [BFSL]; intent: Intent { cmp=com.dangbei.screencast/.huaweicast.service.HuaweiCastService }; code:PROC_STATE_FGS; tempAllowListReason:; targetSdkVersion:28; callerTargetSdkVersion:28; startForegroundCount:0; bindFromPackage:null: isBindService:false]
05-23 09:26:39.653 732 765 W ActivityManager: Slow operation: 102ms so far, now at startProcess: returned from zygote!
05-23 09:26:39.653 732 765 W ActivityManager: Slow operation: 102ms so far, now at startProcess: done updating battery stats
05-23 09:26:39.653 732 765 W ActivityManager: Slow operation: 102ms so far, now at startProcess: building log message
05-23 09:26:39.653 732 765 I ActivityManager: Start proc 1847:com.android.dynsystem:dynsystem/1000 for service {com.android.dynsystem/com.android.dynsystem.DynamicSystemInstallationService}
05-23 09:26:39.653 732 765 W ActivityManager: Slow operation: 102ms so far, now at startProcess: starting to update pids map
05-23 09:26:39.653 732 765 W ActivityManager: Slow operation: 103ms so far, now at startProcess: done updating pids map
05-23 09:26:39.657 732 1019 D CompatibilityChangeReporter: Compat change id reported: 168419799; UID 10021; state: DISABLED
05-23 09:26:39.657 732 1019 D CompatibilityChangeReporter: Compat change id reported: 273564678; UID 10021; state: DISABLED
05-23 09:26:39.659 732 815 D CompatibilityChangeReporter: Compat change id reported: 265195908; UID 10021; state: ENABLED
05-23 09:26:39.695 732 808 D CompatibilityChangeReporter: Compat change id reported: 170503758; UID 10021; state: ENABLED
05-23 09:26:39.729 732 1019 D CompatibilityChangeReporter: Compat change id reported: 261072174; UID 10043; state: DISABLED
05-23 09:26:39.735 732 746 W ActivityManager: Foreground service started from background can not have location/camera/microphone access: service com.dangbei.screencast/.huaweicast.service.HuaweiCastService
05-23 09:26:39.737 732 746 W ForegroundServiceTypeLoggerModule: Foreground service start for UID: 10043 does not have any types
05-23 09:26:39.821 957 1021 V WindowManagerShell: Transition animation finished (aborted=false), notifying core (#1)android.os.BinderProxy@72dea6@0
05-23 09:26:39.824 732 753 V WindowManager: Finish Transition #1: created at
05-23 09:26:37.657 collect-started=0.109ms request-sent=0.811ms started=5.67ms ready=365.809ms sent=1730.834ms finished=2165.807ms
05-23 09:26:39.831 957 1021 V WindowManagerShell: Track 0 became idle
05-23 09:26:39.831 957 1021 V WindowManagerShell: All active transition animations finished
05-23 09:26:39.859 732 746 D CompatibilityChangeReporter: Compat change id reported: 261072174; UID 1000; state: DISABLED
05-23 09:26:39.883 732 764 I ActivityManager: com.android.packageinstaller is exempt from freezer
05-23 09:26:39.884 732 764 D CompatibilityChangeReporter: Compat change id reported: 135634846; UID 10025; state: DISABLED
05-23 09:26:39.884 732 764 D CompatibilityChangeReporter: Compat change id reported: 177438394; UID 10025; state: DISABLED
05-23 09:26:39.884 732 764 D CompatibilityChangeReporter: Compat change id reported: 135772972; UID 10025; state: DISABLED
05-23 09:26:39.884 732 764 D CompatibilityChangeReporter: Compat change id reported: 135754954; UID 10025; state: ENABLED
05-23 09:26:39.886 732 765 D CompatibilityChangeReporter: Compat change id reported: 143937733; UID 10025; state: ENABLED
05-23 09:26:39.907 732 746 I DynamicSystemService: isInstalled(): false
05-23 09:26:39.963 732 765 W ActivityManager: Slow operation: 80ms so far, now at startProcess: returned from zygote!
05-23 09:26:39.963 732 765 W ActivityManager: Slow operation: 81ms so far, now at startProcess: done updating battery stats
05-23 09:26:39.963 732 765 W ActivityManager: Slow operation: 81ms so far, now at startProcess: building log message
05-23 09:26:39.963 732 765 I ActivityManager: Start proc 1902:com.android.packageinstaller/u0a25 for broadcast {com.android.packageinstaller/com.android.packageinstaller.TemporaryFileManager}
05-23 09:26:39.963 732 765 W ActivityManager: Slow operation: 81ms so far, now at startProcess: starting to update pids map
05-23 09:26:39.964 732 765 W ActivityManager: Slow operation: 81ms so far, now at startProcess: done updating pids map
05-23 09:26:40.005 732 746 D CompatibilityChangeReporter: Compat change id reported: 168419799; UID 10025; state: DISABLED
05-23 09:26:40.005 732 746 D CompatibilityChangeReporter: Compat change id reported: 273564678; UID 10025; state: DISABLED
05-23 09:26:40.011 732 815 D CompatibilityChangeReporter: Compat change id reported: 265195908; UID 10025; state: ENABLED
05-23 09:26:40.051 732 746 D CompatibilityChangeReporter: Compat change id reported: 170503758; UID 10025; state: ENABLED
05-23 09:26:40.185 732 764 D CompatibilityChangeReporter: Compat change id reported: 135634846; UID 10065; state: DISABLED
05-23 09:26:40.185 732 764 D CompatibilityChangeReporter: Compat change id reported: 177438394; UID 10065; state: DISABLED
05-23 09:26:40.186 732 764 D CompatibilityChangeReporter: Compat change id reported: 135772972; UID 10065; state: DISABLED
05-23 09:26:40.186 732 764 D CompatibilityChangeReporter: Compat change id reported: 135754954; UID 10065; state: ENABLED
05-23 09:26:40.187 732 765 D CompatibilityChangeReporter: Compat change id reported: 143937733; UID 10065; state: ENABLED
05-23 09:26:40.241 732 765 W ActivityManager: Slow operation: 56ms so far, now at startProcess: returned from zygote!
05-23 09:26:40.241 732 765 W ActivityManager: Slow operation: 57ms so far, now at startProcess: done updating battery stats
05-23 09:26:40.242 732 765 W ActivityManager: Slow operation: 57ms so far, now at startProcess: building log message
05-23 09:26:40.242 732 765 I ActivityManager: Start proc 1942:com.android.permissioncontroller/u0a65 for broadcast {com.android.permissioncontroller/com.android.permissioncontroller.permission.service.LocationAccessCheck$SetupPeriodicBackgroundLocationAccessCheck}
05-23 09:26:40.242 732 765 W ActivityManager: Slow operation: 57ms so far, now at startProcess: starting to update pids map
05-23 09:26:40.242 732 765 W ActivityManager: Slow operation: 57ms so far, now at startProcess: done updating pids map
05-23 09:26:40.278 732 975 D CompatibilityChangeReporter: Compat change id reported: 168419799; UID 10065; state: DISABLED
05-23 09:26:40.278 732 975 D CompatibilityChangeReporter: Compat change id reported: 273564678; UID 10065; state: DISABLED
05-23 09:26:40.302 732 815 D CompatibilityChangeReporter: Compat change id reported: 265195908; UID 10065; state: ENABLED
05-23 09:26:40.312 732 746 D CompatibilityChangeReporter: Compat change id reported: 214016041; UID 1000; state: ENABLED
05-23 09:26:40.312 732 746 D CompatibilityChangeReporter: Compat change id reported: 214016041; UID 1000; state: DISABLED
05-23 09:26:40.342 732 975 D CompatibilityChangeReporter: Compat change id reported: 170503758; UID 10065; state: ENABLED
01-01 08:00:26.925 0 0 I [2 T346 ..] apexd: Deleting unused dm device com.amlogic.mediaextractor
01-01 08:00:26.940 0 0 E [1 T346 ..] apexd: Didn't generate uevent for [com.amlogic.mediaextractor] removal
01-01 08:00:26.941 0 0 W [1 T346 ..] apexd: Failed to delete dm-device com.amlogic.mediaextractor
01-01 08:00:26.942 0 0 I [1 T346 ..] apexd: Deleting unused dm device com.android.apex.cts.shim
01-01 08:00:26.943 0 0 E [1 T346 ..] apexd: Didn't generate uevent for [com.android.apex.cts.shim] removal
01-01 08:00:26.944 0 0 W [1 T346 ..] apexd: Failed to delete dm-device com.android.apex.cts.shim
01-01 08:00:26.945 0 0 I [1 T346 ..] apexd: Deleting unused dm device com.android.btservices
01-01 08:00:26.957 0 0 E [1 T346 ..] apexd: Didn't generate uevent for [com.android.btservices] removal
01-01 08:00:27.005 0 0 W : [2 T1957 ..] [aml_recv_netlink 1147] kernel rcv msg type: 0, pid: 1957, len: 24, flag: 1, seq: 0
01-01 08:00:27.008 0 0 W : [2 T1957 ..] [aml_recv_netlink 1148] receive data from user process: ÿ
01-01 08:00:27.008 0 0 W : [2 T1957 ..] [aml_recv_netlink 1155] user space process (pid: 1957) start recv fw log !!!!
01-01 08:00:27.013 0 0 W : [2 T1957 ..] [aml_recv_netlink 1147] kernel rcv msg type: 0, pid: 1957, len: 24, flag: 1, seq: 0
01-01 08:00:27.014 0 0 W : [2 T1957 ..] [aml_recv_netlink 1148] receive data from user process: ÿ
01-01 08:00:27.014 0 0 W : [2 T1957 ..] [aml_recv_netlink 1163] unknown msg (0xff06) from user space process (pid: 1957), ignore !!!!
01-01 08:00:27.057 0 0 I [3 T1 ..] selinux: SELinux: Skipping restorecon on directory(/data/misc_ce/0/apexdata/com.android.wifi)
01-01 08:00:27.228 0 0 W [1 T1970 ..] audit: audit_lost=49 audit_rate_limit=5 audit_backlog_limit=64
01-01 08:00:27.228 0 0 E [1 T1970 ..] audit: rate limit exceeded
01-01 08:00:27.331 0 0 W : [2 T947 ..] >>> aml_rx_scanu_start_cfm()
01-01 08:00:27.341 0 0 I [0 T150 ..] [hdmitx: ] UTC+0 2025-05-23 01:26:40 HPD HIGH
01-01 08:00:27.342 0 0 I [0 T150 ..] [hdmitx: ] UTC+0 2025-05-23 01:26:40 HPD LOW
01-01 08:00:27.342 0 0 I [3 T61 ..] [hdmitx: ] system: continuous plugout handler, ignore
05-23 09:26:40.809 732 764 D CompatibilityChangeReporter: Compat change id reported: 135634846; UID 10016; state: DISABLED
05-23 09:26:40.809 732 764 D CompatibilityChangeReporter: Compat change id reported: 177438394; UID 10016; state: DISABLED
05-23 09:26:40.810 732 764 D CompatibilityChangeReporter: Compat change id reported: 135772972; UID 10016; state: DISABLED
05-23 09:26:40.810 732 764 D CompatibilityChangeReporter: Compat change id reported: 135754954; UID 10016; state: ENABLED
05-23 09:26:40.811 732 765 D CompatibilityChangeReporter: Compat change id reported: 143937733; UID 10016; state: ENABLED
05-23 09:26:40.815 732 1424 I ActivityManager: com.android.localtransport is exempt from freezer
05-23 09:26:40.815 732 1424 D CompatibilityChangeReporter: Compat change id reported: 135634846; UID 1000; state: DISABLED
01-01 08:00:27.400 0 0 I : [0 T8 ..] [TEE] E/TC:? 00 tee_rpmb_verify_key_sync_counter:1008 Verify key returning 0xffff0008
01-01 08:00:27.400 0 0 I : [0 T8 ..] [TEE] E/TC:? 00 tee_mkl_status:195 tee_mkl_status bad state, status = 0x0
01-01 08:00:27.402 0 0 I : [0 T8 ..] [TEE] E/TC:? 00 tee_provision_get_pfpk_enc:351 PFPK key table bad status, res = 0xffff0007
01-01 08:00:27.403 0 0 I : [0 T8 ..] [TEE] E/TA: read_pfid_from_property:765 [PROVISION-TA] PFID is not provisioned
01-01 08:00:27.406 0 0 I : [0 T8 ..] [TEE] E/TA: pfid_query:877 [PROVISION-TA] pfid_query read pfid property error, return 0xFFFF0008
01-01 08:00:27.407 0 0 I : [0 T8 ..] [TEE] E/TC:? 00 tee_rpmb_verify_key_sync_counter:1008 Verify key returning 0xffff0008
01-01 08:00:27.408 0 0 I : [0 T8 ..] [TEE] E/TC:? 00 tee_mkl_status:195 tee_mkl_status bad state, status = 0x0
01-01 08:00:27.409 0 0 I : [0 T8 ..] [TEE] E/TC:? 00 tee_provision_get_pfpk_enc:351 PFPK key table bad status, res = 0xffff0007
01-01 08:00:27.410 0 0 I : [0 T8 ..] [TEE] E/TC:? 00 tee_mkl_status:195 tee_mkl_status bad state, status = 0x0
05-23 09:26:40.837 732 765 I ActivityManager: Start proc 1984:com.android.providers.calendar/u0a16 for broadcast {com.android.providers.calendar/com.android.providers.calendar.CalendarReceiver}
01-01 08:00:27.418 0 0 I : [0 T8 ..] [TEE] E/TC:? 00 tee_provision_get_pfpk_enc:351 PFPK key table bad status, res = 0xffff0007
01-01 08:00:27.419 0 0 I : [0 T8 ..] [TEE] E/TA: get_pfpk_enc:786 [PROVISION-TA] TEE_Provision_Get_PFPK_ENC() failed, return 0xFFFF0007
01-01 08:00:27.420 0 0 I : [0 T8 ..] [TEE] E/TA: pfpk_query:851 [PROVISION-TA] get_pfpk_enc return 0xFFFF0007
05-23 09:26:40.876 732 765 W ActivityManager: Slow operation: 61ms so far, now at startProcess: returned from zygote!
05-23 09:26:40.877 732 765 W ActivityManager: Slow operation: 62ms so far, now at startProcess: done updating battery stats
05-23 09:26:40.877 732 765 W ActivityManager: Slow operation: 62ms so far, now at startProcess: building log message
05-23 09:26:40.877 732 765 I ActivityManager: Start proc 1997:com.android.localtransport/1000 for service {com.android.localtransport/com.android.localtransport.LocalTransportService}
05-23 09:26:40.877 732 765 W ActivityManager: Slow operation: 62ms so far, now at startProcess: starting to update pids map
05-23 09:26:40.877 732 765 W ActivityManager: Slow operation: 62ms so far, now at startProcess: done updating pids map
05-23 09:26:40.879 732 1019 D CompatibilityChangeReporter: Compat change id reported: 253665015; UID 10065; state: ENABLED
05-23 09:26:40.880 732 1019 D CompatibilityChangeReporter: Compat change id reported: 194532703; UID 10065; state: ENABLED
05-23 09:26:40.885 732 807 D CompatibilityChangeReporter: Compat change id reported: 168419799; UID 10016; state: DISABLED
05-23 09:26:40.885 732 807 D CompatibilityChangeReporter: Compat change id reported: 273564678; UID 10016; state: DISABLED
05-23 09:26:40.888 732 815 D CompatibilityChangeReporter: Compat change id reported: 265195908; UID 10016; state: ENABLED
01-01 08:00:27.473 0 0 E [0 T242 ..] SELinux: avc: denied { find } for pid=1979 uid=0 name=settings scontext=u:r:init:s0 tcontext=u:object_r:settings_service:s0 tclass=service_manager permissive=1
05-23 09:26:40.913 732 975 D CompatibilityChangeReporter: Compat change id reported: 170503758; UID 10016; state: ENABLED
05-23 09:26:40.916 640 640 W wificond: Scan is not started. Ignore abort request
05-23 09:26:40.931 732 1019 D CompatibilityChangeReporter: Compat change id reported: 168419799; UID 1000; state: DISABLED
05-23 09:26:40.932 732 1019 D CompatibilityChangeReporter: Compat change id reported: 273564678; UID 1000; state: DISABLED
05-23 09:26:40.991 732 807 D CompatibilityChangeReporter: Compat change id reported: 161145287; UID 10016; state: ENABLED
05-23 09:26:41.007 732 764 D CompatibilityChangeReporter: Compat change id reported: 135634846; UID 10026; state: DISABLED
05-23 09:26:41.007 732 764 D CompatibilityChangeReporter: Compat change id reported: 177438394; UID 10026; state: DISABLED
05-23 09:26:41.007 732 764 D CompatibilityChangeReporter: Compat change id reported: 135772972; UID 10026; state: DISABLED
05-23 09:26:41.007 732 764 D CompatibilityChangeReporter: Compat change id reported: 135754954; UID 10026; state: ENABLED
05-23 09:26:41.008 732 765 D CompatibilityChangeReporter: Compat change id reported: 143937733; UID 10026; state: ENABLED
05-23 09:26:41.024 732 732 I TransportConnection: LocalTransportService#0: Notifying [TransportManager.registerTransport()] transport = BackupTransportClient
01-01 08:00:27.619 0 0 W : [3 T1016 ..] [aml_cfg80211_connect 2096] vif:0 privacy=1, key=0000000000000000, key_len=0, key_idx=0 auth_type:0 wpa_versions:2
05-23 09:26:41.029 732 765 I ActivityManager: Start proc 2031:com.android.providers.tv/u0a26 for broadcast {com.android.providers.tv/com.android.providers.tv.BootCompletedReceiver}
05-23 09:26:41.045 732 873 W ContextImpl: Calling a method in the system process without a qualified user: android.app.ContextImpl.sendStickyBroadcast:1626 com.android.server.wifi.ClientModeImpl.sendNetworkChangeBroadcast:3008 com.android.server.wifi.ClientModeImpl.lambda$sendNetworkChangeBroadcastWithCurrentState$14:2985 com.android.server.wifi.ClientModeImpl.$r8$lambda$q-j88Pjw4gROgoJFr8wBlBVbuJI:0 com.android.server.wifi.ClientModeImpl$$ExternalSyntheticLambda4.send:0
05-23 09:26:41.052 732 1424 D BackupTransportManager: [UserID:0] Transport com.android.localtransport/.LocalTransportService registered
05-23 09:26:41.052 732 1424 D BackupManagerService: [UserID:0] Transport com.android.localtransport/.LocalTransport registered 3268ms after first request (delay = 3000ms)
01-01 08:00:27.625 0 0 W : [3 T1016 ..] set_scan_hang, flag:1, [aml_cfg80211_connect 2137]
01-01 08:00:27.625 0 0 W : [3 T1016 ..] >>> aml_send_sm_connect_req()
01-01 08:00:27.626 0 0 W : [3 T1016 ..] >>> aml_send_msg()
01-01 08:00:27.636 0 0 W : [2 T947 ..] ipc_sdio_host_msgack_handler 000000006008da04
01-01 08:00:27.636 0 0 W : [2 T947 ..] [aml_msgackind 2038] msg ack hostid=0xffffff8048d35f00
01-01 08:00:27.637 0 0 W : [2 T947 ..] [cmd_mgr_llind 329] cmd tkn[22] flags:001a result: -4 cmd:6144-SM_CONNECT_REQ - reqcfm(6145-SM_CONNECT_CFM)
01-01 08:00:27.639 0 0 W : [2 T947 ..] [cmd_mgr_msgind 409] cmd tkn[22] flags:0012 result: -4 cmd:6144-SM_CONNECT_REQ - reqcfm(6145-SM_CONNECT_CFM)
01-01 08:00:27.640 0 0 W : [2 T947 ..] [cmd_complete 65] cmd tkn[22] flags:0002 result: -4 cmd:6144-SM_CONNECT_REQ - reqcfm(6145-SM_CONNECT_CFM)
01-01 08:00:27.642 0 0 W : [1 T1016 ..] [aml_cfg80211_connect 2152] ssid=DZNB, center freq:5260
01-01 08:00:27.643 0 0 W : [1 T1016 ..] [recy_dbg][aml_recy_save_assoc_ 82] save assoc info
01-01 08:00:27.643 0 0 W : [1 T1016 ..] [recy_dbg][aml_recy_save_assoc_ 110] assoc info chan bw=1, center freq=5260
01-01 08:00:27.644 0 0 W : [1 T1016 ..] [recy_dbg][aml_recy_flags_set 57] set flags(0x1), new flags(0x1)
05-23 09:26:41.075 732 1019 D CompatibilityChangeReporter: Compat change id reported: 171306433; UID 10016; state: ENABLED
05-23 09:26:41.080 732 1019 D CompatibilityChangeReporter: Compat change id reported: 218533173; UID 10016; state: ENABLED
05-23 09:26:41.091 732 746 D CompatibilityChangeReporter: Compat change id reported: 168419799; UID 10026; state: DISABLED
05-23 09:26:41.092 732 746 D CompatibilityChangeReporter: Compat change id reported: 273564678; UID 10026; state: DISABLED
05-23 09:26:41.095 732 815 D CompatibilityChangeReporter: Compat change id reported: 265195908; UID 10026; state: ENABLED
05-23 09:26:41.100 732 1424 I BackupManagerService: [UserID:0] Found 63 stale backup journal(s), scheduling.
05-23 09:26:41.102 732 1019 D CompatibilityChangeReporter: Compat change id reported: 143231523; UID 10016; state: DISABLED
05-23 09:26:41.113 732 746 D CompatibilityChangeReporter: Compat change id reported: 170503758; UID 10026; state: ENABLED
01-01 08:00:27.748 0 0 W : [2 T947 ..] fmac patch_rc_init: station_id=0 format_mod=5 pre_type=1 short_gi=1 max_bw=2
01-01 08:00:27.748 0 0 W : [2 T947 ..] fmac patch_rc_init: nss_max=1 mcs_max=11 r_idx_min=4 r_idx_max=11 no_samples=10
05-23 09:26:41.178 732 764 D CompatibilityChangeReporter: Compat change id reported: 135634846; UID 10061; state: DISABLED
05-23 09:26:41.178 732 764 D CompatibilityChangeReporter: Compat change id reported: 177438394; UID 10061; state: DISABLED
05-23 09:26:41.179 732 764 D CompatibilityChangeReporter: Compat change id reported: 135772972; UID 10061; state: DISABLED
05-23 09:26:41.179 732 764 D CompatibilityChangeReporter: Compat change id reported: 135754954; UID 10061; state: ENABLED
05-23 09:26:41.179 732 765 D CompatibilityChangeReporter: Compat change id reported: 143937733; UID 10061; state: ENABLED
05-23 09:26:41.203 732 765 I ActivityManager: Start proc 2054:com.android.rkpdapp/u0a61 for broadcast {com.android.rkpdapp/com.android.rkpdapp.BootReceiver}
01-01 08:00:27.821 0 0 E [1 T242 ..] SELinux: avc: denied { find } for pid=2052 uid=0 name=activity scontext=u:r:init:s0 tcontext=u:object_r:activity_service:s0 tclass=service_manager permissive=1
05-23 09:26:41.291 732 746 D CompatibilityChangeReporter: Compat change id reported: 168419799; UID 10061; state: DISABLED
05-23 09:26:41.292 732 746 D CompatibilityChangeReporter: Compat change id reported: 273564678; UID 10061; state: DISABLED
05-23 09:26:41.297 732 815 D CompatibilityChangeReporter: Compat change id reported: 265195908; UID 10061; state: ENABLED
05-23 09:26:41.327 732 958 D CompatibilityChangeReporter: Compat change id reported: 170503758; UID 10061; state: ENABLED
05-23 09:26:41.365 732 1424 I BackupManagerService: [UserID:0] Stale backup journals: Scheduled 6 package(s) total
05-23 09:26:41.416 732 764 I ActivityManager: com.android.shell is exempt from freezer
05-23 09:26:41.417 732 764 D CompatibilityChangeReporter: Compat change id reported: 135634846; UID 2000; state: DISABLED
05-23 09:26:41.417 732 764 D CompatibilityChangeReporter: Compat change id reported: 177438394; UID 2000; state: DISABLED
05-23 09:26:41.418 732 764 D CompatibilityChangeReporter: Compat change id reported: 135772972; UID 2000; state: DISABLED
05-23 09:26:41.418 732 764 D CompatibilityChangeReporter: Compat change id reported: 135754954; UID 2000; state: ENABLED
05-23 09:26:41.436 732 765 I ActivityManager: Start proc 2088:com.android.shell/2000 for broadcast {com.android.shell/com.android.shell.HeapDumpReceiver}
05-23 09:26:41.467 732 1019 D CompatibilityChangeReporter: Compat change id reported: 168419799; UID 2000; state: DISABLED
05-23 09:26:41.468 732 1019 D CompatibilityChangeReporter: Compat change id reported: 273564678; UID 2000; state: DISABLED
05-23 09:26:41.472 732 815 D CompatibilityChangeReporter: Compat change id reported: 265195908; UID 2000; state: ENABLED
05-23 09:26:41.567 732 764 D CompatibilityChangeReporter: Compat change id reported: 135634846; UID 10028; state: DISABLED
05-23 09:26:41.568 732 764 D CompatibilityChangeReporter: Compat change id reported: 177438394; UID 10028; state: DISABLED
05-23 09:26:41.568 732 764 D CompatibilityChangeReporter: Compat change id reported: 135772972; UID 10028; state: DISABLED
05-23 09:26:41.568 732 764 D CompatibilityChangeReporter: Compat change id reported: 135754954; UID 10028; state: DISABLED
05-23 09:26:41.569 732 765 D CompatibilityChangeReporter: Compat change id reported: 143937733; UID 10028; state: DISABLED
01-01 08:00:28.146 0 0 W : [2 T947 ..] [aml_rx_sm_connect_ind 1282] vif_idx:0, status_code:0, sta_idx:0,center_freq:5260, center_freq1:5290, roamed:0, mac:58:c7:ac:78:f0:02
01-01 08:00:28.146 0 0 W : [2 T947 ..] set_scan_hang, flag:0, [aml_rx_sm_connect_ind 1283]
01-01 08:00:28.148 0 0 W : [2 T947 ..] [aml_chanctx_link 658] vif index:0 ch idx:0
01-01 08:00:28.148 0 0 W : [2 T947 ..] [aml_chanctx_link 668] band:1, bw:3 cfreq:5260, cfreq1:5290, cfreq2:0
01-01 08:00:28.149 0 0 W : [2 T947 ..] [aml_rx_sm_connect_ind 1439] ssid:DZNB, bss_freq:5260
01-01 08:00:28.150 0 0 W : [2 T947 ..] [aml_rx_sm_connect_ind_ex 1198] freq[5260 5290 0], bw:BW_80 max_mcs:11 format_mode:HE_SU no_ss:2ss short_gi:1
05-23 09:26:41.607 732 746 D CompatibilityChangeReporter: Compat change id reported: 271850009; UID 10061; state: ENABLED
05-23 09:26:41.607 732 746 D CompatibilityChangeReporter: Compat change id reported: 253665015; UID 10061; state: ENABLED
05-23 09:26:41.608 732 746 D CompatibilityChangeReporter: Compat change id reported: 194532703; UID 10061; state: ENABLED
05-23 09:26:41.618 732 765 W ActivityManager: Slow operation: 51ms so far, now at startProcess: returned from zygote!
05-23 09:26:41.618 732 765 W ActivityManager: Slow operation: 52ms so far, now at startProcess: done updating battery stats
05-23 09:26:41.618 732 765 W ActivityManager: Slow operation: 52ms so far, now at startProcess: building log message
05-23 09:26:41.618 732 765 I ActivityManager: Start proc 2108:com.android.statementservice/u0a28 for broadcast {com.android.statementservice/com.android.statementservice.domain.BootCompletedReceiver}
05-23 09:26:41.618 732 765 W ActivityManager: Slow operation: 52ms so far, now at startProcess: starting to update pids map
05-23 09:26:41.619 732 765 W ActivityManager: Slow operation: 52ms so far, now at startProcess: done updating pids map
01-01 08:00:28.235 0 0 W [2 T2109 ..] audit: audit_lost=91 audit_rate_limit=5 audit_backlog_limit=64
01-01 08:00:28.235 0 0 E [2 T2109 ..] audit: rate limit exceeded
05-23 09:26:41.663 732 1458 D CompatibilityChangeReporter: Compat change id reported: 168419799; UID 10028; state: DISABLED
05-23 09:26:41.663 732 1458 D CompatibilityChangeReporter: Compat change id reported: 273564678; UID 10028; state: DISABLED
05-23 09:26:41.665 732 815 D CompatibilityChangeReporter: Compat change id reported: 265195908; UID 10028; state: ENABLED
05-23 09:26:41.696 732 1458 D CompatibilityChangeReporter: Compat change id reported: 170503758; UID 10028; state: DISABLED
05-23 09:26:41.822 732 764 D CompatibilityChangeReporter: Compat change id reported: 135634846; UID 10077; state: DISABLED
05-23 09:26:41.824 732 765 D CompatibilityChangeReporter: Compat change id reported: 143937733; UID 10077; state: DISABLED
05-23 09:26:41.843 732 765 I ActivityManager: Start proc 2131:com.ktcp.video/u0a77 for broadcast {com.ktcp.video/com.ktcp.msg.lib.BootCompletedReceiver}
05-23 09:26:41.878 732 1019 D CompatibilityChangeReporter: Compat change id reported: 168419799; UID 10077; state: DISABLED
05-23 09:26:41.878 732 1019 D CompatibilityChangeReporter: Compat change id reported: 273564678; UID 10077; state: DISABLED
05-23 09:26:41.890 732 815 D CompatibilityChangeReporter: Compat change id reported: 265195908; UID 10077; state: ENABLED
05-23 09:26:41.907 732 1458 D CompatibilityChangeReporter: Compat change id reported: 170503758; UID 10077; state: DISABLED
05-23 09:26:41.912 732 1019 D CompatibilityChangeReporter: Compat change id reported: 271850009; UID 10028; state: DISABLED
05-23 09:26:41.913 732 1019 D CompatibilityChangeReporter: Compat change id reported: 253665015; UID 10028; state: DISABLED
05-23 09:26:41.914 732 1019 D CompatibilityChangeReporter: Compat change id reported: 194532703; UID 10028; state: DISABLED
01-01 08:00:28.543 0 0 W : [1 T948 ..] [SP FRAME RX] eapol,vif_idx:0
05-23 09:26:41.967 732 873 W ContextImpl: Calling a method in the system process without a qualified user: android.app.ContextImpl.sendStickyBroadcast:1626 com.android.server.wifi.ClientModeImpl.sendNetworkChangeBroadcast:3008 com.android.server.wifi.ClientModeImpl.lambda$sendNetworkChangeBroadcastWithCurrentState$14:2985 com.android.server.wifi.ClientModeImpl.$r8$lambda$q-j88Pjw4gROgoJFr8wBlBVbuJI:0 com.android.server.wifi.ClientModeImpl$$ExternalSyntheticLambda4.send:0
01-01 08:00:28.546 0 0 W [3 T1016 ..] aml_select_txq: set eap frame to vo
01-01 08:00:28.546 0 0 W : [3 T1016 ..] [SP FRAME TX] eapol,vif_idx:0
01-01 08:00:28.550 0 0 W : [1 T948 ..] [SP FRAME RX] eapol,vif_idx:0
01-01 08:00:28.550 0 0 W [0 T1016 ..] aml_select_txq: set eap frame to vo
01-01 08:00:28.551 0 0 W : [0 T1016 ..] [SP FRAME TX] eapol,vif_idx:0
01-01 08:00:28.552 0 0 W : [0 T1016 ..] [aml_cfg80211_add_key 1907] vif_idx:0 add PTK for index:0,sta_idx:0
01-01 08:00:28.552 0 0 W : [0 T1016 ..] >>> aml_send_key_add()
01-01 08:00:28.553 0 0 W [0 T1016 ..] aml_send_key_add: sta_idx:0 key_idx:0 inst_nbr:0 cipher:2 key_len:16
01-01 08:00:28.554 0 0 W : [0 T1016 ..] >>> aml_send_msg()
01-01 08:00:28.556 0 0 W : [2 T947 ..] ipc_sdio_host_msgack_handler 00000000829a59f0
01-01 08:00:28.556 0 0 W : [2 T947 ..] [aml_msgackind 2038] msg ack hostid=0xffffff806dfd8300
01-01 08:00:28.557 0 0 W : [2 T947 ..] [cmd_mgr_llind 329] cmd tkn[23] flags:001a result: -4 cmd: 36-MM_KEY_ADD_REQ - reqcfm( 37-MM_KEY_ADD_CFM)
01-01 08:00:28.559 0 0 W : [2 T947 ..] [cmd_mgr_msgind 409] cmd tkn[23] flags:0012 result: -4 cmd: 36-MM_KEY_ADD_REQ - reqcfm( 37-MM_KEY_ADD_CFM)
01-01 08:00:28.560 0 0 W : [2 T947 ..] [cmd_complete 65] cmd tkn[23] flags:0002 result: -4 cmd: 36-MM_KEY_ADD_REQ - reqcfm( 37-MM_KEY_ADD_CFM)
01-01 08:00:28.562 0 0 W : [0 T1016 ..] [aml_cfg80211_add_key 1907] vif_idx:0 add GTK for index:1,sta_idx:255
01-01 08:00:28.562 0 0 W : [0 T1016 ..] >>> aml_send_key_add()
01-01 08:00:28.565 0 0 W [0 T1016 ..] aml_send_key_add: sta_idx:255 key_idx:1 inst_nbr:0 cipher:1 key_len:32
01-01 08:00:28.566 0 0 W : [0 T1016 ..] >>> aml_send_msg()
01-01 08:00:28.569 0 0 W : [2 T947 ..] ipc_sdio_host_msgack_handler 00000000829a59f0
01-01 08:00:28.569 0 0 W : [2 T947 ..] [aml_msgackind 2038] msg ack hostid=0xffffff806dfd8300
01-01 08:00:28.570 0 0 W : [2 T947 ..] [cmd_mgr_llind 329] cmd tkn[24] flags:001a result: -4 cmd: 36-MM_KEY_ADD_REQ - reqcfm( 37-MM_KEY_ADD_CFM)
01-01 08:00:28.572 0 0 W : [2 T947 ..] [cmd_mgr_msgind 409] cmd tkn[24] flags:0012 result: -4 cmd: 36-MM_KEY_ADD_REQ - reqcfm( 37-MM_KEY_ADD_CFM)
01-01 08:00:28.573 0 0 W : [2 T947 ..] [cmd_complete 65] cmd tkn[24] flags:0002 result: -4 cmd: 36-MM_KEY_ADD_REQ - reqcfm( 37-MM_KEY_ADD_CFM)
01-01 08:00:28.576 0 0 W : [3 T1016 ..] >>> aml_send_me_set_control_port_req()
01-01 08:00:28.576 0 0 W : [3 T1016 ..] >>> aml_send_msg()
01-01 08:00:28.577 0 0 W : [2 T947 ..] ipc_sdio_host_msgack_handler 000000001df36570
01-01 08:00:28.577 0 0 W : [2 T947 ..] [aml_msgackind 2038] msg ack hostid=0xffffff807966b900
