05-23 09:26:37.117 258 258 I vold : Verified that /data/vendor_ce/0 has the encryption policy 34cb2d20570f09628c76b90271cdb68a v2 modes 1/4 flags 0xa
05-23 09:26:37.117 258 258 D vold : Preparing: /data/media/0
05-23 09:26:37.119 258 258 I vold : Verified that /data/media/0 has the encryption policy 34cb2d20570f09628c76b90271cdb68a v2 modes 1/4 flags 0xa
05-23 09:26:37.120 258 258 D vold : Preparing: /data/misc_ce/0
05-23 09:26:37.120 258 258 I vold : Verified that /data/misc_ce/0 has the encryption policy 34cb2d20570f09628c76b90271cdb68a v2 modes 1/4 flags 0xa
05-23 09:26:37.120 258 258 D vold : Preparing: /data/user/0
05-23 09:26:37.121 258 258 I vold : Verified that /data/user/0 has the encryption policy 34cb2d20570f09628c76b90271cdb68a v2 modes 1/4 flags 0xa
05-23 09:26:37.121 258 258 D vold : Starting restorecon of /data/system_ce/0
05-23 09:26:37.123 732 756 V ActivityManagerTiming: FinishBooting took to complete: 150ms
05-23 09:26:37.124 732 756 V WindowManager: app ------------- force_land :0
05-23 09:26:37.125 258 258 D vold : Finished restorecon of /data/system_ce/0
05-23 09:26:37.125 258 258 D vold : Starting restorecon of /data/vendor_ce/0
01-01 08:00:23.703 0 0 I [1 T1367 ..] selinux: SELinux: Skipping restorecon on directory(/data/system_ce/0)
05-23 09:26:37.126 732 756 V WindowManager: app ------------- force_land :0
05-23 09:26:37.129 258 258 D vold : Finished restorecon of /data/vendor_ce/0
05-23 09:26:37.129 258 258 D vold : Starting restorecon of /data/misc_ce/0
01-01 08:00:23.707 0 0 I [2 T1368 ..] selinux: SELinux: Skipping restorecon on directory(/data/vendor_ce/0)
05-23 09:26:37.133 732 764 I ActivityManager: com.android.devicelockcontroller is exempt from freezer
05-23 09:26:37.134 732 764 D CompatibilityChangeReporter: Compat change id reported: 135634846; UID 10058; state: DISABLED
05-23 09:26:37.134 732 764 D CompatibilityChangeReporter: Compat change id reported: 177438394; UID 10058; state: DISABLED
05-23 09:26:37.134 732 764 D CompatibilityChangeReporter: Compat change id reported: 135772972; UID 10058; state: DISABLED
05-23 09:26:37.134 732 764 D CompatibilityChangeReporter: Compat change id reported: 135754954; UID 10058; state: ENABLED
05-23 09:26:37.135 732 756 D ColorDisplayService: setUp: currentUser=0
05-23 09:26:37.135 732 765 D CompatibilityChangeReporter: Compat change id reported: 143937733; UID 10058; state: ENABLED
05-23 09:26:37.136 258 258 D vold : Finished restorecon of /data/misc_ce/0
05-23 09:26:37.136 258 258 D vold : /system/bin/vold_prepare_subdirs
05-23 09:26:37.136 258 258 D vold : prepare
05-23 09:26:37.136 258 258 D vold :
05-23 09:26:37.136 258 258 D vold : 0
05-23 09:26:37.136 258 258 D vold : 2
01-01 08:00:23.714 0 0 I [0 T1369 ..] selinux: SELinux: Skipping restorecon on directory(/data/misc_ce/0)
05-23 09:26:37.149 732 765 I ActivityManager: Start proc 1371:com.android.devicelockcontroller/u0a58 for broadcast {com.android.devicelockcontroller/com.android.devicelockcontroller.receivers.LockedBootCompletedReceiver}
01-01 08:00:23.724 0 0 W : [2 T640 ..] [aml_cfg80211_scan 1812] n_channels:36,iftype:2
01-01 08:00:23.724 0 0 W : [2 T640 ..] [aml_send_scanu_req 2532] vif:0
01-01 08:00:23.724 0 0 W : [2 T640 ..] [aml_send_scanu_req 2563] len:4 ssid:DZNB
01-01 08:00:23.725 0 0 W : [2 T640 ..] >>> aml_send_msg()
01-01 08:00:23.731 0 0 W : [1 T947 ..] ipc_sdio_host_msgack_handler 000000008fa7eb1f
01-01 08:00:23.731 0 0 W : [1 T947 ..] [aml_msgackind 2038] msg ack hostid=0xffffff804ad63a00
01-01 08:00:23.732 0 0 W : [1 T947 ..] [cmd_mgr_llind 329] cmd tkn[21] flags:0008 result: -4 cmd:4096-SCANU_START_REQ - reqcfm( 0-none)
01-01 08:00:23.733 0 0 W : [1 T947 ..] [cmd_complete 65] cmd tkn[21] flags:0000 result: -4 cmd:4096-SCANU_START_REQ - reqcfm( 0-none)
01-01 08:00:23.759 0 0 E : [3 T170 ..] can't find node dmabuf_manage's config:secure_vdec_def_size_bytes
01-01 08:00:23.759 0 0 E : [3 T170 ..] set config failed dmabuf_manage.secure_vdec_def_size_bytes=16777216
05-23 09:26:37.191 732 808 D CompatibilityChangeReporter: Compat change id reported: 168419799; UID 10058; state: DISABLED
05-23 09:26:37.191 732 808 D CompatibilityChangeReporter: Compat change id reported: 273564678; UID 10058; state: DISABLED
05-23 09:26:37.194 732 815 D CompatibilityChangeReporter: Compat change id reported: 265195908; UID 10058; state: ENABLED
05-23 09:26:37.207 732 808 D CompatibilityChangeReporter: Compat change id reported: 170503758; UID 10058; state: ENABLED
05-23 09:26:37.208 732 1018 D CompatibilityChangeReporter: Compat change id reported: 261072174; UID 1000; state: ENABLED
05-23 09:26:37.209 732 1018 W StorageManagerService: No primary storage defined yet; hacking together a stub
05-23 09:26:37.213 732 1352 W AdbDebuggingManager: Read failed with count -1
05-23 09:26:37.213 732 1352 E AdbDebuggingManager: Caught an exception opening the socket: java.io.IOException: Connection refused
05-23 09:26:37.282 732 753 V UserDataPreparer: Found /data/user/0 with serial number 0
05-23 09:26:37.282 732 753 V UserDataPreparer: Found /data/system_ce/0 with serial number 0
05-23 09:26:37.283 732 753 D UserDataPreparer: Setting property: sys.user.0.ce_available=true
05-23 09:26:37.284 732 753 V SystemServerTiming: prepareUserData-0 took to complete: 171ms
05-23 09:26:37.285 732 753 D SystemServerTiming: reconcileAppsData-0
05-23 09:26:37.285 732 753 V PackageManager: reconcileAppsData for null u0 0x2 migrateAppData=false
05-23 09:26:37.288 732 753 W PackageManager: Skipping preparing app data for com.android.configinfrastructure
05-23 09:26:37.288 732 753 W PackageManager: Skipping preparing app data for com.android.appsearch
05-23 09:26:37.288 732 753 W PackageManager: Skipping preparing app data for com.android.adservices
05-23 09:26:37.288 732 753 W PackageManager: Skipping preparing app data for com.android.scheduling
05-23 09:26:37.288 732 753 W PackageManager: Skipping preparing app data for com.google.android.widevine.nonupdatable
05-23 09:26:37.288 732 753 W PackageManager: Skipping preparing app data for com.android.permission
05-23 09:26:37.289 732 753 W PackageManager: Skipping preparing app data for com.android.art
05-23 09:26:37.289 732 753 W PackageManager: Skipping preparing app data for com.android.uwb
05-23 09:26:37.289 732 753 W PackageManager: Skipping preparing app data for com.android.tethering
05-23 09:26:37.289 732 753 W PackageManager: Skipping preparing app data for com.android.btservices
05-23 09:26:37.289 732 753 W PackageManager: Skipping preparing app data for com.android.media.swcodec
05-23 09:26:37.289 732 753 W PackageManager: Skipping preparing app data for com.android.conscrypt
05-23 09:26:37.289 732 753 W PackageManager: Skipping preparing app data for com.android.adbd
05-23 09:26:37.289 732 753 W PackageManager: Skipping preparing app data for com.android.i18n
05-23 09:26:37.289 732 753 W PackageManager: Skipping preparing app data for com.android.rkpd
05-23 09:26:37.289 732 753 W PackageManager: Skipping preparing app data for com.android.virt
05-23 09:26:37.289 732 753 W PackageManager: Skipping preparing app data for com.android.wifi
05-23 09:26:37.289 732 753 W PackageManager: Skipping preparing app data for com.android.runtime
05-23 09:26:37.289 732 753 W PackageManager: Skipping preparing app data for com.android.devicelock
05-23 09:26:37.289 732 753 W PackageManager: Skipping preparing app data for com.android.apex.cts.shim
05-23 09:26:37.289 732 753 W PackageManager: Skipping preparing app data for com.android.neuralnetworks
05-23 09:26:37.289 732 753 W PackageManager: Skipping preparing app data for com.android.healthfitness
05-23 09:26:37.290 732 753 W PackageManager: Skipping preparing app data for com.android.resolv
05-23 09:26:37.290 732 753 W PackageManager: Skipping preparing app data for com.android.sdkext
05-23 09:26:37.290 732 753 W PackageManager: Skipping preparing app data for com.android.tzdata
05-23 09:26:37.290 732 753 W PackageManager: Skipping preparing app data for com.android.vndk.v34
05-23 09:26:37.290 732 753 W PackageManager: Skipping preparing app data for com.android.os.statsd
05-23 09:26:37.290 732 753 W PackageManager: Skipping preparing app data for com.android.extservices
05-23 09:26:37.290 732 753 W PackageManager: Skipping preparing app data for com.amlogic.mediaextractor
05-23 09:26:37.290 732 753 W PackageManager: Skipping preparing app data for com.android.ipsec
05-23 09:26:37.290 732 753 W PackageManager: Skipping preparing app data for com.android.media
05-23 09:26:37.290 732 753 W PackageManager: Skipping preparing app data for com.android.sdksandbox
05-23 09:26:37.290 732 753 W PackageManager: Skipping preparing app data for com.android.mediaprovider
05-23 09:26:37.290 732 753 W PackageManager: Skipping preparing app data for com.android.ondevicepersonalization
05-23 09:26:37.329 732 732 W NotificationHistory: Attempted to add notif for locked/gone/disabled user 0
05-23 09:26:37.331 1371 1371 I DeviceLockControllerApplication: onCreate
05-23 09:26:37.339 1371 1371 I DeviceStateControllerImpl: Starting state is 0
05-23 09:26:37.345 1371 1371 I UserRestrictionsPolicyHandler: Build type DEBUG = true
05-23 09:26:37.349 732 1018 W WindowManager: [addWindow] title:InputMethod
05-23 09:26:37.350 732 1018 D CompatibilityChangeReporter: Compat change id reported: 168419799; UID 10039; state: DISABLED
05-23 09:26:37.350 732 1018 D CompatibilityChangeReporter: Compat change id reported: 273564678; UID 10039; state: DISABLED
05-23 09:26:37.350 1371 1371 D DevicePolicyControllerImpl: onStateChanged (0)
05-23 09:26:37.350 1371 1371 V UserRestrictionsPolicyHandler: Setting restrictions for 0
05-23 09:26:37.358 732 1018 W ActivityTaskManager: Current config: {1.0 ?mcc0mnc [zh_CN] ldltr sw720dp w1280dp h720dp 240dpi xlrg long land television -touch -keyb/v/h dpad/v winConfig={ mBounds=Rect(0, 0 - 1920, 1080) mAppBounds=Rect(0, 0 - 1920, 1080) mMaxBounds=Rect(0, 0 - 1920, 1080) mDisplayRotation=ROTATION_0 mWindowingMode=fullscreen mDisplayWindowingMode=fullscreen mActivityType=undefined mAlwaysOnTop=undefined mRotation=ROTATION_0} s.6 fontWeightAdjustment=0} unchanged for IME proc com.sohu.inputmethod.sogou.tv
05-23 09:26:37.358 732 1018 W ActivityTaskManager: Current config: {1.0 ?mcc0mnc [zh_CN] ldltr sw720dp w1280dp h720dp 240dpi xlrg long land television -touch -keyb/v/h dpad/v winConfig={ mBounds=Rect(0, 0 - 1920, 1080) mAppBounds=Rect(0, 0 - 1920, 1080) mMaxBounds=Rect(0, 0 - 1920, 1080) mDisplayRotation=ROTATION_0 mWindowingMode=fullscreen mDisplayWindowingMode=fullscreen mActivityType=undefined mAlwaysOnTop=undefined mRotation=ROTATION_0} s.6 fontWeightAdjustment=0} unchanged for IME proc com.sohu.inputmethod.sogou.tv
05-23 09:26:37.365 732 807 D CompatibilityChangeReporter: Compat change id reported: 261072174; UID 10058; state: ENABLED
05-23 09:26:37.370 732 958 D CoreBackPreview: Window{d93b2ed u0 InputMethod}: Setting back callback OnBackInvokedCallbackInfo{mCallback=android.window.IOnBackInvokedCallback$Stub$Proxy@1b57421, mPriority=0, mIsAnimationCallback=false}
05-23 09:26:37.372 1371 1371 D SetupParametersService: onCreate
05-23 09:26:37.374 1371 1371 D LockedBootCompletedReceiver: Locked Boot completed
05-23 09:26:37.379 732 1018 D CompatibilityChangeReporter: Compat change id reported: 161145287; UID 10039; state: DISABLED
05-23 09:26:37.383 1371 1409 I DlcClient: Binding com.android.devicelockcontroller/.storage.SetupParametersService
05-23 09:26:37.388 1371 1371 I DeviceLockControllerApplication: Policies enforced
05-23 09:26:37.389 1371 1414 D PackagePolicyHandler: Kiosk package is not set for state: 0
05-23 09:26:37.464 732 958 W StorageManagerService: No primary storage defined yet; hacking together a stub
05-23 09:26:37.491 732 753 V PackageManager: reconcileAppsData finished 145 packages
05-23 09:26:37.491 732 753 V SystemServerTiming: reconcileAppsData-0 took to complete: 206ms
05-23 09:26:37.491 732 753 V SystemServerTiming: UM.onBeforeUnlockUser-0 took to complete: 377ms
05-23 09:26:37.491 732 753 I ActivityManager: User 0 state changed from RUNNING_LOCKED to RUNNING_UNLOCKING
05-23 09:26:37.492 732 753 D ActivityManager: Unlocking user 0 progress 20
05-23 09:26:37.493 732 753 W Looper : Slow dispatch took 379ms android.fg h=android.os.Handler c=com.android.server.am.UserController$$ExternalSyntheticLambda2@ea9a23d m=0
05-23 09:26:37.493 732 764 D SystemServerTimingAsync: ssm.UnlockingUser-0
05-23 09:26:37.493 732 764 I SystemServiceManager: Calling onUnlockingUser 0
05-23 09:26:37.493 732 753 W Looper : Slow delivery took 379ms android.fg h=android.os.Handler c=com.android.server.am.UserController$$ExternalSyntheticLambda9@5d6da32 m=0
05-23 09:26:37.493 732 764 D SystemServerTimingAsync: ssm.onUnlockingUser-0_com.android.server.security.FileIntegrityService
05-23 09:26:37.493 732 764 V SystemServerTimingAsync: ssm.onUnlockingUser-0_com.android.server.security.FileIntegrityService took to complete: 0ms
05-23 09:26:37.493 732 764 D SystemServerTimingAsync: ssm.onUnlockingUser-0_com.android.server.pm.Installer
05-23 09:26:37.493 732 764 V SystemServerTimingAsync: ssm.onUnlockingUser-0_com.android.server.pm.Installer took to complete: 0ms
05-23 09:26:37.493 732 764 D SystemServerTimingAsync: ssm.onUnlockingUser-0_com.android.server.os.DeviceIdentifiersPolicyService
05-23 09:26:37.493 732 764 V SystemServerTimingAsync: ssm.onUnlockingUser-0_com.android.server.os.DeviceIdentifiersPolicyService took to complete: 0ms
05-23 09:26:37.493 732 764 D SystemServerTimingAsync: ssm.onUnlockingUser-0_com.android.server.flags.FeatureFlagsService
05-23 09:26:37.493 732 764 V SystemServerTimingAsync: ssm.onUnlockingUser-0_com.android.server.flags.FeatureFlagsService took to complete: 0ms
05-23 09:26:37.493 732 764 D SystemServerTimingAsync: ssm.onUnlockingUser-0_com.android.server.uri.UriGrantsManagerService$Lifecycle
05-23 09:26:37.493 732 764 V SystemServerTimingAsync: ssm.onUnlockingUser-0_com.android.server.uri.UriGrantsManagerService$Lifecycle took to complete: 0ms
05-23 09:26:37.493 732 764 D SystemServerTimingAsync: ssm.onUnlockingUser-0_com.android.server.powerstats.PowerStatsService
05-23 09:26:37.493 732 764 V SystemServerTimingAsync: ssm.onUnlockingUser-0_com.android.server.powerstats.PowerStatsService took to complete: 0ms
05-23 09:26:37.493 732 764 D SystemServerTimingAsync: ssm.onUnlockingUser-0_com.android.server.permission.access.AccessCheckingService
05-23 09:26:37.493 732 764 V SystemServerTimingAsync: ssm.onUnlockingUser-0_com.android.server.permission.access.AccessCheckingService took to complete: 0ms
05-23 09:26:37.493 732 764 D SystemServerTimingAsync: ssm.onUnlockingUser-0_com.android.server.wm.ActivityTaskManagerService$Lifecycle
05-23 09:26:37.493 732 764 V SystemServerTimingAsync: ssm.onUnlockingUser-0_com.android.server.wm.ActivityTaskManagerService$Lifecycle took to complete: 0ms
05-23 09:26:37.493 732 764 D SystemServerTimingAsync: ssm.onUnlockingUser-0_com.android.server.am.ActivityManagerService$Lifecycle
05-23 09:26:37.493 732 764 V SystemServerTimingAsync: ssm.onUnlockingUser-0_com.android.server.am.ActivityManagerService$Lifecycle took to complete: 0ms
05-23 09:26:37.493 732 764 D SystemServerTimingAsync: ssm.onUnlockingUser-0_com.android.server.pm.DataLoaderManagerService
05-23 09:26:37.493 732 764 V SystemServerTimingAsync: ssm.onUnlockingUser-0_com.android.server.pm.DataLoaderManagerService took to complete: 0ms
05-23 09:26:37.493 732 764 D SystemServerTimingAsync: ssm.onUnlockingUser-0_com.android.server.power.PowerManagerService
05-23 09:26:37.493 732 764 V SystemServerTimingAsync: ssm.onUnlockingUser-0_com.android.server.power.PowerManagerService took to complete: 0ms
05-23 09:26:37.493 732 764 D SystemServerTimingAsync: ssm.onUnlockingUser-0_com.android.server.power.ThermalManagerService
05-23 09:26:37.493 732 764 V SystemServerTimingAsync: ssm.onUnlockingUser-0_com.android.server.power.ThermalManagerService took to complete: 0ms
05-23 09:26:37.493 732 764 D SystemServerTimingAsync: ssm.onUnlockingUser-0_com.android.server.power.hint.HintManagerService
05-23 09:26:37.493 732 764 V SystemServerTimingAsync: ssm.onUnlockingUser-0_com.android.server.power.hint.HintManagerService took to complete: 0ms
05-23 09:26:37.493 732 764 D SystemServerTimingAsync: ssm.onUnlockingUser-0_com.android.server.recoverysystem.RecoverySystemService$Lifecycle
05-23 09:26:37.493 732 764 V SystemServerTimingAsync: ssm.onUnlockingUser-0_com.android.server.recoverysystem.RecoverySystemService$Lifecycle took to complete: 0ms
05-23 09:26:37.493 732 764 D SystemServerTimingAsync: ssm.onUnlockingUser-0_com.android.server.lights.LightsService
05-23 09:26:37.493 732 764 V SystemServerTimingAsync: ssm.onUnlockingUser-0_com.android.server.lights.LightsService took to complete: 0ms
05-23 09:26:37.493 732 764 D SystemServerTimingAsync: ssm.onUnlockingUser-0_com.android.server.display.DisplayManagerService
05-23 09:26:37.493 732 772 I BroadcastQueue: BOOT_COMPLETED_BROADCAST_COMPLETION_LATENCY_REPORTED action:android.intent.action.LOCKED_BOOT_COMPLETED dispatchLatency:29 completeLatency:408 dispatchRealLatency:29 completeRealLatency:408 receiversSize:4 userId:0 userType:android.os.usertype.full.SYSTEM
05-23 09:26:37.494 732 764 V SystemServerTimingAsync: ssm.onUnlockingUser-0_com.android.server.display.DisplayManagerService took to complete: 0ms
05-23 09:26:37.494 732 764 D SystemServerTimingAsync: ssm.onUnlockingUser-0_com.android.server.pm.verify.domain.DomainVerificationService
05-23 09:26:37.494 732 764 V SystemServerTimingAsync: ssm.onUnlockingUser-0_com.android.server.pm.verify.domain.DomainVerificationService took to complete: 0ms
05-23 09:26:37.494 732 764 D SystemServerTimingAsync: ssm.onUnlockingUser-0_com.android.server.pm.PackageInstallerService$Lifecycle
05-23 09:26:37.494 732 764 V SystemServerTimingAsync: ssm.onUnlockingUser-0_com.android.server.pm.PackageInstallerService$Lifecycle took to complete: 0ms
05-23 09:26:37.494 732 764 D SystemServerTimingAsync: ssm.onUnlockingUser-0_com.android.server.pm.UserManagerService$LifeCycle
05-23 09:26:37.494 732 764 V SystemServerTimingAsync: ssm.onUnlockingUser-0_com.android.server.pm.UserManagerService$LifeCycle took to complete: 0ms
05-23 09:26:37.494 732 764 D SystemServerTimingAsync: ssm.onUnlockingUser-0_com.android.server.om.OverlayManagerService
05-23 09:26:37.494 732 764 V SystemServerTimingAsync: ssm.onUnlockingUser-0_com.android.server.om.OverlayManagerService took to complete: 0ms
05-23 09:26:37.494 732 764 D SystemServerTimingAsync: ssm.onUnlockingUser-0_com.android.server.resources.ResourcesManagerService
05-23 09:26:37.494 732 764 V SystemServerTimingAsync: ssm.onUnlockingUser-0_com.android.server.resources.ResourcesManagerService took to complete: 0ms
05-23 09:26:37.494 732 764 D SystemServerTimingAsync: ssm.onUnlockingUser-0_com.android.server.sensorprivacy.SensorPrivacyService
05-23 09:26:37.494 732 764 V SystemServerTimingAsync: ssm.onUnlockingUser-0_com.android.server.sensorprivacy.SensorPrivacyService took to complete: 0ms
05-23 09:26:37.494 732 764 D SystemServerTimingAsync: ssm.onUnlockingUser-0_com.android.server.sensors.SensorService
05-23 09:26:37.494 732 764 V SystemServerTimingAsync: ssm.onUnlockingUser-0_com.android.server.sensors.SensorService took to complete: 0ms
05-23 09:26:37.494 732 764 D SystemServerTimingAsync: ssm.onUnlockingUser-0_com.android.server.SystemConfigService
05-23 09:26:37.494 732 764 V SystemServerTimingAsync: ssm.onUnlockingUser-0_com.android.server.SystemConfigService took to complete: 0ms
05-23 09:26:37.494 732 764 D SystemServerTimingAsync: ssm.onUnlockingUser-0_com.android.server.BatteryService
05-23 09:26:37.494 732 764 V SystemServerTimingAsync: ssm.onUnlockingUser-0_com.android.server.BatteryService took to complete: 0ms
05-23 09:26:37.494 732 764 D SystemServerTimingAsync: ssm.onUnlockingUser-0_com.android.server.usage.UsageStatsService
05-23 09:26:37.494 732 753 W Looper : Drained
01-01 08:00:24.074 0 0 I [3 T440 ..] apexd: destroyCeSnapshotsNotSpecified() received by ApexService user_id : 0 retain_rollback_ids : []
05-23 09:26:37.494 732 764 V SystemServerTimingAsync: ssm.onUnlockingUser-0_com.android.server.usage.UsageStatsService took to complete: 0ms
05-23 09:26:37.494 732 764 D SystemServerTimingAsync: ssm.onUnlockingUser-0_com.android.server.webkit.WebViewUpdateService
05-23 09:26:37.494 732 764 V SystemServerTimingAsync: ssm.onUnlockingUser-0_com.android.server.webkit.WebViewUpdateService took to complete: 0ms
05-23 09:26:37.494 732 764 D SystemServerTimingAsync: ssm.onUnlockingUser-0_com.android.server.CachedDeviceStateService
05-23 09:26:37.494 732 764 V SystemServerTimingAsync: ssm.onUnlockingUser-0_com.android.server.CachedDeviceStateService took to complete: 0ms
05-23 09:26:37.494 732 764 D SystemServerTimingAsync: ssm.onUnlockingUser-0_com.android.server.BinderCallsStatsService$LifeCycle
05-23 09:26:37.494 732 764 V SystemServerTimingAsync: ssm.onUnlockingUser-0_com.android.server.BinderCallsStatsService$LifeCycle took to complete: 0ms
05-23 09:26:37.494 732 764 D SystemServerTimingAsync: ssm.onUnlockingUser-0_com.android.server.LooperStatsService$Lifecycle
05-23 09:26:37.494 732 764 V SystemServerTimingAsync: ssm.onUnlockingUser-0_com.android.server.LooperStatsService$Lifecycle took to complete: 0ms
05-23 09:26:37.494 732 764 D SystemServerTimingAsync: ssm.onUnlockingUser-0_com.android.server.rollback.RollbackManagerService
05-23 09:26:37.495 732 764 V SystemServerTimingAsync: ssm.onUnlockingUser-0_com.android.server.rollback.RollbackManagerService took to complete: 0ms
05-23 09:26:37.495 732 764 D SystemServerTimingAsync: ssm.onUnlockingUser-0_com.android.server.os.NativeTombstoneManagerService
05-23 09:26:37.495 732 764 V SystemServerTimingAsync: ssm.onUnlockingUser-0_com.android.server.os.NativeTombstoneManagerService took to complete: 0ms
05-23 09:26:37.495 732 764 D SystemServerTimingAsync: ssm.onUnlockingUser-0_com.android.server.os.BugreportManagerService
05-23 09:26:37.495 732 764 V SystemServerTimingAsync: ssm.onUnlockingUser-0_com.android.server.os.BugreportManagerService took to complete: 0ms
05-23 09:26:37.495 732 764 D SystemServerTimingAsync: ssm.onUnlockingUser-0_com.android.server.gpu.GpuService
05-23 09:26:37.495 732 764 V SystemServerTimingAsync: ssm.onUnlockingUser-0_com.android.server.gpu.GpuService took to complete: 0ms
05-23 09:26:37.495 732 764 D SystemServerTimingAsync: ssm.onUnlockingUser-0_com.android.server.security.rkp.RemoteProvisioningService
05-23 09:26:37.495 732 764 V SystemServerTimingAsync: ssm.onUnlockingUser-0_com.android.server.security.rkp.RemoteProvisioningService took to complete: 0ms
05-23 09:26:37.495 732 764 D SystemServerTimingAsync: ssm.onUnlockingUser-0_com.android.server.cpu.CpuMonitorService
05-23 09:26:37.495 732 764 V SystemServerTimingAsync: ssm.onUnlockingUser-0_com.android.server.cpu.CpuMonitorService took to complete: 0ms
05-23 09:26:37.495 732 764 D SystemServerTimingAsync: ssm.onUnlockingUser-0_com.android.server.security.KeyChainSystemService
05-23 09:26:37.495 732 764 V SystemServerTimingAsync: ssm.onUnlockingUser-0_com.android.server.security.KeyChainSystemService took to complete: 0ms
05-23 09:26:37.495 732 764 D SystemServerTimingAsync: ssm.onUnlockingUser-0_com.android.server.BinaryTransparencyService
05-23 09:26:37.495 732 764 V SystemServerTimingAsync: ssm.onUnlockingUser-0_com.android.server.BinaryTransparencyService took to complete: 0ms
05-23 09:26:37.495 732 764 D SystemServerTimingAsync: ssm.onUnlockingUser-0_com.android.server.accounts.AccountManagerService$Lifecycle
05-23 09:26:37.495 732 764 V SystemServerTimingAsync: ssm.onUnlockingUser-0_com.android.server.accounts.AccountManagerService$Lifecycle took to complete: 1ms
05-23 09:26:37.495 732 764 D SystemServerTimingAsync: ssm.onUnlockingUser-0_com.android.server.content.ContentService$Lifecycle
05-23 09:26:37.496 732 764 V SystemServerTimingAsync: ssm.onUnlockingUser-0_com.android.server.content.ContentService$Lifecycle took to complete: 0ms
05-23 09:26:37.496 732 764 D SystemServerTimingAsync: ssm.onUnlockingUser-0_com.android.server.deviceconfig.DeviceConfigInit$Lifecycle
05-23 09:26:37.496 732 764 V SystemServerTimingAsync: ssm.onUnlockingUser-0_com.android.server.deviceconfig.DeviceConfigInit$Lifecycle took to complete: 0ms
05-23 09:26:37.496 732 764 D SystemServerTimingAsync: ssm.onUnlockingUser-0_com.android.server.DropBoxManagerService
05-23 09:26:37.496 732 764 V SystemServerTimingAsync: ssm.onUnlockingUser-0_com.android.server.DropBoxManagerService took to complete: 0ms
05-23 09:26:37.496 732 764 D SystemServerTimingAsync: ssm.onUnlockingUser-0_com.android.role.RoleService
05-23 09:26:37.496 732 764 V SystemServerTimingAsync: ssm.onUnlockingUser-0_com.android.role.RoleService took to complete: 0ms
05-23 09:26:37.496 732 764 D SystemServerTimingAsync: ssm.onUnlockingUser-0_com.android.server.vibrator.VibratorManagerService$Lifecycle
05-23 09:26:37.496 732 764 V SystemServerTimingAsync: ssm.onUnlockingUser-0_com.android.server.vibrator.VibratorManagerService$Lifecycle took to complete: 0ms
05-23 09:26:37.496 732 764 D SystemServerTimingAsync: ssm.onUnlockingUser-0_com.android.server.tare.InternalResourceService
05-23 09:26:37.496 732 764 V SystemServerTimingAsync: ssm.onUnlockingUser-0_com.android.server.tare.InternalResourceService took to complete: 0ms
05-23 09:26:37.496 732 764 D SystemServerTimingAsync: ssm.onUnlockingUser-0_com.android.server.alarm.AlarmManagerService
05-23 09:26:37.496 732 764 V SystemServerTimingAsync: ssm.onUnlockingUser-0_com.android.server.alarm.AlarmManagerService took to complete: 0ms
05-23 09:26:37.496 732 764 D SystemServerTimingAsync: ssm.onUnlockingUser-0_com.android.server.devicestate.DeviceStateManagerService
05-23 09:26:37.496 732 764 V SystemServerTimingAsync: ssm.onUnlockingUser-0_com.android.server.devicestate.DeviceStateManagerService took to complete: 0ms
05-23 09:26:37.496 732 764 D SystemServerTimingAsync: ssm.onUnlockingUser-0_com.android.server.camera.CameraServiceProxy
05-23 09:26:37.496 732 764 V SystemServerTimingAsync: ssm.onUnlockingUser-0_com.android.server.camera.CameraServiceProxy took to complete: 0ms
05-23 09:26:37.496 732 764 D SystemServerTimingAsync: ssm.onUnlockingUser-0_com.android.server.bluetooth.BluetoothService
05-23 09:26:37.496 732 764 V SystemServerTimingAsync: ssm.onUnlockingUser-0_com.android.server.bluetooth.BluetoothService took to complete: 0ms
05-23 09:26:37.496 732 764 D SystemServerTimingAsync: ssm.onUnlockingUser-0_com.android.server.connectivity.IpConnectivityMetrics
05-23 09:26:37.497 732 764 V SystemServerTimingAsync: ssm.onUnlockingUser-0_com.android.server.connectivity.IpConnectivityMetrics took to complete: 0ms
05-23 09:26:37.497 732 764 D SystemServerTimingAsync: ssm.onUnlockingUser-0_com.android.server.net.watchlist.NetworkWatchlistService$Lifecycle
05-23 09:26:37.497 732 764 V SystemServerTimingAsync: ssm.onUnlockingUser-0_com.android.server.net.watchlist.NetworkWatchlistService$Lifecycle took to complete: 0ms
05-23 09:26:37.497 732 764 D SystemServerTimingAsync: ssm.onUnlockingUser-0_com.android.server.PinnerService
05-23 09:26:37.497 732 764 V SystemServerTimingAsync: ssm.onUnlockingUser-0_com.android.server.PinnerService took to complete: 0ms
05-23 09:26:37.497 732 764 D SystemServerTimingAsync: ssm.onUnlockingUser-0_com.android.server.integrity.AppIntegrityManagerService
05-23 09:26:37.497 732 764 V SystemServerTimingAsync: ssm.onUnlockingUser-0_com.android.server.integrity.AppIntegrityManagerService took to complete: 0ms
05-23 09:26:37.497 732 764 D SystemServerTimingAsync: ssm.onUnlockingUser-0_com.android.server.logcat.LogcatManagerService
05-23 09:26:37.497 732 764 V SystemServerTimingAsync: ssm.onUnlockingUser-0_com.android.server.logcat.LogcatManagerService took to complete: 0ms
05-23 09:26:37.497 732 764 D SystemServerTimingAsync: ssm.onUnlockingUser-0_com.android.server.inputmethod.InputMethodManagerService$Lifecycle
05-23 09:26:37.497 732 764 V SystemServerTimingAsync: ssm.onUnlockingUser-0_com.android.server.inputmethod.InputMethodManagerService$Lifecycle took to complete: 0ms
05-23 09:26:37.497 732 764 D SystemServerTimingAsync: ssm.onUnlockingUser-0_com.android.server.accessibility.AccessibilityManagerService$Lifecycle
05-23 09:26:37.497 732 764 V SystemServerTimingAsync: ssm.onUnlockingUser-0_com.android.server.accessibility.AccessibilityManagerService$Lifecycle took to complete: 0ms
05-23 09:26:37.497 732 764 D SystemServerTimingAsync: ssm.onUnlockingUser-0_com.android.server.StorageManagerService$Lifecycle
05-23 09:26:37.497 732 764 D StorageManagerService: onUnlockUser 0
05-23 09:26:37.497 732 764 I StorageSessionController: On user unlock 0
05-23 09:26:37.497 732 764 I StorageSessionController: Initialialising...
05-23 09:26:37.498 258 258 I vold : onUserStarted: 0
05-23 09:26:37.510 732 958 V StorageManagerService: Found primary storage at VolumeInfo{emulated;0}:
05-23 09:26:37.510 732 958 V StorageManagerService: type=EMULATED diskId=null partGuid= mountFlags=0 mountUserId=0
05-23 09:26:37.510 732 958 V StorageManagerService: state=UNMOUNTED
05-23 09:26:37.510 732 958 V StorageManagerService: fsType=null fsUuid=null fsLabel=null
05-23 09:26:37.510 732 958 V StorageManagerService: path=null internalPath=null
05-23 09:26:37.511 732 849 I StorageManagerService: Mounting volume VolumeInfo{emulated;0}:
05-23 09:26:37.511 732 849 I StorageManagerService: type=EMULATED diskId=null partGuid= mountFlags=PRIMARY|VISIBLE_FOR_WRITE
05-23 09:26:37.511 732 849 I StorageManagerService: mountUserId=0 state=UNMOUNTED
05-23 09:26:37.511 732 849 I StorageManagerService: fsType=null fsUuid=null fsLabel=null
05-23 09:26:37.511 732 849 I StorageManagerService: path=null internalPath=null
05-23 09:26:37.512 258 258 I vold : Mounting emulated fuse volume
05-23 09:26:37.512 732 764 V SystemServerTimingAsync: ssm.onUnlockingUser-0_com.android.server.StorageManagerService$Lifecycle took to complete: 16ms
05-23 09:26:37.513 732 764 D SystemServerTimingAsync: ssm.onUnlockingUser-0_com.android.server.usage.StorageStatsService$Lifecycle
05-23 09:26:37.513 732 764 V SystemServerTimingAsync: ssm.onUnlockingUser-0_com.android.server.usage.StorageStatsService$Lifecycle took to complete: 0ms
05-23 09:26:37.513 732 764 D SystemServerTimingAsync: ssm.onUnlockingUser-0_com.android.server.UiModeManagerService
05-23 09:26:37.513 732 764 V SystemServerTimingAsync: ssm.onUnlockingUser-0_com.android.server.UiModeManagerService took to complete: 0ms
05-23 09:26:37.513 732 764 D SystemServerTimingAsync: ssm.onUnlockingUser-0_com.android.server.locales.LocaleManagerService
05-23 09:26:37.513 732 764 V SystemServerTimingAsync: ssm.onUnlockingUser-0_com.android.server.locales.LocaleManagerService took to complete: 0ms
05-23 09:26:37.513 732 764 D SystemServerTimingAsync: ssm.onUnlockingUser-0_com.android.server.grammaticalinflection.GrammaticalInflectionService
05-23 09:26:37.513 732 764 V SystemServerTimingAsync: ssm.onUnlockingUser-0_com.android.server.grammaticalinflection.GrammaticalInflectionService took to complete: 0ms
05-23 09:26:37.513 732 764 D SystemServerTimingAsync: ssm.onUnlockingUser-0_com.android.server.apphibernation.AppHibernationService
05-23 09:26:37.513 732 764 V SystemServerTimingAsync: ssm.onUnlockingUser-0_com.android.server.apphibernation.AppHibernationService took to complete: 0ms
05-23 09:26:37.513 732 764 D SystemServerTimingAsync: ssm.onUnlockingUser-0_com.android.server.locksettings.LockSettingsService$Lifecycle
05-23 09:26:37.513 732 771 W BatteryExternalStatsWorker: error reading modem stats:ERROR_PHONE_NOT_AVAILABLE
05-23 09:26:37.513 732 764 V SystemServerTimingAsync: ssm.onUnlockingUser-0_com.android.server.locksettings.LockSettingsService$Lifecycle took to complete: 0ms
05-23 09:26:37.513 732 764 D SystemServerTimingAsync: ssm.onUnlockingUser-0_com.android.server.PersistentDataBlockService
05-23 09:26:37.513 732 1343 I HibernationStateDiskStore: No hibernation file on disk for file /data/system_ce/0/hibernation/states
05-23 09:26:37.514 732 764 V SystemServerTimingAsync: ssm.onUnlockingUser-0_com.android.server.PersistentDataBlockService took to complete: 0ms
05-23 09:26:37.514 732 764 D SystemServerTimingAsync: ssm.onUnlockingUser-0_com.android.server.testharness.TestHarnessModeService
05-23 09:26:37.514 732 764 V SystemServerTimingAsync: ssm.onUnlockingUser-0_com.android.server.testharness.TestHarnessModeService took to complete: 0ms
05-23 09:26:37.514 732 764 D SystemServerTimingAsync: ssm.onUnlockingUser-0_com.android.server.oemlock.OemLockService
05-23 09:26:37.514 732 764 V SystemServerTimingAsync: ssm.onUnlockingUser-0_com.android.server.oemlock.OemLockService took to complete: 0ms
05-23 09:26:37.514 732 764 D SystemServerTimingAsync: ssm.onUnlockingUser-0_com.android.server.DeviceIdleController
05-23 09:26:37.514 732 764 V SystemServerTimingAsync: ssm.onUnlockingUser-0_com.android.server.DeviceIdleController took to complete: 0ms
05-23 09:26:37.514 732 764 D SystemServerTimingAsync: ssm.onUnlockingUser-0_com.android.server.devicepolicy.DevicePolicyManagerService$Lifecycle
05-23 09:26:37.514 732 764 V SystemServerTimingAsync: ssm.onUnlockingUser-0_com.android.server.devicepolicy.DevicePolicyManagerService$Lifecycle took to complete: 1ms
05-23 09:26:37.515 732 764 D SystemServerTimingAsync: ssm.onUnlockingUser-0_com.android.server.texttospeech.TextToSpeechManagerService
05-23 09:26:37.515 732 764 V SystemServerTimingAsync: ssm.onUnlockingUser-0_com.android.server.texttospeech.TextToSpeechManagerService took to complete: 0ms
05-23 09:26:37.515 732 764 D SystemServerTimingAsync: ssm.onUnlockingUser-0_com.android.server.ambientcontext.AmbientContextManagerService
05-23 09:26:37.515 732 764 I AmbientContextManagerService: serviceNames sent in newServiceListLocked is null, or empty
05-23 09:26:37.515 732 764 V SystemServerTimingAsync: ssm.onUnlockingUser-0_com.android.server.ambientcontext.AmbientContextManagerService took to complete: 1ms
05-23 09:26:37.515 732 764 D SystemServerTimingAsync: ssm.onUnlockingUser-0_com.android.server.wearable.WearableSensingManagerService
05-23 09:26:37.515 732 764 D WearableSensingManagerService: onServiceRemoved
05-23 09:26:37.515 732 764 D WearableSensingManagerPerUserService: Trying to cancel the remote request. Reason: Service destroyed.
05-23 09:26:37.516 732 764 V SystemServerTimingAsync: ssm.onUnlockingUser-0_com.android.server.wearable.WearableSensingManagerService took to complete: 0ms
05-23 09:26:37.516 732 764 D SystemServerTimingAsync: ssm.onUnlockingUser-0_com.android.server.speech.SpeechRecognitionManagerService
05-23 09:26:37.516 732 764 V SystemServerTimingAsync: ssm.onUnlockingUser-0_com.android.server.speech.SpeechRecognitionManagerService took to complete: 0ms
05-23 09:26:37.516 732 764 D SystemServerTimingAsync: ssm.onUnlockingUser-0_com.android.server.searchui.SearchUiManagerService
05-23 09:26:37.516 732 764 V SystemServerTimingAsync: ssm.onUnlockingUser-0_com.android.server.searchui.SearchUiManagerService took to complete: 1ms
05-23 09:26:37.516 732 764 D SystemServerTimingAsync: ssm.onUnlockingUser-0_com.android.server.smartspace.SmartspaceManagerService
05-23 09:26:37.517 732 764 V SystemServerTimingAsync: ssm.onUnlockingUser-0_com.android.server.smartspace.SmartspaceManagerService took to complete: 0ms
05-23 09:26:37.517 732 764 D SystemServerTimingAsync: ssm.onUnlockingUser-0_com.android.server.graphics.fonts.FontManagerService$Lifecycle
05-23 09:26:37.517 732 764 V SystemServerTimingAsync: ssm.onUnlockingUser-0_com.android.server.graphics.fonts.FontManagerService$Lifecycle took to complete: 0ms
05-23 09:26:37.517 732 764 D SystemServerTimingAsync: ssm.onUnlockingUser-0_com.android.server.textservices.TextServicesManagerService$Lifecycle
05-23 09:26:37.517 732 764 W TextServicesManagerService: no available spell checker services found
05-23 09:26:37.517 732 764 V SystemServerTimingAsync: ssm.onUnlockingUser-0_com.android.server.textservices.TextServicesManagerService$Lifecycle took to complete: 0ms
05-23 09:26:37.517 732 764 D SystemServerTimingAsync: ssm.onUnlockingUser-0_com.android.server.textclassifier.TextClassificationManagerService$Lifecycle
05-23 09:26:37.518 732 764 V SystemServerTimingAsync: ssm.onUnlockingUser-0_com.android.server.textclassifier.TextClassificationManagerService$Lifecycle took to complete: 0ms
05-23 09:26:37.518 732 764 D SystemServerTimingAsync: ssm.onUnlockingUser-0_com.android.server.NetworkScoreService$Lifecycle
05-23 09:26:37.518 732 764 V SystemServerTimingAsync: ssm.onUnlockingUser-0_com.android.server.NetworkScoreService$Lifecycle took to complete: 0ms
05-23 09:26:37.518 732 764 D SystemServerTimingAsync: ssm.onUnlockingUser-0_com.android.server.NetworkStatsServiceInitializer
05-23 09:26:37.518 732 764 V SystemServerTimingAsync: ssm.onUnlockingUser-0_com.android.server.NetworkStatsServiceInitializer took to complete: 0ms
05-23 09:26:37.518 732 764 D SystemServerTimingAsync: ssm.onUnlockingUser-0_com.android.server.wifi.WifiService
05-23 09:26:37.519 732 764 V SystemServerTimingAsync: ssm.onUnlockingUser-0_com.android.server.wifi.WifiService took to complete: 1ms
05-23 09:26:37.519 732 764 D SystemServerTimingAsync: ssm.onUnlockingUser-0_com.android.server.wifi.scanner.WifiScanningService
05-23 09:26:37.519 732 764 V SystemServerTimingAsync: ssm.onUnlockingUser-0_com.android.server.wifi.scanner.WifiScanningService took to complete: 0ms
05-23 09:26:37.519 732 764 D SystemServerTimingAsync: ssm.onUnlockingUser-0_com.android.server.wifi.p2p.WifiP2pService
05-23 09:26:37.519 732 764 V SystemServerTimingAsync: ssm.onUnlockingUser-0_com.android.server.wifi.p2p.WifiP2pService took to complete: 0ms
05-23 09:26:37.519 732 764 D SystemServerTimingAsync: ssm.onUnlockingUser-0_com.android.server.ConnectivityServiceInitializer
05-23 09:26:37.519 732 764 V SystemServerTimingAsync: ssm.onUnlockingUser-0_com.android.server.ConnectivityServiceInitializer took to complete: 0ms
05-23 09:26:37.519 732 764 D SystemServerTimingAsync: ssm.onUnlockingUser-0_com.android.server.notification.NotificationManagerService
05-23 09:26:37.519 732 764 V SystemServerTimingAsync: ssm.onUnlockingUser-0_com.android.server.notification.NotificationManagerService took to complete: 0ms
05-23 09:26:37.519 732 764 D SystemServerTimingAsync: ssm.onUnlockingUser-0_com.android.server.storage.DeviceStorageMonitorService
05-23 09:26:37.519 732 764 V SystemServerTimingAsync: ssm.onUnlockingUser-0_com.android.server.storage.DeviceStorageMonitorService took to complete: 0ms
05-23 09:26:37.519 732 764 D SystemServerTimingAsync: ssm.onUnlockingUser-0_com.android.server.timedetector.TimeDetectorService$Lifecycle
05-23 09:26:37.519 732 764 V SystemServerTimingAsync: ssm.onUnlockingUser-0_com.android.server.timedetector.TimeDetectorService$Lifecycle took to complete: 0ms
05-23 09:26:37.519 732 764 D SystemServerTimingAsync: ssm.onUnlockingUser-0_com.android.server.location.LocationManagerService$Lifecycle
05-23 09:26:37.519 732 764 V SystemServerTimingAsync: ssm.onUnlockingUser-0_com.android.server.location.LocationManagerService$Lifecycle took to complete: 0ms
05-23 09:26:37.519 732 764 D SystemServerTimingAsync: ssm.onUnlockingUser-0_com.android.server.timezonedetector.TimeZoneDetectorService$Lifecycle
05-23 09:26:37.519 732 764 V SystemServerTimingAsync: ssm.onUnlockingUser-0_com.android.server.timezonedetector.TimeZoneDetectorService$Lifecycle took to complete: 0ms
05-23 09:26:37.519 732 764 D SystemServerTimingAsync: ssm.onUnlockingUser-0_com.android.server.location.altitude.AltitudeService$Lifecycle
05-23 09:26:37.519 732 764 V SystemServerTimingAsync: ssm.onUnlockingUser-0_com.android.server.location.altitude.AltitudeService$Lifecycle took to complete: 0ms
05-23 09:26:37.519 732 764 D SystemServerTimingAsync: ssm.onUnlockingUser-0_com.android.server.timezonedetector.location.LocationTimeZoneManagerService$Lifecycle
05-23 09:26:37.519 732 764 V SystemServerTimingAsync: ssm.onUnlockingUser-0_com.android.server.timezonedetector.location.LocationTimeZoneManagerService$Lifecycle took to complete: 0ms
05-23 09:26:37.519 732 764 D SystemServerTimingAsync: ssm.onUnlockingUser-0_com.android.server.search.SearchManagerService$Lifecycle
05-23 09:26:37.519 732 764 V SystemServerTimingAsync: ssm.onUnlockingUser-0_com.android.server.search.SearchManagerService$Lifecycle took to complete: 1ms
05-23 09:26:37.519 732 764 D SystemServerTimingAsync: ssm.onUnlockingUser-0_com.android.server.wallpaper.WallpaperManagerService$Lifecycle
05-23 09:26:37.519 732 764 V SystemServerTimingAsync: ssm.onUnlockingUser-0_com.android.server.wallpaper.WallpaperManagerService$Lifecycle took to complete: 0ms
05-23 09:26:37.519 732 764 D SystemServerTimingAsync: ssm.onUnlockingUser-0_com.android.server.wallpapereffectsgeneration.WallpaperEffectsGenerationManagerService
05-23 09:26:37.520 732 764 V SystemServerTimingAsync: ssm.onUnlockingUser-0_com.android.server.wallpapereffectsgeneration.WallpaperEffectsGenerationManagerService took to complete: 0ms
05-23 09:26:37.520 732 764 D SystemServerTimingAsync: ssm.onUnlockingUser-0_com.android.server.audio.AudioService$Lifecycle
05-23 09:26:37.520 732 764 V SystemServerTimingAsync: ssm.onUnlockingUser-0_com.android.server.audio.AudioService$Lifecycle took to complete: 0ms
05-23 09:26:37.520 732 764 D SystemServerTimingAsync: ssm.onUnlockingUser-0_com.android.server.soundtrigger_middleware.SoundTriggerMiddlewareService$Lifecycle
05-23 09:26:37.520 732 764 V SystemServerTimingAsync: ssm.onUnlockingUser-0_com.android.server.soundtrigger_middleware.SoundTriggerMiddlewareService$Lifecycle took to complete: 0ms
05-23 09:26:37.520 732 764 D SystemServerTimingAsync: ssm.onUnlockingUser-0_com.android.server.adb.AdbService$Lifecycle
05-23 09:26:37.520 732 764 V SystemServerTimingAsync: ssm.onUnlockingUser-0_com.android.server.adb.AdbService$Lifecycle took to complete: 0ms
05-23 09:26:37.520 732 764 D SystemServerTimingAsync: ssm.onUnlockingUser-0_com.android.server.usb.UsbService$Lifecycle
05-23 09:26:37.522 732 854 D LockSettingsService: Hiding encryption notification for user 0
05-23 09:26:37.522 732 764 V SystemServerTimingAsync: ssm.onUnlockingUser-0_com.android.server.usb.UsbService$Lifecycle took to complete: 2ms
05-23 09:26:37.522 732 764 D SystemServerTimingAsync: ssm.onUnlockingUser-0_com.android.server.twilight.TwilightService
05-23 09:26:37.522 732 764 V SystemServerTimingAsync: ssm.onUnlockingUser-0_com.android.server.twilight.TwilightService took to complete: 0ms
05-23 09:26:37.522 732 764 D SystemServerTimingAsync: ssm.onUnlockingUser-0_com.android.server.display.color.ColorDisplayService
05-23 09:26:37.522 732 764 V SystemServerTimingAsync: ssm.onUnlockingUser-0_com.android.server.display.color.ColorDisplayService took to complete: 0ms
05-23 09:26:37.522 732 764 D SystemServerTimingAsync: ssm.onUnlockingUser-0_com.android.server.job.JobSchedulerService
05-23 09:26:37.522 732 764 V SystemServerTimingAsync: ssm.onUnlockingUser-0_com.android.server.job.JobSchedulerService took to complete: 0ms
05-23 09:26:37.522 732 764 D SystemServerTimingAsync: ssm.onUnlockingUser-0_com.android.server.soundtrigger.SoundTriggerService
05-23 09:26:37.522 732 764 V SystemServerTimingAsync: ssm.onUnlockingUser-0_com.android.server.soundtrigger.SoundTriggerService took to complete: 0ms
05-23 09:26:37.522 732 764 D SystemServerTimingAsync: ssm.onUnlockingUser-0_com.android.server.trust.TrustManagerService
05-23 09:26:37.522 732 764 V SystemServerTimingAsync: ssm.onUnlockingUser-0_com.android.server.trust.TrustManagerService took to complete: 0ms
05-23 09:26:37.522 732 764 D SystemServerTimingAsync: ssm.onUnlockingUser-0_com.android.server.backup.BackupManagerService$Lifecycle
05-23 09:26:37.522 732 764 V SystemServerTimingAsync: ssm.onUnlockingUser-0_com.android.server.backup.BackupManagerService$Lifecycle took to complete: 0ms
05-23 09:26:37.522 732 764 D SystemServerTimingAsync: ssm.onUnlockingUser-0_com.android.server.appwidget.AppWidgetService
05-23 09:26:37.523 732 764 V SystemServerTimingAsync: ssm.onUnlockingUser-0_com.android.server.appwidget.AppWidgetService took to complete: 0ms
05-23 09:26:37.523 732 764 D SystemServerTimingAsync: ssm.onUnlockingUser-0_com.android.server.voiceinteraction.VoiceInteractionManagerService
05-23 09:26:37.523 732 764 W VoiceInteractionManager: no available voice recognition services found for user 0
05-23 09:26:37.523 732 764 V SystemServerTimingAsync: ssm.onUnlockingUser-0_com.android.server.voiceinteraction.VoiceInteractionManagerService took to complete: 1ms
05-23 09:26:37.523 732 764 D SystemServerTimingAsync: ssm.onUnlockingUser-0_com.android.server.GestureLauncherService
05-23 09:26:37.523 732 764 V SystemServerTimingAsync: ssm.onUnlockingUser-0_com.android.server.GestureLauncherService took to complete: 0ms
05-23 09:26:37.523 732 764 D SystemServerTimingAsync: ssm.onUnlockingUser-0_com.android.server.SensorNotificationService
05-23 09:26:37.523 732 764 V SystemServerTimingAsync: ssm.onUnlockingUser-0_com.android.server.SensorNotificationService took to complete: 0ms
05-23 09:26:37.524 732 764 D SystemServerTimingAsync: ssm.onUnlockingUser-0_com.android.server.emergency.EmergencyAffordanceService
05-23 09:26:37.524 732 764 V SystemServerTimingAsync: ssm.onUnlockingUser-0_com.android.server.emergency.EmergencyAffordanceService took to complete: 0ms
05-23 09:26:37.524 732 764 D SystemServerTimingAsync: ssm.onUnlockingUser-0_com.android.server.blob.BlobStoreManagerService
05-23 09:26:37.524 732 764 V SystemServerTimingAsync: ssm.onUnlockingUser-0_com.android.server.blob.BlobStoreManagerService took to complete: 0ms
05-23 09:26:37.524 732 764 D SystemServerTimingAsync: ssm.onUnlockingUser-0_com.android.server.dreams.DreamManagerService
05-23 09:26:37.524 732 764 V SystemServerTimingAsync: ssm.onUnlockingUser-0_com.android.server.dreams.DreamManagerService took to complete: 0ms
05-23 09:26:37.524 732 902 I BackupManagerService: Starting service for user: 0
05-23 09:26:37.524 732 764 D SystemServerTimingAsync: ssm.onUnlockingUser-0_com.android.server.security.AttestationVerificationManagerService
05-23 09:26:37.524 732 764 V SystemServerTimingAsync: ssm.onUnlockingUser-0_com.android.server.security.AttestationVerificationManagerService took to complete: 0ms
05-23 09:26:37.524 732 764 D SystemServerTimingAsync: ssm.onUnlockingUser-0_com.android.server.restrictions.RestrictionsManagerService
05-23 09:26:37.524 732 764 V SystemServerTimingAsync: ssm.onUnlockingUser-0_com.android.server.restrictions.RestrictionsManagerService took to complete: 0ms
05-23 09:26:37.524 732 764 D SystemServerTimingAsync: ssm.onUnlockingUser-0_com.android.server.media.MediaSessionService
05-23 09:26:37.524 732 764 V SystemServerTimingAsync: ssm.onUnlockingUser-0_com.android.server.media.MediaSessionService took to complete: 0ms
05-23 09:26:37.524 732 764 D SystemServerTimingAsync: ssm.onUnlockingUser-0_com.android.server.hdmi.HdmiControlService
05-23 09:26:37.524 732 764 V SystemServerTimingAsync: ssm.onUnlockingUser-0_com.android.server.hdmi.HdmiControlService took to complete: 0ms
05-23 09:26:37.524 732 764 D SystemServerTimingAsync: ssm.onUnlockingUser-0_com.android.server.tv.interactive.TvInteractiveAppManagerService
05-23 09:26:37.524 732 764 V SystemServerTimingAsync: ssm.onUnlockingUser-0_com.android.server.tv.interactive.TvInteractiveAppManagerService took to complete: 0ms
05-23 09:26:37.524 732 764 D SystemServerTimingAsync: ssm.onUnlockingUser-0_com.android.server.tv.TvInputManagerService
05-23 09:26:37.524 732 764 V SystemServerTimingAsync: ssm.onUnlockingUser-0_com.android.server.tv.TvInputManagerService took to complete: 0ms
05-23 09:26:37.524 732 764 D SystemServerTimingAsync: ssm.onUnlockingUser-0_com.android.server.media.MediaResourceMonitorService
05-23 09:26:37.524 732 764 V SystemServerTimingAsync: ssm.onUnlockingUser-0_com.android.server.media.MediaResourceMonitorService took to complete: 0ms
05-23 09:26:37.524 732 764 D SystemServerTimingAsync: ssm.onUnlockingUser-0_com.android.server.tv.TvRemoteService
05-23 09:26:37.524 732 764 V SystemServerTimingAsync: ssm.onUnlockingUser-0_com.android.server.tv.TvRemoteService took to complete: 0ms
05-23 09:26:37.524 732 764 D SystemServerTimingAsync: ssm.onUnlockingUser-0_com.android.server.biometrics.BiometricService
05-23 09:26:37.524 732 764 V SystemServerTimingAsync: ssm.onUnlockingUser-0_com.android.server.biometrics.BiometricService took to complete: 0ms
05-23 09:26:37.524 732 764 D SystemServerTimingAsync: ssm.onUnlockingUser-0_com.android.server.biometrics.AuthService
05-23 09:26:37.524 732 764 V SystemServerTimingAsync: ssm.onUnlockingUser-0_com.android.server.biometrics.AuthService took to complete: 0ms
05-23 09:26:37.524 732 764 D SystemServerTimingAsync: ssm.onUnlockingUser-0_com.android.server.pm.ShortcutService$Lifecycle
05-23 09:26:37.524 732 902 V BackupManagerService: [UserID:0] Starting with transport com.android.localtransport/.LocalTransport
05-23 09:26:37.525 732 764 V SystemServerTimingAsync: ssm.onUnlockingUser-0_com.android.server.pm.ShortcutService$Lifecycle took to complete: 0ms
05-23 09:26:37.525 732 764 D SystemServerTimingAsync: ssm.onUnlockingUser-0_com.android.server.pm.LauncherAppsService
05-23 09:26:37.525 732 764 V SystemServerTimingAsync: ssm.onUnlockingUser-0_com.android.server.pm.LauncherAppsService took to complete: 0ms
05-23 09:26:37.525 732 764 D SystemServerTimingAsync: ssm.onUnlockingUser-0_com.android.server.pm.CrossProfileAppsService
05-23 09:26:37.525 732 764 V SystemServerTimingAsync: ssm.onUnlockingUser-0_com.android.server.pm.CrossProfileAppsService took to complete: 0ms
05-23 09:26:37.525 732 764 D SystemServerTimingAsync: ssm.onUnlockingUser-0_com.android.server.people.PeopleService
05-23 09:26:37.525 732 764 V SystemServerTimingAsync: ssm.onUnlockingUser-0_com.android.server.people.PeopleService took to complete: 0ms
