05-23 16:14:26.284 957 1021 V WindowManagerShell: Transition requested: android.os.BinderProxy@afaa166 TransitionRequestInfo { type = 1, triggerTask = TaskInfo{userId=0 taskId=227 displayId=0 isRunning=true baseIntent=Intent { dat=haqu://setting:8080/... flg=0x10000000 pkg=com.dangbei.haqusetting cmp=com.dangbei.haqusetting/.ui.HomeActivity } baseActivity=ComponentInfo{com.dangbei.haqusetting/com.dangbei.haqusetting.ui.HomeActivity} topActivity=ComponentInfo{com.dangbei.haqusetting/com.dangbei.haqusetting.ui.HomeActivity} origActivity=null realActivity=ComponentInfo{com.dangbei.haqusetting/com.dangbei.haqusetting.ui.HomeActivity} numActivities=1 lastActiveTime=163037 supportsMultiWindow=true resizeMode=1 isResizeable=true minWidth=-1 minHeight=-1 defaultMinSize=220 token=WCT{android.window.IWindowContainerToken$Stub$Proxy@4c7fca7} topActivityType=1 pictureInPictureParams=null shouldDockBigOverlays=true launchIntoPipHostTaskId=-1 lastParentTaskIdBeforePip=-1 displayCutoutSafeInsets=null topActivityInfo=ActivityInfo{84ba554 com.dangbei.haqusetting.ui.HomeActivity} launchCookies=[] positionInParent=Point(0, 0) parentTaskId=-1 isFocused=false isVisible=false isVisibleRequested=false isSleeping=false topActivityInSizeCompat=false topActivityEligibleForLetterboxEducation= false isLetterboxDoubleTapEnabled= false topActivityEligibleForUserAspectRatioButton= false topActivityBoundsLetterboxed= false isFromLetterboxDoubleTap= false topActivityLetterboxVerticalPosition= -1 topActivityLetterboxHorizontalPosition= -1 topActivityLetterboxWidth=-1 topActivityLetterboxHeight=-1 isUserFullscreenOverrideEnabled=false isTopActivityTransparent=true locusId=null displayAreaFeatureId=1 cameraCompatControlState=hidden}, remoteTransition = null, displayChange = null, flags = 0 }
05-23 16:14:26.285 732 808 I ActivityTaskManager: START u0 {dat=haqu://setting:8080/... flg=0x10000000 pkg=com.dangbei.haqusetting cmp=com.dangbei.haqusetting/.ui.HomeActivity} with LAUNCH_MULTIPLE from uid 1000 (BAL_ALLOW_ALLOWLISTED_UID) result code=0
05-23 16:14:26.288 732 808 D CoreBackPreview: Window{d21707c u0 com.dangbei.lerad.etna.haqu}: Setting back callback null
05-23 16:14:26.289 732 756 I ActivityManager: com.dangbei.haqusetting is exempt from freezer
05-23 16:14:26.289 732 756 D CompatibilityChangeReporter: Compat change id reported: 135634846; UID 1000; state: DISABLED
05-23 16:14:26.308 732 756 V WindowManager: Unknown focus tokens, dropping reportFocusChanged
05-23 16:14:26.316 732 765 I ActivityManager: Start proc 3411:com.dangbei.haqusetting/1000 for next-top-activity {com.dangbei.haqusetting/com.dangbei.haqusetting.ui.HomeActivity}
05-23 16:14:26.357 732 2913 D CompatibilityChangeReporter: Compat change id reported: 214016041; UID 1000; state: ENABLED
05-23 16:14:26.357 732 2913 D CompatibilityChangeReporter: Compat change id reported: 214016041; UID 1000; state: DISABLED
05-23 16:14:26.404 732 754 W ContextImpl: Calling a method in the system process without a qualified user: android.app.ContextImpl.startService:1899 com.android.server.wm.DisplayPolicy.lambda$focusChangedLw$5:2126 com.android.server.wm.DisplayPolicy.$r8$lambda$Znxk63oh-WzVnzo_WQefN7uxV48:0 com.android.server.wm.DisplayPolicy$$ExternalSyntheticLambda13.run:0 android.os.Handler.handleCallback:958
05-23 16:14:26.405 957 1021 D WindowManagerShell: TvPipController: onTaskStackChanged()
05-23 16:14:26.515 732 808 V WindowManager: app ------------- force_land :0
05-23 16:14:26.528 3411 3433 W ContextImpl: Calling a method in the system process without a qualified user: android.app.ContextImpl.bindService:1988 android.content.ContextWrapper.bindService:861 com.dangbei.lerad.etna.lib.client.EtnaClient.bindServer:138 com.dangbei.lerad.etna.lib.client.EtnaClient.access$600:29 com.dangbei.lerad.etna.lib.client.EtnaClient$3.call:205
05-23 16:14:26.530 732 2913 D CompatibilityChangeReporter: Compat change id reported: 261072174; UID 1000; state: DISABLED
05-23 16:14:26.584 732 808 W WindowManager: [addWindow] title:com.dangbei.haqusetting/com.dangbei.haqusetting.ui.HomeActivity
05-23 16:14:26.599 732 808 D CoreBackPreview: Window{f96130d u0 com.dangbei.haqusetting/com.dangbei.haqusetting.ui.HomeActivity}: Setting back callback OnBackInvokedCallbackInfo{mCallback=android.window.IOnBackInvokedCallback$Stub$Proxy@819b8d3, mPriority=0, mIsAnimationCallback=false}
01-01 08:02:43.422 0 0 I [1 T242 ..] servicemanager: Found android.hardware.graphics.allocator.IAllocator/default in device VINTF manifest.
01-01 08:02:43.424 0 0 I [0 T242 ..] servicemanager: Found android.hardware.graphics.allocator.IAllocator/default in device VINTF manifest.
05-23 16:14:26.687 957 1021 V WindowManagerShell: onTransitionReady android.os.BinderProxy@afaa166: {id=3 t=OPEN f=0x0 trk=0 r=[0@Point(0, 0)] c=[{WCT{android.window.IWindowContainerToken$Stub$Proxy@bedbc43} m=OPEN f=TRANSLUCENT leash=Surface(name=Task=227)/@0x78d2cfd sb=Rect(0, 0 - 1920, 1080) eb=Rect(0, 0 - 1920, 1080) d=0}]}
05-23 16:14:26.688 957 1021 V WindowManagerShell: Playing animation for (#3)android.os.BinderProxy@afaa166@0
05-23 16:14:26.688 957 1021 V WindowManagerShell: try handler com.android.wm.shell.keyguard.KeyguardTransitionHandler@9798e39
05-23 16:14:26.688 957 1021 V WindowManagerShell: try handler com.android.wm.shell.pip.tv.TvPipTransition@b2d1c7e
05-23 16:14:26.688 957 1021 V WindowManagerShell: try handler com.android.wm.shell.activityembedding.ActivityEmbeddingController@857b5df
05-23 16:14:26.688 957 1021 V WindowManagerShell: try handler com.android.wm.shell.transition.RemoteTransitionHandler@3c922c
05-23 16:14:26.688 957 1021 V WindowManagerShell: Transition doesn't have explicit remote, search filters for match for {id=3 t=OPEN f=0x0 trk=0 r=[0@Point(0, 0)] c=[{WCT{android.window.IWindowContainerToken$Stub$Proxy@bedbc43} m=OPEN f=TRANSLUCENT leash=Surface(name=Task=227)/@0x78d2cfd sb=Rect(0, 0 - 1920, 1080) eb=Rect(0, 0 - 1920, 1080) d=0}]}
05-23 16:14:26.688 957 1021 V WindowManagerShell: Delegate animation for #3 to null
05-23 16:14:26.688 957 1021 V WindowManagerShell: try handler com.android.wm.shell.transition.DefaultTransitionHandler@85bd4f5
05-23 16:14:26.688 957 1021 V WindowManagerShell: start default transition animation, info = {id=3 t=OPEN f=0x0 trk=0 r=[0@Point(0, 0)] c=[{WCT{android.window.IWindowContainerToken$Stub$Proxy@bedbc43} m=OPEN f=TRANSLUCENT leash=Surface(name=Task=227)/@0x78d2cfd sb=Rect(0, 0 - 1920, 1080) eb=Rect(0, 0 - 1920, 1080) d=0}]}
05-23 16:14:26.689 957 1021 V WindowManagerShell: loadAnimation: anim=android.view.animation.AlphaAnimation@267c2c0 animAttr=0x4 type=OPEN isEntrance=true
05-23 16:14:26.692 957 1021 V WindowManagerShell: animated by com.android.wm.shell.transition.DefaultTransitionHandler@85bd4f5
05-23 16:14:26.695 732 753 V WindowManager: Sent Transition #3 createdAt=05-23 16:14:26.269 via request=TransitionRequestInfo { type = 1, triggerTask = TaskInfo{userId=0 taskId=227 displayId=0 isRunning=true baseIntent=Intent { dat=haqu://setting:8080/... flg=0x10000000 pkg=com.dangbei.haqusetting cmp=com.dangbei.haqusetting/.ui.HomeActivity } baseActivity=ComponentInfo{com.dangbei.haqusetting/com.dangbei.haqusetting.ui.HomeActivity} topActivity=ComponentInfo{com.dangbei.haqusetting/com.dangbei.haqusetting.ui.HomeActivity} origActivity=null realActivity=ComponentInfo{com.dangbei.haqusetting/com.dangbei.haqusetting.ui.HomeActivity} numActivities=1 lastActiveTime=163037 supportsMultiWindow=true resizeMode=1 isResizeable=true minWidth=-1 minHeight=-1 defaultMinSize=220 token=WCT{RemoteToken{1bd0f2f Task{ab0da57 #227 type=standard A=1000:com.dangbei.haqusetting}}} topActivityType=1 pictureInPictureParams=null shouldDockBigOverlays=true launchIntoPipHostTaskId=-1 lastParentTaskIdBeforePip=-1 displayCutoutSafeInsets=null topActivityInfo=ActivityInfo{579f93c com.dangbei.haqusetting.ui.HomeActivity} launchCookies=[] positionInParent=Point(0, 0) parentTaskId=-1 isFocused=false isVisible=false isVisibleRequested=false isSleeping=false topActivityInSizeCompat=false topActivityEligibleForLetterboxEducation= false isLetterboxDoubleTapEnabled= false topActivityEligibleForUserAspectRatioButton= false topActivityBoundsLetterboxed= false isFromLetterboxDoubleTap= false topActivityLetterboxVerticalPosition= -1 topActivityLetterboxHorizontalPosition= -1 topActivityLetterboxWidth=-1 topActivityLetterboxHeight=-1 isUserFullscreenOverrideEnabled=false isTopActivityTransparent=true locusId=null displayAreaFeatureId=1 cameraCompatControlState=hidden}, remoteTransition = null, displayChange = null, flags = 0 }
05-23 16:14:26.696 732 753 V WindowManager: startWCT=WindowContainerTransaction { changes = {} hops = [] errorCallbackToken=null taskFragmentOrganizer=null }
05-23 16:14:26.696 732 753 V WindowManager: info={id=3 t=OPEN f=0x0 trk=0 r=[0@Point(0, 0)] c=[{WCT{RemoteToken{1bd0f2f Task{ab0da57 #227 type=standard A=1000:com.dangbei.haqusetting}}} m=OPEN f=TRANSLUCENT leash=Surface(name=Task=227)/@0xf762c10 sb=Rect(0, 0 - 1920, 1080) eb=Rect(0, 0 - 1920, 1080) d=0}]}
05-23 16:14:26.700 732 756 W ProcessStats: Tracking association SourceState{1ebb351 com.ktcp.video:daemon/10077 Fgs #546} whose proc state 3 is better than process ProcessState{3283533 com.ktcp.video/10077 pkg=com.ktcp.video} proc state 10 (6 skipped)
05-23 16:14:26.706 732 754 W ContextImpl: Calling a method in the system process without a qualified user: android.app.ContextImpl.startService:1899 com.android.server.wm.DisplayPolicy.lambda$focusChangedLw$5:2126 com.android.server.wm.DisplayPolicy.$r8$lambda$Znxk63oh-WzVnzo_WQefN7uxV48:0 com.android.server.wm.DisplayPolicy$$ExternalSyntheticLambda13.run:0 android.os.Handler.handleCallback:958
05-23 16:14:26.733 732 732 D HDMI : [R]: 04:8F
05-23 16:14:26.734 732 910 D HDMI : [S]: 40:90:00
05-23 16:14:27.102 957 1021 V WindowManagerShell: Transition animation finished (aborted=false), notifying core (#3)android.os.BinderProxy@afaa166@0
05-23 16:14:27.106 732 753 V WindowManager: Finish Transition #3: created at
05-23 16:14:26.269 collect-started=0.124ms request-sent=12.843ms started=18.874ms ready=252.352ms sent=415.258ms finished=834.142ms
05-23 16:14:27.108 957 1021 V WindowManagerShell: Track 0 became idle
05-23 16:14:27.108 957 1021 V WindowManagerShell: All active transition animations finished
01-01 08:02:44.839 0 0 W : [2 T640 ..] [aml_cfg80211_scan 1812] n_channels:36,iftype:2
01-01 08:02:44.839 0 0 W : [2 T640 ..] [aml_send_scanu_req 2532] vif:0
01-01 08:02:44.839 0 0 W : [2 T640 ..] [aml_send_scanu_req 2563] len:5 ssid:red5G
01-01 08:02:44.840 0 0 W : [2 T640 ..] >>> aml_send_msg()
01-01 08:02:44.841 0 0 W : [3 T947 ..] ipc_sdio_host_msgack_handler 00000000d8e1c5af
01-01 08:02:44.842 0 0 W : [3 T947 ..] [aml_msgackind 2038] msg ack hostid=0xffffff806c719200
01-01 08:02:44.843 0 0 W : [3 T947 ..] [cmd_mgr_llind 329] cmd tkn[36] flags:0008 result: -4 cmd:4096-SCANU_START_REQ - reqcfm( 0-none)
01-01 08:02:44.844 0 0 W : [3 T947 ..] [cmd_complete 65] cmd tkn[36] flags:0000 result: -4 cmd:4096-SCANU_START_REQ - reqcfm( 0-none)
01-01 08:02:45.304 0 0 W : [2 T948 ..] [aml_scan_rx 1505] scanres_payload_buf overflow, flush
01-01 08:02:45.389 0 0 W : [2 T948 ..] [SP FRAME TX] arp req,vif_idx:0 sender:[1c:79:2d:20:62:97 192.168.3.167]receiver:[00:00:00:00:00:00 192.168.3.53]
01-01 08:02:45.700 0 0 W : [2 T948 ..] [SP FRAME RX] arp rsp,vif_idx:0 sender:[28:7b:11:70:68:8f 192.168.3.53]receiver:[1c:79:2d:20:62:97 192.168.3.167]
01-01 08:02:46.027 0 0 W : [2 T948 ..] [SP FRAME RX] arp rsp,vif_idx:0 sender:[4c:44:5b:65:15:71 192.168.3.139]receiver:[1c:79:2d:20:62:97 192.168.3.167]
05-23 16:14:30.287 732 1439 E TaskPersister: File error accessing recents directory (directory doesn't exist?).
01-01 08:02:48.658 0 0 W : [3 T947 ..] >>> aml_rx_scanu_start_cfm()
01-01 08:02:48.755 0 0 W : [1 T675 ..] [SP FRAME TX] arp req,vif_idx:0 sender:[1c:79:2d:20:62:97 192.168.3.167]receiver:[00:00:00:00:00:00 192.168.3.215]
01-01 08:02:48.775 0 0 W : [2 T948 ..] [SP FRAME RX] arp rsp,vif_idx:0 sender:[22:2b:f8:c2:9b:dc 192.168.3.215]receiver:[1c:79:2d:20:62:97 192.168.3.167]
01-01 08:02:49.106 0 0 W : [2 T948 ..] [SP FRAME RX] arp rsp,vif_idx:0 sender:[a8:59:5f:1a:94:92 192.168.3.46]receiver:[1c:79:2d:20:62:97 192.168.3.167]
05-23 16:14:32.921 732 833 D OomAdjuster: Not killing cached processes
05-23 16:14:39.566 732 815 D OomAdjuster: Not killing cached processes
05-23 16:14:39.567 732 815 W ProcessStats: Tracking association SourceState{1ebb351 com.ktcp.video:daemon/10077 Fgs #552} whose proc state 3 is better than process ProcessState{3283533 com.ktcp.video/10077 pkg=com.ktcp.video} proc state 10 (0 skipped)
05-23 16:14:46.805 732 754 D AutofillManagerService: onBackKeyPressed()
01-01 08:03:06.529 0 0 W : [2 T948 ..] [SP FRAME TX] arp req,vif_idx:0 sender:[1c:79:2d:20:62:97 192.168.3.167]receiver:[00:00:00:00:00:00 192.168.3.154]
01-01 08:03:06.546 0 0 W : [2 T948 ..] [SP FRAME RX] arp rsp,vif_idx:0 sender:[32:08:ae:4d:23:4b 192.168.3.154]receiver:[1c:79:2d:20:62:97 192.168.3.167]
01-01 08:03:07.390 0 0 W : [2 T948 ..] [SP FRAME RX] arp rsp,vif_idx:0 sender:[4c:44:5b:65:15:71 192.168.3.139]receiver:[1c:79:2d:20:62:97 192.168.3.167]
01-01 08:03:07.568 0 0 W : [2 T948 ..] [SP FRAME RX] arp req,vif_idx:0 sender:[a2:e5:10:70:56:3d 192.168.3.191]receiver:[00:00:00:00:00:00 192.168.3.167]
01-01 08:03:07.569 0 0 W : [2 T948 ..] [SP FRAME TX] arp rsp,vif_idx:0 sender:[1c:79:2d:20:62:97 192.168.3.167]receiver:[a2:e5:10:70:56:3d 192.168.3.191]
01-01 08:03:07.580 0 0 W : [2 T948 ..] [SP FRAME RX] arp rsp,vif_idx:0 sender:[a8:59:5f:1a:94:92 192.168.3.46]receiver:[1c:79:2d:20:62:97 192.168.3.167]
05-23 16:14:50.925 732 754 D AutofillManagerService: onBackKeyPressed()
01-01 08:03:08.074 0 0 W : [2 T948 ..] [SP FRAME RX] arp req,vif_idx:0 sender:[ca:0f:e5:bf:3b:95 192.168.3.173]receiver:[00:00:00:00:00:00 192.168.3.167]
01-01 08:03:08.075 0 0 W : [2 T948 ..] [SP FRAME TX] arp rsp,vif_idx:0 sender:[1c:79:2d:20:62:97 192.168.3.167]receiver:[ca:0f:e5:bf:3b:95 192.168.3.173]
05-23 16:14:54.125 732 754 D AutofillManagerService: onBackKeyPressed()
05-23 16:14:55.085 732 754 D AutofillManagerService: onBackKeyPressed()
01-01 08:03:18.760 0 0 W : [0 T640 ..] [aml_cfg80211_scan 1812] n_channels:36,iftype:2
01-01 08:03:18.760 0 0 W : [0 T640 ..] [aml_send_scanu_req 2532] vif:0
01-01 08:03:18.761 0 0 W : [0 T640 ..] [aml_send_scanu_req 2563] len:4 ssid:DZNB
01-01 08:03:18.761 0 0 W : [0 T640 ..] >>> aml_send_msg()
01-01 08:03:18.763 0 0 W : [2 T947 ..] ipc_sdio_host_msgack_handler 000000004b00a7a3
01-01 08:03:18.763 0 0 W : [2 T947 ..] [aml_msgackind 2038] msg ack hostid=0xffffff8052f9c500
01-01 08:03:18.764 0 0 W : [2 T947 ..] [cmd_mgr_llind 329] cmd tkn[37] flags:0008 result: -4 cmd:4096-SCANU_START_REQ - reqcfm( 0-none)
01-01 08:03:18.766 0 0 W : [2 T947 ..] [cmd_complete 65] cmd tkn[37] flags:0000 result: -4 cmd:4096-SCANU_START_REQ - reqcfm( 0-none)
01-01 08:03:19.963 0 0 W : [1 T948 ..] [aml_scan_rx 1505] scanres_payload_buf overflow, flush
01-01 08:03:22.584 0 0 W : [2 T947 ..] >>> aml_rx_scanu_start_cfm()
05-23 16:15:06.314 732 732 V HotPlugDetectionAction: Poll all devices.
05-23 16:15:06.714 732 732 D HdmiCecController: [P]:AllocatedAddress=[0]
01-01 08:03:23.752 0 0 W : [2 T1678 ..] [aml_send_sync_trace 4388] sync token[25237]
01-01 08:03:23.752 0 0 W : [2 T1678 ..] >>> aml_send_msg()
01-01 08:03:23.753 0 0 W : [2 T947 ..] ipc_sdio_host_msgack_handler 0000000049391d6f
01-01 08:03:23.753 0 0 W : [2 T947 ..] [aml_msgackind 2038] msg ack hostid=0xffffff806664c700
01-01 08:03:23.754 0 0 W : [2 T947 ..] [cmd_mgr_llind 329] cmd tkn[38] flags:0008 result: -4 cmd: 105-MM_SYNC_TRACE - reqcfm( 0-none)
01-01 08:03:23.756 0 0 W : [2 T947 ..] [cmd_complete 65] cmd tkn[38] flags:0000 result: -4 cmd: 105-MM_SYNC_TRACE - reqcfm( 0-none)
05-23 16:15:08.617 1440 1654 W ContextImpl: Calling a method in the system process without a qualified user: android.app.ContextImpl.sendBroadcast:1220 android.content.ContextWrapper.sendBroadcast:504 com.dangbei.etna.setting.core.SettingHelper.sendCycleToProjector:247 com.dangbei.etna.setting.core.SettingHelper.sendCycleCheckBroadcast:216 com.dangbei.etna.setting.core.SettingHelper.startLoop$lambda-0:174
05-23 16:15:08.619 1440 1654 W ContextImpl: Calling a method in the system process without a qualified user: android.app.ContextImpl.sendBroadcast:1220 android.content.ContextWrapper.sendBroadcast:504 com.dangbei.etna.setting.core.SettingHelper.sendCycleToVoice:232 com.dangbei.etna.setting.core.SettingHelper.sendCycleCheckBroadcast:217 com.dangbei.etna.setting.core.SettingHelper.startLoop$lambda-0:174
05-23 16:15:08.620 732 764 D OomAdjuster: Not killing cached processes
05-23 16:15:17.401 732 764 D OomAdjuster: Not killing cached processes
05-23 16:15:17.402 732 764 W ProcessStats: Tracking association SourceState{1ebb351 com.ktcp.video:daemon/10077 Fgs #561} whose proc state 3 is better than process ProcessState{3283533 com.ktcp.video/10077 pkg=com.ktcp.video} proc state 10 (2 skipped)
01-01 08:03:39.854 0 0 W : [3 T948 ..] [SP FRAME RX] DHCP[0 1], vif_idx:0
01-01 08:03:40.697 0 0 W : [3 T948 ..] [SP FRAME RX] DHCP[0 1], vif_idx:0
01-01 08:03:42.734 0 0 W : [1 T948 ..] [SP FRAME RX] DHCP[0 1], vif_idx:0
05-23 16:15:26.738 732 732 D HDMI : [R]: 04:8F
05-23 16:15:26.739 732 910 D HDMI : [S]: 40:90:00
05-23 16:15:27.413 732 815 D OomAdjuster: Not killing cached processes
05-23 16:15:27.413 732 815 W ProcessStats: Tracking association SourceState{1ebb351 com.ktcp.video:daemon/10077 Fgs #562} whose proc state 3 is better than process ProcessState{3283533 com.ktcp.video/10077 pkg=com.ktcp.video} proc state 10 (0 skipped)
01-01 08:03:46.721 0 0 W : [1 T948 ..] [SP FRAME RX] DHCP[0 1], vif_idx:0
05-23 16:15:32.928 732 833 D OomAdjuster: Not killing cached processes
01-01 08:03:51.144 0 0 W : [1 T0 .s] [SP FRAME TX] arp req,vif_idx:0 sender:[1c:79:2d:20:62:97 192.168.3.167]receiver:[00:00:00:00:00:00 192.168.3.53]
01-01 08:03:51.407 0 0 W : [1 T948 ..] [SP FRAME RX] arp rsp,vif_idx:0 sender:[28:7b:11:70:68:8f 192.168.3.53]receiver:[1c:79:2d:20:62:97 192.168.3.167]
01-01 08:03:52.709 0 0 W : [0 T640 ..] [aml_cfg80211_scan 1812] n_channels:36,iftype:2
01-01 08:03:52.709 0 0 W : [0 T640 ..] [aml_send_scanu_req 2532] vif:0
01-01 08:03:52.709 0 0 W : [0 T640 ..] [aml_send_scanu_req 2563] len:5 ssid:red5G
01-01 08:03:52.709 0 0 W : [0 T640 ..] >>> aml_send_msg()
01-01 08:03:52.711 0 0 W : [2 T947 ..] ipc_sdio_host_msgack_handler 000000000bf26a9c
01-01 08:03:52.712 0 0 W : [2 T947 ..] [aml_msgackind 2038] msg ack hostid=0xffffff808022a980
01-01 08:03:52.713 0 0 W : [2 T947 ..] [cmd_mgr_llind 329] cmd tkn[39] flags:0008 result: -4 cmd:4096-SCANU_START_REQ - reqcfm( 0-none)
01-01 08:03:52.714 0 0 W : [2 T947 ..] [cmd_complete 65] cmd tkn[39] flags:0000 result: -4 cmd:4096-SCANU_START_REQ - reqcfm( 0-none)
01-01 08:03:56.519 0 0 W : [2 T947 ..] >>> aml_rx_scanu_start_cfm()
01-01 08:04:10.789 0 0 W : [3 T948 ..] [SP FRAME RX] DHCP[0 1], vif_idx:0
05-23 16:16:06.315 732 732 V HotPlugDetectionAction: Poll all devices.
05-23 16:16:06.722 732 732 D HdmiCecController: [P]:AllocatedAddress=[0]
01-01 08:04:25.192 0 0 W : [2 T61 ..] [aml_send_sync_trace 4388] sync token[25238]
01-01 08:04:25.192 0 0 W : [2 T61 ..] >>> aml_send_msg()
01-01 08:04:25.193 0 0 W : [2 T947 ..] ipc_sdio_host_msgack_handler 00000000d43ba441
01-01 08:04:25.193 0 0 W : [2 T947 ..] [aml_msgackind 2038] msg ack hostid=0xffffff8075bc9580
01-01 08:04:25.194 0 0 W : [2 T947 ..] [cmd_mgr_llind 329] cmd tkn[40] flags:0008 result: -4 cmd: 105-MM_SYNC_TRACE - reqcfm( 0-none)
01-01 08:04:25.196 0 0 W : [2 T947 ..] [cmd_complete 65] cmd tkn[40] flags:0000 result: -4 cmd: 105-MM_SYNC_TRACE - reqcfm( 0-none)
01-01 08:04:25.844 0 0 W : [3 T948 ..] [SP FRAME RX] DHCP[0 1], vif_idx:0
01-01 08:04:26.578 0 0 W : [3 T948 ..] [SP FRAME RX] DHCP[0 1], vif_idx:0
01-01 08:04:26.645 0 0 W : [2 T640 ..] [aml_cfg80211_scan 1812] n_channels:36,iftype:2
01-01 08:04:26.645 0 0 W : [2 T640 ..] [aml_send_scanu_req 2532] vif:0
01-01 08:04:26.645 0 0 W : [2 T640 ..] [aml_send_scanu_req 2563] len:4 ssid:DZNB
01-01 08:04:26.646 0 0 W : [2 T640 ..] >>> aml_send_msg()
01-01 08:04:26.648 0 0 W : [2 T947 ..] ipc_sdio_host_msgack_handler 0000000020dd3de6
01-01 08:04:26.648 0 0 W : [2 T947 ..] [aml_msgackind 2038] msg ack hostid=0xffffff8075bc9680
01-01 08:04:26.649 0 0 W : [2 T947 ..] [cmd_mgr_llind 329] cmd tkn[41] flags:0008 result: -4 cmd:4096-SCANU_START_REQ - reqcfm( 0-none)
01-01 08:04:26.651 0 0 W : [2 T947 ..] [cmd_complete 65] cmd tkn[41] flags:0000 result: -4 cmd:4096-SCANU_START_REQ - reqcfm( 0-none)
01-01 08:04:26.781 0 0 W : [3 T948 ..] [aml_scan_rx 1505] scanres_payload_buf overflow, flush
01-01 08:04:28.008 0 0 W : [2 T0 .s] [SP FRAME TX] arp req,vif_idx:0 sender:[1c:79:2d:20:62:97 192.168.3.167]receiver:[00:00:00:00:00:00 192.168.3.215]
01-01 08:04:28.941 0 0 W : [3 T948 ..] [SP FRAME RX] arp rsp,vif_idx:0 sender:[22:2b:f8:c2:9b:dc 192.168.3.215]receiver:[1c:79:2d:20:62:97 192.168.3.167]
01-01 08:04:30.455 0 0 W : [2 T947 ..] >>> aml_rx_scanu_start_cfm()
01-01 08:04:30.550 0 0 W : [1 T948 ..] [SP FRAME RX] DHCP[0 1], vif_idx:0
01-01 08:04:43.116 0 0 W : [2 T0 .s] [SP FRAME TX] arp req,vif_idx:0 sender:[1c:79:2d:20:62:97 192.168.3.167]receiver:[00:00:00:00:00:00 192.168.3.154]
05-23 16:16:26.743 732 732 D HDMI : [R]: 04:8F
05-23 16:16:26.744 732 910 D HDMI : [S]: 40:90:00
01-01 08:04:44.136 0 0 W : [2 T0 .s] [SP FRAME TX] arp req,vif_idx:0 sender:[1c:79:2d:20:62:97 192.168.3.167]receiver:[00:00:00:00:00:00 192.168.3.154]
01-01 08:04:45.160 0 0 W : [2 T0 .s] [SP FRAME TX] arp req,vif_idx:0 sender:[1c:79:2d:20:62:97 192.168.3.167]receiver:[00:00:00:00:00:00 192.168.3.154]
01-01 08:04:46.184 0 0 W : [2 T0 .s] [SP FRAME TX] arp req,vif_idx:0 sender:[1c:79:2d:20:62:97 192.168.3.167]receiver:[00:00:00:00:00:00 192.168.3.154]
01-01 08:04:47.208 0 0 W : [2 T0 .s] [SP FRAME TX] arp req,vif_idx:0 sender:[1c:79:2d:20:62:97 192.168.3.167]receiver:[00:00:00:00:00:00 192.168.3.154]
01-01 08:04:48.232 0 0 W : [2 T0 .s] [SP FRAME TX] arp req,vif_idx:0 sender:[1c:79:2d:20:62:97 192.168.3.167]receiver:[00:00:00:00:00:00 192.168.3.154]
01-01 08:04:49.260 0 0 W : [2 T0 .s] [SP FRAME TX] arp req,vif_idx:0 sender:[1c:79:2d:20:62:97 192.168.3.167]receiver:[00:00:00:00:00:00 192.168.3.154]
05-23 16:16:32.932 732 833 D OomAdjuster: Not killing cached processes
01-01 08:04:50.280 0 0 W : [2 T0 .s] [SP FRAME TX] arp req,vif_idx:0 sender:[1c:79:2d:20:62:97 192.168.3.167]receiver:[00:00:00:00:00:00 192.168.3.154]
01-01 08:04:50.641 0 0 W : [1 T3093 ..] [SP FRAME TX] arp req,vif_idx:0 sender:[1c:79:2d:20:62:97 192.168.3.167]receiver:[00:00:00:00:00:00 192.168.3.104]
01-01 08:04:50.654 0 0 W : [2 T948 ..] [SP FRAME RX] arp rsp,vif_idx:0 sender:[12:2c:8d:45:1c:5f 192.168.3.104]receiver:[1c:79:2d:20:62:97 192.168.3.167]
01-01 08:04:50.792 0 0 W : [2 T0 .s] [SP FRAME TX] arp req,vif_idx:0 sender:[1c:79:2d:20:62:97 192.168.3.167]receiver:[00:00:00:00:00:00 192.168.3.53]
01-01 08:04:51.304 0 0 W : [2 T0 .s] [SP FRAME TX] arp req,vif_idx:0 sender:[1c:79:2d:20:62:97 192.168.3.167]receiver:[00:00:00:00:00:00 192.168.3.154]
01-01 08:04:51.816 0 0 W : [2 T0 .s] [SP FRAME TX] arp req,vif_idx:0 sender:[1c:79:2d:20:62:97 192.168.3.167]receiver:[00:00:00:00:00:00 192.168.3.53]
01-01 08:04:52.284 0 0 W : [2 T948 ..] [SP FRAME RX] arp rsp,vif_idx:0 sender:[28:7b:11:70:68:8f 192.168.3.53]receiver:[1c:79:2d:20:62:97 192.168.3.167]
01-01 08:04:52.328 0 0 W : [2 T0 .s] [SP FRAME TX] arp req,vif_idx:0 sender:[1c:79:2d:20:62:97 192.168.3.167]receiver:[00:00:00:00:00:00 192.168.3.154]
01-01 08:04:52.516 0 0 W : [2 T948 ..] [SP FRAME RX] arp rsp,vif_idx:0 sender:[28:7b:11:70:68:8f 192.168.3.53]receiver:[1c:79:2d:20:62:97 192.168.3.167]
01-01 08:04:53.352 0 0 W : [2 T0 .s] [SP FRAME TX] arp req,vif_idx:0 sender:[1c:79:2d:20:62:97 192.168.3.167]receiver:[00:00:00:00:00:00 192.168.3.154]
01-01 08:04:54.380 0 0 W : [2 T0 .s] [SP FRAME TX] arp req,vif_idx:0 sender:[1c:79:2d:20:62:97 192.168.3.167]receiver:[00:00:00:00:00:00 192.168.3.154]
01-01 08:04:55.400 0 0 W : [2 T0 .s] [SP FRAME TX] arp req,vif_idx:0 sender:[1c:79:2d:20:62:97 192.168.3.167]receiver:[00:00:00:00:00:00 192.168.3.154]
01-01 08:04:55.683 0 0 W : [2 T948 ..] [SP FRAME RX] arp req,vif_idx:0 sender:[12:2c:8d:45:1c:5f 192.168.3.104]receiver:[00:00:00:00:00:00 192.168.3.167]
01-01 08:04:55.684 0 0 W : [2 T948 ..] [SP FRAME TX] arp rsp,vif_idx:0 sender:[1c:79:2d:20:62:97 192.168.3.167]receiver:[12:2c:8d:45:1c:5f 192.168.3.104]
01-01 08:04:56.424 0 0 W : [2 T0 .s] [SP FRAME TX] arp req,vif_idx:0 sender:[1c:79:2d:20:62:97 192.168.3.167]receiver:[00:00:00:00:00:00 192.168.3.154]
01-01 08:04:57.448 0 0 W : [2 T0 .s] [SP FRAME TX] arp req,vif_idx:0 sender:[1c:79:2d:20:62:97 192.168.3.167]receiver:[00:00:00:00:00:00 192.168.3.154]
01-01 08:04:58.472 0 0 W : [2 T0 .s] [SP FRAME TX] arp req,vif_idx:0 sender:[1c:79:2d:20:62:97 192.168.3.167]receiver:[00:00:00:00:00:00 192.168.3.154]
01-01 08:04:59.354 0 0 W : [2 T948 ..] [SP FRAME RX] arp rsp,vif_idx:0 sender:[a8:59:5f:1a:94:92 192.168.3.46]receiver:[1c:79:2d:20:62:97 192.168.3.167]
01-01 08:04:59.496 0 0 W : [2 T0 .s] [SP FRAME TX] arp req,vif_idx:0 sender:[1c:79:2d:20:62:97 192.168.3.167]receiver:[00:00:00:00:00:00 192.168.3.154]
01-01 08:04:59.623 0 0 W : [2 T948 ..] [SP FRAME RX] arp rsp,vif_idx:0 sender:[a8:59:5f:1a:94:92 192.168.3.46]receiver:[1c:79:2d:20:62:97 192.168.3.167]
01-01 08:05:00.520 0 0 W : [2 T0 .s] [SP FRAME TX] arp req,vif_idx:0 sender:[1c:79:2d:20:62:97 192.168.3.167]receiver:[00:00:00:00:00:00 192.168.3.154]
01-01 08:05:00.551 0 0 W : [0 T640 ..] [aml_cfg80211_scan 1812] n_channels:36,iftype:2
01-01 08:05:00.551 0 0 W : [0 T640 ..] [aml_send_scanu_req 2532] vif:0
01-01 08:05:00.551 0 0 W : [0 T640 ..] [aml_send_scanu_req 2563] len:5 ssid:red5G
01-01 08:05:00.552 0 0 W : [0 T640 ..] >>> aml_send_msg()
01-01 08:05:00.554 0 0 W : [3 T947 ..] ipc_sdio_host_msgack_handler 00000000b79db974
01-01 08:05:00.554 0 0 W : [3 T947 ..] [aml_msgackind 2038] msg ack hostid=0xffffff80259a9700
01-01 08:05:00.555 0 0 W : [3 T947 ..] [cmd_mgr_llind 329] cmd tkn[42] flags:0008 result: -4 cmd:4096-SCANU_START_REQ - reqcfm( 0-none)
01-01 08:05:00.557 0 0 W : [3 T947 ..] [cmd_complete 65] cmd tkn[42] flags:0000 result: -4 cmd:4096-SCANU_START_REQ - reqcfm( 0-none)
01-01 08:05:01.137 0 0 W : [2 T948 ..] [aml_scan_rx 1505] scanres_payload_buf overflow, flush
01-01 08:05:02.434 0 0 W : [2 T948 ..] [SP FRAME TX] arp req,vif_idx:0 sender:[1c:79:2d:20:62:97 192.168.3.167]receiver:[00:00:00:00:00:00 192.168.3.82]
01-01 08:05:02.444 0 0 W : [2 T948 ..] [SP FRAME RX] arp rsp,vif_idx:0 sender:[b6:b0:0e:25:f7:84 192.168.3.82]receiver:[1c:79:2d:20:62:97 192.168.3.167]
01-01 08:05:04.358 0 0 W : [3 T947 ..] >>> aml_rx_scanu_start_cfm()
01-01 08:05:05.413 0 0 W : [3 T947 ..] fmac ASSERT (***** assert_rec *****: ) at ip/lmac/src/hal/hal_machw.c:754
01-01 08:05:05.414 0 0 W : [3 T947 ..] >>> aml_rx_dbg_error_ind()
01-01 08:05:05.414 0 0 E : [3 T947 ..] aml_sdio mmc1:0000:7: (type 0): dump received
01-01 08:05:05.415 0 0 E : [3 T235 ..] aml_sdio mmc1:0000:7: Failed to call /usr/bin/aml_umh.sh (/usr/bin/aml_umh.sh returned -524)
01-01 08:05:17.195 0 0 W : [1 T948 ..] [SP FRAME TX] arp req,vif_idx:0 sender:[1c:79:2d:20:62:97 192.168.3.167]receiver:[00:00:00:00:00:00 192.168.3.238]
01-01 08:05:18.216 0 0 W : [1 T0 .s] [SP FRAME TX] arp req,vif_idx:0 sender:[1c:79:2d:20:62:97 192.168.3.167]receiver:[00:00:00:00:00:00 192.168.3.238]
01-01 08:05:18.233 0 0 W : [1 T948 ..] [SP FRAME RX] arp rsp,vif_idx:0 sender:[44:37:0b:f1:ed:8e 192.168.3.238]receiver:[1c:79:2d:20:62:97 192.168.3.167]
01-01 08:05:19.111 0 0 W : [1 T948 ..] [SP FRAME RX] arp rsp,vif_idx:0 sender:[4c:44:5b:65:15:71 169.254.200.124]receiver:[1c:79:2d:20:62:97 192.168.3.167]
01-01 08:05:21.981 0 0 W : [1 T948 ..] [SP FRAME RX] DHCP[1 0], vif_idx:0
05-23 16:17:06.315 732 732 V HotPlugDetectionAction: Poll all devices.
05-23 16:17:06.706 732 732 D HdmiCecController: [P]:AllocatedAddress=[0]
01-01 08:05:24.284 0 0 W : [2 T675 ..] [SP FRAME TX] arp req,vif_idx:0 sender:[1c:79:2d:20:62:97 192.168.3.167]receiver:[00:00:00:00:00:00 192.168.3.154]
01-01 08:05:24.288 0 0 W : [1 T948 ..] [SP FRAME RX] arp rsp,vif_idx:0 sender:[32:08:ae:4d:23:4b 192.168.3.154]receiver:[1c:79:2d:20:62:97 192.168.3.167]
01-01 08:05:26.632 0 0 W : [2 T61 ..] [aml_send_sync_trace 4388] sync token[25239]
01-01 08:05:26.632 0 0 W : [2 T61 ..] >>> aml_send_msg()
01-01 08:05:26.633 0 0 W : [2 T947 ..] ipc_sdio_host_msgack_handler 00000000220fbd7e
01-01 08:05:26.633 0 0 W : [2 T947 ..] [aml_msgackind 2038] msg ack hostid=0xffffff804ca85a80
01-01 08:05:26.634 0 0 W : [2 T947 ..] [cmd_mgr_llind 329] cmd tkn[43] flags:0008 result: -4 cmd: 105-MM_SYNC_TRACE - reqcfm( 0-none)
01-01 08:05:26.636 0 0 W : [2 T947 ..] [cmd_complete 65] cmd tkn[43] flags:0000 result: -4 cmd: 105-MM_SYNC_TRACE - reqcfm( 0-none)
01-01 08:05:34.461 0 0 W : [3 T640 ..] [aml_cfg80211_scan 1812] n_channels:36,iftype:2
01-01 08:05:34.461 0 0 W : [3 T640 ..] [aml_send_scanu_req 2532] vif:0
01-01 08:05:34.461 0 0 W : [3 T640 ..] [aml_send_scanu_req 2563] len:4 ssid:DZNB
01-01 08:05:34.462 0 0 W : [3 T640 ..] >>> aml_send_msg()
01-01 08:05:34.464 0 0 W : [1 T947 ..] ipc_sdio_host_msgack_handler 000000003f5075ea
01-01 08:05:34.464 0 0 W : [1 T947 ..] [aml_msgackind 2038] msg ack hostid=0xffffff8075bc9380
01-01 08:05:34.465 0 0 W : [1 T947 ..] [cmd_mgr_llind 329] cmd tkn[44] flags:0008 result: -4 cmd:4096-SCANU_START_REQ - reqcfm( 0-none)
01-01 08:05:34.467 0 0 W : [1 T947 ..] [cmd_complete 65] cmd tkn[44] flags:0000 result: -4 cmd:4096-SCANU_START_REQ - reqcfm( 0-none)
01-01 08:05:35.080 0 0 W : [1 T0 .s] [SP FRAME TX] arp req,vif_idx:0 sender:[1c:79:2d:20:62:97 192.168.3.167]receiver:[00:00:00:00:00:00 192.168.3.1]
01-01 08:05:35.317 0 0 W : [3 T948 ..] [SP FRAME RX] arp rsp,vif_idx:0 sender:[70:3a:a6:36:a8:d7 192.168.3.1]receiver:[1c:79:2d:20:62:97 192.168.3.167]
01-01 08:05:35.697 0 0 W : [3 T948 ..] [aml_scan_rx 1505] scanres_payload_buf overflow, flush
01-01 08:05:38.269 0 0 W : [1 T947 ..] >>> aml_rx_scanu_start_cfm()
05-23 16:17:26.749 732 732 D HDMI : [R]: 04:8F
05-23 16:17:26.750 732 910 D HDMI : [S]: 40:90:00
05-23 16:17:32.939 732 833 D OomAdjuster: Not killing cached processes
01-01 08:05:50.112 0 0 W : [2 T3093 ..] [SP FRAME TX] arp req,vif_idx:0 sender:[1c:79:2d:20:62:97 192.168.3.167]receiver:[00:00:00:00:00:00 192.168.3.25]
01-01 08:05:50.116 0 0 W : [3 T948 ..] [SP FRAME RX] arp rsp,vif_idx:0 sender:[62:e6:cb:ad:3a:47 192.168.3.25]receiver:[1c:79:2d:20:62:97 192.168.3.167]
01-01 08:05:51.464 0 0 W : [3 T0 .s] [SP FRAME TX] arp req,vif_idx:0 sender:[1c:79:2d:20:62:97 192.168.3.167]receiver:[00:00:00:00:00:00 192.168.3.154]
01-01 08:05:51.980 0 0 W : [3 T0 .s] [SP FRAME TX] arp req,vif_idx:0 sender:[1c:79:2d:20:62:97 192.168.3.167]receiver:[00:00:00:00:00:00 192.168.3.215]
01-01 08:05:52.488 0 0 W : [3 T0 .s] [SP FRAME TX] arp req,vif_idx:0 sender:[1c:79:2d:20:62:97 192.168.3.167]receiver:[00:00:00:00:00:00 192.168.3.154]
01-01 08:05:53.000 0 0 W : [1 T0 .s] [SP FRAME TX] arp req,vif_idx:0 sender:[1c:79:2d:20:62:97 192.168.3.167]receiver:[00:00:00:00:00:00 192.168.3.53]
01-01 08:05:53.004 0 0 W : [3 T0 .s] [SP FRAME TX] arp req,vif_idx:0 sender:[1c:79:2d:20:62:97 192.168.3.167]receiver:[00:00:00:00:00:00 192.168.3.215]
01-01 08:05:53.512 0 0 W : [3 T0 .s] [SP FRAME TX] arp req,vif_idx:0 sender:[1c:79:2d:20:62:97 192.168.3.167]receiver:[00:00:00:00:00:00 192.168.3.154]
01-01 08:05:54.024 0 0 W : [1 T0 .s] [SP FRAME TX] arp req,vif_idx:0 sender:[1c:79:2d:20:62:97 192.168.3.167]receiver:[00:00:00:00:00:00 192.168.3.53]
01-01 08:05:54.025 0 0 W : [1 T0 .s] [SP FRAME TX] arp req,vif_idx:0 sender:[1c:79:2d:20:62:97 192.168.3.167]receiver:[00:00:00:00:00:00 192.168.3.215]
01-01 08:05:54.536 0 0 W : [3 T0 .s] [SP FRAME TX] arp req,vif_idx:0 sender:[1c:79:2d:20:62:97 192.168.3.167]receiver:[00:00:00:00:00:00 192.168.3.154]
01-01 08:05:55.048 0 0 W : [3 T0 .s] [SP FRAME TX] arp req,vif_idx:0 sender:[1c:79:2d:20:62:97 192.168.3.167]receiver:[00:00:00:00:00:00 192.168.3.215]
01-01 08:05:55.049 0 0 W : [3 T0 .s] [SP FRAME TX] arp req,vif_idx:0 sender:[1c:79:2d:20:62:97 192.168.3.167]receiver:[00:00:00:00:00:00 192.168.3.53]
01-01 08:05:55.560 0 0 W : [3 T0 .s] [SP FRAME TX] arp req,vif_idx:0 sender:[1c:79:2d:20:62:97 192.168.3.167]receiver:[00:00:00:00:00:00 192.168.3.154]
01-01 08:05:56.072 0 0 W : [3 T0 .s] [SP FRAME TX] arp req,vif_idx:0 sender:[1c:79:2d:20:62:97 192.168.3.167]receiver:[00:00:00:00:00:00 192.168.3.215]
01-01 08:05:56.073 0 0 W : [3 T0 .s] [SP FRAME TX] arp req,vif_idx:0 sender:[1c:79:2d:20:62:97 192.168.3.167]receiver:[00:00:00:00:00:00 192.168.3.53]
01-01 08:05:56.088 0 0 W : [3 T948 ..] [SP FRAME RX] arp rsp,vif_idx:0 sender:[28:7b:11:70:68:8f 192.168.3.53]receiver:[1c:79:2d:20:62:97 192.168.3.167]
01-01 08:05:56.091 0 0 W : [3 T948 ..] [SP FRAME RX] arp rsp,vif_idx:0 sender:[28:7b:11:70:68:8f 192.168.3.53]receiver:[1c:79:2d:20:62:97 192.168.3.167]
01-01 08:05:56.584 0 0 W : [3 T0 .s] [SP FRAME TX] arp req,vif_idx:0 sender:[1c:79:2d:20:62:97 192.168.3.167]receiver:[00:00:00:00:00:00 192.168.3.154]
01-01 08:05:57.100 0 0 W : [3 T0 .s] [SP FRAME TX] arp req,vif_idx:0 sender:[1c:79:2d:20:62:97 192.168.3.167]receiver:[00:00:00:00:00:00 192.168.3.215]
01-01 08:05:57.612 0 0 W : [3 T0 .s] [SP FRAME TX] arp req,vif_idx:0 sender:[1c:79:2d:20:62:97 192.168.3.167]receiver:[00:00:00:00:00:00 192.168.3.154]
01-01 08:05:58.120 0 0 W : [3 T0 .s] [SP FRAME TX] arp req,vif_idx:0 sender:[1c:79:2d:20:62:97 192.168.3.167]receiver:[00:00:00:00:00:00 192.168.3.215]
01-01 08:05:58.632 0 0 W : [3 T0 .s] [SP FRAME TX] arp req,vif_idx:0 sender:[1c:79:2d:20:62:97 192.168.3.167]receiver:[00:00:00:00:00:00 192.168.3.154]
01-01 08:05:59.144 0 0 W : [3 T0 .s] [SP FRAME TX] arp req,vif_idx:0 sender:[1c:79:2d:20:62:97 192.168.3.167]receiver:[00:00:00:00:00:00 192.168.3.215]
01-01 08:05:59.656 0 0 W : [3 T0 .s] [SP FRAME TX] arp req,vif_idx:0 sender:[1c:79:2d:20:62:97 192.168.3.167]receiver:[00:00:00:00:00:00 192.168.3.154]
01-01 08:06:00.172 0 0 W : [3 T0 .s] [SP FRAME TX] arp req,vif_idx:0 sender:[1c:79:2d:20:62:97 192.168.3.167]receiver:[00:00:00:00:00:00 192.168.3.215]
01-01 08:06:00.680 0 0 W : [3 T0 .s] [SP FRAME TX] arp req,vif_idx:0 sender:[1c:79:2d:20:62:97 192.168.3.167]receiver:[00:00:00:00:00:00 192.168.3.154]
01-01 08:06:01.192 0 0 W : [3 T0 .s] [SP FRAME TX] arp req,vif_idx:0 sender:[1c:79:2d:20:62:97 192.168.3.167]receiver:[00:00:00:00:00:00 192.168.3.215]
01-01 08:06:01.704 0 0 W : [3 T0 .s] [SP FRAME TX] arp req,vif_idx:0 sender:[1c:79:2d:20:62:97 192.168.3.167]receiver:[00:00:00:00:00:00 192.168.3.154]
01-01 08:06:02.216 0 0 W : [3 T0 .s] [SP FRAME TX] arp req,vif_idx:0 sender:[1c:79:2d:20:62:97 192.168.3.167]receiver:[00:00:00:00:00:00 192.168.3.215]
01-01 08:06:02.728 0 0 W : [3 T0 .s] [SP FRAME TX] arp req,vif_idx:0 sender:[1c:79:2d:20:62:97 192.168.3.167]receiver:[00:00:00:00:00:00 192.168.3.154]
01-01 08:06:03.240 0 0 W : [3 T0 .s] [SP FRAME TX] arp req,vif_idx:0 sender:[1c:79:2d:20:62:97 192.168.3.167]receiver:[00:00:00:00:00:00 192.168.3.215]
01-01 08:06:03.752 0 0 W : [3 T0 .s] [SP FRAME TX] arp req,vif_idx:0 sender:[1c:79:2d:20:62:97 192.168.3.167]receiver:[00:00:00:00:00:00 192.168.3.154]
01-01 08:06:04.268 0 0 W : [3 T0 .s] [SP FRAME TX] arp req,vif_idx:0 sender:[1c:79:2d:20:62:97 192.168.3.167]receiver:[00:00:00:00:00:00 192.168.3.215]
01-01 08:06:04.776 0 0 W : [3 T0 .s] [SP FRAME TX] arp req,vif_idx:0 sender:[1c:79:2d:20:62:97 192.168.3.167]receiver:[00:00:00:00:00:00 192.168.3.154]
01-01 08:06:05.288 0 0 W : [3 T0 .s] [SP FRAME TX] arp req,vif_idx:0 sender:[1c:79:2d:20:62:97 192.168.3.167]receiver:[00:00:00:00:00:00 192.168.3.215]
01-01 08:06:05.804 0 0 W : [3 T0 .s] [SP FRAME TX] arp req,vif_idx:0 sender:[1c:79:2d:20:62:97 192.168.3.167]receiver:[00:00:00:00:00:00 192.168.3.154]
01-01 08:06:06.312 0 0 W : [3 T0 .s] [SP FRAME TX] arp req,vif_idx:0 sender:[1c:79:2d:20:62:97 192.168.3.167]receiver:[00:00:00:00:00:00 192.168.3.215]
01-01 08:06:06.824 0 0 W : [3 T0 .s] [SP FRAME TX] arp req,vif_idx:0 sender:[1c:79:2d:20:62:97 192.168.3.167]receiver:[00:00:00:00:00:00 192.168.3.154]
01-01 08:06:07.336 0 0 W : [3 T0 .s] [SP FRAME TX] arp req,vif_idx:0 sender:[1c:79:2d:20:62:97 192.168.3.167]receiver:[00:00:00:00:00:00 192.168.3.215]
01-01 08:06:07.463 0 0 W : [2 T948 ..] [SP FRAME RX] arp rsp,vif_idx:0 sender:[4c:44:5b:65:15:71 169.254.200.124]receiver:[1c:79:2d:20:62:97 192.168.3.167]
01-01 08:06:07.848 0 0 W : [3 T0 .s] [SP FRAME TX] arp req,vif_idx:0 sender:[1c:79:2d:20:62:97 192.168.3.167]receiver:[00:00:00:00:00:00 192.168.3.154]
01-01 08:06:08.364 0 0 W : [3 T0 .s] [SP FRAME TX] arp req,vif_idx:0 sender:[1c:79:2d:20:62:97 192.168.3.167]receiver:[00:00:00:00:00:00 192.168.3.215]
01-01 08:06:08.396 0 0 W : [1 T640 ..] [aml_cfg80211_scan 1812] n_channels:36,iftype:2
01-01 08:06:08.396 0 0 W : [1 T640 ..] [aml_send_scanu_req 2532] vif:0
01-01 08:06:08.397 0 0 W : [1 T640 ..] [aml_send_scanu_req 2563] len:5 ssid:red5G
01-01 08:06:08.397 0 0 W : [1 T640 ..] >>> aml_send_msg()
01-01 08:06:08.399 0 0 W : [1 T947 ..] ipc_sdio_host_msgack_handler 000000006a73a6c4
01-01 08:06:08.399 0 0 W : [1 T947 ..] [aml_msgackind 2038] msg ack hostid=0xffffff805e2a0900
01-01 08:06:08.400 0 0 W : [1 T947 ..] [cmd_mgr_llind 329] cmd tkn[45] flags:0008 result: -4 cmd:4096-SCANU_START_REQ - reqcfm( 0-none)
01-01 08:06:08.402 0 0 W : [1 T947 ..] [cmd_complete 65] cmd tkn[45] flags:0000 result: -4 cmd:4096-SCANU_START_REQ - reqcfm( 0-none)
01-01 08:06:08.872 0 0 W : [3 T0 .s] [SP FRAME TX] arp req,vif_idx:0 sender:[1c:79:2d:20:62:97 192.168.3.167]receiver:[00:00:00:00:00:00 192.168.3.154]
01-01 08:06:08.967 0 0 W : [2 T948 ..] [SP FRAME RX] arp rsp,vif_idx:0 sender:[a8:59:5f:1a:94:92 192.168.3.46]receiver:[1c:79:2d:20:62:97 192.168.3.167]
01-01 08:06:09.384 0 0 W : [3 T0 .s] [SP FRAME TX] arp req,vif_idx:0 sender:[1c:79:2d:20:62:97 192.168.3.167]receiver:[00:00:00:00:00:00 192.168.3.215]
01-01 08:06:12.216 0 0 W : [3 T947 ..] >>> aml_rx_scanu_start_cfm()
05-23 16:17:56.370 732 754 D AutofillManagerService: onBackKeyPressed()
05-23 16:18:01.330 732 754 D AutofillManagerService: onBackKeyPressed()
01-01 08:06:22.417 0 0 W : [2 T948 ..] [SP FRAME RX] arp req,vif_idx:0 sender:[44:37:0b:f1:ed:8e 192.168.3.238]receiver:[00:00:00:00:00:00 192.168.3.167]
01-01 08:06:22.418 0 0 W : [2 T948 ..] [SP FRAME TX] arp rsp,vif_idx:0 sender:[1c:79:2d:20:62:97 192.168.3.167]receiver:[44:37:0b:f1:ed:8e 192.168.3.238]
01-01 08:06:22.440 0 0 W : [2 T0 .s] [SP FRAME TX] arp req,vif_idx:0 sender:[1c:79:2d:20:62:97 192.168.3.167]receiver:[00:00:00:00:00:00 192.168.3.238]
01-01 08:06:22.448 0 0 W : [2 T948 ..] [SP FRAME RX] arp rsp,vif_idx:0 sender:[44:37:0b:f1:ed:8e 192.168.3.238]receiver:[1c:79:2d:20:62:97 192.168.3.167]
05-23 16:18:06.316 732 732 V HotPlugDetectionAction: Poll all devices.
05-23 16:18:06.714 732 732 D HdmiCecController: [P]:AllocatedAddress=[0]
05-23 16:18:08.717 1440 1654 W ContextImpl: Calling a method in the system process without a qualified user: android.app.ContextImpl.sendBroadcast:1220 android.content.ContextWrapper.sendBroadcast:504 com.dangbei.etna.setting.core.SettingHelper.sendCycleToProjector:247 com.dangbei.etna.setting.core.SettingHelper.sendCycleCheckBroadcast:216 com.dangbei.etna.setting.core.SettingHelper.startLoop$lambda-0:174
05-23 16:18:08.718 1440 1654 W ContextImpl: Calling a method in the system process without a qualified user: android.app.ContextImpl.sendBroadcast:1220 android.content.ContextWrapper.sendBroadcast:504 com.dangbei.etna.setting.core.SettingHelper.sendCycleToVoice:232 com.dangbei.etna.setting.core.SettingHelper.sendCycleCheckBroadcast:217 com.dangbei.etna.setting.core.SettingHelper.startLoop$lambda-0:174
05-23 16:18:08.719 732 764 D OomAdjuster: Not killing cached processes
05-23 16:18:10.411 732 754 D AutofillManagerService: onBackKeyPressed()
05-23 16:18:10.991 732 754 D AutofillManagerService: onBackKeyPressed()
01-01 08:06:28.072 0 0 W : [2 T61 ..] [aml_send_sync_trace 4388] sync token[25240]
01-01 08:06:28.072 0 0 W : [2 T61 ..] >>> aml_send_msg()
01-01 08:06:28.073 0 0 W : [1 T947 ..] ipc_sdio_host_msgack_handler 0000000079c0a2df
01-01 08:06:28.073 0 0 W : [1 T947 ..] [aml_msgackind 2038] msg ack hostid=0xffffff806f2a1580
01-01 08:06:28.074 0 0 W : [1 T947 ..] [cmd_mgr_llind 329] cmd tkn[46] flags:0008 result: -4 cmd: 105-MM_SYNC_TRACE - reqcfm( 0-none)
01-01 08:06:28.076 0 0 W : [1 T947 ..] [cmd_complete 65] cmd tkn[46] flags:0000 result: -4 cmd: 105-MM_SYNC_TRACE - reqcfm( 0-none)
01-01 08:06:32.406 0 0 W : [1 T675 ..] [SP FRAME TX] arp req,vif_idx:0 sender:[1c:79:2d:20:62:97 192.168.3.167]receiver:[00:00:00:00:00:00 192.168.3.215]
01-01 08:06:32.646 0 0 W : [3 T948 ..] [SP FRAME RX] arp rsp,vif_idx:0 sender:[22:2b:f8:c2:9b:dc 192.168.3.215]receiver:[1c:79:2d:20:62:97 192.168.3.167]
01-01 08:06:35.240 0 0 W : [1 T0 .s] [SP FRAME TX] arp req,vif_idx:0 sender:[1c:79:2d:20:62:97 192.168.3.167]receiver:[00:00:00:00:00:00 192.168.3.1]
01-01 08:06:35.247 0 0 W : [1 T948 ..] [SP FRAME RX] arp rsp,vif_idx:0 sender:[70:3a:a6:36:a8:d7 192.168.3.1]receiver:[1c:79:2d:20:62:97 192.168.3.167]
01-01 08:06:39.592 0 0 W : [1 T2667 .s] [SP FRAME TX] arp req,vif_idx:0 sender:[1c:79:2d:20:62:97 192.168.3.167]receiver:[00:00:00:00:00:00 192.168.3.53]
01-01 08:06:40.616 0 0 W : [1 T2667 .s] [SP FRAME TX] arp req,vif_idx:0 sender:[1c:79:2d:20:62:97 192.168.3.167]receiver:[00:00:00:00:00:00 192.168.3.53]
01-01 08:06:40.670 0 0 W : [1 T948 ..] [SP FRAME RX] arp rsp,vif_idx:0 sender:[28:7b:11:70:68:8f 192.168.3.53]receiver:[1c:79:2d:20:62:97 192.168.3.167]
01-01 08:06:42.305 0 0 W : [3 T640 ..] [aml_cfg80211_scan 1812] n_channels:36,iftype:2
01-01 08:06:42.305 0 0 W : [3 T640 ..] [aml_send_scanu_req 2532] vif:0
01-01 08:06:42.305 0 0 W : [3 T640 ..] [aml_send_scanu_req 2563] len:4 ssid:DZNB
01-01 08:06:42.306 0 0 W : [3 T640 ..] >>> aml_send_msg()
01-01 08:06:42.308 0 0 W : [3 T947 ..] ipc_sdio_host_msgack_handler 00000000c662587a
01-01 08:06:42.308 0 0 W : [3 T947 ..] [aml_msgackind 2038] msg ack hostid=0xffffff80864a5a00
01-01 08:06:42.309 0 0 W : [3 T947 ..] [cmd_mgr_llind 329] cmd tkn[47] flags:0008 result: -4 cmd:4096-SCANU_START_REQ - reqcfm( 0-none)
01-01 08:06:42.311 0 0 W : [3 T947 ..] [cmd_complete 65] cmd tkn[47] flags:0000 result: -4 cmd:4096-SCANU_START_REQ - reqcfm( 0-none)
05-23 16:18:26.753 732 732 D HDMI : [R]: 04:8F
05-23 16:18:26.754 732 910 D HDMI : [S]: 40:90:00
01-01 08:06:42.687 0 0 W : [1 T948 ..] [aml_scan_rx 1505] scanres_payload_buf overflow, flush
01-01 08:06:46.118 0 0 W : [2 T947 ..] >>> aml_rx_scanu_start_cfm()
05-23 16:18:32.946 732 833 D OomAdjuster: Not killing cached processes
01-01 08:06:49.847 0 0 W : [3 T948 ..] [SP FRAME RX] arp req,vif_idx:0 sender:[28:7b:11:70:68:8f 192.168.3.53]receiver:[00:00:00:00:00:00 192.168.3.167]
01-01 08:06:49.848 0 0 W : [3 T948 ..] [SP FRAME TX] arp rsp,vif_idx:0 sender:[1c:79:2d:20:62:97 192.168.3.167]receiver:[28:7b:11:70:68:8f 192.168.3.53]
01-01 08:06:50.499 0 0 W : [3 T948 ..] [SP FRAME RX] arp req,vif_idx:0 sender:[28:7b:11:70:68:8f 192.168.3.53]receiver:[00:00:00:00:00:00 192.168.3.167]
01-01 08:06:50.501 0 0 W : [3 T948 ..] [SP FRAME TX] arp rsp,vif_idx:0 sender:[1c:79:2d:20:62:97 192.168.3.167]receiver:[28:7b:11:70:68:8f 192.168.3.53]
01-01 08:06:51.247 0 0 W : [3 T948 ..] [SP FRAME RX] arp req,vif_idx:0 sender:[28:7b:11:70:68:8f 192.168.3.53]receiver:[00:00:00:00:00:00 192.168.3.167]
01-01 08:06:51.248 0 0 W : [3 T948 ..] [SP FRAME TX] arp rsp,vif_idx:0 sender:[1c:79:2d:20:62:97 192.168.3.167]receiver:[28:7b:11:70:68:8f 192.168.3.53]
01-01 08:06:56.877 0 0 W : [1 T948 ..] [SP FRAME TX] arp req,vif_idx:0 sender:[1c:79:2d:20:62:97 192.168.3.167]receiver:[00:00:00:00:00:00 192.168.3.154]
01-01 08:06:56.918 0 0 W : [1 T948 ..] [SP FRAME RX] arp rsp,vif_idx:0 sender:[32:08:ae:4d:23:4b 192.168.3.154]receiver:[1c:79:2d:20:62:97 192.168.3.167]
01-01 08:06:59.355 0 0 W : [3 T675 ..] [SP FRAME TX] arp req,vif_idx:0 sender:[1c:79:2d:20:62:97 192.168.3.167]receiver:[00:00:00:00:00:00 192.168.3.15]
01-01 08:06:59.385 0 0 W : [1 T948 ..] [SP FRAME RX] arp rsp,vif_idx:0 sender:[2e:6a:3b:b3:ad:e6 192.168.3.15]receiver:[1c:79:2d:20:62:97 192.168.3.167]
01-01 08:07:01.800 0 0 I [0 T250 ..] logd: logdr: UID=0 GID=0 PID=3958 b tail=0 logMask=99 pid=0 start=0ns deadline=0ns
01-01 08:07:02.120 0 0 W : [1 T0 .s] [SP FRAME TX] arp req,vif_idx:0 sender:[1c:79:2d:20:62:97 192.168.3.167]receiver:[00:00:00:00:00:00 192.168.3.215]
01-01 08:07:02.420 0 0 W : [2 T947 ..] traffic busy!!
01-01 08:07:02.704 0 0 W : [1 T948 ..] [SP FRAME RX] arp rsp,vif_idx:0 sender:[22:2b:f8:c2:9b:dc 192.168.3.215]receiver:[1c:79:2d:20:62:97 192.168.3.167]
01-01 08:07:16.250 0 0 W : [2 T640 ..] [aml_cfg80211_scan 1812] n_channels:36,iftype:2
01-01 08:07:16.250 0 0 W : [2 T640 ..] [aml_cfg80211_scan 1833] abort scan,traffic busy
01-01 08:07:16.273 0 0 W : [1 T640 ..] [aml_cfg80211_scan 1812] n_channels:36,iftype:2
01-01 08:07:16.273 0 0 W : [1 T640 ..] [aml_send_scanu_req 2532] vif:0
01-01 08:07:16.273 0 0 W : [1 T640 ..] [aml_send_scanu_req 2563] len:4 ssid:DZNB
01-01 08:07:16.274 0 0 W : [1 T640 ..] >>> aml_send_msg()
01-01 08:07:16.276 0 0 W : [1 T947 ..] ipc_sdio_host_msgack_handler 00000000931f9e4b
01-01 08:07:16.276 0 0 W : [1 T947 ..] [aml_msgackind 2038] msg ack hostid=0xffffff8023775700
01-01 08:07:16.277 0 0 W : [1 T947 ..] [cmd_mgr_llind 329] cmd tkn[48] flags:0008 result: -4 cmd:4096-SCANU_START_REQ - reqcfm( 0-none)
01-01 08:07:16.278 0 0 W : [1 T947 ..] [cmd_complete 65] cmd tkn[48] flags:0000 result: -4 cmd:4096-SCANU_START_REQ - reqcfm( 0-none)
01-01 08:07:17.560 0 0 W : [2 T948 ..] [aml_scan_rx 1505] scanres_payload_buf overflow, flush
01-01 08:07:18.910 0 0 W : [1 T947 ..] traffic idle!!
01-01 08:07:20.098 0 0 W : [1 T947 ..] >>> aml_rx_scanu_start_cfm()
05-23 16:19:06.317 732 732 V HotPlugDetectionAction: Poll all devices.
05-23 16:19:06.718 732 732 D HdmiCecController: [P]:AllocatedAddress=[0]
01-01 08:07:27.720 0 0 W : [2 T0 .s] [SP FRAME TX] arp req,vif_idx:0 sender:[1c:79:2d:20:62:97 192.168.3.167]receiver:[00:00:00:00:00:00 192.168.3.15]
01-01 08:07:27.768 0 0 W : [2 T948 ..] [SP FRAME RX] arp rsp,vif_idx:0 sender:[2e:6a:3b:b3:ad:e6 192.168.3.15]receiver:[1c:79:2d:20:62:97 192.168.3.167]
01-01 08:07:29.512 0 0 W : [2 T405 ..] [aml_send_sync_trace 4388] sync token[25241]
01-01 08:07:29.512 0 0 W : [2 T405 ..] >>> aml_send_msg()
01-01 08:07:29.513 0 0 W : [1 T947 ..] ipc_sdio_host_msgack_handler 00000000b5c74c89
01-01 08:07:29.513 0 0 W : [1 T947 ..] [aml_msgackind 2038] msg ack hostid=0xffffff80599c5480
01-01 08:07:29.514 0 0 W : [1 T947 ..] [cmd_mgr_llind 329] cmd tkn[49] flags:0008 result: -4 cmd: 105-MM_SYNC_TRACE - reqcfm( 0-none)
01-01 08:07:29.516 0 0 W : [1 T947 ..] [cmd_complete 65] cmd tkn[49] flags:0000 result: -4 cmd: 105-MM_SYNC_TRACE - reqcfm( 0-none)
05-23 16:19:26.758 732 732 D HDMI : [R]: 04:8F
05-23 16:19:26.759 732 910 D HDMI : [S]: 40:90:00
05-23 16:19:32.952 732 833 D OomAdjuster: Not killing cached processes
01-01 08:07:50.203 0 0 W : [3 T640 ..] [aml_cfg80211_scan 1812] n_channels:36,iftype:2
01-01 08:07:50.203 0 0 W : [3 T640 ..] [aml_send_scanu_req 2532] vif:0
01-01 08:07:50.203 0 0 W : [3 T640 ..] [aml_send_scanu_req 2563] len:5 ssid:red5G
01-01 08:07:50.204 0 0 W : [3 T640 ..] >>> aml_send_msg()
01-01 08:07:50.206 0 0 W : [3 T947 ..] ipc_sdio_host_msgack_handler 00000000a748c9a3
01-01 08:07:50.206 0 0 W : [3 T947 ..] [aml_msgackind 2038] msg ack hostid=0xffffff8064e59e80
01-01 08:07:50.207 0 0 W : [3 T947 ..] [cmd_mgr_llind 329] cmd tkn[50] flags:0008 result: -4 cmd:4096-SCANU_START_REQ - reqcfm( 0-none)
01-01 08:07:50.209 0 0 W : [3 T947 ..] [cmd_complete 65] cmd tkn[50] flags:0000 result: -4 cmd:4096-SCANU_START_REQ - reqcfm( 0-none)
01-01 08:07:54.018 0 0 W : [3 T947 ..] >>> aml_rx_scanu_start_cfm()
01-01 08:07:56.136 0 0 W : [2 T0 .s] [SP FRAME TX] arp req,vif_idx:0 sender:[1c:79:2d:20:62:97 192.168.3.167]receiver:[00:00:00:00:00:00 192.168.3.53]
01-01 08:07:56.153 0 0 W : [2 T948 ..] [SP FRAME RX] arp rsp,vif_idx:0 sender:[28:7b:11:70:68:8f 192.168.3.53]receiver:[1c:79:2d:20:62:97 192.168.3.167]
01-01 08:08:02.536 0 0 W : [3 T0 .s] [SP FRAME TX] arp req,vif_idx:0 sender:[1c:79:2d:20:62:97 192.168.3.167]receiver:[00:00:00:00:00:00 192.168.3.215]
01-01 08:08:02.957 0 0 W : [1 T948 ..] [SP FRAME RX] arp rsp,vif_idx:0 sender:[22:2b:f8:c2:9b:dc 192.168.3.215]receiver:[1c:79:2d:20:62:97 192.168.3.167]
01-01 08:08:05.096 0 0 W : [3 T0 .s] [SP FRAME TX] arp req,vif_idx:0 sender:[1c:79:2d:20:62:97 192.168.3.167]receiver:[00:00:00:00:00:00 192.168.3.99]
01-01 08:08:05.097 0 0 W : [1 T948 ..] [SP FRAME RX] arp req,vif_idx:0 sender:[a2:e3:8f:e4:ff:46 192.168.3.99]receiver:[00:00:00:00:00:00 192.168.3.167]
01-01 08:08:05.098 0 0 W : [1 T948 ..] [SP FRAME TX] arp rsp,vif_idx:0 sender:[1c:79:2d:20:62:97 192.168.3.167]receiver:[a2:e3:8f:e4:ff:46 192.168.3.99]
01-01 08:08:05.529 0 0 W : [1 T948 ..] [SP FRAME RX] arp rsp,vif_idx:0 sender:[a2:e3:8f:e4:ff:46 192.168.3.99]receiver:[1c:79:2d:20:62:97 192.168.3.167]
01-01 08:08:15.772 0 0 W : [1 T3093 ..] [SP FRAME TX] arp req,vif_idx:0 sender:[1c:79:2d:20:62:97 192.168.3.167]receiver:[00:00:00:00:00:00 192.168.3.33]
01-01 08:08:15.780 0 0 W : [1 T948 ..] [SP FRAME RX] arp rsp,vif_idx:0 sender:[42:b8:8f:60:49:b1 192.168.3.33]receiver:[1c:79:2d:20:62:97 192.168.3.167]
01-01 08:08:20.456 0 0 W : [1 T0 .s] [SP FRAME TX] arp req,vif_idx:0 sender:[1c:79:2d:20:62:97 192.168.3.167]receiver:[00:00:00:00:00:00 192.168.3.154]
01-01 08:08:20.605 0 0 W : [2 T948 ..] [SP FRAME RX] arp rsp,vif_idx:0 sender:[32:08:ae:4d:23:4b 192.168.3.154]receiver:[1c:79:2d:20:62:97 192.168.3.167]
01-01 08:08:22.412 0 0 W : [2 T948 ..] [SP FRAME RX] arp req,vif_idx:0 sender:[2e:6a:3b:b3:ad:e6 192.168.3.15]receiver:[00:00:00:00:00:00 192.168.3.167]
