01-01 08:00:28.578 0 0 W : [2 T947 ..] [cmd_mgr_llind 329] cmd tkn[25] flags:001a result: -4 cmd:5124-ME_SET_CONTROL_PORT_REQ - reqcfm(5125-ME_SET_CONTROL_PORT_CFM)
01-01 08:00:28.580 0 0 W : [2 T947 ..] [cmd_mgr_msgind 409] cmd tkn[25] flags:0012 result: -4 cmd:5124-ME_SET_CONTROL_PORT_REQ - reqcfm(5125-ME_SET_CONTROL_PORT_CFM)
01-01 08:00:28.582 0 0 W : [2 T947 ..] [cmd_complete 65] cmd tkn[25] flags:0002 result: -4 cmd:5124-ME_SET_CONTROL_PORT_REQ - reqcfm(5125-ME_SET_CONTROL_PORT_CFM)
01-01 08:00:28.584 0 0 W : [0 T1016 ..] >>> aml_send_msg()
01-01 08:00:28.589 0 0 W : [2 T947 ..] ipc_sdio_host_msgack_handler 00000000492db1f6
01-01 08:00:28.589 0 0 W : [2 T947 ..] [aml_msgackind 2038] msg ack hostid=0xffffff807618b300
01-01 08:00:28.590 0 0 W : [2 T947 ..] [cmd_mgr_llind 329] cmd tkn[26] flags:0008 result: -4 cmd: 105-MM_SUB_SET_REKEY_DATA - reqcfm( 0-none)
01-01 08:00:28.591 0 0 W : [2 T947 ..] [cmd_complete 65] cmd tkn[26] flags:0000 result: -4 cmd: 105-MM_SUB_SET_REKEY_DATA - reqcfm( 0-none)
05-23 09:26:42.019 732 873 W ContextImpl: Calling a method in the system process without a qualified user: android.app.ContextImpl.sendStickyBroadcast:1626 com.android.server.wifi.ClientModeImpl.sendNetworkChangeBroadcast:3008 com.android.server.wifi.ClientModeImpl.lambda$sendNetworkChangeBroadcastWithCurrentState$14:2985 com.android.server.wifi.ClientModeImpl.$r8$lambda$q-j88Pjw4gROgoJFr8wBlBVbuJI:0 com.android.server.wifi.ClientModeImpl$$ExternalSyntheticLambda4.send:0
05-23 09:26:42.032 732 873 W ContextImpl: Calling a method in the system process without a qualified user: android.app.ContextImpl.sendStickyBroadcast:1626 com.android.server.wifi.ClientModeImpl.sendNetworkChangeBroadcast:3008 com.android.server.wifi.ClientModeImpl.lambda$sendNetworkChangeBroadcastWithCurrentState$14:2985 com.android.server.wifi.ClientModeImpl.$r8$lambda$q-j88Pjw4gROgoJFr8wBlBVbuJI:0 com.android.server.wifi.ClientModeImpl$$ExternalSyntheticLambda4.send:0
05-23 09:26:42.056 732 958 D CompatibilityChangeReporter: Compat change id reported: 171306433; UID 1073; state: ENABLED
01-01 08:00:28.708 0 0 W : [2 T405 ..] >>> aml_send_msg()
01-01 08:00:28.708 0 0 W : [2 T569 ..] [aml_inetaddr6_event 6186] dev wlan0 is up, comm:binder:471_1, pid:569 vif:0, ipv6:fe80:0000:0000:0000:bed7:452e:203a:3c6a
01-01 08:00:28.708 0 0 W : [2 T947 ..] ipc_sdio_host_msgack_handler 000000005cdf686c
01-01 08:00:28.710 0 0 W : [2 T947 ..] [aml_msgackind 2038] msg ack hostid=0xffffff8079714500
01-01 08:00:28.711 0 0 W : [2 T947 ..] [cmd_mgr_llind 329] cmd tkn[27] flags:0008 result: -4 cmd: 105-MM_SUB_NOTIFY_IP - reqcfm( 0-none)
01-01 08:00:28.713 0 0 W : [2 T947 ..] [cmd_complete 65] cmd tkn[27] flags:0000 result: -4 cmd: 105-MM_SUB_NOTIFY_IP - reqcfm( 0-none)
01-01 08:00:28.761 0 0 W : [2 T1016 ..] [aml_android_priv_ioctl 128] vif idx=0 cmd=SETSUSPENDMODE 0
01-01 08:00:28.762 0 0 W : [2 T1016 ..] [aml_android_set_suspend_mode 77] set google_cast 0
01-01 08:00:28.764 0 0 W : [2 T1016 ..] >>> aml_cfg80211_set_power_mgmt()
01-01 08:00:28.764 0 0 W : [2 T1016 ..] [aml_send_me_set_ps_mode 2111] set power save mode:0
01-01 08:00:28.764 0 0 W : [2 T1016 ..] >>> aml_send_msg()
01-01 08:00:28.767 0 0 W : [2 T947 ..] ipc_sdio_host_msgack_handler 00000000b3fd93aa
01-01 08:00:28.767 0 0 W : [2 T947 ..] [aml_msgackind 2038] msg ack hostid=0xffffff8079714a00
01-01 08:00:28.768 0 0 W : [2 T947 ..] [cmd_mgr_llind 329] cmd tkn[28] flags:001a result: -4 cmd:5139-ME_SET_PS_MODE_REQ - reqcfm(5140-ME_SET_PS_MODE_CFM)
05-23 09:26:42.193 732 958 D CompatibilityChangeReporter: Compat change id reported: 149924527; UID 10077; state: ENABLED
05-23 09:26:42.193 732 958 D CompatibilityChangeReporter: Compat change id reported: 132649864; UID 10077; state: DISABLED
01-01 08:00:28.770 0 0 W : [2 T947 ..] [cmd_mgr_msgind 409] cmd tkn[28] flags:0012 result: -4 cmd:5139-ME_SET_PS_MODE_REQ - reqcfm(5140-ME_SET_PS_MODE_CFM)
01-01 08:00:28.771 0 0 W : [2 T947 ..] [cmd_complete 65] cmd tkn[28] flags:0002 result: -4 cmd:5139-ME_SET_PS_MODE_REQ - reqcfm(5140-ME_SET_PS_MODE_CFM)
01-01 08:00:28.797 0 0 W : [2 T1165 ..] [SP FRAME TX] DHCP[1 0], vif_idx:0
05-23 09:26:42.280 732 958 D CompatibilityChangeReporter: Compat change id reported: 161145287; UID 10077; state: DISABLED
01-01 08:00:28.885 0 0 W : [1 T948 ..] [SP FRAME RX] DHCP[1 0], vif_idx:0
01-01 08:00:28.891 0 0 W : [2 T1016 ..] >>> aml_cfg80211_set_power_mgmt()
01-01 08:00:28.891 0 0 W : [2 T1016 ..] [aml_send_me_set_ps_mode 2111] set power save mode:0
01-01 08:00:28.891 0 0 W : [2 T1016 ..] >>> aml_send_msg()
01-01 08:00:28.893 0 0 W : [2 T947 ..] ipc_sdio_host_msgack_handler 0000000075f3bdc4
01-01 08:00:28.893 0 0 W : [2 T947 ..] [aml_msgackind 2038] msg ack hostid=0xffffff8079714380
01-01 08:00:28.894 0 0 W : [2 T947 ..] [cmd_mgr_llind 329] cmd tkn[29] flags:001a result: -4 cmd:5139-ME_SET_PS_MODE_REQ - reqcfm(5140-ME_SET_PS_MODE_CFM)
01-01 08:00:28.896 0 0 W : [2 T947 ..] [cmd_mgr_msgind 409] cmd tkn[29] flags:0012 result: -4 cmd:5139-ME_SET_PS_MODE_REQ - reqcfm(5140-ME_SET_PS_MODE_CFM)
01-01 08:00:28.898 0 0 W : [2 T947 ..] [cmd_complete 65] cmd tkn[29] flags:0002 result: -4 cmd:5139-ME_SET_PS_MODE_REQ - reqcfm(5140-ME_SET_PS_MODE_CFM)
01-01 08:00:28.903 0 0 W : [2 T569 ..] >>> aml_send_msg()
05-23 09:26:42.325 732 873 W ContextImpl: Calling a method in the system process without a qualified user: android.app.ContextImpl.sendStickyBroadcast:1626 com.android.server.wifi.ClientModeImpl.sendNetworkChangeBroadcast:3008 com.android.server.wifi.ClientModeImpl.lambda$sendNetworkChangeBroadcastWithCurrentState$14:2985 com.android.server.wifi.ClientModeImpl.$r8$lambda$q-j88Pjw4gROgoJFr8wBlBVbuJI:0 com.android.server.wifi.ClientModeImpl$$ExternalSyntheticLambda4.send:0
01-01 08:00:28.906 0 0 W : [2 T947 ..] ipc_sdio_host_msgack_handler 000000003df5fee3
01-01 08:00:28.906 0 0 W : [2 T947 ..] [aml_msgackind 2038] msg ack hostid=0xffffff8079714780
01-01 08:00:28.907 0 0 W : [2 T947 ..] [cmd_mgr_llind 329] cmd tkn[30] flags:0008 result: -4 cmd: 105-MM_SUB_NOTIFY_IP - reqcfm( 0-none)
01-01 08:00:28.909 0 0 W : [2 T947 ..] [cmd_complete 65] cmd tkn[30] flags:0000 result: -4 cmd: 105-MM_SUB_NOTIFY_IP - reqcfm( 0-none)
05-23 09:26:42.351 732 881 W BroadcastLoopers: Found previously unknown looper Thread[ConnectivityServiceThread,5,main]
05-23 09:26:42.352 732 873 W ContextImpl: Calling a method in the system process without a qualified user: android.app.ContextImpl.sendStickyBroadcast:1626 com.android.server.wifi.ClientModeImpl.sendNetworkChangeBroadcast:3008 com.android.server.wifi.ClientModeImpl.lambda$sendNetworkChangeBroadcastWithCurrentState$14:2985 com.android.server.wifi.ClientModeImpl.$r8$lambda$q-j88Pjw4gROgoJFr8wBlBVbuJI:0 com.android.server.wifi.ClientModeImpl$$ExternalSyntheticLambda4.send:0
01-01 08:00:28.911 0 0 W : [3 T569 ..] [aml_inetaddr_event 6139] dev wlan0 is up, comm:binder:471_1, pid:569, vif:0, ipv4:192.168.3.167
01-01 08:00:28.954 0 0 W : [2 T947 ..] >>> aml_rx_me_tx_credits_update_ind()
01-01 08:00:28.955 0 0 W : [2 T947 ..] [aml_txq_credit_update 2514] sta_idx=0 vif_idx=0 tid=0 update=120 pkt pushed=0 credits=124 old_credits=4
01-01 08:00:28.966 0 0 W : [2 T2175 ..] [SP FRAME TX] arp req,vif_idx:0 sender:[1c:79:2d:20:62:97 192.168.3.167]receiver:[00:00:00:00:00:00 192.168.3.1]
05-23 09:26:42.425 471 558 E NetlinkEvent: NetlinkEvent::FindParam(): Parameter 'INTERFACE' not found
05-23 09:26:42.425 471 558 E NetlinkEvent: NetlinkEvent::FindParam(): Parameter 'STATE' not found
05-23 09:26:42.425 471 558 E NetlinkEvent: NetlinkEvent::FindParam(): Parameter 'TIME_NS' not found
05-23 09:26:42.425 471 558 E NetlinkEvent: NetlinkEvent::FindParam(): Parameter 'UID' not found
01-01 08:00:29.012 0 0 W : [1 T948 ..] [SP FRAME RX] arp rsp,vif_idx:0 sender:[70:3a:a6:36:a8:d7 192.168.3.1]receiver:[1c:79:2d:20:62:97 192.168.3.167]
05-23 09:26:42.492 732 881 W ContextImpl: Calling a method in the system process without a qualified user: android.app.ContextImpl.sendStickyBroadcast:1626 android.net.connectivity.com.android.server.ConnectivityService.sendStickyBroadcast:3280 android.net.connectivity.com.android.server.ConnectivityService.sendGeneralBroadcast:3250 android.net.connectivity.com.android.server.ConnectivityService.sendConnectedBroadcast:3223 android.net.connectivity.com.android.server.ConnectivityService.sendLegacyNetworkBroadcast:10138
05-23 09:26:42.543 732 881 W ContextImpl: Calling a method in the system process without a qualified user: android.app.ContextImpl.sendStickyBroadcast:1626 android.net.connectivity.com.android.server.ConnectivityService.sendStickyBroadcast:3280 android.net.connectivity.com.android.server.ConnectivityService.sendGeneralBroadcast:3250 android.net.connectivity.com.android.server.ConnectivityService.sendInetConditionBroadcast:3227 android.net.connectivity.com.android.server.ConnectivityService.updateInetCondition:9819
05-23 09:26:42.607 1371 1709 E TaskWorkerFactory: Cannot create worker: com.android.devicelockcontroller.provision.worker.DeviceCheckInWorker
05-23 09:26:42.607 1371 1709 E TaskWorkerFactory: java.lang.NoSuchMethodException: com.android.devicelockcontroller.provision.worker.DeviceCheckInWorker. [class android.content.Context, class androidx.work.WorkerParameters, interface com.google.common.util.concurrent.ListeningExecutorService]
05-23 09:26:42.607 1371 1709 E TaskWorkerFactory: at java.lang.Class.getConstructor0(Class.java:3325)
05-23 09:26:42.607 1371 1709 E TaskWorkerFactory: at java.lang.Class.getDeclaredConstructor(Class.java:3063)
05-23 09:26:42.607 1371 1709 E TaskWorkerFactory: at com.android.devicelockcontroller.policy.TaskWorkerFactory.createWorker(TaskWorkerFactory.java:53)
05-23 09:26:42.607 1371 1709 E TaskWorkerFactory: at androidx.work.DelegatingWorkerFactory.createWorker(DelegatingWorkerFactory.java:71)
05-23 09:26:42.607 1371 1709 E TaskWorkerFactory: at androidx.work.WorkerFactory.createWorkerWithDefaultFallback(WorkerFactory.java:82)
05-23 09:26:42.607 1371 1709 E TaskWorkerFactory: at androidx.work.impl.WorkerWrapper.runWorker(WorkerWrapper.java:240)
05-23 09:26:42.607 1371 1709 E TaskWorkerFactory: at androidx.work.impl.WorkerWrapper.run(WorkerWrapper.java:142)
05-23 09:26:42.607 1371 1709 E TaskWorkerFactory: at androidx.work.impl.utils.SerialExecutorImpl$Task.run(SerialExecutorImpl.java:96)
05-23 09:26:42.607 1371 1709 E TaskWorkerFactory: at java.util.concurrent.ThreadPoolExecutor.runWorker(ThreadPoolExecutor.java:1145)
05-23 09:26:42.607 1371 1709 E TaskWorkerFactory: at java.util.concurrent.ThreadPoolExecutor$Worker.run(ThreadPoolExecutor.java:644)
05-23 09:26:42.607 1371 1709 E TaskWorkerFactory: at java.lang.Thread.run(Thread.java:1012)
05-23 09:26:42.632 732 764 I ActivityManager: reportOnUserCompletedEvent(0): stored=10, eligible=111
05-23 09:26:42.632 732 764 D SystemServerTimingAsync: ssm.CompletedEventUser-0
05-23 09:26:42.632 732 764 I SystemServiceManager: Calling onCompletedEventUser 0
05-23 09:26:42.650 732 2195 D SystemServerTimingAsync: ssm.onCompletedEventUser-0_{|Unlocked|}_com.android.server.pm.Installer
05-23 09:26:42.651 732 2195 V SystemServerTimingAsync: ssm.onCompletedEventUser-0_{|Unlocked|}_com.android.server.pm.Installer took to complete: 0ms
05-23 09:26:42.651 732 2195 D SystemServerTimingAsync: ssm.onCompletedEventUser-0_{|Unlocked|}_com.android.server.flags.FeatureFlagsService
05-23 09:26:42.651 732 2195 V SystemServerTimingAsync: ssm.onCompletedEventUser-0_{|Unlocked|}_com.android.server.flags.FeatureFlagsService took to complete: 0ms
05-23 09:26:42.651 732 2195 D SystemServerTimingAsync: ssm.onCompletedEventUser-0_{|Unlocked|}_com.android.server.uri.UriGrantsManagerService$Lifecycle
05-23 09:26:42.651 732 2195 V SystemServerTimingAsync: ssm.onCompletedEventUser-0_{|Unlocked|}_com.android.server.uri.UriGrantsManagerService$Lifecycle took to complete: 0ms
05-23 09:26:42.651 732 2195 D SystemServerTimingAsync: ssm.onCompletedEventUser-0_{|Unlocked|}_com.android.server.powerstats.PowerStatsService
05-23 09:26:42.651 732 2195 V SystemServerTimingAsync: ssm.onCompletedEventUser-0_{|Unlocked|}_com.android.server.powerstats.PowerStatsService took to complete: 0ms
05-23 09:26:42.651 732 2195 D SystemServerTimingAsync: ssm.onCompletedEventUser-0_{|Unlocked|}_com.android.server.permission.access.AccessCheckingService
05-23 09:26:42.651 732 2195 V SystemServerTimingAsync: ssm.onCompletedEventUser-0_{|Unlocked|}_com.android.server.permission.access.AccessCheckingService took to complete: 0ms
05-23 09:26:42.651 732 2195 D SystemServerTimingAsync: ssm.onCompletedEventUser-0_{|Unlocked|}_com.android.server.wm.ActivityTaskManagerService$Lifecycle
05-23 09:26:42.651 732 2195 V SystemServerTimingAsync: ssm.onCompletedEventUser-0_{|Unlocked|}_com.android.server.wm.ActivityTaskManagerService$Lifecycle took to complete: 0ms
05-23 09:26:42.651 732 2195 D SystemServerTimingAsync: ssm.onCompletedEventUser-0_{|Unlocked|}_com.android.server.am.ActivityManagerService$Lifecycle
05-23 09:26:42.651 732 2195 V SystemServerTimingAsync: ssm.onCompletedEventUser-0_{|Unlocked|}_com.android.server.am.ActivityManagerService$Lifecycle took to complete: 0ms
05-23 09:26:42.651 732 2195 D SystemServerTimingAsync: ssm.onCompletedEventUser-0_{|Unlocked|}_com.android.server.pm.DataLoaderManagerService
05-23 09:26:42.651 732 2195 V SystemServerTimingAsync: ssm.onCompletedEventUser-0_{|Unlocked|}_com.android.server.pm.DataLoaderManagerService took to complete: 0ms
05-23 09:26:42.651 732 2195 D SystemServerTimingAsync: ssm.onCompletedEventUser-0_{|Unlocked|}_com.android.server.power.PowerManagerService
05-23 09:26:42.651 732 2195 V SystemServerTimingAsync: ssm.onCompletedEventUser-0_{|Unlocked|}_com.android.server.power.PowerManagerService took to complete: 0ms
05-23 09:26:42.651 732 2195 D SystemServerTimingAsync: ssm.onCompletedEventUser-0_{|Unlocked|}_com.android.server.power.ThermalManagerService
05-23 09:26:42.651 732 2195 V SystemServerTimingAsync: ssm.onCompletedEventUser-0_{|Unlocked|}_com.android.server.power.ThermalManagerService took to complete: 0ms
05-23 09:26:42.651 732 2195 D SystemServerTimingAsync: ssm.onCompletedEventUser-0_{|Unlocked|}_com.android.server.power.hint.HintManagerService
05-23 09:26:42.651 732 2195 V SystemServerTimingAsync: ssm.onCompletedEventUser-0_{|Unlocked|}_com.android.server.power.hint.HintManagerService took to complete: 0ms
05-23 09:26:42.651 732 2195 D SystemServerTimingAsync: ssm.onCompletedEventUser-0_{|Unlocked|}_com.android.server.recoverysystem.RecoverySystemService$Lifecycle
05-23 09:26:42.651 732 2195 V SystemServerTimingAsync: ssm.onCompletedEventUser-0_{|Unlocked|}_com.android.server.recoverysystem.RecoverySystemService$Lifecycle took to complete: 0ms
05-23 09:26:42.651 732 2195 D SystemServerTimingAsync: ssm.onCompletedEventUser-0_{|Unlocked|}_com.android.server.lights.LightsService
05-23 09:26:42.651 732 2195 V SystemServerTimingAsync: ssm.onCompletedEventUser-0_{|Unlocked|}_com.android.server.lights.LightsService took to complete: 0ms
05-23 09:26:42.651 732 2195 D SystemServerTimingAsync: ssm.onCompletedEventUser-0_{|Unlocked|}_com.android.server.display.DisplayManagerService
05-23 09:26:42.651 732 2195 V SystemServerTimingAsync: ssm.onCompletedEventUser-0_{|Unlocked|}_com.android.server.display.DisplayManagerService took to complete: 0ms
05-23 09:26:42.651 732 2195 D SystemServerTimingAsync: ssm.onCompletedEventUser-0_{|Unlocked|}_com.android.server.pm.verify.domain.DomainVerificationService
05-23 09:26:42.651 732 2195 V SystemServerTimingAsync: ssm.onCompletedEventUser-0_{|Unlocked|}_com.android.server.pm.verify.domain.DomainVerificationService took to complete: 0ms
05-23 09:26:42.651 732 2195 D SystemServerTimingAsync: ssm.onCompletedEventUser-0_{|Unlocked|}_com.android.server.pm.PackageInstallerService$Lifecycle
05-23 09:26:42.651 732 2195 V SystemServerTimingAsync: ssm.onCompletedEventUser-0_{|Unlocked|}_com.android.server.pm.PackageInstallerService$Lifecycle took to complete: 0ms
05-23 09:26:42.651 732 2195 D SystemServerTimingAsync: ssm.onCompletedEventUser-0_{|Unlocked|}_com.android.server.pm.UserManagerService$LifeCycle
05-23 09:26:42.651 732 2195 V SystemServerTimingAsync: ssm.onCompletedEventUser-0_{|Unlocked|}_com.android.server.pm.UserManagerService$LifeCycle took to complete: 0ms
05-23 09:26:42.651 732 2195 D SystemServerTimingAsync: ssm.onCompletedEventUser-0_{|Unlocked|}_com.android.server.om.OverlayManagerService
05-23 09:26:42.651 732 2195 V SystemServerTimingAsync: ssm.onCompletedEventUser-0_{|Unlocked|}_com.android.server.om.OverlayManagerService took to complete: 0ms
05-23 09:26:42.652 732 2195 D SystemServerTimingAsync: ssm.onCompletedEventUser-0_{|Unlocked|}_com.android.server.resources.ResourcesManagerService
05-23 09:26:42.652 732 2195 V SystemServerTimingAsync: ssm.onCompletedEventUser-0_{|Unlocked|}_com.android.server.resources.ResourcesManagerService took to complete: 0ms
01-01 08:00:29.267 0 0 W [1 T2197 ..] audit: audit_lost=110 audit_rate_limit=5 audit_backlog_limit=64
01-01 08:00:29.267 0 0 E [1 T2197 ..] audit: rate limit exceeded
05-23 09:26:42.652 732 2195 D SystemServerTimingAsync: ssm.onCompletedEventUser-0_{|Unlocked|}_com.android.server.sensorprivacy.SensorPrivacyService
05-23 09:26:42.652 732 2195 V SystemServerTimingAsync: ssm.onCompletedEventUser-0_{|Unlocked|}_com.android.server.sensorprivacy.SensorPrivacyService took to complete: 0ms
05-23 09:26:42.652 732 2195 D SystemServerTimingAsync: ssm.onCompletedEventUser-0_{|Unlocked|}_com.android.server.sensors.SensorService
05-23 09:26:42.652 732 2195 V SystemServerTimingAsync: ssm.onCompletedEventUser-0_{|Unlocked|}_com.android.server.sensors.SensorService took to complete: 0ms
05-23 09:26:42.652 732 2195 D SystemServerTimingAsync: ssm.onCompletedEventUser-0_{|Unlocked|}_com.android.server.SystemConfigService
05-23 09:26:42.652 732 2195 V SystemServerTimingAsync: ssm.onCompletedEventUser-0_{|Unlocked|}_com.android.server.SystemConfigService took to complete: 0ms
05-23 09:26:42.652 732 2195 D SystemServerTimingAsync: ssm.onCompletedEventUser-0_{|Unlocked|}_com.android.server.BatteryService
05-23 09:26:42.652 732 2195 V SystemServerTimingAsync: ssm.onCompletedEventUser-0_{|Unlocked|}_com.android.server.BatteryService took to complete: 0ms
05-23 09:26:42.652 732 2195 D SystemServerTimingAsync: ssm.onCompletedEventUser-0_{|Unlocked|}_com.android.server.usage.UsageStatsService
05-23 09:26:42.652 732 2195 V SystemServerTimingAsync: ssm.onCompletedEventUser-0_{|Unlocked|}_com.android.server.usage.UsageStatsService took to complete: 0ms
05-23 09:26:42.652 732 2195 D SystemServerTimingAsync: ssm.onCompletedEventUser-0_{|Unlocked|}_com.android.server.webkit.WebViewUpdateService
05-23 09:26:42.652 732 2195 V SystemServerTimingAsync: ssm.onCompletedEventUser-0_{|Unlocked|}_com.android.server.webkit.WebViewUpdateService took to complete: 0ms
05-23 09:26:42.652 732 2195 D SystemServerTimingAsync: ssm.onCompletedEventUser-0_{|Unlocked|}_com.android.server.CachedDeviceStateService
05-23 09:26:42.652 732 2195 V SystemServerTimingAsync: ssm.onCompletedEventUser-0_{|Unlocked|}_com.android.server.CachedDeviceStateService took to complete: 0ms
05-23 09:26:42.652 732 2195 D SystemServerTimingAsync: ssm.onCompletedEventUser-0_{|Unlocked|}_com.android.server.BinderCallsStatsService$LifeCycle
05-23 09:26:42.652 732 2195 V SystemServerTimingAsync: ssm.onCompletedEventUser-0_{|Unlocked|}_com.android.server.BinderCallsStatsService$LifeCycle took to complete: 0ms
05-23 09:26:42.652 732 2195 D SystemServerTimingAsync: ssm.onCompletedEventUser-0_{|Unlocked|}_com.android.server.LooperStatsService$Lifecycle
05-23 09:26:42.652 732 2195 V SystemServerTimingAsync: ssm.onCompletedEventUser-0_{|Unlocked|}_com.android.server.LooperStatsService$Lifecycle took to complete: 0ms
05-23 09:26:42.652 732 2195 D SystemServerTimingAsync: ssm.onCompletedEventUser-0_{|Unlocked|}_com.android.server.rollback.RollbackManagerService
05-23 09:26:42.652 732 2195 V SystemServerTimingAsync: ssm.onCompletedEventUser-0_{|Unlocked|}_com.android.server.rollback.RollbackManagerService took to complete: 0ms
05-23 09:26:42.652 732 2195 D SystemServerTimingAsync: ssm.onCompletedEventUser-0_{|Unlocked|}_com.android.server.os.NativeTombstoneManagerService
05-23 09:26:42.652 732 2195 V SystemServerTimingAsync: ssm.onCompletedEventUser-0_{|Unlocked|}_com.android.server.os.NativeTombstoneManagerService took to complete: 0ms
05-23 09:26:42.652 732 2195 D SystemServerTimingAsync: ssm.onCompletedEventUser-0_{|Unlocked|}_com.android.server.os.BugreportManagerService
05-23 09:26:42.652 732 2195 V SystemServerTimingAsync: ssm.onCompletedEventUser-0_{|Unlocked|}_com.android.server.os.BugreportManagerService took to complete: 0ms
05-23 09:26:42.652 732 2195 D SystemServerTimingAsync: ssm.onCompletedEventUser-0_{|Unlocked|}_com.android.server.gpu.GpuService
05-23 09:26:42.652 732 2195 V SystemServerTimingAsync: ssm.onCompletedEventUser-0_{|Unlocked|}_com.android.server.gpu.GpuService took to complete: 0ms
05-23 09:26:42.652 732 2195 D SystemServerTimingAsync: ssm.onCompletedEventUser-0_{|Unlocked|}_com.android.server.security.rkp.RemoteProvisioningService
05-23 09:26:42.652 732 2195 V SystemServerTimingAsync: ssm.onCompletedEventUser-0_{|Unlocked|}_com.android.server.security.rkp.RemoteProvisioningService took to complete: 0ms
05-23 09:26:42.652 732 2195 D SystemServerTimingAsync: ssm.onCompletedEventUser-0_{|Unlocked|}_com.android.server.cpu.CpuMonitorService
05-23 09:26:42.652 732 2195 V SystemServerTimingAsync: ssm.onCompletedEventUser-0_{|Unlocked|}_com.android.server.cpu.CpuMonitorService took to complete: 0ms
05-23 09:26:42.652 732 2195 D SystemServerTimingAsync: ssm.onCompletedEventUser-0_{|Unlocked|}_com.android.server.security.KeyChainSystemService
05-23 09:26:42.652 732 2195 V SystemServerTimingAsync: ssm.onCompletedEventUser-0_{|Unlocked|}_com.android.server.security.KeyChainSystemService took to complete: 0ms
05-23 09:26:42.652 732 2195 D SystemServerTimingAsync: ssm.onCompletedEventUser-0_{|Unlocked|}_com.android.server.BinaryTransparencyService
05-23 09:26:42.652 732 2195 V SystemServerTimingAsync: ssm.onCompletedEventUser-0_{|Unlocked|}_com.android.server.BinaryTransparencyService took to complete: 0ms
05-23 09:26:42.652 732 2195 D SystemServerTimingAsync: ssm.onCompletedEventUser-0_{|Unlocked|}_com.android.server.accounts.AccountManagerService$Lifecycle
05-23 09:26:42.652 732 2195 V SystemServerTimingAsync: ssm.onCompletedEventUser-0_{|Unlocked|}_com.android.server.accounts.AccountManagerService$Lifecycle took to complete: 0ms
05-23 09:26:42.652 732 2195 D SystemServerTimingAsync: ssm.onCompletedEventUser-0_{|Unlocked|}_com.android.server.content.ContentService$Lifecycle
05-23 09:26:42.652 732 2195 V SystemServerTimingAsync: ssm.onCompletedEventUser-0_{|Unlocked|}_com.android.server.content.ContentService$Lifecycle took to complete: 0ms
05-23 09:26:42.652 732 2195 D SystemServerTimingAsync: ssm.onCompletedEventUser-0_{|Unlocked|}_com.android.server.deviceconfig.DeviceConfigInit$Lifecycle
05-23 09:26:42.652 732 2195 V SystemServerTimingAsync: ssm.onCompletedEventUser-0_{|Unlocked|}_com.android.server.deviceconfig.DeviceConfigInit$Lifecycle took to complete: 0ms
05-23 09:26:42.652 732 2195 D SystemServerTimingAsync: ssm.onCompletedEventUser-0_{|Unlocked|}_com.android.server.DropBoxManagerService
05-23 09:26:42.652 732 2195 V SystemServerTimingAsync: ssm.onCompletedEventUser-0_{|Unlocked|}_com.android.server.DropBoxManagerService took to complete: 0ms
05-23 09:26:42.653 732 2195 D SystemServerTimingAsync: ssm.onCompletedEventUser-0_{|Unlocked|}_com.android.role.RoleService
05-23 09:26:42.653 732 2195 V SystemServerTimingAsync: ssm.onCompletedEventUser-0_{|Unlocked|}_com.android.role.RoleService took to complete: 0ms
05-23 09:26:42.653 732 2195 D SystemServerTimingAsync: ssm.onCompletedEventUser-0_{|Unlocked|}_com.android.server.vibrator.VibratorManagerService$Lifecycle
05-23 09:26:42.653 732 2195 V SystemServerTimingAsync: ssm.onCompletedEventUser-0_{|Unlocked|}_com.android.server.vibrator.VibratorManagerService$Lifecycle took to complete: 0ms
05-23 09:26:42.653 732 2195 D SystemServerTimingAsync: ssm.onCompletedEventUser-0_{|Unlocked|}_com.android.server.tare.InternalResourceService
05-23 09:26:42.653 732 2195 V SystemServerTimingAsync: ssm.onCompletedEventUser-0_{|Unlocked|}_com.android.server.tare.InternalResourceService took to complete: 0ms
05-23 09:26:42.653 732 2195 D SystemServerTimingAsync: ssm.onCompletedEventUser-0_{|Unlocked|}_com.android.server.alarm.AlarmManagerService
05-23 09:26:42.653 732 2195 V SystemServerTimingAsync: ssm.onCompletedEventUser-0_{|Unlocked|}_com.android.server.alarm.AlarmManagerService took to complete: 0ms
05-23 09:26:42.653 732 2195 D SystemServerTimingAsync: ssm.onCompletedEventUser-0_{|Unlocked|}_com.android.server.devicestate.DeviceStateManagerService
05-23 09:26:42.653 732 2195 V SystemServerTimingAsync: ssm.onCompletedEventUser-0_{|Unlocked|}_com.android.server.devicestate.DeviceStateManagerService took to complete: 0ms
05-23 09:26:42.653 732 2195 D SystemServerTimingAsync: ssm.onCompletedEventUser-0_{|Unlocked|}_com.android.server.camera.CameraServiceProxy
05-23 09:26:42.653 732 2195 V SystemServerTimingAsync: ssm.onCompletedEventUser-0_{|Unlocked|}_com.android.server.camera.CameraServiceProxy took to complete: 0ms
05-23 09:26:42.653 732 2195 D SystemServerTimingAsync: ssm.onCompletedEventUser-0_{|Unlocked|}_com.android.server.bluetooth.BluetoothService
05-23 09:26:42.653 732 2195 V SystemServerTimingAsync: ssm.onCompletedEventUser-0_{|Unlocked|}_com.android.server.bluetooth.BluetoothService took to complete: 0ms
05-23 09:26:42.653 732 2195 D SystemServerTimingAsync: ssm.onCompletedEventUser-0_{|Unlocked|}_com.android.server.connectivity.IpConnectivityMetrics
05-23 09:26:42.653 732 2195 V SystemServerTimingAsync: ssm.onCompletedEventUser-0_{|Unlocked|}_com.android.server.connectivity.IpConnectivityMetrics took to complete: 0ms
05-23 09:26:42.653 732 2195 D SystemServerTimingAsync: ssm.onCompletedEventUser-0_{|Unlocked|}_com.android.server.net.watchlist.NetworkWatchlistService$Lifecycle
05-23 09:26:42.653 732 2195 V SystemServerTimingAsync: ssm.onCompletedEventUser-0_{|Unlocked|}_com.android.server.net.watchlist.NetworkWatchlistService$Lifecycle took to complete: 0ms
05-23 09:26:42.653 732 2195 D SystemServerTimingAsync: ssm.onCompletedEventUser-0_{|Unlocked|}_com.android.server.PinnerService
05-23 09:26:42.653 732 2195 V SystemServerTimingAsync: ssm.onCompletedEventUser-0_{|Unlocked|}_com.android.server.PinnerService took to complete: 0ms
05-23 09:26:42.653 732 2195 D SystemServerTimingAsync: ssm.onCompletedEventUser-0_{|Unlocked|}_com.android.server.integrity.AppIntegrityManagerService
05-23 09:26:42.653 732 2195 V SystemServerTimingAsync: ssm.onCompletedEventUser-0_{|Unlocked|}_com.android.server.integrity.AppIntegrityManagerService took to complete: 0ms
05-23 09:26:42.653 732 2195 D SystemServerTimingAsync: ssm.onCompletedEventUser-0_{|Unlocked|}_com.android.server.logcat.LogcatManagerService
05-23 09:26:42.653 732 2195 V SystemServerTimingAsync: ssm.onCompletedEventUser-0_{|Unlocked|}_com.android.server.logcat.LogcatManagerService took to complete: 0ms
05-23 09:26:42.653 732 2195 D SystemServerTimingAsync: ssm.onCompletedEventUser-0_{|Unlocked|}_com.android.server.inputmethod.InputMethodManagerService$Lifecycle
05-23 09:26:42.653 732 2195 V SystemServerTimingAsync: ssm.onCompletedEventUser-0_{|Unlocked|}_com.android.server.inputmethod.InputMethodManagerService$Lifecycle took to complete: 0ms
05-23 09:26:42.653 732 2195 D SystemServerTimingAsync: ssm.onCompletedEventUser-0_{|Unlocked|}_com.android.server.accessibility.AccessibilityManagerService$Lifecycle
05-23 09:26:42.653 732 2195 V SystemServerTimingAsync: ssm.onCompletedEventUser-0_{|Unlocked|}_com.android.server.accessibility.AccessibilityManagerService$Lifecycle took to complete: 0ms
05-23 09:26:42.653 732 2195 D SystemServerTimingAsync: ssm.onCompletedEventUser-0_{|Unlocked|}_com.android.server.StorageManagerService$Lifecycle
05-23 09:26:42.653 732 2195 V SystemServerTimingAsync: ssm.onCompletedEventUser-0_{|Unlocked|}_com.android.server.StorageManagerService$Lifecycle took to complete: 0ms
05-23 09:26:42.653 732 2195 D SystemServerTimingAsync: ssm.onCompletedEventUser-0_{|Unlocked|}_com.android.server.usage.StorageStatsService$Lifecycle
05-23 09:26:42.653 732 2195 V SystemServerTimingAsync: ssm.onCompletedEventUser-0_{|Unlocked|}_com.android.server.usage.StorageStatsService$Lifecycle took to complete: 0ms
05-23 09:26:42.653 732 2195 D SystemServerTimingAsync: ssm.onCompletedEventUser-0_{|Unlocked|}_com.android.server.UiModeManagerService
05-23 09:26:42.653 732 2195 V SystemServerTimingAsync: ssm.onCompletedEventUser-0_{|Unlocked|}_com.android.server.UiModeManagerService took to complete: 0ms
05-23 09:26:42.653 732 2195 D SystemServerTimingAsync: ssm.onCompletedEventUser-0_{|Unlocked|}_com.android.server.locales.LocaleManagerService
05-23 09:26:42.653 732 2195 V SystemServerTimingAsync: ssm.onCompletedEventUser-0_{|Unlocked|}_com.android.server.locales.LocaleManagerService took to complete: 0ms
05-23 09:26:42.653 732 2195 D SystemServerTimingAsync: ssm.onCompletedEventUser-0_{|Unlocked|}_com.android.server.grammaticalinflection.GrammaticalInflectionService
05-23 09:26:42.653 732 2195 V SystemServerTimingAsync: ssm.onCompletedEventUser-0_{|Unlocked|}_com.android.server.grammaticalinflection.GrammaticalInflectionService took to complete: 0ms
05-23 09:26:42.653 732 2195 D SystemServerTimingAsync: ssm.onCompletedEventUser-0_{|Unlocked|}_com.android.server.apphibernation.AppHibernationService
05-23 09:26:42.653 732 2195 V SystemServerTimingAsync: ssm.onCompletedEventUser-0_{|Unlocked|}_com.android.server.apphibernation.AppHibernationService took to complete: 0ms
05-23 09:26:42.653 732 2195 D SystemServerTimingAsync: ssm.onCompletedEventUser-0_{|Unlocked|}_com.android.server.locksettings.LockSettingsService$Lifecycle
05-23 09:26:42.654 732 2195 V SystemServerTimingAsync: ssm.onCompletedEventUser-0_{|Unlocked|}_com.android.server.locksettings.LockSettingsService$Lifecycle took to complete: 0ms
05-23 09:26:42.654 732 2195 D SystemServerTimingAsync: ssm.onCompletedEventUser-0_{|Unlocked|}_com.android.server.PersistentDataBlockService
05-23 09:26:42.654 732 2195 V SystemServerTimingAsync: ssm.onCompletedEventUser-0_{|Unlocked|}_com.android.server.PersistentDataBlockService took to complete: 0ms
05-23 09:26:42.654 732 2195 D SystemServerTimingAsync: ssm.onCompletedEventUser-0_{|Unlocked|}_com.android.server.testharness.TestHarnessModeService
05-23 09:26:42.654 732 2195 V SystemServerTimingAsync: ssm.onCompletedEventUser-0_{|Unlocked|}_com.android.server.testharness.TestHarnessModeService took to complete: 0ms
05-23 09:26:42.654 732 2195 D SystemServerTimingAsync: ssm.onCompletedEventUser-0_{|Unlocked|}_com.android.server.oemlock.OemLockService
05-23 09:26:42.654 732 2195 V SystemServerTimingAsync: ssm.onCompletedEventUser-0_{|Unlocked|}_com.android.server.oemlock.OemLockService took to complete: 0ms
05-23 09:26:42.654 732 2195 D SystemServerTimingAsync: ssm.onCompletedEventUser-0_{|Unlocked|}_com.android.server.DeviceIdleController
05-23 09:26:42.654 732 2195 V SystemServerTimingAsync: ssm.onCompletedEventUser-0_{|Unlocked|}_com.android.server.DeviceIdleController took to complete: 0ms
05-23 09:26:42.654 732 2195 D SystemServerTimingAsync: ssm.onCompletedEventUser-0_{|Unlocked|}_com.android.server.devicepolicy.DevicePolicyManagerService$Lifecycle
05-23 09:26:42.654 732 2195 V SystemServerTimingAsync: ssm.onCompletedEventUser-0_{|Unlocked|}_com.android.server.devicepolicy.DevicePolicyManagerService$Lifecycle took to complete: 0ms
05-23 09:26:42.654 732 2195 D SystemServerTimingAsync: ssm.onCompletedEventUser-0_{|Unlocked|}_com.android.server.texttospeech.TextToSpeechManagerService
05-23 09:26:42.654 732 2195 V SystemServerTimingAsync: ssm.onCompletedEventUser-0_{|Unlocked|}_com.android.server.texttospeech.TextToSpeechManagerService took to complete: 0ms
05-23 09:26:42.654 732 2195 D SystemServerTimingAsync: ssm.onCompletedEventUser-0_{|Unlocked|}_com.android.server.ambientcontext.AmbientContextManagerService
05-23 09:26:42.654 732 2195 V SystemServerTimingAsync: ssm.onCompletedEventUser-0_{|Unlocked|}_com.android.server.ambientcontext.AmbientContextManagerService took to complete: 0ms
05-23 09:26:42.654 732 2195 D SystemServerTimingAsync: ssm.onCompletedEventUser-0_{|Unlocked|}_com.android.server.wearable.WearableSensingManagerService
05-23 09:26:42.654 732 2195 V SystemServerTimingAsync: ssm.onCompletedEventUser-0_{|Unlocked|}_com.android.server.wearable.WearableSensingManagerService took to complete: 0ms
05-23 09:26:42.654 732 2195 D SystemServerTimingAsync: ssm.onCompletedEventUser-0_{|Unlocked|}_com.android.server.speech.SpeechRecognitionManagerService
05-23 09:26:42.654 732 2195 V SystemServerTimingAsync: ssm.onCompletedEventUser-0_{|Unlocked|}_com.android.server.speech.SpeechRecognitionManagerService took to complete: 0ms
05-23 09:26:42.654 732 2195 D SystemServerTimingAsync: ssm.onCompletedEventUser-0_{|Unlocked|}_com.android.server.searchui.SearchUiManagerService
05-23 09:26:42.654 732 2195 V SystemServerTimingAsync: ssm.onCompletedEventUser-0_{|Unlocked|}_com.android.server.searchui.SearchUiManagerService took to complete: 0ms
05-23 09:26:42.654 732 2195 D SystemServerTimingAsync: ssm.onCompletedEventUser-0_{|Unlocked|}_com.android.server.smartspace.SmartspaceManagerService
05-23 09:26:42.654 732 2195 V SystemServerTimingAsync: ssm.onCompletedEventUser-0_{|Unlocked|}_com.android.server.smartspace.SmartspaceManagerService took to complete: 0ms
05-23 09:26:42.654 732 2195 D SystemServerTimingAsync: ssm.onCompletedEventUser-0_{|Unlocked|}_com.android.server.graphics.fonts.FontManagerService$Lifecycle
05-23 09:26:42.654 732 2195 V SystemServerTimingAsync: ssm.onCompletedEventUser-0_{|Unlocked|}_com.android.server.graphics.fonts.FontManagerService$Lifecycle took to complete: 0ms
05-23 09:26:42.654 732 2195 D SystemServerTimingAsync: ssm.onCompletedEventUser-0_{|Unlocked|}_com.android.server.textservices.TextServicesManagerService$Lifecycle
05-23 09:26:42.654 732 2195 V SystemServerTimingAsync: ssm.onCompletedEventUser-0_{|Unlocked|}_com.android.server.textservices.TextServicesManagerService$Lifecycle took to complete: 0ms
05-23 09:26:42.654 732 2195 D SystemServerTimingAsync: ssm.onCompletedEventUser-0_{|Unlocked|}_com.android.server.textclassifier.TextClassificationManagerService$Lifecycle
05-23 09:26:42.654 732 2195 V SystemServerTimingAsync: ssm.onCompletedEventUser-0_{|Unlocked|}_com.android.server.textclassifier.TextClassificationManagerService$Lifecycle took to complete: 0ms
05-23 09:26:42.654 732 2195 D SystemServerTimingAsync: ssm.onCompletedEventUser-0_{|Unlocked|}_com.android.server.NetworkScoreService$Lifecycle
05-23 09:26:42.654 732 2195 V SystemServerTimingAsync: ssm.onCompletedEventUser-0_{|Unlocked|}_com.android.server.NetworkScoreService$Lifecycle took to complete: 0ms
05-23 09:26:42.654 732 2195 D SystemServerTimingAsync: ssm.onCompletedEventUser-0_{|Unlocked|}_com.android.server.NetworkStatsServiceInitializer
05-23 09:26:42.654 732 2195 V SystemServerTimingAsync: ssm.onCompletedEventUser-0_{|Unlocked|}_com.android.server.NetworkStatsServiceInitializer took to complete: 0ms
05-23 09:26:42.654 732 2195 D SystemServerTimingAsync: ssm.onCompletedEventUser-0_{|Unlocked|}_com.android.server.wifi.WifiService
05-23 09:26:42.654 732 2195 V SystemServerTimingAsync: ssm.onCompletedEventUser-0_{|Unlocked|}_com.android.server.wifi.WifiService took to complete: 0ms
05-23 09:26:42.654 732 2195 D SystemServerTimingAsync: ssm.onCompletedEventUser-0_{|Unlocked|}_com.android.server.wifi.scanner.WifiScanningService
05-23 09:26:42.654 732 2195 V SystemServerTimingAsync: ssm.onCompletedEventUser-0_{|Unlocked|}_com.android.server.wifi.scanner.WifiScanningService took to complete: 0ms
05-23 09:26:42.654 732 2195 D SystemServerTimingAsync: ssm.onCompletedEventUser-0_{|Unlocked|}_com.android.server.wifi.p2p.WifiP2pService
05-23 09:26:42.654 732 2195 V SystemServerTimingAsync: ssm.onCompletedEventUser-0_{|Unlocked|}_com.android.server.wifi.p2p.WifiP2pService took to complete: 0ms
05-23 09:26:42.654 732 2195 D SystemServerTimingAsync: ssm.onCompletedEventUser-0_{|Unlocked|}_com.android.server.ConnectivityServiceInitializer
05-23 09:26:42.654 732 2195 V SystemServerTimingAsync: ssm.onCompletedEventUser-0_{|Unlocked|}_com.android.server.ConnectivityServiceInitializer took to complete: 0ms
05-23 09:26:42.654 732 2195 D SystemServerTimingAsync: ssm.onCompletedEventUser-0_{|Unlocked|}_com.android.server.notification.NotificationManagerService
05-23 09:26:42.654 732 2195 V SystemServerTimingAsync: ssm.onCompletedEventUser-0_{|Unlocked|}_com.android.server.notification.NotificationManagerService took to complete: 0ms
05-23 09:26:42.655 732 2195 D SystemServerTimingAsync: ssm.onCompletedEventUser-0_{|Unlocked|}_com.android.server.storage.DeviceStorageMonitorService
05-23 09:26:42.655 732 2195 V SystemServerTimingAsync: ssm.onCompletedEventUser-0_{|Unlocked|}_com.android.server.storage.DeviceStorageMonitorService took to complete: 0ms
05-23 09:26:42.655 732 2195 D SystemServerTimingAsync: ssm.onCompletedEventUser-0_{|Unlocked|}_com.android.server.timedetector.TimeDetectorService$Lifecycle
05-23 09:26:42.655 732 2195 V SystemServerTimingAsync: ssm.onCompletedEventUser-0_{|Unlocked|}_com.android.server.timedetector.TimeDetectorService$Lifecycle took to complete: 0ms
05-23 09:26:42.655 732 2195 D SystemServerTimingAsync: ssm.onCompletedEventUser-0_{|Unlocked|}_com.android.server.location.LocationManagerService$Lifecycle
05-23 09:26:42.655 732 2195 V SystemServerTimingAsync: ssm.onCompletedEventUser-0_{|Unlocked|}_com.android.server.location.LocationManagerService$Lifecycle took to complete: 0ms
05-23 09:26:42.655 732 2195 D SystemServerTimingAsync: ssm.onCompletedEventUser-0_{|Unlocked|}_com.android.server.timezonedetector.TimeZoneDetectorService$Lifecycle
05-23 09:26:42.655 732 2195 V SystemServerTimingAsync: ssm.onCompletedEventUser-0_{|Unlocked|}_com.android.server.timezonedetector.TimeZoneDetectorService$Lifecycle took to complete: 0ms
05-23 09:26:42.655 732 2195 D SystemServerTimingAsync: ssm.onCompletedEventUser-0_{|Unlocked|}_com.android.server.location.altitude.AltitudeService$Lifecycle
05-23 09:26:42.655 732 2195 V SystemServerTimingAsync: ssm.onCompletedEventUser-0_{|Unlocked|}_com.android.server.location.altitude.AltitudeService$Lifecycle took to complete: 0ms
05-23 09:26:42.655 732 2195 D SystemServerTimingAsync: ssm.onCompletedEventUser-0_{|Unlocked|}_com.android.server.timezonedetector.location.LocationTimeZoneManagerService$Lifecycle
05-23 09:26:42.655 732 2195 V SystemServerTimingAsync: ssm.onCompletedEventUser-0_{|Unlocked|}_com.android.server.timezonedetector.location.LocationTimeZoneManagerService$Lifecycle took to complete: 0ms
05-23 09:26:42.655 732 2195 D SystemServerTimingAsync: ssm.onCompletedEventUser-0_{|Unlocked|}_com.android.server.search.SearchManagerService$Lifecycle
05-23 09:26:42.655 732 2195 V SystemServerTimingAsync: ssm.onCompletedEventUser-0_{|Unlocked|}_com.android.server.search.SearchManagerService$Lifecycle took to complete: 0ms
05-23 09:26:42.655 732 2195 D SystemServerTimingAsync: ssm.onCompletedEventUser-0_{|Unlocked|}_com.android.server.wallpaper.WallpaperManagerService$Lifecycle
05-23 09:26:42.655 732 2195 V SystemServerTimingAsync: ssm.onCompletedEventUser-0_{|Unlocked|}_com.android.server.wallpaper.WallpaperManagerService$Lifecycle took to complete: 0ms
05-23 09:26:42.655 732 2195 D SystemServerTimingAsync: ssm.onCompletedEventUser-0_{|Unlocked|}_com.android.server.wallpapereffectsgeneration.WallpaperEffectsGenerationManagerService
05-23 09:26:42.655 732 2195 V SystemServerTimingAsync: ssm.onCompletedEventUser-0_{|Unlocked|}_com.android.server.wallpapereffectsgeneration.WallpaperEffectsGenerationManagerService took to complete: 0ms
05-23 09:26:42.655 732 2195 D SystemServerTimingAsync: ssm.onCompletedEventUser-0_{|Unlocked|}_com.android.server.audio.AudioService$Lifecycle
05-23 09:26:42.655 732 2195 V SystemServerTimingAsync: ssm.onCompletedEventUser-0_{|Unlocked|}_com.android.server.audio.AudioService$Lifecycle took to complete: 0ms
05-23 09:26:42.655 732 2195 D SystemServerTimingAsync: ssm.onCompletedEventUser-0_{|Unlocked|}_com.android.server.soundtrigger_middleware.SoundTriggerMiddlewareService$Lifecycle
05-23 09:26:42.655 732 2195 V SystemServerTimingAsync: ssm.onCompletedEventUser-0_{|Unlocked|}_com.android.server.soundtrigger_middleware.SoundTriggerMiddlewareService$Lifecycle took to complete: 0ms
05-23 09:26:42.655 732 2195 D SystemServerTimingAsync: ssm.onCompletedEventUser-0_{|Unlocked|}_com.android.server.adb.AdbService$Lifecycle
05-23 09:26:42.655 732 2195 V SystemServerTimingAsync: ssm.onCompletedEventUser-0_{|Unlocked|}_com.android.server.adb.AdbService$Lifecycle took to complete: 0ms
05-23 09:26:42.655 732 2195 D SystemServerTimingAsync: ssm.onCompletedEventUser-0_{|Unlocked|}_com.android.server.usb.UsbService$Lifecycle
05-23 09:26:42.655 732 2195 V SystemServerTimingAsync: ssm.onCompletedEventUser-0_{|Unlocked|}_com.android.server.usb.UsbService$Lifecycle took to complete: 0ms
05-23 09:26:42.655 732 2195 D SystemServerTimingAsync: ssm.onCompletedEventUser-0_{|Unlocked|}_com.android.server.twilight.TwilightService
05-23 09:26:42.655 732 2195 V SystemServerTimingAsync: ssm.onCompletedEventUser-0_{|Unlocked|}_com.android.server.twilight.TwilightService took to complete: 0ms
05-23 09:26:42.655 732 2195 D SystemServerTimingAsync: ssm.onCompletedEventUser-0_{|Unlocked|}_com.android.server.display.color.ColorDisplayService
05-23 09:26:42.655 732 2195 V SystemServerTimingAsync: ssm.onCompletedEventUser-0_{|Unlocked|}_com.android.server.display.color.ColorDisplayService took to complete: 0ms
05-23 09:26:42.655 732 2195 D SystemServerTimingAsync: ssm.onCompletedEventUser-0_{|Unlocked|}_com.android.server.job.JobSchedulerService
05-23 09:26:42.655 732 2195 V SystemServerTimingAsync: ssm.onCompletedEventUser-0_{|Unlocked|}_com.android.server.job.JobSchedulerService took to complete: 0ms
05-23 09:26:42.655 732 2195 D SystemServerTimingAsync: ssm.onCompletedEventUser-0_{|Unlocked|}_com.android.server.soundtrigger.SoundTriggerService
05-23 09:26:42.655 732 2195 V SystemServerTimingAsync: ssm.onCompletedEventUser-0_{|Unlocked|}_com.android.server.soundtrigger.SoundTriggerService took to complete: 0ms
05-23 09:26:42.656 732 2196 D SystemServerTimingAsync: ssm.onCompletedEventUser-0_{|Unlocked|}_com.android.server.os.DeviceIdentifiersPolicyService
05-23 09:26:42.656 732 2196 V SystemServerTimingAsync: ssm.onCompletedEventUser-0_{|Unlocked|}_com.android.server.os.DeviceIdentifiersPolicyService took to complete: 0ms
05-23 09:26:42.656 732 2196 D SystemServerTimingAsync: ssm.onCompletedEventUser-0_{|Unlocked|}_com.android.server.backup.BackupManagerService$Lifecycle
05-23 09:26:42.668 1371 1681 D DeviceCheckInClient: Creating instance for com.android.devicelockcontroller.debug.DeviceCheckInClientDebug
05-23 09:26:42.830 1371 2201 I CheckInWorker: perform check-in request
05-23 09:26:42.844 1371 2201 W CheckInWorker: CheckIn failed. No device identifier available!
05-23 09:26:42.882 2131 2131 E ActivityThread: Failed to find provider info for com.tcl.xian.StartandroidService.MyContentProvider
01-01 08:00:29.481 0 0 I [0 T242 ..] servicemanager: Notifying apexservice they don't (previously: do) have clients when we now have no record of a client
01-01 08:00:29.483 0 0 I [1 T346 ..] AidlLazyServiceRegistrar: Process has 0 (of 1 available) client(s) in use after notification apexservice has clients: 0
01-01 08:00:29.486 0 0 I [1 T346 ..] AidlLazyServiceRegistrar: Trying to shut down the service. No clients in use for any service in process.
01-01 08:00:29.487 0 0 I [1 T242 ..] servicemanager: Unregistering apexservice
01-01 08:00:29.494 0 0 I [1 T242 ..] BpBinder: onLastStrongRef automatically unlinking death recipients:
01-01 08:00:29.495 0 0 I [1 T346 ..] AidlLazyServiceRegistrar: Unregistered all clients and exiting
01-01 08:00:29.499 0 0 W [1 T346 ..] printk: apexd: 160 output lines suppressed due to ratelimiting
05-23 09:26:42.911 732 958 D PackageManager: Instant App installer not found with android.intent.action.INSTALL_INSTANT_APP_PACKAGE
05-23 09:26:42.911 732 958 D PackageManager: Clear ephemeral installer activity
05-23 09:26:43.517 732 975 D CompatibilityChangeReporter: Compat change id reported: 261072174; UID 10077; state: DISABLED
05-23 09:26:43.523 732 764 D CompatibilityChangeReporter: Compat change id reported: 135634846; UID 10019; state: DISABLED
05-23 09:26:43.523 732 764 D CompatibilityChangeReporter: Compat change id reported: 177438394; UID 10019; state: DISABLED
05-23 09:26:43.524 732 764 D CompatibilityChangeReporter: Compat change id reported: 135772972; UID 10019; state: DISABLED
05-23 09:26:43.524 732 764 D CompatibilityChangeReporter: Compat change id reported: 135754954; UID 10019; state: ENABLED
05-23 09:26:43.524 732 765 D CompatibilityChangeReporter: Compat change id reported: 143937733; UID 10019; state: ENABLED
05-23 09:26:43.549 732 765 I ActivityManager: Start proc 2327:com.android.externalstorage/u0a19 for broadcast {com.android.externalstorage/com.android.externalstorage.MountReceiver}
05-23 09:26:43.588 732 807 D CompatibilityChangeReporter: Compat change id reported: 168419799; UID 10019; state: DISABLED
05-23 09:26:43.588 732 807 D CompatibilityChangeReporter: Compat change id reported: 273564678; UID 10019; state: DISABLED
05-23 09:26:43.593 732 815 D CompatibilityChangeReporter: Compat change id reported: 265195908; UID 10019; state: ENABLED
05-23 09:26:43.665 732 975 D CompatibilityChangeReporter: Compat change id reported: 135634846; UID 10077; state: DISABLED
05-23 09:26:43.666 732 765 D CompatibilityChangeReporter: Compat change id reported: 143937733; UID 10077; state: DISABLED
05-23 09:26:43.674 732 975 I BroadcastQueue: BOOT_COMPLETED_BROADCAST_COMPLETION_LATENCY_REPORTED action:android.intent.action.BOOT_COMPLETED dispatchLatency:-24204 completeLatency:6036 dispatchRealLatency:-24204 completeRealLatency:6036 receiversSize:43 userId:0 userType:android.os.usertype.full.SYSTEM
05-23 09:26:43.674 732 753 I ActivityManager: Finished processing BOOT_COMPLETED for u0
05-23 09:26:43.705 732 765 I ActivityManager: Start proc 2347:com.ktcp.video:daemon/u0a77 for service {com.ktcp.video/com.tencent.qqlivetv.keeplive.proc.DaemonService}
05-23 09:26:43.766 732 808 D CompatibilityChangeReporter: Compat change id reported: 170503758; UID 10019; state: ENABLED
01-01 08:00:30.370 0 0 W : [1 T947 ..] traffic busy!!
05-23 09:26:43.903 732 764 I ActivityManager: com.tv.filemanager.os is exempt from freezer
05-23 09:26:43.904 732 764 D CompatibilityChangeReporter: Compat change id reported: 135634846; UID 10041; state: DISABLED
05-23 09:26:43.904 732 764 D CompatibilityChangeReporter: Compat change id reported: 177438394; UID 10041; state: DISABLED
05-23 09:26:43.904 732 764 D CompatibilityChangeReporter: Compat change id reported: 135772972; UID 10041; state: DISABLED
05-23 09:26:43.904 732 764 D CompatibilityChangeReporter: Compat change id reported: 135754954; UID 10041; state: DISABLED
05-23 09:26:43.907 732 765 D CompatibilityChangeReporter: Compat change id reported: 143937733; UID 10041; state: DISABLED
05-23 09:26:43.955 732 765 W ActivityManager: Slow operation: 53ms so far, now at startProcess: returned from zygote!
05-23 09:26:43.956 732 765 W ActivityManager: Slow operation: 53ms so far, now at startProcess: done updating battery stats
05-23 09:26:43.956 732 765 W ActivityManager: Slow operation: 53ms so far, now at startProcess: building log message
05-23 09:26:43.956 732 765 I ActivityManager: Start proc 2378:com.tv.filemanager.os/u0a41 for broadcast {com.tv.filemanager.os/com.dangbei.lerad.filemanager.receives.USBReceiver}
05-23 09:26:43.956 732 765 W ActivityManager: Slow operation: 53ms so far, now at startProcess: starting to update pids map
05-23 09:26:43.956 732 765 W ActivityManager: Slow operation: 53ms so far, now at startProcess: done updating pids map
01-01 08:00:30.551 0 0 W [1 T2267 ..] audit: audit_lost=129 audit_rate_limit=5 audit_backlog_limit=64
01-01 08:00:30.551 0 0 E [1 T2267 ..] audit: rate limit exceeded
05-23 09:26:44.024 732 975 D CompatibilityChangeReporter: Compat change id reported: 168419799; UID 10041; state: DISABLED
05-23 09:26:44.024 732 975 D CompatibilityChangeReporter: Compat change id reported: 273564678; UID 10041; state: DISABLED
05-23 09:26:44.030 732 815 D CompatibilityChangeReporter: Compat change id reported: 265195908; UID 10041; state: ENABLED
05-23 09:26:44.054 732 975 D CompatibilityChangeReporter: Compat change id reported: 170503758; UID 10041; state: DISABLED
05-23 09:26:44.167 732 975 W ProcessStats: Tracking association SourceState{8ae7305 com.ktcp.video:daemon/10077 Service #353} whose proc state 8 is better than process ProcessState{3283533 com.ktcp.video/10077 pkg=com.ktcp.video} proc state 10 (0 skipped)
05-23 09:26:44.188 732 975 D CompatibilityChangeReporter: Compat change id reported: 271850009; UID 10077; state: DISABLED
05-23 09:26:44.189 732 975 D CompatibilityChangeReporter: Compat change id reported: 253665015; UID 10077; state: DISABLED
05-23 09:26:44.189 732 975 D CompatibilityChangeReporter: Compat change id reported: 194532703; UID 10077; state: DISABLED
05-23 09:26:44.221 732 746 W ActivityManager: Permission Denial: get/set setting for user asks to run as user -2 but is calling from uid u0a77; this requires android.permission.INTERACT_ACROSS_USERS_FULL
05-23 09:26:44.225 732 746 D CompatibilityChangeReporter: Compat change id reported: 170668199; UID 10077; state: DISABLED
