05-23 09:26:32.258 732 805 D SystemServerInitThreadPool: Started executing Lazily initialize IMMS#mImeDrawsImeNavBarRes
01-01 08:00:18.857 0 0 I : [3 T557 ..] sectoin 26, size 384640
01-01 08:00:18.857 0 0 W : [0 T557 ..] aml_pci_platform_enable(2493) irq_flag=0x418 irq=69
01-01 08:00:18.858 0 0 W : [0 T557 ..] aml_pci_platform_enable(2495) request_irq ret=0
01-01 08:00:18.858 0 0 W : [0 T557 ..] aml_sdio_platform_on 1990 end
01-01 08:00:18.859 0 0 W [0 T557 ..] aml_cfg80211_init: 6583
01-01 08:00:18.860 0 0 W : [0 T557 ..] >>> aml_send_reset()
01-01 08:00:18.860 0 0 W [0 T557 ..] aml_send_reset: 558
01-01 08:00:18.861 0 0 W : [0 T557 ..] >>> aml_send_msg()
01-01 08:00:18.862 0 0 W : [2 T947 ..] ipc_sdio_host_msgack_handler 00000000fd68b31d
01-01 08:00:18.862 0 0 W : [2 T947 ..] [aml_msgackind 2038] msg ack hostid=0xffffff8048d5ad80
01-01 08:00:18.863 0 0 W : [2 T947 ..] [cmd_mgr_llind 329] cmd tkn[0] flags:001a result: -4 cmd: 0-MM_RESET_REQ - reqcfm( 1-MM_RESET_CFM)
01-01 08:00:18.865 0 0 W : [2 T947 ..] [cmd_mgr_msgind 409] cmd tkn[0] flags:0012 result: -4 cmd: 0-MM_RESET_REQ - reqcfm( 1-MM_RESET_CFM)
01-01 08:00:18.866 0 0 W : [2 T947 ..] [cmd_complete 65] cmd tkn[0] flags:0002 result: -4 cmd: 0-MM_RESET_REQ - reqcfm( 1-MM_RESET_CFM)
01-01 08:00:18.868 0 0 W : [2 T557 ..] >>> aml_send_version_req()
01-01 08:00:18.869 0 0 W : [2 T557 ..] >>> aml_send_msg()
01-01 08:00:18.869 0 0 W : [2 T947 ..] ipc_sdio_host_msgack_handler 00000000b5ca4f4d
01-01 08:00:18.870 0 0 W : [2 T947 ..] [aml_msgackind 2038] msg ack hostid=0xffffff8011aabf00
01-01 08:00:18.871 0 0 W : [2 T947 ..] [cmd_mgr_llind 329] cmd tkn[1] flags:001a result: -4 cmd: 4-MM_VERSION_REQ - reqcfm( 5-MM_VERSION_CFM)
01-01 08:00:18.873 0 0 W : [2 T947 ..] [cmd_mgr_msgind 409] cmd tkn[1] flags:0012 result: -4 cmd: 4-MM_VERSION_REQ - reqcfm( 5-MM_VERSION_CFM)
01-01 08:00:18.874 0 0 W : [2 T947 ..] [cmd_complete 65] cmd tkn[1] flags:0002 result: -4 cmd: 4-MM_VERSION_REQ - reqcfm( 5-MM_VERSION_CFM)
01-01 08:00:18.876 0 0 W : [2 T557 ..] >>> aml_set_vers()
01-01 08:00:18.876 0 0 I : [2 T557 ..] ieee80211 phy0: PHY features: [NSS=2][CHBW=80][LDPC][VHT][HE][BFMEE][MUMIMORX]
01-01 08:00:18.878 0 0 I : [2 T557 ..] ieee80211 phy0: FW features: [BCN][RADAR][PS][UAPSD][AMPDU][AMSDU][P2P][P2P_GO][UMAC][VHT][HE][BFMEE][WAPI][MFP][MU_MIMO_RX][TDLS][TWT][FTM_INIT][FAKE_FTM_RSP]
01-01 08:00:18.882 0 0 W : [2 T557 ..] >>> aml_send_me_config_req()
01-01 08:00:18.882 0 0 I : [2 T557 ..] ieee80211 phy0: HT supp 1, VHT supp 1, HE supp 1
01-01 08:00:18.882 0 0 W : [2 T557 ..] >>> aml_send_msg()
01-01 08:00:18.883 0 0 W : [2 T947 ..] ipc_sdio_host_msgack_handler 00000000c4e918a2
01-01 08:00:18.884 0 0 W : [2 T947 ..] [aml_msgackind 2038] msg ack hostid=0xffffff804525c200
01-01 08:00:18.885 0 0 W : [2 T947 ..] [cmd_mgr_llind 329] cmd tkn[2] flags:001a result: -4 cmd:5120-ME_CONFIG_REQ - reqcfm(5121-ME_CONFIG_CFM)
01-01 08:00:18.887 0 0 W : [2 T947 ..] [cmd_mgr_msgind 409] cmd tkn[2] flags:0012 result: -4 cmd:5120-ME_CONFIG_REQ - reqcfm(5121-ME_CONFIG_CFM)
01-01 08:00:18.888 0 0 W : [2 T947 ..] [cmd_complete 65] cmd tkn[2] flags:0002 result: -4 cmd:5120-ME_CONFIG_REQ - reqcfm(5121-ME_CONFIG_CFM)
01-01 08:00:18.890 0 0 W : [1 T557 ..] >>> aml_send_extcapab_req()
01-01 08:00:18.890 0 0 W : [1 T557 ..] >>> aml_send_msg()
01-01 08:00:18.891 0 0 W : [2 T947 ..] ipc_sdio_host_msgack_handler 00000000edc3a070
01-01 08:00:18.892 0 0 W : [2 T947 ..] [aml_msgackind 2038] msg ack hostid=0xffffff801c95a380
01-01 08:00:18.893 0 0 W : [2 T947 ..] [cmd_mgr_llind 329] cmd tkn[3] flags:0008 result: -4 cmd: 105-MM_EXT_CAPAB - reqcfm(1023-none)
01-01 08:00:18.894 0 0 W : [2 T947 ..] [cmd_complete 65] cmd tkn[3] flags:0000 result: -4 cmd: 105-MM_EXT_CAPAB - reqcfm(1023-none)
01-01 08:00:18.897 0 0 W : [1 T557 ..] [aml_reg_notifier 6037] initiator=0, hint_type=0, alpha=00, region=0
01-01 08:00:18.897 0 0 W : [1 T557 ..] >>> aml_send_me_chan_config_req()
01-01 08:00:18.898 0 0 W : [1 T557 ..] >>> aml_send_msg()
01-01 08:00:18.899 0 0 W : [2 T947 ..] ipc_sdio_host_msgack_handler 00000000edc3a070
01-01 08:00:18.900 0 0 W : [2 T947 ..] [aml_msgackind 2038] msg ack hostid=0xffffff801c95a380
01-01 08:00:18.901 0 0 W : [2 T947 ..] [cmd_mgr_llind 329] cmd tkn[4] flags:001a result: -4 cmd:5122-ME_CHAN_CONFIG_REQ - reqcfm(5123-ME_CHAN_CONFIG_CFM)
01-01 08:00:18.902 0 0 W : [2 T947 ..] [cmd_mgr_msgind 409] cmd tkn[4] flags:0012 result: -4 cmd:5122-ME_CHAN_CONFIG_REQ - reqcfm(5123-ME_CHAN_CONFIG_CFM)
01-01 08:00:18.904 0 0 W : [2 T947 ..] [cmd_complete 65] cmd tkn[4] flags:0002 result: -4 cmd:5122-ME_CHAN_CONFIG_REQ - reqcfm(5123-ME_CHAN_CONFIG_CFM)
05-23 09:26:32.330 732 820 E NativeTombstoneManager: Tombstone's UID (1002) not an app, ignoring
05-23 09:26:32.335 732 820 I DropBoxManagerService: add tag=SYSTEM_TOMBSTONE_PROTO_WITH_HEADERS isTagEnabled=true flags=0x4
05-23 09:26:32.346 732 732 W SystemServiceManager: Service com.android.server.inputmethod.InputMethodManagerService$Lifecycle took 89 ms in onBootPhase
05-23 09:26:32.346 732 732 V SystemServerTiming: OnBootPhase_550_com.android.server.inputmethod.InputMethodManagerService$Lifecycle took to complete: 89ms
05-23 09:26:32.346 732 732 D SystemServerTiming: OnBootPhase_550_com.android.server.accessibility.AccessibilityManagerService$Lifecycle
05-23 09:26:32.346 732 732 V SystemServerTiming: OnBootPhase_550_com.android.server.accessibility.AccessibilityManagerService$Lifecycle took to complete: 0ms
05-23 09:26:32.346 732 732 D SystemServerTiming: OnBootPhase_550_com.android.server.StorageManagerService$Lifecycle
05-23 09:26:32.347 732 732 V SystemServerTiming: OnBootPhase_550_com.android.server.StorageManagerService$Lifecycle took to complete: 0ms
05-23 09:26:32.347 732 732 D SystemServerTiming: OnBootPhase_550_com.android.server.usage.StorageStatsService$Lifecycle
05-23 09:26:32.347 732 732 V SystemServerTiming: OnBootPhase_550_com.android.server.usage.StorageStatsService$Lifecycle took to complete: 0ms
05-23 09:26:32.347 732 732 D SystemServerTiming: OnBootPhase_550_com.android.server.UiModeManagerService
05-23 09:26:32.347 732 732 V SystemServerTiming: OnBootPhase_550_com.android.server.UiModeManagerService took to complete: 0ms
05-23 09:26:32.347 732 732 D SystemServerTiming: OnBootPhase_550_com.android.server.locales.LocaleManagerService
05-23 09:26:32.347 732 732 V SystemServerTiming: OnBootPhase_550_com.android.server.locales.LocaleManagerService took to complete: 0ms
05-23 09:26:32.347 732 732 D SystemServerTiming: OnBootPhase_550_com.android.server.grammaticalinflection.GrammaticalInflectionService
05-23 09:26:32.347 732 732 V SystemServerTiming: OnBootPhase_550_com.android.server.grammaticalinflection.GrammaticalInflectionService took to complete: 0ms
05-23 09:26:32.347 732 732 D SystemServerTiming: OnBootPhase_550_com.android.server.apphibernation.AppHibernationService
05-23 09:26:32.347 732 732 V SystemServerTiming: OnBootPhase_550_com.android.server.apphibernation.AppHibernationService took to complete: 0ms
05-23 09:26:32.347 732 732 D SystemServerTiming: OnBootPhase_550_com.android.server.locksettings.LockSettingsService$Lifecycle
05-23 09:26:32.348 732 732 I RebootEscrowManager: No reboot escrow data found for users, skipping loading escrow data
01-01 08:00:18.915 0 0 W : [2 T557 ..] [aml_wq_init 162] workqueue init
01-01 08:00:18.924 0 0 W : [2 T557 ..] [aml_send_sync_trace 4388] sync token[25234]
01-01 08:00:18.924 0 0 W : [2 T557 ..] >>> aml_send_msg()
01-01 08:00:18.925 0 0 F [2 T557 ..] aml_send_msg: bypassing (AML_DEV_RESTARTING set) 0x00
01-01 08:00:18.926 0 0 W : [2 T557 ..] [aml_trace_buf_init 1015] trace mutex init
01-01 08:00:18.926 0 0 W : [2 T557 ..] [recy_dbg][aml_recy_init 745] recovery func init
01-01 08:00:18.927 0 0 W : [2 T557 ..] >>> aml_send_me_chan_config_req()
05-23 09:26:32.350 732 732 V SystemServerTiming: OnBootPhase_550_com.android.server.locksettings.LockSettingsService$Lifecycle took to complete: 4ms
05-23 09:26:32.351 732 732 D SystemServerTiming: OnBootPhase_550_com.android.server.PersistentDataBlockService
05-23 09:26:32.351 732 732 V SystemServerTiming: OnBootPhase_550_com.android.server.PersistentDataBlockService took to complete: 0ms
05-23 09:26:32.351 732 732 D SystemServerTiming: OnBootPhase_550_com.android.server.testharness.TestHarnessModeService
05-23 09:26:32.351 732 732 V SystemServerTiming: OnBootPhase_550_com.android.server.testharness.TestHarnessModeService took to complete: 0ms
05-23 09:26:32.351 732 732 D SystemServerTiming: OnBootPhase_550_com.android.server.oemlock.OemLockService
05-23 09:26:32.351 732 732 V SystemServerTiming: OnBootPhase_550_com.android.server.oemlock.OemLockService took to complete: 0ms
05-23 09:26:32.351 732 732 D SystemServerTiming: OnBootPhase_550_com.android.server.DeviceIdleController
05-23 09:26:32.351 732 732 V SystemServerTiming: OnBootPhase_550_com.android.server.DeviceIdleController took to complete: 0ms
05-23 09:26:32.351 732 732 D SystemServerTiming: OnBootPhase_550_com.android.server.devicepolicy.DevicePolicyManagerService$Lifecycle
05-23 09:26:32.351 732 732 V SystemServerTiming: OnBootPhase_550_com.android.server.devicepolicy.DevicePolicyManagerService$Lifecycle took to complete: 0ms
05-23 09:26:32.351 732 732 D SystemServerTiming: OnBootPhase_550_com.android.server.texttospeech.TextToSpeechManagerService
05-23 09:26:32.351 732 732 V SystemServerTiming: OnBootPhase_550_com.android.server.texttospeech.TextToSpeechManagerService took to complete: 0ms
05-23 09:26:32.351 732 732 D SystemServerTiming: OnBootPhase_550_com.android.server.ambientcontext.AmbientContextManagerService
05-23 09:26:32.351 732 732 V SystemServerTiming: OnBootPhase_550_com.android.server.ambientcontext.AmbientContextManagerService took to complete: 0ms
05-23 09:26:32.351 732 732 D SystemServerTiming: OnBootPhase_550_com.android.server.wearable.WearableSensingManagerService
05-23 09:26:32.351 732 732 V SystemServerTiming: OnBootPhase_550_com.android.server.wearable.WearableSensingManagerService took to complete: 0ms
05-23 09:26:32.351 732 732 D SystemServerTiming: OnBootPhase_550_com.android.server.speech.SpeechRecognitionManagerService
05-23 09:26:32.351 732 732 V SystemServerTiming: OnBootPhase_550_com.android.server.speech.SpeechRecognitionManagerService took to complete: 0ms
05-23 09:26:32.351 732 732 D SystemServerTiming: OnBootPhase_550_com.android.server.searchui.SearchUiManagerService
05-23 09:26:32.351 732 732 V SystemServerTiming: OnBootPhase_550_com.android.server.searchui.SearchUiManagerService took to complete: 0ms
05-23 09:26:32.351 732 732 D SystemServerTiming: OnBootPhase_550_com.android.server.smartspace.SmartspaceManagerService
05-23 09:26:32.351 732 732 V SystemServerTiming: OnBootPhase_550_com.android.server.smartspace.SmartspaceManagerService took to complete: 0ms
05-23 09:26:32.351 732 732 D SystemServerTiming: OnBootPhase_550_com.android.server.graphics.fonts.FontManagerService$Lifecycle
05-23 09:26:32.351 732 732 V SystemServerTiming: OnBootPhase_550_com.android.server.graphics.fonts.FontManagerService$Lifecycle took to complete: 0ms
05-23 09:26:32.351 732 732 D SystemServerTiming: OnBootPhase_550_com.android.server.textservices.TextServicesManagerService$Lifecycle
05-23 09:26:32.351 732 732 V SystemServerTiming: OnBootPhase_550_com.android.server.textservices.TextServicesManagerService$Lifecycle took to complete: 0ms
05-23 09:26:32.351 732 732 D SystemServerTiming: OnBootPhase_550_com.android.server.textclassifier.TextClassificationManagerService$Lifecycle
05-23 09:26:32.351 732 732 V SystemServerTiming: OnBootPhase_550_com.android.server.textclassifier.TextClassificationManagerService$Lifecycle took to complete: 0ms
05-23 09:26:32.351 732 732 D SystemServerTiming: OnBootPhase_550_com.android.server.NetworkScoreService$Lifecycle
05-23 09:26:32.351 732 732 V SystemServerTiming: OnBootPhase_550_com.android.server.NetworkScoreService$Lifecycle took to complete: 0ms
05-23 09:26:32.351 732 732 D SystemServerTiming: OnBootPhase_550_com.android.server.NetworkStatsServiceInitializer
01-01 08:00:18.929 0 0 W : [2 T557 ..] >>> aml_send_msg()
05-23 09:26:32.357 732 805 D SystemServerInitThreadPool: Finished executing Lazily initialize IMMS#mImeDrawsImeNavBarRes
05-23 09:26:32.357 732 805 V SystemServerTimingAsync: InitThreadPoolExec:Lazily initialize IMMS#mImeDrawsImeNavBarRes took to complete: 98ms
01-01 08:00:18.934 0 0 W : [2 T947 ..] ipc_sdio_host_msgack_handler 000000007d9c6c5e
01-01 08:00:18.935 0 0 W : [2 T947 ..] [aml_msgackind 2038] msg ack hostid=0xffffff804525ca80
01-01 08:00:18.935 0 0 W : [2 T947 ..] [cmd_mgr_llind 329] cmd tkn[5] flags:001a result: -4 cmd:5122-ME_CHAN_CONFIG_REQ - reqcfm(5123-ME_CHAN_CONFIG_CFM)
01-01 08:00:18.937 0 0 W : [2 T947 ..] [cmd_mgr_msgind 409] cmd tkn[5] flags:0012 result: -4 cmd:5122-ME_CHAN_CONFIG_REQ - reqcfm(5123-ME_CHAN_CONFIG_CFM)
01-01 08:00:18.939 0 0 W : [2 T947 ..] [cmd_complete 65] cmd tkn[5] flags:0002 result: -4 cmd:5122-ME_CHAN_CONFIG_REQ - reqcfm(5123-ME_CHAN_CONFIG_CFM)
01-01 08:00:18.941 0 0 W : [2 T557 ..] >>> aml_send_msg()
01-01 08:00:18.941 0 0 W : [2 T947 ..] ipc_sdio_host_msgack_handler 000000007d9c6c5e
05-23 09:26:32.363 732 820 E NativeTombstoneManager: Tombstone's UID (1002) not an app, ignoring
01-01 08:00:18.942 0 0 W : [2 T947 ..] [aml_msgackind 2038] msg ack hostid=0xffffff804525ca80
01-01 08:00:18.943 0 0 W : [2 T947 ..] [cmd_mgr_llind 329] cmd tkn[6] flags:001a result: -4 cmd: 105-MM_SUB_READ_EFUSE - reqcfm(16391-unknown)
01-01 08:00:18.945 0 0 W : [2 T947 ..] [cmd_mgr_msgind 409] cmd tkn[6] flags:0012 result: -4 cmd: 105-MM_SUB_READ_EFUSE - reqcfm(16391-unknown)
01-01 08:00:18.946 0 0 W : [2 T947 ..] [cmd_complete 65] cmd tkn[6] flags:0002 result: -4 cmd: 105-MM_SUB_READ_EFUSE - reqcfm(16391-unknown)
01-01 08:00:18.948 0 0 W [2 T557 ..] read_efuse: value = 40129a29
05-23 09:26:32.373 732 820 I BootReceiver: Copying /data/tombstones/tombstone_01 to DropBox (SYSTEM_TOMBSTONE)
05-23 09:26:32.373 732 820 I DropBoxManagerService: add tag=SYSTEM_TOMBSTONE isTagEnabled=true flags=0x6
01-01 08:00:18.949 0 0 W : [2 T557 ..] >>> aml_send_msg()
01-01 08:00:18.949 0 0 W : [2 T947 ..] fmac efuse read: address:0x8 value:0x40129A29
01-01 08:00:18.949 0 0 W : [2 T947 ..] ipc_sdio_host_msgack_handler 000000007d9c6c5e
01-01 08:00:18.951 0 0 W : [2 T947 ..] [aml_msgackind 2038] msg ack hostid=0xffffff804525ca80
01-01 08:00:18.952 0 0 W : [2 T947 ..] [cmd_mgr_llind 329] cmd tkn[7] flags:001a result: -4 cmd: 105-MM_SUB_READ_EFUSE - reqcfm(16391-unknown)
01-01 08:00:18.953 0 0 W : [2 T947 ..] [cmd_mgr_msgind 409] cmd tkn[7] flags:0012 result: -4 cmd: 105-MM_SUB_READ_EFUSE - reqcfm(16391-unknown)
01-01 08:00:18.955 0 0 W : [2 T947 ..] [cmd_complete 65] cmd tkn[7] flags:0002 result: -4 cmd: 105-MM_SUB_READ_EFUSE - reqcfm(16391-unknown)
01-01 08:00:18.957 0 0 W [2 T557 ..] read_efuse: value = 3fff1218
01-01 08:00:18.957 0 0 W : [2 T557 ..] [aml_cfg_get_chipid 167] get_chipid from efuse:121840129a29
01-01 08:00:18.957 0 0 W : [2 T947 ..] fmac efuse read: address:0x9 value:0x3FFF1218
01-01 08:00:18.958 0 0 W : [2 T557 ..] >>> aml_send_msg()
05-23 09:26:32.392 732 820 E NativeTombstoneManager: Tombstone's UID (1002) not an app, ignoring
01-01 08:00:18.968 0 0 W : [2 T947 ..] ipc_sdio_host_msgack_handler 000000007d9c6c5e
01-01 08:00:18.968 0 0 W : [2 T947 ..] [aml_msgackind 2038] msg ack hostid=0xffffff804525ca80
01-01 08:00:18.969 0 0 W : [2 T947 ..] [cmd_mgr_llind 329] cmd tkn[8] flags:001a result: -4 cmd: 105-MM_SUB_READ_EFUSE - reqcfm(16391-unknown)
01-01 08:00:18.971 0 0 W : [2 T947 ..] [cmd_mgr_msgind 409] cmd tkn[8] flags:0012 result: -4 cmd: 105-MM_SUB_READ_EFUSE - reqcfm(16391-unknown)
01-01 08:00:18.972 0 0 W : [2 T947 ..] [cmd_complete 65] cmd tkn[8] flags:0002 result: -4 cmd: 105-MM_SUB_READ_EFUSE - reqcfm(16391-unknown)
01-01 08:00:18.974 0 0 W [2 T557 ..] read_efuse: value = 1ffff
01-01 08:00:18.974 0 0 W : [2 T557 ..] >>> aml_send_msg()
01-01 08:00:18.974 0 0 W : [2 T947 ..] fmac efuse read: address:0x7 value:0x1FFFF
01-01 08:00:18.975 0 0 W : [2 T947 ..] ipc_sdio_host_msgack_handler 00000000e925a858
01-01 08:00:18.976 0 0 W : [2 T947 ..] [aml_msgackind 2038] msg ack hostid=0xffffff8010927280
05-23 09:26:32.401 732 732 V SystemServerTiming: OnBootPhase_550_com.android.server.NetworkStatsServiceInitializer took to complete: 48ms
05-23 09:26:32.401 732 732 D SystemServerTiming: OnBootPhase_550_com.android.server.wifi.WifiService
05-23 09:26:32.401 732 732 V SystemServerTiming: OnBootPhase_550_com.android.server.wifi.WifiService took to complete: 0ms
05-23 09:26:32.401 732 732 D SystemServerTiming: OnBootPhase_550_com.android.server.wifi.scanner.WifiScanningService
05-23 09:26:32.401 732 732 V SystemServerTiming: OnBootPhase_550_com.android.server.wifi.scanner.WifiScanningService took to complete: 1ms
05-23 09:26:32.401 732 732 D SystemServerTiming: OnBootPhase_550_com.android.server.wifi.p2p.WifiP2pService
05-23 09:26:32.401 732 732 V SystemServerTiming: OnBootPhase_550_com.android.server.wifi.p2p.WifiP2pService took to complete: 0ms
05-23 09:26:32.401 732 732 D SystemServerTiming: OnBootPhase_550_com.android.server.ConnectivityServiceInitializer
05-23 09:26:32.401 732 732 V SystemServerTiming: OnBootPhase_550_com.android.server.ConnectivityServiceInitializer took to complete: 0ms
05-23 09:26:32.401 732 732 D SystemServerTiming: OnBootPhase_550_com.android.server.notification.NotificationManagerService
05-23 09:26:32.402 732 732 V SystemServerTiming: OnBootPhase_550_com.android.server.notification.NotificationManagerService took to complete: 0ms
05-23 09:26:32.402 732 732 D SystemServerTiming: OnBootPhase_550_com.android.server.storage.DeviceStorageMonitorService
05-23 09:26:32.402 732 732 V SystemServerTiming: OnBootPhase_550_com.android.server.storage.DeviceStorageMonitorService took to complete: 0ms
05-23 09:26:32.402 732 732 D SystemServerTiming: OnBootPhase_550_com.android.server.timedetector.TimeDetectorService$Lifecycle
05-23 09:26:32.402 732 732 V SystemServerTiming: OnBootPhase_550_com.android.server.timedetector.TimeDetectorService$Lifecycle took to complete: 0ms
05-23 09:26:32.402 732 732 D SystemServerTiming: OnBootPhase_550_com.android.server.location.LocationManagerService$Lifecycle
05-23 09:26:32.402 732 732 V SystemServerTiming: OnBootPhase_550_com.android.server.location.LocationManagerService$Lifecycle took to complete: 0ms
05-23 09:26:32.402 732 732 D SystemServerTiming: OnBootPhase_550_com.android.server.timezonedetector.TimeZoneDetectorService$Lifecycle
05-23 09:26:32.402 732 732 V SystemServerTiming: OnBootPhase_550_com.android.server.timezonedetector.TimeZoneDetectorService$Lifecycle took to complete: 0ms
05-23 09:26:32.402 732 732 D SystemServerTiming: OnBootPhase_550_com.android.server.location.altitude.AltitudeService$Lifecycle
01-01 08:00:18.977 0 0 W : [2 T947 ..] [cmd_mgr_llind 329] cmd tkn[9] flags:001a result: -4 cmd: 105-MM_SUB_READ_EFUSE - reqcfm(16391-unknown)
01-01 08:00:18.979 0 0 W : [2 T947 ..] [cmd_mgr_msgind 409] cmd tkn[9] flags:0012 result: -4 cmd: 105-MM_SUB_READ_EFUSE - reqcfm(16391-unknown)
01-01 08:00:18.981 0 0 W : [2 T947 ..] [cmd_complete 65] cmd tkn[9] flags:0002 result: -4 cmd: 105-MM_SUB_READ_EFUSE - reqcfm(16391-unknown)
05-23 09:26:32.402 732 732 V SystemServerTiming: OnBootPhase_550_com.android.server.location.altitude.AltitudeService$Lifecycle took to complete: 0ms
05-23 09:26:32.402 732 732 D SystemServerTiming: OnBootPhase_550_com.android.server.timezonedetector.location.LocationTimeZoneManagerService$Lifecycle
05-23 09:26:32.402 732 732 V SystemServerTiming: OnBootPhase_550_com.android.server.timezonedetector.location.LocationTimeZoneManagerService$Lifecycle took to complete: 0ms
05-23 09:26:32.402 732 732 D SystemServerTiming: OnBootPhase_550_com.android.server.search.SearchManagerService$Lifecycle
05-23 09:26:32.402 732 732 V SystemServerTiming: OnBootPhase_550_com.android.server.search.SearchManagerService$Lifecycle took to complete: 0ms
05-23 09:26:32.402 732 732 D SystemServerTiming: OnBootPhase_550_com.android.server.wallpaper.WallpaperManagerService$Lifecycle
01-01 08:00:18.982 0 0 W [1 T557 ..] read_efuse: value = 2d206297
01-01 08:00:18.982 0 0 W : [2 T947 ..] fmac efuse read: address:0x1 value:0x2D206297
01-01 08:00:18.983 0 0 W : [1 T557 ..] >>> aml_send_msg()
05-23 09:26:32.404 732 732 V WallpaperManagerService: bindWallpaperComponentLocked: componentName=ComponentInfo{com.android.systemui/com.android.systemui.wallpapers.ImageWallpaper}
05-23 09:26:32.404 732 732 D WallpaperManagerService: WPMS.bindWallpaperComponentLocked-ComponentInfo{com.android.systemui/com.android.systemui.wallpapers.ImageWallpaper}
01-01 08:00:18.984 0 0 W : [2 T947 ..] ipc_sdio_host_msgack_handler 00000000b3474579
01-01 08:00:18.985 0 0 W : [2 T947 ..] [aml_msgackind 2038] msg ack hostid=0xffffff800708f700
01-01 08:00:18.986 0 0 W : [2 T947 ..] [cmd_mgr_llind 329] cmd tkn[10] flags:001a result: -4 cmd: 105-MM_SUB_READ_EFUSE - reqcfm(16391-unknown)
01-01 08:00:18.988 0 0 W : [2 T947 ..] [cmd_mgr_msgind 409] cmd tkn[10] flags:0012 result: -4 cmd: 105-MM_SUB_READ_EFUSE - reqcfm(16391-unknown)
01-01 08:00:18.989 0 0 W : [2 T947 ..] [cmd_complete 65] cmd tkn[10] flags:0002 result: -4 cmd: 105-MM_SUB_READ_EFUSE - reqcfm(16391-unknown)
01-01 08:00:18.991 0 0 W [0 T557 ..] read_efuse: value = 1c79
01-01 08:00:18.991 0 0 W : [2 T947 ..] fmac efuse read: address:0x2 value:0x1C79
01-01 08:00:18.992 0 0 W : [0 T557 ..] [aml_cfg_to_file 273] get mac address from efuse is:1c:79:2d:20:62:97
01-01 08:00:18.992 0 0 W : [0 T557 ..] [aml_cfg_to_file 303] vif0 mac address:1c:79:2d:20:62:97, vif1 mac address: 1e:79:2d:20:62:97, vif2 mac address: 1e:79:2d:20:62:96
05-23 09:26:32.415 732 732 D CompatibilityChangeReporter: Compat change id reported: 135634846; UID 10052; state: DISABLED
05-23 09:26:32.415 732 732 D CompatibilityChangeReporter: Compat change id reported: 177438394; UID 10052; state: DISABLED
05-23 09:26:32.416 732 732 D CompatibilityChangeReporter: Compat change id reported: 135772972; UID 10052; state: DISABLED
05-23 09:26:32.416 732 732 D CompatibilityChangeReporter: Compat change id reported: 135754954; UID 10052; state: ENABLED
05-23 09:26:32.418 732 820 I DropBoxManagerService: add tag=SYSTEM_TOMBSTONE_PROTO_WITH_HEADERS isTagEnabled=true flags=0x4
01-01 08:00:18.995 0 0 W : [0 T557 ..] [aml_interface_add 1454] vif index=0, type=2
01-01 08:00:18.996 0 0 W : [0 T557 ..] set_scan_hang, flag:0, [aml_interface_add 1494]
05-23 09:26:32.419 732 732 V WallpaperManagerService: WPMS.bindWallpaperComponentLocked-ComponentInfo{com.android.systemui/com.android.systemui.wallpapers.ImageWallpaper} took to complete: 14ms
05-23 09:26:32.420 732 765 D CompatibilityChangeReporter: Compat change id reported: 143937733; UID 10052; state: ENABLED
05-23 09:26:32.422 732 732 I WallpaperDataParser: No static wallpaper imagery; defaults will be shown
01-01 08:00:19.003 0 0 W : [0 T557 ..] [aml_rps_map_set 46] set rps_cpus as [0]
01-01 08:00:19.003 0 0 W : [0 T557 ..] [aml_rps_map_set 46] set rps_cpus as [0]
01-01 08:00:19.004 0 0 W : [0 T557 ..] [aml_rps_map_set 46] set rps_cpus as [0]
01-01 08:00:19.005 0 0 W : [0 T557 ..] [aml_rps_map_set 46] set rps_cpus as [0]
01-01 08:00:19.005 0 0 I : [0 T557 ..] new interface create wlan0 success
01-01 08:00:19.006 0 0 W : [0 T557 ..] [aml_interface_add 1454] vif index=1, type=2
01-01 08:00:19.008 0 0 W : [0 T557 ..] set_scan_hang, flag:0, [aml_interface_add 1494]
05-23 09:26:32.459 732 765 I ActivityManager: Start proc 957:com.android.systemui/u0a52 for service {com.android.systemui/com.android.systemui.wallpapers.ImageWallpaper}
05-23 09:26:32.460 732 732 D WallpaperCropper: WPMS.generateCrop
05-23 09:26:32.461 732 732 W WallpaperCropper: Invalid wallpaper data
05-23 09:26:32.461 732 732 E WallpaperCropper: Unable to apply new wallpaper
05-23 09:26:32.463 732 732 V WallpaperCropper: WPMS.generateCrop took to complete: 3ms
05-23 09:26:32.466 732 732 W SystemServiceManager: Service com.android.server.wallpaper.WallpaperManagerService$Lifecycle took 64 ms in onBootPhase
05-23 09:26:32.466 732 732 V SystemServerTiming: OnBootPhase_550_com.android.server.wallpaper.WallpaperManagerService$Lifecycle took to complete: 64ms
05-23 09:26:32.467 732 732 D SystemServerTiming: OnBootPhase_550_com.android.server.wallpapereffectsgeneration.WallpaperEffectsGenerationManagerService
05-23 09:26:32.467 732 732 V SystemServerTiming: OnBootPhase_550_com.android.server.wallpapereffectsgeneration.WallpaperEffectsGenerationManagerService took to complete: 0ms
05-23 09:26:32.467 732 732 D SystemServerTiming: OnBootPhase_550_com.android.server.audio.AudioService$Lifecycle
05-23 09:26:32.467 732 732 V SystemServerTiming: OnBootPhase_550_com.android.server.audio.AudioService$Lifecycle took to complete: 0ms
05-23 09:26:32.467 732 732 D SystemServerTiming: OnBootPhase_550_com.android.server.soundtrigger_middleware.SoundTriggerMiddlewareService$Lifecycle
05-23 09:26:32.467 732 732 V SystemServerTiming: OnBootPhase_550_com.android.server.soundtrigger_middleware.SoundTriggerMiddlewareService$Lifecycle took to complete: 0ms
05-23 09:26:32.467 732 732 D SystemServerTiming: OnBootPhase_550_com.android.server.adb.AdbService$Lifecycle
05-23 09:26:32.469 732 732 V SystemServerTiming: OnBootPhase_550_com.android.server.adb.AdbService$Lifecycle took to complete: 1ms
05-23 09:26:32.469 732 732 D SystemServerTiming: OnBootPhase_550_com.android.server.usb.UsbService$Lifecycle
05-23 09:26:32.470 732 732 V SystemServerTiming: OnBootPhase_550_com.android.server.usb.UsbService$Lifecycle took to complete: 1ms
05-23 09:26:32.470 732 732 D SystemServerTiming: OnBootPhase_550_com.android.server.twilight.TwilightService
05-23 09:26:32.470 732 732 V SystemServerTiming: OnBootPhase_550_com.android.server.twilight.TwilightService took to complete: 0ms
05-23 09:26:32.470 732 732 D SystemServerTiming: OnBootPhase_550_com.android.server.display.color.ColorDisplayService
05-23 09:26:32.470 732 732 V SystemServerTiming: OnBootPhase_550_com.android.server.display.color.ColorDisplayService took to complete: 0ms
05-23 09:26:32.470 732 732 D SystemServerTiming: OnBootPhase_550_com.android.server.job.JobSchedulerService
05-23 09:26:32.470 732 732 V SystemServerTiming: OnBootPhase_550_com.android.server.job.JobSchedulerService took to complete: 0ms
05-23 09:26:32.470 732 732 D SystemServerTiming: OnBootPhase_550_com.android.server.soundtrigger.SoundTriggerService
05-23 09:26:32.470 732 732 D SoundTriggerService: onBootPhase: 550 : false
05-23 09:26:32.470 732 760 D SystemServerTimingAsync: InitThreadPoolExec:UsbService$Lifecycle#onBootPhase
05-23 09:26:32.470 732 760 D SystemServerInitThreadPool: Started executing UsbService$Lifecycle#onBootPhase
05-23 09:26:32.472 732 760 D SystemServerInitThreadPool: Finished executing UsbService$Lifecycle#onBootPhase
05-23 09:26:32.472 732 760 V SystemServerTimingAsync: InitThreadPoolExec:UsbService$Lifecycle#onBootPhase took to complete: 2ms
05-23 09:26:32.502 732 732 V SystemServerTiming: OnBootPhase_550_com.android.server.soundtrigger.SoundTriggerService took to complete: 32ms
05-23 09:26:32.502 732 732 D SystemServerTiming: OnBootPhase_550_com.android.server.trust.TrustManagerService
05-23 09:26:32.502 732 732 V SystemServerTiming: OnBootPhase_550_com.android.server.trust.TrustManagerService took to complete: 0ms
05-23 09:26:32.502 732 732 D SystemServerTiming: OnBootPhase_550_com.android.server.backup.BackupManagerService$Lifecycle
05-23 09:26:32.502 732 732 V SystemServerTiming: OnBootPhase_550_com.android.server.backup.BackupManagerService$Lifecycle took to complete: 0ms
05-23 09:26:32.502 732 732 D SystemServerTiming: OnBootPhase_550_com.android.server.appwidget.AppWidgetService
05-23 09:26:32.502 732 732 V SystemServerTiming: OnBootPhase_550_com.android.server.appwidget.AppWidgetService took to complete: 0ms
05-23 09:26:32.502 732 732 D SystemServerTiming: OnBootPhase_550_com.android.server.voiceinteraction.VoiceInteractionManagerService
05-23 09:26:32.502 732 732 V SystemServerTiming: OnBootPhase_550_com.android.server.voiceinteraction.VoiceInteractionManagerService took to complete: 0ms
05-23 09:26:32.503 732 732 D SystemServerTiming: OnBootPhase_550_com.android.server.GestureLauncherService
05-23 09:26:32.503 732 732 V SystemServerTiming: OnBootPhase_550_com.android.server.GestureLauncherService took to complete: 0ms
05-23 09:26:32.503 732 732 D SystemServerTiming: OnBootPhase_550_com.android.server.SensorNotificationService
05-23 09:26:32.503 732 732 V SystemServerTiming: OnBootPhase_550_com.android.server.SensorNotificationService took to complete: 0ms
05-23 09:26:32.503 732 732 D SystemServerTiming: OnBootPhase_550_com.android.server.emergency.EmergencyAffordanceService
05-23 09:26:32.503 732 732 V SystemServerTiming: OnBootPhase_550_com.android.server.emergency.EmergencyAffordanceService took to complete: 0ms
05-23 09:26:32.503 732 732 D SystemServerTiming: OnBootPhase_550_com.android.server.blob.BlobStoreManagerService
05-23 09:26:32.505 732 732 V SystemServerTiming: OnBootPhase_550_com.android.server.blob.BlobStoreManagerService took to complete: 2ms
05-23 09:26:32.505 732 732 D SystemServerTiming: OnBootPhase_550_com.android.server.dreams.DreamManagerService
05-23 09:26:32.505 732 732 V SystemServerTiming: OnBootPhase_550_com.android.server.dreams.DreamManagerService took to complete: 0ms
05-23 09:26:32.505 732 732 D SystemServerTiming: OnBootPhase_550_com.android.server.security.AttestationVerificationManagerService
05-23 09:26:32.505 732 732 V SystemServerTiming: OnBootPhase_550_com.android.server.security.AttestationVerificationManagerService took to complete: 0ms
05-23 09:26:32.505 732 732 D SystemServerTiming: OnBootPhase_550_com.android.server.restrictions.RestrictionsManagerService
05-23 09:26:32.505 732 732 V SystemServerTiming: OnBootPhase_550_com.android.server.restrictions.RestrictionsManagerService took to complete: 0ms
05-23 09:26:32.505 732 732 D SystemServerTiming: OnBootPhase_550_com.android.server.media.MediaSessionService
05-23 09:26:32.509 732 732 V SystemServerTiming: OnBootPhase_550_com.android.server.media.MediaSessionService took to complete: 4ms
05-23 09:26:32.509 732 732 D SystemServerTiming: OnBootPhase_550_com.android.server.hdmi.HdmiControlService
05-23 09:26:32.509 732 732 V SystemServerTiming: OnBootPhase_550_com.android.server.hdmi.HdmiControlService took to complete: 0ms
05-23 09:26:32.509 732 732 D SystemServerTiming: OnBootPhase_550_com.android.server.tv.interactive.TvInteractiveAppManagerService
05-23 09:26:32.509 732 732 V SystemServerTiming: OnBootPhase_550_com.android.server.tv.interactive.TvInteractiveAppManagerService took to complete: 0ms
05-23 09:26:32.509 732 732 D SystemServerTiming: OnBootPhase_550_com.android.server.tv.TvInputManagerService
05-23 09:26:32.509 732 732 V SystemServerTiming: OnBootPhase_550_com.android.server.tv.TvInputManagerService took to complete: 0ms
05-23 09:26:32.509 732 732 D SystemServerTiming: OnBootPhase_550_com.android.server.media.MediaResourceMonitorService
05-23 09:26:32.509 732 732 V SystemServerTiming: OnBootPhase_550_com.android.server.media.MediaResourceMonitorService took to complete: 0ms
05-23 09:26:32.509 732 732 D SystemServerTiming: OnBootPhase_550_com.android.server.tv.TvRemoteService
05-23 09:26:32.509 732 732 V SystemServerTiming: OnBootPhase_550_com.android.server.tv.TvRemoteService took to complete: 0ms
05-23 09:26:32.509 732 732 D SystemServerTiming: OnBootPhase_550_com.android.server.biometrics.BiometricService
05-23 09:26:32.509 732 732 V SystemServerTiming: OnBootPhase_550_com.android.server.biometrics.BiometricService took to complete: 0ms
05-23 09:26:32.509 732 732 D SystemServerTiming: OnBootPhase_550_com.android.server.biometrics.AuthService
05-23 09:26:32.509 732 732 V SystemServerTiming: OnBootPhase_550_com.android.server.biometrics.AuthService took to complete: 0ms
05-23 09:26:32.509 732 732 D SystemServerTiming: OnBootPhase_550_com.android.server.pm.ShortcutService$Lifecycle
05-23 09:26:32.509 732 732 V SystemServerTiming: OnBootPhase_550_com.android.server.pm.ShortcutService$Lifecycle took to complete: 0ms
05-23 09:26:32.509 732 732 D SystemServerTiming: OnBootPhase_550_com.android.server.pm.LauncherAppsService
05-23 09:26:32.509 732 732 V SystemServerTiming: OnBootPhase_550_com.android.server.pm.LauncherAppsService took to complete: 0ms
05-23 09:26:32.509 732 732 D SystemServerTiming: OnBootPhase_550_com.android.server.pm.CrossProfileAppsService
05-23 09:26:32.509 732 732 V SystemServerTiming: OnBootPhase_550_com.android.server.pm.CrossProfileAppsService took to complete: 0ms
05-23 09:26:32.509 732 732 D SystemServerTiming: OnBootPhase_550_com.android.server.people.PeopleService
05-23 09:26:32.509 732 732 V SystemServerTiming: OnBootPhase_550_com.android.server.people.PeopleService took to complete: 0ms
05-23 09:26:32.509 732 732 D SystemServerTiming: OnBootPhase_550_com.android.server.media.metrics.MediaMetricsManagerService
05-23 09:26:32.509 732 732 V SystemServerTiming: OnBootPhase_550_com.android.server.media.metrics.MediaMetricsManagerService took to complete: 0ms
05-23 09:26:32.509 732 732 D SystemServerTiming: OnBootPhase_550_com.android.server.pm.BackgroundInstallControlService
05-23 09:26:32.509 732 732 V SystemServerTiming: OnBootPhase_550_com.android.server.pm.BackgroundInstallControlService took to complete: 0ms
05-23 09:26:32.509 732 732 D SystemServerTiming: OnBootPhase_550_com.android.server.media.projection.MediaProjectionManagerService
05-23 09:26:32.510 732 732 V SystemServerTiming: OnBootPhase_550_com.android.server.media.projection.MediaProjectionManagerService took to complete: 0ms
05-23 09:26:32.510 732 732 D SystemServerTiming: OnBootPhase_550_com.android.server.slice.SliceManagerService$Lifecycle
05-23 09:26:32.510 732 732 V SystemServerTiming: OnBootPhase_550_com.android.server.slice.SliceManagerService$Lifecycle took to complete: 0ms
05-23 09:26:32.510 732 732 D SystemServerTiming: OnBootPhase_550_com.android.server.stats.StatsCompanion$Lifecycle
05-23 09:26:32.510 732 732 V SystemServerTiming: OnBootPhase_550_com.android.server.stats.StatsCompanion$Lifecycle took to complete: 0ms
05-23 09:26:32.510 732 732 D SystemServerTiming: OnBootPhase_550_com.android.server.scheduling.RebootReadinessManagerService$Lifecycle
05-23 09:26:32.510 732 732 V SystemServerTiming: OnBootPhase_550_com.android.server.scheduling.RebootReadinessManagerService$Lifecycle took to complete: 0ms
05-23 09:26:32.510 732 732 D SystemServerTiming: OnBootPhase_550_com.android.server.stats.pull.StatsPullAtomService
05-23 09:26:32.510 732 732 V SystemServerTiming: OnBootPhase_550_com.android.server.stats.pull.StatsPullAtomService took to complete: 0ms
05-23 09:26:32.510 732 732 D SystemServerTiming: OnBootPhase_550_com.android.server.stats.bootstrap.StatsBootstrapAtomService$Lifecycle
05-23 09:26:32.510 732 732 V SystemServerTiming: OnBootPhase_550_com.android.server.stats.bootstrap.StatsBootstrapAtomService$Lifecycle took to complete: 0ms
05-23 09:26:32.510 732 732 D SystemServerTiming: OnBootPhase_550_com.android.server.incident.IncidentCompanionService
05-23 09:26:32.510 732 732 V SystemServerTiming: OnBootPhase_550_com.android.server.incident.IncidentCompanionService took to complete: 0ms
05-23 09:26:32.510 732 732 D SystemServerTiming: OnBootPhase_550_com.android.server.sdksandbox.SdkSandboxManagerService$Lifecycle
05-23 09:26:32.510 732 732 V SystemServerTiming: OnBootPhase_550_com.android.server.sdksandbox.SdkSandboxManagerService$Lifecycle took to complete: 0ms
05-23 09:26:32.510 732 732 D SystemServerTiming: OnBootPhase_550_com.android.server.adservices.AdServicesManagerService$Lifecycle
05-23 09:26:32.510 732 732 V SystemServerTiming: OnBootPhase_550_com.android.server.adservices.AdServicesManagerService$Lifecycle took to complete: 0ms
05-23 09:26:32.510 732 732 D SystemServerTiming: OnBootPhase_550_com.android.server.ondevicepersonalization.OnDevicePersonalizationSystemService$Lifecycle
05-23 09:26:32.510 732 732 V SystemServerTiming: OnBootPhase_550_com.android.server.ondevicepersonalization.OnDevicePersonalizationSystemService$Lifecycle took to complete: 0ms
05-23 09:26:32.510 732 732 D SystemServerTiming: OnBootPhase_550_com.android.server.autofill.AutofillManagerService
05-23 09:26:32.510 732 732 V SystemServerTiming: OnBootPhase_550_com.android.server.autofill.AutofillManagerService took to complete: 0ms
05-23 09:26:32.510 732 732 D SystemServerTiming: OnBootPhase_550_com.android.server.clipboard.ClipboardService
05-23 09:26:32.510 732 732 V SystemServerTiming: OnBootPhase_550_com.android.server.clipboard.ClipboardService took to complete: 0ms
05-23 09:26:32.510 732 732 D SystemServerTiming: OnBootPhase_550_com.android.server.appbinding.AppBindingService$Lifecycle
05-23 09:26:32.511 732 732 I AppBindingService: Updating constants with: null
05-23 09:26:32.512 732 732 V SystemServerTiming: OnBootPhase_550_com.android.server.appbinding.AppBindingService$Lifecycle took to complete: 3ms
05-23 09:26:32.512 732 732 D SystemServerTiming: OnBootPhase_550_com.android.server.tracing.TracingServiceProxy
05-23 09:26:32.512 732 732 V SystemServerTiming: OnBootPhase_550_com.android.server.tracing.TracingServiceProxy took to complete: 0ms
05-23 09:26:32.512 732 732 D SystemServerTiming: OnBootPhase_550_com.android.server.policy.PermissionPolicyService
05-23 09:26:32.513 732 732 D SystemServerTiming: Permission_grant_default_permissions-0
05-23 09:26:32.513 732 732 V SystemServerTiming: Permission_grant_default_permissions-0 took to complete: 0ms
05-23 09:26:32.513 732 732 D SystemServerTiming: Permission_synchronize_permissions-0
05-23 09:26:32.514 732 732 D SystemServerTiming: Permission_synchronize_addPackages-0
05-23 09:26:32.529 732 820 E NativeTombstoneManager: Tombstone's UID (1002) not an app, ignoring
05-23 09:26:32.535 732 820 I BootReceiver: Copying /data/tombstones/tombstone_02 to DropBox (SYSTEM_TOMBSTONE)
05-23 09:26:32.535 732 820 I DropBoxManagerService: add tag=SYSTEM_TOMBSTONE isTagEnabled=true flags=0x6
05-23 09:26:32.547 732 820 E NativeTombstoneManager: Tombstone's UID (1002) not an app, ignoring
05-23 09:26:32.550 732 820 I DropBoxManagerService: add tag=SYSTEM_TOMBSTONE_PROTO_WITH_HEADERS isTagEnabled=true flags=0x4
05-23 09:26:32.556 732 891 W BroadcastLoopers: Found previously unknown looper Thread[AudioDeviceBroker,5,main]
05-23 09:26:32.567 732 820 E NativeTombstoneManager: Tombstone's UID (1002) not an app, ignoring
05-23 09:26:32.587 732 732 V SystemServerTiming: Permission_synchronize_addPackages-0 took to complete: 72ms
05-23 09:26:32.626 732 820 I BootReceiver: Copying /data/tombstones/tombstone_03 to DropBox (SYSTEM_TOMBSTONE)
05-23 09:26:32.626 732 820 I DropBoxManagerService: add tag=SYSTEM_TOMBSTONE isTagEnabled=true flags=0x6
05-23 09:26:32.639 732 958 I UsbPortManager: all: opID:1 successful
01-01 08:00:19.215 0 0 W : [1 T557 ..] [aml_rps_map_set 46] set rps_cpus as [0]
01-01 08:00:19.216 0 0 W : [1 T557 ..] [aml_rps_map_set 46] set rps_cpus as [0]
01-01 08:00:19.216 0 0 W : [1 T557 ..] [aml_rps_map_set 46] set rps_cpus as [0]
01-01 08:00:19.217 0 0 W : [1 T557 ..] [aml_rps_map_set 46] set rps_cpus as [0]
01-01 08:00:19.220 0 0 I : [1 T557 ..] new interface create p2p0 success
01-01 08:00:19.220 0 0 W : [1 T557 ..] [aml_interface_add 1454] vif index=2, type=2
01-01 08:00:19.221 0 0 W : [1 T557 ..] set_scan_hang, flag:0, [aml_interface_add 1494]
05-23 09:26:32.649 732 732 D SystemServerTiming: Permission_syncPackages-0
05-23 09:26:32.651 732 732 V SystemServerTiming: Permission_syncPackages-0 took to complete: 2ms
05-23 09:26:32.651 732 732 V SystemServerTiming: Permission_synchronize_permissions-0 took to complete: 139ms
05-23 09:26:32.651 732 732 D SystemServerTiming: Permission_onInitialized-0
05-23 09:26:32.652 732 732 I PermissionManager: Permission ownership changed. Updating all permissions.
05-23 09:26:32.676 732 956 D GameManagerService: User ID '0' does not have a Game Mode selected for package: 'com.android.systemui'
05-23 09:26:32.685 732 894 D HDMI : Process pid:732 is calling addHotplugEventListener
05-23 09:26:32.691 732 956 D CompatibilityChangeReporter: Compat change id reported: 168419799; UID 10052; state: DISABLED
05-23 09:26:32.692 732 956 D CompatibilityChangeReporter: Compat change id reported: 273564678; UID 10052; state: DISABLED
05-23 09:26:32.697 732 956 W ActivityManager: Slow operation: 87ms so far, now at attachApplicationLocked: immediately before bindApplication
05-23 09:26:32.723 732 732 W PermissionManager: Package com.android.adservices.api is an APK in APEX, but has permission allowlist on the system image. Please bundle the allowlist in the com.android.adservices APEX instead.
05-23 09:26:32.730 732 956 W ActivityManager: Slow operation: 120ms so far, now at attachApplicationLocked: immediately after bindApplication
05-23 09:26:32.730 732 956 W ActivityManager: Slow operation: 120ms so far, now at attachApplicationLocked: after updateLruProcessLocked
05-23 09:26:32.731 732 956 W ActivityManager: Slow operation: 121ms so far, now at attachApplicationLocked: after updateOomAdjLocked
05-23 09:26:32.754 732 815 D CompatibilityChangeReporter: Compat change id reported: 265195908; UID 10052; state: ENABLED
05-23 09:26:32.758 732 753 W Looper : Slow dispatch took 123ms android.fg h=com.android.server.DropBoxManagerService$DropBoxManagerBroadcastHandler c=null m=1
05-23 09:26:32.780 732 975 D CompatibilityChangeReporter: Compat change id reported: 170503758; UID 10052; state: ENABLED
05-23 09:26:32.810 732 820 E NativeTombstoneManager: Tombstone's UID (1002) not an app, ignoring
01-01 08:00:19.388 0 0 W : [1 T557 ..] [aml_rps_map_set 46] set rps_cpus as [0]
01-01 08:00:19.389 0 0 W : [1 T557 ..] [aml_rps_map_set 46] set rps_cpus as [0]
01-01 08:00:19.389 0 0 W : [1 T557 ..] [aml_rps_map_set 46] set rps_cpus as [0]
01-01 08:00:19.390 0 0 W : [1 T557 ..] [aml_rps_map_set 46] set rps_cpus as [0]
01-01 08:00:19.391 0 0 I : [1 T557 ..] new interface create ap0 success
01-01 08:00:19.392 0 0 W : [1 T557 ..] >>> aml_send_msg()
01-01 08:00:19.408 0 0 W : [2 T947 ..] ipc_sdio_host_msgack_handler 00000000c7298ca1
01-01 08:00:19.408 0 0 W : [2 T947 ..] [aml_msgackind 2038] msg ack hostid=0xffffff804ad63700
01-01 08:00:19.409 0 0 W : [2 T947 ..] [cmd_mgr_llind 329] cmd tkn[11] flags:0008 result: -4 cmd: 105-MM_SUB_SET_TEMP_START - reqcfm(1023-none)
01-01 08:00:19.411 0 0 W : [2 T947 ..] [cmd_complete 65] cmd tkn[11] flags:0000 result: -4 cmd: 105-MM_SUB_SET_TEMP_START - reqcfm(1023-none)
01-01 08:00:19.413 0 0 W : [0 T557 ..] [aml_log_nl_init 1183] aml trace netlink init OK!
05-23 09:26:32.837 497 557 I android.hardware.wifi-service.droidlogic: check loading wifi driver is ok...
05-23 09:26:32.837 497 557 W android.hardware.wifi-service.droidlogic: driver loaded
05-23 09:26:32.839 497 557 I android.hardware.wifi-service.droidlogic: After driver loaded, wifi_name:aml_w2_s
05-23 09:26:32.854 497 557 I android.hardware.wifi-service.droidlogic: Even /data/vendor/wifi/wpa/wpa_supplicant.conf exists, still overwrite it.
05-23 09:26:32.854 497 557 I android.hardware.wifi-service.droidlogic: Migrated conf file from /vendor/etc/wifi/unbcm_supplicant.conf to /data/vendor/wifi/wpa/wpa_supplicant.conf: Operation not permitted
05-23 09:26:32.856 732 732 W PermissionManager: Package com.android.providers.media.module is an APK in APEX, but has permission allowlist on the system image. Please bundle the allowlist in the com.android.mediaprovider APEX instead.
05-23 09:26:32.856 732 732 W PermissionManager: Package com.android.providers.media.module is an APK in APEX, but has permission allowlist on the system image. Please bundle the allowlist in the com.android.mediaprovider APEX instead.
05-23 09:26:32.856 732 732 W PermissionManager: Package com.android.providers.media.module is an APK in APEX, but has permission allowlist on the system image. Please bundle the allowlist in the com.android.mediaprovider APEX instead.
05-23 09:26:32.856 732 732 W PermissionManager: Package com.android.providers.media.module is an APK in APEX, but has permission allowlist on the system image. Please bundle the allowlist in the com.android.mediaprovider APEX instead.
05-23 09:26:32.857 732 732 W PermissionManager: Package com.android.providers.media.module is an APK in APEX, but has permission allowlist on the system image. Please bundle the allowlist in the com.android.mediaprovider APEX instead.
05-23 09:26:32.857 732 732 W PermissionManager: Package com.android.providers.media.module is an APK in APEX, but has permission allowlist on the system image. Please bundle the allowlist in the com.android.mediaprovider APEX instead.
05-23 09:26:32.857 732 732 W PermissionManager: Package com.android.providers.media.module is an APK in APEX, but has permission allowlist on the system image. Please bundle the allowlist in the com.android.mediaprovider APEX instead.
05-23 09:26:32.857 732 732 W PermissionManager: Package com.android.providers.media.module is an APK in APEX, but has permission allowlist on the system image. Please bundle the allowlist in the com.android.mediaprovider APEX instead.
05-23 09:26:32.857 732 732 W PermissionManager: Package com.android.providers.media.module is an APK in APEX, but has permission allowlist on the system image. Please bundle the allowlist in the com.android.mediaprovider APEX instead.
05-23 09:26:32.857 732 732 W PermissionManager: Package com.android.providers.media.module is an APK in APEX, but has permission allowlist on the system image. Please bundle the allowlist in the com.android.mediaprovider APEX instead.
05-23 09:26:32.857 732 732 W PermissionManager: Package com.android.providers.media.module is an APK in APEX, but has permission allowlist on the system image. Please bundle the allowlist in the com.android.mediaprovider APEX instead.
05-23 09:26:32.857 732 732 W PermissionManager: Package com.android.providers.media.module is an APK in APEX, but has permission allowlist on the system image. Please bundle the allowlist in the com.android.mediaprovider APEX instead.
05-23 09:26:32.857 732 732 W PermissionManager: Package com.android.providers.media.module is an APK in APEX, but has permission allowlist on the system image. Please bundle the allowlist in the com.android.mediaprovider APEX instead.
05-23 09:26:32.859 497 557 I android.hardware.wifi-service.droidlogic: Even /data/vendor/wifi/wpa/p2p_supplicant.conf exists, still overwrite it.
05-23 09:26:32.860 497 557 I android.hardware.wifi-service.droidlogic: Migrated conf file from /vendor/etc/wifi/p2p_supplicant.conf to /data/vendor/wifi/wpa/p2p_supplicant.conf: Read-only file system
05-23 09:26:32.860 497 557 I android.hardware.wifi-service.droidlogic: no bcm and uwe wifi ,need use p2p0 with p2p interface
05-23 09:26:32.862 497 557 I android.hardware.wifi-service.droidlogic: Wifi HAL started
05-23 09:26:32.866 732 894 D AudioService: No vibrator found
05-23 09:26:32.868 497 557 W android.hardware.wifi-service.droidlogic: No active wlan interfaces in use! Using default
05-23 09:26:32.868 497 557 E android.hardware.wifi-service.droidlogic: Unknown iface name: wlan0
05-23 09:26:32.868 497 557 E android.hardware.wifi-service.droidlogic: Unknown iface name: wlan0
05-23 09:26:32.890 497 557 W android.hardware.wifi-service.droidlogic: No active wlan interfaces in use! Using default
05-23 09:26:32.890 497 557 E android.hardware.wifi-service.droidlogic: Unknown iface name: wlan0
05-23 09:26:32.890 497 557 E android.hardware.wifi-service.droidlogic: Unknown iface name: wlan0
01-01 08:00:19.477 0 0 W : [2 T557 ..] >>> aml_open()
01-01 08:00:19.477 0 0 W : [2 T557 ..] [recy_dbg][aml_recy_flags_set 57] set flags(0x200), new flags(0x200)
01-01 08:00:19.477 0 0 W : [2 T557 ..] >>> aml_send_start()
01-01 08:00:19.481 0 0 W : [2 T557 ..] >>> aml_send_msg()
01-01 08:00:19.481 0 0 W : [2 T947 ..] ipc_sdio_host_msgack_handler 0000000089952534
01-01 08:00:19.482 0 0 W : [2 T947 ..] [aml_msgackind 2038] msg ack hostid=0xffffff8049275180
01-01 08:00:19.482 0 0 W : [2 T947 ..] [cmd_mgr_llind 329] cmd tkn[12] flags:001a result: -4 cmd: 2-MM_START_REQ - reqcfm( 3-MM_START_CFM)
01-01 08:00:19.484 0 0 W : [2 T947 ..] [cmd_mgr_msgind 409] cmd tkn[12] flags:0012 result: -4 cmd: 2-MM_START_REQ - reqcfm( 3-MM_START_CFM)
01-01 08:00:19.486 0 0 W : [2 T947 ..] [cmd_complete 65] cmd tkn[12] flags:0002 result: -4 cmd: 2-MM_START_REQ - reqcfm( 3-MM_START_CFM)
01-01 08:00:19.488 0 0 W : [2 T557 ..] >>> aml_send_add_if()
01-01 08:00:19.488 0 0 W : [2 T557 ..] >>> aml_send_msg()
01-01 08:00:19.489 0 0 W : [2 T947 ..] ipc_sdio_host_msgack_handler 0000000089952534
01-01 08:00:19.489 0 0 W : [2 T947 ..] [aml_msgackind 2038] msg ack hostid=0xffffff8049275180
01-01 08:00:19.490 0 0 W : [2 T947 ..] [cmd_mgr_llind 329] cmd tkn[13] flags:001a result: -4 cmd: 6-MM_ADD_IF_REQ - reqcfm( 7-MM_ADD_IF_CFM)
01-01 08:00:19.492 0 0 W : [2 T947 ..] [cmd_mgr_msgind 409] cmd tkn[13] flags:0012 result: -4 cmd: 6-MM_ADD_IF_REQ - reqcfm( 7-MM_ADD_IF_CFM)
01-01 08:00:19.494 0 0 W : [2 T947 ..] [cmd_complete 65] cmd tkn[13] flags:0002 result: -4 cmd: 6-MM_ADD_IF_REQ - reqcfm( 7-MM_ADD_IF_CFM)
05-23 09:26:32.914 732 732 V SystemServerTiming: Permission_onInitialized-0 took to complete: 263ms
05-23 09:26:32.915 732 732 W SystemServiceManager: Service com.android.server.policy.PermissionPolicyService took 402 ms in onBootPhase
05-23 09:26:32.915 732 732 V SystemServerTiming: OnBootPhase_550_com.android.server.policy.PermissionPolicyService took to complete: 402ms
05-23 09:26:32.915 732 732 D SystemServerTiming: OnBootPhase_550_com.android.server.pm.StagingManager$Lifecycle
05-23 09:26:32.915 732 732 V SystemServerTiming: OnBootPhase_550_com.android.server.pm.StagingManager$Lifecycle took to complete: 0ms
05-23 09:26:32.915 732 732 D SystemServerTiming: OnBootPhase_550_com.android.server.app.GameManagerService$Lifecycle
