05-23 09:26:32.134 732 732 V SystemServerTiming: OnBootPhase_520_com.android.server.pm.LauncherAppsService took to complete: 0ms
05-23 09:26:32.134 732 732 D SystemServerTiming: OnBootPhase_520_com.android.server.pm.CrossProfileAppsService
05-23 09:26:32.134 732 732 V SystemServerTiming: OnBootPhase_520_com.android.server.pm.CrossProfileAppsService took to complete: 0ms
05-23 09:26:32.134 732 732 D SystemServerTiming: OnBootPhase_520_com.android.server.people.PeopleService
05-23 09:26:32.134 732 732 V SystemServerTiming: OnBootPhase_520_com.android.server.people.PeopleService took to complete: 0ms
05-23 09:26:32.134 732 732 D SystemServerTiming: OnBootPhase_520_com.android.server.media.metrics.MediaMetricsManagerService
05-23 09:26:32.134 732 732 V SystemServerTiming: OnBootPhase_520_com.android.server.media.metrics.MediaMetricsManagerService took to complete: 0ms
05-23 09:26:32.134 732 732 D SystemServerTiming: OnBootPhase_520_com.android.server.pm.BackgroundInstallControlService
05-23 09:26:32.134 732 732 V SystemServerTiming: OnBootPhase_520_com.android.server.pm.BackgroundInstallControlService took to complete: 0ms
05-23 09:26:32.134 732 732 D SystemServerTiming: OnBootPhase_520_com.android.server.media.projection.MediaProjectionManagerService
05-23 09:26:32.134 732 732 V SystemServerTiming: OnBootPhase_520_com.android.server.media.projection.MediaProjectionManagerService took to complete: 0ms
05-23 09:26:32.134 732 732 D SystemServerTiming: OnBootPhase_520_com.android.server.slice.SliceManagerService$Lifecycle
05-23 09:26:32.134 732 732 V SystemServerTiming: OnBootPhase_520_com.android.server.slice.SliceManagerService$Lifecycle took to complete: 0ms
05-23 09:26:32.134 732 732 D SystemServerTiming: OnBootPhase_520_com.android.server.stats.StatsCompanion$Lifecycle
05-23 09:26:32.134 732 732 V SystemServerTiming: OnBootPhase_520_com.android.server.stats.StatsCompanion$Lifecycle took to complete: 0ms
05-23 09:26:32.135 732 732 D SystemServerTiming: OnBootPhase_520_com.android.server.scheduling.RebootReadinessManagerService$Lifecycle
05-23 09:26:32.135 732 732 V SystemServerTiming: OnBootPhase_520_com.android.server.scheduling.RebootReadinessManagerService$Lifecycle took to complete: 0ms
05-23 09:26:32.135 732 732 D SystemServerTiming: OnBootPhase_520_com.android.server.stats.pull.StatsPullAtomService
05-23 09:26:32.135 732 732 V SystemServerTiming: OnBootPhase_520_com.android.server.stats.pull.StatsPullAtomService took to complete: 0ms
05-23 09:26:32.135 732 732 D SystemServerTiming: OnBootPhase_520_com.android.server.stats.bootstrap.StatsBootstrapAtomService$Lifecycle
05-23 09:26:32.135 732 732 V SystemServerTiming: OnBootPhase_520_com.android.server.stats.bootstrap.StatsBootstrapAtomService$Lifecycle took to complete: 0ms
05-23 09:26:32.135 732 732 D SystemServerTiming: OnBootPhase_520_com.android.server.incident.IncidentCompanionService
05-23 09:26:32.135 732 732 V SystemServerTiming: OnBootPhase_520_com.android.server.incident.IncidentCompanionService took to complete: 0ms
05-23 09:26:32.135 732 732 D SystemServerTiming: OnBootPhase_520_com.android.server.sdksandbox.SdkSandboxManagerService$Lifecycle
05-23 09:26:32.135 732 732 V SystemServerTiming: OnBootPhase_520_com.android.server.sdksandbox.SdkSandboxManagerService$Lifecycle took to complete: 0ms
05-23 09:26:32.135 732 732 D SystemServerTiming: OnBootPhase_520_com.android.server.adservices.AdServicesManagerService$Lifecycle
05-23 09:26:32.135 732 732 V SystemServerTiming: OnBootPhase_520_com.android.server.adservices.AdServicesManagerService$Lifecycle took to complete: 0ms
05-23 09:26:32.135 732 732 D SystemServerTiming: OnBootPhase_520_com.android.server.ondevicepersonalization.OnDevicePersonalizationSystemService$Lifecycle
05-23 09:26:32.135 732 732 V SystemServerTiming: OnBootPhase_520_com.android.server.ondevicepersonalization.OnDevicePersonalizationSystemService$Lifecycle took to complete: 0ms
05-23 09:26:32.135 732 732 D SystemServerTiming: OnBootPhase_520_com.android.server.autofill.AutofillManagerService
05-23 09:26:32.135 732 732 V SystemServerTiming: OnBootPhase_520_com.android.server.autofill.AutofillManagerService took to complete: 0ms
05-23 09:26:32.135 732 732 D SystemServerTiming: OnBootPhase_520_com.android.server.clipboard.ClipboardService
05-23 09:26:32.135 732 732 V SystemServerTiming: OnBootPhase_520_com.android.server.clipboard.ClipboardService took to complete: 0ms
05-23 09:26:32.135 732 732 D SystemServerTiming: OnBootPhase_520_com.android.server.appbinding.AppBindingService$Lifecycle
05-23 09:26:32.135 732 732 V SystemServerTiming: OnBootPhase_520_com.android.server.appbinding.AppBindingService$Lifecycle took to complete: 0ms
05-23 09:26:32.135 732 732 D SystemServerTiming: OnBootPhase_520_com.android.server.tracing.TracingServiceProxy
05-23 09:26:32.135 732 732 V SystemServerTiming: OnBootPhase_520_com.android.server.tracing.TracingServiceProxy took to complete: 0ms
05-23 09:26:32.135 732 732 D SystemServerTiming: OnBootPhase_520_com.android.server.policy.PermissionPolicyService
05-23 09:26:32.136 732 732 V SystemServerTiming: OnBootPhase_520_com.android.server.policy.PermissionPolicyService took to complete: 1ms
05-23 09:26:32.136 732 732 D SystemServerTiming: OnBootPhase_520_com.android.server.pm.StagingManager$Lifecycle
05-23 09:26:32.136 732 732 V SystemServerTiming: OnBootPhase_520_com.android.server.pm.StagingManager$Lifecycle took to complete: 0ms
05-23 09:26:32.136 732 732 D SystemServerTiming: OnBootPhase_520_com.android.server.app.GameManagerService$Lifecycle
05-23 09:26:32.136 732 732 V SystemServerTiming: OnBootPhase_520_com.android.server.app.GameManagerService$Lifecycle took to complete: 0ms
05-23 09:26:32.136 732 732 V SystemServerTiming: OnBootPhase_520 took to complete: 15ms
05-23 09:26:32.136 732 732 V SystemServerTiming: StartBootPhaseDeviceSpecificServicesReady took to complete: 15ms
05-23 09:26:32.136 732 732 D SystemServerTiming: StartSafetyCenterService
05-23 09:26:32.136 732 732 I SystemServiceManager: Starting com.android.safetycenter.SafetyCenterService
05-23 09:26:32.140 732 732 V SystemServerTiming: StartSafetyCenterService took to complete: 4ms
05-23 09:26:32.140 732 732 D SystemServerTiming: AppSearchModule
05-23 09:26:32.141 732 732 I SystemServiceManager: Starting com.android.server.appsearch.AppSearchModule$Lifecycle
05-23 09:26:32.150 732 732 V SystemServerTiming: AppSearchModule took to complete: 10ms
05-23 09:26:32.150 732 732 D SystemServerTiming: StartMediaCommunicationService
05-23 09:26:32.151 732 732 I SystemServiceManager: Starting com.android.server.media.MediaCommunicationService
05-23 09:26:32.153 732 732 V SystemServerTiming: StartMediaCommunicationService took to complete: 2ms
05-23 09:26:32.153 732 732 D SystemServerTiming: AppCompatOverridesService
05-23 09:26:32.153 732 732 I SystemServiceManager: Starting com.android.server.compat.overrides.AppCompatOverridesService$Lifecycle
05-23 09:26:32.155 732 732 V SystemServerTiming: AppCompatOverridesService took to complete: 2ms
05-23 09:26:32.155 732 732 D SystemServerTiming: HealthConnectManagerService
05-23 09:26:32.156 732 732 I SystemServiceManager: Starting com.android.server.healthconnect.HealthConnectManagerService
05-23 09:26:32.166 732 732 E HealthConnectResContext: Attempted to fetch resources before Health Connect resources APK is loaded!
05-23 09:26:32.166 732 732 E HealthConnectResContext: java.lang.IllegalStateException
05-23 09:26:32.166 732 732 E HealthConnectResContext: at com.android.server.healthconnect.migration.notification.HealthConnectResourcesContext.resolvePackageInfo(HealthConnectResourcesContext.java:129)
05-23 09:26:32.166 732 732 E HealthConnectResContext: at com.android.server.healthconnect.migration.notification.HealthConnectResourcesContext.initialisePackageNames(HealthConnectResourcesContext.java:87)
05-23 09:26:32.166 732 732 E HealthConnectResContext: at com.android.server.healthconnect.migration.notification.HealthConnectResourcesContext.(HealthConnectResourcesContext.java:83)
05-23 09:26:32.166 732 732 E HealthConnectResContext: at com.android.server.healthconnect.migration.notification.HealthConnectResourcesContext.(HealthConnectResourcesContext.java:70)
05-23 09:26:32.166 732 732 E HealthConnectResContext: at com.android.server.healthconnect.migration.notification.MigrationNotificationFactory.(MigrationNotificationFactory.java:107)
05-23 09:26:32.166 732 732 E HealthConnectResContext: at com.android.server.healthconnect.migration.notification.MigrationNotificationSender.(MigrationNotificationSender.java:60)
05-23 09:26:32.166 732 732 E HealthConnectResContext: at com.android.server.healthconnect.HealthConnectManagerService.(HealthConnectManagerService.java:105)
05-23 09:26:32.166 732 732 E HealthConnectResContext: at java.lang.reflect.Constructor.newInstance0(Native Method)
05-23 09:26:32.166 732 732 E HealthConnectResContext: at java.lang.reflect.Constructor.newInstance(Constructor.java:343)
05-23 09:26:32.166 732 732 E HealthConnectResContext: at com.android.server.SystemServiceManager.startService(SystemServiceManager.java:218)
05-23 09:26:32.166 732 732 E HealthConnectResContext: at com.android.server.SystemServiceManager.startService(SystemServiceManager.java:142)
05-23 09:26:32.166 732 732 E HealthConnectResContext: at com.android.server.SystemServer.startOtherServices(SystemServer.java:2877)
05-23 09:26:32.166 732 732 E HealthConnectResContext: at com.android.server.SystemServer.run(SystemServer.java:946)
05-23 09:26:32.166 732 732 E HealthConnectResContext: at com.android.server.SystemServer.main(SystemServer.java:668)
05-23 09:26:32.166 732 732 E HealthConnectResContext: at java.lang.reflect.Method.invoke(Native Method)
05-23 09:26:32.166 732 732 E HealthConnectResContext: at com.android.internal.os.RuntimeInit$MethodAndArgsCaller.run(RuntimeInit.java:552)
05-23 09:26:32.166 732 732 E HealthConnectResContext: at com.android.internal.os.ZygoteInit.main(ZygoteInit.java:956)
05-23 09:26:32.174 732 732 V SystemServerTiming: HealthConnectManagerService took to complete: 20ms
05-23 09:26:32.174 732 732 D SystemServerTiming: DeviceLockService
05-23 09:26:32.175 732 732 I SystemServiceManager: Starting com.android.server.devicelock.DeviceLockService
05-23 09:26:32.176 732 732 D DeviceLockService: DeviceLockService constructor
05-23 09:26:32.178 732 732 I DeviceLockService: Registering device_lock
05-23 09:26:32.178 732 732 V SystemServerTiming: DeviceLockService took to complete: 4ms
05-23 09:26:32.179 732 732 D SystemServerTiming: PhaseActivityManagerReady
05-23 09:26:32.179 732 732 D SystemServerTiming: controllersReady
05-23 09:26:32.187 732 812 D SystemServerTimingAsync: InitThreadPoolExec:Update app-ops uidState in case package com.ktcp.video changed
05-23 09:26:32.187 732 805 D SystemServerTimingAsync: InitThreadPoolExec:Update app-ops uidState in case package com.dangbei.hqmedia changed
05-23 09:26:32.187 732 805 D SystemServerInitThreadPool: Started executing Update app-ops uidState in case package com.dangbei.hqmedia changed
05-23 09:26:32.187 732 760 D SystemServerTimingAsync: InitThreadPoolExec:Update app-ops uidState in case package com.bestv.ott.baseservices.gw changed
05-23 09:26:32.187 732 760 D SystemServerInitThreadPool: Started executing Update app-ops uidState in case package com.bestv.ott.baseservices.gw changed
05-23 09:26:32.187 732 822 D SystemServerTimingAsync: InitThreadPoolExec:Update app-ops uidState in case package com.android.ext.adservices.api changed
05-23 09:26:32.187 732 822 D SystemServerInitThreadPool: Started executing Update app-ops uidState in case package com.android.ext.adservices.api changed
05-23 09:26:32.187 732 812 D SystemServerInitThreadPool: Started executing Update app-ops uidState in case package com.ktcp.video changed
05-23 09:26:32.189 732 805 D SystemServerInitThreadPool: Finished executing Update app-ops uidState in case package com.dangbei.hqmedia changed
05-23 09:26:32.189 732 805 V SystemServerTimingAsync: InitThreadPoolExec:Update app-ops uidState in case package com.dangbei.hqmedia changed took to complete: 2ms
05-23 09:26:32.189 732 805 D SystemServerTimingAsync: InitThreadPoolExec:Update app-ops uidState in case package android.ext.services changed
05-23 09:26:32.189 732 805 D SystemServerInitThreadPool: Started executing Update app-ops uidState in case package android.ext.services changed
05-23 09:26:32.189 732 805 D SystemServerInitThreadPool: Finished executing Update app-ops uidState in case package android.ext.services changed
05-23 09:26:32.189 732 805 V SystemServerTimingAsync: InitThreadPoolExec:Update app-ops uidState in case package android.ext.services changed took to complete: 0ms
05-23 09:26:32.189 732 805 D SystemServerTimingAsync: InitThreadPoolExec:Update app-ops uidState in case package com.android.uwb.resources changed
05-23 09:26:32.189 732 812 D SystemServerInitThreadPool: Finished executing Update app-ops uidState in case package com.ktcp.video changed
05-23 09:26:32.189 732 812 V SystemServerTimingAsync: InitThreadPoolExec:Update app-ops uidState in case package com.ktcp.video changed took to complete: 2ms
05-23 09:26:32.189 732 812 D SystemServerTimingAsync: InitThreadPoolExec:Update app-ops uidState in case package com.android.cts.ctsshim changed
05-23 09:26:32.189 732 812 D SystemServerInitThreadPool: Started executing Update app-ops uidState in case package com.android.cts.ctsshim changed
05-23 09:26:32.189 732 760 D SystemServerInitThreadPool: Finished executing Update app-ops uidState in case package com.bestv.ott.baseservices.gw changed
05-23 09:26:32.189 732 812 D SystemServerInitThreadPool: Finished executing Update app-ops uidState in case package com.android.cts.ctsshim changed
05-23 09:26:32.189 732 812 V SystemServerTimingAsync: InitThreadPoolExec:Update app-ops uidState in case package com.android.cts.ctsshim changed took to complete: 0ms
05-23 09:26:32.189 732 760 V SystemServerTimingAsync: InitThreadPoolExec:Update app-ops uidState in case package com.bestv.ott.baseservices.gw changed took to complete: 2ms
05-23 09:26:32.189 732 760 D SystemServerTimingAsync: InitThreadPoolExec:Update app-ops uidState in case package com.android.ondevicepersonalization.services changed
05-23 09:26:32.189 732 760 D SystemServerInitThreadPool: Started executing Update app-ops uidState in case package com.android.ondevicepersonalization.services changed
05-23 09:26:32.189 732 760 D SystemServerInitThreadPool: Finished executing Update app-ops uidState in case package com.android.ondevicepersonalization.services changed
05-23 09:26:32.189 732 760 V SystemServerTimingAsync: InitThreadPoolExec:Update app-ops uidState in case package com.android.ondevicepersonalization.services changed took to complete: 0ms
05-23 09:26:32.189 732 760 D SystemServerTimingAsync: InitThreadPoolExec:Update app-ops uidState in case package com.android.federatedcompute.services changed
05-23 09:26:32.189 732 760 D SystemServerInitThreadPool: Started executing Update app-ops uidState in case package com.android.federatedcompute.services changed
05-23 09:26:32.189 732 760 D SystemServerInitThreadPool: Finished executing Update app-ops uidState in case package com.android.federatedcompute.services changed
05-23 09:26:32.189 732 760 V SystemServerTimingAsync: InitThreadPoolExec:Update app-ops uidState in case package com.android.federatedcompute.services changed took to complete: 0ms
05-23 09:26:32.190 732 760 D SystemServerTimingAsync: InitThreadPoolExec:Update app-ops uidState in case package com.android.providers.media.module changed
05-23 09:26:32.190 732 760 D SystemServerInitThreadPool: Started executing Update app-ops uidState in case package com.android.providers.media.module changed
05-23 09:26:32.190 732 760 D SystemServerInitThreadPool: Finished executing Update app-ops uidState in case package com.android.providers.media.module changed
05-23 09:26:32.190 732 760 V SystemServerTimingAsync: InitThreadPoolExec:Update app-ops uidState in case package com.android.providers.media.module changed took to complete: 0ms
05-23 09:26:32.190 732 760 D SystemServerTimingAsync: InitThreadPoolExec:Update app-ops uidState in case package com.android.virtualmachine.res changed
05-23 09:26:32.190 732 760 D SystemServerInitThreadPool: Started executing Update app-ops uidState in case package com.android.virtualmachine.res changed
05-23 09:26:32.190 732 760 D SystemServerInitThreadPool: Finished executing Update app-ops uidState in case package com.android.virtualmachine.res changed
05-23 09:26:32.190 732 760 V SystemServerTimingAsync: InitThreadPoolExec:Update app-ops uidState in case package com.android.virtualmachine.res changed took to complete: 0ms
05-23 09:26:32.190 732 760 D SystemServerTimingAsync: InitThreadPoolExec:Update app-ops uidState in case package com.android.permissioncontroller changed
05-23 09:26:32.190 732 760 D SystemServerInitThreadPool: Started executing Update app-ops uidState in case package com.android.permissioncontroller changed
05-23 09:26:32.190 732 760 D SystemServerInitThreadPool: Finished executing Update app-ops uidState in case package com.android.permissioncontroller changed
05-23 09:26:32.190 732 760 V SystemServerTimingAsync: InitThreadPoolExec:Update app-ops uidState in case package com.android.permissioncontroller changed took to complete: 0ms
05-23 09:26:32.190 732 760 D SystemServerTimingAsync: InitThreadPoolExec:Update app-ops uidState in case package com.android.safetycenter.resources changed
05-23 09:26:32.190 732 760 D SystemServerInitThreadPool: Started executing Update app-ops uidState in case package com.android.safetycenter.resources changed
05-23 09:26:32.190 732 760 D SystemServerInitThreadPool: Finished executing Update app-ops uidState in case package com.android.safetycenter.resources changed
05-23 09:26:32.190 732 760 V SystemServerTimingAsync: InitThreadPoolExec:Update app-ops uidState in case package com.android.safetycenter.resources changed took to complete: 0ms
05-23 09:26:32.190 732 760 D SystemServerTimingAsync: InitThreadPoolExec:Update app-ops uidState in case package com.android.health.connect.backuprestore changed
05-23 09:26:32.190 732 760 D SystemServerInitThreadPool: Started executing Update app-ops uidState in case package com.android.health.connect.backuprestore changed
05-23 09:26:32.190 732 760 D SystemServerInitThreadPool: Finished executing Update app-ops uidState in case package com.android.health.connect.backuprestore changed
05-23 09:26:32.190 732 760 V SystemServerTimingAsync: InitThreadPoolExec:Update app-ops uidState in case package com.android.health.connect.backuprestore changed took to complete: 0ms
05-23 09:26:32.190 732 760 D SystemServerTimingAsync: InitThreadPoolExec:Update app-ops uidState in case package com.android.healthconnect.controller changed
05-23 09:26:32.190 732 760 D SystemServerInitThreadPool: Started executing Update app-ops uidState in case package com.android.healthconnect.controller changed
05-23 09:26:32.190 732 760 D SystemServerInitThreadPool: Finished executing Update app-ops uidState in case package com.android.healthconnect.controller changed
05-23 09:26:32.190 732 760 V SystemServerTimingAsync: InitThreadPoolExec:Update app-ops uidState in case package com.android.healthconnect.controller changed took to complete: 0ms
05-23 09:26:32.190 732 760 D SystemServerTimingAsync: InitThreadPoolExec:Update app-ops uidState in case package com.android.rkpdapp changed
05-23 09:26:32.190 732 760 D SystemServerInitThreadPool: Started executing Update app-ops uidState in case package com.android.rkpdapp changed
05-23 09:26:32.190 732 760 D SystemServerInitThreadPool: Finished executing Update app-ops uidState in case package com.android.rkpdapp changed
05-23 09:26:32.190 732 760 V SystemServerTimingAsync: InitThreadPoolExec:Update app-ops uidState in case package com.android.rkpdapp changed took to complete: 0ms
05-23 09:26:32.190 732 760 D SystemServerTimingAsync: InitThreadPoolExec:Update app-ops uidState in case package com.android.nearby.halfsheet changed
05-23 09:26:32.190 732 760 D SystemServerInitThreadPool: Started executing Update app-ops uidState in case package com.android.nearby.halfsheet changed
05-23 09:26:32.190 732 760 D SystemServerInitThreadPool: Finished executing Update app-ops uidState in case package com.android.nearby.halfsheet changed
05-23 09:26:32.190 732 760 V SystemServerTimingAsync: InitThreadPoolExec:Update app-ops uidState in case package com.android.nearby.halfsheet changed took to complete: 1ms
05-23 09:26:32.190 732 760 D SystemServerTimingAsync: InitThreadPoolExec:Update app-ops uidState in case package com.android.connectivity.resources changed
05-23 09:26:32.190 732 760 D SystemServerInitThreadPool: Started executing Update app-ops uidState in case package com.android.connectivity.resources changed
05-23 09:26:32.191 732 822 D SystemServerInitThreadPool: Finished executing Update app-ops uidState in case package com.android.ext.adservices.api changed
05-23 09:26:32.191 732 822 V SystemServerTimingAsync: InitThreadPoolExec:Update app-ops uidState in case package com.android.ext.adservices.api changed took to complete: 4ms
05-23 09:26:32.191 732 822 D SystemServerTimingAsync: InitThreadPoolExec:Update app-ops uidState in case package com.android.devicelockcontroller changed
05-23 09:26:32.191 732 822 D SystemServerInitThreadPool: Started executing Update app-ops uidState in case package com.android.devicelockcontroller changed
05-23 09:26:32.191 732 822 D SystemServerInitThreadPool: Finished executing Update app-ops uidState in case package com.android.devicelockcontroller changed
05-23 09:26:32.191 732 822 V SystemServerTimingAsync: InitThreadPoolExec:Update app-ops uidState in case package com.android.devicelockcontroller changed took to complete: 0ms
05-23 09:26:32.191 732 822 D SystemServerTimingAsync: InitThreadPoolExec:Update app-ops uidState in case package com.android.wifi.dialog changed
05-23 09:26:32.191 732 822 D SystemServerInitThreadPool: Started executing Update app-ops uidState in case package com.android.wifi.dialog changed
05-23 09:26:32.191 732 822 D SystemServerInitThreadPool: Finished executing Update app-ops uidState in case package com.android.wifi.dialog changed
05-23 09:26:32.191 732 822 V SystemServerTimingAsync: InitThreadPoolExec:Update app-ops uidState in case package com.android.wifi.dialog changed took to complete: 0ms
05-23 09:26:32.191 732 822 D SystemServerTimingAsync: InitThreadPoolExec:Update app-ops uidState in case package com.android.hotspot2.osulogin changed
05-23 09:26:32.191 732 822 D SystemServerInitThreadPool: Started executing Update app-ops uidState in case package com.android.hotspot2.osulogin changed
05-23 09:26:32.191 732 822 D SystemServerInitThreadPool: Finished executing Update app-ops uidState in case package com.android.hotspot2.osulogin changed
05-23 09:26:32.191 732 822 V SystemServerTimingAsync: InitThreadPoolExec:Update app-ops uidState in case package com.android.hotspot2.osulogin changed took to complete: 0ms
05-23 09:26:32.191 732 822 D SystemServerTimingAsync: InitThreadPoolExec:Update app-ops uidState in case package com.android.wifi.resources changed
05-23 09:26:32.191 732 822 D SystemServerInitThreadPool: Started executing Update app-ops uidState in case package com.android.wifi.resources changed
05-23 09:26:32.191 732 822 D SystemServerInitThreadPool: Finished executing Update app-ops uidState in case package com.android.wifi.resources changed
05-23 09:26:32.191 732 822 V SystemServerTimingAsync: InitThreadPoolExec:Update app-ops uidState in case package com.android.wifi.resources changed took to complete: 0ms
05-23 09:26:32.191 732 822 D SystemServerTimingAsync: InitThreadPoolExec:Update app-ops uidState in case package com.android.sdksandbox changed
05-23 09:26:32.191 732 822 D SystemServerInitThreadPool: Started executing Update app-ops uidState in case package com.android.sdksandbox changed
05-23 09:26:32.191 732 822 D SystemServerInitThreadPool: Finished executing Update app-ops uidState in case package com.android.sdksandbox changed
05-23 09:26:32.191 732 822 V SystemServerTimingAsync: InitThreadPoolExec:Update app-ops uidState in case package com.android.sdksandbox changed took to complete: 1ms
05-23 09:26:32.191 732 822 D SystemServerTimingAsync: InitThreadPoolExec:Update app-ops uidState in case package com.android.adservices.api changed
05-23 09:26:32.191 732 822 D SystemServerInitThreadPool: Started executing Update app-ops uidState in case package com.android.adservices.api changed
05-23 09:26:32.191 732 822 D SystemServerInitThreadPool: Finished executing Update app-ops uidState in case package com.android.adservices.api changed
05-23 09:26:32.191 732 822 V SystemServerTimingAsync: InitThreadPoolExec:Update app-ops uidState in case package com.android.adservices.api changed took to complete: 0ms
05-23 09:26:32.191 732 822 D SystemServerTimingAsync: InitThreadPoolExec:Update app-ops uidState in case package com.android.systemui changed
05-23 09:26:32.191 732 822 D SystemServerInitThreadPool: Started executing Update app-ops uidState in case package com.android.systemui changed
05-23 09:26:32.191 732 822 D SystemServerInitThreadPool: Finished executing Update app-ops uidState in case package com.android.systemui changed
05-23 09:26:32.191 732 822 V SystemServerTimingAsync: InitThreadPoolExec:Update app-ops uidState in case package com.android.systemui changed took to complete: 0ms
05-23 09:26:32.191 732 822 D SystemServerTimingAsync: InitThreadPoolExec:Update app-ops uidState in case package com.android.webview changed
05-23 09:26:32.191 732 822 D SystemServerInitThreadPool: Started executing Update app-ops uidState in case package com.android.webview changed
05-23 09:26:32.192 732 822 D SystemServerInitThreadPool: Finished executing Update app-ops uidState in case package com.android.webview changed
05-23 09:26:32.192 732 822 V SystemServerTimingAsync: InitThreadPoolExec:Update app-ops uidState in case package com.android.webview changed took to complete: 0ms
05-23 09:26:32.192 732 822 D SystemServerTimingAsync: InitThreadPoolExec:Update app-ops uidState in case package com.android.deskclock changed
05-23 09:26:32.192 732 822 D SystemServerInitThreadPool: Started executing Update app-ops uidState in case package com.android.deskclock changed
05-23 09:26:32.192 732 822 D SystemServerInitThreadPool: Finished executing Update app-ops uidState in case package com.android.deskclock changed
05-23 09:26:32.192 732 822 V SystemServerTimingAsync: InitThreadPoolExec:Update app-ops uidState in case package com.android.deskclock changed took to complete: 0ms
05-23 09:26:32.192 732 822 D SystemServerTimingAsync: InitThreadPoolExec:Update app-ops uidState in case package com.android.music changed
05-23 09:26:32.192 732 822 D SystemServerInitThreadPool: Started executing Update app-ops uidState in case package com.android.music changed
05-23 09:26:32.192 732 822 D SystemServerInitThreadPool: Finished executing Update app-ops uidState in case package com.android.music changed
05-23 09:26:32.192 732 822 V SystemServerTimingAsync: InitThreadPoolExec:Update app-ops uidState in case package com.android.music changed took to complete: 0ms
05-23 09:26:32.192 732 822 D SystemServerTimingAsync: InitThreadPoolExec:Update app-ops uidState in case package com.android.camera2 changed
05-23 09:26:32.192 732 822 D SystemServerInitThreadPool: Started executing Update app-ops uidState in case package com.android.camera2 changed
05-23 09:26:32.192 732 822 D SystemServerInitThreadPool: Finished executing Update app-ops uidState in case package com.android.camera2 changed
05-23 09:26:32.192 732 822 V SystemServerTimingAsync: InitThreadPoolExec:Update app-ops uidState in case package com.android.camera2 changed took to complete: 0ms
05-23 09:26:32.192 732 822 D SystemServerTimingAsync: InitThreadPoolExec:Update app-ops uidState in case package com.android.modulemetadata changed
05-23 09:26:32.192 732 822 D SystemServerInitThreadPool: Started executing Update app-ops uidState in case package com.android.modulemetadata changed
05-23 09:26:32.194 732 822 D SystemServerInitThreadPool: Finished executing Update app-ops uidState in case package com.android.modulemetadata changed
05-23 09:26:32.194 732 822 V SystemServerTimingAsync: InitThreadPoolExec:Update app-ops uidState in case package com.android.modulemetadata changed took to complete: 2ms
05-23 09:26:32.194 732 822 D SystemServerTimingAsync: InitThreadPoolExec:Update app-ops uidState in case package com.android.settings.intelligence changed
05-23 09:26:32.194 732 822 D SystemServerInitThreadPool: Started executing Update app-ops uidState in case package com.android.settings.intelligence changed
05-23 09:26:32.194 732 822 D SystemServerInitThreadPool: Finished executing Update app-ops uidState in case package com.android.settings.intelligence changed
05-23 09:26:32.194 732 822 V SystemServerTimingAsync: InitThreadPoolExec:Update app-ops uidState in case package com.android.settings.intelligence changed took to complete: 0ms
05-23 09:26:32.194 732 822 D SystemServerTimingAsync: InitThreadPoolExec:Update app-ops uidState in case package com.droidlogic.appinstall changed
05-23 09:26:32.194 732 822 D SystemServerInitThreadPool: Started executing Update app-ops uidState in case package com.droidlogic.appinstall changed
05-23 09:26:32.194 732 822 D SystemServerInitThreadPool: Finished executing Update app-ops uidState in case package com.droidlogic.appinstall changed
05-23 09:26:32.194 732 822 V SystemServerTimingAsync: InitThreadPoolExec:Update app-ops uidState in case package com.droidlogic.appinstall changed took to complete: 0ms
05-23 09:26:32.194 732 822 D SystemServerTimingAsync: InitThreadPoolExec:Update app-ops uidState in case package com.dangbei.lerad.screensaver changed
05-23 09:26:32.194 732 822 D SystemServerInitThreadPool: Started executing Update app-ops uidState in case package com.dangbei.lerad.screensaver changed
05-23 09:26:32.194 732 822 D SystemServerInitThreadPool: Finished executing Update app-ops uidState in case package com.dangbei.lerad.screensaver changed
05-23 09:26:32.194 732 822 V SystemServerTimingAsync: InitThreadPoolExec:Update app-ops uidState in case package com.dangbei.lerad.screensaver changed took to complete: 0ms
05-23 09:26:32.194 732 822 D SystemServerTimingAsync: InitThreadPoolExec:Update app-ops uidState in case package com.dangbei.screencast changed
05-23 09:26:32.194 732 822 D SystemServerInitThreadPool: Started executing Update app-ops uidState in case package com.dangbei.screencast changed
05-23 09:26:32.194 732 822 D SystemServerInitThreadPool: Finished executing Update app-ops uidState in case package com.dangbei.screencast changed
05-23 09:26:32.194 732 822 V SystemServerTimingAsync: InitThreadPoolExec:Update app-ops uidState in case package com.dangbei.screencast changed took to complete: 0ms
05-23 09:26:32.194 732 822 D SystemServerTimingAsync: InitThreadPoolExec:Update app-ops uidState in case package com.dangbei.lerad.videoposter changed
05-23 09:26:32.194 732 822 D SystemServerInitThreadPool: Started executing Update app-ops uidState in case package com.dangbei.lerad.videoposter changed
05-23 09:26:32.195 732 760 D SystemServerInitThreadPool: Finished executing Update app-ops uidState in case package com.android.connectivity.resources changed
05-23 09:26:32.195 732 760 V SystemServerTimingAsync: InitThreadPoolExec:Update app-ops uidState in case package com.android.connectivity.resources changed took to complete: 4ms
05-23 09:26:32.195 732 760 D SystemServerTimingAsync: InitThreadPoolExec:Update app-ops uidState in case package com.tv.filemanager.os changed
05-23 09:26:32.195 732 760 D SystemServerInitThreadPool: Started executing Update app-ops uidState in case package com.tv.filemanager.os changed
05-23 09:26:32.195 732 812 D SystemServerTimingAsync: InitThreadPoolExec:Update app-ops uidState in case package com.android.cts.priv.ctsshim changed
05-23 09:26:32.195 732 812 D SystemServerInitThreadPool: Started executing Update app-ops uidState in case package com.android.cts.priv.ctsshim changed
05-23 09:26:32.195 732 805 D SystemServerInitThreadPool: Started executing Update app-ops uidState in case package com.android.uwb.resources changed
05-23 09:26:32.196 732 812 D SystemServerInitThreadPool: Finished executing Update app-ops uidState in case package com.android.cts.priv.ctsshim changed
05-23 09:26:32.196 732 812 V SystemServerTimingAsync: InitThreadPoolExec:Update app-ops uidState in case package com.android.cts.priv.ctsshim changed took to complete: 0ms
05-23 09:26:32.196 732 812 D SystemServerTimingAsync: InitThreadPoolExec:Update app-ops uidState in case package com.dangbei.lerad.leradwatcher changed
05-23 09:26:32.196 732 812 D SystemServerInitThreadPool: Started executing Update app-ops uidState in case package com.dangbei.lerad.leradwatcher changed
05-23 09:26:32.196 732 812 D SystemServerInitThreadPool: Finished executing Update app-ops uidState in case package com.dangbei.lerad.leradwatcher changed
05-23 09:26:32.196 732 812 V SystemServerTimingAsync: InitThreadPoolExec:Update app-ops uidState in case package com.dangbei.lerad.leradwatcher changed took to complete: 0ms
05-23 09:26:32.196 732 812 D SystemServerTimingAsync: InitThreadPoolExec:Update app-ops uidState in case package com.sohu.inputmethod.sogou.tv changed
05-23 09:26:32.196 732 812 D SystemServerInitThreadPool: Started executing Update app-ops uidState in case package com.sohu.inputmethod.sogou.tv changed
05-23 09:26:32.196 732 812 D SystemServerInitThreadPool: Finished executing Update app-ops uidState in case package com.sohu.inputmethod.sogou.tv changed
05-23 09:26:32.196 732 812 V SystemServerTimingAsync: InitThreadPoolExec:Update app-ops uidState in case package com.sohu.inputmethod.sogou.tv changed took to complete: 0ms
05-23 09:26:32.196 732 812 D SystemServerTimingAsync: InitThreadPoolExec:Update app-ops uidState in case package com.android.printspooler changed
05-23 09:26:32.196 732 812 D SystemServerInitThreadPool: Started executing Update app-ops uidState in case package com.android.printspooler changed
05-23 09:26:32.197 732 812 D SystemServerInitThreadPool: Finished executing Update app-ops uidState in case package com.android.printspooler changed
05-23 09:26:32.197 732 805 D SystemServerInitThreadPool: Finished executing Update app-ops uidState in case package com.android.uwb.resources changed
05-23 09:26:32.197 732 805 V SystemServerTimingAsync: InitThreadPoolExec:Update app-ops uidState in case package com.android.uwb.resources changed took to complete: 8ms
05-23 09:26:32.197 732 805 D SystemServerTimingAsync: InitThreadPoolExec:Update app-ops uidState in case package com.android.pacprocessor changed
05-23 09:26:32.197 732 805 D SystemServerInitThreadPool: Started executing Update app-ops uidState in case package com.android.pacprocessor changed
05-23 09:26:32.197 732 805 D SystemServerInitThreadPool: Finished executing Update app-ops uidState in case package com.android.pacprocessor changed
05-23 09:26:32.197 732 805 V SystemServerTimingAsync: InitThreadPoolExec:Update app-ops uidState in case package com.android.pacprocessor changed took to complete: 0ms
05-23 09:26:32.197 732 805 D SystemServerTimingAsync: InitThreadPoolExec:Update app-ops uidState in case package com.android.htmlviewer changed
05-23 09:26:32.197 732 805 D SystemServerInitThreadPool: Started executing Update app-ops uidState in case package com.android.htmlviewer changed
05-23 09:26:32.197 732 805 D SystemServerInitThreadPool: Finished executing Update app-ops uidState in case package com.android.htmlviewer changed
05-23 09:26:32.197 732 805 V SystemServerTimingAsync: InitThreadPoolExec:Update app-ops uidState in case package com.android.htmlviewer changed took to complete: 0ms
05-23 09:26:32.197 732 805 D SystemServerTimingAsync: InitThreadPoolExec:Update app-ops uidState in case package com.android.companiondevicemanager changed
05-23 09:26:32.197 732 805 D SystemServerInitThreadPool: Started executing Update app-ops uidState in case package com.android.companiondevicemanager changed
05-23 09:26:32.197 732 805 D SystemServerInitThreadPool: Finished executing Update app-ops uidState in case package com.android.companiondevicemanager changed
05-23 09:26:32.197 732 805 V SystemServerTimingAsync: InitThreadPoolExec:Update app-ops uidState in case package com.android.companiondevicemanager changed took to complete: 1ms
05-23 09:26:32.197 732 805 D SystemServerTimingAsync: InitThreadPoolExec:Update app-ops uidState in case package com.android.certinstaller changed
05-23 09:26:32.197 732 805 D SystemServerInitThreadPool: Started executing Update app-ops uidState in case package com.android.certinstaller changed
05-23 09:26:32.198 732 805 D SystemServerInitThreadPool: Finished executing Update app-ops uidState in case package com.android.certinstaller changed
05-23 09:26:32.198 732 805 V SystemServerTimingAsync: InitThreadPoolExec:Update app-ops uidState in case package com.android.certinstaller changed took to complete: 0ms
05-23 09:26:32.198 732 805 D SystemServerTimingAsync: InitThreadPoolExec:Update app-ops uidState in case package android.ext.shared changed
05-23 09:26:32.198 732 805 D SystemServerInitThreadPool: Started executing Update app-ops uidState in case package android.ext.shared changed
05-23 09:26:32.198 732 805 D SystemServerInitThreadPool: Finished executing Update app-ops uidState in case package android.ext.shared changed
05-23 09:26:32.198 732 805 V SystemServerTimingAsync: InitThreadPoolExec:Update app-ops uidState in case package android.ext.shared changed took to complete: 0ms
05-23 09:26:32.198 732 805 D SystemServerTimingAsync: InitThreadPoolExec:Update app-ops uidState in case package com.android.captiveportallogin changed
05-23 09:26:32.198 732 805 D SystemServerInitThreadPool: Started executing Update app-ops uidState in case package com.android.captiveportallogin changed
05-23 09:26:32.198 732 805 D SystemServerInitThreadPool: Finished executing Update app-ops uidState in case package com.android.captiveportallogin changed
05-23 09:26:32.198 732 805 V SystemServerTimingAsync: InitThreadPoolExec:Update app-ops uidState in case package com.android.captiveportallogin changed took to complete: 0ms
05-23 09:26:32.198 732 805 D SystemServerTimingAsync: InitThreadPoolExec:Update app-ops uidState in case package com.android.cameraextensions changed
05-23 09:26:32.198 732 805 D SystemServerInitThreadPool: Started executing Update app-ops uidState in case package com.android.cameraextensions changed
05-23 09:26:32.198 732 805 D SystemServerInitThreadPool: Finished executing Update app-ops uidState in case package com.android.cameraextensions changed
05-23 09:26:32.198 732 805 V SystemServerTimingAsync: InitThreadPoolExec:Update app-ops uidState in case package com.android.cameraextensions changed took to complete: 0ms
05-23 09:26:32.198 732 805 D SystemServerTimingAsync: InitThreadPoolExec:Update app-ops uidState in case package com.android.dreams.basic changed
05-23 09:26:32.198 732 805 D SystemServerInitThreadPool: Started executing Update app-ops uidState in case package com.android.dreams.basic changed
05-23 09:26:32.198 732 805 D SystemServerInitThreadPool: Finished executing Update app-ops uidState in case package com.android.dreams.basic changed
05-23 09:26:32.198 732 805 V SystemServerTimingAsync: InitThreadPoolExec:Update app-ops uidState in case package com.android.dreams.basic changed took to complete: 0ms
05-23 09:26:32.198 732 805 D SystemServerTimingAsync: InitThreadPoolExec:Update app-ops uidState in case package com.dangbei.hqguide changed
05-23 09:26:32.198 732 805 D SystemServerInitThreadPool: Started executing Update app-ops uidState in case package com.dangbei.hqguide changed
05-23 09:26:32.198 732 805 D SystemServerInitThreadPool: Finished executing Update app-ops uidState in case package com.dangbei.hqguide changed
05-23 09:26:32.198 732 805 V SystemServerTimingAsync: InitThreadPoolExec:Update app-ops uidState in case package com.dangbei.hqguide changed took to complete: 0ms
05-23 09:26:32.198 732 805 D SystemServerTimingAsync: InitThreadPoolExec:Update app-ops uidState in case package com.android.statementservice changed
05-23 09:26:32.198 732 805 D SystemServerInitThreadPool: Started executing Update app-ops uidState in case package com.android.statementservice changed
05-23 09:26:32.198 732 805 D SystemServerInitThreadPool: Finished executing Update app-ops uidState in case package com.android.statementservice changed
05-23 09:26:32.198 732 805 V SystemServerTimingAsync: InitThreadPoolExec:Update app-ops uidState in case package com.android.statementservice changed took to complete: 0ms
05-23 09:26:32.198 732 805 D SystemServerTimingAsync: InitThreadPoolExec:Update app-ops uidState in case package com.android.vpndialogs changed
05-23 09:26:32.198 732 805 D SystemServerInitThreadPool: Started executing Update app-ops uidState in case package com.android.vpndialogs changed
05-23 09:26:32.198 732 805 D SystemServerInitThreadPool: Finished executing Update app-ops uidState in case package com.android.vpndialogs changed
05-23 09:26:32.198 732 805 V SystemServerTimingAsync: InitThreadPoolExec:Update app-ops uidState in case package com.android.vpndialogs changed took to complete: 1ms
05-23 09:26:32.198 732 805 D SystemServerTimingAsync: InitThreadPoolExec:Update app-ops uidState in case package com.android.providers.tv changed
05-23 09:26:32.198 732 805 D SystemServerInitThreadPool: Started executing Update app-ops uidState in case package com.android.providers.tv changed
05-23 09:26:32.198 732 805 D SystemServerInitThreadPool: Finished executing Update app-ops uidState in case package com.android.providers.tv changed
05-23 09:26:32.198 732 805 V SystemServerTimingAsync: InitThreadPoolExec:Update app-ops uidState in case package com.android.providers.tv changed took to complete: 0ms
05-23 09:26:32.198 732 805 D SystemServerTimingAsync: InitThreadPoolExec:Update app-ops uidState in case package com.android.packageinstaller changed
05-23 09:26:32.198 732 805 D SystemServerInitThreadPool: Started executing Update app-ops uidState in case package com.android.packageinstaller changed
05-23 09:26:32.198 732 805 D SystemServerInitThreadPool: Finished executing Update app-ops uidState in case package com.android.packageinstaller changed
05-23 09:26:32.198 732 805 V SystemServerTimingAsync: InitThreadPoolExec:Update app-ops uidState in case package com.android.packageinstaller changed took to complete: 0ms
05-23 09:26:32.198 732 805 D SystemServerTimingAsync: InitThreadPoolExec:Update app-ops uidState in case package com.android.sharedstoragebackup changed
05-23 09:26:32.198 732 805 D SystemServerInitThreadPool: Started executing Update app-ops uidState in case package com.android.sharedstoragebackup changed
05-23 09:26:32.199 732 805 D SystemServerInitThreadPool: Finished executing Update app-ops uidState in case package com.android.sharedstoragebackup changed
05-23 09:26:32.199 732 805 V SystemServerTimingAsync: InitThreadPoolExec:Update app-ops uidState in case package com.android.sharedstoragebackup changed took to complete: 0ms
05-23 09:26:32.199 732 805 D SystemServerTimingAsync: InitThreadPoolExec:Update app-ops uidState in case package com.android.proxyhandler changed
05-23 09:26:32.199 732 805 D SystemServerInitThreadPool: Started executing Update app-ops uidState in case package com.android.proxyhandler changed
05-23 09:26:32.199 732 805 D SystemServerInitThreadPool: Finished executing Update app-ops uidState in case package com.android.proxyhandler changed
05-23 09:26:32.199 732 805 V SystemServerTimingAsync: InitThreadPoolExec:Update app-ops uidState in case package com.android.proxyhandler changed took to complete: 0ms
05-23 09:26:32.199 732 805 D SystemServerTimingAsync: InitThreadPoolExec:Update app-ops uidState in case package com.android.musicfx changed
05-23 09:26:32.199 732 805 D SystemServerInitThreadPool: Started executing Update app-ops uidState in case package com.android.musicfx changed
05-23 09:26:32.199 732 805 D SystemServerInitThreadPool: Finished executing Update app-ops uidState in case package com.android.musicfx changed
05-23 09:26:32.199 732 805 V SystemServerTimingAsync: InitThreadPoolExec:Update app-ops uidState in case package com.android.musicfx changed took to complete: 0ms
05-23 09:26:32.199 732 805 D SystemServerTimingAsync: InitThreadPoolExec:Update app-ops uidState in case package com.android.managedprovisioning changed
05-23 09:26:32.199 732 805 D SystemServerInitThreadPool: Started executing Update app-ops uidState in case package com.android.managedprovisioning changed
05-23 09:26:32.199 732 805 D SystemServerInitThreadPool: Finished executing Update app-ops uidState in case package com.android.managedprovisioning changed
05-23 09:26:32.199 732 805 V SystemServerTimingAsync: InitThreadPoolExec:Update app-ops uidState in case package com.android.managedprovisioning changed took to complete: 0ms
05-23 09:26:32.199 732 805 D SystemServerTimingAsync: InitThreadPoolExec:Update app-ops uidState in case package com.android.intentresolver changed
05-23 09:26:32.199 732 805 D SystemServerInitThreadPool: Started executing Update app-ops uidState in case package com.android.intentresolver changed
05-23 09:26:32.199 732 805 D SystemServerInitThreadPool: Finished executing Update app-ops uidState in case package com.android.intentresolver changed
05-23 09:26:32.199 732 805 V SystemServerTimingAsync: InitThreadPoolExec:Update app-ops uidState in case package com.android.intentresolver changed took to complete: 0ms
05-23 09:26:32.199 732 805 D SystemServerTimingAsync: InitThreadPoolExec:Update app-ops uidState in case package com.android.externalstorage changed
05-23 09:26:32.199 732 805 D SystemServerInitThreadPool: Started executing Update app-ops uidState in case package com.android.externalstorage changed
05-23 09:26:32.199 732 805 D SystemServerInitThreadPool: Finished executing Update app-ops uidState in case package com.android.externalstorage changed
05-23 09:26:32.199 732 805 V SystemServerTimingAsync: InitThreadPoolExec:Update app-ops uidState in case package com.android.externalstorage changed took to complete: 0ms
05-23 09:26:32.199 732 805 D SystemServerTimingAsync: InitThreadPoolExec:Update app-ops uidState in case package com.android.providers.media changed
05-23 09:26:32.199 732 805 D SystemServerInitThreadPool: Started executing Update app-ops uidState in case package com.android.providers.media changed
05-23 09:26:32.199 732 805 D SystemServerInitThreadPool: Finished executing Update app-ops uidState in case package com.android.providers.media changed
05-23 09:26:32.199 732 805 V SystemServerTimingAsync: InitThreadPoolExec:Update app-ops uidState in case package com.android.providers.media changed took to complete: 0ms
05-23 09:26:32.199 732 805 D SystemServerTimingAsync: InitThreadPoolExec:Update app-ops uidState in case package com.android.providers.downloads changed
05-23 09:26:32.199 732 805 D SystemServerInitThreadPool: Started executing Update app-ops uidState in case package com.android.providers.downloads changed
05-23 09:26:32.199 732 805 D SystemServerInitThreadPool: Finished executing Update app-ops uidState in case package com.android.providers.downloads changed
05-23 09:26:32.199 732 805 V SystemServerTimingAsync: InitThreadPoolExec:Update app-ops uidState in case package com.android.providers.downloads changed took to complete: 0ms
05-23 09:26:32.199 732 805 D SystemServerTimingAsync: InitThreadPoolExec:Update app-ops uidState in case package com.android.mtp changed
05-23 09:26:32.199 732 805 D SystemServerInitThreadPool: Started executing Update app-ops uidState in case package com.android.mtp changed
05-23 09:26:32.199 732 805 D SystemServerInitThreadPool: Finished executing Update app-ops uidState in case package com.android.mtp changed
05-23 09:26:32.199 732 805 V SystemServerTimingAsync: InitThreadPoolExec:Update app-ops uidState in case package com.android.mtp changed took to complete: 1ms
05-23 09:26:32.199 732 805 D SystemServerTimingAsync: InitThreadPoolExec:Update app-ops uidState in case package com.android.soundpicker changed
05-23 09:26:32.199 732 805 D SystemServerInitThreadPool: Started executing Update app-ops uidState in case package com.android.soundpicker changed
05-23 09:26:32.199 732 805 D SystemServerInitThreadPool: Finished executing Update app-ops uidState in case package com.android.soundpicker changed
05-23 09:26:32.199 732 805 V SystemServerTimingAsync: InitThreadPoolExec:Update app-ops uidState in case package com.android.soundpicker changed took to complete: 0ms
05-23 09:26:32.199 732 805 D SystemServerTimingAsync: InitThreadPoolExec:Update app-ops uidState in case package com.android.providers.userdictionary changed
05-23 09:26:32.199 732 805 D SystemServerInitThreadPool: Started executing Update app-ops uidState in case package com.android.providers.userdictionary changed
05-23 09:26:32.199 732 805 D SystemServerInitThreadPool: Finished executing Update app-ops uidState in case package com.android.providers.userdictionary changed
05-23 09:26:32.199 732 805 V SystemServerTimingAsync: InitThreadPoolExec:Update app-ops uidState in case package com.android.providers.userdictionary changed took to complete: 0ms
05-23 09:26:32.199 732 805 D SystemServerTimingAsync: InitThreadPoolExec:Update app-ops uidState in case package com.android.providers.contacts changed
05-23 09:26:32.199 732 805 D SystemServerInitThreadPool: Started executing Update app-ops uidState in case package com.android.providers.contacts changed
