05-23 16:38:57.612 304 358 D MesonHwc: received Uevent: OF_COMPATIBLE_N=1
05-23 16:38:57.612 304 358 D MesonHwc: received Uevent: MODALIAS=of:NaocecT(null)Camlogic,_aocec-s7d
05-23 16:38:57.612 304 358 D MesonHwc: received Uevent: SEQNUM=4073
05-23 16:38:57.612 304 358 D MesonHwc: received Uevent: ltiplexer@360000/mdio@0/ethernet-phy@0
05-23 16:38:57.612 304 358 D MesonHwc: received Uevent: OF_COMPATIBLE_N=0
05-23 16:38:57.612 304 358 D MesonHwc: received Uevent: SEQNUM=4057
05-23 16:38:57.612 304 358 D MesonHwc: received Uevent: =0
05-23 16:38:57.612 304 358 D MesonHwc: received Uevent: MODALIAS=of:Nethernet-phyT(null)
05-23 16:38:57.612 304 358 D MesonHwc: received Uevent: SEQNUM=4052
05-23 16:38:57.612 304 358 D MesonHwc: received Uevent: change@/devices/virtual/amhdmitx/amhdmitx0
05-23 16:38:57.612 304 358 D MesonHwc: received Uevent: ACTION=change
05-23 16:38:57.612 304 358 D MesonHwc: received Uevent: DEVPATH=/devices/virtual/amhdmitx/amhdmitx0
05-23 16:38:57.612 304 358 D MesonHwc: received Uevent: SUBSYSTEM=amhdmitx
05-23 16:38:57.612 304 358 D MesonHwc: received Uevent: hdmitx_hdcppwr=0
05-23 16:38:57.612 304 358 D MesonHwc: received Uevent: MAJOR=492
05-23 16:38:57.612 304 358 D MesonHwc: received Uevent: MINOR=0
05-23 16:38:57.613 304 358 D MesonHwc: received Uevent: DEVNAME=amhdmitx0
05-23 16:38:57.613 304 358 D MesonHwc: received Uevent: SEQNUM=4075
05-23 16:38:57.613 304 358 D MesonHwc: received Uevent: UM=4074
05-23 16:38:57.613 304 358 D MesonHwc: received Uevent: gic, aocec-s7d
05-23 16:38:57.613 304 358 D MesonHwc: received Uevent: OF_COMPATIBLE_N=1
05-23 16:38:57.613 304 358 D MesonHwc: received Uevent: MODALIAS=of:NaocecT(null)Camlogic,_aocec-s7d
05-23 16:38:57.613 304 358 D MesonHwc: received Uevent: SEQNUM=4073
05-23 16:38:57.613 304 358 D MesonHwc: received Uevent: ltiplexer@360000/mdio@0/ethernet-phy@0
05-23 16:38:57.613 304 358 D MesonHwc: received Uevent: OF_COMPATIBLE_N=0
05-23 16:38:57.613 304 358 D MesonHwc: received Uevent: SEQNUM=4057
05-23 16:38:57.613 304 358 D MesonHwc: received Uevent: =0
05-23 16:38:57.613 304 358 D MesonHwc: received Uevent: MODALIAS=of:Nethernet-phyT(null)
05-23 16:38:57.613 304 358 D MesonHwc: received Uevent: SEQNUM=4052
05-23 16:38:57.613 304 358 D MesonHwc: received Uevent: change@/devices/virtual/amhdmitx/amhdmitx0
05-23 16:38:57.613 304 358 D MesonHwc: received Uevent: ACTION=change
05-23 16:38:57.613 304 358 D MesonHwc: received Uevent: DEVPATH=/devices/virtual/amhdmitx/amhdmitx0
05-23 16:38:57.613 1483 1483 D OsInitLaunch: send: strOpen, null, null, null
05-23 16:38:57.613 304 358 D MesonHwc: received Uevent: SUBSYSTEM=amhdmitx
05-23 16:38:57.613 304 358 D MesonHwc: received Uevent: hdmitx_hdcppwr=0
05-23 16:38:57.613 329 338 I SystemControl: [/UEventObserver.cpp, HDMITxUenventThreadLoop, 451] HDMI TX switch_name:hdmitx_current_status, switch_state: 43
05-23 16:38:57.613 1483 1483 E hq : AdHelper:::str 广告刷新
05-23 16:38:57.613 329 338 I SystemControl: [/UEventObserver.cpp, HDMITxUenventThreadLoop, 451] HDMI TX switch_name:hdmitx_hdcppwr, switch_state: 0
05-23 16:38:57.613 329 338 E SystemControl: [/SysWrite.cpp, writeSys, 280] writeSysFs, open /sys/class/amhdmitx/amhdmitx0/hdcp_pwr fail.
05-23 16:38:57.613 329 338 I SystemControl: [/DisplayMode.cpp, onTxEvent, 3267] onTxEvent switchName:hdmitx_hdcppwr hpdstate:0 state: 1
05-23 16:38:57.613 329 338 I SystemControl: [/SysWrite.cpp, getKernelReleaseVersion, 701] getKernelReleaseVersion: 5.15
05-23 16:38:57.613 491 513 W libperfmgr: Slow writing to file: '/sys/class/meson_pm/early_suspend_trigger' with value: '1' took: 51 ms
05-23 16:38:57.613 329 338 I SystemControl: [/Ubootenv.cpp, get, 336] [ubootenv] get key:hdmimode envValue: smpte60hz
05-23 16:38:57.613 329 338 I SystemControl: [/Ubootenv.cpp, get, 336] [ubootenv] get key:is.bestmode envValue: false
05-23 16:38:57.613 329 338 I SystemControl: [/Ubootenv.cpp, get, 345] [ubootenv] search end and not find env:user_colorattribute
05-23 16:38:57.613 329 338 I SystemControl: [/Ubootenv.cpp, get, 345] [ubootenv] search end and not find env:hdr_force_mode
05-23 16:38:57.613 329 338 I SystemControl: [/DisplayMode.cpp, gethdrforcemode, 2742] get hdr force mode is [2]
05-23 16:38:57.613 329 338 I SystemControl: [/Ubootenv.cpp, get, 336] [ubootenv] get key:hdr_policy envValue: 0
05-23 16:38:57.613 329 338 I SystemControl: [/DisplayMode.cpp, getHdrStrategy, 2758] getHdrStrategy is [0]
05-23 16:38:57.613 329 338 I SystemControl: [/Ubootenv.cpp, get, 336] [ubootenv] get key:hdr_priority envValue: 268435472
05-23 16:38:57.613 329 338 I SystemControl: [/DisplayMode.cpp, getHdrPriority, 2891] getHdrPriority is [0x10000010]
05-23 16:38:57.613 329 338 I SystemControl: [/DisplayMode.cpp, getCommonData, 1534] isbestcolorspace:1, isbestpolicy:0, hdr_policy:0, hdr_priority :268435472, hdr_force_mode:2
05-23 16:38:57.615 304 351 E MesonHwc: getCrtc by id(0) failed.
01-01 08:27:06.476 0 0 W : [3 T947 ..] [cmd_mgr_llind 329] cmd tkn[102] flags:001a result: -4 cmd:5139-ME_SET_PS_MODE_REQ - reqcfm(5140-ME_SET_PS_MODE_CFM)
01-01 08:27:06.478 0 0 W : [3 T947 ..] [cmd_mgr_msgind 409] cmd tkn[102] flags:0012 result: -4 cmd:5139-ME_SET_PS_MODE_REQ - reqcfm(5140-ME_SET_PS_MODE_CFM)
01-01 08:27:06.479 0 0 W : [3 T947 ..] [cmd_complete 65] cmd tkn[102] flags:0002 result: -4 cmd:5139-ME_SET_PS_MODE_REQ - reqcfm(5140-ME_SET_PS_MODE_CFM)
05-23 16:38:57.615 304 351 V MesonDisplayServer: GetDisplayMode:
05-23 16:38:57.615 329 338 I SystemControl: [/DisplayMode.cpp, getDisplayMode, 2331] getDisplayMode mode:
05-23 16:38:57.615 329 338 I SystemControl: [/Ubootenv.cpp, get, 336] [ubootenv] get key:hdmimode envValue: smpte60hz
05-23 16:38:57.615 329 338 I SystemControl: [/Ubootenv.cpp, get, 336] [ubootenv] get key:cvbsmode envValue: 576cvbs
05-23 16:38:57.615 329 338 I SystemControl: [/DisplayMode.cpp, getCommonData, 1542] hdmi_current_mode:, ubootenv hdmimode:smpte60hz cvbsmode:576cvbs
05-23 16:38:57.616 304 351 E MesonHwc: getCrtc by id(0) failed.
05-23 16:38:57.616 304 351 D MesonDisplayServer: use connector getDisplayAttribute "HDMI Color ATTR": "420,10bit"
05-23 16:38:57.617 329 338 I SystemControl: [/Ubootenv.cpp, get, 345] [ubootenv] search end and not find env:user_colorattribute
05-23 16:38:57.617 329 338 I SystemControl: [/DisplayMode.cpp, getCommonData, 1554] hdmi_current_attr:420,10bit, ubootenv_colorattribute:none
05-23 16:38:57.617 329 338 I SystemControl: [/Ubootenv.cpp, get, 345] [ubootenv] search end and not find env:dv_enable
05-23 16:38:57.617 329 338 I SystemControl: [/DisplayMode.cpp, getCommonData, 1567] dv_enable:0
05-23 16:38:57.617 2347 2347 I DaemonService: received ACTION_SCREEN_OFF-------
05-23 16:38:57.617 329 338 I SystemControl: [/Ubootenv.cpp, get, 345] [ubootenv] search end and not find env:user_prefer_dv_type
05-23 16:38:57.617 329 338 I SystemControl: [/DisplayMode.cpp, getCommonData, 1578] ubootenv_dv_type:0
05-23 16:38:57.617 329 338 I SystemControl: [/DisplayMode.cpp, getHdmiData, 1721] display sink type:0 [0:none, 1:sink, 2:repeater]
05-23 16:38:57.617 329 338 I SystemControl: [/DisplayMode.cpp, filterHdmiDispcap, 1398] before filtered HdmiDispcap:
05-23 16:38:57.617 329 338 I SystemControl: [/DisplayMode.cpp, filterHdmiDispcap, 1427] after filtered HdmiDispcap:
05-23 16:38:57.617 304 351 E MesonHwc: getCrtc by id(0) failed.
05-23 16:38:57.618 304 351 D MesonDisplayServer: getDisplayAttribute "Dolby Vision CAP2": "The Rx don't support DolbyVision"
05-23 16:38:57.618 329 338 E SystemControl: [/DisplayMode.cpp, getHdmiDvCap, 1618] TV isn't support dolby vision: The Rx don't support DolbyVision
05-23 16:38:57.618 329 338 I SystemControl: [/DisplayMode.cpp, onTxEvent, 3294] onTxEvent boot config enable do nothing, just return
05-23 16:38:57.620 1483 1483 D dangbei ad sdk: AdSdk::current server =online
05-23 16:38:57.621 1483 1483 D FrameWorkHelper: strRestart:
05-23 16:38:57.622 471 6651 I resolv : GetAddrInfoHandler::run: {100 786532 100 983140 1000 0}
05-23 16:38:57.622 471 6652 I resolv : res_nmkquery: (QUERY, IN, A)
05-23 16:38:57.623 471 6652 I resolv : resolv_cache_lookup: FOUND IN CACHE entry=0xf39c0b50
05-23 16:38:57.623 471 6652 I resolv : doQuery: rcode=0, ancount=9, return value=468
05-23 16:38:57.626 1483 6516 D TrafficStats: tagSocket(112) with statsTag=0xffffffff, statsUid=-1
05-23 16:38:57.628 732 732 D HDMI : receive android.intent.action.SCREEN_OFF
05-23 16:38:57.630 275 275 E Scheduler: trackPendingFrame: Invalid present fence
05-23 16:38:57.637 732 732 D InstantWifi: mScreenOn is changed to false
05-23 16:38:57.637 957 1021 D WindowManagerShell: TvPipController: onTaskStackChanged()
05-23 16:38:57.641 497 557 I WifiHAL : call wifi_get_link_stats handler
05-23 16:38:57.641 497 557 I WifiHAL : Creating message to get link statistics; iface = 16
05-23 16:38:57.641 497 557 D WifiHAL : error code -95 mapped to -3
05-23 16:38:57.642 732 873 E WifiStaIfaceAidlImpl: getLinkLayerStats failed with service-specific exception: android.os.ServiceSpecificException: (code 4)
05-23 16:38:57.642 1016 1016 I wpa_supplicant: wpa_driver_nl80211_driver_cmd: wifi vendor: aml_w2_s
05-23 16:38:57.642 1016 1016 I wpa_supplicant: wpa_driver_nl80211_driver_cmd: wlan0: private command: SETSUSPENDMODE 1
01-01 08:27:06.503 0 0 W : [0 T1016 ..] [aml_android_priv_ioctl 128] vif idx=0 cmd=SETSUSPENDMODE 1
01-01 08:27:06.503 0 0 W : [0 T1016 ..] [aml_android_set_suspend_mode 77] set google_cast 1
05-23 16:38:57.610 6650 6650 I init : type=1400 audit(0.0:1099): avc: denied { execute_no_trans } for path="/vendor/bin/led_switch.sh" dev="dm-19" ino=331701 scontext=u:r:init:s0 tcontext=u:object_r:vendor_file:s0 tclass=file permissive=1
01-01 08:27:06.506 0 0 I [0 T6486 ..] PM: suspend entry (deep)
05-23 16:39:00.490 483 688 E audio_hw_hal_alsamgr: aml_alsa_output_get_delayframe:824, pcm_ioctl fail, ret:0xffffffff, error info:Streams pipe error
05-23 16:39:00.490 483 688 I audio_hw_hal_alsamgr: aml_alsa_output_write alsa_running_status[0xea401cd0] change from 1 to 0
05-23 16:39:00.490 483 688 E audio_hw_utils_tinyalsa: pcm oops: cannot write stream data: Streams pipe error
05-23 16:39:00.490 483 688 E audio_hw_hal_alsamgr: aml_alsa_output_write write failed,pcm handle 0xec102770 err=cannot write stream data: Streams pipe error, stream 0xea401cd0, PCM_NORMAL
05-23 16:39:00.490 957 957 I Choreographer: Skipped 49 frames! The application may be doing too much work on its main thread.
01-01 08:27:06.510 0 0 I : [1 T6486 ..] Filesystems sync: 0.004 seconds
01-01 08:27:06.511 0 0 I [1 T6486 ..] [pm]: reboot_pm_cb called. pm_event:3.
05-23 16:39:00.494 304 358 D MesonHwc: received Uevent: change@/devices/virtual/amhdmitx/amhdmitx0
05-23 16:39:00.494 304 358 D MesonHwc: received Uevent: ACTION=change
05-23 16:39:00.494 304 358 D MesonHwc: received Uevent: DEVPATH=/devices/virtual/amhdmitx/amhdmitx0
05-23 16:39:00.494 304 358 D MesonHwc: received Uevent: SUBSYSTEM=amhdmitx
05-23 16:39:00.494 304 358 D MesonHwc: received Uevent: hdmitx_current_status=46
05-23 16:39:00.494 304 358 D MesonHwc: received Uevent: MAJOR=492
05-23 16:39:00.494 304 358 D MesonHwc: received Uevent: MINOR=0
05-23 16:39:00.494 304 358 D MesonHwc: received Uevent: DEVNAME=amhdmitx0
05-23 16:39:00.494 304 358 D MesonHwc: received Uevent: SEQNUM=4076
05-23 16:39:00.494 304 358 D MesonHwc: received Uevent: gic, aocec-s7d
05-23 16:39:00.494 304 358 D MesonHwc: received Uevent: OF_COMPATIBLE_N=1
05-23 16:39:00.494 304 358 D MesonHwc: received Uevent: MODALIAS=of:NaocecT(null)Camlogic,_aocec-s7d
05-23 16:39:00.494 304 358 D MesonHwc: received Uevent: SEQNUM=4073
05-23 16:39:00.494 304 358 D MesonHwc: received Uevent: ltiplexer@360000/mdio@0/ethernet-phy@0
05-23 16:39:00.494 304 358 D MesonHwc: received Uevent: OF_COMPATIBLE_N=0
05-23 16:39:00.494 304 358 D MesonHwc: received Uevent: SEQNUM=4057
05-23 16:39:00.494 304 358 D MesonHwc: received Uevent: =0
05-23 16:39:00.494 304 358 D MesonHwc: received Uevent: MODALIAS=of:Nethernet-phyT(null)
05-23 16:39:00.494 304 358 D MesonHwc: received Uevent: SEQNUM=4052
05-23 16:39:00.494 304 358 D MesonHwc: received Uevent: change@/devices/virtual/amhdmitx/amhdmitx0
05-23 16:39:00.494 304 358 D MesonHwc: received Uevent: ACTION=change
05-23 16:39:00.494 304 358 D MesonHwc: received Uevent: DEVPATH=/devices/virtual/amhdmitx/amhdmitx0
05-23 16:39:00.494 304 358 D MesonHwc: received Uevent: SUBSYSTEM=amhdmitx
05-23 16:39:00.494 304 358 D MesonHwc: received Uevent: hdmitx_current_status=46
05-23 16:39:00.494 329 338 I SystemControl: [/UEventObserver.cpp, HDMITxUenventThreadLoop, 451] HDMI TX switch_name:hdmitx_current_status, switch_state: 46
05-23 16:39:00.494 329 338 I SystemControl: [/UEventObserver.cpp, HDMITxUenventThreadLoop, 451] HDMI TX switch_name:hdmitx_current_status, switch_state: 47
05-23 16:39:00.495 304 358 D MesonHwc: received Uevent: MAJOR=492
05-23 16:39:00.496 304 358 D MesonHwc: received Uevent: MINOR=0
05-23 16:39:00.496 304 358 D MesonHwc: received Uevent: DEVNAME=amhdmitx0
05-23 16:39:00.496 304 358 D MesonHwc: received Uevent: SEQNUM=4076
05-23 16:39:00.496 304 358 D MesonHwc: received Uevent: gic, aocec-s7d
05-23 16:39:00.496 304 358 D MesonHwc: received Uevent: OF_COMPATIBLE_N=1
05-23 16:39:00.496 304 358 D MesonHwc: received Uevent: MODALIAS=of:NaocecT(null)Camlogic,_aocec-s7d
05-23 16:39:00.496 304 358 D MesonHwc: received Uevent: SEQNUM=4073
05-23 16:39:00.496 304 358 D MesonHwc: received Uevent: ltiplexer@360000/mdio@0/ethernet-phy@0
05-23 16:39:00.496 304 358 D MesonHwc: received Uevent: OF_COMPATIBLE_N=0
05-23 16:39:00.496 304 358 D MesonHwc: received Uevent: SEQNUM=4057
05-23 16:39:00.496 304 358 D MesonHwc: received Uevent: =0
05-23 16:39:00.496 304 358 D MesonHwc: received Uevent: MODALIAS=of:Nethernet-phyT(null)
05-23 16:39:00.496 304 358 D MesonHwc: received Uevent: SEQNUM=4052
05-23 16:39:00.496 304 358 D MesonHwc: received Uevent: change@/devices/virtual/amhdmitx/amhdmitx0
05-23 16:39:00.496 304 358 D MesonHwc: received Uevent: ACTION=change
05-23 16:39:00.496 304 358 D MesonHwc: received Uevent: DEVPATH=/devices/virtual/amhdmitx/amhdmitx0
05-23 16:39:00.496 304 358 D MesonHwc: received Uevent: SUBSYSTEM=amhdmitx
05-23 16:39:00.496 304 358 D MesonHwc: received Uevent: hdmitx_current_status=47
05-23 16:39:00.496 304 358 D MesonHwc: received Uevent: MAJOR=492
05-23 16:39:00.496 304 358 D MesonHwc: received Uevent: MINOR=0
05-23 16:39:00.496 304 358 D MesonHwc: received Uevent: DEVNAME=amhdmitx0
05-23 16:39:00.496 304 358 D MesonHwc: received Uevent: SEQNUM=4078
05-23 16:39:00.496 304 358 D MesonHwc: received Uevent: QNUM=4077
05-23 16:39:00.496 304 358 D MesonHwc: received Uevent: -s7d
05-23 16:39:00.496 304 358 D MesonHwc: received Uevent: OF_COMPATIBLE_N=1
05-23 16:39:00.496 304 358 D MesonHwc: received Uevent: MODALIAS=of:NaocecT(null)Camlogic,_aocec-s7d
05-23 16:39:00.496 304 358 D MesonHwc: received Uevent: SEQNUM=4073
05-23 16:39:00.496 304 358 D MesonHwc: received Uevent: ltiplexer@360000/mdio@0/ethernet-phy@0
05-23 16:39:00.496 304 358 D MesonHwc: received Uevent: OF_COMPATIBLE_N=0
05-23 16:39:00.496 304 358 D MesonHwc: received Uevent: SEQNUM=4057
05-23 16:39:00.496 304 358 D MesonHwc: received Uevent: =0
05-23 16:39:00.496 304 358 D MesonHwc: received Uevent: MODALIAS=of:Nethernet-phyT(null)
05-23 16:39:00.496 304 358 D MesonHwc: received Uevent: SEQNUM=4052
05-23 16:39:00.496 304 358 D MesonHwc: received Uevent: change@/devices/virtual/amhdmitx/amhdmitx0
05-23 16:39:00.496 304 358 D MesonHwc: received Uevent: ACTION=change
05-23 16:39:00.496 304 358 D MesonHwc: received Uevent: DEVPATH=/devices/virtual/amhdmitx/amhdmitx0
05-23 16:39:00.496 304 358 D MesonHwc: received Uevent: SUBSYSTEM=amhdmitx
05-23 16:39:00.496 304 358 D MesonHwc: received Uevent: hdmitx_current_status=47
05-23 16:39:00.496 304 358 D MesonHwc: received Uevent: MAJOR=492
05-23 16:39:00.496 304 358 D MesonHwc: received Uevent: MINOR=0
05-23 16:39:00.496 304 358 D MesonHwc: received Uevent: DEVNAME=amhdmitx0
05-23 16:39:00.496 304 358 D MesonHwc: received Uevent: SEQNUM=4078
05-23 16:39:00.496 304 358 D MesonHwc: received Uevent: QNUM=4077
05-23 16:39:00.496 304 358 D MesonHwc: received Uevent: -s7d
05-23 16:39:00.496 304 358 D MesonHwc: received Uevent: OF_COMPATIBLE_N=1
05-23 16:39:00.496 304 358 D MesonHwc: received Uevent: MODALIAS=of:NaocecT(null)Camlogic,_aocec-s7d
05-23 16:39:00.496 304 358 D MesonHwc: received Uevent: SEQNUM=4073
05-23 16:39:00.496 304 358 D MesonHwc: received Uevent: ltiplexer@360000/mdio@0/ethernet-phy@0
05-23 16:39:00.496 304 358 D MesonHwc: received Uevent: OF_COMPATIBLE_N=0
05-23 16:39:00.496 304 358 D MesonHwc: received Uevent: SEQNUM=4057
05-23 16:39:00.496 304 358 D MesonHwc: received Uevent: =0
05-23 16:39:00.496 304 358 D MesonHwc: received Uevent: MODALIAS=of:Nethernet-phyT(null)
05-23 16:39:00.496 304 358 D MesonHwc: received Uevent: SEQNUM=4052
05-23 16:39:00.497 1492 1492 D AndroidRuntime: Shutting down VM
05-23 16:39:00.499 494 539 I hdmicecd: [HdmiCecControl]:Hotplug event port:0, now:1, prevStatus:0 power:0
05-23 16:39:00.500 492 504 D hdmicecd: [HdmiCecControl]:msg handler handle message type = c
05-23 16:39:00.500 492 504 I hdmicecd: [HdmiCecControl]:upload delayed give physical address
05-23 16:39:00.500 494 539 I hdmicecd: [HdmiCecControl]:Report hotplug in event in sleep
05-23 16:39:00.500 494 539 I hdmiconnection: hot plug port id 0, is connected 1
05-23 16:39:00.501 732 732 D HDMI : [R]: 04:83
05-23 16:39:00.502 492 502 D hdmicecd: [HdmiCecControl]:getPhysicalAddress, physical addr: 2000, last pa: 3000, ret = 0
05-23 16:39:00.502 732 732 D HDMI : addCecDevice new:CEC: logical_address: 0x00 device_type: 0 cec_version: 5 vendor_id: 16777215 display_name: TV power_status: -1 physical_address: 0xFFFF port_id: -1 old:null
05-23 16:39:00.503 732 732 D HdmiControlService: Switching to full volume behavior
05-23 16:39:00.503 1492 1492 E AndroidRuntime: FATAL EXCEPTION: main
05-23 16:39:00.503 1492 1492 E AndroidRuntime: Process: com.oranth.ledstatus, PID: 1492
05-23 16:39:00.503 1492 1492 E AndroidRuntime: java.lang.RuntimeException: WakeLock under-locked MYTAG
05-23 16:39:00.503 1492 1492 E AndroidRuntime: at android.os.PowerManager$WakeLock.release(PowerManager.java:3796)
05-23 16:39:00.503 1492 1492 E AndroidRuntime: at android.os.PowerManager$WakeLock.release(PowerManager.java:3757)
05-23 16:39:00.503 1492 1492 E AndroidRuntime: at com.oranth.ledstatus.LedStatusService$b.b(LedStatusService.java:272)
05-23 16:39:00.503 1492 1492 E AndroidRuntime: at com.oranth.ledstatus.b.run(Unknown Source:2)
05-23 16:39:00.503 1492 1492 E AndroidRuntime: at android.os.Handler.handleCallback(Handler.java:958)
05-23 16:39:00.503 1492 1492 E AndroidRuntime: at android.os.Handler.dispatchMessage(Handler.java:99)
05-23 16:39:00.503 1492 1492 E AndroidRuntime: at android.os.Looper.loopOnce(Looper.java:205)
05-23 16:39:00.503 1492 1492 E AndroidRuntime: at android.os.Looper.loop(Looper.java:294)
05-23 16:39:00.503 1492 1492 E AndroidRuntime: at android.app.ActivityThread.main(ActivityThread.java:8255)
05-23 16:39:00.503 1492 1492 E AndroidRuntime: at java.lang.reflect.Method.invoke(Native Method)
05-23 16:39:00.503 1492 1492 E AndroidRuntime: at com.android.internal.os.RuntimeInit$MethodAndArgsCaller.run(RuntimeInit.java:552)
05-23 16:39:00.503 1492 1492 E AndroidRuntime: at com.android.internal.os.ZygoteInit.main(ZygoteInit.java:978)
05-23 16:39:00.503 492 492 D hdmicecd: [HdmiCecControl]:getPhysicalAddress, physical addr: 2000, last pa: 2000, ret = 0
05-23 16:39:00.504 732 732 D HDMI : Hotplug event:[port:0, connected:true]
05-23 16:39:00.504 732 910 D HDMI : [S]: 4F:84:20:00:04
05-23 16:39:00.504 492 505 D hdmicecd: [HdmiCecControl]:getPhysicalAddress, physical addr: 2000, last pa: 2000, ret = 0
05-23 16:39:00.505 494 494 D hdmicecd: [HdmiCecControl]:total port:1
05-23 16:39:00.505 494 494 I hdmicecd: [HdmiCecControl]:portId: 0, type:output, cec support:1, arc support:1, physical address:2000
05-23 16:39:00.505 494 494 I hdmicecd: [HdmiCecControl]:arc port:0
01-01 08:27:06.511 0 0 I : [1 T6486 ..] Freezing user space processes ... (elapsed 0.003 seconds) done.
01-01 08:27:06.515 0 0 I : [1 T6486 ..] OOM killer disabled.
01-01 08:27:06.516 0 0 I : [1 T6486 ..] Freezing remaining freezable tasks ... (elapsed 0.002 seconds) done.
01-01 08:27:06.519 0 0 I [1 T6486 ..] cec: aml_cec_pm_prepare
01-01 08:27:06.521 0 0 W : [2 T6503 ..] aml_cfg80211_suspend enter 5314
01-01 08:27:06.521 0 0 I [1 T6486 ..] BTI: amlbt_sdio_suspend RG_AON_A52:0x6
01-01 08:27:06.521 0 0 W : [2 T6503 ..] >>> aml_cfg80211_suspend()
01-01 08:27:06.521 0 0 W : [2 T6503 ..] >>> aml_ps_wow_suspend()
01-01 08:27:06.521 0 0 I [1 T6486 ..] BTI: RG_AON_A52:0x4000006
01-01 08:27:06.522 0 0 W : [2 T6503 ..] set_scan_hang, flag:1, [aml_cancel_scan 4851]
01-01 08:27:06.523 0 0 I [1 T6486 ..] BTI: amlbt_sdio_suspend
01-01 08:27:06.523 0 0 W : [2 T6503 ..] >>> aml_send_scanu_cancel_req()
01-01 08:27:06.524 0 0 I [1 T6486 ..] [snd-soc]: it is card_pre_suspend
01-01 08:27:06.524 0 0 W : [2 T6503 ..] >>> aml_send_msg()
01-01 08:27:06.525 0 0 I [0 T78 ..] [snd-codec-t9015]: aml_T9015_audio_set_bias_level
01-01 08:27:06.527 0 0 I [0 T78 ..] [snd-codec-t9015]: aml_T9015_audio_set_bias_level
01-01 08:27:06.528 0 0 I [1 T6486 ..] [snd-codec-t9015]: aml_T9015_audio_suspend!
01-01 08:27:06.528 0 0 W : [3 T947 ..] ipc_sdio_host_msgack_handler 0000000041a99bdf
01-01 08:27:06.529 0 0 I [1 T6486 ..] [snd-codec-t9015]: aml_T9015_audio_set_bias_level
01-01 08:27:06.531 0 0 W : [3 T947 ..] [aml_msgackind 2038] msg ack hostid=0xffffff80864a5e00
01-01 08:27:06.531 0 0 W : [3 T947 ..] [cmd_mgr_llind 329] cmd tkn[103] flags:001a result: -4 cmd: 105-MM_SUB_SCANU_CANCEL_REQ - reqcfm(16385-unknown)
01-01 08:27:06.533 0 0 W : [3 T947 ..] [cmd_mgr_msgind 409] cmd tkn[103] flags:0012 result: -4 cmd: 105-MM_SUB_SCANU_CANCEL_REQ - reqcfm(16385-unknown)
01-01 08:27:06.535 0 0 W : [3 T947 ..] aml_scanu_cancel_cfm 2046: status:1, vif_id=0
01-01 08:27:06.536 0 0 W : [3 T947 ..] [cmd_complete 65] cmd tkn[103] flags:0002 result: -4 cmd: 105-MM_SUB_SCANU_CANCEL_REQ - reqcfm(16385-unknown)
01-01 08:27:06.537 0 0 W : [2 T6503 ..] >>> aml_send_arp_agent_req()
01-01 08:27:06.538 0 0 W : [0 T6503 ..] >>> aml_send_msg()
01-01 08:27:06.539 0 0 W : [3 T947 ..] ipc_sdio_host_msgack_handler 000000006cb6530f
01-01 08:27:06.539 0 0 W : [3 T947 ..] [aml_msgackind 2038] msg ack hostid=0xffffff805c1ccc80
01-01 08:27:06.540 0 0 W : [3 T947 ..] [cmd_mgr_llind 329] cmd tkn[104] flags:0008 result: -4 cmd: 105-MM_SUB_ARP_AGENT_REQ - reqcfm( 0-none)
01-01 08:27:06.542 0 0 W : [3 T947 ..] [cmd_complete 65] cmd tkn[104] flags:0000 result: -4 cmd: 105-MM_SUB_ARP_AGENT_REQ - reqcfm( 0-none)
01-01 08:27:06.543 0 0 W : [0 T6503 ..] >>> aml_send_msg()
01-01 08:27:06.544 0 0 W : [3 T947 ..] ipc_sdio_host_msgack_handler 000000006cb6530f
01-01 08:27:06.545 0 0 W : [3 T947 ..] [aml_msgackind 2038] msg ack hostid=0xffffff805c1ccc80
01-01 08:27:06.546 0 0 W : [3 T947 ..] [cmd_mgr_llind 329] cmd tkn[105] flags:0008 result: -4 cmd: 105-MM_SUB_TKO_ACTIVATE_REQ - reqcfm( 0-none)
01-01 08:27:06.547 0 0 W : [3 T947 ..] [cmd_complete 65] cmd tkn[105] flags:0000 result: -4 cmd: 105-MM_SUB_TKO_ACTIVATE_REQ - reqcfm( 0-none)
01-01 08:27:06.549 0 0 W : [0 T6503 ..] >>> aml_send_dhcp_req()
01-01 08:27:06.549 0 0 W : [0 T6503 ..] >>> aml_send_msg()
01-01 08:27:06.550 0 0 W : [3 T947 ..] ipc_sdio_host_msgack_handler 000000006cb6530f
01-01 08:27:06.551 0 0 W : [3 T947 ..] [aml_msgackind 2038] msg ack hostid=0xffffff805c1ccc80
01-01 08:27:06.552 0 0 W : [3 T947 ..] [cmd_mgr_llind 329] cmd tkn[106] flags:0008 result: -4 cmd: 105-MM_SUB_DHCP_REQ - reqcfm( 0-none)
01-01 08:27:06.553 0 0 W : [3 T947 ..] [cmd_complete 65] cmd tkn[106] flags:0000 result: -4 cmd: 105-MM_SUB_DHCP_REQ - reqcfm( 0-none)
01-01 08:27:06.555 0 0 W : [0 T6503 ..] [aml_send_me_set_ps_mode 2111] set power save mode:1
01-01 08:27:06.555 0 0 W : [0 T6503 ..] >>> aml_send_msg()
01-01 08:27:06.556 0 0 W : [3 T947 ..] ipc_sdio_host_msgack_handler 000000006cb6530f
01-01 08:27:06.557 0 0 W : [3 T947 ..] [aml_msgackind 2038] msg ack hostid=0xffffff805c1ccc80
01-01 08:27:06.558 0 0 W : [3 T947 ..] [cmd_mgr_llind 329] cmd tkn[107] flags:001a result: -4 cmd:5139-ME_SET_PS_MODE_REQ - reqcfm(5140-ME_SET_PS_MODE_CFM)
01-01 08:27:06.560 0 0 W : [3 T947 ..] [cmd_mgr_msgind 409] cmd tkn[107] flags:0012 result: -4 cmd:5139-ME_SET_PS_MODE_REQ - reqcfm(5140-ME_SET_PS_MODE_CFM)
01-01 08:27:06.561 0 0 W : [3 T947 ..] [cmd_complete 65] cmd tkn[107] flags:0002 result: -4 cmd:5139-ME_SET_PS_MODE_REQ - reqcfm(5140-ME_SET_PS_MODE_CFM)
01-01 08:27:06.563 0 0 W : [0 T6503 ..] >>> aml_send_suspend_req()
01-01 08:27:06.564 0 0 W : [0 T6503 ..] >>> aml_send_msg()
01-01 08:27:06.565 0 0 W : [3 T947 ..] ipc_sdio_host_msgack_handler 000000006cb6530f
01-01 08:27:06.565 0 0 W : [3 T947 ..] [aml_msgackind 2038] msg ack hostid=0xffffff805c1ccc80
01-01 08:27:06.566 0 0 W : [3 T947 ..] [cmd_mgr_llind 329] cmd tkn[108] flags:0008 result: -4 cmd: 105-MM_SUB_SET_SUSPEND_REQ - reqcfm(1023-none)
01-01 08:27:06.568 0 0 W : [3 T947 ..] [cmd_complete 65] cmd tkn[108] flags:0000 result: -4 cmd: 105-MM_SUB_SET_SUSPEND_REQ - reqcfm(1023-none)
01-01 08:27:06.569 0 0 W : [3 T947 ..] aml_suspend_ind 2103
01-01 08:27:06.592 0 0 W : [2 T6503 ..] [aml_ps_wow_suspend 5274] after suspend cmd:0
01-01 08:27:06.592 0 0 W : [2 T6503 ..] aml_cfg80211_suspend ok exit 5337
01-01 08:27:06.744 0 0 I : [1 T6486 ..] meson_uart fe078000.serial: pull up rts
01-01 08:27:06.745 0 0 I : [1 T6486 ..] amlvideo2.1 suspend ok
01-01 08:27:06.745 0 0 I : [1 T6486 ..] amlvideo2.0 suspend ok
01-01 08:27:06.746 0 0 I : [1 T6486 ..] [drm] am_meson_crtc_atomic_disable-[0]:in
01-01 08:27:06.746 0 0 I : [1 T6486 ..] dummy_encl_disable finished
01-01 08:27:06.747 0 0 I : [1 T6486 ..] [drm] am_meson_drm_pm_suspend: done
01-01 08:27:06.748 0 0 I [1 T6486 ..] [hdmitx: ] hdmitx_s7d_clock_gate 0
01-01 08:27:06.748 0 0 I [1 T6486 ..] [hdmitx: ] amhdmitx: suspend
01-01 08:27:06.749 0 0 I : [1 T6486 ..] vdin_self_stop_dec(1) decoder in state stopped flags=0x0
01-01 08:27:06.750 0 0 I : [1 T6486 ..] vdin_drv_suspend vdin-id:1 ok.
01-01 08:27:06.750 0 0 I [1 T6486 ..] amvdac_drv_suspend: private_flag:0x0
01-01 08:27:06.751 0 0 I [1 T6486 ..] amvecm: suspend module
01-01 08:27:06.752 0 0 E [1 T6486 ..] vpu: vpu: error: vapb_clk_switch: vapb_clk
01-01 08:27:06.753 0 0 I [1 T6486 ..] vpu: set vpu clk: 25000000Hz(0), readback: 25000000Hz(0x50f)
01-01 08:27:06.753 0 0 I [1 T6486 ..] vpu: vpu: suspend clk: 25000000Hz(0x50f)
01-01 08:27:06.754 0 0 I [1 T6486 ..] [snd-soc]: vad_platform_suspend
01-01 08:27:06.755 0 0 I [1 T6486 ..] [snd-soc]: aml_tdm_platform_suspend tdm:(2)
01-01 08:27:06.756 0 0 I [1 T6486 ..] [snd-soc]: aml_tdm_platform_suspend tdm:(1)
01-01 08:27:06.757 0 0 I [1 T6486 ..] [snd-soc]: aml_tdm_platform_suspend tdm:(0)
01-01 08:27:06.757 0 0 I : [1 T6486 ..] wzh exphy wol
01-01 08:27:06.759 0 0 I : [1 T6486 ..] mali fd000000.valhall: Scheduler PM suspend
01-01 08:27:06.760 0 0 I [3 T61 ..] [hdmitx: ] system: plugin
01-01 08:27:06.760 0 0 I [3 T61 ..] [hdmitx: ] plugin sequence id: 4295298984
01-01 08:27:06.760 0 0 I : [1 T6486 ..] mali fd000000.valhall: pm_callback_suspend in
01-01 08:27:06.762 0 0 I : [1 T6486 ..] mali fd000000.valhall: pm_callback_suspend out
01-01 08:27:06.763 0 0 I : [1 T6486 ..] meson-vrtc fe010288.rtc: alarm_time = 195s, local_time=1626s
01-01 08:27:06.765 0 0 I : [1 T6486 ..] di_clear_for_suspend
01-01 08:27:06.765 0 0 I : [1 T6486 ..] di_clear_for_suspend end
01-01 08:27:06.766 0 0 I [1 T6486 ..] dim: di_suspend finish
01-01 08:27:06.768 0 0 I : [1 T6486 ..] Disabling non-boot CPUs ...
01-01 08:27:06.770 0 0 I [0 T6486 ..] psci: CPU1 killed (polled 0 ms)
01-01 08:27:06.773 0 0 I [0 T6486 ..] psci: CPU2 killed (polled 4 ms)
01-01 08:27:06.775 0 0 I [0 T6486 ..] psci: CPU3 killed (polled 0 ms)
01-01 08:27:06.776 0 0 I : [0 T6486 ..] Enabling non-boot CPUs ...
01-01 08:27:06.777 0 0 I : [0 T0 ..] Detected VIPT I-cache on CPU1
01-01 08:27:06.777 0 0 I [0 T0 ..] CPU1: Booted secondary processor 0x0000000100 [0x412fd050]
01-01 08:27:06.778 0 0 I : [0 T6486 ..] CPU1 is up
01-01 08:27:06.778 0 0 I : [0 T0 ..] Detected VIPT I-cache on CPU2
01-01 08:27:06.778 0 0 I [0 T0 ..] CPU2: Booted secondary processor 0x0000000200 [0x412fd050]
01-01 08:27:06.779 0 0 I : [0 T6486 ..] CPU2 is up
01-01 08:27:06.779 0 0 I : [0 T0 ..] Detected VIPT I-cache on CPU3
01-01 08:27:06.779 0 0 I [0 T0 ..] CPU3: Booted secondary processor 0x0000000300 [0x412fd050]
01-01 08:27:06.781 0 0 I : [0 T6486 ..] CPU3 is up
01-01 08:27:06.781 0 0 I [0 T6486 ..] cec: cec resume noirq!
01-01 08:27:06.781 0 0 I [0 T6486 ..] cec: wakeup_reason:0x5
01-01 08:27:06.785 0 0 I [0 T6486 ..] dim: di_resume
01-01 08:27:06.785 0 0 I [0 T6486 ..] dim: vpu clkb =25000000.
01-01 08:27:06.785 0 0 I [0 T6486 ..] dim: di_resume finish
01-01 08:27:06.792 0 0 I : [0 T6486 ..] meson-vrtc fe010288.rtc: meson_vrtc_adjust_alarm: remaining alarm time = 192 s
01-01 08:27:06.793 0 0 I : [0 T6486 ..] mali fd000000.valhall: pm_callback_resume in
01-01 08:27:06.794 0 0 I : [0 T6486 ..] mali fd000000.valhall: pm_callback_resume out
01-01 08:27:06.795 0 0 I : [0 T6486 ..] mali fd000000.valhall: Scheduler PM resume
01-01 08:27:06.800 0 0 I : [0 T6486 ..] amlogic-crg-drd-usb2 fe358000.usbphy20: phy trim value= 0x000000ff
01-01 08:27:06.801 0 0 I : [0 T6486 ..] amlogic-crg-drd-usb2 fe358000.usbphy20: usb2 pll init done, val: 0x8f549540
01-01 08:27:06.801 0 0 E [0 T6486 ..] [usb]: amlogic_crg_drd_usb2_set_usb_vbus_power 1.
01-01 08:27:06.802 0 0 I : [0 T6486 ..] amlogic-crg-drd-usb2 fe348000.usbphy21: phy trim value= 0x000000ff
01-01 08:27:06.803 0 0 I : [0 T6486 ..] amlogic-crg-drd-usb2 fe348000.usbphy21: usb2 pll init done, val: 0x8f549540
01-01 08:27:06.804 0 0 I : [0 T6486 ..] exeth hold wakelock 5s
01-01 08:27:06.805 0 0 E : [0 T6486 ..] snd_tdm fe330000.audiobus:tdm@0: aml_set_tdm_mclk_2(), clk 0 err
01-01 08:27:06.806 0 0 I [0 T6486 ..] [snd-soc]: aml_tdm_platform_resume tdm:(0)
01-01 08:27:06.807 0 0 E : [0 T6486 ..] snd_tdm fe330000.audiobus:tdm@1: aml_set_tdm_mclk_2(), clk 0 err
01-01 08:27:06.808 0 0 I [0 T6486 ..] [snd-soc]: aml_tdm_platform_resume tdm:(1)
01-01 08:27:06.809 0 0 I [0 T6486 ..] [snd-soc]: aml_tdm_platform_resume tdm:(2)
01-01 08:27:06.811 0 0 I [0 T6486 ..] [snd-soc]: new_resample_init: Start init new resample 0 parameters!
01-01 08:27:06.812 0 0 E : [0 T6486 ..] Codec io: No support bus type 2 to write.
01-01 08:27:06.817 0 0 I [0 T6486 ..] [snd-soc]: resample_clk_set:set hifi pll
01-01 08:27:06.817 0 0 I [0 T6486 ..] [snd-soc]: resample_clk_set, resample_pll:491520000, sclk:12288000, clk:12288000
01-01 08:27:06.818 0 0 I [0 T6486 ..] [snd-soc]: new_resample_set_ratio(), id = 0, phase_step = 0x10000000, input_sr = 48000, output_sr = 48000
01-01 08:27:06.818 0 0 I [0 T6486 ..] [snd-soc]: resample_clk_set:set hifi pll
01-01 08:27:06.820 0 0 I [0 T6486 ..] [snd-soc]: resample_clk_set, resample_pll:491520000, sclk:12288000, clk:12288000
01-01 08:27:06.822 0 0 I [0 T6486 ..] [snd-soc]: vad_platform_resume
01-01 08:27:06.822 0 0 I : [0 T6486 ..] AMFC VLSI version:100, feature:1, clk:666666656
01-01 08:27:06.823 0 0 E [0 T6486 ..] vpu: vpu: error: vapb_clk_switch: vapb_clk
01-01 08:27:06.825 0 0 I [0 T6486 ..] vpu: set vpu clk: 666666667Hz(8), readback: 666666656Hz(0x100)
01-01 08:27:06.826 0 0 I [0 T6486 ..] vpu: vpu: resume clk: 666666656Hz(0x100)
01-01 08:27:06.826 0 0 I [0 T6486 ..] amvecm: resume module
01-01 08:27:06.827 0 0 I [0 T6486 ..] amvdac_drv_resume: private_flag:0x0
01-01 08:27:06.836 0 0 I : [3 T6502 ..] [TEE] E/TC:1 INFO: BL3-2: Secure Timer Initialized.
01-01 08:27:06.844 0 0 I : [0 T6486 ..] vdin_drv_resume id:1 ok.
01-01 08:27:06.844 0 0 I [0 T6486 ..] [mmc]: sdio vendor is 0x1b8e
01-01 08:27:06.844 0 0 I [0 T6486 ..] [wireless]: vendor_id = 0x1b8e
01-01 08:27:06.845 0 0 I [0 T6486 ..] [hdmitx: ] amhdmitx: resume
01-01 08:27:06.846 0 0 I [0 T6486 ..] [hdmitx: ] hdmitx_s7d_clock_gate 1
01-01 08:27:06.846 0 0 I [0 T6486 ..] [hdmitx: ] hdmi_hwp_init497
01-01 08:27:07.024 0 0 I [2 T61 ..] [hdmitx: ] UTC+0 2025-05-23 08:39:00 DDC SCL HIGH
01-01 08:27:07.024 0 0 I [2 T61 ..] [hdmitx: ] UTC+0 2025-05-23 08:39:00 DDC SDA LOW
01-01 08:27:07.116 0 0 I [2 T61 d.] [hdmitx: ] set default vic 720p60hz
01-01 08:27:07.116 0 0 I [2 T61 d.] [hdmitx: ] set fallback mode
01-01 08:27:07.117 0 0 E [2 T61 d.] [hdmitx: ] *HDMITX_ERROR* Record HDMI error: hdmitx_edid_checksum_error
01-01 08:27:07.117 0 0 E : [2 T61 d.]
01-01 08:27:07.118 0 0 I [2 T61 ..] cec: [hdmitx_notify_callback] unsupported notify:3
01-01 08:27:07.119 0 0 W : [2 T61 ..] [RX]-up_phy_addr = ffff
01-01 08:27:07.120 0 0 W [2 T61 ..] edid: check sum invalid
01-01 08:27:07.120 0 0 I [2 T61 ..] [hdmitx: ] edid: blk0 raw data
01-01 08:27:07.121 0 0 I [2 T61 ..] [hdmitx: ] 00ffffffffffff0061a44a00010000000d1d0103807a45780acf74a3574cb02309484c2108008180454061409500010101010101010108e80030f2705a80b058
01-01 08:27:07.121 0 0 I : [2 T61 ..] 8a00c48e2100001e023a800000000000000000000000000000000000000000000000000000000000000000000000000000000000000000000000000000000000
01-01 08:27:07.124 0 0 I : [2 T61 ..] [drm] drm hdmitx hpd notify
01-01 08:27:07.125 0 0 I [0 T6486 ..] [hdmitx: ] plugin sequence id: 4295299075
01-01 08:27:07.164 0 0 I [0 T6486 ..] cec: [hdmitx_notify_callback] unsupported notify:3
01-01 08:27:07.165 0 0 W : [0 T6486 ..] [RX]-up_phy_addr = 2
01-01 08:27:07.165 0 0 I [0 T6486 ..] [hdmitx: ] edid: blk0 raw data
01-01 08:27:07.166 0 0 I [0 T6486 ..] [hdmitx: ] 00ffffffffffff0061a44a00010000000d1d0103807a45780acf74a3574cb02309484c2108008180454061409500010101010101010108e80030f2705a80b058
01-01 08:27:07.166 0 0 I : [0 T6486 ..] 8a00c48e2100001e023a801871382d40582c4500c48e2100001e000000fc004d692054560a20202020202020000000fd003b461f8c3c000a2020202020200188
01-01 08:27:07.169 0 0 I [0 T6486 ..] [hdmitx: ] edid: blk1 raw data
01-01 08:27:07.170 0 0 I [0 T6486 ..] [hdmitx: ] 02035df25901020384050607901112131415161f5d5e5f606162636465662f0907051507503d07c05707005f7e01830100006e030c002000b83c2f0080010203
01-01 08:27:07.170 0 0 I : [0 T6486 ..] 0467d85dc401788803e305c301e50f00008c01e3060501e5018b8490018c0ad08a20e02d10103e9600c48e210000180000000000000000000000000000000064
01-01 08:27:07.174 0 0 I : [0 T6486 ..] [drm] drm hdmitx hpd notify
01-01 08:27:07.175 0 0 I : [0 T6486 ..] [drm] am_meson_crtc_atomic_enable-[0] in: new[dummy_l], old[], vmode[7-4], uboot[0]
01-01 08:27:07.176 0 0 I : [0 T6486 ..] [drm] am_meson_crtc_atomic_enable-[0]: enable mode dummy_l final vmode 7
01-01 08:27:07.178 0 0 I : [0 T6486 ..] dummy_encl_set_current_vmode finished
01-01 08:27:07.178 0 0 I : [0 T6486 ..] [drm] meson_vout_update_mode_name: dummy update vout 1 name dummy_l.
01-01 08:27:07.179 0 0 I : [0 T6486 ..] [drm] meson_dummyl_encoder_atomic_enable: vmode:7 skip atomic enable!
01-01 08:27:07.195 0 0 I : [0 T6486 ..] [drm] am_meson_drm_pm_resume: done
01-01 08:27:07.195 0 0 I : [0 T6486 ..] amlvideo2.0 resume ok
01-01 08:27:07.195 0 0 I : [0 T6486 ..] amlvideo2.1 resume ok
01-01 08:27:07.199 0 0 I : [2 T8 d.] usb usb1: root hub lost power or was reset
01-01 08:27:07.199 0 0 I : [2 T8 d.] usb usb2: root hub lost power or was reset
01-01 08:27:07.199 0 0 I : [3 T6501 d.] usb usb3: root hub lost power or was reset
01-01 08:27:07.201 0 0 I [0 T5210 ..] [snd-codec-t9015]: no call standard reset interface
01-01 08:27:07.202 0 0 I : [3 T6501 d.] usb usb4: root hub lost power or was reset
01-01 08:27:07.202 0 0 I [3 T6486 ..] BTI: amlbt_sdio_resume
01-01 08:27:07.203 0 0 W : [2 T6511 ..] >>> aml_cfg80211_resume()
01-01 08:27:07.204 0 0 W : [2 T6511 ..] >>> aml_ps_wow_resume()
01-01 08:27:07.204 0 0 W : [2 T6511 ..] >>> aml_send_suspend_req()
01-01 08:27:07.205 0 0 W : [2 T6511 ..] >>> aml_send_msg()
01-01 08:27:07.205 0 0 W : [3 T947 ..] ipc_sdio_host_msgack_handler 0000000050a91777
01-01 08:27:07.206 0 0 W : [3 T947 ..] [aml_msgackind 2038] msg ack hostid=0xffffff8075b92100
01-01 08:27:07.207 0 0 W : [3 T947 ..] [cmd_mgr_llind 329] cmd tkn[109] flags:0008 result: -4 cmd: 105-MM_SUB_SET_SUSPEND_REQ - reqcfm(1023-none)
01-01 08:27:07.209 0 0 W : [3 T947 ..] [cmd_complete 65] cmd tkn[109] flags:0000 result: -4 cmd: 105-MM_SUB_SET_SUSPEND_REQ - reqcfm(1023-none)
01-01 08:27:07.210 0 0 W : [2 T6511 ..] [aml_send_me_set_ps_mode 2111] set power save mode:0
01-01 08:27:07.210 0 0 W : [2 T6511 ..] >>> aml_send_msg()
01-01 08:27:07.227 0 0 W : [3 T947 ..] ipc_sdio_host_msgack_handler 0000000050a91777
01-01 08:27:07.227 0 0 W : [3 T947 ..] [aml_msgackind 2038] msg ack hostid=0xffffff8075b92100
01-01 08:27:07.228 0 0 W : [3 T947 ..] [cmd_mgr_llind 329] cmd tkn[110] flags:001a result: -4 cmd:5139-ME_SET_PS_MODE_REQ - reqcfm(5140-ME_SET_PS_MODE_CFM)
01-01 08:27:07.230 0 0 W : [3 T947 ..] [cmd_mgr_msgind 409] cmd tkn[110] flags:0012 result: -4 cmd:5139-ME_SET_PS_MODE_REQ - reqcfm(5140-ME_SET_PS_MODE_CFM)
01-01 08:27:07.231 0 0 W : [3 T947 ..] [cmd_complete 65] cmd tkn[110] flags:0002 result: -4 cmd:5139-ME_SET_PS_MODE_REQ - reqcfm(5140-ME_SET_PS_MODE_CFM)
01-01 08:27:07.233 0 0 W : [2 T6511 ..] >>> aml_send_arp_agent_req()
01-01 08:27:07.234 0 0 W : [2 T6511 ..] >>> aml_send_msg()
01-01 08:27:07.234 0 0 W : [3 T947 ..] ipc_sdio_host_msgack_handler 000000008b878a62
01-01 08:27:07.235 0 0 W : [3 T947 ..] [aml_msgackind 2038] msg ack hostid=0xffffff8075b92980
01-01 08:27:07.236 0 0 W : [3 T947 ..] [cmd_mgr_llind 329] cmd tkn[111] flags:0008 result: -4 cmd: 105-MM_SUB_ARP_AGENT_REQ - reqcfm( 0-none)
01-01 08:27:07.238 0 0 W : [3 T947 ..] [cmd_complete 65] cmd tkn[111] flags:0000 result: -4 cmd: 105-MM_SUB_ARP_AGENT_REQ - reqcfm( 0-none)
01-01 08:27:07.239 0 0 W : [2 T6511 ..] >>> aml_send_msg()
01-01 08:27:07.241 0 0 W : [3 T947 ..] ipc_sdio_host_msgack_handler 000000008b878a62
01-01 08:27:07.241 0 0 W : [3 T947 ..] [aml_msgackind 2038] msg ack hostid=0xffffff8075b92980
01-01 08:27:07.242 0 0 W : [3 T947 ..] [cmd_mgr_llind 329] cmd tkn[112] flags:0008 result: -4 cmd: 105-MM_SUB_TKO_ACTIVATE_REQ - reqcfm( 0-none)
01-01 08:27:07.243 0 0 W : [3 T947 ..] [cmd_complete 65] cmd tkn[112] flags:0000 result: -4 cmd: 105-MM_SUB_TKO_ACTIVATE_REQ - reqcfm( 0-none)
01-01 08:27:07.245 0 0 W : [2 T6511 ..] >>> aml_send_dhcp_req()
01-01 08:27:07.245 0 0 W : [2 T6511 ..] >>> aml_send_msg()
01-01 08:27:07.246 0 0 W : [3 T947 ..] ipc_sdio_host_msgack_handler 000000008b878a62
01-01 08:27:07.247 0 0 W : [3 T947 ..] [aml_msgackind 2038] msg ack hostid=0xffffff8075b92980
01-01 08:27:07.248 0 0 W : [3 T947 ..] [cmd_mgr_llind 329] cmd tkn[113] flags:0008 result: -4 cmd: 105-MM_SUB_DHCP_REQ - reqcfm( 0-none)
01-01 08:27:07.249 0 0 W : [3 T947 ..] [cmd_complete 65] cmd tkn[113] flags:0000 result: -4 cmd: 105-MM_SUB_DHCP_REQ - reqcfm( 0-none)
01-01 08:27:07.251 0 0 W : [2 T6511 ..] >>> aml_send_msg()
01-01 08:27:07.252 0 0 W : [3 T947 ..] ipc_sdio_host_msgack_handler 000000008b878a62
01-01 08:27:07.252 0 0 W : [3 T947 ..] [aml_msgackind 2038] msg ack hostid=0xffffff8075b92980
01-01 08:27:07.253 0 0 W : [3 T947 ..] [cmd_mgr_llind 329] cmd tkn[114] flags:0008 result: -4 cmd: 105-MM_SCAN_HANG - reqcfm( 0-none)
01-01 08:27:07.255 0 0 W : [3 T947 ..] [cmd_complete 65] cmd tkn[114] flags:0000 result: -4 cmd: 105-MM_SCAN_HANG - reqcfm( 0-none)
01-01 08:27:07.256 0 0 W : [3 T947 ..] fmac scan_hang state:0
01-01 08:27:07.256 0 0 W : [2 T6511 ..] set_scan_hang, flag:0, [aml_ps_wow_resume 5095]
01-01 08:27:07.258 0 0 W : [2 T6511 ..] aml_cfg80211_resume,5397, resume is ok
01-01 08:27:07.361 0 0 I [0 T6486 ..] cec: wakeup_reason:0x5
01-01 08:27:07.361 0 0 I [0 T6486 ..] cec: aml_cec_pm_complete
01-01 08:27:07.362 0 0 I : [0 T6486 ..] OOM killer enabled.
05-23 16:39:00.511 295 6486 I android.system.suspend-service: Unknown/empty wakeup reason. Re-opening wakeup_reason file.
05-23 16:39:00.517 1492 1492 I Process : Sending signal. PID: 1492 SIG: 9
05-23 16:39:00.522 732 6662 I DropBoxManagerService: add tag=system_app_crash isTagEnabled=true flags=0x2
01-01 08:27:07.362 0 0 I : [0 T6486 ..] Restarting tasks ...
01-01 08:27:07.380 0 0 W : [3 T6486 ..] done.
01-01 08:27:07.382 0 0 I : [3 T6486 d.] Resume cause unknown
01-01 08:27:07.383 0 0 I [3 T6486 ..] [pm]: reboot_pm_cb called. pm_event:4.
01-01 08:27:07.383 0 0 I [3 T6486 ..] PM: suspend exit
05-23 16:39:00.491 2915 2915 I cling--ap-57: type=1400 audit(0.0:1100): avc: denied { search } for name="net" dev="sysfs" ino=12344 scontext=u:r:untrusted_app_27:s0:c43,c256,c512,c768 tcontext=u:object_r:sysfs_net:s0 tclass=dir permissive=1 app=com.dangbei.screencast
05-23 16:39:00.542 732 2681 I ActivityManager: Process com.oranth.ledstatus (pid 1492) has died: svc SVC
05-23 16:39:00.542 732 808 D AudioService: Volume controller visible: false
05-23 16:39:00.543 732 2681 W ActivityManager: Scheduling restart of crashed service com.oranth.ledstatus/.LedStatusService in 1000ms for start-requested
05-23 16:39:00.543 472 472 I Zygote : Process 1492 exited due to signal 9 (Killed)
05-23 16:39:00.545 732 766 I libprocessgroup: Successfully killed process cgroup uid 1000 pid 1492 in 0ms
05-23 16:39:00.555 6661 6661 I stop : type=1400 audit(0.0:1101): avc: denied { write } for name="property_service" dev="tmpfs" ino=412 scontext=u:r:vendor_toolbox:s0 tcontext=u:object_r:property_socket:s0 tclass=sock_file permissive=1
05-23 16:39:00.555 6661 6661 I stop : type=1400 audit(0.0:1102): avc: denied { connectto } for path="/dev/socket/property_service" scontext=u:r:vendor_toolbox:s0 tcontext=u:r:init:s0 tclass=unix_stream_socket permissive=1
01-01 08:27:07.474 0 0 I [0 T5210 ..] [snd-codec-t9015]: aml_T9015_audio_set_bias_level
01-01 08:27:07.475 0 0 I [0 T5210 ..] [snd-soc]: it is card_post_resume
01-01 08:27:07.475 0 0 I [3 T6504 ..] [snd-codec-t9015]: aml_T9015_audio_set_bias_level
05-23 16:39:00.605 483 688 E audio_hw_hal_output: ALSA out write fail
05-23 16:39:00.606 483 688 E audio_hw_utils_tinyalsa: pcm oops: cannot write stream data: Streams pipe error
05-23 16:39:00.606 483 688 E audio_hw_hal_alsamgr: aml_alsa_output_write_new alsa write fail when drop, err=cannot write stream data: Streams pipe error
05-23 16:39:00.606 483 688 E audio_hw_utils_tinyalsa: pcm oops: cannot write stream data: Streams pipe error
05-23 16:39:00.606 483 688 E audio_hw_hal_alsamgr: aml_alsa_output_write_new alsa write fail when drop, err=cannot write stream data: Streams pipe error
01-01 08:27:07.476 0 0 I [3 T6504 ..] [snd-codec-t9015]: aml_T9015_audio_set_bias_level
01-01 08:27:07.477 0 0 I [2 T688 ..] [snd-soc]: aml_audio_reset, reg 0xa, shift 9, use_vadtop 0
01-01 08:27:07.478 0 0 I [2 T688 ..] [snd-soc]: aml_audio_reset, reg 0xa, shift 14, use_vadtop 0
01-01 08:27:07.479 0 0 D [2 T688 ..] [snd-soc]: aml_spdif_fifo_ctrl, bit depth:16, frddr type:1, toddr:type:1
01-01 08:27:07.479 0 0 I [2 T688 ..] [hdmitx: ] hdmitx_audio_notify_callback[804] type:1 rate:0 size:0 chs:0 i2s_ch_mask:0 aud_src_if:0
01-01 08:27:07.480 0 0 E [2 T688 ..] [hdmitx: ] *HDMITX_ERROR* audio chn setting, must be 2, 4, 6 or 8, Rst as def
01-01 08:27:07.481 0 0 I [2 T688 ..] [hdmitx: ] aout notify format CT_PCM
01-01 08:27:07.482 0 0 I [2 T688 ..] [hdmitx: ] set audio
01-01 08:27:07.483 0 0 I [2 T688 ..] [hdmitx: ] audio_param->chs = -1
01-01 08:27:07.483 0 0 I [3 T688 ..] [hdmitx: ] aud_src_if = 0
05-23 16:39:00.613 304 358 D MesonHwc: received Uevent: change@/devices/virtual/amhdmitx/amhdmitx0
05-23 16:39:00.613 304 358 D MesonHwc: received Uevent: ACTION=change
05-23 16:39:00.613 304 358 D MesonHwc: received Uevent: DEVPATH=/devices/virtual/amhdmitx/amhdmitx0
05-23 16:39:00.613 304 358 D MesonHwc: received Uevent: SUBSYSTEM=amhdmitx
05-23 16:39:00.613 304 358 D MesonHwc: received Uevent: hdmitx_current_status=48
05-23 16:39:00.613 304 358 D MesonHwc: received Uevent: MAJOR=492
05-23 16:39:00.613 304 358 D MesonHwc: received Uevent: MINOR=0
05-23 16:39:00.614 304 358 D MesonHwc: received Uevent: DEVNAME=amhdmitx0
05-23 16:39:00.614 304 358 D MesonHwc: received Uevent: SEQNUM=4081
05-23 16:39:00.614 304 358 D MesonHwc: received Uevent: QNUM=4080
05-23 16:39:00.614 304 358 D MesonHwc: received Uevent: -s7d
05-23 16:39:00.614 304 358 D MesonHwc: received Uevent: OF_COMPATIBLE_N=1
05-23 16:39:00.614 304 358 D MesonHwc: received Uevent: MODALIAS=of:NaocecT(null)Camlogic,_aocec-s7d
05-23 16:39:00.614 304 358 D MesonHwc: received Uevent: SEQNUM=4079
05-23 16:39:00.614 304 358 D MesonHwc: received Uevent: ltiplexer@360000/mdio@0/ethernet-phy@0
05-23 16:39:00.614 304 358 D MesonHwc: received Uevent: OF_COMPATIBLE_N=0
05-23 16:39:00.614 304 358 D MesonHwc: received Uevent: SEQNUM=4057
05-23 16:39:00.614 329 338 I SystemControl: [/UEventObserver.cpp, HDMITxUenventThreadLoop, 451] HDMI TX switch_name:hdmitx_current_status, switch_state: 48
05-23 16:39:00.614 304 358 D MesonHwc: received Uevent: =0
05-23 16:39:00.614 304 358 D MesonHwc: received Uevent: MODALIAS=of:Nethernet-phyT(null)
05-23 16:39:00.614 304 358 D MesonHwc: received Uevent: SEQNUM=4052
05-23 16:39:00.614 304 358 D MesonHwc: received Uevent: change@/devices/virtual/amhdmitx/amhdmitx0
05-23 16:39:00.614 304 358 D MesonHwc: received Uevent: ACTION=change
05-23 16:39:00.614 304 358 D MesonHwc: received Uevent: DEVPATH=/devices/virtual/amhdmitx/amhdmitx0
05-23 16:39:00.614 304 358 D MesonHwc: received Uevent: SUBSYSTEM=amhdmitx
05-23 16:39:00.614 304 358 D MesonHwc: received Uevent: hdmitx_current_status=48
05-23 16:39:00.614 304 358 D MesonHwc: received Uevent: MAJOR=492
05-23 16:39:00.614 304 358 D MesonHwc: received Uevent: MINOR=0
05-23 16:39:00.614 304 358 D MesonHwc: received Uevent: DEVNAME=amhdmitx0
05-23 16:39:00.614 304 358 D MesonHwc: received Uevent: SEQNUM=4081
05-23 16:39:00.614 304 358 D MesonHwc: received Uevent: QNUM=4080
05-23 16:39:00.614 304 358 D MesonHwc: received Uevent: -s7d
05-23 16:39:00.614 304 358 D MesonHwc: received Uevent: OF_COMPATIBLE_N=1
05-23 16:39:00.614 304 358 D MesonHwc: received Uevent: MODALIAS=of:NaocecT(null)Camlogic,_aocec-s7d
05-23 16:39:00.614 304 358 D MesonHwc: received Uevent: SEQNUM=4079
05-23 16:39:00.614 304 358 D MesonHwc: received Uevent: ltiplexer@360000/mdio@0/ethernet-phy@0
05-23 16:39:00.614 304 358 D MesonHwc: received Uevent: OF_COMPATIBLE_N=0
05-23 16:39:00.614 304 358 D MesonHwc: received Uevent: SEQNUM=4057
01-01 08:27:07.484 0 0 I [3 T688 ..] [hdmitx: ] set audio param
01-01 08:27:07.484 0 0 I [3 T688 ..] [hdmitx: ] hdmitx_audio_notify_callback[804] type:10 rate:3 size:1 chs:2 i2s_ch_mask:1 aud_src_if:0
01-01 08:27:07.486 0 0 I [3 T688 ..] [hdmitx: ] aout notify format CT_DOLBY_D
01-01 08:27:07.487 0 0 I [2 T688 ..] [hdmitx: ] set audio
01-01 08:27:07.487 0 0 I [2 T688 ..] [hdmitx: ] audio_param->chs = 1
01-01 08:27:07.488 0 0 I [2 T688 ..] [hdmitx: ] aud_src_if = 0
05-23 16:39:00.614 304 358 D MesonHwc: received Uevent: =0
05-23 16:39:00.614 304 358 D MesonHwc: received Uevent: MODALIAS=of:Nethernet-phyT(null)
05-23 16:39:00.614 304 358 D MesonHwc: received Uevent: SEQNUM=4052
01-01 08:27:07.488 0 0 I [2 T688 ..] [hdmitx: ] set audio param
01-01 08:27:07.489 0 0 D [2 T688 ..] [snd-soc]: aml_spdif_fifo_ctrl, bit depth:16, frddr type:1, toddr:type:1
05-23 16:39:00.621 483 688 I audio_hw_hal_ms12v2: dolby_ms12_threadloop alsa is not running
01-01 08:27:07.494 0 0 I [2 T688 ..] [snd-soc]: aml_audio_reset, reg 0xa, shift 9, use_vadtop 0
01-01 08:27:07.495 0 0 I [2 T688 ..] [snd-soc]: aml_audio_reset, reg 0xa, shift 14, use_vadtop 0
05-23 16:39:00.622 483 688 I audio_hw_hal_alsamgr: get_spdifout_mute_count mute_count:1
05-23 16:39:00.622 483 688 I audio_hw_hal_alsamgr: alsa_handle:0xed1c0390, spdif mute the data cnt =1
05-23 16:39:00.622 483 688 I audio_hw_hal_alsamgr: get_spdifout_mute_count mute_count:1
05-23 16:39:00.622 483 688 I audio_hw_hal_alsamgr: alsa_handle:0xed1c01d0, spdif mute the data cnt =1
01-01 08:27:07.496 0 0 D [2 T688 ..] [snd-soc]: aml_spdif_fifo_ctrl, bit depth:16, frddr type:1, toddr:type:1
01-01 08:27:07.496 0 0 I [2 T688 ..] [hdmitx: ] hdmitx_audio_notify_callback[804] type:1 rate:0 size:0 chs:0 i2s_ch_mask:0 aud_src_if:0
01-01 08:27:07.497 0 0 E [2 T688 ..] [hdmitx: ] *HDMITX_ERROR* audio chn setting, must be 2, 4, 6 or 8, Rst as def
01-01 08:27:07.497 0 0 I [1 T169 ..] [mmc]: tuning-c:4, tuning-s:5
01-01 08:27:07.498 0 0 I [2 T688 ..] [hdmitx: ] aout notify format CT_PCM
01-01 08:27:07.498 0 0 I [2 T688 ..] [hdmitx: ] set audio
01-01 08:27:07.499 0 0 I [1 T169 ..] [mmc]: mmc0: clk= 0x10000206, adj = 0x42000, dly1 = 0, dly2 = 0
01-01 08:27:07.499 0 0 I [2 T688 ..] [hdmitx: ] audio_param->chs = -1
01-01 08:27:07.502 0 0 I [1 T169 ..] [mmc]: aml_sd_emmc_clktest [864] clktest : 7680, delay_cell: 83, count: 30
01-01 08:27:07.502 0 0 I [1 T169 ..] [mmc]: [set_emmc_nwr_clks], delay1: 0x0, delay2: 0x0
01-01 08:27:07.503 0 0 I [2 T688 ..] [hdmitx: ] aud_src_if = 0
01-01 08:27:07.504 0 0 I [2 T688 ..] [hdmitx: ] set audio param
01-01 08:27:07.505 0 0 I [2 T688 ..] [hdmitx: ] hdmitx_audio_notify_callback[804] type:10 rate:3 size:1 chs:2 i2s_ch_mask:1 aud_src_if:0
01-01 08:27:07.506 0 0 I [2 T688 ..] [hdmitx: ] aout notify format CT_DOLBY_D
01-01 08:27:07.507 0 0 I [2 T688 ..] [hdmitx: ] set audio
01-01 08:27:07.507 0 0 I [2 T688 ..] [hdmitx: ] audio_param->chs = 1
01-01 08:27:07.508 0 0 I [2 T688 ..] [hdmitx: ] aud_src_if = 0
01-01 08:27:07.509 0 0 I [2 T688 ..] [hdmitx: ] set audio param
01-01 08:27:07.509 0 0 D [2 T688 ..] [snd-soc]: aml_spdif_fifo_ctrl, bit depth:16, frddr type:1, toddr:type:1
05-23 16:39:00.641 483 688 I audio_hw_hal_ms12v2: dolby_ms12_threadloop alsa is not running
05-23 16:39:00.641 483 688 I audio_hw_hal_alsamgr: aml_alsa_output_write alsa_running_status[0xea401cd0] change from 0 to 1
05-23 16:39:00.641 483 688 I audio_hw_hal_alsamgr: get_spdifout_mute_count mute_count:1
05-23 16:39:00.641 483 688 I audio_hw_hal_alsamgr: alsa_handle:0xed1c0390, spdif mute the data cnt =1
05-23 16:39:00.641 483 688 I audio_hw_hal_alsamgr: get_spdifout_mute_count mute_count:1
