01-01 08:00:06.761 0 0 I : [0 T377 ..] EXT4-fs (dm-41): mounted filesystem without journal. Opts: (null). Quota mode: none.
01-01 08:00:06.763 0 0 I [1 T379 ..] device-mapper: verity: sha256 using implementation "sha256-ce"
01-01 08:00:06.767 0 0 I [1 T376 ..] device-mapper: verity: sha256 using implementation "sha256-ce"
01-01 08:00:06.775 0 0 I [3 T377 ..] loop33: detected capacity change from 0 to 42104
01-01 08:00:06.778 0 0 I : [0 T378 ..] EXT4-fs (dm-39): mounted filesystem without journal. Opts: (null). Quota mode: none.
01-01 08:00:06.781 0 0 I [3 T378 ..] loop34: detected capacity change from 0 to 536
01-01 08:00:06.791 0 0 I [1 T377 ..] device-mapper: verity: sha256 using implementation "sha256-ce"
01-01 08:00:06.794 0 0 I : [3 T379 ..] EXT4-fs (dm-37): mounted filesystem without journal. Opts: (null). Quota mode: none.
01-01 08:00:06.801 0 0 I : [2 T376 ..] EXT4-fs (dm-38): mounted filesystem without journal. Opts: (null). Quota mode: none.
01-01 08:00:06.803 0 0 I [1 T378 ..] device-mapper: verity: sha256 using implementation "sha256-ce"
01-01 08:00:06.803 0 0 I [2 T379 ..] loop35: detected capacity change from 0 to 34544
01-01 08:00:06.809 0 0 I [1 T376 ..] loop36: detected capacity change from 0 to 30080
01-01 08:00:06.812 0 0 I : [2 T377 ..] EXT4-fs (dm-33): mounted filesystem without journal. Opts: (null). Quota mode: none.
01-01 08:00:06.827 0 0 I : [3 T378 ..] EXT4-fs (dm-30): mounted filesystem without journal. Opts: (null). Quota mode: none.
01-01 08:00:06.835 0 0 I [2 T376 ..] device-mapper: verity: sha256 using implementation "sha256-ce"
01-01 08:00:06.847 0 0 I [1 T379 ..] device-mapper: verity: sha256 using implementation "sha256-ce"
01-01 08:00:06.863 0 0 I : [0 T376 ..] EXT4-fs (dm-28): mounted filesystem without journal. Opts: (null). Quota mode: none.
01-01 08:00:06.871 0 0 I : [0 T379 ..] EXT4-fs (dm-32): mounted filesystem without journal. Opts: (null). Quota mode: none.
01-01 08:00:07.117 0 0 D [0 T445 ..] vdc: Waited 0ms for vold
01-01 08:00:07.214 0 0 I [1 T1 ..] selinux: SELinux: Skipping restorecon on directory(/data)
01-01 08:00:07.436 0 0 I [2 T450 ..] fs-verity: sha256 using implementation "sha256-ce"
01-01 08:00:07.674 0 0 I [1 T452 ..] apexd: Snapshot DE subcommand detected
01-01 08:00:07.676 0 0 I [0 T452 ..] apexd-snapshotde: Marking APEXd as ready
01-01 08:00:07.719 0 0 I [0 T170 ..] [media_sync]: mediasync_policy_manager_init(ffffffc00c135000) initiation success.
01-01 08:00:07.735 0 0 I : [3 T170 ..] aml-vcodec-dec vcodec_dec: v4ldec registered as /dev/video26
01-01 08:00:07.869 0 0 I [2 T1 ..] selinux: SELinux: Skipping restorecon on directory(/data/dalvik-cache/arm)
01-01 08:00:07.870 0 0 E [2 T1 ..] selinux: SELinux: Could not stat /data/dalvik-cache/arm64: No such file or directory.
01-01 08:00:07.871 0 0 E [2 T1 ..] selinux: SELinux: Could not stat /data/dalvik-cache/riscv64: No such file or directory.
01-01 08:00:07.873 0 0 E [2 T1 ..] selinux: SELinux: Could not stat /data/dalvik-cache/x86: No such file or directory.
01-01 08:00:07.874 0 0 E [2 T1 ..] selinux: SELinux: Could not stat /data/dalvik-cache/x86_64: No such file or directory.
01-01 08:00:07.884 0 0 I [2 T1 ..] selinux: SELinux: Skipping restorecon on directory(/data/misc/apexdata/com.android.wifi)
01-01 08:00:07.889 0 0 I [2 T170 ..] init: Not setting encryption policy on: /data/media
01-01 08:00:07.931 0 0 D [3 T466 ..] LibBpfLoader: Loading optional ELF object /apex/com.android.tethering/etc/bpf/test.o with license Apache 2.0
01-01 08:00:07.931 0 0 I [3 T466 ..] LibBpfLoader: Section bpfloader_min_ver value is 2 [0x2]
01-01 08:00:07.931 0 0 I [3 T466 ..] LibBpfLoader: Section bpfloader_max_ver value is 25 [0x19]
01-01 08:00:07.932 0 0 D [3 T466 ..] LibBpfLoader: Couldn't find section bpfloader_min_required_ver (defaulting to 0 [0x0]).
01-01 08:00:07.932 0 0 I [3 T466 ..] LibBpfLoader: Section size_of_bpf_map_def value is 120 [0x78]
01-01 08:00:07.933 0 0 I [3 T466 ..] LibBpfLoader: Section size_of_bpf_prog_def value is 92 [0x5c]
01-01 08:00:07.934 0 0 I [3 T466 ..] LibBpfLoader: BpfLoader version 0x00026 ignoring ELF object /apex/com.android.tethering/etc/bpf/test.o with max ver 0x00019
01-01 08:00:07.936 0 0 I [3 T466 ..] bpfloader: Loaded object: /apex/com.android.tethering/etc/bpf/test.o
01-01 08:00:07.941 0 0 D [0 T466 ..] LibBpfLoader: Loading critical for Connectivity (Tethering) ELF object /apex/com.android.tethering/etc/bpf/offload.o with license Apache 2.0
01-01 08:00:07.941 0 0 I [0 T466 ..] LibBpfLoader: Section bpfloader_min_ver value is 2 [0x2]
01-01 08:00:07.941 0 0 I [2 T467 ..] update_verifier: Started with arg 1: nonencrypted
01-01 08:00:07.952 0 0 I [0 T467 ..] update_verifier: Using AIDL version of IBootControl
01-01 08:00:07.954 0 0 I [0 T297 ..] android.hardware.boot-service: sys.boot_completed:
01-01 08:00:07.954 0 0 I [0 T467 ..] update_verifier: Booting slot 1: isSlotMarkedSuccessful=1
01-01 08:00:07.955 0 0 I [0 T467 ..] update_verifier: Leaving update_verifier.
01-01 08:00:08.012 0 0 I : [1 T170 ..] Mass Storage Function, version: 2009/09/11
01-01 08:00:08.012 0 0 I [1 T170 ..] LUN: removable file: (no medium)
01-01 08:00:08.019 0 0 I : [3 T170 ..] file system registered
01-01 08:00:08.035 0 0 W : [0 T170 ..] using random self ethernet address
01-01 08:00:08.035 0 0 W : [0 T170 ..] using random host ethernet address
01-01 08:00:08.165 0 0 W [2 T170 ..] 0: amvdec_vc1 module init
01-01 08:00:08.168 0 0 W [2 T170 ..] 0: amvdec_vc1 module init
01-01 08:00:08.227 0 0 W : [2 T170 ..] amvenc probe, hcodec get reset failed: -2
01-01 08:00:08.325 0 0 E : [2 T170 ..] have register same node[av1-v4l] on decoder before
01-01 08:00:08.333 0 0 I : [1 T170 ..] Registered frame rate driver success.
01-01 08:00:08.546 0 0 W [2 T488 ..] healthd: No battery devices found
01-01 08:00:08.574 0 0 W [2 T488 ..] healthd: battery none chg=
01-01 08:00:08.591 0 0 I [1 T513 ..] [pm]: early_suspend_state=0
01-01 08:00:08.665 0 0 W [3 T466 ..] printk: bpfloader: 594 output lines suppressed due to ratelimiting
01-01 08:00:08.875 0 0 E [0 T222 ..] selinux: SELinux: Could not set context for /sys/devices/virtual/net/ipsec_test/statistics/rx_crc_errors: No such file or directory
01-01 08:00:08.877 0 0 E [0 T222 ..] selinux: SELinux: Could not set context for /sys/devices/virtual/net/ipsec_test/statistics/rx_frame_errors: No such file or directory
01-01 08:00:08.878 0 0 E [0 T222 ..] selinux: SELinux: Could not set context for /sys/devices/virtual/net/ipsec_test/statistics/rx_nohandler: No such file or directory
01-01 08:00:08.880 0 0 E [0 T222 ..] selinux: SELinux: Could not set context for /sys/devices/virtual/net/ipsec_test/statistics/tx_fifo_errors: No such file or directory
01-01 08:00:08.882 0 0 E [0 T222 ..] selinux: SELinux: Could not set context for /sys/devices/virtual/net/ipsec_test/statistics/multicast: No such file or directory
01-01 08:00:08.884 0 0 E [0 T222 ..] selinux: SELinux: Could not set context for /sys/devices/virtual/net/ipsec_test/statistics/tx_packets: No such file or directory
01-01 08:00:08.884 0 0 E [3 T170 ..] map_store: rm default
01-01 08:00:08.885 0 0 E [0 T223 ..] selinux: SELinux: Could not set context for /sys/devices/virtual/net/ipsec_test/queues/tx-0/byte_queue_limits/limit_max: No such file or directory
01-01 08:00:08.886 0 0 E [2 T170 ..] map_store: add default decoder ppmgr deinterlace amvideo
01-01 08:00:08.888 0 0 E [0 T223 ..] selinux: SELinux: Could not set context for /sys/devices/virtual/net/ipsec_test/queues/tx-0/byte_queue_limits/hold_time: No such file or directory
01-01 08:00:08.891 0 0 E [0 T223 ..] selinux: SELinux: Could not set context for /sys/devices/virtual/net/ipsec_test/queues/tx-0/byte_queue_limits/inflight: No such file or directory
01-01 08:00:08.893 0 0 E [0 T222 ..] selinux: SELinux: Could not set context for /sys/devices/virtual/net/ipsec_test/statistics/tx_window_errors: No such file or directory
01-01 08:00:08.894 0 0 I [3 T170 ..] [snd-soc]: drc high cut scale set to 0%
01-01 08:00:08.895 0 0 I [3 T170 ..] [snd-soc]: drc low boost scale set to 0%
01-01 08:00:08.896 0 0 I [3 T170 ..] [snd-soc]: drc mode set to RF
01-01 08:00:08.996 0 0 I [0 T170 ..] usbcore: registered new interface driver wifi_usb_common
01-01 08:00:08.996 0 0 W : [0 T170 ..] aml_usb_common->
01-01 08:00:08.996 0 0 W : [0 T170 ..] aml_wifi_usb_insmod(138) aml common driver insmod
01-01 08:00:08.998 0 0 W : [0 T170 ..] *****************aml sdio common driver is insmoded********************
01-01 08:00:09.000 0 0 W : [0 T170 ..] aml_wifi_sdio_insmod(279) start...
01-01 08:00:09.653 0 0 I [0 T242 ..] servicemanager: Could not find android.hardware.net.nlinterceptor.IInterceptor/default in the VINTF manifest.
01-01 08:00:09.706 0 0 I [2 T242 ..] servicemanager: Could not find android.hardware.gatekeeper.IGatekeeper/default in the VINTF manifest.
01-01 08:00:09.714 0 0 I [1 T242 ..] servicemanager: Found android.hardware.health.IHealth/default in device VINTF manifest.
01-01 08:00:09.735 0 0 I [2 T242 ..] servicemanager: Found android.hardware.usb.gadget.IUsbGadget/default in device VINTF manifest.
01-01 08:00:09.844 0 0 I [2 T664 ..] [hdmitx: ] tee load hdcp key ready: 0x0
01-01 08:00:09.907 0 0 I [2 T242 ..] servicemanager: Found android.hardware.boot.IBootControl/default in device VINTF manifest.
01-01 08:00:09.992 0 0 I : [2 T8 ..] [TEE] E/TA: parse_keybox:1766 [PROVISION-TA] v1 keybox is no longer supported
01-01 08:00:09.992 0 0 I : [2 T8 ..] [TEE] E/TA: provision_key_store:1996 [PROVISION-TA] parse data failed, res = 0xFFFF000A
01-01 08:00:09.994 0 0 I : [2 T8 ..] [TEE] E/TC:? 00 tee_rpmb_verify_key_sync_counter:1008 Verify key returning 0xffff0008
01-01 08:00:09.995 0 0 I : [2 T8 ..] [TEE] E/TA: hdcp_load_key:962 [HDCP-TA] hdcp_load_key: read hdcp key(hdcp_tx22.bin) ret = 0xFFFF0008
01-01 08:00:09.999 0 0 I : [2 T8 ..] [TEE] E/TC:? 00 tee_rpmb_verify_key_sync_counter:1008 Verify key returning 0xffff0008
01-01 08:00:09.999 0 0 I : [2 T8 ..] [TEE] E/TA: hdcp_load_key:962 [HDCP-TA] hdcp_load_key: read hdcp key(hdcp_tx14.bin) ret = 0xFFFF0008
01-01 08:00:10.248 0 0 I [0 T242 ..] servicemanager: Found android.frameworks.cameraservice.service.ICameraService/default in framework VINTF manifest.
01-01 08:00:10.249 0 0 I [2 T242 ..] servicemanager: Found android.frameworks.cameraservice.service.ICameraService/default in framework VINTF manifest.
01-01 08:00:10.591 0 0 I [3 T483 ..] [debug]: audio_utils_ioctl SET_LIB_SIZE 4306308
01-01 08:00:10.591 0 0 I [3 T483 ..] [debug]: audio_utils_ioctl WRITE_LIB
01-01 08:00:10.604 0 0 I [3 T483 ..] [hdmitx: ] hdmitx21_audio_mute_op: AUD_MUTE path=0x8000000
01-01 08:00:10.605 0 0 I [3 T483 ..] [hdmitx: ] hdmitx21_ext_set_audio_output enable:0
01-01 08:00:10.633 0 0 I [3 T688 ..] audio_ddr_mngr: frddrs[0] registered by device fe330000.audiobus:tdm@2
01-01 08:00:10.634 0 0 I [3 T688 ..] [snd-soc]: aml_audio_reset, reg 0xa, shift 9, use_vadtop 0
01-01 08:00:10.634 0 0 I [3 T688 ..] [snd-soc]: aml_audio_reset, reg 0xa, shift 14, use_vadtop 0
01-01 08:00:10.635 0 0 I [3 T688 ..] [snd-soc]: hdmitx src switch to spdif 0
01-01 08:00:10.636 0 0 I [3 T688 ..] [snd-soc]: sharebuffer_spdifout_prepare get_hdmitx_audio_src(rtd->card):0 spdif_id:0
01-01 08:00:10.637 0 0 I [3 T688 ..] [hdmitx: ] hdmitx_audio_notify_callback[804] type:1 rate:0 size:0 chs:0 i2s_ch_mask:0 aud_src_if:0
01-01 08:00:10.639 0 0 E [3 T688 ..] [hdmitx: ] *HDMITX_ERROR* audio chn setting, must be 2, 4, 6 or 8, Rst as def
01-01 08:00:10.640 0 0 I [3 T688 ..] [hdmitx: ] aout notify format CT_PCM
01-01 08:00:10.640 0 0 I [3 T688 ..] [hdmitx: ] set audio
01-01 08:00:10.641 0 0 I [3 T688 ..] [hdmitx: ] audio_param->chs = -1
01-01 08:00:10.642 0 0 I [3 T688 ..] [hdmitx: ] aud_src_if = 0
01-01 08:00:10.642 0 0 I [3 T688 ..] [hdmitx: ] set audio param
01-01 08:00:10.643 0 0 D [3 T688 ..] [snd-soc]: spdif_a fifo ctrl, frddr:0 type:1, 16 bits, chmask 0x3, swap 0x10
01-01 08:00:10.643 0 0 I [3 T688 ..] [hdmitx: ] hdmitx_audio_notify_callback[804] type:1 rate:3 size:1 chs:2 i2s_ch_mask:1 aud_src_if:0
01-01 08:00:10.644 0 0 I [3 T688 ..] [hdmitx: ] aout notify format CT_PCM
01-01 08:00:10.645 0 0 I [3 T688 ..] [hdmitx: ] set audio
01-01 08:00:10.645 0 0 I [3 T688 ..] [hdmitx: ] audio_param->chs = 1
01-01 08:00:10.646 0 0 I [3 T688 ..] [hdmitx: ] aud_src_if = 0
01-01 08:00:10.647 0 0 I [3 T688 ..] [hdmitx: ] set audio param
01-01 08:00:10.647 0 0 I [0 T63 ..] [snd-codec-t9015]: aml_T9015_audio_set_bias_level
01-01 08:00:10.648 0 0 I [2 T63 ..] [snd-codec-t9015]: aml_T9015_audio_set_bias_level
01-01 08:00:10.655 0 0 D [3 T688 ..] [snd-soc]: spdif_a is set to enable
01-01 08:00:10.664 0 0 I [3 T688 ..] [snd-soc]: release_spdif_same_src(), 1039 src sel 3
01-01 08:00:10.664 0 0 I [3 T688 ..] [snd-soc]: ss_free() samesrc 3, lvl 1
01-01 08:00:10.668 0 0 I [3 T688 ..] audio_ddr_mngr: frddrs[1] registered by device fe330000.audiobus:spdif@0
01-01 08:00:10.669 0 0 D [3 T688 ..] [snd-soc]: aml_spdif_fifo_ctrl, bit depth:16, frddr type:1, toddr:type:1
01-01 08:00:10.670 0 0 I [3 T688 ..] [snd-soc]: aml_audio_reset, reg 0xa, shift 9, use_vadtop 0
01-01 08:00:10.671 0 0 I [3 T688 ..] [snd-soc]: aml_audio_reset, reg 0xa, shift 14, use_vadtop 0
01-01 08:00:10.672 0 0 I [3 T688 ..] [hdmitx: ] hdmitx_audio_notify_callback[804] type:1 rate:3 size:1 chs:2 i2s_ch_mask:0 aud_src_if:1
01-01 08:00:10.673 0 0 E [3 T688 ..] [hdmitx: ] *HDMITX_ERROR* audio chn msk, must larger than 0
01-01 08:00:10.674 0 0 I [3 T688 ..] [hdmitx: ] aout notify format CT_PCM
01-01 08:00:10.675 0 0 I [3 T688 ..] [hdmitx: ] set audio
01-01 08:00:10.675 0 0 I [3 T688 ..] [hdmitx: ] audio_param->chs = 1
01-01 08:00:10.676 0 0 I [3 T688 ..] [hdmitx: ] aud_src_if = 1
01-01 08:00:10.676 0 0 I [3 T688 ..] [hdmitx: ] set audio param
01-01 08:00:13.403 0 0 I [0 T242 ..] servicemanager: Notifying apexservice they do (previously: don't) have clients when service is guaranteed to be in use
01-01 08:00:13.404 0 0 I [3 T441 ..] AidlLazyServiceRegistrar: Process has 1 (of 1 available) client(s) in use after notification apexservice has clients: 1
01-01 08:00:13.405 0 0 I [0 T440 ..] apexd: getActivePackages received by ApexService
01-01 08:00:13.405 0 0 I [3 T441 ..] AidlLazyServiceRegistrar: Shutdown prevented by forcePersist override flag.
01-01 08:00:13.464 0 0 I [3 T242 ..] servicemanager: Could not find android.hardware.power.stats.IPowerStats/default in the VINTF manifest.
01-01 08:00:13.471 0 0 I [3 T242 ..] servicemanager: Found android.frameworks.stats.IStats/default in framework VINTF manifest.
01-01 08:00:14.082 0 0 I [2 T440 ..] apexd: getAllPackages received by ApexService
01-01 08:00:15.324 0 0 I [1 T242 ..] servicemanager: Could not find android.hardware.sensors.ISensors/default in the VINTF manifest.
01-01 08:00:15.330 0 0 I [3 T242 ..] servicemanager: Found android.hardware.health.IHealth/default in device VINTF manifest.
01-01 08:00:15.335 0 0 W [1 T488 ..] healthd: battery none chg=
01-01 08:00:15.455 0 0 E [2 T708 ..] [snd-soc]: aml_audio_set_spdif_mute(), no pinctrl
01-01 08:00:15.464 0 0 I [0 T242 ..] servicemanager: Found vendor.amlogic.hardware.droidaudio.IDroidAudio/default in framework VINTF manifest.
01-01 08:00:15.557 0 0 I [3 T242 ..] servicemanager: Could not find android.hardware.vibrator.IVibratorManager/default in the VINTF manifest.
01-01 08:00:15.559 0 0 I [1 T242 ..] servicemanager: Could not find android.hardware.vibrator.IVibrator/default in the VINTF manifest. --------- beginning of system
05-23 09:26:29.040 732 732 V SystemServerTiming: OnBootPhase_200_com.android.server.BatteryService took to complete: 0ms
05-23 09:26:29.040 732 732 D SystemServerTiming: OnBootPhase_200_com.android.server.usage.UsageStatsService
05-23 09:26:29.040 732 732 V SystemServerTiming: OnBootPhase_200_com.android.server.usage.UsageStatsService took to complete: 0ms
05-23 09:26:29.040 732 732 D SystemServerTiming: OnBootPhase_200_com.android.server.webkit.WebViewUpdateService
05-23 09:26:29.040 732 732 V SystemServerTiming: OnBootPhase_200_com.android.server.webkit.WebViewUpdateService took to complete: 0ms
05-23 09:26:29.040 732 732 D SystemServerTiming: OnBootPhase_200_com.android.server.CachedDeviceStateService
05-23 09:26:29.040 732 732 V SystemServerTiming: OnBootPhase_200_com.android.server.CachedDeviceStateService took to complete: 0ms
05-23 09:26:29.040 732 732 D SystemServerTiming: OnBootPhase_200_com.android.server.BinderCallsStatsService$LifeCycle
05-23 09:26:29.040 732 732 V SystemServerTiming: OnBootPhase_200_com.android.server.BinderCallsStatsService$LifeCycle took to complete: 0ms
05-23 09:26:29.040 732 732 D SystemServerTiming: OnBootPhase_200_com.android.server.LooperStatsService$Lifecycle
05-23 09:26:29.040 732 732 V SystemServerTiming: OnBootPhase_200_com.android.server.LooperStatsService$Lifecycle took to complete: 0ms
05-23 09:26:29.040 732 732 D SystemServerTiming: OnBootPhase_200_com.android.server.rollback.RollbackManagerService
05-23 09:26:29.040 732 732 V SystemServerTiming: OnBootPhase_200_com.android.server.rollback.RollbackManagerService took to complete: 0ms
05-23 09:26:29.041 732 732 D SystemServerTiming: OnBootPhase_200_com.android.server.os.NativeTombstoneManagerService
05-23 09:26:29.041 732 732 V SystemServerTiming: OnBootPhase_200_com.android.server.os.NativeTombstoneManagerService took to complete: 0ms
05-23 09:26:29.041 732 732 D SystemServerTiming: OnBootPhase_200_com.android.server.os.BugreportManagerService
05-23 09:26:29.041 732 732 V SystemServerTiming: OnBootPhase_200_com.android.server.os.BugreportManagerService took to complete: 0ms
05-23 09:26:29.041 732 732 D SystemServerTiming: OnBootPhase_200_com.android.server.gpu.GpuService
05-23 09:26:29.041 732 732 V SystemServerTiming: OnBootPhase_200_com.android.server.gpu.GpuService took to complete: 0ms
05-23 09:26:29.041 732 732 D SystemServerTiming: OnBootPhase_200_com.android.server.security.rkp.RemoteProvisioningService
05-23 09:26:29.041 732 732 V SystemServerTiming: OnBootPhase_200_com.android.server.security.rkp.RemoteProvisioningService took to complete: 0ms
05-23 09:26:29.041 732 732 D SystemServerTiming: OnBootPhase_200_com.android.server.cpu.CpuMonitorService
05-23 09:26:29.041 732 732 V SystemServerTiming: OnBootPhase_200_com.android.server.cpu.CpuMonitorService took to complete: 0ms
05-23 09:26:29.041 732 732 D SystemServerTiming: OnBootPhase_200_com.android.server.security.KeyChainSystemService
05-23 09:26:29.041 732 732 V SystemServerTiming: OnBootPhase_200_com.android.server.security.KeyChainSystemService took to complete: 0ms
05-23 09:26:29.041 732 732 D SystemServerTiming: OnBootPhase_200_com.android.server.BinaryTransparencyService
05-23 09:26:29.041 732 732 V SystemServerTiming: OnBootPhase_200_com.android.server.BinaryTransparencyService took to complete: 0ms
05-23 09:26:29.041 732 732 D SystemServerTiming: OnBootPhase_200_com.android.server.accounts.AccountManagerService$Lifecycle
05-23 09:26:29.041 732 732 V SystemServerTiming: OnBootPhase_200_com.android.server.accounts.AccountManagerService$Lifecycle took to complete: 0ms
05-23 09:26:29.041 732 732 D SystemServerTiming: OnBootPhase_200_com.android.server.content.ContentService$Lifecycle
05-23 09:26:29.041 732 732 V SystemServerTiming: OnBootPhase_200_com.android.server.content.ContentService$Lifecycle took to complete: 0ms
05-23 09:26:29.041 732 732 D SystemServerTiming: OnBootPhase_200_com.android.server.deviceconfig.DeviceConfigInit$Lifecycle
05-23 09:26:29.041 732 732 V SystemServerTiming: OnBootPhase_200_com.android.server.deviceconfig.DeviceConfigInit$Lifecycle took to complete: 0ms
05-23 09:26:29.041 732 732 D SystemServerTiming: OnBootPhase_200_com.android.server.DropBoxManagerService
05-23 09:26:29.041 732 732 V SystemServerTiming: OnBootPhase_200_com.android.server.DropBoxManagerService took to complete: 0ms
05-23 09:26:29.041 732 732 D SystemServerTiming: OnBootPhase_200_com.android.role.RoleService
05-23 09:26:29.041 732 732 V SystemServerTiming: OnBootPhase_200_com.android.role.RoleService took to complete: 0ms
05-23 09:26:29.041 732 732 D SystemServerTiming: OnBootPhase_200_com.android.server.vibrator.VibratorManagerService$Lifecycle
05-23 09:26:29.041 732 732 V SystemServerTiming: OnBootPhase_200_com.android.server.vibrator.VibratorManagerService$Lifecycle took to complete: 0ms
05-23 09:26:29.041 732 732 D SystemServerTiming: OnBootPhase_200_com.android.server.tare.InternalResourceService
05-23 09:26:29.041 732 732 V SystemServerTiming: OnBootPhase_200_com.android.server.tare.InternalResourceService took to complete: 0ms
05-23 09:26:29.041 732 732 D SystemServerTiming: OnBootPhase_200_com.android.server.alarm.AlarmManagerService
05-23 09:26:29.041 732 732 V SystemServerTiming: OnBootPhase_200_com.android.server.alarm.AlarmManagerService took to complete: 0ms
05-23 09:26:29.041 732 732 D SystemServerTiming: OnBootPhase_200_com.android.server.devicestate.DeviceStateManagerService
05-23 09:26:29.041 732 732 V SystemServerTiming: OnBootPhase_200_com.android.server.devicestate.DeviceStateManagerService took to complete: 0ms
05-23 09:26:29.041 732 732 D SystemServerTiming: OnBootPhase_200_com.android.server.camera.CameraServiceProxy
05-23 09:26:29.041 732 732 V SystemServerTiming: OnBootPhase_200_com.android.server.camera.CameraServiceProxy took to complete: 0ms
05-23 09:26:29.041 732 732 V SystemServerTiming: OnBootPhase_200 took to complete: 2ms
05-23 09:26:29.044 732 732 I WindowManager: No existing display settings, starting empty
05-23 09:26:29.044 732 732 I WindowManager: No existing display settings, starting empty
05-23 09:26:29.072 732 732 V SystemServerTiming: StartWindowManagerService took to complete: 34ms
05-23 09:26:29.072 732 732 D SystemServerTiming: SetWindowManagerService
05-23 09:26:29.138 732 732 I ActivityTaskManager: Loaded persisted task ids for user 0
05-23 09:26:29.141 732 732 V SystemServerTiming: SetWindowManagerService took to complete: 69ms
05-23 09:26:29.141 732 732 D SystemServerTiming: WindowManagerServiceOnInitReady
05-23 09:26:29.160 732 754 W BroadcastLoopers: Found previously unknown looper Thread[android.ui,5,main]
05-23 09:26:29.163 732 732 V SystemServerTiming: WindowManagerServiceOnInitReady took to complete: 21ms
05-23 09:26:29.163 732 812 D SystemServerTimingAsync: InitThreadPoolExec:StartISensorManagerService
05-23 09:26:29.163 732 732 D SystemServerTiming: StartInputManager
05-23 09:26:29.163 732 812 D SystemServerInitThreadPool: Started executing StartISensorManagerService
05-23 09:26:29.164 732 812 D SystemServerTimingAsync: StartISensorManagerService
05-23 09:26:29.164 732 732 I InputManager: Starting input manager
05-23 09:26:29.164 732 822 D SystemServerTimingAsync: InitThreadPoolExec:StartHidlServices
05-23 09:26:29.164 732 822 D SystemServerInitThreadPool: Started executing StartHidlServices
05-23 09:26:29.164 732 822 D SystemServerTimingAsync: StartHidlServices
05-23 09:26:29.165 732 732 V SystemServerTiming: StartInputManager took to complete: 2ms
05-23 09:26:29.166 732 732 D SystemServerTiming: DisplayManagerWindowManagerAndInputReady
05-23 09:26:29.166 732 822 V SystemServerTimingAsync: StartHidlServices took to complete: 2ms
05-23 09:26:29.166 732 822 D SystemServerInitThreadPool: Finished executing StartHidlServices
05-23 09:26:29.166 732 822 V SystemServerTimingAsync: InitThreadPoolExec:StartHidlServices took to complete: 3ms
05-23 09:26:29.167 732 732 V HistoricalRegistry: Interaction before persistence initialized
05-23 09:26:29.167 732 732 V SystemServerTiming: DisplayManagerWindowManagerAndInputReady took to complete: 2ms
05-23 09:26:29.168 732 732 D SystemServerTiming: StartBluetoothService
05-23 09:26:29.169 732 732 I SystemServiceManager: Starting com.android.server.bluetooth.BluetoothService
05-23 09:26:29.173 732 812 V SystemServerTimingAsync: StartISensorManagerService took to complete: 9ms
05-23 09:26:29.173 732 812 D SystemServerInitThreadPool: Finished executing StartISensorManagerService
05-23 09:26:29.173 732 812 V SystemServerTimingAsync: InitThreadPoolExec:StartISensorManagerService took to complete: 9ms
01-01 08:00:15.750 0 0 I [0 T242 ..] servicemanager: Found android.frameworks.sensorservice.ISensorManager/default in framework VINTF manifest.
05-23 09:26:29.177 732 732 V SystemServerTiming: StartBluetoothService took to complete: 10ms
05-23 09:26:29.178 732 732 D SystemServerTiming: IpConnectivityMetrics
05-23 09:26:29.178 732 732 I SystemServiceManager: Starting com.android.server.connectivity.IpConnectivityMetrics
05-23 09:26:29.179 732 732 V SystemServerTiming: IpConnectivityMetrics took to complete: 1ms
05-23 09:26:29.179 732 732 D SystemServerTiming: NetworkWatchlistService
05-23 09:26:29.179 732 732 I SystemServiceManager: Starting com.android.server.net.watchlist.NetworkWatchlistService$Lifecycle
05-23 09:26:29.187 732 732 I WatchlistSettings: Reload watchlist settings done
05-23 09:26:29.189 732 843 I WatchlistLoggingHandler: No need to aggregate record yet.
05-23 09:26:29.189 732 843 I WatchlistLoggingHandler: Milliseconds spent on tryAggregateRecords(): 0
05-23 09:26:29.189 732 732 V SystemServerTiming: NetworkWatchlistService took to complete: 10ms
05-23 09:26:29.189 732 732 D SystemServerTiming: PinnerService
05-23 09:26:29.190 732 732 I SystemServiceManager: Starting com.android.server.PinnerService
05-23 09:26:29.191 732 732 V HistoricalRegistry: Interaction before persistence initialized
05-23 09:26:29.193 732 732 V SystemServerTiming: PinnerService took to complete: 4ms
05-23 09:26:29.194 732 732 D SystemServerTiming: SignedConfigService
05-23 09:26:29.195 732 732 V SystemServerTiming: SignedConfigService took to complete: 1ms
05-23 09:26:29.195 732 732 D SystemServerTiming: AppIntegrityService
05-23 09:26:29.195 732 732 I SystemServiceManager: Starting com.android.server.integrity.AppIntegrityManagerService
05-23 09:26:29.197 732 732 E IntegrityFileManager: Error creating staging and rules directory
05-23 09:26:29.203 732 732 V SystemServerTiming: AppIntegrityService took to complete: 8ms
05-23 09:26:29.203 732 732 D SystemServerTiming: StartLogcatManager
05-23 09:26:29.203 732 732 I SystemServiceManager: Starting com.android.server.logcat.LogcatManagerService
05-23 09:26:29.205 732 732 V SystemServerTiming: StartLogcatManager took to complete: 3ms
05-23 09:26:29.226 732 732 I WindowManager: SAFE MODE not enabled
05-23 09:26:29.227 732 732 D SystemServerTiming: StartInputMethodManagerLifecycle
05-23 09:26:29.227 732 732 I SystemServiceManager: Starting com.android.server.inputmethod.InputMethodManagerService$Lifecycle
05-23 09:26:29.236 732 732 V SystemServerTiming: StartInputMethodManagerLifecycle took to complete: 9ms
05-23 09:26:29.236 732 732 D SystemServerTiming: StartAccessibilityManagerService
05-23 09:26:29.236 732 732 I SystemServiceManager: Starting com.android.server.accessibility.AccessibilityManagerService$Lifecycle
05-23 09:26:29.253 732 732 V SystemServerTiming: StartAccessibilityManagerService took to complete: 17ms
05-23 09:26:29.253 732 732 D SystemServerTiming: MakeDisplayReady
05-23 09:26:29.257 732 732 I ActivityTaskManager: Config changes=20005df8 {1.0 ?mcc0mnc [zh_CN] ldltr sw720dp w1280dp h720dp 240dpi xlrg long land ?uimode ?night -touch -keyb/v/h dpad/v winConfig={ mBounds=Rect(0, 0 - 1920, 1080) mAppBounds=Rect(0, 0 - 1920, 1080) mMaxBounds=Rect(0, 0 - 1920, 1080) mDisplayRotation=ROTATION_0 mWindowingMode=fullscreen mDisplayWindowingMode=fullscreen mActivityType=undefined mAlwaysOnTop=undefined mRotation=ROTATION_0} s.2 ?fontWeightAdjustment}
05-23 09:26:29.259 732 732 I WindowManager: Override config changes=60007dfc {1.0 ?mcc0mnc [zh_CN] ldltr sw720dp w1280dp h720dp 240dpi xlrg long land ?uimode ?night -touch -keyb/v/h dpad/v winConfig={ mBounds=Rect(0, 0 - 1920, 1080) mAppBounds=Rect(0, 0 - 1920, 1080) mMaxBounds=Rect(0, 0 - 1920, 1080) mDisplayRotation=ROTATION_0 mWindowingMode=fullscreen mDisplayWindowingMode=fullscreen mActivityType=undefined mAlwaysOnTop=undefined mRotation=ROTATION_0} s.2 ?fontWeightAdjustment} for displayId=0
05-23 09:26:29.264 732 732 I DisplayDevice: [0] Layerstack set to 0 for local:4625716335649126413
05-23 09:26:29.269 732 732 V SystemServerTiming: MakeDisplayReady took to complete: 16ms
05-23 09:26:29.269 732 732 D SystemServerTiming: StartStorageManagerService
05-23 09:26:29.269 732 732 I SystemServiceManager: Starting com.android.server.StorageManagerService$Lifecycle
05-23 09:26:29.270 732 756 W BroadcastLoopers: Found previously unknown looper Thread[android.display,5,main]
05-23 09:26:29.287 732 849 D StorageManagerService: Thinking about reset, mBootCompleted=false, mDaemonConnected=true
05-23 09:26:29.290 732 849 D StorageManagerService: Thinking about reset, mBootCompleted=false, mDaemonConnected=true
05-23 09:26:29.290 732 732 V SystemServerTiming: StartStorageManagerService took to complete: 22ms
05-23 09:26:29.290 732 732 D SystemServerTiming: StartStorageStatsService
05-23 09:26:29.291 732 732 I SystemServiceManager: Starting com.android.server.usage.StorageStatsService$Lifecycle
05-23 09:26:29.304 732 732 V SystemServerTiming: StartStorageStatsService took to complete: 13ms
05-23 09:26:29.304 732 732 D SystemServerTiming: StartUiModeManager
05-23 09:26:29.304 732 732 I SystemServiceManager: Starting com.android.server.UiModeManagerService
05-23 09:26:29.307 732 732 V SystemServerTiming: StartUiModeManager took to complete: 3ms
05-23 09:26:29.307 732 732 D SystemServerTiming: StartLocaleManagerService
05-23 09:26:29.307 732 760 D SystemServerTimingAsync: InitThreadPoolExec:UiModeManager.onStart
05-23 09:26:29.307 732 732 I SystemServiceManager: Starting com.android.server.locales.LocaleManagerService
05-23 09:26:29.307 732 760 D SystemServerInitThreadPool: Started executing UiModeManager.onStart
05-23 09:26:29.312 732 760 D SystemServerInitThreadPool: Finished executing UiModeManager.onStart
05-23 09:26:29.312 732 760 V SystemServerTimingAsync: InitThreadPoolExec:UiModeManager.onStart took to complete: 4ms
05-23 09:26:29.315 732 732 V SystemServerTiming: StartLocaleManagerService took to complete: 8ms
05-23 09:26:29.315 732 732 D SystemServerTiming: StartGrammarInflectionService
05-23 09:26:29.315 732 732 I SystemServiceManager: Starting com.android.server.grammaticalinflection.GrammaticalInflectionService
05-23 09:26:29.318 732 732 V SystemServerTiming: StartGrammarInflectionService took to complete: 3ms
05-23 09:26:29.318 732 732 D SystemServerTiming: StartAppHibernationService
05-23 09:26:29.318 732 732 I SystemServiceManager: Starting com.android.server.apphibernation.AppHibernationService
05-23 09:26:29.323 732 732 V SystemServerTiming: StartAppHibernationService took to complete: 5ms
05-23 09:26:29.323 732 732 D SystemServerTiming: ArtManagerLocal
05-23 09:26:29.326 732 732 V SystemServerTiming: ArtManagerLocal took to complete: 3ms
05-23 09:26:29.326 732 732 D SystemServerTiming: UpdatePackagesIfNeeded
05-23 09:26:29.327 732 732 I Watchdog: Pausing HandlerChecker: main thread for reason: dexopt. Pause count: 1
05-23 09:26:29.329 732 732 I Watchdog: Resuming HandlerChecker: main thread for reason: dexopt. Pause count: 0
05-23 09:26:29.329 732 732 V SystemServerTiming: UpdatePackagesIfNeeded took to complete: 2ms
05-23 09:26:29.329 732 732 D SystemServerTiming: PerformFstrimIfNeeded
05-23 09:26:29.330 732 732 V SystemServerTiming: PerformFstrimIfNeeded took to complete: 1ms
05-23 09:26:29.330 732 732 D SystemServerTiming: StartLockSettingsService
05-23 09:26:29.330 732 732 I SystemServiceManager: Starting com.android.server.locksettings.LockSettingsService$Lifecycle
05-23 09:26:29.359 732 732 V SystemServerTiming: StartLockSettingsService took to complete: 29ms
05-23 09:26:29.359 732 732 D SystemServerTiming: StartPersistentDataBlock
05-23 09:26:29.359 732 732 I SystemServiceManager: Starting com.android.server.PersistentDataBlockService
05-23 09:26:29.360 732 732 V SystemServerTiming: StartPersistentDataBlock took to complete: 0ms
05-23 09:26:29.360 732 805 D SystemServerTimingAsync: InitThreadPoolExec:PersistentDataBlockService.onStart
05-23 09:26:29.360 732 805 D SystemServerInitThreadPool: Started executing PersistentDataBlockService.onStart
05-23 09:26:29.360 732 732 D SystemServerTiming: StartTestHarnessMode
05-23 09:26:29.361 732 732 I SystemServiceManager: Starting com.android.server.testharness.TestHarnessModeService
05-23 09:26:29.362 732 732 V SystemServerTiming: StartTestHarnessMode took to complete: 1ms
05-23 09:26:29.362 732 732 D SystemServerTiming: StartOemLockService
05-23 09:26:29.362 732 732 I SystemServiceManager: Starting com.android.server.oemlock.OemLockService
01-01 08:00:15.942 0 0 I [0 T242 ..] servicemanager: Found android.hardware.oemlock.IOemLock/default in device VINTF manifest.
05-23 09:26:29.366 732 732 I OemLock : Using vendor lock via the HAL(aidl)
01-01 08:00:15.946 0 0 I [0 T242 ..] servicemanager: Found android.hardware.oemlock.IOemLock/default in device VINTF manifest.
05-23 09:26:29.371 732 732 V SystemServerTiming: StartOemLockService took to complete: 9ms
05-23 09:26:29.371 732 732 D SystemServerTiming: StartDeviceIdleController
05-23 09:26:29.372 732 732 I SystemServiceManager: Starting com.android.server.DeviceIdleController
05-23 09:26:29.379 732 732 V SystemServerTiming: StartDeviceIdleController took to complete: 7ms
05-23 09:26:29.379 732 732 D SystemServerTiming: StartDevicePolicyManager
05-23 09:26:29.379 732 732 I SystemServiceManager: Starting com.android.server.devicepolicy.DevicePolicyManagerService$Lifecycle
05-23 09:26:29.399 732 732 V SystemServerTiming: StartDevicePolicyManager took to complete: 20ms
05-23 09:26:29.399 732 732 D SystemServerTiming: StartStatusBarManagerService
05-23 09:26:29.403 732 732 V SystemServerTiming: StartStatusBarManagerService took to complete: 5ms
05-23 09:26:29.404 732 732 D SystemServer: MusicRecognitionManagerService not defined by OEM or disabled by flag
05-23 09:26:29.404 732 805 D SystemServerInitThreadPool: Finished executing PersistentDataBlockService.onStart
05-23 09:26:29.404 732 805 V SystemServerTimingAsync: InitThreadPoolExec:PersistentDataBlockService.onStart took to complete: 43ms
05-23 09:26:29.404 732 732 D SystemServer: ContentCaptureService disabled because resource is not overlaid
05-23 09:26:29.405 732 732 D SystemServer: AttentionService is not configured on this device
05-23 09:26:29.406 732 732 D SystemServer: RotationResolverService is not configured on this device
05-23 09:26:29.407 732 732 D SystemServer: SystemCaptionsManagerService disabled because resource is not overlaid
05-23 09:26:29.407 732 732 D SystemServerTiming: StartTextToSpeechManagerService
05-23 09:26:29.408 732 732 I SystemServiceManager: Starting com.android.server.texttospeech.TextToSpeechManagerService
05-23 09:26:29.411 732 732 V SystemServerTiming: StartTextToSpeechManagerService took to complete: 5ms
05-23 09:26:29.411 732 732 D SystemServerTiming: StartAmbientContextService
05-23 09:26:29.412 732 732 I SystemServiceManager: Starting com.android.server.ambientcontext.AmbientContextManagerService
05-23 09:26:29.415 732 732 V SystemServerTiming: StartAmbientContextService took to complete: 3ms
05-23 09:26:29.415 732 732 D SystemServerTiming: startWearableSensingService
05-23 09:26:29.415 732 732 I SystemServiceManager: Starting com.android.server.wearable.WearableSensingManagerService
05-23 09:26:29.418 732 732 V SystemServerTiming: startWearableSensingService took to complete: 3ms
05-23 09:26:29.418 732 732 D SystemServerTiming: StartSpeechRecognitionManagerService
05-23 09:26:29.418 732 732 I SystemServiceManager: Starting com.android.server.speech.SpeechRecognitionManagerService
05-23 09:26:29.422 732 732 V SystemServerTiming: StartSpeechRecognitionManagerService took to complete: 4ms
05-23 09:26:29.422 732 732 D SystemServer: AppPredictionService not defined by OEM
05-23 09:26:29.422 732 732 D SystemServer: ContentSuggestionsService not defined by OEM
05-23 09:26:29.422 732 732 D SystemServerTiming: StartSearchUiService
05-23 09:26:29.423 732 732 I SystemServiceManager: Starting com.android.server.searchui.SearchUiManagerService
05-23 09:26:29.425 732 732 V SystemServerTiming: StartSearchUiService took to complete: 2ms
05-23 09:26:29.425 732 732 D SystemServerTiming: StartSmartspaceService
05-23 09:26:29.425 732 732 I SystemServiceManager: Starting com.android.server.smartspace.SmartspaceManagerService
05-23 09:26:29.427 732 732 V SystemServerTiming: StartSmartspaceService took to complete: 2ms
05-23 09:26:29.427 732 732 D SystemServerTiming: InitConnectivityModuleConnector
05-23 09:26:29.427 732 732 V SystemServerTiming: InitConnectivityModuleConnector took to complete: 1ms
05-23 09:26:29.427 732 732 D SystemServerTiming: InitNetworkStackClient
05-23 09:26:29.428 732 732 V SystemServerTiming: InitNetworkStackClient took to complete: 0ms
05-23 09:26:29.428 732 732 D SystemServerTiming: StartNetworkManagementService
05-23 09:26:29.433 732 732 V SystemServerTiming: StartNetworkManagementService took to complete: 5ms
05-23 09:26:29.433 732 732 D SystemServerTiming: StartFontManagerService
05-23 09:26:29.642 732 732 V SystemServerTiming: StartFontManagerService took to complete: 209ms
05-23 09:26:29.642 732 732 D SystemServerTiming: StartTextServicesManager
05-23 09:26:29.642 732 732 I SystemServiceManager: Starting com.android.server.textservices.TextServicesManagerService$Lifecycle
05-23 09:26:29.644 732 732 V SystemServerTiming: StartTextServicesManager took to complete: 2ms
05-23 09:26:29.644 732 732 D SystemServerTiming: StartTextClassificationManagerService
05-23 09:26:29.645 732 732 I SystemServiceManager: Starting com.android.server.textclassifier.TextClassificationManagerService$Lifecycle
05-23 09:26:29.650 732 732 V SystemServerTiming: StartTextClassificationManagerService took to complete: 6ms
05-23 09:26:29.651 732 732 D SystemServerTiming: StartNetworkScoreService
05-23 09:26:29.651 732 732 I SystemServiceManager: Starting com.android.server.NetworkScoreService$Lifecycle
05-23 09:26:29.654 732 732 V SystemServerTiming: StartNetworkScoreService took to complete: 3ms
05-23 09:26:29.654 732 732 D SystemServerTiming: StartNetworkStatsService
05-23 09:26:29.655 732 732 I SystemServiceManager: Starting com.android.server.NetworkStatsServiceInitializer
05-23 09:26:29.701 732 732 V SystemServerTiming: StartNetworkStatsService took to complete: 48ms
05-23 09:26:29.702 732 732 D SystemServerTiming: StartNetworkPolicyManagerService
05-23 09:26:29.708 732 732 V SystemServerTiming: StartNetworkPolicyManagerService took to complete: 6ms
05-23 09:26:29.708 732 732 D SystemServerTiming: StartWifi
05-23 09:26:29.709 732 732 I SystemServiceManager: Starting com.android.server.wifi.WifiService
01-01 08:00:16.326 0 0 I [2 T242 ..] servicemanager: Found android.hardware.wifi.IWifi/default in device VINTF manifest.
01-01 08:00:16.338 0 0 I [2 T242 ..] servicemanager: Found android.hardware.wifi.supplicant.ISupplicant/default in device VINTF manifest.
05-23 09:26:29.808 640 640 I wificond: New wificond event callback registered
05-23 09:26:29.822 732 732 V HistoricalRegistry: Interaction before persistence initialized
05-23 09:26:29.822 732 732 V HistoricalRegistry: Interaction before persistence initialized
05-23 09:26:29.829 732 732 V SystemServerTiming: StartWifi took to complete: 121ms
05-23 09:26:29.829 732 732 D SystemServerTiming: StartWifiScanning
05-23 09:26:29.829 732 732 I SystemServiceManager: Starting com.android.server.wifi.scanner.WifiScanningService
05-23 09:26:29.834 732 732 V SystemServerTiming: StartWifiScanning took to complete: 5ms
05-23 09:26:29.834 732 732 D SystemServerTiming: StartWifiP2P
05-23 09:26:29.834 732 732 I SystemServiceManager: Starting com.android.server.wifi.p2p.WifiP2pService
05-23 09:26:29.842 732 732 V SystemServerTiming: StartWifiP2P took to complete: 8ms
05-23 09:26:29.842 732 732 D SystemServerTiming: StartPacProxyService
05-23 09:26:29.844 732 732 V SystemServerTiming: StartPacProxyService took to complete: 3ms
05-23 09:26:29.845 732 732 D SystemServerTiming: StartConnectivityService
05-23 09:26:29.845 732 732 I SystemServiceManager: Starting com.android.server.ConnectivityServiceInitializer
05-23 09:26:29.890 732 732 D CompatibilityChangeReporter: Compat change id reported: 182478738; UID 1000; state: ENABLED
05-23 09:26:29.905 732 884 W BroadcastLoopers: Found previously unknown looper Thread[NsdService,5,main]
05-23 09:26:29.925 732 732 V SystemServerTiming: StartConnectivityService took to complete: 80ms
05-23 09:26:29.925 732 732 D SystemServerTiming: StartVpnManagerService
05-23 09:26:29.930 732 732 V SystemServerTiming: StartVpnManagerService took to complete: 5ms
05-23 09:26:29.930 732 732 D SystemServerTiming: StartVcnManagementService
05-23 09:26:29.936 732 732 V SystemServerTiming: StartVcnManagementService took to complete: 6ms
05-23 09:26:29.936 732 732 D SystemServerTiming: StartSystemUpdateManagerService
05-23 09:26:29.937 732 732 I SystemUpdateManagerService: No existing info file /data/system/system-update-info.xml
05-23 09:26:29.938 732 732 V SystemServerTiming: StartSystemUpdateManagerService took to complete: 2ms
05-23 09:26:29.938 732 732 D SystemServerTiming: StartUpdateLockService
05-23 09:26:29.939 732 732 W BroadcastLoopers: Found previously unknown looper Thread[main,5,main]
05-23 09:26:29.940 732 732 V SystemServerTiming: StartUpdateLockService took to complete: 2ms
05-23 09:26:29.940 732 732 D SystemServerTiming: StartNotificationManager
05-23 09:26:29.941 732 732 I SystemServiceManager: Starting com.android.server.notification.NotificationManagerService
05-23 09:26:29.957 732 732 D ConditionProviders.SCP: new ScheduleConditionProvider()
05-23 09:26:29.980 732 732 D ConditionProviders: Subscribing to condition://android/event?userId=-10000&calendar=&reply=1 with ComponentInfo{android/com.android.server.notification.EventConditionProvider}
05-23 09:26:29.981 732 732 D ConditionProviders: Subscribing to condition://android/schedule?days=1.2.3.4.5.6.7&start=22.0&end=7.0&exitAtAlarm=true with ComponentInfo{android/com.android.server.notification.ScheduleConditionProvider}
05-23 09:26:29.992 732 732 I NotificationAssistants: Read notification assistant permissions from xml
05-23 09:26:29.993 732 732 I ConditionProviders: Read condition provider permissions from xml
05-23 09:26:29.993 732 732 I ConditionProviders: Read condition provider permissions from xml
05-23 09:26:29.993 732 732 D NotificationAssistants: Approving default notification assistant for user 0
05-23 09:26:29.994 732 732 I ConditionProviders: Allowing condition provider android.ext.services/android.ext.services.notification.Assistant (userSet: true)
05-23 09:26:29.999 732 732 W SystemServiceManager: Service com.android.server.notification.NotificationManagerService took 56 ms in onStart
05-23 09:26:30.006 732 732 V SystemServerTiming: StartNotificationManager took to complete: 66ms
05-23 09:26:30.006 732 732 D SystemServerTiming: StartDeviceMonitor
05-23 09:26:30.006 732 732 I SystemServiceManager: Starting com.android.server.storage.DeviceStorageMonitorService
05-23 09:26:30.008 732 732 V SystemServerTiming: StartDeviceMonitor took to complete: 2ms
05-23 09:26:30.008 732 732 D SystemServerTiming: StartTimeDetectorService
05-23 09:26:30.008 732 732 I SystemServiceManager: Starting com.android.server.timedetector.TimeDetectorService$Lifecycle
05-23 09:26:30.016 732 732 V SystemServerTiming: StartTimeDetectorService took to complete: 8ms
05-23 09:26:30.016 732 732 D SystemServerTiming: StartLocationManagerService
05-23 09:26:30.016 732 732 I SystemServiceManager: Starting com.android.server.location.LocationManagerService$Lifecycle
05-23 09:26:30.025 732 732 V SystemServerTiming: StartLocationManagerService took to complete: 9ms
05-23 09:26:30.025 732 732 D SystemServerTiming: StartCountryDetectorService
05-23 09:26:30.026 732 732 V SystemServerTiming: StartCountryDetectorService took to complete: 1ms
05-23 09:26:30.026 732 732 D SystemServerTiming: StartTimeZoneDetectorService
05-23 09:26:30.027 732 732 I SystemServiceManager: Starting com.android.server.timezonedetector.TimeZoneDetectorService$Lifecycle
05-23 09:26:30.034 732 732 V SystemServerTiming: StartTimeZoneDetectorService took to complete: 7ms
05-23 09:26:30.034 732 732 D SystemServerTiming: StartAltitudeService
05-23 09:26:30.034 732 732 I SystemServiceManager: Starting com.android.server.location.altitude.AltitudeService$Lifecycle
05-23 09:26:30.036 732 732 V SystemServerTiming: StartAltitudeService took to complete: 2ms
05-23 09:26:30.036 732 732 D SystemServerTiming: StartLocationTimeZoneManagerService
05-23 09:26:30.036 732 732 I SystemServiceManager: Starting com.android.server.timezonedetector.location.LocationTimeZoneManagerService$Lifecycle
05-23 09:26:30.036 732 732 D LocationTZDetector: Geo time zone detection feature is disabled in config
05-23 09:26:30.036 732 732 V SystemServerTiming: StartLocationTimeZoneManagerService took to complete: 1ms
05-23 09:26:30.036 732 732 D SystemServerTiming: StartSearchManagerService
05-23 09:26:30.037 732 732 I SystemServiceManager: Starting com.android.server.search.SearchManagerService$Lifecycle
05-23 09:26:30.039 732 732 V SystemServerTiming: StartSearchManagerService took to complete: 2ms
05-23 09:26:30.039 732 732 D SystemServerTiming: StartWallpaperManagerService
05-23 09:26:30.040 732 732 I SystemServiceManager: Starting com.android.server.wallpaper.WallpaperManagerService$Lifecycle
05-23 09:26:30.043 732 732 V SystemServerTiming: StartWallpaperManagerService took to complete: 4ms
05-23 09:26:30.043 732 732 D SystemServerTiming: StartWallpaperEffectsGenerationService
05-23 09:26:30.044 732 732 I SystemServiceManager: Starting com.android.server.wallpapereffectsgeneration.WallpaperEffectsGenerationManagerService
05-23 09:26:30.046 732 732 V SystemServerTiming: StartWallpaperEffectsGenerationService took to complete: 2ms
05-23 09:26:30.046 732 732 D SystemServerTiming: StartAudioService
05-23 09:26:30.046 732 732 I SystemServiceManager: Starting com.android.server.audio.AudioService$Lifecycle
05-23 09:26:30.114 732 732 V SystemServerTiming: StartAudioService took to complete: 69ms
05-23 09:26:30.114 732 732 D SystemServerTiming: StartSoundTriggerMiddlewareService
05-23 09:26:30.115 732 732 I SystemServiceManager: Starting com.android.server.soundtrigger_middleware.SoundTriggerMiddlewareService$Lifecycle
05-23 09:26:30.118 732 732 I SoundTriggerMiddlewareDefaultHalFactory: Connecting to default soundtrigger-V2.x.ISoundTriggerHw
05-23 09:26:30.123 732 732 E SoundTriggerMiddlewareImpl: Failed to add a SoundTriggerModule instance
05-23 09:26:30.123 732 732 E SoundTriggerMiddlewareImpl: java.util.NoSuchElementException
05-23 09:26:30.123 732 732 E SoundTriggerMiddlewareImpl: at android.os.HwBinder.getService(Native Method)
05-23 09:26:30.123 732 732 E SoundTriggerMiddlewareImpl: at android.hardware.soundtrigger.V2_0.ISoundTriggerHw.getService(ISoundTriggerHw.java:57)
05-23 09:26:30.123 732 732 E SoundTriggerMiddlewareImpl: at android.hardware.soundtrigger.V2_0.ISoundTriggerHw.getService(ISoundTriggerHw.java:64)
05-23 09:26:30.123 732 732 E SoundTriggerMiddlewareImpl: at com.android.server.soundtrigger_middleware.DefaultHalFactory.create(DefaultHalFactory.java:76)
05-23 09:26:30.123 732 732 E SoundTriggerMiddlewareImpl: at com.android.server.soundtrigger_middleware.SoundTriggerModule.attachToHal(SoundTriggerModule.java:176)
05-23 09:26:30.123 732 732 E SoundTriggerMiddlewareImpl: at com.android.server.soundtrigger_middleware.SoundTriggerModule.(SoundTriggerModule.java:105)
05-23 09:26:30.123 732 732 E SoundTriggerMiddlewareImpl: at com.android.server.soundtrigger_middleware.SoundTriggerMiddlewareImpl.(SoundTriggerMiddlewareImpl.java:86)
05-23 09:26:30.123 732 732 E SoundTriggerMiddlewareImpl: at com.android.server.soundtrigger_middleware.SoundTriggerMiddlewareService$Lifecycle.onStart(SoundTriggerMiddlewareService.java:248)
05-23 09:26:30.123 732 732 E SoundTriggerMiddlewareImpl: at com.android.server.SystemServiceManager.startService(SystemServiceManager.java:255)
05-23 09:26:30.123 732 732 E SoundTriggerMiddlewareImpl: at com.android.server.SystemServiceManager.startService(SystemServiceManager.java:233)
05-23 09:26:30.123 732 732 E SoundTriggerMiddlewareImpl: at com.android.server.SystemServer.startOtherServices(SystemServer.java:2226)
05-23 09:26:30.123 732 732 E SoundTriggerMiddlewareImpl: at com.android.server.SystemServer.run(SystemServer.java:946)
05-23 09:26:30.123 732 732 E SoundTriggerMiddlewareImpl: at com.android.server.SystemServer.main(SystemServer.java:668)
05-23 09:26:30.123 732 732 E SoundTriggerMiddlewareImpl: at java.lang.reflect.Method.invoke(Native Method)
05-23 09:26:30.123 732 732 E SoundTriggerMiddlewareImpl: at com.android.internal.os.RuntimeInit$MethodAndArgsCaller.run(RuntimeInit.java:552)
05-23 09:26:30.123 732 732 E SoundTriggerMiddlewareImpl: at com.android.internal.os.ZygoteInit.main(ZygoteInit.java:956)
05-23 09:26:30.128 732 732 V SystemServerTiming: StartSoundTriggerMiddlewareService took to complete: 13ms
05-23 09:26:30.128 732 732 D SystemServerTiming: StartWiredAccessoryManager
05-23 09:26:30.129 732 732 W WiredAccessoryManager: This kernel does not have wired headset support
05-23 09:26:30.130 732 732 W WiredAccessoryManager: This kernel does not have usb audio support
05-23 09:26:30.130 732 732 W WiredAccessoryManager: This kernel does not have HDMI audio support
05-23 09:26:30.130 732 732 V SystemServerTiming: StartWiredAccessoryManager took to complete: 3ms
05-23 09:26:30.130 732 732 D SystemServerTiming: StartAdbService
05-23 09:26:30.131 732 732 I SystemServiceManager: Starting com.android.server.adb.AdbService$Lifecycle
05-23 09:26:30.134 732 732 V SystemServerTiming: StartAdbService took to complete: 3ms
05-23 09:26:30.134 732 732 D SystemServerTiming: StartUsbService
