05-23 16:12:46.656 732 891 I AS.AudioDeviceInventory: deviceInfo:[DeviceInfo: type:0x400 (hdmi) name: addr: codec: 0 sensorUuid: null disabled modes: {}] is(already)Connected:true
05-23 16:12:46.672 732 891 I AS.AudioDeviceInventory: sendDeviceConnectionIntent(dev:0x400 state:0x0 address: name:);
01-01 08:01:03.553 0 0 I : [2 T358 ..] [drm] [meson_hdmitx_encoder_atomic_disable]
01-01 08:01:03.553 0 0 I : [2 T358 ..] [drm] am_meson_crtc_atomic_disable-[0]:in
01-01 08:01:03.554 0 0 I [2 T358 d.] [hdmitx: ] hdmitx_set_drm_pkt: disable drm pkt
01-01 08:01:03.555 0 0 I [2 T358 d.] [hdmitx: ] TV not support DV, clr dv_vsif
01-01 08:01:03.556 0 0 I [2 T358 d.] [hdmitx: ] DV H14b VSIF, switching signal to SDR
01-01 08:01:03.558 0 0 I [2 T358 ..] [hdmitx: ] hdmitx_set_hdr10plus_pkt: null vsif
01-01 08:01:03.558 0 0 I [2 T358 ..] [hdmitx: ] hdmitx_unregister_vrr ret = 0
01-01 08:01:03.559 0 0 I : [2 T358 ..] [drm] am_meson_crtc_atomic_enable-[0] in: new[dummy_l], old[smpte60hz], vmode[4-4], uboot[0]
01-01 08:01:03.560 0 0 I : [2 T358 ..] [drm] am_meson_crtc_atomic_enable-[0]: enable mode dummy_l final vmode 7
01-01 08:01:03.561 0 0 I : [2 T358 ..] dummy_encl_set_current_vmode finished
01-01 08:01:03.562 0 0 I : [2 T358 ..] [drm] meson_vout_update_mode_name: dummy update vout 1 name dummy_l.
01-01 08:01:03.563 0 0 I : [2 T358 ..] [drm] meson_dummyl_encoder_atomic_enable: vmode:7 skip atomic enable!
05-23 16:12:46.850 732 756 D LocalDisplayAdapter: The active mode was changed from SurfaceFlinger or the display device to {id=27, width=4096, height=2160, fps=60.000004, alternativeRefreshRates=[], supportedHdrTypes=[]}
05-23 16:12:46.851 732 756 D LocalDisplayAdapter: New display modes are added and the active mode has changed, use active mode as default mode.
05-23 16:12:46.851 732 756 W LocalDisplayAdapter: DisplayModeSpecs base mode no longer available, using currently active mode.
05-23 16:12:46.852 732 756 I DisplayDeviceRepository: Display device changed: DisplayDeviceInfo{"内置å±å¹•": uniqueId="local:4625716335649126413", 4096 x 2160, modeId 6, renderFrameRate 60.000004, defaultModeId 6, supportedModes [{id=3, width=1920, height=1080, fps=59.94006, alternativeRefreshRates=[], supportedHdrTypes=[2]}, {id=4, width=1920, height=1080, fps=60.000004, alternativeRefreshRates=[], supportedHdrTypes=[2]}, {id=5, width=4096, height=2160, fps=59.94006, alternativeRefreshRates=[], supportedHdrTypes=[2]}, {id=6, width=4096, height=2160, fps=60.000004, alternativeRefreshRates=[], supportedHdrTypes=[2]}, {id=7, width=4096, height=2160, fps=50.0, alternativeRefreshRates=[], supportedHdrTypes=[2]}, {id=8, width=4096, height=2160, fps=29.97003, alternativeRefreshRates=[], supportedHdrTypes=[2]}, {id=9, width=4096, height=2160, fps=30.000002, alternativeRefreshRates=[], supportedHdrTypes=[2]}, {id=10, width=4096, height=2160, fps=23.976025, alternativeRefreshRates=[], supportedHdrTypes=[2]}, {id=11, width=4096, height=2160, fps=24.000002, alternativeRefreshRates=[], supportedHdrTypes=[2]}, {id=12, width=3840, height=2160, fps=59.94006, alternativeRefreshRates=[], supportedHdrTypes=[2]}, {id=13, width=3840, height=2160, fps=60.000004, alternativeRefreshRates=[], supportedHdrTypes=[2]}, {id=14, width=3840, height=2160, fps=50.0, alternativeRefreshRates=[], supportedHdrTypes=[2]}, {id=15, width=3840, height=2160, fps=29.97003, alternativeRefreshRates=[], supportedHdrTypes=[2]}, {id=16, width=3840, height=2160, fps=30.000002, alternativeRefreshRates=[], supportedHdrTypes=[2]}, {id=17, width=3840, height=2160, fps=25.0, alternativeRefreshRates=[], supportedHdrTypes=[2]}, {id=18, width=3840, height=2160, fps=23.976025, alternativeRefreshRates=[], supportedHdrTypes=[2]}, {id=19, width=3840, height=2160, fps=24.000002, alternativeRefreshRates=[], supportedHdrTypes=[2]}, {id=20, width=1920, height=1080, fps=50.0, alternativeRefreshRates=[], supportedHdrTypes=[2]}, {id=21, width=1280, height=720, fps=59.94006, alternativeRefreshRates=[], supportedHdrTypes=[2]}, {id=22, width=1280, height=720, fps=60.000004, alternativeRefreshRates=[], supportedHdrTypes=[2]}, {id=23, width=1280, height=720, fps=50.0, alternativeRefreshRates=[], supportedHdrTypes=[2]}, {id=24, width=720, height=576, fps=50.0, alternativeRefreshRates=[], supportedHdrTypes=[2]}, {id=25, width=720, height=480, fps=59.94006, alternativeRefreshRates=[], supportedHdrTypes=[2]}, {id=26, width=720, height=480, fps=60.000004, alternativeRefreshRates=[], supportedHdrTypes=[2]}], colorMode 0, supportedColorModes [0], hdrCapabilities HdrCapabilities{mSupportedHdrTypes=[2], mMaxLuminance=500.0, mMaxAverageLuminance=500.0, mMinLuminance=0.0}, allmSupported false, gameContentTypeSupported true, density 480, 85.277 x 79.513 dpi, appVsyncOff 2000000, presDeadline 13666666, touch INTERNAL, rotation 0, type INTERNAL, address {port=13, model=0x4031d87fca1678}, deviceProductInfo DeviceProductInfo{name=Mi TV, manufacturerPnpId=XMD, productId=74, modelYear=null, manufactureDate=ManufactureDate{week=13, year=2019}, connectionToSinkType=2}, state ON, committedState ON, frameRateOverride , brightnessMinimum 0.0, brightnessMaximum 1.0, brightnessDefault 0.39763778, hdrSdrRatio NaN, FLAG_ALLOWED_TO_BE_DEFAULT_DISPLAY, FLAG_ROTATES_WITH_CONTENT, FLAG_SECURE, FLAG_SUPPORTS_PROTECTED_BUFFERS, FLAG_TRUSTED, installOrientation 0, displayShape DisplayShape{ spec=215504843 displayWidth=4096 displayHeight=2160 physicalPixelDisplaySizeRatio=1.0 rotation=0 offsetX=0 offsetY=0 scale=1.0}}
05-23 16:12:46.889 732 732 D HDMI : [R]: 0F:80:00:00:30:00
05-23 16:12:46.891 732 732 D HDMI : addCecDevice new:CEC: logical_address: 0x00 device_type: 0 cec_version: 5 vendor_id: 16777215 display_name: TV power_status: -1 physical_address: 0xFFFF port_id: -1 old:null
05-23 16:12:46.891 732 732 D HdmiControlService: Switching to full volume behavior
05-23 16:12:46.891 732 732 D HDMI : TV is available now for receiving its message
05-23 16:12:46.891 732 732 D AudioService: onStatusChange cecEnabled:true available:true
05-23 16:12:46.893 732 732 D HDMI : setActiveSource logical:0xffffffff physical:0x3000 HdmiCecLocalDevicePlayback#handleRoutingChangeAndInformation()
05-23 16:12:46.894 732 732 D HDMI : ActiveSourceHistoryRecord active source=(invalid, 0x3000) isActiveSource=false from=HdmiCecLocalDevicePlayback#handleRoutingChangeAndInformation()
05-23 16:12:46.894 732 732 D HDMI : setActiveSource logical:0x04 physical:0x3000 HdmiCecLocalDevicePlayback#handleRoutingChangeAndInformation()
05-23 16:12:46.895 732 732 D HDMI : ActiveSourceHistoryRecord active source=(0x04, 0x3000) isActiveSource=true from=HdmiCecLocalDevicePlayback#handleRoutingChangeAndInformation()
05-23 16:12:46.896 732 732 D HDMI : setActiveSource logical:0x04 physical:0x3000 ActiveSourceAction
05-23 16:12:46.897 732 732 D HDMI : ActiveSourceHistoryRecord active source=(0x04, 0x3000) isActiveSource=true from=ActiveSourceAction
05-23 16:12:46.898 732 732 D HdmiControlService: Switching to full volume behavior
05-23 16:12:46.898 732 732 D HdmiControlService: Switching to full volume behavior
05-23 16:12:46.898 732 732 D HdmiControlService: Switching to full volume behavior
05-23 16:12:46.899 732 910 D HDMI : [S]: 4F:82:30:00
05-23 16:12:47.031 732 910 D HDMI : [S]: 40:8E:00
05-23 16:12:48.249 732 732 D HDMI : [R]: 04:44
05-23 16:12:48.328 732 732 D HDMI : [R]: 04:45
01-01 08:01:05.344 0 0 I [0 T150 ..] [hdmitx: ] UTC+0 2025-05-23 08:12:48 HPD HIGH
01-01 08:01:05.864 0 0 I [0 T61 ..] [hdmitx: ] system: plugin
01-01 08:01:05.864 0 0 I [0 T61 ..] [hdmitx: ] plugin sequence id: 4294908760
01-01 08:01:05.903 0 0 I [2 T61 ..] cec: [hdmitx_notify_callback] unsupported notify:3
01-01 08:01:05.903 0 0 W : [2 T61 ..] [RX]-up_phy_addr = 3
01-01 08:01:05.904 0 0 I [2 T61 ..] [hdmitx: ] edid: blk0 raw data
01-01 08:01:05.904 0 0 I [2 T61 ..] [hdmitx: ] 00ffffffffffff0061a44a00010000000d1d0103807a45780acf74a3574cb02309484c2108008180454061409500010101010101010108e80030f2705a80b058
01-01 08:01:05.904 0 0 I : [2 T61 ..] 8a00c48e2100001e023a801871382d40582c4500c48e2100001e000000fc004d692054560a20202020202020000000fd003b461f8c3c000a2020202020200188
01-01 08:01:05.908 0 0 I [2 T61 ..] [hdmitx: ] edid: blk1 raw data
01-01 08:01:05.909 0 0 I [3 T61 ..] [hdmitx: ] 02035df25901020384050607901112131415161f5d5e5f606162636465662f0907051507503d07c05707005f7e01830100006e030c003000b83c2f0080010203
01-01 08:01:05.909 0 0 I : [3 T61 ..] 0467d85dc401788803e305c301e50f00008c01e3060501e5018b8490018c0ad08a20e02d10103e9600c48e210000180000000000000000000000000000000054
01-01 08:01:05.912 0 0 I : [3 T61 ..] [drm] drm hdmitx hpd notify
05-23 16:12:49.146 732 839 V WindowManager: app ------------- force_land :0
05-23 16:12:49.161 732 732 D HDMI : Hotplug event:[port:0, connected:true]
01-01 08:01:05.947 0 0 I [1 T358 ..] vc: [0]get capability: min 64 64; max 4096 2160
01-01 08:01:05.948 0 0 I [1 T358 ..] vc: [1]get capability: min 64 64; max 2048 1080
05-23 16:12:49.186 732 732 D HDMI : initPortInfo port info:port_id: 0, type: HDMI_OUT, address: 0x3000, cec: true, arc: true, mhl: false, earc: false
05-23 16:12:49.193 732 891 D AudioService: setWiredDeviceConnectionState( type:400 state:DEVICE_STATE_AVAILABLE addr: name:) from android
05-23 16:12:49.194 732 891 I AS.AudioDeviceInventory: handleDeviceConnection(true dev:400 address: name:)
05-23 16:12:49.194 732 891 I AS.AudioDeviceInventory: deviceKey:0x400:
05-23 16:12:49.194 732 891 I AS.AudioDeviceInventory: deviceInfo:null is(already)Connected:false
01-01 08:01:06.008 0 0 I [3 T358 ..] [hdmitx: ] avmute_store 1
01-01 08:01:06.065 0 0 I : [0 T358 ..] [drm] build_hdmitx_attr_str:420,10bit = 3+10
01-01 08:01:06.065 0 0 I : [0 T358 ..] [drm] am_meson_crtc_atomic_disable-[0]:in
01-01 08:01:06.067 0 0 I : [1 T358 ..] dummy_encl_disable finished
01-01 08:01:06.067 0 0 I : [1 T358 ..] [drm] am_meson_crtc_atomic_enable-[0] in: new[smpte60hz], old[dummy_l], vmode[4-4], uboot[0]
01-01 08:01:06.068 0 0 I : [1 T358 ..] [drm] am_meson_crtc_atomic_enable-[0]: enable mode smpte60hz final vmode 0
01-01 08:01:06.070 0 0 I [1 T358 ..] [hdmitx: ] set21_s7d_htxpll_clk_out[96] htxpll vco 3712500 div 1
01-01 08:01:06.070 0 0 I [1 T358 ..] [hdmitx: ] pll_od0 = 0, pll_od2 = 0, pll_od1 = 1
01-01 08:01:06.071 0 0 I [1 T358 ..] [hdmitx: ] clocks_set_vid_clk_div_for_hdmi[402] div = 8
01-01 08:01:06.072 0 0 I [1 T358 ..] [hdmitx: ] configure venc
01-01 08:01:06.072 0 0 I [1 T358 ..] [hdmitx: ] config_tv_enc_calc[63] vic = 102
01-01 08:01:06.073 0 0 I [1 T358 ..] [hdmitx: ] hdmitx_soft_reset[1261]
01-01 08:01:06.074 0 0 I [1 T358 ..] [hdmitx: ] config hdmitx IP vic = 102 cd:5 cs: 3
01-01 08:01:06.075 0 0 I [1 T358 ..] [hdmitx: ] configure hdmitx21
01-01 08:01:06.081 0 0 E [1 T358 ..] [hdmitx: ] *HDMITX_ERROR* hdmitx21_poll_reg addr:0x8 exp_data:0x0 rd_data:0x10 poll time-out!
01-01 08:01:06.082 0 0 I [1 T358 ..] [hdmitx: ] hdmitx_set_dispmode[1527] frl_rate 0 htotal 4400 cs 3 cd 5 h_unstable 0
01-01 08:01:06.130 0 0 I [3 T358 ..] [hdmitx: ] set21_phy_by_mode_s7d[188] rterm = 7
01-01 08:01:06.132 0 0 I [2 T358 ..] [hdmitx: ] Sink is HDMI device
01-01 08:01:06.132 0 0 I [2 T358 ..] [hdmitx: ] clear vsif for non-4k mode.
01-01 08:01:06.133 0 0 I [2 T358 d.] [hdmitx: ] hdmitx_set_drm_pkt: hdr.sdr pkt sent
01-01 08:01:06.134 0 0 I [2 T358 ..] [hdmitx: ] set audio
01-01 08:01:06.134 0 0 I [2 T358 ..] [hdmitx: ] audio_param->chs = 1
01-01 08:01:06.135 0 0 I [2 T358 ..] [hdmitx: ] aud_src_if = 0
05-23 16:12:49.371 732 910 D HDMI : New logical address for device [4]: [preferred:4, assigned:4]
01-01 08:01:06.137 0 0 I [2 T358 ..] [hdmitx: ] aud_n_para = 20480
01-01 08:01:06.140 0 0 I [2 T358 ..] [hdmitx: ] vinfo: set cur_enc_ppc as 1, vpp color: 0
01-01 08:01:06.145 0 0 I [3 T688 ..] [snd-soc]: aml_audio_reset, reg 0xa, shift 9, use_vadtop 0
01-01 08:01:06.145 0 0 I [3 T688 ..] [snd-soc]: aml_audio_reset, reg 0xa, shift 14, use_vadtop 0
01-01 08:01:06.149 0 0 I [0 T2763 dh] [hdmitx: ] hdmitx_set_drm_pkt: tf=16, cf=9, colormetry=0
01-01 08:01:06.150 0 0 I [2 T688 ..] [hdmitx: ] hdmitx_audio_notify_callback[804] type:1 rate:0 size:0 chs:0 i2s_ch_mask:0 aud_src_if:0
01-01 08:01:06.151 0 0 E [2 T688 ..] [hdmitx: ] *HDMITX_ERROR* audio chn setting, must be 2, 4, 6 or 8, Rst as def
01-01 08:01:06.152 0 0 I [3 T358 ..] DOLBY: vout_notify_callback: VOUT_EVENT_MODE_CHANGE
01-01 08:01:06.153 0 0 I [2 T688 ..] [hdmitx: ] aout notify format CT_PCM
01-01 08:01:06.154 0 0 I : [3 T358 ..] vsync_pts_inc 1500 1/60
01-01 08:01:06.154 0 0 I [2 T688 ..] [hdmitx: ] set audio
01-01 08:01:06.155 0 0 I [2 T688 ..] [hdmitx: ] audio_param->chs = -1
01-01 08:01:06.155 0 0 I : [3 T358 ..] [drm] meson_vout_update_mode_name: hdmitx update vout 1 name smpte60hz.
01-01 08:01:06.157 0 0 I [2 T688 ..] [hdmitx: ] aud_src_if = 0
01-01 08:01:06.157 0 0 I [2 T688 ..] [hdmitx: ] aud_n_para = 5120
01-01 08:01:06.158 0 0 I [2 T688 ..] [hdmitx: ] set audio param
01-01 08:01:06.159 0 0 I [2 T688 ..] [hdmitx: ] hdmitx_audio_notify_callback[804] type:10 rate:3 size:1 chs:2 i2s_ch_mask:1 aud_src_if:0
01-01 08:01:06.160 0 0 I [3 T688 ..] [hdmitx: ] aout notify format CT_DOLBY_D
01-01 08:01:06.161 0 0 I [2 T688 ..] [hdmitx: ] set audio
01-01 08:01:06.161 0 0 I [2 T688 ..] [hdmitx: ] audio_param->chs = 1
01-01 08:01:06.162 0 0 I [2 T688 ..] [hdmitx: ] aud_src_if = 0
01-01 08:01:06.162 0 0 I [3 T688 ..] [hdmitx: ] aud_n_para = 20480
01-01 08:01:06.163 0 0 I [2 T688 ..] [hdmitx: ] set audio param
01-01 08:01:06.164 0 0 D [2 T688 ..] [snd-soc]: aml_spdif_fifo_ctrl, bit depth:16, frddr type:1, toddr:type:1
05-23 16:12:49.400 732 732 D HDMI : addCecDevice new:CEC: logical_address: 0x04 device_type: 4 cec_version: 5 vendor_id: 1877008 display_name: DBBOX-A3 power_status: 0 physical_address: 0x3000 port_id: 0 old:null
05-23 16:12:49.416 732 732 D HDMI : onAddressAllocated address:4 reason:4
05-23 16:12:49.419 732 732 D HDMI : DeviceDiscoveryAction start com.android.server.hdmi.DeviceDiscoveryAction@98f425f
05-23 16:12:49.421 732 910 D HDMI : [S]: 4F:84:30:00:04
01-01 08:01:06.217 0 0 I [3 T358 ..] [hdmitx: ] avmute_store -1
05-23 16:12:49.512 732 756 D LocalDisplayAdapter: The active mode was changed from SurfaceFlinger or the display device to {id=31, width=4096, height=2160, fps=60.000004, alternativeRefreshRates=[], supportedHdrTypes=[2]}
05-23 16:12:49.512 732 756 D LocalDisplayAdapter: New display modes are added and the active mode has changed, use active mode as default mode.
05-23 16:12:49.512 732 756 W LocalDisplayAdapter: DisplayModeSpecs base mode no longer available, using currently active mode.
05-23 16:12:49.513 732 756 I DisplayDeviceRepository: Display device changed: DisplayDeviceInfo{"内置å±å¹•": uniqueId="local:4625716335649126413", 4096 x 2160, modeId 27, renderFrameRate 60.000004, defaultModeId 27, supportedModes [{id=27, width=4096, height=2160, fps=60.000004, alternativeRefreshRates=[], supportedHdrTypes=[]}], colorMode 0, supportedColorModes [0], hdrCapabilities HdrCapabilities{mSupportedHdrTypes=[], mMaxLuminance=500.0, mMaxAverageLuminance=500.0, mMinLuminance=0.0}, allmSupported false, gameContentTypeSupported true, density 480, 85.277 x 79.513 dpi, appVsyncOff 2000000, presDeadline 13666666, touch INTERNAL, rotation 0, type INTERNAL, address {port=13, model=0x4031d87fca1678}, deviceProductInfo DeviceProductInfo{name=Linux FHD, manufacturerPnpId=LNX, productId=0, modelYear=null, manufactureDate=ManufactureDate{week=5, year=2012}, connectionToSinkType=0}, state ON, committedState ON, frameRateOverride , brightnessMinimum 0.0, brightnessMaximum 1.0, brightnessDefault 0.39763778, hdrSdrRatio NaN, FLAG_ALLOWED_TO_BE_DEFAULT_DISPLAY, FLAG_ROTATES_WITH_CONTENT, FLAG_SECURE, FLAG_SUPPORTS_PROTECTED_BUFFERS, FLAG_TRUSTED, installOrientation 0, displayShape DisplayShape{ spec=215504843 displayWidth=4096 displayHeight=2160 physicalPixelDisplaySizeRatio=1.0 rotation=0 offsetX=0 offsetY=0 scale=1.0}}
05-23 16:12:49.543 732 891 I AS.AudioDeviceInventory: sendDeviceConnectionIntent(dev:0x400 state:0x1 address: name:);
05-23 16:12:49.579 732 910 D HDMI : [S]: 4F:87:1C:A4:10
05-23 16:12:49.731 732 910 D HDMI : [S]: 40:8C
05-23 16:12:49.814 732 910 D HDMI : [S]: 40:47
05-23 16:12:50.093 732 910 D HDMI : [S]: 45:7D
05-23 16:12:50.210 732 910 E HDMI : [2]:Failed to send 45:7D with errorCode=1
05-23 16:12:50.210 732 732 D HDMI : AVR did not respond to
05-23 16:12:50.211 732 732 D HdmiControlService: Switching to full volume behavior
05-23 16:12:50.607 732 833 D ActivityManager: sync unfroze 2031 com.android.providers.tv for 6
05-23 16:12:50.619 732 732 D HdmiCecController: [P]:AllocatedAddress=[0]
05-23 16:12:50.619 732 910 D HDMI : [S]: 40:83
05-23 16:12:50.639 732 975 D OomAdjuster: Not killing cached processes
05-23 16:12:50.796 732 732 D HDMI : [R]: 04:46
05-23 16:12:50.797 732 732 D HDMI : addCecDevice new:CEC: logical_address: 0x00 device_type: 0 cec_version: 5 vendor_id: 16777215 display_name: TV power_status: -1 physical_address: 0xFFFF port_id: -1 old:null
05-23 16:12:50.798 732 732 D HdmiControlService: Switching to full volume behavior
05-23 16:12:50.799 732 910 D HDMI : [S]: 40:47
05-23 16:12:50.953 732 732 D HDMI : [R]: 0F:87:00:EC:0A
05-23 16:12:51.035 732 732 D HDMI : [R]: 04:8C
05-23 16:12:51.193 732 732 D HDMI : [R]: 0F:84:00:00:00
05-23 16:12:51.195 732 732 D HDMI : addCecDevice new:CEC: logical_address: 0x00 device_type: 0 cec_version: 5 vendor_id: 60426 display_name: TV power_status: -1 physical_address: 0x0000 port_id: -1 old:CEC: logical_address: 0x00 device_type: 0 cec_version: 5 vendor_id: 60426 display_name: TV power_status: -1 physical_address: 0xFFFF port_id: -1
05-23 16:12:51.196 732 732 D HdmiControlService: Switching to full volume behavior
05-23 16:12:51.451 732 910 D HDMI : [S]: 4F:87:1C:A4:10
05-23 16:12:51.604 732 910 D HDMI : [S]: 40:46
05-23 16:12:52.014 732 732 D HDMI : [R]: 04:47
05-23 16:12:52.015 732 732 D HdmiCecNetwork: Updating device OSD name from TV to MiTV-ANSP0
05-23 16:12:52.016 732 910 D HDMI : [S]: 40:8F
05-23 16:12:52.210 732 732 D HDMI : [R]: 04:90:00
05-23 16:12:52.214 732 732 D HDMI : addCecDevice new:CEC: logical_address: 0x00 device_type: 0 cec_version: 5 vendor_id: 60426 display_name: MiTV-ANSP0 power_status: 0 physical_address: 0x0000 port_id: -1 old:CEC: logical_address: 0x00 device_type: 0 cec_version: 5 vendor_id: 60426 display_name: MiTV-ANSP0 power_status: 0 physical_address: 0x0000 port_id: -1
05-23 16:12:52.215 732 732 D HdmiControlService: Switching to full volume behavior
05-23 16:12:52.216 732 732 D HDMI : addCecDevice new:CEC: logical_address: 0x04 device_type: 4 cec_version: 5 vendor_id: 1877008 display_name: DBBOX-A3 power_status: 0 physical_address: 0x3000 port_id: 0 old:null
05-23 16:12:52.906 732 815 W ProcessStats: Tracking association SourceState{1ebb351 com.ktcp.video:daemon/10077 Fgs #444} whose proc state 3 is better than process ProcessState{3283533 com.ktcp.video/10077 pkg=com.ktcp.video} proc state 10 (20 skipped)
05-23 16:13:00.626 732 763 I UsageStatsService: Time changed in by 24329 seconds
05-23 16:13:00.629 732 928 D OomAdjuster: Not killing cached processes
05-23 16:13:00.688 732 829 D ActivityManager: freezing 2031 com.android.providers.tv
01-01 08:01:17.849 0 0 W : [1 T948 ..] [SP FRAME RX] arp req,vif_idx:0 sender:[ee:08:6c:a8:67:93 192.168.3.184]receiver:[00:00:00:00:00:00 192.168.3.167]
01-01 08:01:17.850 0 0 W : [1 T948 ..] [SP FRAME TX] arp rsp,vif_idx:0 sender:[1c:79:2d:20:62:97 192.168.3.167]receiver:[ee:08:6c:a8:67:93 192.168.3.184]
05-23 16:13:02.905 732 829 D ActivityManager: freezing 1606 android.process.media
05-23 16:13:02.955 732 829 D ActivityManager: freezing 2108 com.android.statementservice
05-23 16:13:02.956 732 829 D ActivityManager: freezing 2054 com.android.rkpdapp
01-01 08:01:20.876 0 0 W : [2 T61 ..] [aml_send_sync_trace 4388] sync token[25235]
01-01 08:01:20.876 0 0 W : [2 T61 ..] >>> aml_send_msg()
01-01 08:01:20.877 0 0 W : [2 T947 ..] ipc_sdio_host_msgack_handler 000000008ec67ee1
01-01 08:01:20.877 0 0 W : [2 T947 ..] [aml_msgackind 2038] msg ack hostid=0xffffff807c0e5780
01-01 08:01:20.878 0 0 W : [2 T947 ..] [cmd_mgr_llind 329] cmd tkn[32] flags:0008 result: -4 cmd: 105-MM_SYNC_TRACE - reqcfm( 0-none)
01-01 08:01:20.880 0 0 W : [2 T947 ..] [cmd_complete 65] cmd tkn[32] flags:0000 result: -4 cmd: 105-MM_SYNC_TRACE - reqcfm( 0-none)
05-23 16:13:06.312 732 732 V HotPlugDetectionAction: Poll all devices.
05-23 16:13:06.711 732 764 D OomAdjuster: Not killing cached processes
05-23 16:13:06.714 732 764 W ProcessStats: Tracking association SourceState{1ebb351 com.ktcp.video:daemon/10077 Fgs #453} whose proc state 3 is better than process ProcessState{3283533 com.ktcp.video/10077 pkg=com.ktcp.video} proc state 10 (5 skipped)
05-23 16:13:06.714 732 732 D HdmiCecController: [P]:AllocatedAddress=[0]
01-01 08:01:24.016 0 0 W : [3 T948 ..] [SP FRAME RX] DHCP[1 0], vif_idx:0
05-23 16:13:07.426 732 975 W BatteryExternalStatsWorker: error reading Bluetooth stats: 11
05-23 16:13:09.727 732 956 I ActivityManager: Background started FGS: Allowed [callingPackage: com.dangbei.screencast; callingUid: 10043; uidState: FGS ; uidBFSL: [BFSL]; intent: Intent { cmp=com.dangbei.screencast/.startup.GuardService }; code:PROC_STATE_FGS; tempAllowListReason:; targetSdkVersion:28; callerTargetSdkVersion:28; startForegroundCount:0; bindFromPackage:null: isBindService:false]
05-23 16:13:09.729 732 956 D CompatibilityChangeReporter: Compat change id reported: 135634846; UID 10043; state: DISABLED
05-23 16:13:09.731 732 765 D CompatibilityChangeReporter: Compat change id reported: 143937733; UID 10043; state: DISABLED
05-23 16:13:09.747 732 765 I ActivityManager: Start proc 2839:com.dangbei.screencast:bg_guard/u0a43 for service {com.dangbei.screencast/com.dangbei.screencast.startup.GuardService}
05-23 16:13:09.776 732 956 D CompatibilityChangeReporter: Compat change id reported: 168419799; UID 10043; state: DISABLED
05-23 16:13:09.777 732 956 D CompatibilityChangeReporter: Compat change id reported: 273564678; UID 10043; state: DISABLED
05-23 16:13:09.813 732 956 D CompatibilityChangeReporter: Compat change id reported: 170503758; UID 10043; state: DISABLED
01-01 08:01:26.583 0 0 W : [3 T948 ..] [SP FRAME RX] arp req,vif_idx:0 sender:[ce:be:1f:00:3d:16 192.168.3.211]receiver:[00:00:00:00:00:00 192.168.3.167]
01-01 08:01:26.584 0 0 W : [3 T948 ..] [SP FRAME TX] arp rsp,vif_idx:0 sender:[1c:79:2d:20:62:97 192.168.3.167]receiver:[ce:be:1f:00:3d:16 192.168.3.211]
05-23 16:13:09.862 732 956 D CompatibilityChangeReporter: Compat change id reported: 161145287; UID 10043; state: DISABLED
01-01 08:01:26.658 0 0 W [3 T2877 ..] audit: audit_lost=153 audit_rate_limit=5 audit_backlog_limit=64
01-01 08:01:26.662 0 0 E [3 T2877 ..] audit: rate limit exceeded
01-01 08:01:26.713 0 0 W : [1 T2896 ..] [SP FRAME TX] arp req,vif_idx:0 sender:[1c:79:2d:20:62:97 192.168.3.167]receiver:[00:00:00:00:00:00 192.168.3.2]
01-01 08:01:26.714 0 0 W : [1 T2896 ..] [SP FRAME TX] arp req,vif_idx:0 sender:[1c:79:2d:20:62:97 192.168.3.167]receiver:[00:00:00:00:00:00 192.168.3.3]
01-01 08:01:26.716 0 0 W : [1 T2896 ..] [SP FRAME TX] arp req,vif_idx:0 sender:[1c:79:2d:20:62:97 192.168.3.167]receiver:[00:00:00:00:00:00 192.168.3.4]
01-01 08:01:26.718 0 0 W : [1 T2896 ..] [SP FRAME TX] arp req,vif_idx:0 sender:[1c:79:2d:20:62:97 192.168.3.167]receiver:[00:00:00:00:00:00 192.168.3.6]
05-23 16:13:09.952 732 956 D CompatibilityChangeReporter: Compat change id reported: 170668199; UID 10043; state: DISABLED
05-23 16:13:09.952 732 956 W ActivityManager: Foreground service started from background can not have location/camera/microphone access: service com.dangbei.screencast/.startup.GuardService
05-23 16:13:09.952 732 956 D CompatibilityChangeReporter: Compat change id reported: 255038118; UID 10043; state: DISABLED
05-23 16:13:09.953 732 956 D CompatibilityChangeReporter: Compat change id reported: 255042465; UID 10043; state: DISABLED
05-23 16:13:09.953 732 956 W ForegroundServiceTypeLoggerModule: Foreground service start for UID: 10043 does not have any types
01-01 08:01:26.720 0 0 W : [0 T2896 ..] [SP FRAME TX] arp req,vif_idx:0 sender:[1c:79:2d:20:62:97 192.168.3.167]receiver:[00:00:00:00:00:00 192.168.3.7]
01-01 08:01:26.736 0 0 W : [2 T2896 ..] [SP FRAME TX] arp req,vif_idx:0 sender:[1c:79:2d:20:62:97 192.168.3.167]receiver:[00:00:00:00:00:00 192.168.3.10]
01-01 08:01:26.739 0 0 W : [1 T2896 ..] [SP FRAME TX] arp req,vif_idx:0 sender:[1c:79:2d:20:62:97 192.168.3.167]receiver:[00:00:00:00:00:00 192.168.3.14]
01-01 08:01:26.741 0 0 W : [1 T2896 ..] [SP FRAME TX] arp req,vif_idx:0 sender:[1c:79:2d:20:62:97 192.168.3.167]receiver:[00:00:00:00:00:00 192.168.3.17]
01-01 08:01:26.743 0 0 W : [1 T2896 ..] [SP FRAME TX] arp req,vif_idx:0 sender:[1c:79:2d:20:62:97 192.168.3.167]receiver:[00:00:00:00:00:00 192.168.3.21]
01-01 08:01:26.745 0 0 W : [1 T2896 ..] [SP FRAME TX] arp req,vif_idx:0 sender:[1c:79:2d:20:62:97 192.168.3.167]receiver:[00:00:00:00:00:00 192.168.3.23]
01-01 08:01:26.746 0 0 W : [1 T2896 ..] [SP FRAME TX] arp req,vif_idx:0 sender:[1c:79:2d:20:62:97 192.168.3.167]receiver:[00:00:00:00:00:00 192.168.3.24]
01-01 08:01:26.748 0 0 W : [1 T2896 ..] [SP FRAME TX] arp req,vif_idx:0 sender:[1c:79:2d:20:62:97 192.168.3.167]receiver:[00:00:00:00:00:00 192.168.3.26]
01-01 08:01:26.749 0 0 W : [1 T2896 ..] [SP FRAME TX] arp req,vif_idx:0 sender:[1c:79:2d:20:62:97 192.168.3.167]receiver:[00:00:00:00:00:00 192.168.3.28]
01-01 08:01:26.751 0 0 W : [1 T2896 ..] [SP FRAME TX] arp req,vif_idx:0 sender:[1c:79:2d:20:62:97 192.168.3.167]receiver:[00:00:00:00:00:00 192.168.3.29]
01-01 08:01:26.752 0 0 W : [1 T2896 ..] [SP FRAME TX] arp req,vif_idx:0 sender:[1c:79:2d:20:62:97 192.168.3.167]receiver:[00:00:00:00:00:00 192.168.3.30]
01-01 08:01:26.754 0 0 W : [1 T2896 ..] [SP FRAME TX] arp req,vif_idx:0 sender:[1c:79:2d:20:62:97 192.168.3.167]receiver:[00:00:00:00:00:00 192.168.3.33]
01-01 08:01:26.756 0 0 W : [1 T2896 ..] [SP FRAME TX] arp req,vif_idx:0 sender:[1c:79:2d:20:62:97 192.168.3.167]receiver:[00:00:00:00:00:00 192.168.3.34]
01-01 08:01:26.757 0 0 W : [1 T2896 ..] [SP FRAME TX] arp req,vif_idx:0 sender:[1c:79:2d:20:62:97 192.168.3.167]receiver:[00:00:00:00:00:00 192.168.3.35]
01-01 08:01:26.758 0 0 W : [1 T2896 ..] [SP FRAME TX] arp req,vif_idx:0 sender:[1c:79:2d:20:62:97 192.168.3.167]receiver:[00:00:00:00:00:00 192.168.3.36]
01-01 08:01:26.760 0 0 W : [1 T2896 ..] [SP FRAME TX] arp req,vif_idx:0 sender:[1c:79:2d:20:62:97 192.168.3.167]receiver:[00:00:00:00:00:00 192.168.3.38]
01-01 08:01:26.762 0 0 W : [1 T2896 ..] [SP FRAME TX] arp req,vif_idx:0 sender:[1c:79:2d:20:62:97 192.168.3.167]receiver:[00:00:00:00:00:00 192.168.3.49]
01-01 08:01:26.764 0 0 W : [1 T2896 ..] [SP FRAME TX] arp req,vif_idx:0 sender:[1c:79:2d:20:62:97 192.168.3.167]receiver:[00:00:00:00:00:00 192.168.3.51]
01-01 08:01:26.765 0 0 W : [1 T2896 ..] [SP FRAME TX] arp req,vif_idx:0 sender:[1c:79:2d:20:62:97 192.168.3.167]receiver:[00:00:00:00:00:00 192.168.3.54]
01-01 08:01:26.767 0 0 W : [1 T2896 ..] [SP FRAME TX] arp req,vif_idx:0 sender:[1c:79:2d:20:62:97 192.168.3.167]receiver:[00:00:00:00:00:00 192.168.3.55]
01-01 08:01:26.769 0 0 W : [1 T2896 ..] [SP FRAME TX] arp req,vif_idx:0 sender:[1c:79:2d:20:62:97 192.168.3.167]receiver:[00:00:00:00:00:00 192.168.3.61]
01-01 08:01:26.770 0 0 W : [1 T2896 ..] [SP FRAME TX] arp req,vif_idx:0 sender:[1c:79:2d:20:62:97 192.168.3.167]receiver:[00:00:00:00:00:00 192.168.3.64]
01-01 08:01:26.772 0 0 W : [1 T2896 ..] [SP FRAME TX] arp req,vif_idx:0 sender:[1c:79:2d:20:62:97 192.168.3.167]receiver:[00:00:00:00:00:00 192.168.3.67]
01-01 08:01:26.773 0 0 W : [1 T2896 ..] [SP FRAME TX] arp req,vif_idx:0 sender:[1c:79:2d:20:62:97 192.168.3.167]receiver:[00:00:00:00:00:00 192.168.3.70]
01-01 08:01:26.775 0 0 W : [1 T2896 ..] [SP FRAME TX] arp req,vif_idx:0 sender:[1c:79:2d:20:62:97 192.168.3.167]receiver:[00:00:00:00:00:00 192.168.3.71]
01-01 08:01:26.776 0 0 W : [1 T2896 ..] [SP FRAME TX] arp req,vif_idx:0 sender:[1c:79:2d:20:62:97 192.168.3.167]receiver:[00:00:00:00:00:00 192.168.3.72]
01-01 08:01:26.778 0 0 W : [1 T2896 ..] [SP FRAME TX] arp req,vif_idx:0 sender:[1c:79:2d:20:62:97 192.168.3.167]receiver:[00:00:00:00:00:00 192.168.3.80]
01-01 08:01:26.779 0 0 W : [1 T2896 ..] [SP FRAME TX] arp req,vif_idx:0 sender:[1c:79:2d:20:62:97 192.168.3.167]receiver:[00:00:00:00:00:00 192.168.3.81]
01-01 08:01:26.782 0 0 W : [1 T2896 ..] [SP FRAME TX] arp req,vif_idx:0 sender:[1c:79:2d:20:62:97 192.168.3.167]receiver:[00:00:00:00:00:00 192.168.3.89]
01-01 08:01:26.783 0 0 W : [1 T2896 ..] [SP FRAME TX] arp req,vif_idx:0 sender:[1c:79:2d:20:62:97 192.168.3.167]receiver:[00:00:00:00:00:00 192.168.3.92]
01-01 08:01:26.784 0 0 W : [1 T2896 ..] [SP FRAME TX] arp req,vif_idx:0 sender:[1c:79:2d:20:62:97 192.168.3.167]receiver:[00:00:00:00:00:00 192.168.3.93]
01-01 08:01:26.786 0 0 W : [1 T2896 ..] [SP FRAME TX] arp req,vif_idx:0 sender:[1c:79:2d:20:62:97 192.168.3.167]receiver:[00:00:00:00:00:00 192.168.3.96]
01-01 08:01:26.787 0 0 W : [1 T2896 ..] [SP FRAME TX] arp req,vif_idx:0 sender:[1c:79:2d:20:62:97 192.168.3.167]receiver:[00:00:00:00:00:00 192.168.3.97]
01-01 08:01:26.789 0 0 W : [1 T2896 ..] [SP FRAME TX] arp req,vif_idx:0 sender:[1c:79:2d:20:62:97 192.168.3.167]receiver:[00:00:00:00:00:00 192.168.3.102]
01-01 08:01:26.791 0 0 W : [1 T2896 ..] [SP FRAME TX] arp req,vif_idx:0 sender:[1c:79:2d:20:62:97 192.168.3.167]receiver:[00:00:00:00:00:00 192.168.3.107]
01-01 08:01:26.793 0 0 W : [1 T2896 ..] [SP FRAME TX] arp req,vif_idx:0 sender:[1c:79:2d:20:62:97 192.168.3.167]receiver:[00:00:00:00:00:00 192.168.3.114]
01-01 08:01:26.794 0 0 W : [1 T2896 ..] [SP FRAME TX] arp req,vif_idx:0 sender:[1c:79:2d:20:62:97 192.168.3.167]receiver:[00:00:00:00:00:00 192.168.3.119]
01-01 08:01:26.797 0 0 W : [1 T2896 ..] [SP FRAME TX] arp req,vif_idx:0 sender:[1c:79:2d:20:62:97 192.168.3.167]receiver:[00:00:00:00:00:00 192.168.3.127]
01-01 08:01:26.798 0 0 W : [1 T2896 ..] [SP FRAME TX] arp req,vif_idx:0 sender:[1c:79:2d:20:62:97 192.168.3.167]receiver:[00:00:00:00:00:00 192.168.3.129]
01-01 08:01:26.799 0 0 W : [1 T2896 ..] [SP FRAME TX] arp req,vif_idx:0 sender:[1c:79:2d:20:62:97 192.168.3.167]receiver:[00:00:00:00:00:00 192.168.3.132]
01-01 08:01:26.801 0 0 W : [1 T2896 ..] [SP FRAME TX] arp req,vif_idx:0 sender:[1c:79:2d:20:62:97 192.168.3.167]receiver:[00:00:00:00:00:00 192.168.3.133]
01-01 08:01:26.803 0 0 W : [1 T2896 ..] [SP FRAME TX] arp req,vif_idx:0 sender:[1c:79:2d:20:62:97 192.168.3.167]receiver:[00:00:00:00:00:00 192.168.3.138]
01-01 08:01:26.804 0 0 W : [1 T2896 ..] [SP FRAME TX] arp req,vif_idx:0 sender:[1c:79:2d:20:62:97 192.168.3.167]receiver:[00:00:00:00:00:00 192.168.3.141]
01-01 08:01:26.805 0 0 W : [1 T2896 ..] [SP FRAME TX] arp req,vif_idx:0 sender:[1c:79:2d:20:62:97 192.168.3.167]receiver:[00:00:00:00:00:00 192.168.3.143]
01-01 08:01:26.807 0 0 W : [1 T2896 ..] [SP FRAME TX] arp req,vif_idx:0 sender:[1c:79:2d:20:62:97 192.168.3.167]receiver:[00:00:00:00:00:00 192.168.3.144]
01-01 08:01:26.809 0 0 W : [1 T2896 ..] [SP FRAME TX] arp req,vif_idx:0 sender:[1c:79:2d:20:62:97 192.168.3.167]receiver:[00:00:00:00:00:00 192.168.3.146]
01-01 08:01:26.810 0 0 W : [1 T2896 ..] [SP FRAME TX] arp req,vif_idx:0 sender:[1c:79:2d:20:62:97 192.168.3.167]receiver:[00:00:00:00:00:00 192.168.3.149]
01-01 08:01:26.812 0 0 W : [1 T2896 ..] [SP FRAME TX] arp req,vif_idx:0 sender:[1c:79:2d:20:62:97 192.168.3.167]receiver:[00:00:00:00:00:00 192.168.3.152]
01-01 08:01:26.813 0 0 W : [1 T2896 ..] [SP FRAME TX] arp req,vif_idx:0 sender:[1c:79:2d:20:62:97 192.168.3.167]receiver:[00:00:00:00:00:00 192.168.3.156]
01-01 08:01:26.815 0 0 W : [1 T2896 ..] [SP FRAME TX] arp req,vif_idx:0 sender:[1c:79:2d:20:62:97 192.168.3.167]receiver:[00:00:00:00:00:00 192.168.3.158]
01-01 08:01:26.817 0 0 W : [1 T2896 ..] [SP FRAME TX] arp req,vif_idx:0 sender:[1c:79:2d:20:62:97 192.168.3.167]receiver:[00:00:00:00:00:00 192.168.3.163]
01-01 08:01:26.818 0 0 W : [1 T2896 ..] [SP FRAME TX] arp req,vif_idx:0 sender:[1c:79:2d:20:62:97 192.168.3.167]receiver:[00:00:00:00:00:00 192.168.3.164]
01-01 08:01:26.820 0 0 W : [1 T2896 ..] [SP FRAME TX] arp req,vif_idx:0 sender:[1c:79:2d:20:62:97 192.168.3.167]receiver:[00:00:00:00:00:00 192.168.3.165]
01-01 08:01:26.821 0 0 W : [1 T2896 ..] [SP FRAME TX] arp req,vif_idx:0 sender:[1c:79:2d:20:62:97 192.168.3.167]receiver:[00:00:00:00:00:00 192.168.3.168]
01-01 08:01:26.823 0 0 W : [1 T2896 ..] [SP FRAME TX] arp req,vif_idx:0 sender:[1c:79:2d:20:62:97 192.168.3.167]receiver:[00:00:00:00:00:00 192.168.3.169]
01-01 08:01:26.824 0 0 W : [1 T2896 ..] [SP FRAME TX] arp req,vif_idx:0 sender:[1c:79:2d:20:62:97 192.168.3.167]receiver:[00:00:00:00:00:00 192.168.3.171]
01-01 08:01:26.826 0 0 W : [1 T2896 ..] [SP FRAME TX] arp req,vif_idx:0 sender:[1c:79:2d:20:62:97 192.168.3.167]receiver:[00:00:00:00:00:00 192.168.3.174]
01-01 08:01:26.827 0 0 W : [1 T2896 ..] [SP FRAME TX] arp req,vif_idx:0 sender:[1c:79:2d:20:62:97 192.168.3.167]receiver:[00:00:00:00:00:00 192.168.3.175]
01-01 08:01:26.829 0 0 W : [1 T2896 ..] [SP FRAME TX] arp req,vif_idx:0 sender:[1c:79:2d:20:62:97 192.168.3.167]receiver:[00:00:00:00:00:00 192.168.3.178]
01-01 08:01:26.830 0 0 W : [1 T2896 ..] [SP FRAME TX] arp req,vif_idx:0 sender:[1c:79:2d:20:62:97 192.168.3.167]receiver:[00:00:00:00:00:00 192.168.3.180]
01-01 08:01:26.832 0 0 W : [1 T2896 ..] [SP FRAME TX] arp req,vif_idx:0 sender:[1c:79:2d:20:62:97 192.168.3.167]receiver:[00:00:00:00:00:00 192.168.3.181]
01-01 08:01:26.834 0 0 W : [1 T2896 ..] [SP FRAME TX] arp req,vif_idx:0 sender:[1c:79:2d:20:62:97 192.168.3.167]receiver:[00:00:00:00:00:00 192.168.3.182]
01-01 08:01:26.836 0 0 W : [1 T2896 ..] [SP FRAME TX] arp req,vif_idx:0 sender:[1c:79:2d:20:62:97 192.168.3.167]receiver:[00:00:00:00:00:00 192.168.3.185]
01-01 08:01:26.837 0 0 W : [1 T2896 ..] [SP FRAME TX] arp req,vif_idx:0 sender:[1c:79:2d:20:62:97 192.168.3.167]receiver:[00:00:00:00:00:00 192.168.3.186]
01-01 08:01:26.839 0 0 W : [1 T2896 ..] [SP FRAME TX] arp req,vif_idx:0 sender:[1c:79:2d:20:62:97 192.168.3.167]receiver:[00:00:00:00:00:00 192.168.3.188]
01-01 08:01:26.840 0 0 W : [1 T2896 ..] [SP FRAME TX] arp req,vif_idx:0 sender:[1c:79:2d:20:62:97 192.168.3.167]receiver:[00:00:00:00:00:00 192.168.3.192]
01-01 08:01:26.842 0 0 W : [1 T2896 ..] [SP FRAME TX] arp req,vif_idx:0 sender:[1c:79:2d:20:62:97 192.168.3.167]receiver:[00:00:00:00:00:00 192.168.3.193]
01-01 08:01:26.842 0 0 W : [3 T1016 ..] >>> aml_cfg80211_set_power_mgmt()
01-01 08:01:26.842 0 0 W : [1 T2896 ..] [SP FRAME TX] arp req,vif_idx:0 sender:[1c:79:2d:20:62:97 192.168.3.167]receiver:[00:00:00:00:00:00 192.168.3.196]
01-01 08:01:26.843 0 0 W : [3 T1016 ..] [aml_send_me_set_ps_mode 2111] set power save mode:0
01-01 08:01:26.844 0 0 W : [1 T2896 ..] [SP FRAME TX] arp req,vif_idx:0 sender:[1c:79:2d:20:62:97 192.168.3.167]receiver:[00:00:00:00:00:00 192.168.3.199]
01-01 08:01:26.845 0 0 W : [3 T1016 ..] >>> aml_send_msg()
01-01 08:01:26.847 0 0 W : [1 T2896 ..] [SP FRAME TX] arp req,vif_idx:0 sender:[1c:79:2d:20:62:97 192.168.3.167]receiver:[00:00:00:00:00:00 192.168.3.200]
01-01 08:01:26.848 0 0 W : [2 T947 ..] ipc_sdio_host_msgack_handler 000000000e08e10a
01-01 08:01:26.850 0 0 W : [2 T947 ..] [aml_msgackind 2038] msg ack hostid=0xffffff80794f2000
01-01 08:01:26.851 0 0 W : [1 T2896 ..] [SP FRAME TX] arp req,vif_idx:0 sender:[1c:79:2d:20:62:97 192.168.3.167]receiver:[00:00:00:00:00:00 192.168.3.203]
01-01 08:01:26.851 0 0 W : [2 T947 ..] [cmd_mgr_llind 329] cmd tkn[33] flags:001a result: -4 cmd:5139-ME_SET_PS_MODE_REQ - reqcfm(5140-ME_SET_PS_MODE_CFM)
01-01 08:01:26.854 0 0 W : [1 T2896 ..] [SP FRAME TX] arp req,vif_idx:0 sender:[1c:79:2d:20:62:97 192.168.3.167]receiver:[00:00:00:00:00:00 192.168.3.204]
01-01 08:01:26.855 0 0 W : [2 T947 ..] [cmd_mgr_msgind 409] cmd tkn[33] flags:0012 result: -4 cmd:5139-ME_SET_PS_MODE_REQ - reqcfm(5140-ME_SET_PS_MODE_CFM)
01-01 08:01:26.857 0 0 W : [1 T2896 ..] [SP FRAME TX] arp req,vif_idx:0 sender:[1c:79:2d:20:62:97 192.168.3.167]receiver:[00:00:00:00:00:00 192.168.3.206]
01-01 08:01:26.858 0 0 W : [2 T947 ..] [cmd_complete 65] cmd tkn[33] flags:0002 result: -4 cmd:5139-ME_SET_PS_MODE_REQ - reqcfm(5140-ME_SET_PS_MODE_CFM)
01-01 08:01:26.860 0 0 W : [1 T2896 ..] [SP FRAME TX] arp req,vif_idx:0 sender:[1c:79:2d:20:62:97 192.168.3.167]receiver:[00:00:00:00:00:00 192.168.3.208]
01-01 08:01:26.863 0 0 W : [1 T2896 ..] [SP FRAME TX] arp req,vif_idx:0 sender:[1c:79:2d:20:62:97 192.168.3.167]receiver:[00:00:00:00:00:00 192.168.3.209]
01-01 08:01:26.865 0 0 W : [1 T2896 ..] [SP FRAME TX] arp req,vif_idx:0 sender:[1c:79:2d:20:62:97 192.168.3.167]receiver:[00:00:00:00:00:00 192.168.3.214]
01-01 08:01:26.867 0 0 W : [1 T2896 ..] [SP FRAME TX] arp req,vif_idx:0 sender:[1c:79:2d:20:62:97 192.168.3.167]receiver:[00:00:00:00:00:00 192.168.3.216]
01-01 08:01:26.869 0 0 W : [1 T2896 ..] [SP FRAME TX] arp req,vif_idx:0 sender:[1c:79:2d:20:62:97 192.168.3.167]receiver:[00:00:00:00:00:00 192.168.3.218]
01-01 08:01:26.870 0 0 W : [1 T2896 ..] [SP FRAME TX] arp req,vif_idx:0 sender:[1c:79:2d:20:62:97 192.168.3.167]receiver:[00:00:00:00:00:00 192.168.3.219]
01-01 08:01:26.872 0 0 W : [1 T2896 ..] [SP FRAME TX] arp req,vif_idx:0 sender:[1c:79:2d:20:62:97 192.168.3.167]receiver:[00:00:00:00:00:00 192.168.3.227]
01-01 08:01:26.873 0 0 W : [1 T2896 ..] [SP FRAME TX] arp req,vif_idx:0 sender:[1c:79:2d:20:62:97 192.168.3.167]receiver:[00:00:00:00:00:00 192.168.3.228]
01-01 08:01:26.875 0 0 W : [1 T2896 ..] [SP FRAME TX] arp req,vif_idx:0 sender:[1c:79:2d:20:62:97 192.168.3.167]receiver:[00:00:00:00:00:00 192.168.3.229]
01-01 08:01:26.878 0 0 W : [1 T2896 ..] [SP FRAME TX] arp req,vif_idx:0 sender:[1c:79:2d:20:62:97 192.168.3.167]receiver:[00:00:00:00:00:00 192.168.3.231]
01-01 08:01:26.879 0 0 W : [1 T2896 ..] [SP FRAME TX] arp req,vif_idx:0 sender:[1c:79:2d:20:62:97 192.168.3.167]receiver:[00:00:00:00:00:00 192.168.3.232]
01-01 08:01:26.881 0 0 W : [1 T2896 ..] [SP FRAME TX] arp req,vif_idx:0 sender:[1c:79:2d:20:62:97 192.168.3.167]receiver:[00:00:00:00:00:00 192.168.3.235]
01-01 08:01:26.882 0 0 W : [1 T2896 ..] [SP FRAME TX] arp req,vif_idx:0 sender:[1c:79:2d:20:62:97 192.168.3.167]receiver:[00:00:00:00:00:00 192.168.3.238]
01-01 08:01:26.884 0 0 W : [1 T2896 ..] [SP FRAME TX] arp req,vif_idx:0 sender:[1c:79:2d:20:62:97 192.168.3.167]receiver:[00:00:00:00:00:00 192.168.3.241]
01-01 08:01:26.885 0 0 W : [1 T2896 ..] [SP FRAME TX] arp req,vif_idx:0 sender:[1c:79:2d:20:62:97 192.168.3.167]receiver:[00:00:00:00:00:00 192.168.3.242]
01-01 08:01:26.887 0 0 W : [1 T2896 ..] [SP FRAME TX] arp req,vif_idx:0 sender:[1c:79:2d:20:62:97 192.168.3.167]receiver:[00:00:00:00:00:00 192.168.3.251]
05-23 16:13:10.162 732 771 W BatteryExternalStatsWorker: error reading modem stats:ERROR_PHONE_NOT_AVAILABLE
05-23 16:13:10.163 732 808 W BatteryExternalStatsWorker: error reading Bluetooth stats: 11
01-01 08:01:27.720 0 0 W : [1 T0 .s] [SP FRAME TX] arp req,vif_idx:0 sender:[1c:79:2d:20:62:97 192.168.3.167]receiver:[00:00:00:00:00:00 192.168.3.6]
01-01 08:01:27.721 0 0 W : [1 T0 .s] [SP FRAME TX] arp req,vif_idx:0 sender:[1c:79:2d:20:62:97 192.168.3.167]receiver:[00:00:00:00:00:00 192.168.3.4]
01-01 08:01:27.722 0 0 W : [1 T0 .s] [SP FRAME TX] arp req,vif_idx:0 sender:[1c:79:2d:20:62:97 192.168.3.167]receiver:[00:00:00:00:00:00 192.168.3.3]
01-01 08:01:27.724 0 0 W : [1 T0 .s] [SP FRAME TX] arp req,vif_idx:0 sender:[1c:79:2d:20:62:97 192.168.3.167]receiver:[00:00:00:00:00:00 192.168.3.2]
01-01 08:01:27.752 0 0 W : [0 T85 .s] [SP FRAME TX] arp req,vif_idx:0 sender:[1c:79:2d:20:62:97 192.168.3.167]receiver:[00:00:00:00:00:00 192.168.3.7]
01-01 08:01:27.753 0 0 W : [0 T85 .s] [SP FRAME TX] arp req,vif_idx:0 sender:[1c:79:2d:20:62:97 192.168.3.167]receiver:[00:00:00:00:00:00 192.168.3.29]
01-01 08:01:27.754 0 0 W : [0 T85 .s] [SP FRAME TX] arp req,vif_idx:0 sender:[1c:79:2d:20:62:97 192.168.3.167]receiver:[00:00:00:00:00:00 192.168.3.10]
01-01 08:01:27.756 0 0 W : [0 T85 .s] [SP FRAME TX] arp req,vif_idx:0 sender:[1c:79:2d:20:62:97 192.168.3.167]receiver:[00:00:00:00:00:00 192.168.3.28]
01-01 08:01:27.758 0 0 W : [0 T85 .s] [SP FRAME TX] arp req,vif_idx:0 sender:[1c:79:2d:20:62:97 192.168.3.167]receiver:[00:00:00:00:00:00 192.168.3.26]
01-01 08:01:27.759 0 0 W : [0 T85 .s] [SP FRAME TX] arp req,vif_idx:0 sender:[1c:79:2d:20:62:97 192.168.3.167]receiver:[00:00:00:00:00:00 192.168.3.24]
01-01 08:01:27.761 0 0 W : [0 T85 .s] [SP FRAME TX] arp req,vif_idx:0 sender:[1c:79:2d:20:62:97 192.168.3.167]receiver:[00:00:00:00:00:00 192.168.3.23]
01-01 08:01:27.762 0 0 W : [0 T85 .s] [SP FRAME TX] arp req,vif_idx:0 sender:[1c:79:2d:20:62:97 192.168.3.167]receiver:[00:00:00:00:00:00 192.168.3.21]
01-01 08:01:27.764 0 0 W : [0 T85 .s] [SP FRAME TX] arp req,vif_idx:0 sender:[1c:79:2d:20:62:97 192.168.3.167]receiver:[00:00:00:00:00:00 192.168.3.17]
01-01 08:01:27.765 0 0 W : [0 T85 .s] [SP FRAME TX] arp req,vif_idx:0 sender:[1c:79:2d:20:62:97 192.168.3.167]receiver:[00:00:00:00:00:00 192.168.3.14]
01-01 08:01:27.784 0 0 W : [1 T1200 .s] [SP FRAME TX] arp req,vif_idx:0 sender:[1c:79:2d:20:62:97 192.168.3.167]receiver:[00:00:00:00:00:00 192.168.3.53]
01-01 08:01:27.785 0 0 W : [1 T1200 .s] [SP FRAME TX] arp req,vif_idx:0 sender:[1c:79:2d:20:62:97 192.168.3.167]receiver:[00:00:00:00:00:00 192.168.3.92]
01-01 08:01:27.786 0 0 W : [1 T1200 .s] [SP FRAME TX] arp req,vif_idx:0 sender:[1c:79:2d:20:62:97 192.168.3.167]receiver:[00:00:00:00:00:00 192.168.3.89]
01-01 08:01:27.788 0 0 W : [1 T1200 .s] [SP FRAME TX] arp req,vif_idx:0 sender:[1c:79:2d:20:62:97 192.168.3.167]receiver:[00:00:00:00:00:00 192.168.3.81]
01-01 08:01:27.790 0 0 W : [1 T1200 .s] [SP FRAME TX] arp req,vif_idx:0 sender:[1c:79:2d:20:62:97 192.168.3.167]receiver:[00:00:00:00:00:00 192.168.3.80]
01-01 08:01:27.791 0 0 W : [1 T1200 .s] [SP FRAME TX] arp req,vif_idx:0 sender:[1c:79:2d:20:62:97 192.168.3.167]receiver:[00:00:00:00:00:00 192.168.3.72]
01-01 08:01:27.793 0 0 W : [1 T1200 .s] [SP FRAME TX] arp req,vif_idx:0 sender:[1c:79:2d:20:62:97 192.168.3.167]receiver:[00:00:00:00:00:00 192.168.3.71]
01-01 08:01:27.794 0 0 W : [1 T1200 .s] [SP FRAME TX] arp req,vif_idx:0 sender:[1c:79:2d:20:62:97 192.168.3.167]receiver:[00:00:00:00:00:00 192.168.3.70]
01-01 08:01:27.796 0 0 W : [1 T1200 .s] [SP FRAME TX] arp req,vif_idx:0 sender:[1c:79:2d:20:62:97 192.168.3.167]receiver:[00:00:00:00:00:00 192.168.3.67]
01-01 08:01:27.797 0 0 W : [1 T1200 .s] [SP FRAME TX] arp req,vif_idx:0 sender:[1c:79:2d:20:62:97 192.168.3.167]receiver:[00:00:00:00:00:00 192.168.3.64]
01-01 08:01:27.799 0 0 W : [1 T1200 .s] [SP FRAME TX] arp req,vif_idx:0 sender:[1c:79:2d:20:62:97 192.168.3.167]receiver:[00:00:00:00:00:00 192.168.3.61]
01-01 08:01:27.800 0 0 W : [1 T1200 .s] [SP FRAME TX] arp req,vif_idx:0 sender:[1c:79:2d:20:62:97 192.168.3.167]receiver:[00:00:00:00:00:00 192.168.3.55]
01-01 08:01:27.802 0 0 W : [1 T1200 .s] [SP FRAME TX] arp req,vif_idx:0 sender:[1c:79:2d:20:62:97 192.168.3.167]receiver:[00:00:00:00:00:00 192.168.3.54]
01-01 08:01:27.803 0 0 W : [1 T1200 .s] [SP FRAME TX] arp req,vif_idx:0 sender:[1c:79:2d:20:62:97 192.168.3.167]receiver:[00:00:00:00:00:00 192.168.3.51]
01-01 08:01:27.805 0 0 W : [1 T1200 .s] [SP FRAME TX] arp req,vif_idx:0 sender:[1c:79:2d:20:62:97 192.168.3.167]receiver:[00:00:00:00:00:00 192.168.3.49]
01-01 08:01:27.807 0 0 W : [1 T1200 .s] [SP FRAME TX] arp req,vif_idx:0 sender:[1c:79:2d:20:62:97 192.168.3.167]receiver:[00:00:00:00:00:00 192.168.3.38]
01-01 08:01:27.808 0 0 W : [1 T1200 .s] [SP FRAME TX] arp req,vif_idx:0 sender:[1c:79:2d:20:62:97 192.168.3.167]receiver:[00:00:00:00:00:00 192.168.3.36]
01-01 08:01:27.810 0 0 W : [1 T1200 .s] [SP FRAME TX] arp req,vif_idx:0 sender:[1c:79:2d:20:62:97 192.168.3.167]receiver:[00:00:00:00:00:00 192.168.3.35]
01-01 08:01:27.811 0 0 W : [1 T1200 .s] [SP FRAME TX] arp req,vif_idx:0 sender:[1c:79:2d:20:62:97 192.168.3.167]receiver:[00:00:00:00:00:00 192.168.3.34]
01-01 08:01:27.813 0 0 W : [1 T1200 .s] [SP FRAME TX] arp req,vif_idx:0 sender:[1c:79:2d:20:62:97 192.168.3.167]receiver:[00:00:00:00:00:00 192.168.3.33]
01-01 08:01:27.814 0 0 W : [1 T1200 .s] [SP FRAME TX] arp req,vif_idx:0 sender:[1c:79:2d:20:62:97 192.168.3.167]receiver:[00:00:00:00:00:00 192.168.3.30]
01-01 08:01:27.816 0 0 W : [1 T951 .s] [SP FRAME TX] arp req,vif_idx:0 sender:[1c:79:2d:20:62:97 192.168.3.167]receiver:[00:00:00:00:00:00 192.168.3.158]
01-01 08:01:27.817 0 0 W : [1 T951 .s] [SP FRAME TX] arp req,vif_idx:0 sender:[1c:79:2d:20:62:97 192.168.3.167]receiver:[00:00:00:00:00:00 192.168.3.156]
01-01 08:01:27.819 0 0 W : [1 T951 .s] [SP FRAME TX] arp req,vif_idx:0 sender:[1c:79:2d:20:62:97 192.168.3.167]receiver:[00:00:00:00:00:00 192.168.3.152]
01-01 08:01:27.820 0 0 W : [1 T951 .s] [SP FRAME TX] arp req,vif_idx:0 sender:[1c:79:2d:20:62:97 192.168.3.167]receiver:[00:00:00:00:00:00 192.168.3.149]
01-01 08:01:27.822 0 0 W : [1 T951 .s] [SP FRAME TX] arp req,vif_idx:0 sender:[1c:79:2d:20:62:97 192.168.3.167]receiver:[00:00:00:00:00:00 192.168.3.146]
01-01 08:01:27.824 0 0 W : [1 T951 .s] [SP FRAME TX] arp req,vif_idx:0 sender:[1c:79:2d:20:62:97 192.168.3.167]receiver:[00:00:00:00:00:00 192.168.3.144]
01-01 08:01:27.825 0 0 W : [1 T951 .s] [SP FRAME TX] arp req,vif_idx:0 sender:[1c:79:2d:20:62:97 192.168.3.167]receiver:[00:00:00:00:00:00 192.168.3.143]
01-01 08:01:27.827 0 0 W : [1 T951 .s] [SP FRAME TX] arp req,vif_idx:0 sender:[1c:79:2d:20:62:97 192.168.3.167]receiver:[00:00:00:00:00:00 192.168.3.141]
01-01 08:01:27.828 0 0 W : [1 T951 .s] [SP FRAME TX] arp req,vif_idx:0 sender:[1c:79:2d:20:62:97 192.168.3.167]receiver:[00:00:00:00:00:00 192.168.3.138]
01-01 08:01:27.830 0 0 W : [1 T951 .s] [SP FRAME TX] arp req,vif_idx:0 sender:[1c:79:2d:20:62:97 192.168.3.167]receiver:[00:00:00:00:00:00 192.168.3.133]
01-01 08:01:27.831 0 0 W : [1 T951 .s] [SP FRAME TX] arp req,vif_idx:0 sender:[1c:79:2d:20:62:97 192.168.3.167]receiver:[00:00:00:00:00:00 192.168.3.132]
01-01 08:01:27.833 0 0 W : [1 T951 .s] [SP FRAME TX] arp req,vif_idx:0 sender:[1c:79:2d:20:62:97 192.168.3.167]receiver:[00:00:00:00:00:00 192.168.3.129]
01-01 08:01:27.835 0 0 W : [1 T951 .s] [SP FRAME TX] arp req,vif_idx:0 sender:[1c:79:2d:20:62:97 192.168.3.167]receiver:[00:00:00:00:00:00 192.168.3.127]
01-01 08:01:27.836 0 0 W : [1 T951 .s] [SP FRAME TX] arp req,vif_idx:0 sender:[1c:79:2d:20:62:97 192.168.3.167]receiver:[00:00:00:00:00:00 192.168.3.119]
01-01 08:01:27.838 0 0 W : [1 T951 .s] [SP FRAME TX] arp req,vif_idx:0 sender:[1c:79:2d:20:62:97 192.168.3.167]receiver:[00:00:00:00:00:00 192.168.3.114]
01-01 08:01:27.839 0 0 W : [1 T951 .s] [SP FRAME TX] arp req,vif_idx:0 sender:[1c:79:2d:20:62:97 192.168.3.167]receiver:[00:00:00:00:00:00 192.168.3.107]
01-01 08:01:27.841 0 0 W : [1 T951 .s] [SP FRAME TX] arp req,vif_idx:0 sender:[1c:79:2d:20:62:97 192.168.3.167]receiver:[00:00:00:00:00:00 192.168.3.102]
01-01 08:01:27.842 0 0 W : [1 T951 .s] [SP FRAME TX] arp req,vif_idx:0 sender:[1c:79:2d:20:62:97 192.168.3.167]receiver:[00:00:00:00:00:00 192.168.3.97]
01-01 08:01:27.844 0 0 W : [1 T951 .s] [SP FRAME TX] arp req,vif_idx:0 sender:[1c:79:2d:20:62:97 192.168.3.167]receiver:[00:00:00:00:00:00 192.168.3.96]
01-01 08:01:27.845 0 0 W : [1 T951 .s] [SP FRAME TX] arp req,vif_idx:0 sender:[1c:79:2d:20:62:97 192.168.3.167]receiver:[00:00:00:00:00:00 192.168.3.93]
01-01 08:01:27.848 0 0 W : [1 T0 .s] [SP FRAME TX] arp req,vif_idx:0 sender:[1c:79:2d:20:62:97 192.168.3.167]receiver:[00:00:00:00:00:00 192.168.3.200]
01-01 08:01:27.849 0 0 W : [1 T0 .s] [SP FRAME TX] arp req,vif_idx:0 sender:[1c:79:2d:20:62:97 192.168.3.167]receiver:[00:00:00:00:00:00 192.168.3.199]
01-01 08:01:27.850 0 0 W : [1 T0 .s] [SP FRAME TX] arp req,vif_idx:0 sender:[1c:79:2d:20:62:97 192.168.3.167]receiver:[00:00:00:00:00:00 192.168.3.196]
01-01 08:01:27.852 0 0 W : [1 T0 .s] [SP FRAME TX] arp req,vif_idx:0 sender:[1c:79:2d:20:62:97 192.168.3.167]receiver:[00:00:00:00:00:00 192.168.3.193]
01-01 08:01:27.853 0 0 W : [1 T0 .s] [SP FRAME TX] arp req,vif_idx:0 sender:[1c:79:2d:20:62:97 192.168.3.167]receiver:[00:00:00:00:00:00 192.168.3.192]
01-01 08:01:27.855 0 0 W : [1 T0 .s] [SP FRAME TX] arp req,vif_idx:0 sender:[1c:79:2d:20:62:97 192.168.3.167]receiver:[00:00:00:00:00:00 192.168.3.188]
01-01 08:01:27.857 0 0 W : [1 T0 .s] [SP FRAME TX] arp req,vif_idx:0 sender:[1c:79:2d:20:62:97 192.168.3.167]receiver:[00:00:00:00:00:00 192.168.3.186]
01-01 08:01:27.858 0 0 W : [1 T0 .s] [SP FRAME TX] arp req,vif_idx:0 sender:[1c:79:2d:20:62:97 192.168.3.167]receiver:[00:00:00:00:00:00 192.168.3.185]
01-01 08:01:27.860 0 0 W : [1 T0 .s] [SP FRAME TX] arp req,vif_idx:0 sender:[1c:79:2d:20:62:97 192.168.3.167]receiver:[00:00:00:00:00:00 192.168.3.182]
01-01 08:01:27.861 0 0 W : [1 T0 .s] [SP FRAME TX] arp req,vif_idx:0 sender:[1c:79:2d:20:62:97 192.168.3.167]receiver:[00:00:00:00:00:00 192.168.3.181]
01-01 08:01:27.863 0 0 W : [1 T0 .s] [SP FRAME TX] arp req,vif_idx:0 sender:[1c:79:2d:20:62:97 192.168.3.167]receiver:[00:00:00:00:00:00 192.168.3.180]
01-01 08:01:27.864 0 0 W : [1 T0 .s] [SP FRAME TX] arp req,vif_idx:0 sender:[1c:79:2d:20:62:97 192.168.3.167]receiver:[00:00:00:00:00:00 192.168.3.178]
01-01 08:01:27.866 0 0 W : [1 T0 .s] [SP FRAME TX] arp req,vif_idx:0 sender:[1c:79:2d:20:62:97 192.168.3.167]receiver:[00:00:00:00:00:00 192.168.3.175]
01-01 08:01:27.867 0 0 W : [1 T0 .s] [SP FRAME TX] arp req,vif_idx:0 sender:[1c:79:2d:20:62:97 192.168.3.167]receiver:[00:00:00:00:00:00 192.168.3.174]
01-01 08:01:27.869 0 0 W : [1 T0 .s] [SP FRAME TX] arp req,vif_idx:0 sender:[1c:79:2d:20:62:97 192.168.3.167]receiver:[00:00:00:00:00:00 192.168.3.171]
01-01 08:01:27.871 0 0 W : [1 T0 .s] [SP FRAME TX] arp req,vif_idx:0 sender:[1c:79:2d:20:62:97 192.168.3.167]receiver:[00:00:00:00:00:00 192.168.3.169]
01-01 08:01:27.872 0 0 W : [1 T0 .s] [SP FRAME TX] arp req,vif_idx:0 sender:[1c:79:2d:20:62:97 192.168.3.167]receiver:[00:00:00:00:00:00 192.168.3.168]
