01-01 08:26:28.521 0 0 W : [0 T947 ..] [cmd_mgr_msgind 409] cmd tkn[92] flags:0012 result: -4 cmd:5139-ME_SET_PS_MODE_REQ - reqcfm(5140-ME_SET_PS_MODE_CFM)
01-01 08:26:28.522 0 0 W : [0 T947 ..] [cmd_complete 65] cmd tkn[92] flags:0002 result: -4 cmd:5139-ME_SET_PS_MODE_REQ - reqcfm(5140-ME_SET_PS_MODE_CFM)
01-01 08:26:28.524 0 0 W : [3 T6504 ..] >>> aml_send_suspend_req()
01-01 08:26:28.525 0 0 W : [3 T6504 ..] >>> aml_send_msg()
01-01 08:26:28.525 0 0 W : [0 T947 ..] ipc_sdio_host_msgack_handler 000000003b26323b
01-01 08:26:28.526 0 0 W : [0 T947 ..] [aml_msgackind 2038] msg ack hostid=0xffffff800ea7fc00
01-01 08:26:28.527 0 0 W : [0 T947 ..] [cmd_mgr_llind 329] cmd tkn[93] flags:0008 result: -4 cmd: 105-MM_SUB_SET_SUSPEND_REQ - reqcfm(1023-none)
01-01 08:26:28.529 0 0 W : [0 T947 ..] [cmd_complete 65] cmd tkn[93] flags:0000 result: -4 cmd: 105-MM_SUB_SET_SUSPEND_REQ - reqcfm(1023-none)
01-01 08:26:28.530 0 0 W : [0 T947 ..] aml_suspend_ind 2103
01-01 08:26:28.548 0 0 W : [3 T6504 ..] [aml_ps_wow_suspend 5274] after suspend cmd:0
01-01 08:26:28.548 0 0 W : [3 T6504 ..] aml_cfg80211_suspend ok exit 5337
01-01 08:26:28.704 0 0 I : [3 T6486 ..] meson_uart fe078000.serial: pull up rts
01-01 08:26:28.705 0 0 I : [3 T6486 ..] amlvideo2.1 suspend ok
01-01 08:26:28.705 0 0 I : [3 T6486 ..] amlvideo2.0 suspend ok
01-01 08:26:28.706 0 0 I : [3 T6486 ..] [drm] am_meson_crtc_atomic_disable-[0]:in
01-01 08:26:28.706 0 0 I : [3 T6486 ..] dummy_encl_disable finished
01-01 08:26:28.707 0 0 I : [3 T6486 ..] [drm] am_meson_drm_pm_suspend: done
01-01 08:26:28.708 0 0 I [3 T6486 ..] [hdmitx: ] hdmitx_s7d_clock_gate 0
01-01 08:26:28.708 0 0 I [3 T6486 ..] [hdmitx: ] amhdmitx: suspend
01-01 08:26:28.709 0 0 I : [3 T6486 ..] vdin_self_stop_dec(1) decoder in state stopped flags=0x0
01-01 08:26:28.710 0 0 I : [3 T6486 ..] vdin_drv_suspend vdin-id:1 ok.
01-01 08:26:28.711 0 0 I [3 T6486 ..] amvdac_drv_suspend: private_flag:0x0
01-01 08:26:28.711 0 0 I [3 T6486 ..] amvecm: suspend module
01-01 08:26:28.712 0 0 E [3 T6486 ..] vpu: vpu: error: vapb_clk_switch: vapb_clk
01-01 08:26:28.713 0 0 I [3 T6486 ..] vpu: set vpu clk: 25000000Hz(0), readback: 25000000Hz(0x50f)
01-01 08:26:28.714 0 0 I [3 T6486 ..] vpu: vpu: suspend clk: 25000000Hz(0x50f)
01-01 08:26:28.714 0 0 I [3 T6486 ..] [snd-soc]: vad_platform_suspend
01-01 08:26:28.715 0 0 I [3 T6486 ..] [snd-soc]: aml_tdm_platform_suspend tdm:(2)
01-01 08:26:28.716 0 0 I [3 T6486 ..] [snd-soc]: aml_tdm_platform_suspend tdm:(1)
01-01 08:26:28.717 0 0 I [3 T6486 ..] [snd-soc]: aml_tdm_platform_suspend tdm:(0)
01-01 08:26:28.717 0 0 I : [3 T6486 ..] wzh exphy wol
01-01 08:26:28.719 0 0 I : [3 T6486 ..] mali fd000000.valhall: Scheduler PM suspend
01-01 08:26:28.720 0 0 I : [3 T6486 ..] mali fd000000.valhall: pm_callback_suspend in
01-01 08:26:28.720 0 0 I : [3 T6486 ..] mali fd000000.valhall: pm_callback_suspend out
01-01 08:26:28.721 0 0 I : [3 T6486 ..] meson-vrtc fe010288.rtc: alarm_time = 236s, local_time=1588s
01-01 08:26:28.723 0 0 I : [3 T6486 ..] di_clear_for_suspend
01-01 08:26:28.723 0 0 I : [3 T6486 ..] di_clear_for_suspend end
01-01 08:26:28.725 0 0 I [3 T6486 ..] dim: di_suspend finish
01-01 08:26:28.726 0 0 I : [3 T6486 ..] Disabling non-boot CPUs ...
01-01 08:26:28.728 0 0 I [3 T6486 ..] psci: CPU1 killed (polled 4 ms)
01-01 08:26:28.730 0 0 I [3 T6486 ..] psci: CPU2 killed (polled 0 ms)
01-01 08:26:28.732 0 0 I [0 T6486 ..] psci: CPU3 killed (polled 0 ms)
01-01 08:26:28.734 0 0 I : [0 T6486 ..] Enabling non-boot CPUs ...
01-01 08:26:28.734 0 0 I : [0 T0 ..] Detected VIPT I-cache on CPU1
01-01 08:26:28.734 0 0 I [0 T0 ..] CPU1: Booted secondary processor 0x0000000100 [0x412fd050]
01-01 08:26:28.735 0 0 I : [0 T6486 ..] CPU1 is up
01-01 08:26:28.735 0 0 I : [0 T0 ..] Detected VIPT I-cache on CPU2
01-01 08:26:28.735 0 0 I [0 T0 ..] CPU2: Booted secondary processor 0x0000000200 [0x412fd050]
01-01 08:26:28.736 0 0 I : [0 T6486 ..] CPU2 is up
01-01 08:26:28.737 0 0 I : [0 T0 ..] Detected VIPT I-cache on CPU3
01-01 08:26:28.737 0 0 I [0 T0 ..] CPU3: Booted secondary processor 0x0000000300 [0x412fd050]
01-01 08:26:28.738 0 0 I : [0 T6486 ..] CPU3 is up
01-01 08:26:28.738 0 0 I [0 T6486 ..] cec: cec resume noirq!
01-01 08:26:28.738 0 0 I [0 T6486 ..] cec: wakeup_reason:0x8
01-01 08:26:28.740 0 0 I [0 T6486 ..] dim: di_resume
01-01 08:26:28.740 0 0 I [0 T6486 ..] dim: vpu clkb =25000000.
01-01 08:26:28.740 0 0 I [0 T6486 ..] dim: di_resume finish
01-01 08:26:28.742 0 0 I : [0 T6486 ..] meson-vrtc fe010288.rtc: meson_vrtc_adjust_alarm: remaining alarm time = 232 s
01-01 08:26:28.742 0 0 I : [0 T6486 ..] mali fd000000.valhall: pm_callback_resume in
01-01 08:26:28.743 0 0 I : [0 T6486 ..] mali fd000000.valhall: pm_callback_resume out
01-01 08:26:28.744 0 0 I : [0 T6486 ..] mali fd000000.valhall: Scheduler PM resume
01-01 08:26:28.745 0 0 I : [1 T6486 ..] amlogic-crg-drd-usb2 fe358000.usbphy20: phy trim value= 0x000000ff
01-01 08:26:28.746 0 0 I : [1 T6486 ..] amlogic-crg-drd-usb2 fe358000.usbphy20: usb2 pll init done, val: 0x8f549540
01-01 08:26:28.747 0 0 E [1 T6486 ..] [usb]: amlogic_crg_drd_usb2_set_usb_vbus_power 1.
01-01 08:26:28.748 0 0 I : [1 T6486 ..] amlogic-crg-drd-usb2 fe348000.usbphy21: phy trim value= 0x000000ff
01-01 08:26:28.749 0 0 I : [1 T6486 ..] amlogic-crg-drd-usb2 fe348000.usbphy21: usb2 pll init done, val: 0x8f549540
01-01 08:26:28.750 0 0 I : [1 T6486 ..] exeth hold wakelock 5s
01-01 08:26:28.750 0 0 E : [1 T6486 ..] snd_tdm fe330000.audiobus:tdm@0: aml_set_tdm_mclk_2(), clk 0 err
01-01 08:26:28.751 0 0 I [1 T6486 ..] [snd-soc]: aml_tdm_platform_resume tdm:(0)
01-01 08:26:28.752 0 0 E : [1 T6486 ..] snd_tdm fe330000.audiobus:tdm@1: aml_set_tdm_mclk_2(), clk 0 err
01-01 08:26:28.753 0 0 I [1 T6486 ..] [snd-soc]: aml_tdm_platform_resume tdm:(1)
01-01 08:26:28.754 0 0 I [1 T6486 ..] [snd-soc]: aml_tdm_platform_resume tdm:(2)
01-01 08:26:28.755 0 0 I [1 T6486 ..] [snd-soc]: new_resample_init: Start init new resample 0 parameters!
01-01 08:26:28.756 0 0 E : [1 T6486 ..] Codec io: No support bus type 2 to write.
01-01 08:26:28.757 0 0 I [1 T6486 ..] [snd-soc]: resample_clk_set:set hifi pll
01-01 08:26:28.757 0 0 I [1 T6486 ..] [snd-soc]: resample_clk_set, resample_pll:491520000, sclk:12288000, clk:12288000
01-01 08:26:28.759 0 0 I [1 T6486 ..] [snd-soc]: new_resample_set_ratio(), id = 0, phase_step = 0x10000000, input_sr = 48000, output_sr = 48000
01-01 08:26:28.759 0 0 I [1 T6486 ..] [snd-soc]: resample_clk_set:set hifi pll
01-01 08:26:28.761 0 0 I [1 T6486 ..] [snd-soc]: resample_clk_set, resample_pll:491520000, sclk:12288000, clk:12288000
01-01 08:26:28.762 0 0 I [1 T6486 ..] [snd-soc]: vad_platform_resume
01-01 08:26:28.763 0 0 I : [1 T6486 ..] AMFC VLSI version:100, feature:1, clk:666666656
01-01 08:26:28.763 0 0 E [1 T6486 ..] vpu: vpu: error: vapb_clk_switch: vapb_clk
01-01 08:26:28.764 0 0 I [1 T6486 ..] vpu: set vpu clk: 666666667Hz(8), readback: 666666656Hz(0x100)
01-01 08:26:28.765 0 0 I [1 T6486 ..] vpu: vpu: resume clk: 666666656Hz(0x100)
01-01 08:26:28.766 0 0 I [1 T6486 ..] amvecm: resume module
01-01 08:26:28.767 0 0 I [1 T6486 ..] amvdac_drv_resume: private_flag:0x0
01-01 08:26:28.784 0 0 I : [1 T6486 ..] vdin_drv_resume id:1 ok.
01-01 08:26:28.784 0 0 I [1 T6486 ..] [mmc]: sdio vendor is 0x1b8e
01-01 08:26:28.784 0 0 I [1 T6486 ..] [wireless]: vendor_id = 0x1b8e
01-01 08:26:28.785 0 0 I [1 T6486 ..] [hdmitx: ] amhdmitx: resume
01-01 08:26:28.785 0 0 I [1 T6486 ..] [hdmitx: ] hdmitx_s7d_clock_gate 1
01-01 08:26:28.786 0 0 I [1 T6486 ..] [hdmitx: ] hdmi_hwp_init497
01-01 08:26:28.787 0 0 I [1 T6486 ..] [hdmitx: ] plugin sequence id: 4295289490
01-01 08:26:28.825 0 0 I [1 T6486 ..] cec: [hdmitx_notify_callback] unsupported notify:3
01-01 08:26:28.825 0 0 W : [1 T6486 ..] [RX]-up_phy_addr = 3
01-01 08:26:28.826 0 0 I [1 T6486 ..] [hdmitx: ] edid: blk0 raw data
01-01 08:26:28.827 0 0 I [1 T6486 ..] [hdmitx: ] 00ffffffffffff0061a44a00010000000d1d0103807a45780acf74a3574cb02309484c2108008180454061409500010101010101010108e80030f2705a80b058
01-01 08:26:28.827 0 0 I : [1 T6486 ..] 8a00c48e2100001e023a801871382d40582c4500c48e2100001e000000fc004d692054560a20202020202020000000fd003b461f8c3c000a2020202020200188
01-01 08:26:28.830 0 0 I [1 T6486 ..] [hdmitx: ] edid: blk1 raw data
01-01 08:26:28.831 0 0 I [1 T6486 ..] [hdmitx: ] 02035df25901020384050607901112131415161f5d5e5f606162636465662f0907051507503d07c05707005f7e01830100006e030c003000b83c2f0080010203
01-01 08:26:28.831 0 0 I : [1 T6486 ..] 0467d85dc401788803e305c301e50f00008c01e3060501e5018b8490018c0ad08a20e02d10103e9600c48e210000180000000000000000000000000000000054
01-01 08:26:28.834 0 0 I : [1 T6486 ..] [drm] drm hdmitx hpd notify
01-01 08:26:28.835 0 0 I : [1 T6486 ..] [drm] am_meson_crtc_atomic_enable-[0] in: new[dummy_l], old[], vmode[7-4], uboot[0]
01-01 08:26:28.836 0 0 I : [1 T6486 ..] [drm] am_meson_crtc_atomic_enable-[0]: enable mode dummy_l final vmode 7
01-01 08:26:28.837 0 0 I : [1 T6486 ..] dummy_encl_set_current_vmode finished
01-01 08:26:28.838 0 0 I : [1 T6486 ..] [drm] meson_vout_update_mode_name: dummy update vout 1 name dummy_l.
01-01 08:26:28.839 0 0 I : [1 T6486 ..] [drm] meson_dummyl_encoder_atomic_enable: vmode:7 skip atomic enable!
01-01 08:26:28.854 0 0 I : [1 T6486 ..] [drm] am_meson_drm_pm_resume: done
01-01 08:26:28.854 0 0 I : [1 T6486 ..] amlvideo2.0 resume ok
01-01 08:26:28.855 0 0 I : [1 T6486 ..] amlvideo2.1 resume ok
01-01 08:26:28.856 0 0 I : [0 T6230 d.] usb usb1: root hub lost power or was reset
01-01 08:26:28.856 0 0 I : [3 T8 d.] usb usb3: root hub lost power or was reset
01-01 08:26:28.856 0 0 I [1 T6514 ..] [snd-codec-t9015]: no call standard reset interface
01-01 08:26:28.856 0 0 I [1 T6486 ..] BTI: amlbt_sdio_resume
01-01 08:26:28.856 0 0 I : [0 T6230 d.] usb usb2: root hub lost power or was reset
01-01 08:26:28.856 0 0 W : [2 T6511 ..] >>> aml_cfg80211_resume()
01-01 08:26:28.856 0 0 W : [2 T6511 ..] >>> aml_ps_wow_resume()
01-01 08:26:28.857 0 0 I : [3 T8 d.] usb usb4: root hub lost power or was reset
01-01 08:26:28.882 0 0 W : [2 T6511 ..] >>> aml_send_suspend_req()
01-01 08:26:28.882 0 0 W : [2 T6511 ..] >>> aml_send_msg()
01-01 08:26:28.883 0 0 W : [0 T947 ..] ipc_sdio_host_msgack_handler 000000001dd30e41
01-01 08:26:28.883 0 0 W : [0 T947 ..] [aml_msgackind 2038] msg ack hostid=0xffffff8059997880
01-01 08:26:28.884 0 0 W : [0 T947 ..] [cmd_mgr_llind 329] cmd tkn[94] flags:0008 result: -4 cmd: 105-MM_SUB_SET_SUSPEND_REQ - reqcfm(1023-none)
01-01 08:26:28.886 0 0 W : [0 T947 ..] [cmd_complete 65] cmd tkn[94] flags:0000 result: -4 cmd: 105-MM_SUB_SET_SUSPEND_REQ - reqcfm(1023-none)
01-01 08:26:28.887 0 0 W : [2 T6511 ..] [aml_send_me_set_ps_mode 2111] set power save mode:0
01-01 08:26:28.887 0 0 W : [2 T6511 ..] >>> aml_send_msg()
01-01 08:26:28.904 0 0 W : [0 T947 ..] ipc_sdio_host_msgack_handler 000000001dd30e41
01-01 08:26:28.904 0 0 W : [0 T947 ..] [aml_msgackind 2038] msg ack hostid=0xffffff8059997880
01-01 08:26:28.905 0 0 W : [0 T947 ..] [cmd_mgr_llind 329] cmd tkn[95] flags:001a result: -4 cmd:5139-ME_SET_PS_MODE_REQ - reqcfm(5140-ME_SET_PS_MODE_CFM)
01-01 08:26:28.907 0 0 W : [0 T947 ..] [cmd_mgr_msgind 409] cmd tkn[95] flags:0012 result: -4 cmd:5139-ME_SET_PS_MODE_REQ - reqcfm(5140-ME_SET_PS_MODE_CFM)
01-01 08:26:28.908 0 0 W : [0 T947 ..] [cmd_complete 65] cmd tkn[95] flags:0002 result: -4 cmd:5139-ME_SET_PS_MODE_REQ - reqcfm(5140-ME_SET_PS_MODE_CFM)
01-01 08:26:28.910 0 0 W : [2 T6511 ..] >>> aml_send_arp_agent_req()
01-01 08:26:28.911 0 0 W : [2 T6511 ..] >>> aml_send_msg()
01-01 08:26:28.912 0 0 W : [0 T947 ..] ipc_sdio_host_msgack_handler 00000000bb19c649
01-01 08:26:28.912 0 0 W : [0 T947 ..] [aml_msgackind 2038] msg ack hostid=0xffffff8059997d00
01-01 08:26:28.913 0 0 W : [0 T947 ..] [cmd_mgr_llind 329] cmd tkn[96] flags:0008 result: -4 cmd: 105-MM_SUB_ARP_AGENT_REQ - reqcfm( 0-none)
01-01 08:26:28.915 0 0 W : [0 T947 ..] [cmd_complete 65] cmd tkn[96] flags:0000 result: -4 cmd: 105-MM_SUB_ARP_AGENT_REQ - reqcfm( 0-none)
01-01 08:26:28.916 0 0 W : [2 T6511 ..] >>> aml_send_msg()
01-01 08:26:28.917 0 0 W : [0 T947 ..] ipc_sdio_host_msgack_handler 00000000bb19c649
01-01 08:26:28.918 0 0 W : [0 T947 ..] [aml_msgackind 2038] msg ack hostid=0xffffff8059997d00
01-01 08:26:28.919 0 0 W : [0 T947 ..] [cmd_mgr_llind 329] cmd tkn[97] flags:0008 result: -4 cmd: 105-MM_SUB_TKO_ACTIVATE_REQ - reqcfm( 0-none)
01-01 08:26:28.920 0 0 W : [0 T947 ..] [cmd_complete 65] cmd tkn[97] flags:0000 result: -4 cmd: 105-MM_SUB_TKO_ACTIVATE_REQ - reqcfm( 0-none)
01-01 08:26:28.922 0 0 W : [2 T6511 ..] >>> aml_send_dhcp_req()
01-01 08:26:28.922 0 0 W : [2 T6511 ..] >>> aml_send_msg()
01-01 08:26:28.923 0 0 W : [0 T947 ..] ipc_sdio_host_msgack_handler 00000000bb19c649
01-01 08:26:28.924 0 0 W : [0 T947 ..] [aml_msgackind 2038] msg ack hostid=0xffffff8059997d00
01-01 08:26:28.925 0 0 W : [0 T947 ..] [cmd_mgr_llind 329] cmd tkn[98] flags:0008 result: -4 cmd: 105-MM_SUB_DHCP_REQ - reqcfm( 0-none)
01-01 08:26:28.926 0 0 W : [0 T947 ..] [cmd_complete 65] cmd tkn[98] flags:0000 result: -4 cmd: 105-MM_SUB_DHCP_REQ - reqcfm( 0-none)
01-01 08:26:28.928 0 0 W : [2 T6511 ..] >>> aml_send_msg()
01-01 08:26:28.928 0 0 W : [0 T947 ..] ipc_sdio_host_msgack_handler 00000000bb19c649
01-01 08:26:28.929 0 0 W : [0 T947 ..] [aml_msgackind 2038] msg ack hostid=0xffffff8059997d00
01-01 08:26:28.930 0 0 W : [0 T947 ..] [cmd_mgr_llind 329] cmd tkn[99] flags:0008 result: -4 cmd: 105-MM_SCAN_HANG - reqcfm( 0-none)
01-01 08:26:28.932 0 0 W : [0 T947 ..] [cmd_complete 65] cmd tkn[99] flags:0000 result: -4 cmd: 105-MM_SCAN_HANG - reqcfm( 0-none)
01-01 08:26:28.933 0 0 W : [0 T947 ..] fmac scan_hang state:0
01-01 08:26:28.933 0 0 W : [2 T6511 ..] set_scan_hang, flag:0, [aml_ps_wow_resume 5095]
01-01 08:26:28.935 0 0 W : [2 T6511 ..] aml_cfg80211_resume,5397, resume is ok
01-01 08:26:28.980 0 0 I : [2 T6511 ..] [TEE] E/TC:1 INFO: BL3-2: Secure Timer Initialized.
01-01 08:26:29.022 0 0 I [1 T6486 ..] cec: wakeup_reason:0x8
01-01 08:26:29.022 0 0 I [1 T6486 ..] cec: aml_cec_pm_complete
01-01 08:26:29.022 0 0 I : [1 T6486 ..] OOM killer enabled.
01-01 08:26:29.023 0 0 I : [1 T6486 ..] Restarting tasks ...
01-01 08:26:29.030 0 0 W : [3 T6486 ..] done.
01-01 08:26:29.030 0 0 I : [3 T6486 d.] Resume cause unknown
01-01 08:26:29.031 0 0 I [3 T6486 ..] [pm]: reboot_pm_cb called. pm_event:4.
01-01 08:26:29.032 0 0 I [3 T6486 ..] PM: suspend exit
05-23 16:38:20.180 732 841 I PowerGroup: Waking up power group from Asleep (groupId=0, uid=1000, reason=WAKE_REASON_POWER_BUTTON, details=android.policy:POWER)...
05-23 16:38:20.181 732 841 I PowerManagerService: Waking up from Asleep (uid=1000, reason=WAKE_REASON_POWER_BUTTON, details=android.policy:POWER)...
05-23 16:38:20.182 732 754 D CompatibilityChangeReporter: Compat change id reported: 173031413; UID 1000; state: ENABLED
05-23 16:38:20.182 732 754 D CompatibilityChangeReporter: Compat change id reported: 173031413; UID 1000; state: DISABLED
01-01 08:26:29.077 0 0 I [3 T513 ..] [pm]: early_suspend_state=0
01-01 08:26:29.077 0 0 I [3 T513 ..] vpu: vpu: late_resume clk: 666666656Hz(0x100)
01-01 08:26:29.079 0 0 I [3 T513 ..] BTI: bt_lateresume RG_AON_A52:0x44000006
01-01 08:26:29.079 0 0 I [3 T513 ..] BTI: RG_AON_A52:0x40000006
01-01 08:26:29.079 0 0 I [3 T513 ..] [hdmitx: ] Late Resume
01-01 08:26:29.080 0 0 I : [3 T513 ..] [drm] drm hdmitx hpd notify
01-01 08:26:29.087 0 0 I : [0 T513 ..] video_late_resume ok
01-01 08:26:29.089 0 0 I [0 T358 dh] amvecm: resume recovery vsync
01-01 08:26:29.098 0 0 I [0 T358 ..] vc: [0]get capability: min 64 64; max 4096 2160
01-01 08:26:29.098 0 0 I [0 T358 ..] vc: [1]get capability: min 64 64; max 2048 1080
05-23 16:38:20.191 732 781 I DisplayPowerController2[0]: Blocking screen on until initial contents have been drawn.
05-23 16:38:20.192 732 781 D ActivityTaskManager: Top Process State changed to PROCESS_STATE_TOP
05-23 16:38:20.196 732 781 V WindowManager: app ------------- force_land :0
05-23 16:38:20.199 732 781 I DisplayBrightnessStrategySelector: Changing the DisplayBrightnessStrategy from ScreenOffBrightnessStrategy toInvalidBrightnessStrategy for display 0
05-23 16:38:20.200 732 754 I WindowManager: Suppressed redundant power key press while already in the process of turning the screen on.
05-23 16:38:20.202 957 1021 V WindowManagerShell: Transition requested: android.os.BinderProxy@41c67fe TransitionRequestInfo { type = 11, triggerTask = null, remoteTransition = null, displayChange = null, flags = 0 }
05-23 16:38:20.205 732 781 V DisplayPowerController2[0]: Brightness [0.39763778] reason changing to: 'manual', previous reason: 'screen_off'.
05-23 16:38:20.206 732 781 I DisplayPowerController2[0]: BrightnessEvent: disp=0, physDisp=local:4625716335649126413, brt=0.39763778, initBrt=0.0, rcmdBrt=NaN, preBrt=NaN, lux=0.0, preLux=0.0, hbmMax=1.0, hbmMode=off, rbcStrength=0, thrmMax=1.0, powerFactor=1.0, wasShortTermModelActive=false, flags=, reason=manual, autoBrightness=false, strategy=InvalidBrightnessStrategy
05-23 16:38:20.208 732 781 I DisplayPowerController2[0]: Unblocked screen on after 16 ms
05-23 16:38:20.211 732 732 D WindowManager: updateCecScreenStatus 0
05-23 16:38:20.211 732 732 D HDMI : setCecSettingIntValue name:cec_screen_state, value:0
05-23 16:38:20.211 732 732 E ActivityManager: Cancel pending or running compactions as system is awake
05-23 16:38:20.215 732 732 I HDMI : screen state is changing to 0
05-23 16:38:20.215 732 732 D HDMI : onWakeUp action:0, current power status:1
05-23 16:38:20.217 732 732 D HDMI : enableSystemCecControl: true
05-23 16:38:20.219 732 756 I DisplayDeviceRepository: Display device changed state: "内置å±å¹•", ON
01-01 08:26:29.113 0 0 I [0 T358 ..] [hdmitx: ] avmute_store 1
01-01 08:26:29.125 0 0 I [1 T6514 ..] [snd-codec-t9015]: aml_T9015_audio_set_bias_level
01-01 08:26:29.125 0 0 I [1 T6514 ..] [snd-soc]: it is card_post_resume
01-01 08:26:29.138 0 0 I [2 T6503 ..] [snd-codec-t9015]: aml_T9015_audio_set_bias_level
01-01 08:26:29.138 0 0 I [2 T6504 ..] [snd-codec-t9015]: aml_T9015_audio_set_bias_level
01-01 08:26:29.139 0 0 I [2 T688 ..] [snd-soc]: aml_audio_reset, reg 0xa, shift 9, use_vadtop 0
01-01 08:26:29.140 0 0 I [2 T688 ..] [snd-soc]: aml_audio_reset, reg 0xa, shift 14, use_vadtop 0
01-01 08:26:29.141 0 0 D [2 T688 ..] [snd-soc]: aml_spdif_fifo_ctrl, bit depth:16, frddr type:1, toddr:type:1
01-01 08:26:29.141 0 0 I [2 T688 ..] [hdmitx: ] hdmitx_audio_notify_callback[804] type:1 rate:0 size:0 chs:0 i2s_ch_mask:0 aud_src_if:0
01-01 08:26:29.142 0 0 E [2 T688 ..] [hdmitx: ] *HDMITX_ERROR* audio chn setting, must be 2, 4, 6 or 8, Rst as def
01-01 08:26:29.143 0 0 I [2 T688 ..] [hdmitx: ] aout notify format CT_PCM
01-01 08:26:29.144 0 0 I [2 T688 ..] [hdmitx: ] set audio
01-01 08:26:29.145 0 0 I [2 T688 ..] [hdmitx: ] audio_param->chs = -1
01-01 08:26:29.145 0 0 I [2 T688 ..] [hdmitx: ] aud_src_if = 0
01-01 08:26:29.146 0 0 I [2 T688 ..] [hdmitx: ] set audio param
01-01 08:26:29.146 0 0 I [2 T688 ..] [hdmitx: ] hdmitx_audio_notify_callback[804] type:10 rate:3 size:1 chs:2 i2s_ch_mask:1 aud_src_if:0
01-01 08:26:29.148 0 0 I [2 T688 ..] [hdmitx: ] aout notify format CT_DOLBY_D
01-01 08:26:29.149 0 0 I [2 T688 ..] [hdmitx: ] set audio
01-01 08:26:29.149 0 0 I [2 T688 ..] [hdmitx: ] audio_param->chs = 1
01-01 08:26:29.150 0 0 I [2 T688 ..] [hdmitx: ] aud_src_if = 0
01-01 08:26:29.150 0 0 I [2 T688 ..] [hdmitx: ] set audio param
01-01 08:26:29.151 0 0 D [2 T688 ..] [snd-soc]: aml_spdif_fifo_ctrl, bit depth:16, frddr type:1, toddr:type:1
01-01 08:26:29.156 0 0 I [2 T688 ..] [snd-soc]: aml_audio_reset, reg 0xa, shift 9, use_vadtop 0
01-01 08:26:29.157 0 0 I [2 T688 ..] [snd-soc]: aml_audio_reset, reg 0xa, shift 14, use_vadtop 0
01-01 08:26:29.158 0 0 D [2 T688 ..] [snd-soc]: aml_spdif_fifo_ctrl, bit depth:16, frddr type:1, toddr:type:1
01-01 08:26:29.158 0 0 I [2 T688 ..] [hdmitx: ] hdmitx_audio_notify_callback[804] type:1 rate:0 size:0 chs:0 i2s_ch_mask:0 aud_src_if:0
01-01 08:26:29.159 0 0 E [3 T688 ..] [hdmitx: ] *HDMITX_ERROR* audio chn setting, must be 2, 4, 6 or 8, Rst as def
01-01 08:26:29.160 0 0 I [3 T688 ..] [hdmitx: ] aout notify format CT_PCM
01-01 08:26:29.161 0 0 I [3 T688 ..] [hdmitx: ] set audio
01-01 08:26:29.161 0 0 I [3 T688 ..] [hdmitx: ] audio_param->chs = -1
01-01 08:26:29.162 0 0 I [3 T688 ..] [hdmitx: ] aud_src_if = 0
01-01 08:26:29.162 0 0 I [3 T688 ..] [hdmitx: ] set audio param
01-01 08:26:29.163 0 0 I [3 T688 ..] [hdmitx: ] hdmitx_audio_notify_callback[804] type:10 rate:3 size:1 chs:2 i2s_ch_mask:1 aud_src_if:0
01-01 08:26:29.165 0 0 I [3 T688 ..] [hdmitx: ] aout notify format CT_DOLBY_D
01-01 08:26:29.165 0 0 I [3 T688 ..] [hdmitx: ] set audio
01-01 08:26:29.166 0 0 I [3 T688 ..] [hdmitx: ] audio_param->chs = 1
01-01 08:26:29.166 0 0 I [3 T688 ..] [hdmitx: ] aud_src_if = 0
01-01 08:26:29.167 0 0 I [3 T688 ..] [hdmitx: ] set audio param
01-01 08:26:29.168 0 0 D [3 T688 ..] [snd-soc]: aml_spdif_fifo_ctrl, bit depth:16, frddr type:1, toddr:type:1
01-01 08:26:29.196 0 0 I [1 T169 ..] [mmc]: tuning-c:4, tuning-s:5
01-01 08:26:29.196 0 0 I [1 T169 ..] [mmc]: mmc0: clk= 0x10000206, adj = 0x42000, dly1 = 0, dly2 = 0
01-01 08:26:29.199 0 0 I [1 T169 ..] [mmc]: aml_sd_emmc_clktest [864] clktest : 7680, delay_cell: 83, count: 30
01-01 08:26:29.199 0 0 I [1 T169 ..] [mmc]: [set_emmc_nwr_clks], delay1: 0x0, delay2: 0x0
01-01 08:26:29.283 0 0 I [3 T169 ..] [mmc]: cmd-best-c:17, cmd-best-size:31
05-23 16:38:20.529 732 2913 I DisplayDevice: [0] Layerstack set to 0 for local:4625716335649126413
05-23 16:38:20.530 732 732 W Looper : Slow dispatch took 315ms main h=android.os.Handler c=com.android.server.hdmi.WorkSourceUidPreservingRunnable@9a43abb m=0
05-23 16:38:20.534 732 869 W PowerManagerService: Screen on took 372 ms
05-23 16:38:20.541 732 732 W Looper : Slow delivery took 315ms main h=android.app.ActivityThread$H c=android.app.LoadedApk$ReceiverDispatcher$Args$$ExternalSyntheticLambda0@c742bd8 m=0
05-23 16:38:20.541 732 732 D HDMI : [R]: 04:44
05-23 16:38:20.546 732 732 D HDMI : addCecDevice new:CEC: logical_address: 0x00 device_type: 0 cec_version: 5 vendor_id: 16777215 display_name: TV power_status: -1 physical_address: 0xFFFF port_id: -1 old:null
05-23 16:38:20.547 732 732 W HDMI : [1]:Unhandled cec command: 04:44
05-23 16:38:20.548 732 732 W Looper : Drained
05-23 16:38:20.557 732 756 I DisplayDeviceRepository: Display device changed state: "内置å±å¹•", ON
01-01 08:26:29.380 0 0 I [0 T169 ..] [mmc]: ds_sht:15, window:24, intf3:0x40f008, clock:0x100e0003, adjust:0x0
01-01 08:26:29.427 0 0 I : [0 T358 ..] [drm] build_hdmitx_attr_str:420,10bit = 3+10
01-01 08:26:29.432 0 0 I : [0 T358 ..] [drm] am_meson_crtc_atomic_disable-[0]:in
01-01 08:26:29.433 0 0 I : [2 T358 ..] dummy_encl_disable finished
01-01 08:26:29.433 0 0 I : [2 T358 ..] [drm] am_meson_crtc_atomic_enable-[0] in: new[smpte60hz], old[dummy_l], vmode[4-4], uboot[0]
01-01 08:26:29.436 0 0 I : [2 T358 ..] [drm] am_meson_crtc_atomic_enable-[0]: enable mode smpte60hz final vmode 0
01-01 08:26:29.438 0 0 I [2 T358 ..] [hdmitx: ] set21_s7d_htxpll_clk_out[96] htxpll vco 3712500 div 1
01-01 08:26:29.440 0 0 I [2 T358 ..] [hdmitx: ] pll_od0 = 0, pll_od2 = 0, pll_od1 = 1
01-01 08:26:29.440 0 0 I [2 T358 ..] [hdmitx: ] clocks_set_vid_clk_div_for_hdmi[402] div = 8
01-01 08:26:29.441 0 0 I [2 T358 ..] [hdmitx: ] configure venc
01-01 08:26:29.441 0 0 I [2 T358 ..] [hdmitx: ] config_tv_enc_calc[63] vic = 102
01-01 08:26:29.442 0 0 I [2 T358 ..] [hdmitx: ] hdmitx_soft_reset[1261]
01-01 08:26:29.443 0 0 I [2 T358 ..] [hdmitx: ] config hdmitx IP vic = 102 cd:5 cs: 3
01-01 08:26:29.444 0 0 I [2 T358 ..] [hdmitx: ] configure hdmitx21
01-01 08:26:29.453 0 0 W : [2 T1016 ..] >>> aml_cfg80211_set_power_mgmt()
01-01 08:26:29.453 0 0 W : [2 T1016 ..] [aml_send_me_set_ps_mode 2111] set power save mode:0
01-01 08:26:29.453 0 0 W : [2 T1016 ..] >>> aml_send_msg()
01-01 08:26:29.455 0 0 W : [1 T947 ..] ipc_sdio_host_msgack_handler 00000000b6ecedb0
01-01 08:26:29.455 0 0 I [2 T358 ..] [hdmitx: ] hdmitx_set_dispmode[1527] frl_rate 0 htotal 4400 cs 3 cd 5 h_unstable 0
01-01 08:26:29.455 0 0 I [0 T0 dh] [hdmitx: ] hdmitx_set_drm_pkt: tf=1, cf=1, colormetry=0
01-01 08:26:29.455 0 0 I [0 T0 dh] [hdmitx: ] hdmitx_set_drm_pkt: hdr.sdr pkt sent
01-01 08:26:29.455 0 0 W : [1 T947 ..] [aml_msgackind 2038] msg ack hostid=0xffffff806650ec80
01-01 08:26:29.455 0 0 W : [1 T947 ..] [cmd_mgr_llind 329] cmd tkn[100] flags:001a result: -4 cmd:5139-ME_SET_PS_MODE_REQ - reqcfm(5140-ME_SET_PS_MODE_CFM)
01-01 08:26:29.462 0 0 W : [1 T947 ..] [cmd_mgr_msgind 409] cmd tkn[100] flags:0012 result: -4 cmd:5139-ME_SET_PS_MODE_REQ - reqcfm(5140-ME_SET_PS_MODE_CFM)
01-01 08:26:29.463 0 0 W : [1 T947 ..] [cmd_complete 65] cmd tkn[100] flags:0002 result: -4 cmd:5139-ME_SET_PS_MODE_REQ - reqcfm(5140-ME_SET_PS_MODE_CFM)
05-23 16:38:20.611 732 732 D HDMI : receive android.intent.action.SCREEN_ON
01-01 08:26:29.490 0 0 W : [0 T1016 ..] [aml_android_priv_ioctl 128] vif idx=0 cmd=SETSUSPENDMODE 0
01-01 08:26:29.490 0 0 W : [0 T1016 ..] [aml_android_set_suspend_mode 77] set google_cast 0
05-23 16:38:20.632 957 1021 V WindowManagerShell: onTransitionReady android.os.BinderProxy@41c67fe: {id=9 t=WAKE f=0x0 trk=0 r=[0@Point(0, 0)] c=[{WCT{android.window.IWindowContainerToken$Stub$Proxy@66cce7b} m=TO_FRONT f=TRANSLUCENT p=WCT{android.window.IWindowContainerToken$Stub$Proxy@15f9498} leash=Surface(name=Task=230)/@0x43bdb5f sb=Rect(0, 0 - 1920, 1080) eb=Rect(0, 0 - 1920, 1080) d=0},{WCT{android.window.IWindowContainerToken$Stub$Proxy@a88c4f1} m=TO_FRONT f=NONE p=WCT{android.window.IWindowContainerToken$Stub$Proxy@ba378d6} leash=Surface(name=Task=1)/@0x4cd89ac sb=Rect(0, 0 - 1920, 1080) eb=Rect(0, 0 - 1920, 1080) d=0},{WCT{android.window.IWindowContainerToken$Stub$Proxy@eefd757} m=TO_FRONT f=NONE leash=Surface(name=DefaultTaskDisplayArea)/@0x27e3675 sb=Rect(0, 0 - 1920, 1080) eb=Rect(0, 0 - 1920, 1080) d=0}]}
05-23 16:38:20.632 957 1021 V WindowManagerShell: Playing animation for (#9)android.os.BinderProxy@41c67fe@0
05-23 16:38:20.632 957 1021 V WindowManagerShell: try handler com.android.wm.shell.keyguard.KeyguardTransitionHandler@9798e39
05-23 16:38:20.632 957 1021 V WindowManagerShell: try handler com.android.wm.shell.pip.tv.TvPipTransition@b2d1c7e
05-23 16:38:20.632 957 1021 V WindowManagerShell: try handler com.android.wm.shell.activityembedding.ActivityEmbeddingController@857b5df
05-23 16:38:20.633 957 1021 V WindowManagerShell: try handler com.android.wm.shell.transition.RemoteTransitionHandler@3c922c
05-23 16:38:20.633 957 1021 V WindowManagerShell: Transition doesn't have explicit remote, search filters for match for {id=9 t=WAKE f=0x0 trk=0 r=[0@Point(0, 0)] c=[{WCT{android.window.IWindowContainerToken$Stub$Proxy@66cce7b} m=TO_FRONT f=TRANSLUCENT p=WCT{android.window.IWindowContainerToken$Stub$Proxy@15f9498} leash=Surface(name=Task=230)/@0x43bdb5f sb=Rect(0, 0 - 1920, 1080) eb=Rect(0, 0 - 1920, 1080) d=0},{WCT{android.window.IWindowContainerToken$Stub$Proxy@a88c4f1} m=TO_FRONT f=NONE p=WCT{android.window.IWindowContainerToken$Stub$Proxy@ba378d6} leash=Surface(name=Task=1)/@0x4cd89ac sb=Rect(0, 0 - 1920, 1080) eb=Rect(0, 0 - 1920, 1080) d=0},{WCT{android.window.IWindowContainerToken$Stub$Proxy@eefd757} m=TO_FRONT f=NONE leash=Surface(name=DefaultTaskDisplayArea)/@0x27e3675 sb=Rect(0, 0 - 1920, 1080) eb=Rect(0, 0 - 1920, 1080) d=0}]}
05-23 16:38:20.633 957 1021 V WindowManagerShell: Delegate animation for #9 to null
05-23 16:38:20.633 957 1021 V WindowManagerShell: try handler com.android.wm.shell.transition.DefaultTransitionHandler@85bd4f5
05-23 16:38:20.633 957 1021 V WindowManagerShell: start default transition animation, info = {id=9 t=WAKE f=0x0 trk=0 r=[0@Point(0, 0)] c=[{WCT{android.window.IWindowContainerToken$Stub$Proxy@66cce7b} m=TO_FRONT f=TRANSLUCENT p=WCT{android.window.IWindowContainerToken$Stub$Proxy@15f9498} leash=Surface(name=Task=230)/@0x43bdb5f sb=Rect(0, 0 - 1920, 1080) eb=Rect(0, 0 - 1920, 1080) d=0},{WCT{android.window.IWindowContainerToken$Stub$Proxy@a88c4f1} m=TO_FRONT f=NONE p=WCT{android.window.IWindowContainerToken$Stub$Proxy@ba378d6} leash=Surface(name=Task=1)/@0x4cd89ac sb=Rect(0, 0 - 1920, 1080) eb=Rect(0, 0 - 1920, 1080) d=0},{WCT{android.window.IWindowContainerToken$Stub$Proxy@eefd757} m=TO_FRONT f=NONE leash=Surface(name=DefaultTaskDisplayArea)/@0x27e3675 sb=Rect(0, 0 - 1920, 1080) eb=Rect(0, 0 - 1920, 1080) d=0}]}
05-23 16:38:20.634 957 1021 V WindowManagerShell: Transition animation finished (aborted=false), notifying core (#9)android.os.BinderProxy@41c67fe@0
05-23 16:38:20.634 732 753 V WindowManager: Sent Transition #9 createdAt=05-23 16:38:20.192 via request=TransitionRequestInfo { type = 11, triggerTask = null, remoteTransition = null, displayChange = null, flags = 0 }
05-23 16:38:20.635 732 753 V WindowManager: startWCT=WindowContainerTransaction { changes = {} hops = [] errorCallbackToken=null taskFragmentOrganizer=null }
05-23 16:38:20.636 732 753 V WindowManager: info={id=9 t=WAKE f=0x0 trk=0 r=[0@Point(0, 0)] c=[{WCT{RemoteToken{721eb40 Task{68ecb0e #230 type=standard A=1000:com.dangbei.haqusetting}}} m=TO_FRONT f=TRANSLUCENT p=WCT{RemoteToken{2e14633 DefaultTaskDisplayArea@164184600}} leash=Surface(name=Task=230)/@0xf88837d sb=Rect(0, 0 - 1920, 1080) eb=Rect(0, 0 - 1920, 1080) d=0},{WCT{RemoteToken{de3cd5e Task{75a3c30 #1 type=home}}} m=TO_FRONT f=NONE p=WCT{RemoteToken{2e14633 DefaultTaskDisplayArea@164184600}} leash=Surface(name=Task=1)/@0xeda3590 sb=Rect(0, 0 - 1920, 1080) eb=Rect(0, 0 - 1920, 1080) d=0},{WCT{RemoteToken{2e14633 DefaultTaskDisplayArea@164184600}} m=TO_FRONT f=NONE leash=Surface(name=DefaultTaskDisplayArea)/@0xc85c96d sb=Rect(0, 0 - 1920, 1080) eb=Rect(0, 0 - 1920, 1080) d=0}]}
05-23 16:38:20.636 732 753 V WindowManager: Finish Transition #9: created at
05-23 16:38:20.192 collect-started=0.127ms request-sent=0.191ms started=10.635ms ready=10.576ms sent=434.697ms finished=443.142ms
05-23 16:38:20.640 732 754 W ContextImpl: Calling a method in the system process without a qualified user: android.app.ContextImpl.startService:1899 com.android.server.wm.DisplayPolicy.lambda$focusChangedLw$5:2126 com.android.server.wm.DisplayPolicy.$r8$lambda$Znxk63oh-WzVnzo_WQefN7uxV48:0 com.android.server.wm.DisplayPolicy$$ExternalSyntheticLambda13.run:0 android.os.Handler.handleCallback:958
05-23 16:38:20.640 957 1021 V WindowManagerShell: Track 0 became idle
05-23 16:38:20.641 957 1021 V WindowManagerShell: All active transition animations finished
05-23 16:38:20.641 957 1021 V WindowManagerShell: animated by com.android.wm.shell.transition.DefaultTransitionHandler@85bd4f5
05-23 16:38:20.641 957 1021 V WindowManagerShell: Track 0 became idle
05-23 16:38:20.641 957 1021 V WindowManagerShell: All active transition animations finished
01-01 08:26:29.524 0 0 I [1 T358 ..] [hdmitx: ] set21_phy_by_mode_s7d[188] rterm = 7
01-01 08:26:29.525 0 0 I [1 T358 ..] [hdmitx: ] Sink is HDMI device
01-01 08:26:29.525 0 0 I [1 T358 ..] [hdmitx: ] clear vsif for non-4k mode.
01-01 08:26:29.527 0 0 I [1 T358 d.] [hdmitx: ] hdmitx_set_drm_pkt: hdr.sdr pkt sent
01-01 08:26:29.527 0 0 I [1 T358 ..] [hdmitx: ] set audio
01-01 08:26:29.527 0 0 I [1 T358 ..] [hdmitx: ] audio_param->chs = 1
01-01 08:26:29.528 0 0 I [1 T358 ..] [hdmitx: ] aud_src_if = 0
01-01 08:26:29.529 0 0 I [1 T358 ..] [hdmitx: ] aud_n_para = 20480
01-01 08:26:29.529 0 0 I [1 T358 ..] [hdmitx: ] vinfo: set cur_enc_ppc as 1, vpp color: 0
01-01 08:26:29.532 0 0 I [2 T358 ..] DOLBY: vout_notify_callback: VOUT_EVENT_MODE_CHANGE
01-01 08:26:29.532 0 0 I : [2 T358 ..] vsync_pts_inc 1500 1/60
01-01 08:26:29.535 0 0 I : [0 T358 ..] [drm] meson_vout_update_mode_name: hdmitx update vout 1 name smpte60hz.
01-01 08:26:29.539 0 0 I [0 T224 dh] [hdmitx: ] hdmitx_set_drm_pkt: tf=16, cf=9, colormetry=0
01-01 08:26:29.554 0 0 I [3 T688 ..] [snd-soc]: aml_audio_reset, reg 0xa, shift 9, use_vadtop 0
01-01 08:26:29.554 0 0 I [3 T688 ..] [snd-soc]: aml_audio_reset, reg 0xa, shift 14, use_vadtop 0
01-01 08:26:29.556 0 0 I [3 T688 ..] [hdmitx: ] hdmitx_audio_notify_callback[804] type:1 rate:0 size:0 chs:0 i2s_ch_mask:0 aud_src_if:0
01-01 08:26:29.557 0 0 E [3 T688 ..] [hdmitx: ] *HDMITX_ERROR* audio chn setting, must be 2, 4, 6 or 8, Rst as def
01-01 08:26:29.558 0 0 I [3 T688 ..] [hdmitx: ] aout notify format CT_PCM
01-01 08:26:29.558 0 0 I [3 T688 ..] [hdmitx: ] set audio
01-01 08:26:29.559 0 0 I [3 T688 ..] [hdmitx: ] audio_param->chs = -1
01-01 08:26:29.560 0 0 I [3 T688 ..] [hdmitx: ] aud_src_if = 0
01-01 08:26:29.560 0 0 I [3 T688 ..] [hdmitx: ] aud_n_para = 5120
01-01 08:26:29.561 0 0 I [3 T688 ..] [hdmitx: ] set audio param
01-01 08:26:29.561 0 0 I [3 T688 ..] [hdmitx: ] hdmitx_audio_notify_callback[804] type:10 rate:3 size:1 chs:2 i2s_ch_mask:1 aud_src_if:0
01-01 08:26:29.563 0 0 I [3 T688 ..] [hdmitx: ] aout notify format CT_DOLBY_D
01-01 08:26:29.563 0 0 I [3 T688 ..] [hdmitx: ] set audio
01-01 08:26:29.564 0 0 I [3 T688 ..] [hdmitx: ] audio_param->chs = 1
01-01 08:26:29.565 0 0 I [3 T688 ..] [hdmitx: ] aud_src_if = 0
01-01 08:26:29.565 0 0 I [3 T688 ..] [hdmitx: ] aud_n_para = 20480
01-01 08:26:29.566 0 0 I [3 T688 ..] [hdmitx: ] set audio param
01-01 08:26:29.566 0 0 D [3 T688 ..] [snd-soc]: aml_spdif_fifo_ctrl, bit depth:16, frddr type:1, toddr:type:1
05-23 16:38:20.709 732 910 D HDMI : New logical address for device [4]: [preferred:4, assigned:4]
05-23 16:38:20.710 732 910 D HDMI : [S]: 40:00:44:00
05-23 16:38:20.712 732 732 D HDMI : addCecDevice new:CEC: logical_address: 0x04 device_type: 4 cec_version: 5 vendor_id: 1877008 display_name: DBBOX-A3 power_status: 0 physical_address: 0x3000 port_id: 0 old:null
05-23 16:38:20.719 732 732 D HDMI : onInitializeCecComplete 2
05-23 16:38:20.719 732 732 D HDMI : oneTouchPlay com.android.server.hdmi.OneTouchPlayAction@6bf3dee
05-23 16:38:20.719 732 732 I HDMI : Not ready to start action. Queued for deferred start:com.android.server.hdmi.OneTouchPlayAction@6bf3dee
05-23 16:38:20.720 732 732 D HdmiControlService: Local device is under address allocation. Queue display callback for later process.
01-01 08:26:29.579 0 0 I [2 T358 ..] [hdmitx: ] avmute_store -1
05-23 16:38:20.720 732 732 D HDMI : onAddressAllocated address:4 reason:2
05-23 16:38:20.722 732 732 D HDMI : DeviceDiscoveryAction start com.android.server.hdmi.DeviceDiscoveryAction@860128f
05-23 16:38:20.722 732 732 I HdmiCecLocalDevice: Starting queued action:com.android.server.hdmi.OneTouchPlayAction@6bf3dee
05-23 16:38:20.722 732 732 D HDMI : setActiveSource logical:0x04 physical:0x3000 OneTouchPlayAction#broadcastActiveSource()
05-23 16:38:20.724 732 732 D HDMI : ActiveSourceHistoryRecord active source=(0x04, 0x3000) isActiveSource=true from=OneTouchPlayAction#broadcastActiveSource()
05-23 16:38:20.724 732 732 D HDMI : setActiveSource logical:0x04 physical:0x3000 ActiveSourceAction
05-23 16:38:20.725 732 732 D HDMI : ActiveSourceHistoryRecord active source=(0x04, 0x3000) isActiveSource=true from=ActiveSourceAction
05-23 16:38:20.730 732 732 D HdmiControlService: Switching to full volume behavior
05-23 16:38:20.731 732 732 D HdmiControlService: Switching to full volume behavior
05-23 16:38:20.763 732 756 D LocalDisplayAdapter: The active mode was changed from SurfaceFlinger or the display device to {id=81, width=4096, height=2160, fps=60.000004, alternativeRefreshRates=[], supportedHdrTypes=[2]}
05-23 16:38:20.763 732 756 D LocalDisplayAdapter: New display modes are added and the active mode has changed, use active mode as default mode.
05-23 16:38:20.763 732 756 W LocalDisplayAdapter: DisplayModeSpecs base mode no longer available, using currently active mode.
05-23 16:38:20.764 732 756 I DisplayDeviceRepository: Display device changed: DisplayDeviceInfo{"内置å±å¹•": uniqueId="local:4625716335649126413", 4096 x 2160, modeId 77, renderFrameRate 60.000004, defaultModeId 77, supportedModes [{id=77, width=4096, height=2160, fps=60.000004, alternativeRefreshRates=[], supportedHdrTypes=[]}], colorMode 0, supportedColorModes [0], hdrCapabilities HdrCapabilities{mSupportedHdrTypes=[], mMaxLuminance=500.0, mMaxAverageLuminance=500.0, mMinLuminance=0.0}, allmSupported false, gameContentTypeSupported true, density 480, 85.277 x 79.513 dpi, appVsyncOff 2000000, presDeadline 13666666, touch INTERNAL, rotation 0, type INTERNAL, address {port=13, model=0x4031d87fca1678}, deviceProductInfo DeviceProductInfo{name=Linux FHD, manufacturerPnpId=LNX, productId=0, modelYear=null, manufactureDate=ManufactureDate{week=5, year=2012}, connectionToSinkType=0}, state ON, committedState ON, frameRateOverride , brightnessMinimum 0.0, brightnessMaximum 1.0, brightnessDefault 0.39763778, hdrSdrRatio NaN, FLAG_ALLOWED_TO_BE_DEFAULT_DISPLAY, FLAG_ROTATES_WITH_CONTENT, FLAG_SECURE, FLAG_SUPPORTS_PROTECTED_BUFFERS, FLAG_TRUSTED, installOrientation 0, displayShape DisplayShape{ spec=215504843 displayWidth=4096 displayHeight=2160 physicalPixelDisplaySizeRatio=1.0 rotation=0 offsetX=0 offsetY=0 scale=1.0}}
05-23 16:38:20.767 732 757 W LocalDisplayAdapter: Ignoring request for invalid base mode id 77
05-23 16:38:20.769 732 756 I DisplayDeviceRepository: Display device changed: DisplayDeviceInfo{"内置å±å¹•": uniqueId="local:4625716335649126413", 4096 x 2160, modeId 81, renderFrameRate 60.000004, defaultModeId 81, supportedModes [{id=78, width=1920, height=1080, fps=59.94006, alternativeRefreshRates=[], supportedHdrTypes=[2]}, {id=79, width=1920, height=1080, fps=60.000004, alternativeRefreshRates=[], supportedHdrTypes=[2]}, {id=80, width=4096, height=2160, fps=59.94006, alternativeRefreshRates=[], supportedHdrTypes=[2]}, {id=81, width=4096, height=2160, fps=60.000004, alternativeRefreshRates=[], supportedHdrTypes=[2]}, {id=82, width=4096, height=2160, fps=50.0, alternativeRefreshRates=[], supportedHdrTypes=[2]}, {id=83, width=4096, height=2160, fps=29.97003, alternativeRefreshRates=[], supportedHdrTypes=[2]}, {id=84, width=4096, height=2160, fps=30.000002, alternativeRefreshRates=[], supportedHdrTypes=[2]}, {id=85, width=4096, height=2160, fps=23.976025, alternativeRefreshRates=[], supportedHdrTypes=[2]}, {id=86, width=4096, height=2160, fps=24.000002, alternativeRefreshRates=[], supportedHdrTypes=[2]}, {id=87, width=3840, height=2160, fps=59.94006, alternativeRefreshRates=[], supportedHdrTypes=[2]}, {id=88, width=3840, height=2160, fps=60.000004, alternativeRefreshRates=[], supportedHdrTypes=[2]}, {id=89, width=3840, height=2160, fps=50.0, alternativeRefreshRates=[], supportedHdrTypes=[2]}, {id=90, width=3840, height=2160, fps=29.97003, alternativeRefreshRates=[], supportedHdrTypes=[2]}, {id=91, width=3840, height=2160, fps=30.000002, alternativeRefreshRates=[], supportedHdrTypes=[2]}, {id=92, width=3840, height=2160, fps=25.0, alternativeRefreshRates=[], supportedHdrTypes=[2]}, {id=93, width=3840, height=2160, fps=23.976025, alternativeRefreshRates=[], supportedHdrTypes=[2]}, {id=94, width=3840, height=2160, fps=24.000002, alternativeRefreshRates=[], supportedHdrTypes=[2]}, {id=95, width=1920, height=1080, fps=50.0, alternativeRefreshRates=[], supportedHdrTypes=[2]}, {id=96, width=1280, height=720, fps=59.94006, alternativeRefreshRates=[], supportedHdrTypes=[2]}, {id=97, width=1280, height=720, fps=60.000004, alternativeRefreshRates=[], supportedHdrTypes=[2]}, {id=98, width=1280, height=720, fps=50.0, alternativeRefreshRates=[], supportedHdrTypes=[2]}, {id=99, width=720, height=576, fps=50.0, alternativeRefreshRates=[], supportedHdrTypes=[2]}, {id=100, width=720, height=480, fps=59.94006, alternativeRefreshRates=[], supportedHdrTypes=[2]}, {id=101, width=720, height=480, fps=60.000004, alternativeRefreshRates=[], supportedHdrTypes=[2]}], colorMode 0, supportedColorModes [0], hdrCapabilities HdrCapabilities{mSupportedHdrTypes=[2], mMaxLuminance=500.0, mMaxAverageLuminance=500.0, mMinLuminance=0.0}, allmSupported false, gameContentTypeSupported true, density 480, 85.277 x 79.513 dpi, appVsyncOff 2000000, presDeadline 13666666, touch INTERNAL, rotation 0, type INTERNAL, address {port=13, model=0x4031d87fca1678}, deviceProductInfo DeviceProductInfo{name=Mi TV, manufacturerPnpId=XMD, productId=74, modelYear=null, manufactureDate=ManufactureDate{week=13, year=2019}, connectionToSinkType=2}, state ON, committedState ON, frameRateOverride , brightnessMinimum 0.0, brightnessMaximum 1.0, brightnessDefault 0.39763778, hdrSdrRatio NaN, FLAG_ALLOWED_TO_BE_DEFAULT_DISPLAY, FLAG_ROTATES_WITH_CONTENT, FLAG_SECURE, FLAG_SUPPORTS_PROTECTED_BUFFERS, FLAG_TRUSTED, installOrientation 0, displayShape DisplayShape{ spec=215504843 displayWidth=4096 displayHeight=2160 physicalPixelDisplaySizeRatio=1.0 rotation=0 offsetX=0 offsetY=0 scale=1.0}}
05-23 16:38:20.839 732 910 D HDMI : [S]: 4F:84:30:00:04
05-23 16:38:20.991 732 910 D HDMI : [S]: 4F:87:1C:A4:10
05-23 16:38:21.143 732 910 D HDMI : [S]: 40:8C
05-23 16:38:21.222 732 910 D HDMI : [S]: 40:47
05-23 16:38:21.497 732 910 D HDMI : [S]: 45:7D
05-23 16:38:21.610 732 732 D HDMI : AVR did not respond to
05-23 16:38:21.610 732 732 D HdmiControlService: Switching to full volume behavior
05-23 16:38:21.666 732 910 D HDMI : [S]: 40:0D
05-23 16:38:21.750 732 910 D HDMI : [S]: 4F:82:30:00
05-23 16:38:21.883 732 910 D HDMI : [S]: 40:8E:00
05-23 16:38:21.986 732 910 D HDMI : [S]: 45:70:30:00
05-23 16:38:22.102 732 910 E HDMI : [1]:Failed to send 45:70:30:00 with errorCode=1
05-23 16:38:22.102 732 910 D HDMI : [S]: 40:8F
05-23 16:38:22.182 732 910 D HDMI : [S]: 40:8F
05-23 16:38:22.613 732 732 D HdmiCecController: [P]:AllocatedAddress=[0]
05-23 16:38:22.614 732 910 D HDMI : [S]: 40:8F
05-23 16:38:22.725 732 732 D HDMI : one touch play retry:1
05-23 16:38:22.726 732 910 D HDMI : [S]: 40:0D
05-23 16:38:22.805 732 732 D HDMI : [R]: 04:46
05-23 16:38:22.806 732 732 D HDMI : addCecDevice new:CEC: logical_address: 0x00 device_type: 0 cec_version: 5 vendor_id: 16777215 display_name: TV power_status: -1 physical_address: 0xFFFF port_id: -1 old:null
05-23 16:38:22.807 732 732 D HdmiControlService: Switching to full volume behavior
05-23 16:38:23.018 732 732 D HDMI : [R]: 0F:87:00:EC:0A
05-23 16:38:23.100 732 732 D HDMI : [R]: 04:8C
05-23 16:38:23.205 732 732 D HDMI : [R]: 04:90:00
05-23 16:38:23.206 732 732 D HDMI : One touch play is done for TV's power is ready
05-23 16:38:23.207 732 732 D HDMI : setActiveSource logical:0x04 physical:0x3000 ActiveSourceAction
05-23 16:38:23.208 732 732 D HDMI : ActiveSourceHistoryRecord active source=(0x04, 0x3000) isActiveSource=true from=ActiveSourceAction
05-23 16:38:23.210 732 732 D HDMI : addCecDevice new:CEC: logical_address: 0x00 device_type: 0 cec_version: 5 vendor_id: 60426 display_name: MiTV-ANSP0 power_status: 0 physical_address: 0x0000 port_id: -1 old:CEC: logical_address: 0x00 device_type: 0 cec_version: 5 vendor_id: 60426 display_name: TV power_status: 0 physical_address: 0xFFFF port_id: -1
05-23 16:38:23.210 732 732 D HdmiControlService: Switching to full volume behavior
05-23 16:38:23.211 732 732 D HDMI : addCecDevice new:CEC: logical_address: 0x04 device_type: 4 cec_version: 5 vendor_id: 1877008 display_name: DBBOX-A3 power_status: 0 physical_address: 0x3000 port_id: 0 old:null
05-23 16:38:23.211 732 732 D HDMI : Hot-plug detection started.
05-23 16:38:23.211 732 732 D HDMI : queryDisplayStatus status=0
05-23 16:38:23.212 732 732 D AudioService: onStatusChange cecEnabled:true available:true
05-23 16:38:23.213 732 732 D HdmiControlService: Switching to full volume behavior
05-23 16:38:23.314 732 732 D HDMI : [R]: 04:90:00
05-23 16:38:23.413 732 732 D HDMI : [R]: 04:90:00
05-23 16:38:23.538 732 910 D HDMI : [S]: 40:8F
05-23 16:38:23.619 732 910 D HDMI : [S]: 40:8F
05-23 16:38:23.698 732 910 D HDMI : [S]: 40:47
01-01 08:26:32.812 0 0 I [3 T6500 ..] rx_pkt_counter: 0
01-01 08:26:32.812 0 0 E : [3 T6500 ..] meson8b-dwmac fe368000.ethernet eth0: Reset adapter.
05-23 16:38:23.977 732 910 D HDMI : [S]: 4F:87:1C:A4:10
01-01 08:26:32.932 0 0 I : [3 T6500 ..] meson8b-dwmac fe368000.ethernet eth0: PHY [0.0:00] driver [Generic PHY] (irq=POLL)
01-01 08:26:32.933 0 0 I : [1 T6500 ..] meson8b-dwmac fe368000.ethernet eth0: Register MEM_TYPE_PAGE_POOL RxQ-0
05-23 16:38:24.131 732 910 D HDMI : [S]: 4F:82:30:00
05-23 16:38:24.263 732 910 D HDMI : [S]: 40:8E:00
05-23 16:38:24.541 732 732 D HDMI : [R]: 04:90:00
05-23 16:38:24.657 732 732 D HDMI : [R]: 04:90:00
01-01 08:26:33.940 0 0 E : [3 T6500 ..] meson8b-dwmac fe368000.ethernet: Failed to reset the dma
01-01 08:26:33.940 0 0 E : [3 T6500 ..] meson8b-dwmac fe368000.ethernet eth0: stmmac_hw_setup: DMA engine initialization failed
01-01 08:26:33.941 0 0 E : [3 T6500 ..] meson8b-dwmac fe368000.ethernet eth0: stmmac_open: Hw setup failed
05-23 16:38:26.844 732 732 D HDMI : [R]: 04:8F
05-23 16:38:26.845 732 910 D HDMI : [S]: 40:90:00
01-01 08:26:38.440 0 0 W : [1 T0 .s] [SP FRAME TX] arp req,vif_idx:0 sender:[1c:79:2d:20:62:97 192.168.3.167]receiver:[00:00:00:00:00:00 192.168.3.111]
01-01 08:26:39.119 0 0 W : [3 T948 ..] [SP FRAME RX] arp rsp,vif_idx:0 sender:[9a:da:f3:3d:bb:2f 192.168.3.111]receiver:[1c:79:2d:20:62:97 192.168.3.167]
01-01 08:26:41.505 0 0 W : [3 T948 ..] [SP FRAME RX] DHCP[0 1], vif_idx:0
01-01 08:26:42.503 0 0 W : [3 T948 ..] [SP FRAME RX] DHCP[0 1], vif_idx:0
01-01 08:26:44.617 0 0 I [0 T5823 ..] [hdmitx: ] UTC+0 2025-05-23 08:38:35 HPD LOW
01-01 08:26:44.617 0 0 I [1 T1678 ..] [hdmitx: ] system: plugout
01-01 08:26:44.618 0 0 I [1 T1678 ..] resman: notify error info = {"subModule":11,"level":2,"logType":1,"errorType":6,"msg":"HDMITX_HPD_PLUGOUT"}
01-01 08:26:44.619 0 0 I [1 T1678 ..] [hdmitx: ] plug out sequence id: 0
01-01 08:26:44.620 0 0 W : [1 T1678 ..] [RX]-up_phy_addr = 0
01-01 08:26:44.621 0 0 I [1 T1678 d.] [hdmitx: ] hdmitx_set_drm_pkt: disable drm pkt
01-01 08:26:44.621 0 0 I [1 T1678 d.] [hdmitx: ] TV not support DV, clr dv_vsif
01-01 08:26:44.622 0 0 I [1 T1678 d.] [hdmitx: ] DV H14b VSIF, switching signal to SDR
01-01 08:26:44.623 0 0 I [0 T0 dh] [hdmitx: ] hdmitx_set_drm_pkt: tf=1, cf=1, colormetry=0
01-01 08:26:44.623 0 0 I [1 T1678 ..] [hdmitx: ] hdmitx_set_hdr10plus_pkt: null vsif
01-01 08:26:44.625 0 0 I [1 T1678 ..] [hdmitx: ] hdmitx21_video_mute_op: VID_UNMUTE path=0x4000000
01-01 08:26:44.626 0 0 I [1 T1678 ..] [hdmitx: ] hdmitx21_audio_mute_op: AUD_UNMUTE path=0x2000000
01-01 08:26:44.627 0 0 I [1 T1678 ..] [hdmitx: ] set_hdcp2_topo: 0
01-01 08:26:44.627 0 0 I : [1 T1678 ..] [drm] drm hdmitx hpd notify
05-23 16:38:35.768 732 839 V WindowManager: app ------------- force_land :0
01-01 08:26:44.640 0 0 I [3 T358 ..] vc: [0]get capability: min 64 64; max 4096 2160
01-01 08:26:44.640 0 0 I [3 T358 ..] vc: [1]get capability: min 64 64; max 2048 1080
01-01 08:26:44.646 0 0 I [3 T358 ..] [hdmitx: ] avmute_store 1
05-23 16:38:35.785 732 732 D HDMI : Hotplug event:[port:0, connected:false]
05-23 16:38:35.785 732 732 D HDMI : reset tv status for hotplug out
05-23 16:38:35.786 732 732 D AudioService: onStatusChange cecEnabled:true available:false
05-23 16:38:35.881 732 891 D AudioService: setWiredDeviceConnectionState( type:400 state:DEVICE_STATE_UNAVAILABLE addr: name:) from android
05-23 16:38:35.881 732 891 I AS.AudioDeviceInventory: handleDeviceConnection(false dev:400 address: name:)
05-23 16:38:35.881 732 891 I AS.AudioDeviceInventory: deviceKey:0x400:
05-23 16:38:35.881 732 891 I AS.AudioDeviceInventory: deviceInfo:[DeviceInfo: type:0x400 (hdmi) name: addr: codec: 0 sensorUuid: null disabled modes: {}] is(already)Connected:true --------- beginning of main
05-23 16:38:35.884 483 2749 I audio_hw_hal_primary: [adev_set_device_connected_state_v7:9037] disconnected address:, num_descriptors:0, num_profiles:6
05-23 16:38:35.885 483 2749 I audio_hw_hal_primary: [set_device_connect_state:4044] state:0, dev:OUT_HDMI(0x400), pre_out:0x80002, pre_in:0x4
05-23 16:38:35.885 483 2749 D audio_hw_hal_resourcemgr: [set_output_device_avail:353] device:0x400 avail_out_devices:400 routed_out_devices:0x400
05-23 16:38:35.890 304 358 I MesonHwc: setDisplayMode mode:dummy_l
05-23 16:38:35.890 304 358 D MesonDisplayServer: SetDisplay[CVBS] Mode to "dummy_l"
05-23 16:38:35.890 304 358 D MesonHwc: blankDisplay connectorType:15
05-23 16:38:35.891 304 358 D MesonHwc: [setConnectorStatus]: power mode 2
05-23 16:38:35.891 304 358 D MesonHwc: displayId:0, blank all display planes
05-23 16:38:35.891 551 2739 W APM::Devices: DeviceVector::remove device 00000400 not in
05-23 16:38:35.892 732 891 I AS.AudioDeviceInventory: sendDeviceConnectionIntent(dev:0x400 state:0x0 address: name:);
05-23 16:38:35.898 957 957 V MediaRouter: Audio routes updated: AudioRoutesInfo{ type=SPEAKER }, a2dp=false
05-23 16:38:35.898 732 732 V MediaRouter: Audio routes updated: AudioRoutesInfo{ type=SPEAKER }, a2dp=false
05-23 16:38:35.899 957 957 V MediaRouter: Selecting route: RouteInfo{ name=电视, description=null, status=null, category=RouteCategory{ name=系统 types=ROUTE_TYPE_LIVE_AUDIO ROUTE_TYPE_LIVE_VIDEO groupable=false }, supportedTypes=ROUTE_TYPE_LIVE_AUDIO ROUTE_TYPE_LIVE_VIDEO , presentationDisplay=null }
05-23 16:38:35.899 732 732 V MediaRouter: Selecting route: RouteInfo{ name=电视, description=null, status=null, category=RouteCategory{ name=系统 types=ROUTE_TYPE_LIVE_AUDIO ROUTE_TYPE_LIVE_VIDEO groupable=false }, supportedTypes=ROUTE_TYPE_LIVE_AUDIO ROUTE_TYPE_LIVE_VIDEO , presentationDisplay=null }
05-23 16:38:35.906 483 573 D xm_audio: adev_get_parameters
05-23 16:38:35.907 483 573 D xm_audio: adev_get_parameters
05-23 16:38:35.910 483 2749 D xm_audio: adev_get_parameters
05-23 16:38:35.911 483 2749 D xm_audio: adev_get_parameters
05-23 16:38:35.913 304 359 E MesonHwc: waitVBlank failed crtc[63]ret[-1]
05-23 16:38:35.913 304 359 E MesonHwc: wait for hw vsync error:-1
05-23 16:38:35.913 275 367 W HWComposer: Ignoring duplicate VSYNC event from HWC for display 4625716335649126413 (t=1604760198000)
05-23 16:38:35.915 483 2749 D xm_audio: adev_get_parameters
05-23 16:38:35.916 483 2749 D xm_audio: adev_get_parameters
01-01 08:26:44.772 0 0 I : [3 T358 ..] [drm] [meson_hdmitx_encoder_atomic_disable]
