05-23 16:39:00.641 483 688 I audio_hw_hal_alsamgr: alsa_handle:0xed1c01d0, spdif mute the data cnt =1
05-23 16:39:00.657 492 505 D hdmicecd: [CEC]:printCecMessage, [4 -> f] len: 4, body: 84 20 00 04, result:success
05-23 16:39:00.657 492 505 E IPCThreadState: binder thread pool (1 threads) starved for 156 ms
01-01 08:27:07.594 0 0 I [1 T169 ..] [mmc]: cmd-best-c:17, cmd-best-size:31
05-23 16:39:00.744 492 503 D hdmicecd: [CEC]:printCecMsgBuf, msg: 04 46
05-23 16:39:00.744 492 503 D hdmicecd: [CMsgQueue]:sendmsg now = 1627605 msg[0] when = 1628605
05-23 16:39:00.823 494 494 D hdmiconnection: port id:0 physical:2000
05-23 16:39:00.823 494 494 E IPCThreadState: binder thread pool (1 threads) starved for 318 ms
05-23 16:39:00.823 732 732 D HDMI : initPortInfo port info:port_id: 0, type: HDMI_OUT, address: 0x2000, cec: true, arc: true, mhl: false, earc: false
05-23 16:39:00.824 492 505 I hdmicecd: [HdmiCecControl]:clearLogicaladdress
05-23 16:39:00.825 732 732 W Looper : Slow dispatch took 322ms main h=android.os.Handler c=com.android.server.hdmi.WorkSourceUidPreservingRunnable@c756814 m=0
05-23 16:39:00.826 732 732 D HDMI : [R]: 04:46
05-23 16:39:00.831 732 770 W system_server: Long monitor contention with owner BatteryStats_wakeupReason (782) at void com.android.server.am.BatteryStatsService$WakeupReasonThread.run()(BatteryStatsService.java:2536) waiters=0 in void com.android.server.am.BatteryStatsService.lambda$noteProcessCrash$10(java.lang.String, int, long, long) for 315ms
05-23 16:39:00.879 492 505 D hdmicecd: [CEC]:printCecMessage, [4 -> 4] len: 0, body:, result:no ack
05-23 16:39:00.935 492 505 D hdmicecd: [CEC]:printCecMessage, [4 -> 4] len: 0, body:, result:no ack
05-23 16:39:00.991 492 505 D hdmicecd: [CEC]:printCecMessage, [4 -> 4] len: 0, body:, result:no ack
05-23 16:39:00.992 732 910 D HDMI : New logical address for device [4]: [preferred:4, assigned:4]
05-23 16:39:00.992 732 910 D HDMI : [S]: 40:47
05-23 16:39:00.992 492 505 D hdmicecd: [HdmiCecControl]:getPhysicalAddress, physical addr: 2000, last pa: 2000, ret = 0
05-23 16:39:00.992 492 504 D hdmicecd: [CMsgQueue]:msg size is 0, break
05-23 16:39:00.992 492 505 D hdmicecd: [HdmiCecControl]:getPhysicalAddress, physical addr: 2000, last pa: 2000, ret = 0
05-23 16:39:00.993 492 505 D hdmicecd: [HdmiCecControl]:getPhysicalAddress, physical addr: 2000, last pa: 2000, ret = 0
05-23 16:39:00.993 492 505 D hdmicecd: [HdmiCecControl]:getVendorId, vendorId: 0x1CA410
05-23 16:39:00.993 492 505 D hdmicecd: [HdmiCecControl]:getPhysicalAddress, physical addr: 2000, last pa: 2000, ret = 0
05-23 16:39:00.994 732 732 D HDMI : addCecDevice new:CEC: logical_address: 0x04 device_type: 4 cec_version: 5 vendor_id: 1877008 display_name: DBBOX-A3 power_status: 0 physical_address: 0x2000 port_id: 0 old:null
05-23 16:39:00.994 492 505 I hdmicecd: [HdmiCecControl]:addr:4, allocate result:0
05-23 16:39:01.003 492 505 D hdmicecd: [HdmiCecControl]:onAddressAllocated:4
05-23 16:39:01.004 732 732 D HDMI : onAddressAllocated address:4 reason:4
05-23 16:39:01.005 492 505 D hdmicecd: [HdmiCecControl]:getPhysicalAddress, physical addr: 2000, last pa: 2000, ret = 0
05-23 16:39:01.005 492 505 D hdmicecd: [HdmiCecControl]:getVendorId, vendorId: 0x1CA410
05-23 16:39:01.005 492 505 D hdmicecd: [HdmiCecControl]:getPhysicalAddress, physical addr: 2000, last pa: 2000, ret = 0
05-23 16:39:01.006 492 505 D hdmicecd: [HdmiCecControl]:getPhysicalAddress, physical addr: 2000, last pa: 2000, ret = 0
05-23 16:39:01.006 732 732 I HDMI : Not ready to start action. Queued for deferred start:com.android.server.hdmi.DeviceDiscoveryAction@72b98bd
05-23 16:39:01.006 732 732 I HdmiCecLocalDevice: Starting queued action:com.android.server.hdmi.DeviceDiscoveryAction@72b98bd
05-23 16:39:01.006 732 732 D HDMI : DeviceDiscoveryAction start com.android.server.hdmi.DeviceDiscoveryAction@72b98bd
05-23 16:39:01.271 492 492 D hdmicecd: [CEC]:printCecMessage, [4 -> 0] len: 9, body: 47 44 42 42 4f 58 2d 41 33, result:success
05-23 16:39:01.271 492 492 E IPCThreadState: binder thread pool (1 threads) starved for 279 ms
05-23 16:39:01.272 732 910 D HDMI : [S]: 4F:84:20:00:04
05-23 16:39:01.425 492 492 D hdmicecd: [CEC]:printCecMessage, [4 -> f] len: 4, body: 84 20 00 04, result:success
05-23 16:39:01.425 492 492 E IPCThreadState: binder thread pool (1 threads) starved for 154 ms
05-23 16:39:01.426 732 910 D HDMI : [S]: 4F:87:1C:A4:10
05-23 16:39:01.545 732 764 I ActivityManager: com.oranth.ledstatus is exempt from freezer
05-23 16:39:01.546 732 764 D CompatibilityChangeReporter: Compat change id reported: 135634846; UID 1000; state: DISABLED
05-23 16:39:01.561 472 472 D Zygote : Forked child process 6669
05-23 16:39:01.562 732 765 I ActivityManager: Start proc 6669:com.oranth.ledstatus/1000 for service {com.oranth.ledstatus/com.oranth.ledstatus.LedStatusService}
05-23 16:39:01.572 6669 6669 I Zygote : seccomp disabled by setenforce 0
05-23 16:39:01.577 492 492 D hdmicecd: [CEC]:printCecMessage, [4 -> f] len: 4, body: 87 1c a4 10, result:success
05-23 16:39:01.577 492 492 E IPCThreadState: binder thread pool (1 threads) starved for 152 ms
05-23 16:39:01.578 732 910 D HDMI : [S]: 40:8C
05-23 16:39:01.579 6669 6669 I ranth.ledstatus: Late-enabling -Xcheck:jni
05-23 16:39:01.609 6669 6669 I ranth.ledstatus: Using CollectorTypeCC GC.
05-23 16:39:01.651 1392 1404 I adbd : jdwp connection from 6669
05-23 16:39:01.656 492 492 D hdmicecd: [CEC]:printCecMessage, [4 -> 0] len: 1, body: 8c, result:success
05-23 16:39:01.656 732 910 D HDMI : [S]: 40:47
05-23 16:39:01.665 732 6258 D CompatibilityChangeReporter: Compat change id reported: 168419799; UID 1000; state: DISABLED
05-23 16:39:01.665 732 6258 D CompatibilityChangeReporter: Compat change id reported: 273564678; UID 1000; state: DISABLED
05-23 16:39:01.680 6669 6669 D CompatibilityChangeReporter: Compat change id reported: 171979766; UID 1000; state: DISABLED
05-23 16:39:01.681 6669 6669 D CompatibilityChangeReporter: Compat change id reported: 242716250; UID 1000; state: DISABLED
05-23 16:39:01.699 6669 6669 D ApplicationLoaders: Returning zygote-cached class loader: /system/framework/android.test.base.jar
05-23 16:39:01.699 6669 6669 D ApplicationLoaders: Returning zygote-cached class loader: /system/framework/android.hidl.manager-V1.0-java.jar
05-23 16:39:01.700 6669 6669 D ApplicationLoaders: Returning zygote-cached class loader: /system/framework/android.hidl.base-V1.0-java.jar
05-23 16:39:01.707 6669 6669 D nativeloader: Configuring clns-shared-4 for other apk /system/framework/org.apache.http.legacy.jar. target_sdk_version=1, uses_libraries=ALL, library_path=/system/app/LedCtrl/lib/arm:/system/fake-libs:/system/app/LedCtrl/LedCtrl.apk!/lib/armeabi-v7a:/system/lib:/system_ext/lib, permitted_path=/data:/mnt/expand:/data/user/0/com.oranth.ledstatus:/system/app/LedCtrl:/system/lib:/system_ext/lib
05-23 16:39:01.711 6669 6669 W ranth.ledstatus: ClassLoaderContext shared library size mismatch. Expected=0, found=4 (PCL[] | PCL[]{PCL[/system/framework/android.test.base.jar*1004523826]#PCL[/system/framework/android.hidl.manager-V1.0-java.jar*1860506820]#PCL[/system/framework/android.hidl.base-V1.0-java.jar*741655320]#PCL[/system/framework/org.apache.http.legacy.jar*2889266191]})
05-23 16:39:01.715 6669 6669 D nativeloader: Configuring clns-shared-5 for other apk /system/app/LedCtrl/LedCtrl.apk. target_sdk_version=1, uses_libraries=, library_path=/system/app/LedCtrl/lib/arm:/system/fake-libs:/system/app/LedCtrl/LedCtrl.apk!/lib/armeabi-v7a:/system/lib:/system_ext/lib, permitted_path=/data:/mnt/expand:/data/user/0/com.oranth.ledstatus:/system/app/LedCtrl:/system/lib:/system_ext/lib
05-23 16:39:01.736 6669 6669 V GraphicsEnvironment: Currently set values for:
05-23 16:39:01.736 6669 6669 V GraphicsEnvironment: angle_gl_driver_selection_pkgs=[]
05-23 16:39:01.736 6669 6669 V GraphicsEnvironment: angle_gl_driver_selection_values=[]
05-23 16:39:01.737 6669 6669 V GraphicsEnvironment: ANGLE GameManagerService for com.oranth.ledstatus: false
05-23 16:39:01.737 6669 6669 V GraphicsEnvironment: com.oranth.ledstatus is not listed in per-application setting
05-23 16:39:01.737 6669 6669 V GraphicsEnvironment: Neither updatable production driver nor prerelease driver is supported.
05-23 16:39:01.762 6669 6669 D aaa : onCreate()
05-23 16:39:01.773 732 6258 D CompatibilityChangeReporter: Compat change id reported: 161145287; UID 1000; state: ENABLED
05-23 16:39:01.773 732 6258 D CompatibilityChangeReporter: Compat change id reported: 161145287; UID 1000; state: DISABLED
05-23 16:39:01.785 6669 6669 D aaa : LedStatusService onStartCommand begin
05-23 16:39:01.788 6669 6669 D aaa : action:android.net.conn.CONNECTIVITY_CHANGE
05-23 16:39:01.789 6669 6687 D aaa : topPkg is -------------- :com.dangbei.haqusetting
05-23 16:39:01.935 492 492 D hdmicecd: [CEC]:printCecMessage, [4 -> 0] len: 9, body: 47 44 42 42 4f 58 2d 41 33, result:success
05-23 16:39:01.935 492 492 E IPCThreadState: binder thread pool (1 threads) starved for 279 ms
05-23 16:39:01.936 732 910 D HDMI : [S]: 45:7D
05-23 16:39:01.991 492 492 D hdmicecd: [CEC]:printCecMessage, [4 -> 5] len: 1, body: 7d, result:no ack
05-23 16:39:02.047 492 492 D hdmicecd: [CEC]:printCecMessage, [4 -> 5] len: 1, body: 7d, result:no ack
05-23 16:39:02.048 732 910 E HDMI : [2]:Failed to send 45:7D with errorCode=1
05-23 16:39:02.048 732 732 D HDMI : AVR did not respond to
05-23 16:39:02.048 732 732 D HdmiControlService: Switching to full volume behavior
05-23 16:39:02.103 492 492 D hdmicecd: [CEC]:printCecMessage, [4 -> e] len: 0, body:, result:no ack
05-23 16:39:02.140 2569 2570 D uninstall: isAllowStart last_delay 0, current_time 1747989542
05-23 16:39:02.140 2569 2570 I uninstall: enable_service com.ktcp.video/com.tencent.qqlivetv.keeplive.proc.DaemonService com.ktcp.video/(null)
05-23 16:39:02.142 2569 2570 D uninstall: enable_service waitpid
05-23 16:39:02.142 6689 6689 D uninstall: enable_service pid == 0
05-23 16:39:02.142 6689 6689 D uninstall: enable_service version >= 17 || version == 0 version == 34
05-23 16:39:02.159 492 492 D hdmicecd: [CEC]:printCecMessage, [4 -> b] len: 0, body:, result:no ack
05-23 16:39:02.191 2569 2570 I uninstall: watchdaemon process_name = com.ktcp.video:daemon has gone, start it
05-23 16:39:02.192 2569 2570 D uninstall: watchdaemon waitpid
05-23 16:39:02.192 6693 6693 D uninstall: watchdaemon pid == 0
05-23 16:39:02.192 6693 6693 D uninstall: watchdaemon version >= 17 || version == 0 version == 34
05-23 16:39:02.215 492 492 D hdmicecd: [CEC]:printCecMessage, [4 -> 8] len: 0, body:, result:no ack
05-23 16:39:02.271 492 492 D hdmicecd: [CEC]:printCecMessage, [4 -> 5] len: 0, body:, result:no ack
05-23 16:39:02.294 6669 6669 D aaa : WiFi is connect
05-23 16:39:02.296 6669 6669 D aaa : WiFi is connect
05-23 16:39:02.291 6669 6669 I ranth.ledstatus: type=1400 audit(0.0:1103): avc: denied { open } for path="/dev/__properties__/u:object_r:vendor_default_prop:s0" dev="tmpfs" ino=378 scontext=u:r:system_app:s0 tcontext=u:object_r:vendor_default_prop:s0 tclass=file permissive=1
01-01 08:27:07.691 0 0 I [1 T169 ..] [mmc]: ds_sht:15, window:24, intf3:0x40f008, clock:0x100e0003, adjust:0x0
05-23 16:39:02.291 6669 6669 I ranth.ledstatus: type=1400 audit(0.0:1104): avc: denied { getattr } for path="/dev/__properties__/u:object_r:vendor_default_prop:s0" dev="tmpfs" ino=378 scontext=u:r:system_app:s0 tcontext=u:object_r:vendor_default_prop:s0 tclass=file permissive=1
05-23 16:39:02.291 6669 6669 I ranth.ledstatus: type=1400 audit(0.0:1105): avc: denied { map } for path="/dev/__properties__/u:object_r:vendor_default_prop:s0" dev="tmpfs" ino=378 scontext=u:r:system_app:s0 tcontext=u:object_r:vendor_default_prop:s0 tclass=file permissive=1
05-23 16:39:02.295 6698 6698 I init : type=1400 audit(0.0:1106): avc: denied { execute_no_trans } for path="/vendor/bin/led_switch.sh" dev="dm-19" ino=331701 scontext=u:r:init:s0 tcontext=u:object_r:vendor_file:s0 tclass=file permissive=1
05-23 16:39:02.319 6698 6698 I led_switch.sh: type=1400 audit(0.0:1107): avc: denied { write } for name="led_swith.txt" dev="dm-58" ino=357 scontext=u:r:init:s0 tcontext=u:object_r:shell_data_file:s0 tclass=file permissive=1 bug=b/77873135
05-23 16:39:02.327 492 492 D hdmicecd: [CEC]:printCecMessage, [4 -> 3] len: 0, body:, result:no ack
05-23 16:39:02.319 6698 6698 I led_switch.sh: type=1400 audit(0.0:1108): avc: denied { open } for path="/data/local/tmp/led_swith.txt" dev="dm-58" ino=357 scontext=u:r:init:s0 tcontext=u:object_r:shell_data_file:s0 tclass=file permissive=1 bug=b/77873135
05-23 16:39:02.335 6699 6699 I stop : type=1400 audit(0.0:1109): avc: denied { write } for name="property_service" dev="tmpfs" ino=412 scontext=u:r:vendor_toolbox:s0 tcontext=u:object_r:property_socket:s0 tclass=sock_file permissive=1
05-23 16:39:02.335 6699 6699 I stop : type=1400 audit(0.0:1110): avc: denied { connectto } for path="/dev/socket/property_service" scontext=u:r:vendor_toolbox:s0 tcontext=u:r:init:s0 tclass=unix_stream_socket permissive=1
05-23 16:39:02.383 492 492 D hdmicecd: [CEC]:printCecMessage, [4 -> 1] len: 0, body:, result:no ack
01-01 08:27:09.256 0 0 W [0 T6701 ..] audit: audit_lost=189 audit_rate_limit=5 audit_backlog_limit=64
01-01 08:27:09.257 0 0 E [0 T6701 ..] audit: rate limit exceeded
05-23 16:39:02.406 471 2169 I netd : tetherGetStats() -> {[]} <1.46ms>
05-23 16:39:02.418 471 2169 I netd : bandwidthSetGlobalAlert(2097152) <0.48ms>
05-23 16:39:02.439 492 492 D hdmicecd: [CEC]:printCecMessage, [4 -> 0] len: 0, body:, result:success
05-23 16:39:02.440 732 732 D HdmiCecController: [P]:AllocatedAddress=[0]
05-23 16:39:02.440 732 910 D HDMI : [S]: 40:83
05-23 16:39:02.517 484 1255 E android.hardware.bluetooth.hci_packetizer: OnDataReady: Unexpected EOF reading the payload!
05-23 16:39:02.520 492 492 D hdmicecd: [CEC]:printCecMessage, [4 -> 0] len: 1, body: 83, result:success
05-23 16:39:02.600 492 503 D hdmicecd: [CEC]:printCecMsgBuf, msg: 04 8c
05-23 16:39:02.602 732 732 D HDMI : [R]: 04:8C
05-23 16:39:02.603 492 492 D hdmicecd: [HdmiCecControl]:getPhysicalAddress, physical addr: 2000, last pa: 2000, ret = 0
05-23 16:39:02.603 732 732 D HDMI : addCecDevice new:CEC: logical_address: 0x00 device_type: 0 cec_version: 5 vendor_id: 16777215 display_name: TV power_status: -1 physical_address: 0xFFFF port_id: -1 old:null
05-23 16:39:02.603 732 732 D HdmiControlService: Switching to full volume behavior
05-23 16:39:02.604 492 505 D hdmicecd: [HdmiCecControl]:getVendorId, vendorId: 0x1CA410
05-23 16:39:02.605 732 910 D HDMI : [S]: 4F:87:1C:A4:10
05-23 16:39:02.761 492 505 D hdmicecd: [CEC]:printCecMessage, [4 -> f] len: 4, body: 87 1c a4 10, result:success
05-23 16:39:02.761 492 505 E IPCThreadState: binder thread pool (1 threads) starved for 156 ms
05-23 16:39:02.941 492 503 D hdmicecd: [CEC]:printCecMsgBuf, msg: 0f 87 00 ec 0a
05-23 16:39:02.942 732 732 D HDMI : [R]: 0F:87:00:EC:0A
05-23 16:39:02.943 492 505 D hdmicecd: [HdmiCecControl]:getPhysicalAddress, physical addr: 2000, last pa: 2000, ret = 0
05-23 16:39:03.098 492 503 D hdmicecd: [CEC]:printCecMsgBuf, msg: 0f 84 00 00 00
05-23 16:39:03.099 732 732 D HDMI : [R]: 0F:84:00:00:00
05-23 16:39:03.100 492 505 D hdmicecd: [HdmiCecControl]:getPhysicalAddress, physical addr: 2000, last pa: 2000, ret = 0
05-23 16:39:03.100 492 492 D hdmicecd: [HdmiCecControl]:getPhysicalAddress, physical addr: 2000, last pa: 2000, ret = 0
05-23 16:39:03.101 732 732 D HDMI : addCecDevice new:CEC: logical_address: 0x00 device_type: 0 cec_version: 5 vendor_id: 60426 display_name: TV power_status: -1 physical_address: 0x0000 port_id: -1 old:CEC: logical_address: 0x00 device_type: 0 cec_version: 5 vendor_id: 60426 display_name: TV power_status: -1 physical_address: 0xFFFF port_id: -1
05-23 16:39:03.101 732 732 D HdmiControlService: Switching to full volume behavior
05-23 16:39:03.102 492 492 D hdmicecd: [HdmiCecControl]:getPhysicalAddress, physical addr: 2000, last pa: 2000, ret = 0
05-23 16:39:03.103 732 910 D HDMI : [S]: 40:46
05-23 16:39:03.184 492 492 D hdmicecd: [CEC]:printCecMessage, [4 -> 0] len: 1, body: 46, result:success
05-23 16:39:03.512 492 503 D hdmicecd: [CEC]:printCecMsgBuf, msg: 04 47 4d 69 54 56 2d 41 4e 53 50 30
05-23 16:39:03.513 732 732 D HDMI : [R]: 04:47
05-23 16:39:03.514 732 732 D HdmiCecNetwork: Updating device OSD name from TV to MiTV-ANSP0
05-23 16:39:03.514 492 492 D hdmicecd: [HdmiCecControl]:getPhysicalAddress, physical addr: 2000, last pa: 2000, ret = 0
05-23 16:39:03.515 732 910 D HDMI : [S]: 40:8F
05-23 16:39:03.559 2915 2915 I cling--ap-55: type=1400 audit(0.0:1115): avc: denied { search } for name="net" dev="sysfs" ino=12344 scontext=u:r:untrusted_app_27:s0:c43,c256,c512,c768 tcontext=u:object_r:sysfs_net:s0 tclass=dir permissive=1 app=com.dangbei.screencast
05-23 16:39:03.559 2915 2915 I cling--ap-55: type=1400 audit(0.0:1116): avc: denied { read } for name="address" dev="sysfs" ino=22126 scontext=u:r:untrusted_app_27:s0:c43,c256,c512,c768 tcontext=u:object_r:sysfs_net:s0 tclass=file permissive=1 app=com.dangbei.screencast
05-23 16:39:03.559 2915 2915 I cling--ap-55: type=1400 audit(0.0:1117): avc: denied { open } for path="/sys/devices/virtual/net/dummy0/address" dev="sysfs" ino=22126 scontext=u:r:untrusted_app_27:s0:c43,c256,c512,c768 tcontext=u:object_r:sysfs_net:s0 tclass=file permissive=1 app=com.dangbei.screencast
05-23 16:39:03.559 2915 2915 I cling--ap-55: type=1400 audit(0.0:1118): avc: denied { getattr } for path="/sys/devices/virtual/net/dummy0/address" dev="sysfs" ino=22126 scontext=u:r:untrusted_app_27:s0:c43,c256,c512,c768 tcontext=u:object_r:sysfs_net:s0 tclass=file permissive=1 app=com.dangbei.screencast
05-23 16:39:03.596 492 492 D hdmicecd: [CEC]:printCecMessage, [4 -> 0] len: 1, body: 8f, result:success
05-23 16:39:03.705 492 503 D hdmicecd: [CEC]:printCecMsgBuf, msg: 04 90 00
05-23 16:39:03.705 492 503 D hdmicecd: [HdmiCecControl]:updateActiveState received tv power status 0
05-23 16:39:03.706 732 732 D HDMI : [R]: 04:90:00
05-23 16:39:03.706 492 492 D hdmicecd: [HdmiCecControl]:getPhysicalAddress, physical addr: 2000, last pa: 2000, ret = 0
05-23 16:39:03.708 492 505 D hdmicecd: [HdmiCecControl]:getPhysicalAddress, physical addr: 2000, last pa: 2000, ret = 0
05-23 16:39:03.708 732 732 D HDMI : addCecDevice new:CEC: logical_address: 0x00 device_type: 0 cec_version: 5 vendor_id: 60426 display_name: MiTV-ANSP0 power_status: 0 physical_address: 0x0000 port_id: -1 old:CEC: logical_address: 0x00 device_type: 0 cec_version: 5 vendor_id: 60426 display_name: MiTV-ANSP0 power_status: 0 physical_address: 0x0000 port_id: -1
05-23 16:39:03.708 732 732 D HdmiControlService: Switching to full volume behavior
05-23 16:39:03.709 492 505 D hdmicecd: [HdmiCecControl]:getPhysicalAddress, physical addr: 2000, last pa: 2000, ret = 0
05-23 16:39:03.710 732 732 D HDMI : addCecDevice new:CEC: logical_address: 0x04 device_type: 4 cec_version: 5 vendor_id: 1877008 display_name: DBBOX-A3 power_status: 0 physical_address: 0x2000 port_id: 0 old:null
05-23 16:39:03.710 732 732 I HDMI : Not ready to start action. Queued for deferred start:com.android.server.hdmi.HotplugDetectionAction@559186b
05-23 16:39:03.788 6669 6669 D aaa : WiFi is connect
05-23 16:39:03.790 6669 6669 D aaa : WiFi is connect
01-01 08:27:10.952 0 0 I [1 T6499 ..] rx_pkt_counter: 0
01-01 08:27:10.952 0 0 E : [1 T6499 ..] meson8b-dwmac fe368000.ethernet eth0: Reset adapter.
01-01 08:27:11.004 0 0 W : [2 T948 ..] [SP FRAME RX] DHCP[0 1], vif_idx:0
01-01 08:27:11.072 0 0 I : [1 T6499 ..] meson8b-dwmac fe368000.ethernet eth0: PHY [0.0:00] driver [Generic PHY] (irq=POLL)
01-01 08:27:11.074 0 0 I : [1 T6499 ..] meson8b-dwmac fe368000.ethernet eth0: Register MEM_TYPE_PAGE_POOL RxQ-0
01-01 08:27:12.084 0 0 E : [0 T6499 ..] meson8b-dwmac fe368000.ethernet: Failed to reset the dma
01-01 08:27:12.084 0 0 E : [0 T6499 ..] meson8b-dwmac fe368000.ethernet eth0: stmmac_hw_setup: DMA engine initialization failed
01-01 08:27:12.085 0 0 E : [0 T6499 ..] meson8b-dwmac fe368000.ethernet eth0: stmmac_open: Hw setup failed
05-23 16:39:05.283 2915 2915 I cling--ap-55: type=1400 audit(0.0:1119): avc: denied { read } for name="address" dev="sysfs" ino=22126 scontext=u:r:untrusted_app_27:s0:c43,c256,c512,c768 tcontext=u:object_r:sysfs_net:s0 tclass=file permissive=1 app=com.dangbei.screencast
05-23 16:39:05.283 2915 2915 I cling--ap-55: type=1400 audit(0.0:1120): avc: denied { open } for path="/sys/devices/virtual/net/dummy0/address" dev="sysfs" ino=22126 scontext=u:r:untrusted_app_27:s0:c43,c256,c512,c768 tcontext=u:object_r:sysfs_net:s0 tclass=file permissive=1 app=com.dangbei.screencast
05-23 16:39:05.283 2915 2915 I cling--ap-55: type=1400 audit(0.0:1121): avc: denied { getattr } for path="/sys/devices/virtual/net/dummy0/address" dev="sysfs" ino=22126 scontext=u:r:untrusted_app_27:s0:c43,c256,c512,c768 tcontext=u:object_r:sysfs_net:s0 tclass=file permissive=1 app=com.dangbei.screencast
05-23 16:39:07.517 484 1255 E android.hardware.bluetooth.hci_packetizer: OnDataReady: Unexpected EOF reading the payload!
01-01 08:27:14.671 0 0 W : [2 T948 ..] [SP FRAME RX] arp req,vif_idx:0 sender:[22:2b:f8:c2:9b:dc 192.168.3.215]receiver:[00:00:00:00:00:00 192.168.3.167]
01-01 08:27:14.672 0 0 W : [2 T948 ..] [SP FRAME TX] arp rsp,vif_idx:0 sender:[1c:79:2d:20:62:97 192.168.3.167]receiver:[22:2b:f8:c2:9b:dc 192.168.3.215]
01-01 08:27:14.792 0 0 W : [2 T0 .s] [SP FRAME TX] arp req,vif_idx:0 sender:[1c:79:2d:20:62:97 192.168.3.167]receiver:[00:00:00:00:00:00 192.168.3.215]
01-01 08:27:14.828 0 0 W : [2 T948 ..] [SP FRAME RX] arp rsp,vif_idx:0 sender:[22:2b:f8:c2:9b:dc 192.168.3.215]receiver:[1c:79:2d:20:62:97 192.168.3.167]
05-23 16:39:08.518 329 338 I SystemControl: [/UEventObserver.cpp, HDMITxUenventThreadLoop, 451] HDMI TX switch_name:hdmitx_current_status, switch_state: 49
05-23 16:39:08.518 304 358 D MesonHwc: received Uevent: change@/devices/virtual/amhdmitx/amhdmitx0
01-01 08:27:15.388 0 0 I [0 T5823 ..] [hdmitx: ] UTC+0 2025-05-23 08:39:08 HPD LOW
01-01 08:27:15.388 0 0 I [2 T61 ..] [hdmitx: ] system: plugout
01-01 08:27:15.388 0 0 I [2 T61 ..] resman: notify error info = {"subModule":11,"level":2,"logType":1,"errorType":6,"msg":"HDMITX_HPD_PLUGOUT"}
01-01 08:27:15.390 0 0 I [2 T61 ..] [hdmitx: ] plug out sequence id: 0
01-01 08:27:15.390 0 0 W : [2 T61 ..] [RX]-up_phy_addr = 0
01-01 08:27:15.392 0 0 I [2 T61 d.] [hdmitx: ] hdmitx_set_drm_pkt: disable drm pkt
05-23 16:39:08.518 304 358 D MesonHwc: received Uevent: ACTION=change
05-23 16:39:08.518 304 358 D MesonHwc: received Uevent: DEVPATH=/devices/virtual/amhdmitx/amhdmitx0
05-23 16:39:08.518 304 358 D MesonHwc: received Uevent: SUBSYSTEM=amhdmitx
05-23 16:39:08.518 304 358 D MesonHwc: received Uevent: hdmitx_current_status=49
05-23 16:39:08.518 304 358 D MesonHwc: received Uevent: MAJOR=492
05-23 16:39:08.518 304 358 D MesonHwc: received Uevent: MINOR=0
05-23 16:39:08.518 304 358 D MesonHwc: received Uevent: DEVNAME=amhdmitx0
05-23 16:39:08.518 304 358 D MesonHwc: received Uevent: SEQNUM=4096
05-23 16:39:08.518 304 358 D MesonHwc: received Uevent: SUBSYSTEM=mdio_bus
05-23 16:39:08.518 304 358 D MesonHwc: received Uevent: DEVTYPE=PHY
05-23 16:39:08.518 304 358 D MesonHwc: received Uevent: OF_NAME=ethernet-phy
05-23 16:39:08.518 304 358 D MesonHwc: received Uevent: OF_FULLNAME=/soc/apb4@fe000000/mdio-multiplexer@360000/mdio@0/ethernet-phy@0
05-23 16:39:08.518 304 358 D MesonHwc: received Uevent: OF_COMPATIBLE_N=0
05-23 16:39:08.518 304 358 D MesonHwc: received Uevent: SEQNUM=4095
05-23 16:39:08.518 304 358 D MesonHwc: received Uevent: =0
05-23 16:39:08.518 304 358 D MesonHwc: received Uevent: MODALIAS=of:Nethernet-phyT(null)
05-23 16:39:08.518 304 358 D MesonHwc: received Uevent: SEQNUM=4094
05-23 16:39:08.518 304 358 D MesonHwc: received Uevent: change@/devices/virtual/amhdmitx/amhdmitx0
05-23 16:39:08.518 304 358 D MesonHwc: received Uevent: ACTION=change
05-23 16:39:08.518 304 358 D MesonHwc: received Uevent: DEVPATH=/devices/virtual/amhdmitx/amhdmitx0
05-23 16:39:08.518 304 358 D MesonHwc: received Uevent: SUBSYSTEM=amhdmitx
01-01 08:27:15.392 0 0 I [2 T61 d.] [hdmitx: ] TV not support DV, clr dv_vsif
05-23 16:39:08.519 304 358 D MesonHwc: received Uevent: hdmitx_current_status=49
05-23 16:39:08.519 304 358 D MesonHwc: received Uevent: MAJOR=492
05-23 16:39:08.519 304 358 D MesonHwc: received Uevent: MINOR=0
05-23 16:39:08.519 304 358 D MesonHwc: received Uevent: DEVNAME=amhdmitx0
05-23 16:39:08.519 304 358 D MesonHwc: received Uevent: SEQNUM=4096
05-23 16:39:08.519 304 358 D MesonHwc: received Uevent: SUBSYSTEM=mdio_bus
05-23 16:39:08.519 304 358 D MesonHwc: received Uevent: DEVTYPE=PHY
05-23 16:39:08.519 304 358 D MesonHwc: received Uevent: OF_NAME=ethernet-phy
05-23 16:39:08.519 304 358 D MesonHwc: received Uevent: OF_FULLNAME=/soc/apb4@fe000000/mdio-multiplexer@360000/mdio@0/ethernet-phy@0
05-23 16:39:08.519 304 358 D MesonHwc: received Uevent: OF_COMPATIBLE_N=0
05-23 16:39:08.519 304 358 D MesonHwc: received Uevent: SEQNUM=4095
05-23 16:39:08.519 304 358 D MesonHwc: received Uevent: =0
05-23 16:39:08.519 304 358 D MesonHwc: received Uevent: MODALIAS=of:Nethernet-phyT(null)
05-23 16:39:08.519 304 358 D MesonHwc: received Uevent: SEQNUM=4094
01-01 08:27:15.393 0 0 I [2 T61 d.] [hdmitx: ] DV H14b VSIF, switching signal to SDR
01-01 08:27:15.394 0 0 I [2 T61 ..] [hdmitx: ] hdmitx_set_hdr10plus_pkt: null vsif
01-01 08:27:15.394 0 0 I [2 T61 ..] [hdmitx: ] hdmitx21_video_mute_op: VID_UNMUTE path=0x4000000
01-01 08:27:15.395 0 0 I [2 T61 ..] [hdmitx: ] hdmitx21_audio_mute_op: AUD_UNMUTE path=0x2000000
01-01 08:27:15.396 0 0 I : [2 T61 ..] [drm] drm hdmitx hpd notify
05-23 16:39:08.524 494 539 I hdmicecd: [HdmiCecControl]:Hotplug event port:0, now:0, prevStatus:1 power:0
05-23 16:39:08.525 329 338 I SystemControl: [/UEventObserver.cpp, HDMITxUenventThreadLoop, 451] HDMI TX switch_name:hdmitx_current_status, switch_state: 50
05-23 16:39:08.527 304 358 D MesonHwc: received Uevent: change@/devices/virtual/amhdmitx/amhdmitx0
05-23 16:39:08.527 304 358 D MesonHwc: received Uevent: ACTION=change
05-23 16:39:08.527 304 358 D MesonHwc: received Uevent: DEVPATH=/devices/virtual/amhdmitx/amhdmitx0
05-23 16:39:08.527 304 358 D MesonHwc: received Uevent: SUBSYSTEM=amhdmitx
05-23 16:39:08.527 304 358 D MesonHwc: received Uevent: hdmitx_current_status=50
05-23 16:39:08.527 304 358 D MesonHwc: received Uevent: MAJOR=492
05-23 16:39:08.527 304 358 D MesonHwc: received Uevent: MINOR=0
05-23 16:39:08.527 304 358 D MesonHwc: received Uevent: DEVNAME=amhdmitx0
05-23 16:39:08.527 304 358 D MesonHwc: received Uevent: SEQNUM=4099
05-23 16:39:08.527 304 358 D MesonHwc: received Uevent: ic, aocec-s7d
05-23 16:39:08.527 304 358 D MesonHwc: received Uevent: OF_COMPATIBLE_N=1
05-23 16:39:08.527 304 358 D MesonHwc: received Uevent: MODALIAS=of:NaocecT(null)Camlogic,_aocec-s7d
05-23 16:39:08.527 304 358 D MesonHwc: received Uevent: SEQNUM=4098
05-23 16:39:08.527 304 358 D MesonHwc: received Uevent: ultiplexer@360000/mdio@0/ethernet-phy@0
05-23 16:39:08.527 304 358 D MesonHwc: received Uevent: OF_COMPATIBLE_N=0
05-23 16:39:08.527 304 358 D MesonHwc: received Uevent: SEQNUM=4095
05-23 16:39:08.527 304 358 D MesonHwc: received Uevent: =0
05-23 16:39:08.527 304 358 D MesonHwc: received Uevent: MODALIAS=of:Nethernet-phyT(null)
05-23 16:39:08.527 304 358 D MesonHwc: received Uevent: SEQNUM=4094
05-23 16:39:08.527 304 358 D MesonHwc: received Uevent: change@/devices/virtual/amhdmitx/amhdmitx0
05-23 16:39:08.527 304 358 D MesonHwc: received Uevent: ACTION=change
05-23 16:39:08.527 304 358 D MesonHwc: received Uevent: DEVPATH=/devices/virtual/amhdmitx/amhdmitx0
05-23 16:39:08.527 304 358 D MesonHwc: received Uevent: SUBSYSTEM=amhdmitx
05-23 16:39:08.527 304 358 D MesonHwc: received Uevent: hdmitx_current_status=50
05-23 16:39:08.527 304 358 D MesonHwc: received Uevent: MAJOR=492
05-23 16:39:08.527 304 358 D MesonHwc: received Uevent: MINOR=0
05-23 16:39:08.527 304 358 D MesonHwc: received Uevent: DEVNAME=amhdmitx0
05-23 16:39:08.527 304 358 D MesonHwc: received Uevent: SEQNUM=4099
05-23 16:39:08.527 304 358 D MesonHwc: received Uevent: ic, aocec-s7d
05-23 16:39:08.527 304 358 D MesonHwc: received Uevent: OF_COMPATIBLE_N=1
05-23 16:39:08.527 304 358 D MesonHwc: received Uevent: MODALIAS=of:NaocecT(null)Camlogic,_aocec-s7d
05-23 16:39:08.527 304 358 D MesonHwc: received Uevent: SEQNUM=4098
05-23 16:39:08.527 304 358 D MesonHwc: received Uevent: ultiplexer@360000/mdio@0/ethernet-phy@0
05-23 16:39:08.527 304 358 D MesonHwc: received Uevent: OF_COMPATIBLE_N=0
05-23 16:39:08.528 304 358 D MesonHwc: received Uevent: SEQNUM=4095
05-23 16:39:08.528 304 358 D MesonHwc: received Uevent: =0
05-23 16:39:08.528 304 358 D MesonHwc: received Uevent: MODALIAS=of:Nethernet-phyT(null)
05-23 16:39:08.528 304 358 D MesonHwc: received Uevent: SEQNUM=4094
01-01 08:27:15.904 0 0 I [0 T5823 ..] [hdmitx: ] UTC+0 2025-05-23 08:39:09 HPD HIGH
05-23 16:39:09.532 732 756 W ProcessStats: Tracking association SourceState{1ebb351 com.ktcp.video:daemon/10077 Fgs #812} whose proc state 3 is better than process ProcessState{3283533 com.ktcp.video/10077 pkg=com.ktcp.video} proc state 10 (12 skipped)
05-23 16:39:09.551 329 338 I SystemControl: [/UEventObserver.cpp, HDMITxUenventThreadLoop, 451] HDMI TX switch_name:hdmitx_current_status, switch_state: 51
05-23 16:39:09.551 304 358 D MesonHwc: received Uevent: change@/devices/virtual/amhdmitx/amhdmitx0
05-23 16:39:09.551 304 358 D MesonHwc: received Uevent: ACTION=change
05-23 16:39:09.552 304 358 D MesonHwc: received Uevent: DEVPATH=/devices/virtual/amhdmitx/amhdmitx0
05-23 16:39:09.552 304 358 D MesonHwc: received Uevent: SUBSYSTEM=amhdmitx
05-23 16:39:09.552 304 358 D MesonHwc: received Uevent: hdmitx_current_status=51
05-23 16:39:09.552 304 358 D MesonHwc: received Uevent: MAJOR=492
05-23 16:39:09.552 304 358 D MesonHwc: received Uevent: MINOR=0
05-23 16:39:09.552 304 358 D MesonHwc: received Uevent: DEVNAME=amhdmitx0
05-23 16:39:09.552 304 358 D MesonHwc: received Uevent: SEQNUM=4100
05-23 16:39:09.552 304 358 D MesonHwc: received Uevent: ic, aocec-s7d
05-23 16:39:09.552 304 358 D MesonHwc: received Uevent: OF_COMPATIBLE_N=1
05-23 16:39:09.552 304 358 D MesonHwc: received Uevent: MODALIAS=of:NaocecT(null)Camlogic,_aocec-s7d
05-23 16:39:09.552 304 358 D MesonHwc: received Uevent: SEQNUM=4098
05-23 16:39:09.552 304 358 D MesonHwc: received Uevent: ultiplexer@360000/mdio@0/ethernet-phy@0
05-23 16:39:09.552 304 358 D MesonHwc: received Uevent: OF_COMPATIBLE_N=0
05-23 16:39:09.552 304 358 D MesonHwc: received Uevent: SEQNUM=4095
05-23 16:39:09.552 304 358 D MesonHwc: received Uevent: =0
05-23 16:39:09.552 304 358 D MesonHwc: received Uevent: MODALIAS=of:Nethernet-phyT(null)
05-23 16:39:09.552 304 358 D MesonHwc: received Uevent: SEQNUM=4094
05-23 16:39:09.552 304 358 D MesonHwc: received Uevent: change@/devices/virtual/amhdmitx/amhdmitx0
05-23 16:39:09.552 304 358 D MesonHwc: received Uevent: ACTION=change
05-23 16:39:09.552 304 358 D MesonHwc: received Uevent: DEVPATH=/devices/virtual/amhdmitx/amhdmitx0
05-23 16:39:09.552 304 358 D MesonHwc: received Uevent: SUBSYSTEM=amhdmitx
05-23 16:39:09.552 304 358 D MesonHwc: received Uevent: hdmitx_current_status=51
05-23 16:39:09.552 304 358 D MesonHwc: received Uevent: MAJOR=492
05-23 16:39:09.552 304 358 D MesonHwc: received Uevent: MINOR=0
05-23 16:39:09.552 304 358 D MesonHwc: received Uevent: DEVNAME=amhdmitx0
05-23 16:39:09.552 304 358 D MesonHwc: received Uevent: SEQNUM=4100
05-23 16:39:09.552 304 358 D MesonHwc: received Uevent: ic, aocec-s7d
05-23 16:39:09.552 304 358 D MesonHwc: received Uevent: OF_COMPATIBLE_N=1
05-23 16:39:09.552 304 358 D MesonHwc: received Uevent: MODALIAS=of:NaocecT(null)Camlogic,_aocec-s7d
05-23 16:39:09.552 304 358 D MesonHwc: received Uevent: SEQNUM=4098
05-23 16:39:09.553 304 358 D MesonHwc: received Uevent: ultiplexer@360000/mdio@0/ethernet-phy@0
05-23 16:39:09.553 304 358 D MesonHwc: received Uevent: OF_COMPATIBLE_N=0
05-23 16:39:09.553 304 358 D MesonHwc: received Uevent: SEQNUM=4095
05-23 16:39:09.553 304 358 D MesonHwc: received Uevent: =0
05-23 16:39:09.553 304 358 D MesonHwc: received Uevent: MODALIAS=of:Nethernet-phyT(null)
05-23 16:39:09.553 304 358 D MesonHwc: received Uevent: SEQNUM=4094
01-01 08:27:16.424 0 0 I [2 T61 ..] [hdmitx: ] system: plugin
01-01 08:27:16.424 0 0 I [2 T61 ..] [hdmitx: ] plugin sequence id: 4295301400
01-01 08:27:16.463 0 0 I [1 T61 ..] cec: [hdmitx_notify_callback] unsupported notify:3
01-01 08:27:16.463 0 0 W : [1 T61 ..] [RX]-up_phy_addr = 2
01-01 08:27:16.463 0 0 I [1 T61 ..] [hdmitx: ] edid: blk0 raw data
01-01 08:27:16.464 0 0 I [1 T61 ..] [hdmitx: ] 00ffffffffffff0061a44a00010000000d1d0103807a45780acf74a3574cb02309484c2108008180454061409500010101010101010108e80030f2705a80b058
01-01 08:27:16.464 0 0 I : [1 T61 ..] 8a00c48e2100001e023a801871382d40582c4500c48e2100001e000000fc004d692054560a20202020202020000000fd003b461f8c3c000a2020202020200188
05-23 16:39:09.594 304 358 D MesonHwc: received Uevent: change@/devices/virtual/amhdmitx/amhdmitx0
05-23 16:39:09.594 304 358 D MesonHwc: received Uevent: ACTION=change
05-23 16:39:09.595 304 358 D MesonHwc: received Uevent: DEVPATH=/devices/virtual/amhdmitx/amhdmitx0
05-23 16:39:09.595 304 358 D MesonHwc: received Uevent: SUBSYSTEM=amhdmitx
05-23 16:39:09.595 304 358 D MesonHwc: received Uevent: hdmitx_current_status=52
05-23 16:39:09.595 304 358 D MesonHwc: received Uevent: MAJOR=492
05-23 16:39:09.595 304 358 D MesonHwc: received Uevent: MINOR=0
05-23 16:39:09.595 304 358 D MesonHwc: received Uevent: DEVNAME=amhdmitx0
05-23 16:39:09.595 304 358 D MesonHwc: received Uevent: SEQNUM=4101
05-23 16:39:09.595 304 358 D MesonHwc: received Uevent: ic, aocec-s7d
05-23 16:39:09.595 304 358 D MesonHwc: received Uevent: OF_COMPATIBLE_N=1
05-23 16:39:09.595 304 358 D MesonHwc: received Uevent: MODALIAS=of:NaocecT(null)Camlogic,_aocec-s7d
05-23 16:39:09.595 329 338 I SystemControl: [/UEventObserver.cpp, HDMITxUenventThreadLoop, 451] HDMI TX switch_name:hdmitx_current_status, switch_state: 52
05-23 16:39:09.595 304 358 D MesonHwc: received Uevent: SEQNUM=4098
05-23 16:39:09.595 304 358 D MesonHwc: received Uevent: ultiplexer@360000/mdio@0/ethernet-phy@0
05-23 16:39:09.595 304 358 D MesonHwc: received Uevent: OF_COMPATIBLE_N=0
05-23 16:39:09.595 304 358 D MesonHwc: received Uevent: SEQNUM=4095
05-23 16:39:09.595 304 358 D MesonHwc: received Uevent: =0
05-23 16:39:09.595 304 358 D MesonHwc: received Uevent: MODALIAS=of:Nethernet-phyT(null)
05-23 16:39:09.595 304 358 D MesonHwc: received Uevent: SEQNUM=4094
05-23 16:39:09.595 304 358 D MesonHwc: received Uevent: change@/devices/virtual/amhdmitx/amhdmitx0
05-23 16:39:09.595 304 358 D MesonHwc: received Uevent: ACTION=change
05-23 16:39:09.595 304 358 D MesonHwc: received Uevent: DEVPATH=/devices/virtual/amhdmitx/amhdmitx0
05-23 16:39:09.595 304 358 D MesonHwc: received Uevent: SUBSYSTEM=amhdmitx
05-23 16:39:09.595 304 358 D MesonHwc: received Uevent: hdmitx_current_status=52
05-23 16:39:09.595 304 358 D MesonHwc: received Uevent: MAJOR=492
05-23 16:39:09.595 304 358 D MesonHwc: received Uevent: MINOR=0
05-23 16:39:09.595 304 358 D MesonHwc: received Uevent: DEVNAME=amhdmitx0
05-23 16:39:09.595 304 358 D MesonHwc: received Uevent: SEQNUM=4101
05-23 16:39:09.595 304 358 D MesonHwc: received Uevent: ic, aocec-s7d
05-23 16:39:09.595 304 358 D MesonHwc: received Uevent: OF_COMPATIBLE_N=1
05-23 16:39:09.595 304 358 D MesonHwc: received Uevent: MODALIAS=of:NaocecT(null)Camlogic,_aocec-s7d
05-23 16:39:09.595 304 358 D MesonHwc: received Uevent: SEQNUM=4098
05-23 16:39:09.595 304 358 D MesonHwc: received Uevent: ultiplexer@360000/mdio@0/ethernet-phy@0
05-23 16:39:09.595 304 358 D MesonHwc: received Uevent: OF_COMPATIBLE_N=0
05-23 16:39:09.595 304 358 D MesonHwc: received Uevent: SEQNUM=4095
05-23 16:39:09.595 304 358 D MesonHwc: received Uevent: =0
05-23 16:39:09.595 304 358 D MesonHwc: received Uevent: MODALIAS=of:Nethernet-phyT(null)
05-23 16:39:09.595 304 358 D MesonHwc: received Uevent: SEQNUM=4094
01-01 08:27:16.468 0 0 I [0 T61 ..] [hdmitx: ] edid: blk1 raw data
01-01 08:27:16.468 0 0 I [0 T61 ..] [hdmitx: ] 02035df25901020384050607901112131415161f5d5e5f606162636465662f0907051507503d07c05707005f7e01830100006e030c002000b83c2f0080010203
01-01 08:27:16.468 0 0 I : [0 T61 ..] 0467d85dc401788803e305c301e50f00008c01e3060501e5018b8490018c0ad08a20e02d10103e9600c48e210000180000000000000000000000000000000064
05-23 16:39:09.601 494 539 I hdmicecd: [HdmiCecControl]:Hotplug event port:0, now:1, prevStatus:0 power:0
01-01 08:27:16.472 0 0 I : [0 T61 ..] [drm] drm hdmitx hpd notify
05-23 16:39:12.281 2569 2570 D uninstall: isAllowStart last_delay 0, current_time 1747989552
05-23 16:39:12.282 2569 2570 I uninstall: enable_service com.ktcp.video/com.tencent.qqlivetv.keeplive.proc.DaemonService com.ktcp.video/(null)
05-23 16:39:12.283 2569 2570 D uninstall: enable_service waitpid
05-23 16:39:12.283 6711 6711 D uninstall: enable_service pid == 0
05-23 16:39:12.283 6711 6711 D uninstall: enable_service version >= 17 || version == 0 version == 34
05-23 16:39:12.328 2569 2570 I uninstall: watchdaemon process_name = com.ktcp.video:daemon has gone, start it
05-23 16:39:12.329 2569 2570 D uninstall: watchdaemon waitpid
05-23 16:39:12.329 6715 6715 D uninstall: watchdaemon pid == 0
05-23 16:39:12.329 6715 6715 D uninstall: watchdaemon version >= 17 || version == 0 version == 34
05-23 16:39:12.517 484 1255 E android.hardware.bluetooth.hci_packetizer: OnDataReady: Unexpected EOF reading the payload!
05-23 16:39:15.258 483 688 I audio_hw_hal_alsamgr: alsa format =0x9000000 delay frames =1664 total frames=76800000
05-23 16:39:15.258 483 688 I audio_hw_hal_alsamgr: alsa format =0xa000000 delay frames =7296 total frames=307200000
05-23 16:39:15.623 2131 2139 I com.ktcp.video: Background concurrent copying GC freed 134128(5560KB) AllocSpace objects, 0(0B) LOS objects, 49% free, 5682KB/11MB, paused 127us,64us total 128.568ms
05-23 16:39:17.518 484 1255 E android.hardware.bluetooth.hci_packetizer: OnDataReady: Unexpected EOF reading the payload!
05-23 16:39:19.254 1440 1654 E ccc : cccccc sendCycleCheckBroadcast
05-23 16:39:19.255 1440 1654 W ContextImpl: Calling a method in the system process without a qualified user: android.app.ContextImpl.sendBroadcast:1220 android.content.ContextWrapper.sendBroadcast:504 com.dangbei.etna.setting.core.SettingHelper.sendCycleToProjector:247 com.dangbei.etna.setting.core.SettingHelper.sendCycleCheckBroadcast:216 com.dangbei.etna.setting.core.SettingHelper.startLoop$lambda-0:174
05-23 16:39:19.257 1440 1654 W ContextImpl: Calling a method in the system process without a qualified user: android.app.ContextImpl.sendBroadcast:1220 android.content.ContextWrapper.sendBroadcast:504 com.dangbei.etna.setting.core.SettingHelper.sendCycleToVoice:232 com.dangbei.etna.setting.core.SettingHelper.sendCycleCheckBroadcast:217 com.dangbei.etna.setting.core.SettingHelper.startLoop$lambda-0:174
05-23 16:39:19.259 732 2681 E ActivityManager: Sending non-protected broadcast com.dangbei.etna.setting.action_cycle_check_broadcast from system 1440:com.dangbei.lerad.etna.haqu/1000 pkg com.dangbei.lerad.etna.haqu
05-23 16:39:19.259 732 2681 E ActivityManager: java.lang.Throwable
05-23 16:39:19.259 732 2681 E ActivityManager: at com.android.server.am.ActivityManagerService.checkBroadcastFromSystem(ActivityManagerService.java:14455)
05-23 16:39:19.259 732 2681 E ActivityManager: at com.android.server.am.ActivityManagerService.broadcastIntentLockedTraced(ActivityManagerService.java:15280)
05-23 16:39:19.259 732 2681 E ActivityManager: at com.android.server.am.ActivityManagerService.broadcastIntentLocked(ActivityManagerService.java:14519)
05-23 16:39:19.259 732 2681 E ActivityManager: at com.android.server.am.ActivityManagerService.broadcastIntentWithFeature(ActivityManagerService.java:15485)
05-23 16:39:19.259 732 2681 E ActivityManager: at android.app.IActivityManager$Stub.onTransact(IActivityManager.java:2683)
05-23 16:39:19.259 732 2681 E ActivityManager: at com.android.server.am.ActivityManagerService.onTransact(ActivityManagerService.java:2775)
05-23 16:39:19.259 732 2681 E ActivityManager: at android.os.Binder.execTransactInternal(Binder.java:1363)
05-23 16:39:19.259 732 2681 E ActivityManager: at android.os.Binder.execTransact(Binder.java:1304)
05-23 16:39:19.265 1659 1659 D RockyVoice: RestartReceiver onReceive
05-23 16:39:19.341 1440 1646 E dangbei111: cccccc æ£€æŸ¥é¥æŽ§å™¨æ˜¯å¦è¿žæŽ¥: Dangbei E4:BB:D3:57:C0:53
05-23 16:39:19.345 1440 1646 E dangbei111: cccccc æ£€æŸ¥é¥æŽ§å™¨æ˜¯å¦è¿žæŽ¥: è“牙的结果 Dangbei E4:BB:D3:57:C0:53 true
05-23 16:39:19.345 1440 1646 E dangbei111: cccccc Name: Virtual
05-23 16:39:19.345 1440 1646 E dangbei111: cccccc Name: adc_keypad
05-23 16:39:19.345 1440 1646 E dangbei111: cccccc Name: ir_keypad0_0
05-23 16:39:19.345 1440 1646 E dangbei111: cccccc Name: ir_keypad0_1
05-23 16:39:19.345 1440 1646 E dangbei111: cccccc Name: gpio_keypad
05-23 16:39:19.345 1440 1646 E dangbei111: cccccc Name: cec_input
05-23 16:39:19.345 1440 1646 E dangbei111: cccccc Name: input_btrcu
05-23 16:39:19.345 1440 1646 E dangbei111: cccccc Name: input_ethrcu
05-23 16:39:19.345 1440 1646 E dangbei111: cccccc Name: vad_keypad
05-23 16:39:19.345 1440 1646 E dangbei111: cccccc Name: Dangbei
05-23 16:39:19.345 1440 1646 E dangbei111: cccccc ç¡®å®žæœ‰é¥æŽ§å™¨ 存在
05-23 16:39:19.345 1440 1646 E dangbei111: cccccc rc is connected, stop scan =E4:BB:D3:57:C0:53
01-01 08:27:26.664 0 0 I [0 T5823 ..] [hdmitx: ] UTC+0 2025-05-23 08:39:19 HPD LOW
01-01 08:27:26.664 0 0 I [0 T61 ..] [hdmitx: ] system: plugout
01-01 08:27:26.665 0 0 I [0 T61 ..] resman: notify error info = {"subModule":11,"level":2,"logType":1,"errorType":6,"msg":"HDMITX_HPD_PLUGOUT"}
01-01 08:27:26.666 0 0 I [0 T61 ..] [hdmitx: ] plug out sequence id: 0
01-01 08:27:26.667 0 0 W : [0 T61 ..] [RX]-up_phy_addr = 0
01-01 08:27:26.667 0 0 I [0 T61 d.] [hdmitx: ] hdmitx_set_drm_pkt: disable drm pkt
01-01 08:27:26.668 0 0 I [0 T61 d.] [hdmitx: ] TV not support DV, clr dv_vsif
01-01 08:27:26.669 0 0 I [0 T61 d.] [hdmitx: ] DV H14b VSIF, switching signal to SDR
01-01 08:27:26.670 0 0 I [0 T61 ..] [hdmitx: ] hdmitx_set_hdr10plus_pkt: null vsif
01-01 08:27:26.671 0 0 I [0 T61 ..] [hdmitx: ] hdmitx21_video_mute_op: VID_UNMUTE path=0x4000000
01-01 08:27:26.672 0 0 I [0 T61 ..] [hdmitx: ] hdmitx21_audio_mute_op: AUD_UNMUTE path=0x2000000
05-23 16:39:19.795 1962 1962 I xm_hidread: type=1400 audit(0.0:1122): avc: denied { read } for scontext=u:r:init:s0 tcontext=u:r:init:s0 tclass=netlink_kobject_uevent_socket permissive=1
05-23 16:39:19.800 304 358 D MesonHwc: received Uevent: change@/devices/virtual/amhdmitx/amhdmitx0
05-23 16:39:19.800 304 358 D MesonHwc: received Uevent: ACTION=change
05-23 16:39:19.800 304 358 D MesonHwc: received Uevent: DEVPATH=/devices/virtual/amhdmitx/amhdmitx0
05-23 16:39:19.800 304 358 D MesonHwc: received Uevent: SUBSYSTEM=amhdmitx
05-23 16:39:19.800 304 358 D MesonHwc: received Uevent: hdmitx_current_status=53
05-23 16:39:19.800 304 358 D MesonHwc: received Uevent: MAJOR=492
05-23 16:39:19.800 304 358 D MesonHwc: received Uevent: MINOR=0
05-23 16:39:19.800 304 358 D MesonHwc: received Uevent: DEVNAME=amhdmitx0
05-23 16:39:19.800 304 358 D MesonHwc: received Uevent: SEQNUM=4106
05-23 16:39:19.800 304 358 D MesonHwc: received Uevent: gic, aocec-s7d
05-23 16:39:19.800 304 358 D MesonHwc: received Uevent: OF_COMPATIBLE_N=1
05-23 16:39:19.801 304 358 D MesonHwc: received Uevent: MODALIAS=of:NaocecT(null)Camlogic,_aocec-s7d
05-23 16:39:19.801 304 358 D MesonHwc: received Uevent: SEQNUM=4105
05-23 16:39:19.801 304 358 D MesonHwc: received Uevent: ltiplexer@360000/mdio@0/ethernet-phy@0
05-23 16:39:19.801 329 338 I SystemControl: [/UEventObserver.cpp, HDMITxUenventThreadLoop, 451] HDMI TX switch_name:hdmitx_current_status, switch_state: 53
05-23 16:39:19.802 304 358 D MesonHwc: received Uevent: OF_COMPATIBLE_N=0
05-23 16:39:19.802 304 358 D MesonHwc: received Uevent: SEQNUM=4095
05-23 16:39:19.802 304 358 D MesonHwc: received Uevent: =0
05-23 16:39:19.802 304 358 D MesonHwc: received Uevent: MODALIAS=of:Nethernet-phyT(null)
05-23 16:39:19.802 304 358 D MesonHwc: received Uevent: SEQNUM=4094
05-23 16:39:19.802 304 358 D MesonHwc: received Uevent: change@/devices/virtual/amhdmitx/amhdmitx0
05-23 16:39:19.802 304 358 D MesonHwc: received Uevent: ACTION=change
05-23 16:39:19.802 304 358 D MesonHwc: received Uevent: DEVPATH=/devices/virtual/amhdmitx/amhdmitx0
05-23 16:39:19.802 304 358 D MesonHwc: received Uevent: SUBSYSTEM=amhdmitx
05-23 16:39:19.802 304 358 D MesonHwc: received Uevent: hdmitx_current_status=53
05-23 16:39:19.802 304 358 D MesonHwc: received Uevent: MAJOR=492
05-23 16:39:19.802 304 358 D MesonHwc: received Uevent: MINOR=0
05-23 16:39:19.802 304 358 D MesonHwc: received Uevent: DEVNAME=amhdmitx0
05-23 16:39:19.802 304 358 D MesonHwc: received Uevent: SEQNUM=4106
05-23 16:39:19.802 304 358 D MesonHwc: received Uevent: gic, aocec-s7d
05-23 16:39:19.802 304 358 D MesonHwc: received Uevent: OF_COMPATIBLE_N=1
05-23 16:39:19.802 304 358 D MesonHwc: received Uevent: MODALIAS=of:NaocecT(null)Camlogic,_aocec-s7d
05-23 16:39:19.802 304 358 D MesonHwc: received Uevent: SEQNUM=4105
05-23 16:39:19.802 304 358 D MesonHwc: received Uevent: ltiplexer@360000/mdio@0/ethernet-phy@0
05-23 16:39:19.802 304 358 D MesonHwc: received Uevent: OF_COMPATIBLE_N=0
05-23 16:39:19.802 304 358 D MesonHwc: received Uevent: SEQNUM=4095
05-23 16:39:19.802 304 358 D MesonHwc: received Uevent: =0
05-23 16:39:19.802 304 358 D MesonHwc: received Uevent: MODALIAS=of:Nethernet-phyT(null)
05-23 16:39:19.802 304 358 D MesonHwc: received Uevent: SEQNUM=4094
01-01 08:27:26.673 0 0 I : [0 T61 ..] [drm] drm hdmitx hpd notify
05-23 16:39:19.803 494 539 I hdmicecd: [HdmiCecControl]:Hotplug event port:0, now:0, prevStatus:1 power:0
05-23 16:39:20.058 483 688 I audio_hw_hal_alsamgr: alsa format =0x1 delay frames =640 total frames=78412800
01-01 08:27:27.168 0 0 I [0 T5823 ..] [hdmitx: ] UTC+0 2025-05-23 08:39:20 HPD HIGH
05-23 16:39:20.815 304 358 D MesonHwc: received Uevent: change@/devices/virtual/amhdmitx/amhdmitx0
05-23 16:39:20.815 329 338 I SystemControl: [/UEventObserver.cpp, HDMITxUenventThreadLoop, 451] HDMI TX switch_name:hdmitx_current_status, switch_state: 54
05-23 16:39:20.815 304 358 D MesonHwc: received Uevent: ACTION=change
05-23 16:39:20.815 304 358 D MesonHwc: received Uevent: DEVPATH=/devices/virtual/amhdmitx/amhdmitx0
05-23 16:39:20.816 304 358 D MesonHwc: received Uevent: SUBSYSTEM=amhdmitx
05-23 16:39:20.816 304 358 D MesonHwc: received Uevent: hdmitx_current_status=54
05-23 16:39:20.816 304 358 D MesonHwc: received Uevent: MAJOR=492
05-23 16:39:20.816 304 358 D MesonHwc: received Uevent: MINOR=0
05-23 16:39:20.816 304 358 D MesonHwc: received Uevent: DEVNAME=amhdmitx0
05-23 16:39:20.816 304 358 D MesonHwc: received Uevent: SEQNUM=4109
05-23 16:39:20.816 304 358 D MesonHwc: received Uevent: QNUM=4108
05-23 16:39:20.816 304 358 D MesonHwc: received Uevent: s7d
05-23 16:39:20.816 304 358 D MesonHwc: received Uevent: OF_COMPATIBLE_N=1
05-23 16:39:20.816 304 358 D MesonHwc: received Uevent: MODALIAS=of:NaocecT(null)Camlogic,_aocec-s7d
05-23 16:39:20.816 304 358 D MesonHwc: received Uevent: SEQNUM=4107
05-23 16:39:20.816 304 358 D MesonHwc: received Uevent: change@/devices/virtual/amhdmitx/amhdmitx0
05-23 16:39:20.816 304 358 D MesonHwc: received Uevent: ACTION=change
05-23 16:39:20.816 304 358 D MesonHwc: received Uevent: DEVPATH=/devices/virtual/amhdmitx/amhdmitx0
05-23 16:39:20.816 304 358 D MesonHwc: received Uevent: SUBSYSTEM=amhdmitx
05-23 16:39:20.816 304 358 D MesonHwc: received Uevent: hdmitx_current_status=54
05-23 16:39:20.816 304 358 D MesonHwc: received Uevent: MAJOR=492
05-23 16:39:20.816 304 358 D MesonHwc: received Uevent: MINOR=0
05-23 16:39:20.816 304 358 D MesonHwc: received Uevent: DEVNAME=amhdmitx0
05-23 16:39:20.816 304 358 D MesonHwc: received Uevent: SEQNUM=4109
05-23 16:39:20.816 304 358 D MesonHwc: received Uevent: QNUM=4108
05-23 16:39:20.816 304 358 D MesonHwc: received Uevent: s7d
05-23 16:39:20.816 304 358 D MesonHwc: received Uevent: OF_COMPATIBLE_N=1
05-23 16:39:20.816 304 358 D MesonHwc: received Uevent: MODALIAS=of:NaocecT(null)Camlogic,_aocec-s7d
05-23 16:39:20.816 304 358 D MesonHwc: received Uevent: SEQNUM=4107
01-01 08:27:27.688 0 0 I [0 T61 ..] [hdmitx: ] system: plugin
01-01 08:27:27.688 0 0 I [0 T61 ..] [hdmitx: ] plugin sequence id: 4295304216
01-01 08:27:27.728 0 0 I [1 T61 ..] cec: [hdmitx_notify_callback] unsupported notify:3
01-01 08:27:27.728 0 0 W : [1 T61 ..] [RX]-up_phy_addr = 2
01-01 08:27:27.728 0 0 I [1 T61 ..] [hdmitx: ] edid: blk0 raw data
01-01 08:27:27.729 0 0 I [1 T61 ..] [hdmitx: ] 00ffffffffffff0061a44a00010000000d1d0103807a45780acf74a3574cb02309484c2108008180454061409500010101010101010108e80030f2705a80b058
01-01 08:27:27.729 0 0 I : [1 T61 ..] 8a00c48e2100001e023a801871382d40582c4500c48e2100001e000000fc004d692054560a20202020202020000000fd003b461f8c3c000a2020202020200188
01-01 08:27:27.733 0 0 I [1 T61 ..] [hdmitx: ] edid: blk1 raw data
01-01 08:27:27.733 0 0 I [1 T61 ..] [hdmitx: ] 02035df25901020384050607901112131415161f5d5e5f606162636465662f0907051507503d07c05707005f7e01830100006e030c002000b83c2f0080010203
01-01 08:27:27.733 0 0 I : [1 T61 ..] 0467d85dc401788803e305c301e50f00008c01e3060501e5018b8490018c0ad08a20e02d10103e9600c48e210000180000000000000000000000000000000064
05-23 16:39:20.864 329 338 I SystemControl: [/UEventObserver.cpp, HDMITxUenventThreadLoop, 451] HDMI TX switch_name:hdmitx_current_status, switch_state: 55
05-23 16:39:20.864 304 358 D MesonHwc: received Uevent: change@/devices/virtual/amhdmitx/amhdmitx0
05-23 16:39:20.864 304 358 D MesonHwc: received Uevent: ACTION=change
05-23 16:39:20.864 304 358 D MesonHwc: received Uevent: DEVPATH=/devices/virtual/amhdmitx/amhdmitx0
05-23 16:39:20.864 304 358 D MesonHwc: received Uevent: SUBSYSTEM=amhdmitx
