01-01 08:08:22.413 0 0 W : [2 T948 ..] [SP FRAME TX] arp rsp,vif_idx:0 sender:[1c:79:2d:20:62:97 192.168.3.167]receiver:[2e:6a:3b:b3:ad:e6 192.168.3.15]
01-01 08:08:22.504 0 0 W : [1 T0 .s] [SP FRAME TX] arp req,vif_idx:0 sender:[1c:79:2d:20:62:97 192.168.3.167]receiver:[00:00:00:00:00:00 192.168.3.15]
05-23 16:20:06.318 732 732 V HotPlugDetectionAction: Poll all devices.
05-23 16:20:06.714 732 732 D HdmiCecController: [P]:AllocatedAddress=[0]
01-01 08:08:23.528 0 0 W : [1 T3124 .s] [SP FRAME TX] arp req,vif_idx:0 sender:[1c:79:2d:20:62:97 192.168.3.167]receiver:[00:00:00:00:00:00 192.168.3.15]
01-01 08:08:23.873 0 0 W : [1 T948 ..] [SP FRAME RX] arp rsp,vif_idx:0 sender:[2e:6a:3b:b3:ad:e6 192.168.3.15]receiver:[1c:79:2d:20:62:97 192.168.3.167]
01-01 08:08:24.125 0 0 W : [3 T640 ..] [aml_cfg80211_scan 1812] n_channels:36,iftype:2
01-01 08:08:24.125 0 0 W : [3 T640 ..] [aml_send_scanu_req 2532] vif:0
01-01 08:08:24.125 0 0 W : [3 T640 ..] [aml_send_scanu_req 2563] len:4 ssid:DZNB
01-01 08:08:24.126 0 0 W : [3 T640 ..] >>> aml_send_msg()
01-01 08:08:24.128 0 0 W : [3 T947 ..] ipc_sdio_host_msgack_handler 00000000514f3c67
01-01 08:08:24.128 0 0 W : [3 T947 ..] [aml_msgackind 2038] msg ack hostid=0xffffff8028cbad80
01-01 08:08:24.129 0 0 W : [3 T947 ..] [cmd_mgr_llind 329] cmd tkn[51] flags:0008 result: -4 cmd:4096-SCANU_START_REQ - reqcfm( 0-none)
01-01 08:08:24.130 0 0 W : [3 T947 ..] [cmd_complete 65] cmd tkn[51] flags:0000 result: -4 cmd:4096-SCANU_START_REQ - reqcfm( 0-none)
01-01 08:08:24.711 0 0 W : [1 T948 ..] [aml_scan_rx 1505] scanres_payload_buf overflow, flush
01-01 08:08:25.874 0 0 W : [1 T948 ..] [SP FRAME RX] arp req,vif_idx:0 sender:[22:2b:f8:c2:9b:dc 192.168.3.215]receiver:[00:00:00:00:00:00 192.168.3.167]
01-01 08:08:25.876 0 0 W : [1 T948 ..] [SP FRAME TX] arp rsp,vif_idx:0 sender:[1c:79:2d:20:62:97 192.168.3.167]receiver:[22:2b:f8:c2:9b:dc 192.168.3.215]
01-01 08:08:26.144 0 0 W : [3 T947 ..] >>> aml_rx_me_tx_credits_update_ind()
01-01 08:08:26.144 0 0 W : [3 T947 ..] [aml_txq_credit_update 2514] sta_idx=0 vif_idx=0 tid=6 update=120 pkt pushed=1 credits=123 old_credits=3
01-01 08:08:27.942 0 0 W : [3 T947 ..] >>> aml_rx_scanu_start_cfm()
01-01 08:08:30.956 0 0 W : [2 T405 ..] [aml_send_sync_trace 4388] sync token[25242]
01-01 08:08:30.956 0 0 W : [2 T405 ..] >>> aml_send_msg()
01-01 08:08:30.957 0 0 W : [3 T947 ..] ipc_sdio_host_msgack_handler 00000000a79648d0
01-01 08:08:30.957 0 0 W : [3 T947 ..] [aml_msgackind 2038] msg ack hostid=0xffffff8086960580
01-01 08:08:30.958 0 0 W : [3 T947 ..] [cmd_mgr_llind 329] cmd tkn[52] flags:0008 result: -4 cmd: 105-MM_SYNC_TRACE - reqcfm( 0-none)
01-01 08:08:30.960 0 0 W : [3 T947 ..] [cmd_complete 65] cmd tkn[52] flags:0000 result: -4 cmd: 105-MM_SYNC_TRACE - reqcfm( 0-none)
01-01 08:08:32.479 0 0 W : [1 T948 ..] [SP FRAME TX] arp req,vif_idx:0 sender:[1c:79:2d:20:62:97 192.168.3.167]receiver:[00:00:00:00:00:00 192.168.3.22]
01-01 08:08:32.484 0 0 W : [1 T948 ..] [SP FRAME RX] arp rsp,vif_idx:0 sender:[38:d5:7a:df:34:e7 192.168.3.22]receiver:[1c:79:2d:20:62:97 192.168.3.167]
01-01 08:08:39.656 0 0 W : [1 T0 .s] [SP FRAME TX] arp req,vif_idx:0 sender:[1c:79:2d:20:62:97 192.168.3.167]receiver:[00:00:00:00:00:00 192.168.3.99]
01-01 08:08:39.710 0 0 W : [1 T948 ..] [SP FRAME RX] arp rsp,vif_idx:0 sender:[a2:e3:8f:e4:ff:46 192.168.3.99]receiver:[1c:79:2d:20:62:97 192.168.3.167]
05-23 16:20:26.760 732 732 D HDMI : [R]: 04:8F
05-23 16:20:26.761 732 910 D HDMI : [S]: 40:90:00
05-23 16:20:32.958 732 833 D OomAdjuster: Not killing cached processes
01-01 08:08:58.052 0 0 W : [1 T640 ..] [aml_cfg80211_scan 1812] n_channels:36,iftype:2
01-01 08:08:58.052 0 0 W : [1 T640 ..] [aml_send_scanu_req 2532] vif:0
01-01 08:08:58.052 0 0 W : [1 T640 ..] [aml_send_scanu_req 2563] len:5 ssid:red5G
01-01 08:08:58.052 0 0 W : [1 T640 ..] >>> aml_send_msg()
01-01 08:08:58.054 0 0 W : [3 T947 ..] ipc_sdio_host_msgack_handler 00000000b9a7aa2d
01-01 08:08:58.055 0 0 W : [3 T947 ..] [aml_msgackind 2038] msg ack hostid=0xffffff80001f3180
01-01 08:08:58.055 0 0 W : [3 T947 ..] [cmd_mgr_llind 329] cmd tkn[53] flags:0008 result: -4 cmd:4096-SCANU_START_REQ - reqcfm( 0-none)
01-01 08:08:58.057 0 0 W : [3 T947 ..] [cmd_complete 65] cmd tkn[53] flags:0000 result: -4 cmd:4096-SCANU_START_REQ - reqcfm( 0-none)
01-01 08:08:59.880 0 0 W : [2 T0 .s] [SP FRAME TX] arp req,vif_idx:0 sender:[1c:79:2d:20:62:97 192.168.3.167]receiver:[00:00:00:00:00:00 192.168.3.53]
01-01 08:09:00.904 0 0 W : [2 T0 .s] [SP FRAME TX] arp req,vif_idx:0 sender:[1c:79:2d:20:62:97 192.168.3.167]receiver:[00:00:00:00:00:00 192.168.3.53]
01-01 08:09:01.881 0 0 W : [3 T947 ..] >>> aml_rx_scanu_start_cfm()
01-01 08:09:01.928 0 0 W : [2 T0 .s] [SP FRAME TX] arp req,vif_idx:0 sender:[1c:79:2d:20:62:97 192.168.3.167]receiver:[00:00:00:00:00:00 192.168.3.53]
01-01 08:09:02.952 0 0 W : [2 T0 .s] [SP FRAME TX] arp req,vif_idx:0 sender:[1c:79:2d:20:62:97 192.168.3.167]receiver:[00:00:00:00:00:00 192.168.3.53]
01-01 08:09:03.976 0 0 W : [2 T0 .s] [SP FRAME TX] arp req,vif_idx:0 sender:[1c:79:2d:20:62:97 192.168.3.167]receiver:[00:00:00:00:00:00 192.168.3.53]
01-01 08:09:05.000 0 0 W : [2 T0 .s] [SP FRAME TX] arp req,vif_idx:0 sender:[1c:79:2d:20:62:97 192.168.3.167]receiver:[00:00:00:00:00:00 192.168.3.53]
01-01 08:09:05.256 0 0 W : [1 T0 .s] [SP FRAME TX] arp req,vif_idx:0 sender:[1c:79:2d:20:62:97 192.168.3.167]receiver:[00:00:00:00:00:00 192.168.3.25]
01-01 08:09:06.028 0 0 W : [2 T0 .s] [SP FRAME TX] arp req,vif_idx:0 sender:[1c:79:2d:20:62:97 192.168.3.167]receiver:[00:00:00:00:00:00 192.168.3.53]
01-01 08:09:06.136 0 0 W : [1 T948 ..] [SP FRAME RX] arp rsp,vif_idx:0 sender:[62:e6:cb:ad:3a:47 192.168.3.25]receiver:[1c:79:2d:20:62:97 192.168.3.167]
01-01 08:09:07.048 0 0 W : [2 T0 .s] [SP FRAME TX] arp req,vif_idx:0 sender:[1c:79:2d:20:62:97 192.168.3.167]receiver:[00:00:00:00:00:00 192.168.3.53]
01-01 08:09:08.072 0 0 W : [2 T0 .s] [SP FRAME TX] arp req,vif_idx:0 sender:[1c:79:2d:20:62:97 192.168.3.167]receiver:[00:00:00:00:00:00 192.168.3.53]
01-01 08:09:09.096 0 0 W : [2 T0 .s] [SP FRAME TX] arp req,vif_idx:0 sender:[1c:79:2d:20:62:97 192.168.3.167]receiver:[00:00:00:00:00:00 192.168.3.53]
01-01 08:09:10.120 0 0 W : [2 T0 .s] [SP FRAME TX] arp req,vif_idx:0 sender:[1c:79:2d:20:62:97 192.168.3.167]receiver:[00:00:00:00:00:00 192.168.3.53]
01-01 08:09:11.148 0 0 W : [2 T0 .s] [SP FRAME TX] arp req,vif_idx:0 sender:[1c:79:2d:20:62:97 192.168.3.167]receiver:[00:00:00:00:00:00 192.168.3.53]
01-01 08:09:12.168 0 0 W : [2 T0 .s] [SP FRAME TX] arp req,vif_idx:0 sender:[1c:79:2d:20:62:97 192.168.3.167]receiver:[00:00:00:00:00:00 192.168.3.53]
01-01 08:09:13.192 0 0 W : [2 T0 .s] [SP FRAME TX] arp req,vif_idx:0 sender:[1c:79:2d:20:62:97 192.168.3.167]receiver:[00:00:00:00:00:00 192.168.3.53]
01-01 08:09:14.216 0 0 W : [2 T0 .s] [SP FRAME TX] arp req,vif_idx:0 sender:[1c:79:2d:20:62:97 192.168.3.167]receiver:[00:00:00:00:00:00 192.168.3.53]
01-01 08:09:15.240 0 0 W : [2 T0 .s] [SP FRAME TX] arp req,vif_idx:0 sender:[1c:79:2d:20:62:97 192.168.3.167]receiver:[00:00:00:00:00:00 192.168.3.53]
01-01 08:09:15.244 0 0 W : [1 T948 ..] [SP FRAME RX] arp rsp,vif_idx:0 sender:[28:7b:11:70:68:8f 192.168.3.53]receiver:[1c:79:2d:20:62:97 192.168.3.167]
01-01 08:09:15.752 0 0 W : [1 T2668 .s] [SP FRAME TX] arp req,vif_idx:0 sender:[1c:79:2d:20:62:97 192.168.3.167]receiver:[00:00:00:00:00:00 192.168.3.154]
01-01 08:09:15.798 0 0 W : [1 T948 ..] [SP FRAME RX] arp req,vif_idx:0 sender:[32:08:ae:4d:23:4b 192.168.3.154]receiver:[00:00:00:00:00:00 192.168.3.167]
01-01 08:09:15.799 0 0 W : [1 T948 ..] [SP FRAME TX] arp rsp,vif_idx:0 sender:[1c:79:2d:20:62:97 192.168.3.167]receiver:[32:08:ae:4d:23:4b 192.168.3.154]
01-01 08:09:15.936 0 0 W : [1 T948 ..] [SP FRAME RX] arp rsp,vif_idx:0 sender:[32:08:ae:4d:23:4b 192.168.3.154]receiver:[1c:79:2d:20:62:97 192.168.3.167]
01-01 08:09:20.607 0 0 W : [2 T948 ..] [SP FRAME RX] arp req,vif_idx:0 sender:[22:2b:f8:c2:9b:dc 192.168.3.215]receiver:[00:00:00:00:00:00 192.168.3.167]
01-01 08:09:20.608 0 0 W : [2 T948 ..] [SP FRAME TX] arp rsp,vif_idx:0 sender:[1c:79:2d:20:62:97 192.168.3.167]receiver:[22:2b:f8:c2:9b:dc 192.168.3.215]
01-01 08:09:21.132 0 0 W : [1 T0 .s] [SP FRAME TX] arp req,vif_idx:0 sender:[1c:79:2d:20:62:97 192.168.3.167]receiver:[00:00:00:00:00:00 192.168.3.215]
01-01 08:09:21.653 0 0 W : [1 T948 ..] [SP FRAME RX] arp rsp,vif_idx:0 sender:[22:2b:f8:c2:9b:dc 192.168.3.215]receiver:[1c:79:2d:20:62:97 192.168.3.167]
05-23 16:21:06.319 732 732 V HotPlugDetectionAction: Poll all devices.
05-23 16:21:06.718 732 732 D HdmiCecController: [P]:AllocatedAddress=[0]
05-23 16:21:08.822 1440 1654 W ContextImpl: Calling a method in the system process without a qualified user: android.app.ContextImpl.sendBroadcast:1220 android.content.ContextWrapper.sendBroadcast:504 com.dangbei.etna.setting.core.SettingHelper.sendCycleToProjector:247 com.dangbei.etna.setting.core.SettingHelper.sendCycleCheckBroadcast:216 com.dangbei.etna.setting.core.SettingHelper.startLoop$lambda-0:174
05-23 16:21:08.824 1440 1654 W ContextImpl: Calling a method in the system process without a qualified user: android.app.ContextImpl.sendBroadcast:1220 android.content.ContextWrapper.sendBroadcast:504 com.dangbei.etna.setting.core.SettingHelper.sendCycleToVoice:232 com.dangbei.etna.setting.core.SettingHelper.sendCycleCheckBroadcast:217 com.dangbei.etna.setting.core.SettingHelper.startLoop$lambda-0:174
05-23 16:21:08.825 732 764 D OomAdjuster: Not killing cached processes
01-01 08:09:31.981 0 0 W : [1 T640 ..] [aml_cfg80211_scan 1812] n_channels:36,iftype:2
01-01 08:09:31.981 0 0 W : [1 T640 ..] [aml_send_scanu_req 2532] vif:0
01-01 08:09:31.982 0 0 W : [1 T640 ..] [aml_send_scanu_req 2563] len:4 ssid:DZNB
01-01 08:09:31.982 0 0 W : [1 T640 ..] >>> aml_send_msg()
01-01 08:09:31.984 0 0 W : [1 T947 ..] ipc_sdio_host_msgack_handler 000000008e7e84b2
01-01 08:09:31.984 0 0 W : [1 T947 ..] [aml_msgackind 2038] msg ack hostid=0xffffff8087d8da00
01-01 08:09:31.985 0 0 W : [1 T947 ..] [cmd_mgr_llind 329] cmd tkn[54] flags:0008 result: -4 cmd:4096-SCANU_START_REQ - reqcfm( 0-none)
01-01 08:09:31.987 0 0 W : [1 T947 ..] [cmd_complete 65] cmd tkn[54] flags:0000 result: -4 cmd:4096-SCANU_START_REQ - reqcfm( 0-none)
01-01 08:09:32.130 0 0 W : [2 T948 ..] [aml_scan_rx 1505] scanres_payload_buf overflow, flush
01-01 08:09:32.392 0 0 W : [2 T61 ..] [aml_send_sync_trace 4388] sync token[25243]
01-01 08:09:32.392 0 0 W : [2 T61 ..] >>> aml_send_msg()
01-01 08:09:32.394 0 0 W : [1 T947 ..] ipc_sdio_host_msgack_handler 00000000eb29bb78
01-01 08:09:32.394 0 0 W : [1 T947 ..] [aml_msgackind 2038] msg ack hostid=0xffffff8084ab3d00
01-01 08:09:32.395 0 0 W : [1 T947 ..] [cmd_mgr_llind 329] cmd tkn[55] flags:0008 result: -4 cmd: 105-MM_SYNC_TRACE - reqcfm( 0-none)
01-01 08:09:32.397 0 0 W : [1 T947 ..] [cmd_complete 65] cmd tkn[55] flags:0000 result: -4 cmd: 105-MM_SYNC_TRACE - reqcfm( 0-none)
01-01 08:09:35.803 0 0 W : [1 T947 ..] >>> aml_rx_scanu_start_cfm()
05-23 16:21:26.765 732 732 D HDMI : [R]: 04:8F
05-23 16:21:26.767 732 910 D HDMI : [S]: 40:90:00
01-01 08:09:47.752 0 0 W : [2 T0 .s] [SP FRAME TX] arp req,vif_idx:0 sender:[1c:79:2d:20:62:97 192.168.3.167]receiver:[00:00:00:00:00:00 192.168.3.53]
01-01 08:09:48.110 0 0 W : [2 T948 ..] [SP FRAME RX] arp rsp,vif_idx:0 sender:[28:7b:11:70:68:8f 192.168.3.53]receiver:[1c:79:2d:20:62:97 192.168.3.167]
05-23 16:21:32.964 732 833 D OomAdjuster: Not killing cached processes
01-01 08:09:56.456 0 0 W : [1 T0 .s] [SP FRAME TX] arp req,vif_idx:0 sender:[1c:79:2d:20:62:97 192.168.3.167]receiver:[00:00:00:00:00:00 192.168.3.33]
01-01 08:09:56.482 0 0 W : [2 T948 ..] [SP FRAME RX] arp req,vif_idx:0 sender:[42:b8:8f:60:49:b1 192.168.3.33]receiver:[00:00:00:00:00:00 192.168.3.167]
01-01 08:09:56.483 0 0 W : [2 T948 ..] [SP FRAME TX] arp rsp,vif_idx:0 sender:[1c:79:2d:20:62:97 192.168.3.167]receiver:[42:b8:8f:60:49:b1 192.168.3.33]
01-01 08:09:56.671 0 0 W : [2 T948 ..] [SP FRAME RX] arp rsp,vif_idx:0 sender:[42:b8:8f:60:49:b1 192.168.3.33]receiver:[1c:79:2d:20:62:97 192.168.3.167]
01-01 08:10:05.926 0 0 W : [1 T640 ..] [aml_cfg80211_scan 1812] n_channels:36,iftype:2
01-01 08:10:05.926 0 0 W : [1 T640 ..] [aml_send_scanu_req 2532] vif:0
01-01 08:10:05.926 0 0 W : [1 T640 ..] [aml_send_scanu_req 2563] len:5 ssid:red5G
01-01 08:10:05.927 0 0 W : [1 T640 ..] >>> aml_send_msg()
01-01 08:10:05.928 0 0 W : [1 T947 ..] ipc_sdio_host_msgack_handler 00000000fce8818d
01-01 08:10:05.929 0 0 W : [1 T947 ..] [aml_msgackind 2038] msg ack hostid=0xffffff801e459400
01-01 08:10:05.930 0 0 W : [1 T947 ..] [cmd_mgr_llind 329] cmd tkn[56] flags:0008 result: -4 cmd:4096-SCANU_START_REQ - reqcfm( 0-none)
01-01 08:10:05.931 0 0 W : [1 T947 ..] [cmd_complete 65] cmd tkn[56] flags:0000 result: -4 cmd:4096-SCANU_START_REQ - reqcfm( 0-none)
01-01 08:10:06.828 0 0 W : [2 T948 ..] [aml_scan_rx 1505] scanres_payload_buf overflow, flush
01-01 08:10:09.753 0 0 W : [1 T947 ..] >>> aml_rx_scanu_start_cfm()
05-23 16:22:06.320 732 732 V HotPlugDetectionAction: Poll all devices.
05-23 16:22:06.722 732 732 D HdmiCecController: [P]:AllocatedAddress=[0]
05-23 16:22:14.265 732 815 D CompatibilityChangeReporter: Compat change id reported: 218533173; UID 10043; state: DISABLED
05-23 16:22:14.266 732 815 D CompatibilityChangeReporter: Compat change id reported: 262645982; UID 10043; state: DISABLED
01-01 08:10:33.832 0 0 W : [2 T61 ..] [aml_send_sync_trace 4388] sync token[25244]
01-01 08:10:33.832 0 0 W : [2 T61 ..] >>> aml_send_msg()
01-01 08:10:33.833 0 0 W : [3 T947 ..] ipc_sdio_host_msgack_handler 000000007383d41e
01-01 08:10:33.833 0 0 W : [3 T947 ..] [aml_msgackind 2038] msg ack hostid=0xffffff8066433900
01-01 08:10:33.834 0 0 W : [3 T947 ..] [cmd_mgr_llind 329] cmd tkn[57] flags:0008 result: -4 cmd: 105-MM_SYNC_TRACE - reqcfm( 0-none)
01-01 08:10:33.836 0 0 W : [3 T947 ..] [cmd_complete 65] cmd tkn[57] flags:0000 result: -4 cmd: 105-MM_SYNC_TRACE - reqcfm( 0-none)
01-01 08:10:39.852 0 0 W : [3 T640 ..] [aml_cfg80211_scan 1812] n_channels:36,iftype:2
01-01 08:10:39.852 0 0 W : [3 T640 ..] [aml_send_scanu_req 2532] vif:0
01-01 08:10:39.852 0 0 W : [3 T640 ..] [aml_send_scanu_req 2563] len:4 ssid:DZNB
01-01 08:10:39.853 0 0 W : [3 T640 ..] >>> aml_send_msg()
01-01 08:10:39.855 0 0 W : [3 T947 ..] ipc_sdio_host_msgack_handler 00000000f4366582
01-01 08:10:39.855 0 0 W : [3 T947 ..] [aml_msgackind 2038] msg ack hostid=0xffffff8055a8d480
01-01 08:10:39.856 0 0 W : [3 T947 ..] [cmd_mgr_llind 329] cmd tkn[58] flags:0008 result: -4 cmd:4096-SCANU_START_REQ - reqcfm( 0-none)
01-01 08:10:39.857 0 0 W : [3 T947 ..] [cmd_complete 65] cmd tkn[58] flags:0000 result: -4 cmd:4096-SCANU_START_REQ - reqcfm( 0-none)
05-23 16:22:26.770 732 732 D HDMI : [R]: 04:8F
05-23 16:22:26.771 732 910 D HDMI : [S]: 40:90:00
01-01 08:10:43.348 0 0 W : [1 T948 ..] [aml_scan_rx 1505] scanres_payload_buf overflow, flush
01-01 08:10:43.615 0 0 W : [1 T948 ..] [SP FRAME RX] DHCP[1 0], vif_idx:0
01-01 08:10:43.681 0 0 W : [3 T947 ..] >>> aml_rx_scanu_start_cfm()
05-23 16:22:32.973 732 833 I ActivityManager: Killing 1278:com.android.tv.settings/1000 (adj 985): empty #17
05-23 16:22:32.974 732 833 I ActivityManager: Killing 1463:com.android.keychain/1000 (adj 985): empty #18
05-23 16:22:32.974 732 833 I ActivityManager: Killing 1465:com.android.music/u0a49 (adj 995): empty #19
05-23 16:22:33.017 732 1019 W ProcessStats: Tracking association SourceState{1ebb351 com.ktcp.video:daemon/10077 Fgs #591} whose proc state 3 is better than process ProcessState{3283533 com.ktcp.video/10077 pkg=com.ktcp.video} proc state 10 (0 skipped)
05-23 16:22:33.069 732 975 I MediaSessionStack: removeSession | record: com.android.music/MediaPlaybackService (userId=0)
05-23 16:22:33.073 732 754 D DisplayManagerService: Drop pending events for gone uid 10049
01-01 08:10:50.216 0 0 W : [1 T0 .s] [SP FRAME TX] arp req,vif_idx:0 sender:[1c:79:2d:20:62:97 192.168.3.167]receiver:[00:00:00:00:00:00 192.168.3.53]
01-01 08:10:50.311 0 0 W : [2 T948 ..] [SP FRAME RX] arp rsp,vif_idx:0 sender:[28:7b:11:70:68:8f 192.168.3.53]receiver:[1c:79:2d:20:62:97 192.168.3.167]
01-01 08:10:50.732 0 0 W : [3 T0 .s] [SP FRAME TX] arp req,vif_idx:0 sender:[1c:79:2d:20:62:97 192.168.3.167]receiver:[00:00:00:00:00:00 192.168.3.154]
01-01 08:10:51.065 0 0 W : [2 T948 ..] [SP FRAME RX] arp rsp,vif_idx:0 sender:[32:08:ae:4d:23:4b 192.168.3.154]receiver:[1c:79:2d:20:62:97 192.168.3.167]
01-01 08:10:52.524 0 0 W : [3 T0 .s] [SP FRAME TX] arp req,vif_idx:0 sender:[1c:79:2d:20:62:97 192.168.3.167]receiver:[00:00:00:00:00:00 192.168.3.215]
01-01 08:10:52.535 0 0 W : [2 T948 ..] [SP FRAME RX] arp rsp,vif_idx:0 sender:[22:2b:f8:c2:9b:dc 192.168.3.215]receiver:[1c:79:2d:20:62:97 192.168.3.167]
01-01 08:10:59.639 0 0 W : [2 T948 ..] [SP FRAME RX] arp req,vif_idx:0 sender:[42:82:27:7d:bd:b5 192.168.3.47]receiver:[1c:79:2d:20:62:97 192.168.3.167]
01-01 08:10:59.640 0 0 W : [2 T948 ..] [SP FRAME TX] arp rsp,vif_idx:0 sender:[1c:79:2d:20:62:97 192.168.3.167]receiver:[42:82:27:7d:bd:b5 192.168.3.47]
01-01 08:11:13.361 0 0 W : [2 T948 ..] [SP FRAME RX] arp req,vif_idx:0 sender:[32:08:ae:4d:23:4b 192.168.3.154]receiver:[00:00:00:00:00:00 192.168.3.167]
01-01 08:11:13.362 0 0 W : [2 T948 ..] [SP FRAME TX] arp rsp,vif_idx:0 sender:[1c:79:2d:20:62:97 192.168.3.167]receiver:[32:08:ae:4d:23:4b 192.168.3.154]
01-01 08:11:13.471 0 0 W : [2 T948 ..] [SP FRAME RX] arp req,vif_idx:0 sender:[22:2b:f8:c2:9b:dc 192.168.3.215]receiver:[00:00:00:00:00:00 192.168.3.167]
01-01 08:11:13.472 0 0 W : [2 T948 ..] [SP FRAME TX] arp rsp,vif_idx:0 sender:[1c:79:2d:20:62:97 192.168.3.167]receiver:[22:2b:f8:c2:9b:dc 192.168.3.215]
01-01 08:11:13.786 0 0 W : [3 T640 ..] [aml_cfg80211_scan 1812] n_channels:36,iftype:2
01-01 08:11:13.786 0 0 W : [3 T640 ..] [aml_send_scanu_req 2532] vif:0
01-01 08:11:13.786 0 0 W : [3 T640 ..] [aml_send_scanu_req 2563] len:5 ssid:red5G
01-01 08:11:13.787 0 0 W : [3 T640 ..] >>> aml_send_msg()
01-01 08:11:13.789 0 0 W : [2 T947 ..] ipc_sdio_host_msgack_handler 000000007a11c5e6
01-01 08:11:13.789 0 0 W : [2 T947 ..] [aml_msgackind 2038] msg ack hostid=0xffffff801cf57500
01-01 08:11:13.790 0 0 W : [2 T947 ..] [cmd_mgr_llind 329] cmd tkn[59] flags:0008 result: -4 cmd:4096-SCANU_START_REQ - reqcfm( 0-none)
01-01 08:11:13.792 0 0 W : [2 T947 ..] [cmd_complete 65] cmd tkn[59] flags:0000 result: -4 cmd:4096-SCANU_START_REQ - reqcfm( 0-none)
01-01 08:11:14.728 0 0 W : [0 T3093 ..] [SP FRAME TX] arp req,vif_idx:0 sender:[1c:79:2d:20:62:97 192.168.3.167]receiver:[00:00:00:00:00:00 192.168.3.194]
01-01 08:11:14.946 0 0 W : [1 T948 ..] [SP FRAME RX] arp rsp,vif_idx:0 sender:[c2:09:a1:aa:11:60 192.168.3.194]receiver:[1c:79:2d:20:62:97 192.168.3.167]
01-01 08:11:15.094 0 0 W : [1 T948 ..] [SP FRAME RX] arp rsp,vif_idx:0 sender:[a8:59:5f:1a:94:92 192.168.3.46]receiver:[1c:79:2d:20:62:97 192.168.3.167]
01-01 08:11:17.593 0 0 W : [2 T947 ..] >>> aml_rx_scanu_start_cfm()
05-23 16:23:03.594 732 815 W DeviceIdleController: motion timeout went off and device isn't stationary
05-23 16:23:03.603 732 815 D CompatibilityChangeReporter: Compat change id reported: 261072174; UID 10077; state: DISABLED
05-23 16:23:03.603 732 815 W ProcessStats: Tracking association SourceState{fd44f31 system/1000 ImpBg #594} whose proc state 6 is better than process ProcessState{7d3abfa com.ktcp.video:daemon/10077 pkg=com.ktcp.video} proc state 8 (2 skipped)
05-23 16:23:03.617 732 3325 W JobScheduler: Job didn't exist in JobStore: 7c4458b #u0a77/1 com.ktcp.video/com.tencent.qqlivetv.keeplive.schedulerjob.DaemonJobService
01-01 08:11:21.982 0 0 W : [3 T948 ..] [SP FRAME RX] arp req,vif_idx:0 sender:[c2:09:a1:aa:11:60 192.168.3.194]receiver:[00:00:00:00:00:00 192.168.3.167]
01-01 08:11:21.983 0 0 W : [3 T948 ..] [SP FRAME TX] arp rsp,vif_idx:0 sender:[1c:79:2d:20:62:97 192.168.3.167]receiver:[c2:09:a1:aa:11:60 192.168.3.194]
05-23 16:23:06.319 732 732 V HotPlugDetectionAction: Poll all devices.
05-23 16:23:06.718 732 732 D HdmiCecController: [P]:AllocatedAddress=[0]
05-23 16:23:06.995 732 781 V DisplayPowerController2[0]: Brightness [0.05] reason changing to: 'manual [ dim ]', previous reason: 'manual'.
05-23 16:23:06.995 732 781 I DisplayPowerController2[0]: BrightnessEvent: disp=0, physDisp=local:4625716335649126413, brt=0.05, initBrt=0.39763778, rcmdBrt=NaN, preBrt=NaN, lux=0.0, preLux=0.0, hbmMax=1.0, hbmMode=off, rbcStrength=0, thrmMax=1.0, powerFactor=1.0, wasShortTermModelActive=false, flags=, reason=manual [ dim ], autoBrightness=false, strategy=InvalidBrightnessStrategy
05-23 16:23:13.991 732 781 I PowerGroup: Napping power group (groupId=0, uid=1000)...
05-23 16:23:13.992 732 781 I PowerManagerService: Nap time (uid 1000)...
05-23 16:23:13.992 732 732 D WindowManager: updateCecScreenStatus 0
05-23 16:23:13.993 732 732 D HDMI : setCecSettingIntValue name:cec_screen_state, value:0
05-23 16:23:13.993 732 732 I HDMI : screen state is changing to 0
05-23 16:23:13.994 732 781 W DreamManagerService: Falling back to default dream ComponentInfo{com.dangbei.lerad.screensaver/com.dangbei.lerad.screensaver.service.ScreenSaverService}
05-23 16:23:13.994 732 781 I DreamManagerService: Entering dreamland.
05-23 16:23:13.996 732 732 W ProcessStats: Tracking association SourceState{1ebb351 com.ktcp.video:daemon/10077 Fgs #599} whose proc state 3 is better than process ProcessState{3283533 com.ktcp.video/10077 pkg=com.ktcp.video} proc state 10 (7 skipped)
05-23 16:23:13.996 732 781 I PowerManagerService: Dreaming...
05-23 16:23:13.998 732 753 I DreamController: Starting dream: name=ComponentInfo{com.dangbei.lerad.screensaver/com.dangbei.lerad.screensaver.service.ScreenSaverService}, isPreviewMode=false, canDoze=false, userId=0, reason='power manager request'
05-23 16:23:14.000 957 1021 D WindowManagerShell: TvPipMenuController: closeMenu()
05-23 16:23:14.001 957 1021 I WindowManagerShell: TvPipMenuController: switchToMenuMode: setting mCurrentMenuMode=MODE_NO_MENU, mPrevMenuMode=MODE_NO_MENU
05-23 16:23:14.010 957 1021 V WindowManagerShell: Transition requested: android.os.BinderProxy@2493b97 TransitionRequestInfo { type = 2, triggerTask = TaskInfo{userId=0 taskId=227 displayId=0 isRunning=false baseIntent=Intent { dat=haqu://setting:8080/... flg=0x10000000 pkg=com.dangbei.haqusetting cmp=com.dangbei.haqusetting/.ui.HomeActivity } baseActivity=null topActivity=null origActivity=null realActivity=ComponentInfo{com.dangbei.haqusetting/com.dangbei.haqusetting.ui.HomeActivity} numActivities=0 lastActiveTime=163272 supportsMultiWindow=true resizeMode=1 isResizeable=true minWidth=-1 minHeight=-1 defaultMinSize=220 token=WCT{android.window.IWindowContainerToken$Stub$Proxy@7209184} topActivityType=1 pictureInPictureParams=null shouldDockBigOverlays=false launchIntoPipHostTaskId=-1 lastParentTaskIdBeforePip=-1 displayCutoutSafeInsets=null topActivityInfo=null launchCookies=[] positionInParent=Point(0, 0) parentTaskId=-1 isFocused=true isVisible=true isVisibleRequested=true isSleeping=false topActivityInSizeCompat=false topActivityEligibleForLetterboxEducation= false isLetterboxDoubleTapEnabled= false topActivityEligibleForUserAspectRatioButton= false topActivityBoundsLetterboxed= false isFromLetterboxDoubleTap= false topActivityLetterboxVerticalPosition= -1 topActivityLetterboxHorizontalPosition= -1 topActivityLetterboxWidth=-1 topActivityLetterboxHeight=-1 isUserFullscreenOverrideEnabled=false isTopActivityTransparent=false locusId=null displayAreaFeatureId=1 cameraCompatControlState=hidden}, remoteTransition = null, displayChange = null, flags = 0 }
05-23 16:23:14.017 732 753 D CompatibilityChangeReporter: Compat change id reported: 135634846; UID 10044; state: DISABLED
05-23 16:23:14.020 732 765 D CompatibilityChangeReporter: Compat change id reported: 143937733; UID 10044; state: ENABLED
05-23 16:23:14.021 732 753 D AutofillManagerService: Close system dialogs
05-23 16:23:14.025 732 1019 V WindowManager: app ------------- force_land :0
05-23 16:23:14.044 957 1021 V WindowManagerShell: onTransitionReady android.os.BinderProxy@2493b97: {id=4 t=CLOSE f=0x0 trk=0 r=[0@Point(0, 0)] c=[{WCT{android.window.IWindowContainerToken$Stub$Proxy@95bfa33} m=CLOSE f=TRANSLUCENT leash=Surface(name=Task=227)/@0x54c5d6d sb=Rect(0, 0 - 1920, 1080) eb=Rect(0, 0 - 1920, 1080) d=0}]}
05-23 16:23:14.045 957 1021 V WindowManagerShell: Playing animation for (#4)android.os.BinderProxy@2493b97@0
05-23 16:23:14.045 957 1021 V WindowManagerShell: try handler com.android.wm.shell.keyguard.KeyguardTransitionHandler@9798e39
05-23 16:23:14.046 957 1021 V WindowManagerShell: try handler com.android.wm.shell.pip.tv.TvPipTransition@b2d1c7e
05-23 16:23:14.046 957 1021 V WindowManagerShell: try handler com.android.wm.shell.activityembedding.ActivityEmbeddingController@857b5df
05-23 16:23:14.046 957 1021 V WindowManagerShell: try handler com.android.wm.shell.transition.RemoteTransitionHandler@3c922c
05-23 16:23:14.046 957 1021 V WindowManagerShell: Transition doesn't have explicit remote, search filters for match for {id=4 t=CLOSE f=0x0 trk=0 r=[0@Point(0, 0)] c=[{WCT{android.window.IWindowContainerToken$Stub$Proxy@95bfa33} m=CLOSE f=TRANSLUCENT leash=Surface(name=Task=227)/@0x54c5d6d sb=Rect(0, 0 - 1920, 1080) eb=Rect(0, 0 - 1920, 1080) d=0}]}
05-23 16:23:14.046 957 1021 V WindowManagerShell: Delegate animation for #4 to null
05-23 16:23:14.046 957 1021 V WindowManagerShell: try handler com.android.wm.shell.transition.DefaultTransitionHandler@85bd4f5
05-23 16:23:14.046 957 1021 V WindowManagerShell: start default transition animation, info = {id=4 t=CLOSE f=0x0 trk=0 r=[0@Point(0, 0)] c=[{WCT{android.window.IWindowContainerToken$Stub$Proxy@95bfa33} m=CLOSE f=TRANSLUCENT leash=Surface(name=Task=227)/@0x54c5d6d sb=Rect(0, 0 - 1920, 1080) eb=Rect(0, 0 - 1920, 1080) d=0}]}
05-23 16:23:14.047 957 1021 V WindowManagerShell: loadAnimation: anim=android.view.animation.AlphaAnimation@bb081ee animAttr=0x7 type=CLOSE isEntrance=false
05-23 16:23:14.049 732 753 V WindowManager: Sent Transition #4 createdAt=05-23 16:23:14.009 via request=TransitionRequestInfo { type = 2, triggerTask = TaskInfo{userId=0 taskId=227 displayId=0 isRunning=false baseIntent=Intent { dat=haqu://setting:8080/... flg=0x10000000 pkg=com.dangbei.haqusetting cmp=com.dangbei.haqusetting/.ui.HomeActivity } baseActivity=null topActivity=null origActivity=null realActivity=ComponentInfo{com.dangbei.haqusetting/com.dangbei.haqusetting.ui.HomeActivity} numActivities=0 lastActiveTime=163272 supportsMultiWindow=true resizeMode=1 isResizeable=true minWidth=-1 minHeight=-1 defaultMinSize=220 token=WCT{RemoteToken{1bd0f2f Task{ab0da57 #227 type=standard A=1000:com.dangbei.haqusetting}}} topActivityType=1 pictureInPictureParams=null shouldDockBigOverlays=false launchIntoPipHostTaskId=-1 lastParentTaskIdBeforePip=-1 displayCutoutSafeInsets=null topActivityInfo=null launchCookies=[] positionInParent=Point(0, 0) parentTaskId=-1 isFocused=true isVisible=true isVisibleRequested=true isSleeping=false topActivityInSizeCompat=false topActivityEligibleForLetterboxEducation= false isLetterboxDoubleTapEnabled= false topActivityEligibleForUserAspectRatioButton= false topActivityBoundsLetterboxed= false isFromLetterboxDoubleTap= false topActivityLetterboxVerticalPosition= -1 topActivityLetterboxHorizontalPosition= -1 topActivityLetterboxWidth=-1 topActivityLetterboxHeight=-1 isUserFullscreenOverrideEnabled=false isTopActivityTransparent=false locusId=null displayAreaFeatureId=1 cameraCompatControlState=hidden}, remoteTransition = null, displayChange = null, flags = 0 }
05-23 16:23:14.049 957 1021 V WindowManagerShell: animated by com.android.wm.shell.transition.DefaultTransitionHandler@85bd4f5
05-23 16:23:14.049 732 753 V WindowManager: startWCT=WindowContainerTransaction { changes = {} hops = [] errorCallbackToken=null taskFragmentOrganizer=null }
05-23 16:23:14.049 732 753 V WindowManager: info={id=4 t=CLOSE f=0x0 trk=0 r=[0@Point(0, 0)] c=[{WCT{RemoteToken{1bd0f2f Task{ab0da57 #227 type=standard A=1000:com.dangbei.haqusetting}}} m=CLOSE f=TRANSLUCENT leash=Surface(name=Task=227)/@0xf762c10 sb=Rect(0, 0 - 1920, 1080) eb=Rect(0, 0 - 1920, 1080) d=0}]}
05-23 16:23:14.059 732 815 D CompatibilityChangeReporter: Compat change id reported: 265195908; UID 10044; state: ENABLED
05-23 16:23:14.079 732 765 W ActivityManager: Slow operation: 64ms so far, now at startProcess: returned from zygote!
05-23 16:23:14.079 732 765 W ActivityManager: Slow operation: 65ms so far, now at startProcess: done updating battery stats
05-23 16:23:14.080 732 765 W ActivityManager: Slow operation: 65ms so far, now at startProcess: building log message
05-23 16:23:14.080 732 765 I ActivityManager: Start proc 4471:com.dangbei.lerad.screensaver/u0a44 for service {com.dangbei.lerad.screensaver/com.dangbei.lerad.screensaver.service.ScreenSaverService}
05-23 16:23:14.080 732 765 W ActivityManager: Slow operation: 65ms so far, now at startProcess: starting to update pids map
05-23 16:23:14.080 732 765 W ActivityManager: Slow operation: 65ms so far, now at startProcess: done updating pids map
05-23 16:23:14.116 732 3325 D CompatibilityChangeReporter: Compat change id reported: 168419799; UID 10044; state: DISABLED
05-23 16:23:14.117 732 3325 D CompatibilityChangeReporter: Compat change id reported: 273564678; UID 10044; state: DISABLED
05-23 16:23:14.124 732 754 W ContextImpl: Calling a method in the system process without a qualified user: android.app.ContextImpl.startService:1899 com.android.server.wm.DisplayPolicy.lambda$focusChangedLw$5:2126 com.android.server.wm.DisplayPolicy.$r8$lambda$Znxk63oh-WzVnzo_WQefN7uxV48:0 com.android.server.wm.DisplayPolicy$$ExternalSyntheticLambda13.run:0 android.os.Handler.handleCallback:958
05-23 16:23:14.128 957 1021 D WindowManagerShell: TvPipController: onTaskStackChanged()
05-23 16:23:14.144 732 746 D CoreBackPreview: Window{f96130d u0 com.dangbei.haqusetting/com.dangbei.haqusetting.ui.HomeActivity}: Setting back callback null
05-23 16:23:14.149 732 956 D CompatibilityChangeReporter: Compat change id reported: 170503758; UID 10044; state: ENABLED
05-23 16:23:14.283 732 956 D CompatibilityChangeReporter: Compat change id reported: 149924527; UID 10044; state: ENABLED
05-23 16:23:14.284 732 956 D CompatibilityChangeReporter: Compat change id reported: 132649864; UID 10044; state: DISABLED
05-23 16:23:14.452 957 1021 V WindowManagerShell: Transition animation finished (aborted=false), notifying core (#4)android.os.BinderProxy@2493b97@0
05-23 16:23:14.455 732 753 V WindowManager: Finish Transition #4: created at
05-23 16:23:14.009 collect-started=0.1ms request-sent=0.363ms started=6.01ms ready=18.374ms sent=24.392ms finished=444.356ms
05-23 16:23:14.457 732 956 D CompatibilityChangeReporter: Compat change id reported: 161145287; UID 10044; state: ENABLED
05-23 16:23:14.462 957 1021 V WindowManagerShell: Track 0 became idle
05-23 16:23:14.462 957 1021 V WindowManagerShell: All active transition animations finished
01-01 08:11:31.351 0 0 W [1 T4524 ..] audit: audit_lost=161 audit_rate_limit=5 audit_backlog_limit=64
01-01 08:11:31.351 0 0 E [1 T4524 ..] audit: rate limit exceeded
05-23 16:23:14.634 732 753 W ActivityTaskManager: callingPackage for (uid=1000, pid=0) has no WPC
05-23 16:23:14.637 732 753 D CompatibilityChangeReporter: Compat change id reported: 265464455; UID 10044; state: DISABLED
05-23 16:23:14.638 732 753 D CompatibilityChangeReporter: Compat change id reported: 265452344; UID 10044; state: DISABLED
05-23 16:23:14.638 732 753 D CompatibilityChangeReporter: Compat change id reported: 266124927; UID 10044; state: DISABLED
05-23 16:23:14.639 732 753 D CompatibilityChangeReporter: Compat change id reported: 265451093; UID 10044; state: DISABLED
05-23 16:23:14.639 732 753 D CompatibilityChangeReporter: Compat change id reported: 265456536; UID 10044; state: DISABLED
05-23 16:23:14.639 732 753 D CompatibilityChangeReporter: Compat change id reported: 255940284; UID 10044; state: DISABLED
05-23 16:23:14.640 732 753 D CompatibilityChangeReporter: Compat change id reported: 236283604; UID 10044; state: DISABLED
05-23 16:23:14.643 732 753 D CompatibilityChangeReporter: Compat change id reported: 263959004; UID 10044; state: DISABLED
05-23 16:23:14.643 732 753 D CompatibilityChangeReporter: Compat change id reported: 264304459; UID 10044; state: DISABLED
05-23 16:23:14.643 732 753 D CompatibilityChangeReporter: Compat change id reported: 264301586; UID 10044; state: DISABLED
05-23 16:23:14.644 732 753 D CompatibilityChangeReporter: Compat change id reported: 254631730; UID 10044; state: DISABLED
05-23 16:23:14.644 732 753 D CompatibilityChangeReporter: Compat change id reported: 273509367; UID 10044; state: DISABLED
05-23 16:23:14.644 732 753 D CompatibilityChangeReporter: Compat change id reported: 263259275; UID 10044; state: DISABLED
05-23 16:23:14.645 732 753 D CompatibilityChangeReporter: Compat change id reported: 174042980; UID 10044; state: DISABLED
05-23 16:23:14.646 732 753 D CompatibilityChangeReporter: Compat change id reported: 174042936; UID 10044; state: DISABLED
05-23 16:23:14.646 732 753 D CompatibilityChangeReporter: Compat change id reported: 181136395; UID 10044; state: DISABLED
05-23 16:23:14.653 732 753 D CompatibilityChangeReporter: Compat change id reported: 184838306; UID 10044; state: DISABLED
05-23 16:23:14.654 732 753 D CompatibilityChangeReporter: Compat change id reported: 185004937; UID 10044; state: DISABLED
05-23 16:23:14.656 732 753 D CompatibilityChangeReporter: Compat change id reported: 194480991; UID 10044; state: ENABLED
05-23 16:23:14.677 732 753 D CompatibilityChangeReporter: Compat change id reported: 197654537; UID 10044; state: ENABLED
05-23 16:23:14.679 732 753 V SplashScreenExceptionList: SplashScreen checking exception for package com.dangbei.lerad.screensaver (target sdk:34) -> false
05-23 16:23:14.680 732 753 D CompatibilityChangeReporter: Compat change id reported: 205907456; UID 10044; state: ENABLED
05-23 16:23:14.683 957 1021 V WindowManagerShell: Transition requested: android.os.BinderProxy@b70cd25 TransitionRequestInfo { type = 1, triggerTask = TaskInfo{userId=0 taskId=229 displayId=0 isRunning=true baseIntent=Intent { flg=0x10840000 pkg=com.dangbei.lerad.screensaver cmp=com.dangbei.lerad.screensaver/android.service.dreams.DreamActivity } baseActivity=ComponentInfo{com.dangbei.lerad.screensaver/android.service.dreams.DreamActivity} topActivity=ComponentInfo{com.dangbei.lerad.screensaver/android.service.dreams.DreamActivity} origActivity=null realActivity=ComponentInfo{com.dangbei.lerad.screensaver/android.service.dreams.DreamActivity} numActivities=1 lastActiveTime=691437 supportsMultiWindow=true resizeMode=0 isResizeable=false minWidth=-1 minHeight=-1 defaultMinSize=220 token=WCT{android.window.IWindowContainerToken$Stub$Proxy@d26cefa} topActivityType=5 pictureInPictureParams=null shouldDockBigOverlays=true launchIntoPipHostTaskId=-1 lastParentTaskIdBeforePip=-1 displayCutoutSafeInsets=null topActivityInfo=ActivityInfo{bf27cab android.service.dreams.DreamActivity} launchCookies=[] positionInParent=Point(0, 0) parentTaskId=-1 isFocused=false isVisible=false isVisibleRequested=false isSleeping=false topActivityInSizeCompat=false topActivityEligibleForLetterboxEducation= false isLetterboxDoubleTapEnabled= false topActivityEligibleForUserAspectRatioButton= false topActivityBoundsLetterboxed= false isFromLetterboxDoubleTap= false topActivityLetterboxVerticalPosition= -1 topActivityLetterboxHorizontalPosition= -1 topActivityLetterboxWidth=-1 topActivityLetterboxHeight=-1 isUserFullscreenOverrideEnabled=false isTopActivityTransparent=false locusId=null displayAreaFeatureId=1 cameraCompatControlState=hidden}, remoteTransition = null, displayChange = null, flags = 0 }
05-23 16:23:14.684 732 753 I ActivityTaskManager: START u0 {flg=0x10040000 pkg=com.dangbei.lerad.screensaver cmp=com.dangbei.lerad.screensaver/android.service.dreams.DreamActivity (has extras)} with LAUNCH_SINGLE_INSTANCE from uid 10044 (realCallingUid=1000) (BAL_ALLOW_PENDING_INTENT) result code=0
05-23 16:23:14.691 732 975 V WindowManager: app ------------- force_land :0
05-23 16:23:14.691 732 975 V WindowManager: app ------------- force_land :0
05-23 16:23:14.691 732 975 V WindowManager: app ------------- force_land :0
05-23 16:23:14.750 732 1019 W WindowManager: [addWindow] title:com.dangbei.lerad.screensaver/android.service.dreams.DreamActivity
05-23 16:23:14.774 732 746 D CoreBackPreview: Window{bace3c8 u0 com.dangbei.lerad.screensaver/android.service.dreams.DreamActivity}: Setting back callback OnBackInvokedCallbackInfo{mCallback=android.window.IOnBackInvokedCallback$Stub$Proxy@35bd386, mPriority=0, mIsAnimationCallback=false}
05-23 16:23:14.796 957 1021 D WindowManagerShell: TvPipController: onTaskStackChanged()
01-01 08:11:31.624 0 0 I [3 T242 ..] servicemanager: Found android.hardware.graphics.allocator.IAllocator/default in device VINTF manifest.
01-01 08:11:31.627 0 0 I [2 T242 ..] servicemanager: Found android.hardware.graphics.allocator.IAllocator/default in device VINTF manifest.
05-23 16:23:14.875 732 754 W ContextImpl: Calling a method in the system process without a qualified user: android.app.ContextImpl.startService:1899 com.android.server.wm.DisplayPolicy.lambda$focusChangedLw$5:2126 com.android.server.wm.DisplayPolicy.$r8$lambda$Znxk63oh-WzVnzo_WQefN7uxV48:0 com.android.server.wm.DisplayPolicy$$ExternalSyntheticLambda13.run:0 android.os.Handler.handleCallback:958
05-23 16:23:14.894 732 781 V DisplayPowerController2[0]: Brightness [0.39763778] reason changing to: 'manual', previous reason: 'manual [ dim ]'.
05-23 16:23:14.894 732 781 I DisplayPowerController2[0]: BrightnessEvent: disp=0, physDisp=local:4625716335649126413, brt=0.39763778, initBrt=0.05, rcmdBrt=NaN, preBrt=NaN, lux=0.0, preLux=0.0, hbmMax=1.0, hbmMode=off, rbcStrength=0, thrmMax=1.0, powerFactor=1.0, wasShortTermModelActive=false, flags=, reason=manual, autoBrightness=false, strategy=InvalidBrightnessStrategy
05-23 16:23:14.895 957 1021 V WindowManagerShell: onTransitionReady android.os.BinderProxy@b70cd25: {id=5 t=OPEN f=0x0 trk=0 r=[0@Point(0, 0)] c=[{WCT{android.window.IWindowContainerToken$Stub$Proxy@35a3887} m=TO_FRONT f=NONE leash=Surface(name=Task=228)/@0xf7d5f08 sb=Rect(0, 0 - 1920, 1080) eb=Rect(0, 0 - 1920, 1080) d=0},{WCT{android.window.IWindowContainerToken$Stub$Proxy@a0d63b4} m=TO_BACK f=NONE leash=Surface(name=Task=1)/@0x38616a1 sb=Rect(0, 0 - 1920, 1080) eb=Rect(0, 0 - 1920, 1080) d=0}]}
05-23 16:23:14.895 957 1021 V WindowManagerShell: Playing animation for (#5)android.os.BinderProxy@b70cd25@0
05-23 16:23:14.896 957 1021 V WindowManagerShell: try handler com.android.wm.shell.keyguard.KeyguardTransitionHandler@9798e39
05-23 16:23:14.896 957 1021 V WindowManagerShell: try handler com.android.wm.shell.pip.tv.TvPipTransition@b2d1c7e
05-23 16:23:14.896 957 1021 V WindowManagerShell: try handler com.android.wm.shell.activityembedding.ActivityEmbeddingController@857b5df
05-23 16:23:14.896 957 1021 V WindowManagerShell: try handler com.android.wm.shell.transition.RemoteTransitionHandler@3c922c
05-23 16:23:14.896 957 1021 V WindowManagerShell: Transition doesn't have explicit remote, search filters for match for {id=5 t=OPEN f=0x0 trk=0 r=[0@Point(0, 0)] c=[{WCT{android.window.IWindowContainerToken$Stub$Proxy@35a3887} m=TO_FRONT f=NONE leash=Surface(name=Task=228)/@0xf7d5f08 sb=Rect(0, 0 - 1920, 1080) eb=Rect(0, 0 - 1920, 1080) d=0},{WCT{android.window.IWindowContainerToken$Stub$Proxy@a0d63b4} m=TO_BACK f=NONE leash=Surface(name=Task=1)/@0x38616a1 sb=Rect(0, 0 - 1920, 1080) eb=Rect(0, 0 - 1920, 1080) d=0}]}
05-23 16:23:14.896 957 1021 V WindowManagerShell: Delegate animation for #5 to null
05-23 16:23:14.896 957 1021 V WindowManagerShell: try handler com.android.wm.shell.transition.DefaultTransitionHandler@85bd4f5
05-23 16:23:14.896 957 1021 V WindowManagerShell: start default transition animation, info = {id=5 t=OPEN f=0x0 trk=0 r=[0@Point(0, 0)] c=[{WCT{android.window.IWindowContainerToken$Stub$Proxy@35a3887} m=TO_FRONT f=NONE leash=Surface(name=Task=228)/@0xf7d5f08 sb=Rect(0, 0 - 1920, 1080) eb=Rect(0, 0 - 1920, 1080) d=0},{WCT{android.window.IWindowContainerToken$Stub$Proxy@a0d63b4} m=TO_BACK f=NONE leash=Surface(name=Task=1)/@0x38616a1 sb=Rect(0, 0 - 1920, 1080) eb=Rect(0, 0 - 1920, 1080) d=0}]}
05-23 16:23:14.896 957 1021 V WindowManagerShell: loadAnimation: anim=null animAttr=0x1d type=OPEN isEntrance=false
05-23 16:23:14.896 957 1021 V WindowManagerShell: loadAnimation: anim=null animAttr=0x1c type=OPEN isEntrance=true
05-23 16:23:14.898 957 1021 V WindowManagerShell: Transition animation finished (aborted=false), notifying core (#5)android.os.BinderProxy@b70cd25@0
05-23 16:23:14.903 957 1021 V WindowManagerShell: Track 0 became idle
05-23 16:23:14.903 957 1021 V WindowManagerShell: All active transition animations finished
05-23 16:23:14.903 957 1021 V WindowManagerShell: animated by com.android.wm.shell.transition.DefaultTransitionHandler@85bd4f5
05-23 16:23:14.903 957 1021 V WindowManagerShell: Track 0 became idle
05-23 16:23:14.903 957 1021 V WindowManagerShell: All active transition animations finished
05-23 16:23:14.905 732 753 V WindowManager: Sent Transition #5 createdAt=05-23 16:23:14.656 via request=TransitionRequestInfo { type = 1, triggerTask = TaskInfo{userId=0 taskId=229 displayId=0 isRunning=true baseIntent=Intent { flg=0x10840000 pkg=com.dangbei.lerad.screensaver cmp=com.dangbei.lerad.screensaver/android.service.dreams.DreamActivity } baseActivity=ComponentInfo{com.dangbei.lerad.screensaver/android.service.dreams.DreamActivity} topActivity=ComponentInfo{com.dangbei.lerad.screensaver/android.service.dreams.DreamActivity} origActivity=null realActivity=ComponentInfo{com.dangbei.lerad.screensaver/android.service.dreams.DreamActivity} numActivities=1 lastActiveTime=691437 supportsMultiWindow=true resizeMode=0 isResizeable=false minWidth=-1 minHeight=-1 defaultMinSize=220 token=WCT{RemoteToken{691a212 Task{d558675 #229 type=dream A=10044:android:com.dangbei.lerad.screensaver/dream}}} topActivityType=5 pictureInPictureParams=null shouldDockBigOverlays=true launchIntoPipHostTaskId=-1 lastParentTaskIdBeforePip=-1 displayCutoutSafeInsets=null topActivityInfo=ActivityInfo{47a63e0 android.service.dreams.DreamActivity} launchCookies=[] positionInParent=Point(0, 0) parentTaskId=-1 isFocused=false isVisible=false isVisibleRequested=false isSleeping=false topActivityInSizeCompat=false topActivityEligibleForLetterboxEducation= false isLetterboxDoubleTapEnabled= false topActivityEligibleForUserAspectRatioButton= false topActivityBoundsLetterboxed= false isFromLetterboxDoubleTap= false topActivityLetterboxVerticalPosition= -1 topActivityLetterboxHorizontalPosition= -1 topActivityLetterboxWidth=-1 topActivityLetterboxHeight=-1 isUserFullscreenOverrideEnabled=false isTopActivityTransparent=false locusId=null displayAreaFeatureId=1 cameraCompatControlState=hidden}, remoteTransition = null, displayChange = null, flags = 0 }
05-23 16:23:14.905 732 753 V WindowManager: startWCT=WindowContainerTransaction { changes = {} hops = [] errorCallbackToken=null taskFragmentOrganizer=null }
05-23 16:23:14.906 732 753 V WindowManager: info={id=5 t=OPEN f=0x0 trk=0 r=[0@Point(0, 0)] c=[{WCT{RemoteToken{1caf699 Task{23019ac #228 type=dream}}} m=TO_FRONT f=NONE leash=Surface(name=Task=228)/@0x8301447 sb=Rect(0, 0 - 1920, 1080) eb=Rect(0, 0 - 1920, 1080) d=0},{WCT{RemoteToken{de3cd5e Task{75a3c30 #1 type=home}}} m=TO_BACK f=NONE leash=Surface(name=Task=1)/@0xeda3590 sb=Rect(0, 0 - 1920, 1080) eb=Rect(0, 0 - 1920, 1080) d=0}]}
05-23 16:23:14.907 732 753 V WindowManager: Finish Transition #5: created at
05-23 16:23:14.656 collect-started=0.091ms request-sent=25.827ms started=31.7ms ready=37.903ms sent=232.116ms finished=242.843ms
05-23 16:23:14.952 732 975 D CompatibilityChangeReporter: Compat change id reported: 214016041; UID 10044; state: ENABLED
01-01 08:11:31.878 0 0 E : [3 T4580 ..] mediaproxy produce init [aml-vcodec-dec]
01-01 08:11:31.878 0 0 I : [3 T4580 ..] Mediaproxy is opened name[aml-vcodec-dec]\n
01-01 08:11:31.878 0 0 I : [3 T4580 ..] Mediaproxy is opened name[aml-vcodec-dec] end\n
01-01 08:11:31.879 0 0 E : [3 T4580 ..] mediaproxy produce start connect
01-01 08:11:31.880 0 0 I : [3 T4580 ..] success to alloc kfifo size:[32] i=[2]
01-01 08:11:31.881 0 0 I : [3 T4580 ..] find p kfifo size:[32][2]
01-01 08:11:31.882 0 0 I : [3 T4580 ..] mediaproxy_get_fifo get idx[2]
01-01 08:11:31.882 0 0 I : [3 T4580 ..] Session producer-2 is connected fifo idx [2]
01-01 08:11:31.883 0 0 E : [3 T4580 ..] mediaproxy produce connect [2]
01-01 08:11:31.884 0 0 I : [3 T4580 ..] mediaproxy produce msg type :0x40 module_name:aml-vcodec-dec
01-01 08:11:31.885 0 0 I : [3 T4580 ..] deinit session
01-01 08:11:31.885 0 0 I : [3 T4580 ..] deinit session producer-2
01-01 08:11:31.886 0 0 I : [3 T4580 ..] deinit has_unusing_fifo [1]
01-01 08:11:31.886 0 0 I : [0 T98 ..] p_fifo[2] name[aml-vcodec-dec] state[0] to MP_FIFO_UNUSED
01-01 08:11:31.887 0 0 E : [3 T4580 ..] mediaproxy produce init [aml-vcodec-dec]
01-01 08:11:31.888 0 0 I : [3 T4580 ..] Mediaproxy is opened name[aml-vcodec-dec]\n
01-01 08:11:31.888 0 0 I : [3 T4580 ..] Mediaproxy is opened name[aml-vcodec-dec] end\n
01-01 08:11:31.889 0 0 E : [3 T4580 ..] mediaproxy produce start connect
01-01 08:11:31.890 0 0 I : [3 T4580 ..] find p kfifo size:[32][2]
01-01 08:11:31.891 0 0 I : [3 T4580 ..] mediaproxy_get_fifo get idx[2]
01-01 08:11:31.892 0 0 I : [3 T4580 ..] Session producer-2 is connected fifo idx [2]
01-01 08:11:31.892 0 0 E : [3 T4580 ..] mediaproxy produce connect [2]
01-01 08:11:31.893 0 0 I : [3 T4580 ..] mediaproxy produce msg type :0x40 module_name:aml-vcodec-dec
01-01 08:11:31.895 0 0 I : [3 T4580 ..] deinit session
01-01 08:11:31.895 0 0 I : [3 T4580 ..] deinit session producer-2
01-01 08:11:31.895 0 0 I : [3 T4580 ..] deinit has_unusing_fifo [1]
01-01 08:11:31.896 0 0 I : [2 T98 ..] p_fifo[2] name[aml-vcodec-dec] state[0] to MP_FIFO_UNUSED
01-01 08:11:31.898 0 0 I : [3 T4580 ..] codec mem info:
01-01 08:11:31.898 0 0 I : [3 T4580 ..] total codec mem size:364 MB
01-01 08:11:31.899 0 0 I : [3 T4580 ..] alloced size= 0 MB
01-01 08:11:31.899 0 0 I : [3 T4580 ..] max alloced: 0 MB
01-01 08:11:31.900 0 0 I [3 T4580 ..] CMA: 0,RES:0,TVP:0,SYS:0,COHER:0,VMAPED:0 MB
01-01 08:11:31.901 0 0 I [3 T4580 ..] RES_EXT: 0 MB
01-01 08:11:31.901 0 0 I : [3 T4580 ..] [4]CMA size:364 MB:alloced: 0 MB,free:364 MB
01-01 08:11:31.902 0 0 I : [3 T4580 ..] codec mem info:
01-01 08:11:31.902 0 0 I : [3 T4580 ..] total codec mem size:364 MB
01-01 08:11:31.903 0 0 I : [3 T4580 ..] alloced size= 0 MB
01-01 08:11:31.903 0 0 I : [3 T4580 ..] max alloced: 0 MB
01-01 08:11:31.904 0 0 I [3 T4580 ..] CMA: 0,RES:0,TVP:0,SYS:0,COHER:0,VMAPED:0 MB
01-01 08:11:31.905 0 0 I [3 T4580 ..] RES_EXT: 0 MB
01-01 08:11:31.905 0 0 I : [3 T4580 ..] [4]CMA size:364 MB:alloced: 0 MB,free:364 MB
01-01 08:11:31.907 0 0 E : [0 T4585 ..] mediaproxy produce init [aml-vcodec-dec]
01-01 08:11:31.908 0 0 I : [0 T4585 ..] Mediaproxy is opened name[aml-vcodec-dec]\n
01-01 08:11:31.908 0 0 I : [0 T4585 ..] Mediaproxy is opened name[aml-vcodec-dec] end\n
01-01 08:11:31.908 0 0 E : [0 T4585 ..] mediaproxy produce start connect
01-01 08:11:31.910 0 0 I : [0 T4585 ..] find p kfifo size:[32][2]
01-01 08:11:31.910 0 0 I : [0 T4585 ..] mediaproxy_get_fifo get idx[2]
01-01 08:11:31.911 0 0 I : [0 T4585 ..] Session producer-2 is connected fifo idx [2]
01-01 08:11:31.912 0 0 E : [0 T4585 ..] mediaproxy produce connect [2]
01-01 08:11:31.913 0 0 I : [0 T4585 ..] mediaproxy produce msg type :0x40 module_name:aml-vcodec-dec
01-01 08:11:31.914 0 0 I : [1 T4585 ..] deinit session
01-01 08:11:31.914 0 0 I : [1 T4585 ..] deinit session producer-2
01-01 08:11:31.915 0 0 I : [1 T4585 ..] deinit has_unusing_fifo [1]
01-01 08:11:31.915 0 0 I : [2 T98 ..] p_fifo[2] name[aml-vcodec-dec] state[0] to MP_FIFO_UNUSED
01-01 08:11:31.916 0 0 E : [1 T4585 ..] mediaproxy produce init [aml-vcodec-dec]
01-01 08:11:31.917 0 0 I : [1 T4585 ..] Mediaproxy is opened name[aml-vcodec-dec]\n
01-01 08:11:31.917 0 0 I : [1 T4585 ..] Mediaproxy is opened name[aml-vcodec-dec] end\n
01-01 08:11:31.918 0 0 E : [1 T4585 ..] mediaproxy produce start connect
01-01 08:11:31.919 0 0 I : [1 T4585 ..] find p kfifo size:[32][2]
01-01 08:11:31.920 0 0 I : [1 T4585 ..] mediaproxy_get_fifo get idx[2]
01-01 08:11:31.920 0 0 I : [1 T4585 ..] Session producer-2 is connected fifo idx [2]
01-01 08:11:31.921 0 0 E : [1 T4585 ..] mediaproxy produce connect [2]
01-01 08:11:31.922 0 0 I : [1 T4585 ..] mediaproxy produce msg type :0x40 module_name:aml-vcodec-dec
01-01 08:11:31.924 0 0 I [2 T4585 ..] [amlv4l]: [3]: DW:3, TW:0, Margin:6
01-01 08:11:31.925 0 0 D [1 T4590 ..] [amlcom]: vdec_create instance 00000000034fe3ee, total 1, PM: power-domain
01-01 08:11:31.925 0 0 D [1 T4590 ..] [media_clock]: hevc mux clock is 799999988 Hz
01-01 08:11:31.925 0 0 I [1 T4590 ..] [amlcom]: dos_local_config end, id 3, is_on 1
01-01 08:11:31.925 0 0 I [1 T4590 ..] [amlcom]: vdec_init, dev_name:ammvdec_h265_v4l, vdec_type=VDEC_TYPE_FRAME_BLOCK, format: 11, total: 1
01-01 08:11:31.927 0 0 D [1 T4590 ..] [h265]: [0]pdata->config=parm_v4l_codec_enable:1;parm_v4l_buffer_margin:6;hevc_double_write_mode:3;hevc_triple_write_mode:0;hevc_buf_width:4096;hevc_buf_height:2304;save_buffer_mode:0;parm_v4l_canvas_mem_mode:0;parm_v4l_canvas_mem_endian:0;parm_v4l_low_latency_mode:0;parm_v4l_metadata_config_flag:1050626;parm_v4l_duration:0;dv_profile:0;parm_v4l_error_handle_info:0;
01-01 08:11:31.927 0 0 D [1 T4590 ..] [h265]: [0]discard dv data
01-01 08:11:31.927 0 0 D [1 T4590 ..] [h265]: [0]dv_profile: 0
01-01 08:11:31.927 0 0 D [1 T4590 ..] [h265]: [0]Correction: policy 0x2 mode 2 lcu_percentage_threshold 0
01-01 08:11:31.930 0 0 D [1 T4590 ..] [h265]: [0]dynamic_buf_num_margin=6
01-01 08:11:31.930 0 0 D [1 T4590 ..] [h265]: [0]double_write_mode=3
