01-01 08:01:39.478 0 0 W : [3 T947 ..] [cmd_mgr_llind 329] cmd tkn[34] flags:001a result: -4 cmd:5139-ME_SET_PS_MODE_REQ - reqcfm(5140-ME_SET_PS_MODE_CFM)
01-01 08:01:39.480 0 0 W : [3 T947 ..] [cmd_mgr_msgind 409] cmd tkn[34] flags:0012 result: -4 cmd:5139-ME_SET_PS_MODE_REQ - reqcfm(5140-ME_SET_PS_MODE_CFM)
01-01 08:01:39.481 0 0 W : [3 T947 ..] [cmd_complete 65] cmd tkn[34] flags:0002 result: -4 cmd:5139-ME_SET_PS_MODE_REQ - reqcfm(5140-ME_SET_PS_MODE_CFM)
01-01 08:01:40.072 0 0 W : [1 T2139 .s] [SP FRAME TX] arp req,vif_idx:0 sender:[1c:79:2d:20:62:97 192.168.3.167]receiver:[00:00:00:00:00:00 192.168.3.122]
01-01 08:01:40.073 0 0 W : [1 T2139 .s] [SP FRAME TX] arp req,vif_idx:0 sender:[1c:79:2d:20:62:97 192.168.3.167]receiver:[00:00:00:00:00:00 192.168.3.111]
01-01 08:01:40.074 0 0 W : [1 T2139 .s] [SP FRAME TX] arp req,vif_idx:0 sender:[1c:79:2d:20:62:97 192.168.3.167]receiver:[00:00:00:00:00:00 192.168.3.76]
01-01 08:01:40.076 0 0 W : [1 T2139 .s] [SP FRAME TX] arp req,vif_idx:0 sender:[1c:79:2d:20:62:97 192.168.3.167]receiver:[00:00:00:00:00:00 192.168.3.74]
01-01 08:01:40.078 0 0 W : [1 T2139 .s] [SP FRAME TX] arp req,vif_idx:0 sender:[1c:79:2d:20:62:97 192.168.3.167]receiver:[00:00:00:00:00:00 192.168.3.62]
01-01 08:01:40.079 0 0 W : [1 T2139 .s] [SP FRAME TX] arp req,vif_idx:0 sender:[1c:79:2d:20:62:97 192.168.3.167]receiver:[00:00:00:00:00:00 192.168.3.50]
01-01 08:01:40.081 0 0 W : [1 T2139 .s] [SP FRAME TX] arp req,vif_idx:0 sender:[1c:79:2d:20:62:97 192.168.3.167]receiver:[00:00:00:00:00:00 192.168.3.44]
01-01 08:01:40.082 0 0 W : [1 T2139 .s] [SP FRAME TX] arp req,vif_idx:0 sender:[1c:79:2d:20:62:97 192.168.3.167]receiver:[00:00:00:00:00:00 192.168.3.16]
01-01 08:01:40.104 0 0 W : [1 T2139 .s] [SP FRAME TX] arp req,vif_idx:0 sender:[1c:79:2d:20:62:97 192.168.3.167]receiver:[00:00:00:00:00:00 192.168.3.224]
01-01 08:01:40.105 0 0 W : [1 T2139 .s] [SP FRAME TX] arp req,vif_idx:0 sender:[1c:79:2d:20:62:97 192.168.3.167]receiver:[00:00:00:00:00:00 192.168.3.217]
01-01 08:01:40.106 0 0 W : [1 T2139 .s] [SP FRAME TX] arp req,vif_idx:0 sender:[1c:79:2d:20:62:97 192.168.3.167]receiver:[00:00:00:00:00:00 192.168.3.210]
01-01 08:01:40.108 0 0 W : [1 T2139 .s] [SP FRAME TX] arp req,vif_idx:0 sender:[1c:79:2d:20:62:97 192.168.3.167]receiver:[00:00:00:00:00:00 192.168.3.160]
01-01 08:01:40.109 0 0 W : [1 T2139 .s] [SP FRAME TX] arp req,vif_idx:0 sender:[1c:79:2d:20:62:97 192.168.3.167]receiver:[00:00:00:00:00:00 192.168.3.159]
01-01 08:01:40.111 0 0 W : [1 T2139 .s] [SP FRAME TX] arp req,vif_idx:0 sender:[1c:79:2d:20:62:97 192.168.3.167]receiver:[00:00:00:00:00:00 192.168.3.155]
01-01 08:01:40.113 0 0 W : [1 T2139 .s] [SP FRAME TX] arp req,vif_idx:0 sender:[1c:79:2d:20:62:97 192.168.3.167]receiver:[00:00:00:00:00:00 192.168.3.145]
01-01 08:01:40.328 0 0 W : [1 T0 .s] [SP FRAME TX] arp req,vif_idx:0 sender:[1c:79:2d:20:62:97 192.168.3.167]receiver:[00:00:00:00:00:00 192.168.3.246]
01-01 08:01:41.096 0 0 W : [1 T0 .s] [SP FRAME TX] arp req,vif_idx:0 sender:[1c:79:2d:20:62:97 192.168.3.167]receiver:[00:00:00:00:00:00 192.168.3.16]
01-01 08:01:41.097 0 0 W : [1 T0 .s] [SP FRAME TX] arp req,vif_idx:0 sender:[1c:79:2d:20:62:97 192.168.3.167]receiver:[00:00:00:00:00:00 192.168.3.44]
01-01 08:01:41.098 0 0 W : [1 T0 .s] [SP FRAME TX] arp req,vif_idx:0 sender:[1c:79:2d:20:62:97 192.168.3.167]receiver:[00:00:00:00:00:00 192.168.3.50]
01-01 08:01:41.100 0 0 W : [1 T0 .s] [SP FRAME TX] arp req,vif_idx:0 sender:[1c:79:2d:20:62:97 192.168.3.167]receiver:[00:00:00:00:00:00 192.168.3.62]
01-01 08:01:41.101 0 0 W : [1 T0 .s] [SP FRAME TX] arp req,vif_idx:0 sender:[1c:79:2d:20:62:97 192.168.3.167]receiver:[00:00:00:00:00:00 192.168.3.74]
01-01 08:01:41.103 0 0 W : [1 T0 .s] [SP FRAME TX] arp req,vif_idx:0 sender:[1c:79:2d:20:62:97 192.168.3.167]receiver:[00:00:00:00:00:00 192.168.3.76]
01-01 08:01:41.105 0 0 W : [1 T0 .s] [SP FRAME TX] arp req,vif_idx:0 sender:[1c:79:2d:20:62:97 192.168.3.167]receiver:[00:00:00:00:00:00 192.168.3.111]
01-01 08:01:41.106 0 0 W : [1 T0 .s] [SP FRAME TX] arp req,vif_idx:0 sender:[1c:79:2d:20:62:97 192.168.3.167]receiver:[00:00:00:00:00:00 192.168.3.122]
01-01 08:01:41.132 0 0 W : [1 T8 .s] [SP FRAME TX] arp req,vif_idx:0 sender:[1c:79:2d:20:62:97 192.168.3.167]receiver:[00:00:00:00:00:00 192.168.3.145]
01-01 08:01:41.133 0 0 W : [1 T8 .s] [SP FRAME TX] arp req,vif_idx:0 sender:[1c:79:2d:20:62:97 192.168.3.167]receiver:[00:00:00:00:00:00 192.168.3.155]
01-01 08:01:41.134 0 0 W : [1 T8 .s] [SP FRAME TX] arp req,vif_idx:0 sender:[1c:79:2d:20:62:97 192.168.3.167]receiver:[00:00:00:00:00:00 192.168.3.159]
01-01 08:01:41.136 0 0 W : [1 T8 .s] [SP FRAME TX] arp req,vif_idx:0 sender:[1c:79:2d:20:62:97 192.168.3.167]receiver:[00:00:00:00:00:00 192.168.3.160]
01-01 08:01:41.138 0 0 W : [1 T8 .s] [SP FRAME TX] arp req,vif_idx:0 sender:[1c:79:2d:20:62:97 192.168.3.167]receiver:[00:00:00:00:00:00 192.168.3.210]
01-01 08:01:41.139 0 0 W : [1 T8 .s] [SP FRAME TX] arp req,vif_idx:0 sender:[1c:79:2d:20:62:97 192.168.3.167]receiver:[00:00:00:00:00:00 192.168.3.217]
01-01 08:01:41.141 0 0 W : [1 T8 .s] [SP FRAME TX] arp req,vif_idx:0 sender:[1c:79:2d:20:62:97 192.168.3.167]receiver:[00:00:00:00:00:00 192.168.3.224]
01-01 08:01:41.160 0 0 W : [2 T948 ..] [SP FRAME RX] arp rsp,vif_idx:0 sender:[e8:4a:54:14:69:48 192.168.3.50]receiver:[1c:79:2d:20:62:97 192.168.3.167]
01-01 08:01:41.352 0 0 W : [1 T0 .s] [SP FRAME TX] arp req,vif_idx:0 sender:[1c:79:2d:20:62:97 192.168.3.167]receiver:[00:00:00:00:00:00 192.168.3.246]
01-01 08:01:42.120 0 0 W : [1 T0 .s] [SP FRAME TX] arp req,vif_idx:0 sender:[1c:79:2d:20:62:97 192.168.3.167]receiver:[00:00:00:00:00:00 192.168.3.122]
01-01 08:01:42.121 0 0 W : [1 T0 .s] [SP FRAME TX] arp req,vif_idx:0 sender:[1c:79:2d:20:62:97 192.168.3.167]receiver:[00:00:00:00:00:00 192.168.3.111]
01-01 08:01:42.122 0 0 W : [1 T0 .s] [SP FRAME TX] arp req,vif_idx:0 sender:[1c:79:2d:20:62:97 192.168.3.167]receiver:[00:00:00:00:00:00 192.168.3.76]
01-01 08:01:42.124 0 0 W : [1 T0 .s] [SP FRAME TX] arp req,vif_idx:0 sender:[1c:79:2d:20:62:97 192.168.3.167]receiver:[00:00:00:00:00:00 192.168.3.74]
01-01 08:01:42.126 0 0 W : [1 T0 .s] [SP FRAME TX] arp req,vif_idx:0 sender:[1c:79:2d:20:62:97 192.168.3.167]receiver:[00:00:00:00:00:00 192.168.3.62]
01-01 08:01:42.127 0 0 W : [1 T0 .s] [SP FRAME TX] arp req,vif_idx:0 sender:[1c:79:2d:20:62:97 192.168.3.167]receiver:[00:00:00:00:00:00 192.168.3.44]
01-01 08:01:42.129 0 0 W : [1 T0 .s] [SP FRAME TX] arp req,vif_idx:0 sender:[1c:79:2d:20:62:97 192.168.3.167]receiver:[00:00:00:00:00:00 192.168.3.16]
01-01 08:01:42.152 0 0 W : [1 T1483 .s] [SP FRAME TX] arp req,vif_idx:0 sender:[1c:79:2d:20:62:97 192.168.3.167]receiver:[00:00:00:00:00:00 192.168.3.224]
01-01 08:01:42.153 0 0 W : [1 T1483 .s] [SP FRAME TX] arp req,vif_idx:0 sender:[1c:79:2d:20:62:97 192.168.3.167]receiver:[00:00:00:00:00:00 192.168.3.217]
01-01 08:01:42.154 0 0 W : [1 T1483 .s] [SP FRAME TX] arp req,vif_idx:0 sender:[1c:79:2d:20:62:97 192.168.3.167]receiver:[00:00:00:00:00:00 192.168.3.210]
01-01 08:01:42.156 0 0 W : [1 T1483 .s] [SP FRAME TX] arp req,vif_idx:0 sender:[1c:79:2d:20:62:97 192.168.3.167]receiver:[00:00:00:00:00:00 192.168.3.160]
01-01 08:01:42.158 0 0 W : [1 T1483 .s] [SP FRAME TX] arp req,vif_idx:0 sender:[1c:79:2d:20:62:97 192.168.3.167]receiver:[00:00:00:00:00:00 192.168.3.159]
01-01 08:01:42.159 0 0 W : [1 T1483 .s] [SP FRAME TX] arp req,vif_idx:0 sender:[1c:79:2d:20:62:97 192.168.3.167]receiver:[00:00:00:00:00:00 192.168.3.155]
01-01 08:01:42.161 0 0 W : [1 T1483 .s] [SP FRAME TX] arp req,vif_idx:0 sender:[1c:79:2d:20:62:97 192.168.3.167]receiver:[00:00:00:00:00:00 192.168.3.145]
01-01 08:01:42.376 0 0 W : [1 T1699 .s] [SP FRAME TX] arp req,vif_idx:0 sender:[1c:79:2d:20:62:97 192.168.3.167]receiver:[00:00:00:00:00:00 192.168.3.246]
01-01 08:01:42.442 0 0 W : [2 T948 ..] [SP FRAME RX] arp rsp,vif_idx:0 sender:[8a:21:f9:5a:4b:26 192.168.3.217]receiver:[1c:79:2d:20:62:97 192.168.3.167]
01-01 08:01:42.660 0 0 W : [2 T948 ..] [SP FRAME RX] arp rsp,vif_idx:0 sender:[8a:21:f9:5a:4b:26 192.168.3.217]receiver:[1c:79:2d:20:62:97 192.168.3.167]
01-01 08:01:43.144 0 0 W : [1 T0 .s] [SP FRAME TX] arp req,vif_idx:0 sender:[1c:79:2d:20:62:97 192.168.3.167]receiver:[00:00:00:00:00:00 192.168.3.16]
01-01 08:01:43.145 0 0 W : [1 T0 .s] [SP FRAME TX] arp req,vif_idx:0 sender:[1c:79:2d:20:62:97 192.168.3.167]receiver:[00:00:00:00:00:00 192.168.3.44]
01-01 08:01:43.146 0 0 W : [1 T0 .s] [SP FRAME TX] arp req,vif_idx:0 sender:[1c:79:2d:20:62:97 192.168.3.167]receiver:[00:00:00:00:00:00 192.168.3.62]
01-01 08:01:43.148 0 0 W : [1 T0 .s] [SP FRAME TX] arp req,vif_idx:0 sender:[1c:79:2d:20:62:97 192.168.3.167]receiver:[00:00:00:00:00:00 192.168.3.74]
01-01 08:01:43.150 0 0 W : [1 T0 .s] [SP FRAME TX] arp req,vif_idx:0 sender:[1c:79:2d:20:62:97 192.168.3.167]receiver:[00:00:00:00:00:00 192.168.3.76]
01-01 08:01:43.151 0 0 W : [1 T0 .s] [SP FRAME TX] arp req,vif_idx:0 sender:[1c:79:2d:20:62:97 192.168.3.167]receiver:[00:00:00:00:00:00 192.168.3.111]
01-01 08:01:43.153 0 0 W : [1 T0 .s] [SP FRAME TX] arp req,vif_idx:0 sender:[1c:79:2d:20:62:97 192.168.3.167]receiver:[00:00:00:00:00:00 192.168.3.122]
01-01 08:01:43.176 0 0 W : [1 T0 .s] [SP FRAME TX] arp req,vif_idx:0 sender:[1c:79:2d:20:62:97 192.168.3.167]receiver:[00:00:00:00:00:00 192.168.3.145]
01-01 08:01:43.177 0 0 W : [1 T0 .s] [SP FRAME TX] arp req,vif_idx:0 sender:[1c:79:2d:20:62:97 192.168.3.167]receiver:[00:00:00:00:00:00 192.168.3.155]
01-01 08:01:43.178 0 0 W : [1 T0 .s] [SP FRAME TX] arp req,vif_idx:0 sender:[1c:79:2d:20:62:97 192.168.3.167]receiver:[00:00:00:00:00:00 192.168.3.159]
01-01 08:01:43.180 0 0 W : [1 T0 .s] [SP FRAME TX] arp req,vif_idx:0 sender:[1c:79:2d:20:62:97 192.168.3.167]receiver:[00:00:00:00:00:00 192.168.3.160]
01-01 08:01:43.182 0 0 W : [1 T0 .s] [SP FRAME TX] arp req,vif_idx:0 sender:[1c:79:2d:20:62:97 192.168.3.167]receiver:[00:00:00:00:00:00 192.168.3.210]
01-01 08:01:43.183 0 0 W : [1 T0 .s] [SP FRAME TX] arp req,vif_idx:0 sender:[1c:79:2d:20:62:97 192.168.3.167]receiver:[00:00:00:00:00:00 192.168.3.224]
01-01 08:01:43.400 0 0 W : [1 T0 .s] [SP FRAME TX] arp req,vif_idx:0 sender:[1c:79:2d:20:62:97 192.168.3.167]receiver:[00:00:00:00:00:00 192.168.3.246]
05-23 16:13:26.734 732 732 D HDMI : [R]: 04:8F
05-23 16:13:26.735 732 910 D HDMI : [S]: 40:90:00
01-01 08:01:43.869 0 0 W : [2 T948 ..] [SP FRAME RX] arp rsp,vif_idx:0 sender:[28:48:e7:f0:76:bd 192.168.3.210]receiver:[1c:79:2d:20:62:97 192.168.3.167]
01-01 08:01:43.870 0 0 W : [2 T948 ..] [SP FRAME RX] arp rsp,vif_idx:0 sender:[28:48:e7:f0:76:bd 192.168.3.210]receiver:[1c:79:2d:20:62:97 192.168.3.167]
01-01 08:01:43.872 0 0 W : [2 T948 ..] [SP FRAME RX] arp rsp,vif_idx:0 sender:[28:48:e7:f0:76:bd 192.168.3.210]receiver:[1c:79:2d:20:62:97 192.168.3.167]
01-01 08:01:43.873 0 0 W : [2 T948 ..] [SP FRAME RX] arp req,vif_idx:0 sender:[52:f1:78:5e:2c:3c 192.168.3.117]receiver:[00:00:00:00:00:00 192.168.3.167]
01-01 08:01:43.875 0 0 W : [2 T948 ..] [SP FRAME TX] arp rsp,vif_idx:0 sender:[1c:79:2d:20:62:97 192.168.3.167]receiver:[52:f1:78:5e:2c:3c 192.168.3.117]
01-01 08:01:44.168 0 0 W : [1 T0 .s] [SP FRAME TX] arp req,vif_idx:0 sender:[1c:79:2d:20:62:97 192.168.3.167]receiver:[00:00:00:00:00:00 192.168.3.122]
01-01 08:01:44.169 0 0 W : [1 T0 .s] [SP FRAME TX] arp req,vif_idx:0 sender:[1c:79:2d:20:62:97 192.168.3.167]receiver:[00:00:00:00:00:00 192.168.3.111]
01-01 08:01:44.170 0 0 W : [1 T0 .s] [SP FRAME TX] arp req,vif_idx:0 sender:[1c:79:2d:20:62:97 192.168.3.167]receiver:[00:00:00:00:00:00 192.168.3.76]
01-01 08:01:44.172 0 0 W : [1 T0 .s] [SP FRAME TX] arp req,vif_idx:0 sender:[1c:79:2d:20:62:97 192.168.3.167]receiver:[00:00:00:00:00:00 192.168.3.74]
01-01 08:01:44.174 0 0 W : [1 T0 .s] [SP FRAME TX] arp req,vif_idx:0 sender:[1c:79:2d:20:62:97 192.168.3.167]receiver:[00:00:00:00:00:00 192.168.3.62]
01-01 08:01:44.175 0 0 W : [1 T0 .s] [SP FRAME TX] arp req,vif_idx:0 sender:[1c:79:2d:20:62:97 192.168.3.167]receiver:[00:00:00:00:00:00 192.168.3.44]
01-01 08:01:44.177 0 0 W : [1 T0 .s] [SP FRAME TX] arp req,vif_idx:0 sender:[1c:79:2d:20:62:97 192.168.3.167]receiver:[00:00:00:00:00:00 192.168.3.16]
01-01 08:01:44.200 0 0 W : [1 T0 .s] [SP FRAME TX] arp req,vif_idx:0 sender:[1c:79:2d:20:62:97 192.168.3.167]receiver:[00:00:00:00:00:00 192.168.3.224]
01-01 08:01:44.201 0 0 W : [1 T0 .s] [SP FRAME TX] arp req,vif_idx:0 sender:[1c:79:2d:20:62:97 192.168.3.167]receiver:[00:00:00:00:00:00 192.168.3.160]
01-01 08:01:44.202 0 0 W : [1 T0 .s] [SP FRAME TX] arp req,vif_idx:0 sender:[1c:79:2d:20:62:97 192.168.3.167]receiver:[00:00:00:00:00:00 192.168.3.159]
01-01 08:01:44.204 0 0 W : [1 T0 .s] [SP FRAME TX] arp req,vif_idx:0 sender:[1c:79:2d:20:62:97 192.168.3.167]receiver:[00:00:00:00:00:00 192.168.3.155]
01-01 08:01:44.206 0 0 W : [1 T0 .s] [SP FRAME TX] arp req,vif_idx:0 sender:[1c:79:2d:20:62:97 192.168.3.167]receiver:[00:00:00:00:00:00 192.168.3.145]
01-01 08:01:44.424 0 0 W : [1 T0 .s] [SP FRAME TX] arp req,vif_idx:0 sender:[1c:79:2d:20:62:97 192.168.3.167]receiver:[00:00:00:00:00:00 192.168.3.246]
01-01 08:01:44.897 0 0 W : [2 T948 ..] [SP FRAME RX] arp rsp,vif_idx:0 sender:[4c:44:5b:65:15:71 192.168.3.139]receiver:[1c:79:2d:20:62:97 192.168.3.167]
01-01 08:01:45.192 0 0 W : [1 T1699 .s] [SP FRAME TX] arp req,vif_idx:0 sender:[1c:79:2d:20:62:97 192.168.3.167]receiver:[00:00:00:00:00:00 192.168.3.16]
01-01 08:01:45.193 0 0 W : [1 T1699 .s] [SP FRAME TX] arp req,vif_idx:0 sender:[1c:79:2d:20:62:97 192.168.3.167]receiver:[00:00:00:00:00:00 192.168.3.44]
01-01 08:01:45.194 0 0 W : [1 T1699 .s] [SP FRAME TX] arp req,vif_idx:0 sender:[1c:79:2d:20:62:97 192.168.3.167]receiver:[00:00:00:00:00:00 192.168.3.62]
01-01 08:01:45.196 0 0 W : [1 T1699 .s] [SP FRAME TX] arp req,vif_idx:0 sender:[1c:79:2d:20:62:97 192.168.3.167]receiver:[00:00:00:00:00:00 192.168.3.74]
01-01 08:01:45.198 0 0 W : [1 T1699 .s] [SP FRAME TX] arp req,vif_idx:0 sender:[1c:79:2d:20:62:97 192.168.3.167]receiver:[00:00:00:00:00:00 192.168.3.76]
01-01 08:01:45.199 0 0 W : [1 T1699 .s] [SP FRAME TX] arp req,vif_idx:0 sender:[1c:79:2d:20:62:97 192.168.3.167]receiver:[00:00:00:00:00:00 192.168.3.111]
01-01 08:01:45.201 0 0 W : [1 T1699 .s] [SP FRAME TX] arp req,vif_idx:0 sender:[1c:79:2d:20:62:97 192.168.3.167]receiver:[00:00:00:00:00:00 192.168.3.122]
01-01 08:01:45.224 0 0 W : [1 T0 .s] [SP FRAME TX] arp req,vif_idx:0 sender:[1c:79:2d:20:62:97 192.168.3.167]receiver:[00:00:00:00:00:00 192.168.3.145]
01-01 08:01:45.225 0 0 W : [1 T0 .s] [SP FRAME TX] arp req,vif_idx:0 sender:[1c:79:2d:20:62:97 192.168.3.167]receiver:[00:00:00:00:00:00 192.168.3.155]
01-01 08:01:45.226 0 0 W : [1 T0 .s] [SP FRAME TX] arp req,vif_idx:0 sender:[1c:79:2d:20:62:97 192.168.3.167]receiver:[00:00:00:00:00:00 192.168.3.159]
01-01 08:01:45.228 0 0 W : [1 T0 .s] [SP FRAME TX] arp req,vif_idx:0 sender:[1c:79:2d:20:62:97 192.168.3.167]receiver:[00:00:00:00:00:00 192.168.3.160]
01-01 08:01:45.230 0 0 W : [1 T0 .s] [SP FRAME TX] arp req,vif_idx:0 sender:[1c:79:2d:20:62:97 192.168.3.167]receiver:[00:00:00:00:00:00 192.168.3.224]
01-01 08:01:45.452 0 0 W : [1 T0 .s] [SP FRAME TX] arp req,vif_idx:0 sender:[1c:79:2d:20:62:97 192.168.3.167]receiver:[00:00:00:00:00:00 192.168.3.246]
01-01 08:01:45.553 0 0 W : [2 T948 ..] [SP FRAME RX] arp rsp,vif_idx:0 sender:[8a:1f:74:6a:5e:8c 192.168.3.159]receiver:[1c:79:2d:20:62:97 192.168.3.167]
05-23 16:13:28.842 296 3094 I keystore2: system/security/keystore2/src/watchdog.rs:319 - Watchdog thread idle -> terminating. Have a great day.
01-01 08:01:46.216 0 0 W : [1 T0 .s] [SP FRAME TX] arp req,vif_idx:0 sender:[1c:79:2d:20:62:97 192.168.3.167]receiver:[00:00:00:00:00:00 192.168.3.122]
01-01 08:01:46.217 0 0 W : [1 T0 .s] [SP FRAME TX] arp req,vif_idx:0 sender:[1c:79:2d:20:62:97 192.168.3.167]receiver:[00:00:00:00:00:00 192.168.3.111]
01-01 08:01:46.218 0 0 W : [1 T0 .s] [SP FRAME TX] arp req,vif_idx:0 sender:[1c:79:2d:20:62:97 192.168.3.167]receiver:[00:00:00:00:00:00 192.168.3.76]
01-01 08:01:46.220 0 0 W : [1 T0 .s] [SP FRAME TX] arp req,vif_idx:0 sender:[1c:79:2d:20:62:97 192.168.3.167]receiver:[00:00:00:00:00:00 192.168.3.74]
01-01 08:01:46.221 0 0 W : [1 T0 .s] [SP FRAME TX] arp req,vif_idx:0 sender:[1c:79:2d:20:62:97 192.168.3.167]receiver:[00:00:00:00:00:00 192.168.3.62]
01-01 08:01:46.223 0 0 W : [1 T0 .s] [SP FRAME TX] arp req,vif_idx:0 sender:[1c:79:2d:20:62:97 192.168.3.167]receiver:[00:00:00:00:00:00 192.168.3.44]
01-01 08:01:46.225 0 0 W : [1 T0 .s] [SP FRAME TX] arp req,vif_idx:0 sender:[1c:79:2d:20:62:97 192.168.3.167]receiver:[00:00:00:00:00:00 192.168.3.16]
01-01 08:01:46.248 0 0 W : [1 T0 .s] [SP FRAME TX] arp req,vif_idx:0 sender:[1c:79:2d:20:62:97 192.168.3.167]receiver:[00:00:00:00:00:00 192.168.3.224]
01-01 08:01:46.249 0 0 W : [1 T0 .s] [SP FRAME TX] arp req,vif_idx:0 sender:[1c:79:2d:20:62:97 192.168.3.167]receiver:[00:00:00:00:00:00 192.168.3.160]
01-01 08:01:46.250 0 0 W : [1 T0 .s] [SP FRAME TX] arp req,vif_idx:0 sender:[1c:79:2d:20:62:97 192.168.3.167]receiver:[00:00:00:00:00:00 192.168.3.155]
01-01 08:01:46.252 0 0 W : [1 T0 .s] [SP FRAME TX] arp req,vif_idx:0 sender:[1c:79:2d:20:62:97 192.168.3.167]receiver:[00:00:00:00:00:00 192.168.3.145]
01-01 08:01:46.476 0 0 W : [1 T0 .s] [SP FRAME TX] arp req,vif_idx:0 sender:[1c:79:2d:20:62:97 192.168.3.167]receiver:[00:00:00:00:00:00 192.168.3.246]
01-01 08:01:47.244 0 0 W : [1 T0 .s] [SP FRAME TX] arp req,vif_idx:0 sender:[1c:79:2d:20:62:97 192.168.3.167]receiver:[00:00:00:00:00:00 192.168.3.16]
01-01 08:01:47.245 0 0 W : [1 T0 .s] [SP FRAME TX] arp req,vif_idx:0 sender:[1c:79:2d:20:62:97 192.168.3.167]receiver:[00:00:00:00:00:00 192.168.3.44]
01-01 08:01:47.246 0 0 W : [1 T0 .s] [SP FRAME TX] arp req,vif_idx:0 sender:[1c:79:2d:20:62:97 192.168.3.167]receiver:[00:00:00:00:00:00 192.168.3.62]
01-01 08:01:47.248 0 0 W : [1 T0 .s] [SP FRAME TX] arp req,vif_idx:0 sender:[1c:79:2d:20:62:97 192.168.3.167]receiver:[00:00:00:00:00:00 192.168.3.74]
01-01 08:01:47.250 0 0 W : [1 T0 .s] [SP FRAME TX] arp req,vif_idx:0 sender:[1c:79:2d:20:62:97 192.168.3.167]receiver:[00:00:00:00:00:00 192.168.3.76]
01-01 08:01:47.251 0 0 W : [1 T0 .s] [SP FRAME TX] arp req,vif_idx:0 sender:[1c:79:2d:20:62:97 192.168.3.167]receiver:[00:00:00:00:00:00 192.168.3.111]
01-01 08:01:47.253 0 0 W : [1 T0 .s] [SP FRAME TX] arp req,vif_idx:0 sender:[1c:79:2d:20:62:97 192.168.3.167]receiver:[00:00:00:00:00:00 192.168.3.122]
01-01 08:01:47.253 0 0 W : [2 T948 ..] [SP FRAME RX] arp rsp,vif_idx:0 sender:[92:db:66:cf:2c:a6 192.168.3.16]receiver:[1c:79:2d:20:62:97 192.168.3.167]
01-01 08:01:47.256 0 0 W : [2 T948 ..] [SP FRAME RX] arp rsp,vif_idx:0 sender:[f2:4a:2e:d3:35:12 192.168.3.62]receiver:[1c:79:2d:20:62:97 192.168.3.167]
01-01 08:01:47.261 0 0 W : [2 T948 ..] [SP FRAME RX] arp rsp,vif_idx:0 sender:[22:37:89:bd:91:59 192.168.3.74]receiver:[1c:79:2d:20:62:97 192.168.3.167]
01-01 08:01:47.262 0 0 W : [2 T948 ..] [SP FRAME RX] arp rsp,vif_idx:0 sender:[e6:6e:3e:02:16:7f 192.168.3.76]receiver:[1c:79:2d:20:62:97 192.168.3.167]
01-01 08:01:47.264 0 0 W : [2 T948 ..] [SP FRAME RX] arp rsp,vif_idx:0 sender:[9a:da:f3:3d:bb:2f 192.168.3.111]receiver:[1c:79:2d:20:62:97 192.168.3.167]
01-01 08:01:47.265 0 0 W : [2 T948 ..] [SP FRAME RX] arp rsp,vif_idx:0 sender:[42:0a:1e:f7:73:55 192.168.3.122]receiver:[1c:79:2d:20:62:97 192.168.3.167]
01-01 08:01:47.276 0 0 W : [1 T0 .s] [SP FRAME TX] arp req,vif_idx:0 sender:[1c:79:2d:20:62:97 192.168.3.167]receiver:[00:00:00:00:00:00 192.168.3.145]
01-01 08:01:47.277 0 0 W : [1 T0 .s] [SP FRAME TX] arp req,vif_idx:0 sender:[1c:79:2d:20:62:97 192.168.3.167]receiver:[00:00:00:00:00:00 192.168.3.155]
01-01 08:01:47.278 0 0 W : [1 T0 .s] [SP FRAME TX] arp req,vif_idx:0 sender:[1c:79:2d:20:62:97 192.168.3.167]receiver:[00:00:00:00:00:00 192.168.3.160]
01-01 08:01:47.280 0 0 W : [1 T0 .s] [SP FRAME TX] arp req,vif_idx:0 sender:[1c:79:2d:20:62:97 192.168.3.167]receiver:[00:00:00:00:00:00 192.168.3.224]
01-01 08:01:47.288 0 0 W : [2 T948 ..] [SP FRAME RX] arp rsp,vif_idx:0 sender:[2a:42:6e:3a:be:da 192.168.3.145]receiver:[1c:79:2d:20:62:97 192.168.3.167]
01-01 08:01:47.289 0 0 W : [2 T948 ..] [SP FRAME RX] arp rsp,vif_idx:0 sender:[92:b7:69:04:a0:27 192.168.3.155]receiver:[1c:79:2d:20:62:97 192.168.3.167]
01-01 08:01:47.302 0 0 W : [2 T948 ..] [SP FRAME RX] arp rsp,vif_idx:0 sender:[f4:d1:08:0f:dd:13 192.168.3.160]receiver:[1c:79:2d:20:62:97 192.168.3.167]
01-01 08:01:47.303 0 0 W : [2 T948 ..] [SP FRAME RX] arp rsp,vif_idx:0 sender:[0e:cc:85:fa:1d:7c 192.168.3.224]receiver:[1c:79:2d:20:62:97 192.168.3.167]
01-01 08:01:47.496 0 0 W : [1 T0 .s] [SP FRAME TX] arp req,vif_idx:0 sender:[1c:79:2d:20:62:97 192.168.3.167]receiver:[00:00:00:00:00:00 192.168.3.246]
01-01 08:01:47.561 0 0 W : [2 T948 ..] [SP FRAME RX] arp rsp,vif_idx:0 sender:[2a:75:65:ec:7a:29 192.168.3.246]receiver:[1c:79:2d:20:62:97 192.168.3.167]
01-01 08:01:48.264 0 0 W : [1 T0 .s] [SP FRAME TX] arp req,vif_idx:0 sender:[1c:79:2d:20:62:97 192.168.3.167]receiver:[00:00:00:00:00:00 192.168.3.44]
01-01 08:01:49.288 0 0 W : [1 T0 .s] [SP FRAME TX] arp req,vif_idx:0 sender:[1c:79:2d:20:62:97 192.168.3.167]receiver:[00:00:00:00:00:00 192.168.3.44]
05-23 16:13:32.912 732 833 D OomAdjuster: Not killing cached processes
01-01 08:01:50.139 0 0 W : [2 T948 ..] [SP FRAME RX] arp rsp,vif_idx:0 sender:[8a:1f:74:6a:5e:8c 192.168.3.159]receiver:[1c:79:2d:20:62:97 192.168.3.167]
01-01 08:01:50.277 0 0 W : [2 T948 ..] [SP FRAME RX] arp req,vif_idx:0 sender:[28:7b:11:70:68:8f 192.168.3.53]receiver:[00:00:00:00:00:00 192.168.3.167]
01-01 08:01:50.278 0 0 W : [2 T948 ..] [SP FRAME TX] arp rsp,vif_idx:0 sender:[1c:79:2d:20:62:97 192.168.3.167]receiver:[28:7b:11:70:68:8f 192.168.3.53]
01-01 08:01:50.586 0 0 W : [2 T948 ..] [SP FRAME RX] arp rsp,vif_idx:0 sender:[8a:1f:74:6a:5e:8c 192.168.3.159]receiver:[1c:79:2d:20:62:97 192.168.3.167]
01-01 08:01:52.488 0 0 W : [2 T948 ..] [SP FRAME RX] arp req,vif_idx:0 sender:[e2:03:00:92:54:eb 192.168.3.45]receiver:[00:00:00:00:00:00 192.168.3.167]
01-01 08:01:52.489 0 0 W : [2 T948 ..] [SP FRAME TX] arp rsp,vif_idx:0 sender:[1c:79:2d:20:62:97 192.168.3.167]receiver:[e2:03:00:92:54:eb 192.168.3.45]
01-01 08:01:52.985 0 0 W : [1 T948 ..] [SP FRAME RX] arp req,vif_idx:0 sender:[22:2b:f8:c2:9b:dc 192.168.3.215]receiver:[00:00:00:00:00:00 192.168.3.167]
01-01 08:01:52.986 0 0 W : [1 T948 ..] [SP FRAME TX] arp rsp,vif_idx:0 sender:[1c:79:2d:20:62:97 192.168.3.167]receiver:[22:2b:f8:c2:9b:dc 192.168.3.215]
01-01 08:01:54.114 0 0 W : [1 T948 ..] [SP FRAME RX] arp req,vif_idx:0 sender:[32:08:ae:4d:23:4b 192.168.3.154]receiver:[00:00:00:00:00:00 192.168.3.167]
01-01 08:01:54.115 0 0 W : [1 T948 ..] [SP FRAME TX] arp rsp,vif_idx:0 sender:[1c:79:2d:20:62:97 192.168.3.167]receiver:[32:08:ae:4d:23:4b 192.168.3.154]
01-01 08:01:56.248 0 0 W : [1 T948 ..] [SP FRAME RX] arp req,vif_idx:0 sender:[2a:7f:53:39:7b:19 192.168.3.88]receiver:[00:00:00:00:00:00 192.168.3.167]
01-01 08:01:56.249 0 0 W : [1 T948 ..] [SP FRAME TX] arp rsp,vif_idx:0 sender:[1c:79:2d:20:62:97 192.168.3.167]receiver:[2a:7f:53:39:7b:19 192.168.3.88]
05-23 16:13:39.737 732 815 D OomAdjuster: Not killing cached processes
05-23 16:13:39.738 732 815 W ProcessStats: Tracking association SourceState{1ebb351 com.ktcp.video:daemon/10077 Fgs #499} whose proc state 3 is better than process ProcessState{3283533 com.ktcp.video/10077 pkg=com.ktcp.video} proc state 10 (1 skipped)
05-23 16:13:46.646 732 764 D OomAdjuster: Not killing cached processes
01-01 08:02:22.312 0 0 W : [2 T1678 ..] [aml_send_sync_trace 4388] sync token[25236]
01-01 08:02:22.312 0 0 W : [2 T1678 ..] >>> aml_send_msg()
01-01 08:02:22.313 0 0 W : [3 T947 ..] ipc_sdio_host_msgack_handler 00000000d4f1f8e1
01-01 08:02:22.313 0 0 W : [3 T947 ..] [aml_msgackind 2038] msg ack hostid=0xffffff80797eeb80
01-01 08:02:22.314 0 0 W : [3 T947 ..] [cmd_mgr_llind 329] cmd tkn[35] flags:0008 result: -4 cmd: 105-MM_SYNC_TRACE - reqcfm( 0-none)
01-01 08:02:22.316 0 0 W : [3 T947 ..] [cmd_complete 65] cmd tkn[35] flags:0000 result: -4 cmd: 105-MM_SYNC_TRACE - reqcfm( 0-none)
05-23 16:14:06.313 732 732 V HotPlugDetectionAction: Poll all devices.
05-23 16:14:06.651 732 815 D OomAdjuster: Not killing cached processes
05-23 16:14:06.651 732 815 W ProcessStats: Tracking association SourceState{1ebb351 com.ktcp.video:daemon/10077 Fgs #502} whose proc state 3 is better than process ProcessState{3283533 com.ktcp.video/10077 pkg=com.ktcp.video} proc state 10 (2 skipped)
05-23 16:14:06.710 732 732 D HdmiCecController: [P]:AllocatedAddress=[0]
01-01 08:02:25.313 0 0 I [1 T86 ..] input: Dangbei as /devices/virtual/misc/uhid/0005:000D:3838.0001/input/input9
01-01 08:02:25.314 0 0 I [1 T86 ..] input: Dangbei Consumer Control as /devices/virtual/misc/uhid/0005:000D:3838.0001/input/input11
01-01 08:02:25.321 0 0 I : [1 T86 ..] hid-generic 0005:000D:3838.0001: input,hidraw0: BLUETOOTH HID v0.00 Keyboard [Dangbei] on 1c:79:2d:20:62:98
01-01 08:02:25.349 0 0 W : [2 T1016 ..] [aml_android_priv_ioctl 128] vif idx=0 cmd=BTCOEXSCAN-START
01-01 08:02:25.349 0 0 W : [2 T1016 ..] [aml_android_priv_ioctl 152] not support id=22
01-01 08:02:25.357 0 0 W : [2 T1016 ..] [aml_android_priv_ioctl 128] vif idx=0 cmd=BTCOEXSCAN-START
01-01 08:02:25.357 0 0 W : [2 T1016 ..] [aml_android_priv_ioctl 152] not support id=22
05-23 16:14:09.773 732 807 W WindowManager: [addWindow] title:
05-23 16:14:09.775 732 807 D CompatibilityChangeReporter: Compat change id reported: 168419799; UID 1000; state: DISABLED
05-23 16:14:09.775 732 807 D CompatibilityChangeReporter: Compat change id reported: 273564678; UID 1000; state: DISABLED
05-23 16:14:09.784 732 807 D CoreBackPreview: Window{a5d70ca u0 com.dangbei.leard.leradlauncher}: Setting back callback OnBackInvokedCallbackInfo{mCallback=android.window.IOnBackInvokedCallback$Stub$Proxy@c8b3eb1, mPriority=0, mIsAnimationCallback=false}
05-23 16:14:09.840 732 807 D CompatibilityChangeReporter: Compat change id reported: 214016041; UID 1000; state: ENABLED
05-23 16:14:09.840 732 807 D CompatibilityChangeReporter: Compat change id reported: 214016041; UID 1000; state: DISABLED
05-23 16:14:09.879 732 754 W ContextImpl: Calling a method in the system process without a qualified user: android.app.ContextImpl.startService:1899 com.android.server.wm.DisplayPolicy.lambda$focusChangedLw$5:2126 com.android.server.wm.DisplayPolicy.$r8$lambda$Znxk63oh-WzVnzo_WQefN7uxV48:0 com.android.server.wm.DisplayPolicy$$ExternalSyntheticLambda13.run:0 android.os.Handler.handleCallback:958
05-23 16:14:10.843 732 1458 W BatteryExternalStatsWorker: error reading Bluetooth stats: 11
05-23 16:14:12.881 732 754 D HdmiControlService: Process pid: 732 is calling oneTouchPlay.
05-23 16:14:12.881 732 732 D HDMI : oneTouchPlay com.android.server.hdmi.OneTouchPlayAction@66e4c88
05-23 16:14:12.882 732 910 D HDMI : [S]: 40:0D
05-23 16:14:12.882 732 732 D HDMI : setActiveSource logical:0x04 physical:0x3000 OneTouchPlayAction#broadcastActiveSource()
05-23 16:14:12.885 732 732 D HDMI : ActiveSourceHistoryRecord active source=(0x04, 0x3000) isActiveSource=true from=OneTouchPlayAction#broadcastActiveSource()
05-23 16:14:12.885 732 732 D HDMI : setActiveSource logical:0x04 physical:0x3000 ActiveSourceAction
05-23 16:14:12.885 957 1021 D WindowManagerShell: TvPipMenuController: closeMenu()
05-23 16:14:12.886 957 1021 I WindowManagerShell: TvPipMenuController: switchToMenuMode: setting mCurrentMenuMode=MODE_NO_MENU, mPrevMenuMode=MODE_NO_MENU
05-23 16:14:12.886 732 753 D AutofillManagerService: Close system dialogs
05-23 16:14:12.888 732 732 D HDMI : ActiveSourceHistoryRecord active source=(0x04, 0x3000) isActiveSource=true from=ActiveSourceAction
05-23 16:14:12.889 732 732 D HdmiControlService: Switching to full volume behavior
05-23 16:14:12.891 732 754 D CompatibilityChangeReporter: Compat change id reported: 265464455; UID 1000; state: DISABLED
05-23 16:14:12.892 732 754 D CompatibilityChangeReporter: Compat change id reported: 265452344; UID 1000; state: DISABLED
05-23 16:14:12.892 732 754 D CompatibilityChangeReporter: Compat change id reported: 266124927; UID 1000; state: DISABLED
05-23 16:14:12.892 732 754 D CompatibilityChangeReporter: Compat change id reported: 265451093; UID 1000; state: DISABLED
05-23 16:14:12.893 732 754 D CompatibilityChangeReporter: Compat change id reported: 265456536; UID 1000; state: DISABLED
05-23 16:14:12.893 732 754 D CompatibilityChangeReporter: Compat change id reported: 255940284; UID 1000; state: DISABLED
05-23 16:14:12.893 732 754 D CompatibilityChangeReporter: Compat change id reported: 236283604; UID 1000; state: DISABLED
05-23 16:14:12.894 732 754 D CompatibilityChangeReporter: Compat change id reported: 263959004; UID 1000; state: DISABLED
05-23 16:14:12.894 732 732 D HdmiControlService: Switching to full volume behavior
05-23 16:14:12.894 732 754 D CompatibilityChangeReporter: Compat change id reported: 264304459; UID 1000; state: DISABLED
05-23 16:14:12.894 732 754 D CompatibilityChangeReporter: Compat change id reported: 264301586; UID 1000; state: DISABLED
05-23 16:14:12.894 732 754 D CompatibilityChangeReporter: Compat change id reported: 254631730; UID 1000; state: DISABLED
05-23 16:14:12.895 732 754 D CompatibilityChangeReporter: Compat change id reported: 273509367; UID 1000; state: DISABLED
05-23 16:14:12.895 732 754 D CompatibilityChangeReporter: Compat change id reported: 263259275; UID 1000; state: DISABLED
05-23 16:14:12.895 732 754 D CompatibilityChangeReporter: Compat change id reported: 174042980; UID 1000; state: DISABLED
05-23 16:14:12.895 732 754 D CompatibilityChangeReporter: Compat change id reported: 174042936; UID 1000; state: DISABLED
05-23 16:14:12.896 732 754 D CompatibilityChangeReporter: Compat change id reported: 181136395; UID 1000; state: DISABLED
05-23 16:14:12.897 732 754 D CompatibilityChangeReporter: Compat change id reported: 194480991; UID 1000; state: ENABLED
05-23 16:14:12.901 732 754 D CompatibilityChangeReporter: Compat change id reported: 197654537; UID 1000; state: DISABLED
05-23 16:14:12.905 732 754 I ActivityTaskManager: START u0 {act=android.intent.action.MAIN cat=[android.intent.category.HOME] flg=0x10000100 cmp=com.dangbei.leard.leradlauncher/com.dangbei.launcher.home.LauncherActivity (has extras)} with LAUNCH_SINGLE_TASK from uid 0 (BAL_ALLOW_ALLOWLISTED_UID) result code=3
05-23 16:14:12.920 732 756 D OomAdjuster: Not killing cached processes
05-23 16:14:12.963 732 910 D HDMI : [S]: 4F:82:30:00
05-23 16:14:13.091 732 910 D HDMI : [S]: 40:8E:00
05-23 16:14:13.195 732 910 D HDMI : [S]: 45:70:30:00
05-23 16:14:13.306 732 910 E HDMI : [1]:Failed to send 45:70:30:00 with errorCode=1
05-23 16:14:13.306 732 910 D HDMI : [S]: 40:8F
05-23 16:14:13.494 732 732 D HDMI : [R]: 04:90:00
05-23 16:14:13.494 732 732 D HDMI : One touch play is done for TV's power is ready
05-23 16:14:13.495 732 732 D HDMI : setActiveSource logical:0x04 physical:0x3000 ActiveSourceAction
05-23 16:14:13.496 732 910 D HDMI : [S]: 4F:82:30:00
05-23 16:14:13.497 732 732 D HDMI : ActiveSourceHistoryRecord active source=(0x04, 0x3000) isActiveSource=true from=ActiveSourceAction
05-23 16:14:13.498 732 732 D HdmiControlService: Switching to full volume behavior
05-23 16:14:13.627 732 910 D HDMI : [S]: 40:8E:00
01-01 08:02:32.712 0 0 W : [3 T1016 ..] [aml_android_priv_ioctl 128] vif idx=0 cmd=BTCOEXSCAN-START
01-01 08:02:32.712 0 0 W : [3 T1016 ..] [aml_android_priv_ioctl 152] not support id=22
05-23 16:14:16.009 1093 1093 W ContextImpl: Calling a method in the system process without a qualified user: android.app.ContextImpl.startActivity:1102 android.content.ContextWrapper.startActivity:436 com.droidlogic.btpair.DialogBluetoothService$1.onReceive:248 android.app.LoadedApk$ReceiverDispatcher$Args.lambda$getRunnable$0:1811 android.app.LoadedApk$ReceiverDispatcher$Args.$r8$lambda$gDuJqgxY6Zb-ifyeubKeivTLAwk:0
05-23 16:14:16.009 1093 1093 W ContextImpl: Calling a method in the system process without a qualified user: android.app.ContextImpl.startActivity:1114 android.app.ContextImpl.startActivity:1103 android.content.ContextWrapper.startActivity:436 com.droidlogic.btpair.DialogBluetoothService$1.onReceive:248 android.app.LoadedApk$ReceiverDispatcher$Args.lambda$getRunnable$0:1811
05-23 16:14:16.011 732 956 I ActivityTaskManager: START u0 {flg=0x10000000 cmp=com.android.tv.settings/.accessories.AddAccessoryActivity (has extras)} with LAUNCH_MULTIPLE from uid 1000 result code=-92 --------- beginning of crash
05-23 16:14:16.012 1093 1093 E AndroidRuntime: FATAL EXCEPTION: main
05-23 16:14:16.012 1093 1093 E AndroidRuntime: Process: com.droidlogic, PID: 1093
05-23 16:14:16.012 1093 1093 E AndroidRuntime: java.lang.RuntimeException: Error receiving broadcast Intent { act=android.bluetooth.device.action.BOND_STATE_CHANGED flg=0x10 (has extras) } in com.droidlogic.btpair.DialogBluetoothService$1@9705d4a
05-23 16:14:16.012 1093 1093 E AndroidRuntime: at android.app.LoadedApk$ReceiverDispatcher$Args.lambda$getRunnable$0(LoadedApk.java:1819)
05-23 16:14:16.012 1093 1093 E AndroidRuntime: at android.app.LoadedApk$ReceiverDispatcher$Args.$r8$lambda$gDuJqgxY6Zb-ifyeubKeivTLAwk(Unknown Source:0)
05-23 16:14:16.012 1093 1093 E AndroidRuntime: at android.app.LoadedApk$ReceiverDispatcher$Args$$ExternalSyntheticLambda0.run(Unknown Source:2)
05-23 16:14:16.012 1093 1093 E AndroidRuntime: at android.os.Handler.handleCallback(Handler.java:958)
05-23 16:14:16.012 1093 1093 E AndroidRuntime: at android.os.Handler.dispatchMessage(Handler.java:99)
05-23 16:14:16.012 1093 1093 E AndroidRuntime: at android.os.Looper.loopOnce(Looper.java:205)
05-23 16:14:16.012 1093 1093 E AndroidRuntime: at android.os.Looper.loop(Looper.java:294)
05-23 16:14:16.012 1093 1093 E AndroidRuntime: at android.app.ActivityThread.main(ActivityThread.java:8255)
05-23 16:14:16.012 1093 1093 E AndroidRuntime: at java.lang.reflect.Method.invoke(Native Method)
05-23 16:14:16.012 1093 1093 E AndroidRuntime: at com.android.internal.os.RuntimeInit$MethodAndArgsCaller.run(RuntimeInit.java:552)
05-23 16:14:16.012 1093 1093 E AndroidRuntime: at com.android.internal.os.ZygoteInit.main(ZygoteInit.java:978)
05-23 16:14:16.012 1093 1093 E AndroidRuntime: Caused by: android.content.ActivityNotFoundException: Unable to find explicit activity class {com.android.tv.settings/com.android.tv.settings.accessories.AddAccessoryActivity}; have you declared this activity in your AndroidManifest.xml, or does your intent not match its declared ?
05-23 16:14:16.012 1093 1093 E AndroidRuntime: at android.app.Instrumentation.checkStartActivityResult(Instrumentation.java:2236)
05-23 16:14:16.012 1093 1093 E AndroidRuntime: at android.app.Instrumentation.execStartActivity(Instrumentation.java:1878)
05-23 16:14:16.012 1093 1093 E AndroidRuntime: at android.app.ContextImpl.startActivity(ContextImpl.java:1132)
05-23 16:14:16.012 1093 1093 E AndroidRuntime: at android.app.ContextImpl.startActivity(ContextImpl.java:1103)
05-23 16:14:16.012 1093 1093 E AndroidRuntime: at android.content.ContextWrapper.startActivity(ContextWrapper.java:436)
05-23 16:14:16.012 1093 1093 E AndroidRuntime: at com.droidlogic.btpair.DialogBluetoothService$1.onReceive(DialogBluetoothService.java:248)
05-23 16:14:16.012 1093 1093 E AndroidRuntime: at android.app.LoadedApk$ReceiverDispatcher$Args.lambda$getRunnable$0(LoadedApk.java:1811)
05-23 16:14:16.012 1093 1093 E AndroidRuntime: ... 10 more
05-23 16:14:16.018 732 3323 I DropBoxManagerService: add tag=system_app_crash isTagEnabled=true flags=0x2
05-23 16:14:16.045 732 808 I ActivityManager: Process com.droidlogic (pid 1093) has died: pers PER
05-23 16:14:16.045 732 808 W ActivityManager: Scheduling restart of crashed service com.droidlogic/.btpair.AudioVideoDevReconnectService in 0ms for persistent
05-23 16:14:16.045 732 808 W ActivityManager: Scheduling restart of crashed service com.droidlogic/.AiPqService in 0ms for persistent
05-23 16:14:16.045 732 808 W ActivityManager: Scheduling restart of crashed service com.droidlogic/.btpair.DialogBluetoothService in 0ms for persistent
05-23 16:14:16.045 732 808 W ActivityManager: Scheduling restart of crashed service com.droidlogic/.hdmi.HdmiCecService in 0ms for persistent
05-23 16:14:16.045 732 808 W ActivityManager: Scheduling restart of crashed service com.droidlogic/.FrameRateService in 0ms for persistent
05-23 16:14:16.045 732 808 W ActivityManager: Scheduling restart of crashed service com.droidlogic/.audioservice.services.AudioEffectsService in 0ms for persistent
05-23 16:14:16.045 732 808 W ActivityManager: Scheduling restart of crashed service com.droidlogic/.ShutdownService in 0ms for persistent
05-23 16:14:16.046 732 808 W ActivityManager: Scheduling restart of crashed service com.droidlogic/.NtpService in 0ms for persistent
05-23 16:14:16.046 732 808 W ActivityManager: Re-adding persistent process ProcessRecord{e2be2ab 1093:com.droidlogic/1000}
05-23 16:14:16.046 732 808 I ActivityManager: com.droidlogic is exempt from freezer
05-23 16:14:16.047 732 808 D CompatibilityChangeReporter: Compat change id reported: 135634846; UID 1000; state: DISABLED
05-23 16:14:16.049 732 764 E ActivityManager: Restarting service that is not needed: ServiceRecord{a70cf92 u0 com.droidlogic/.AiPqService}
05-23 16:14:16.050 732 764 E ActivityManager: Restarting service that is not needed: ServiceRecord{61dc244 u0 com.droidlogic/.FrameRateService}
05-23 16:14:16.059 732 765 I ActivityManager: Start proc 3326:com.droidlogic/1000 for restart com.droidlogic
05-23 16:14:16.148 732 808 D HDMI : Process pid:3326 is calling addHotplugEventListener
01-01 08:02:33.948 0 0 I [2 T937 ..] [snd-soc]: drc high cut scale set to 0%
01-01 08:02:33.948 0 0 I [2 T937 ..] [snd-soc]: drc low boost scale set to 0%
01-01 08:02:33.949 0 0 I [2 T937 ..] [snd-soc]: drc mode set to RF
01-01 08:02:34.060 0 0 I [0 T937 ..] [snd-soc]: dts_dec_control/0x0
05-23 16:14:17.304 732 764 E ActivityManager: Restarting service that is not needed: ServiceRecord{a70cf92 u0 com.droidlogic/.AiPqService}
05-23 16:14:17.305 732 764 E ActivityManager: Restarting service that is not needed: ServiceRecord{61dc244 u0 com.droidlogic/.FrameRateService}
05-23 16:14:17.308 3326 3326 W ContextImpl: Calling a method in the system process without a qualified user: android.app.ContextImpl.startService:1899 android.content.ContextWrapper.startService:825 com.droidlogic.DroidlogicApplication$1.handleMessage:93 android.os.Handler.dispatchMessage:106 android.os.Looper.loopOnce:205
05-23 16:14:17.322 732 808 D CompatibilityChangeReporter: Compat change id reported: 161145287; UID 1000; state: ENABLED
05-23 16:14:17.323 732 808 D CompatibilityChangeReporter: Compat change id reported: 161145287; UID 1000; state: DISABLED
05-23 16:14:17.359 732 808 D HDMI : addVendorCommandListener 1877008
05-23 16:14:17.400 732 894 D CompatibilityChangeReporter: Compat change id reported: 171306433; UID 1000; state: ENABLED
05-23 16:14:17.400 732 894 D CompatibilityChangeReporter: Compat change id reported: 218533173; UID 1000; state: ENABLED
01-01 08:02:34.181 0 0 I [3 T708 ..] [hdmitx: ] hdmitx21_audio_mute_op: AUD_UNMUTE path=0x8000000
01-01 08:02:34.181 0 0 I [3 T708 ..] [hdmitx: ] hdmitx21_ext_set_audio_output enable:1
01-01 08:02:34.201 0 0 I [2 T688 ..] [hdmitx: ] hdmitx_audio_notify_callback[804] type:1 rate:0 size:0 chs:0 i2s_ch_mask:0 aud_src_if:0
01-01 08:02:34.202 0 0 E [2 T688 ..] [hdmitx: ] *HDMITX_ERROR* audio chn setting, must be 2, 4, 6 or 8, Rst as def
01-01 08:02:34.203 0 0 I [2 T688 ..] [hdmitx: ] aout notify format CT_PCM
01-01 08:02:34.204 0 0 I [2 T688 ..] [hdmitx: ] set audio
01-01 08:02:34.204 0 0 I [2 T688 ..] [hdmitx: ] audio_param->chs = -1
01-01 08:02:34.205 0 0 I [2 T688 ..] [hdmitx: ] aud_src_if = 0
01-01 08:02:34.205 0 0 I [2 T688 ..] [hdmitx: ] aud_n_para = 5120
01-01 08:02:34.206 0 0 I [2 T688 ..] [hdmitx: ] set audio param
01-01 08:02:34.206 0 0 I [2 T688 ..] [hdmitx: ] hdmitx_audio_notify_callback[804] type:10 rate:3 size:1 chs:2 i2s_ch_mask:1 aud_src_if:0
01-01 08:02:34.208 0 0 I [2 T688 ..] [hdmitx: ] aout notify format CT_DOLBY_D
01-01 08:02:34.209 0 0 I [2 T688 ..] [hdmitx: ] set audio
01-01 08:02:34.209 0 0 I [2 T688 ..] [hdmitx: ] audio_param->chs = 1
01-01 08:02:34.210 0 0 I [2 T688 ..] [hdmitx: ] aud_src_if = 0
01-01 08:02:34.210 0 0 I [2 T688 ..] [hdmitx: ] aud_n_para = 20480
01-01 08:02:34.211 0 0 I [2 T688 ..] [hdmitx: ] set audio param
01-01 08:02:34.212 0 0 D [2 T688 ..] [snd-soc]: aml_spdif_fifo_ctrl, bit depth:16, frddr type:1, toddr:type:1
01-01 08:02:35.970 0 0 W : [3 T1016 ..] [aml_android_priv_ioctl 128] vif idx=0 cmd=BTCOEXSCAN-START
01-01 08:02:35.970 0 0 W : [3 T1016 ..] [aml_android_priv_ioctl 152] not support id=22
01-01 08:02:36.322 0 0 I [3 T235 ..] input: Dangbei as /devices/virtual/misc/uhid/0005:000D:3838.0002/input/input12
01-01 08:02:36.324 0 0 I [3 T235 ..] input: Dangbei Consumer Control as /devices/virtual/misc/uhid/0005:000D:3838.0002/input/input14
01-01 08:02:36.327 0 0 I : [3 T235 ..] hid-generic 0005:000D:3838.0002: input,hidraw0: BLUETOOTH HID v0.00 Keyboard [Dangbei] on 1c:79:2d:20:62:98
01-01 08:02:36.334 0 0 W : [3 T1016 ..] [aml_android_priv_ioctl 128] vif idx=0 cmd=BTCOEXSCAN-START
01-01 08:02:36.334 0 0 W : [3 T1016 ..] [aml_android_priv_ioctl 152] not support id=22
01-01 08:02:36.840 0 0 W : [1 T948 ..] [SP FRAME RX] arp req,vif_idx:0 sender:[a2:e3:8f:e4:ff:46 192.168.3.99]receiver:[00:00:00:00:00:00 192.168.3.167]
01-01 08:02:36.841 0 0 W : [1 T948 ..] [SP FRAME TX] arp rsp,vif_idx:0 sender:[1c:79:2d:20:62:97 192.168.3.167]receiver:[a2:e3:8f:e4:ff:46 192.168.3.99]
01-01 08:02:36.904 0 0 W : [1 T0 .s] [SP FRAME TX] arp req,vif_idx:0 sender:[1c:79:2d:20:62:97 192.168.3.167]receiver:[00:00:00:00:00:00 192.168.3.99]
01-01 08:02:37.174 0 0 W : [1 T948 ..] [SP FRAME RX] arp rsp,vif_idx:0 sender:[a2:e3:8f:e4:ff:46 192.168.3.99]receiver:[1c:79:2d:20:62:97 192.168.3.167]
05-23 16:14:22.249 732 956 D CoreBackPreview: Window{a5d70ca u0 com.dangbei.leard.leradlauncher}: Setting back callback null
05-23 16:14:22.258 732 756 V WindowManager: Unknown focus tokens, dropping reportFocusChanged
05-23 16:14:22.304 732 956 D CompatibilityChangeReporter: Compat change id reported: 214016041; UID 1000; state: ENABLED
05-23 16:14:22.305 732 956 D CompatibilityChangeReporter: Compat change id reported: 214016041; UID 1000; state: DISABLED
05-23 16:14:22.357 732 754 W ContextImpl: Calling a method in the system process without a qualified user: android.app.ContextImpl.startService:1899 com.android.server.wm.DisplayPolicy.lambda$focusChangedLw$5:2126 com.android.server.wm.DisplayPolicy.$r8$lambda$Znxk63oh-WzVnzo_WQefN7uxV48:0 com.android.server.wm.DisplayPolicy$$ExternalSyntheticLambda13.run:0 android.os.Handler.handleCallback:958
05-23 16:14:22.358 732 754 D OomAdjuster: Not killing cached processes
05-23 16:14:22.382 732 754 D AutofillManagerService: onBackKeyPressed()
05-23 16:14:22.383 732 754 D AutofillManagerServiceImpl: Reset component for user 0:null
05-23 16:14:22.385 732 754 D AutofillUI: destroySaveUiUiThread(): already destroyed
01-01 08:02:40.345 0 0 W : [1 T948 ..] [SP FRAME RX] arp req,vif_idx:0 sender:[4e:86:42:b2:61:af 192.168.3.177]receiver:[00:00:00:00:00:00 192.168.3.167]
01-01 08:02:40.346 0 0 W : [1 T948 ..] [SP FRAME TX] arp rsp,vif_idx:0 sender:[1c:79:2d:20:62:97 192.168.3.167]receiver:[4e:86:42:b2:61:af 192.168.3.177]
01-01 08:02:41.808 0 0 W : [1 T948 ..] [SP FRAME RX] DHCP[1 0], vif_idx:0
05-23 16:14:25.126 732 840 W ContextImpl: Calling a method in the system process without a qualified user: android.app.ContextImpl.sendBroadcast:1220 com.android.server.policy.PhoneWindowManager.interceptSystemKeysAndShortcuts:3687 com.android.server.policy.PhoneWindowManager.interceptKeyBeforeDispatching:3212 com.android.server.wm.InputManagerCallback.interceptKeyBeforeDispatching:183 com.android.server.input.InputManagerService.interceptKeyBeforeDispatching:2507
05-23 16:14:25.173 732 2913 W WindowManager: [addWindow] title:
05-23 16:14:25.175 732 2913 D CompatibilityChangeReporter: Compat change id reported: 168419799; UID 1000; state: DISABLED
05-23 16:14:25.176 732 2913 D CompatibilityChangeReporter: Compat change id reported: 273564678; UID 1000; state: DISABLED
05-23 16:14:25.188 732 2913 D CoreBackPreview: Window{d21707c u0 com.dangbei.lerad.etna.haqu}: Setting back callback OnBackInvokedCallbackInfo{mCallback=android.window.IOnBackInvokedCallback$Stub$Proxy@ab5d15a, mPriority=0, mIsAnimationCallback=false}
01-01 08:02:41.966 0 0 I [2 T242 ..] servicemanager: Found android.hardware.graphics.allocator.IAllocator/default in device VINTF manifest.
01-01 08:02:41.969 0 0 I [2 T242 ..] servicemanager: Found android.hardware.graphics.allocator.IAllocator/default in device VINTF manifest.
05-23 16:14:25.280 732 754 W ContextImpl: Calling a method in the system process without a qualified user: android.app.ContextImpl.startService:1899 com.android.server.wm.DisplayPolicy.lambda$focusChangedLw$5:2126 com.android.server.wm.DisplayPolicy.$r8$lambda$Znxk63oh-WzVnzo_WQefN7uxV48:0 com.android.server.wm.DisplayPolicy$$ExternalSyntheticLambda13.run:0 android.os.Handler.handleCallback:958
05-23 16:14:26.255 1440 1626 W ContextImpl: Calling a method in the system process without a qualified user: android.app.ContextImpl.startActivity:1102 android.content.ContextWrapper.startActivity:436 com.dangbei.etna.setting.function.side.SideHelper.doSetting:165 com.dangbei.etna.setting.function.side.SideHelper.onMessage:45 com.dangbei.etna.setting.ui.side.view.SideItemView$onClick$1$1.invokeSuspend:82
05-23 16:14:26.255 1440 1626 W ContextImpl: Calling a method in the system process without a qualified user: android.app.ContextImpl.startActivity:1114 android.app.ContextImpl.startActivity:1103 android.content.ContextWrapper.startActivity:436 com.dangbei.etna.setting.function.side.SideHelper.doSetting:165 com.dangbei.etna.setting.function.side.SideHelper.onMessage:45
05-23 16:14:26.259 732 808 D CompatibilityChangeReporter: Compat change id reported: 265464455; UID 1000; state: DISABLED
05-23 16:14:26.260 732 808 D CompatibilityChangeReporter: Compat change id reported: 265452344; UID 1000; state: DISABLED
05-23 16:14:26.260 732 808 D CompatibilityChangeReporter: Compat change id reported: 266124927; UID 1000; state: DISABLED
05-23 16:14:26.260 732 808 D CompatibilityChangeReporter: Compat change id reported: 265451093; UID 1000; state: DISABLED
05-23 16:14:26.261 732 808 D CompatibilityChangeReporter: Compat change id reported: 265456536; UID 1000; state: DISABLED
05-23 16:14:26.261 732 808 D CompatibilityChangeReporter: Compat change id reported: 255940284; UID 1000; state: DISABLED
05-23 16:14:26.261 732 808 D CompatibilityChangeReporter: Compat change id reported: 236283604; UID 1000; state: DISABLED
05-23 16:14:26.262 732 808 D CompatibilityChangeReporter: Compat change id reported: 263959004; UID 1000; state: DISABLED
05-23 16:14:26.262 732 808 D CompatibilityChangeReporter: Compat change id reported: 264304459; UID 1000; state: DISABLED
05-23 16:14:26.263 732 808 D CompatibilityChangeReporter: Compat change id reported: 264301586; UID 1000; state: DISABLED
05-23 16:14:26.263 732 808 D CompatibilityChangeReporter: Compat change id reported: 254631730; UID 1000; state: DISABLED
05-23 16:14:26.263 732 808 D CompatibilityChangeReporter: Compat change id reported: 273509367; UID 1000; state: DISABLED
05-23 16:14:26.263 732 808 D CompatibilityChangeReporter: Compat change id reported: 263259275; UID 1000; state: DISABLED
05-23 16:14:26.264 732 808 D CompatibilityChangeReporter: Compat change id reported: 174042980; UID 1000; state: DISABLED
05-23 16:14:26.264 732 808 D CompatibilityChangeReporter: Compat change id reported: 174042936; UID 1000; state: DISABLED
05-23 16:14:26.264 732 808 D CompatibilityChangeReporter: Compat change id reported: 181136395; UID 1000; state: DISABLED
05-23 16:14:26.277 732 808 D CompatibilityChangeReporter: Compat change id reported: 197654537; UID 1000; state: ENABLED
05-23 16:14:26.279 732 808 V SplashScreenExceptionList: SplashScreen checking exception for package com.dangbei.haqusetting (target sdk:31) -> false
05-23 16:14:26.280 732 808 D CompatibilityChangeReporter: Compat change id reported: 205907456; UID 1000; state: DISABLED
