05-23 16:39:30.844 329 338 I SystemControl: 2160p60hz
05-23 16:39:30.844 329 338 I SystemControl: smpte24hz
05-23 16:39:30.844 329 338 I SystemControl: smpte25hz
05-23 16:39:30.844 329 338 I SystemControl: smpte30hz
05-23 16:39:30.844 329 338 I SystemControl: smpte50hz
05-23 16:39:30.844 329 338 I SystemControl: smpte60hz
05-23 16:39:30.844 329 338 I SystemControl:
05-23 16:39:30.844 551 551 I AudioFlinger: openOutput() this 0xe8340cd0, module 10 Device AUDIO_DEVICE_OUT_HDMI, @:, SamplingRate 0, Format 00000000, Channels 0, flags 0x4001
05-23 16:39:30.845 483 573 D audio_hw_hal_primary: [adev_open_output_stream_new:7868] enter: dev=0xea4c14a0 handle=145 devices=0x400/'HDMI,' flags=0x4001/'DIRECT,MMAP_NOIRQ,' config=(rt=0 ch_mask=0x0 fmt=0x0) address=''
05-23 16:39:30.845 483 573 D audio_hw_hal_primary: adev_open_output_stream_new: enter
05-23 16:39:30.845 483 573 I audio_hw_hal_primary: [adev_open_output_stream:3285] io 325: out:0xea4047f0 dev:OUT_HDMI(0x400) addr:
05-23 16:39:30.845 483 573 I audio_hw_hal_primary: [adev_open_output_stream:3287] ch_mask:0 rate:0 format:DEFAULT(0) flags:0x4001
05-23 16:39:30.845 483 573 I audio_hw_hal_primary: when open aaudio stream, send RUNNING msg to submix & ms12
05-23 16:39:30.845 483 573 W audio_hw_hal_ms12common: aml_set_ms12_scheduler_state sch_state:0 SCHEDULER_RUNNING, ms12 scheduler state not changed.
05-23 16:39:30.845 483 573 I audio_hw_hal_mmap: [outMmapInit:680] stream:0xea4047f0
05-23 16:39:30.845 483 573 I audio_hw_hal_mmap: [dma_buffer_allocate:639] enter
05-23 16:39:30.845 329 338 I SystemControl: [/DisplayMode.cpp, filterHdmiDispcap, 1427] after filtered HdmiDispcap: 480p60hz
05-23 16:39:30.845 329 338 I SystemControl: 720p60hz
05-23 16:39:30.845 329 338 I SystemControl: 1080i60hz
05-23 16:39:30.845 329 338 I SystemControl: 480i60hz
05-23 16:39:30.845 329 338 I SystemControl: 1080p60hz
05-23 16:39:30.845 329 338 I SystemControl: 576p50hz
05-23 16:39:30.845 329 338 I SystemControl: 720p50hz
05-23 16:39:30.845 329 338 I SystemControl: 1080i50hz
05-23 16:39:30.845 329 338 I SystemControl: 576i50hz
05-23 16:39:30.845 329 338 I SystemControl: 1080p50hz
05-23 16:39:30.845 329 338 I SystemControl: 2160p24hz
05-23 16:39:30.845 329 338 I SystemControl: 2160p25hz
05-23 16:39:30.845 329 338 I SystemControl: 2160p30hz
05-23 16:39:30.845 329 338 I SystemControl: 2160p50hz
05-23 16:39:30.845 329 338 I SystemControl: 2160p60hz
05-23 16:39:30.845 329 338 I SystemControl: smpte24hz
05-23 16:39:30.845 329 338 I SystemControl: smpte25hz
05-23 16:39:30.845 329 338 I SystemControl: smpte30hz
05-23 16:39:30.845 329 338 I SystemControl: smpte50hz
05-23 16:39:30.845 329 338 I SystemControl: smpte60hz
05-23 16:39:30.845 329 338 I SystemControl:
05-23 16:39:30.845 483 573 I DMABUFHEAPS: Using DMA-BUF heap named: system-uncached
05-23 16:39:30.845 483 573 I audio_hw_hal_mmap: [dma_buffer_allocate:673] s32DmaFd:25, pu8MmapAddr:0xee0c1000
05-23 16:39:30.845 483 573 I audio_hw_hal_mmap: [mmap_audio_register_client:927] OK ! stream 0xea4047f0, client id 0
05-23 16:39:30.845 483 573 I audio_hw_hal_primary: [adev_open_output_stream:3540] vendor.media.llp 0
05-23 16:39:30.845 483 573 I audio_hw_hal_primary: [adev_open_output_stream:3610] result profile ch_mask:0x3 rate:48000 format:PCM_16_BIT(0x1) usecase:PCM_MMAP
05-23 16:39:30.845 483 573 I audio_hw_hal_utils: aml_get_stream_dump_file_name line 2929 file_name /data/vendor/audiohal/stream_pid483_tid573.pcm
05-23 16:39:30.845 483 573 I audio_hw_hal_primary: [adev_open_output_stream_new:8037] io 325: out: 0xea4047f0 card:0 alsa devices:0 exit ------
05-23 16:39:30.845 304 351 E MesonHwc: getCrtc by id(0) failed.
05-23 16:39:30.845 304 358 D MesonHwc: unbind pipe (0)
05-23 16:39:30.845 304 358 D MesonHwc: bind pipe (0),crtc(63)connector(75)
05-23 16:39:30.845 304 358 D MesonHwc: RealModeMgr::update: nextModeId:135
05-23 16:39:30.846 304 358 D MesonHwc: RealModeMgr::update use previous mode (4096x2160-60.00)
05-23 16:39:30.846 304 358 D MesonHwc: updatePipe connector:HDMI-A, connected:1
05-23 16:39:30.846 304 358 D MesonHwc: Update period 1107a76->fe502a
05-23 16:39:30.846 304 358 D MesonHwc: Update period 1107a76->fe502a
05-23 16:39:30.846 304 358 D MesonHwc: Update period 1107a76->fe502a
05-23 16:39:30.846 304 358 I MesonHwc: HwcConfig::default frame buffer size (1920 x 1080)
05-23 16:39:30.846 304 358 D MesonHwc: [setConnectorStatus]: power mode 1
05-23 16:39:30.846 483 573 I audio_hw_hal_primary: [out_get_buffer_size:552] out:0xea4047f0 config.rate=48000, format:PCM_16_BIT(0x1), stream format:PCM_16_BIT(0x1)
05-23 16:39:30.847 551 6748 I AudioFlinger: AudioFlinger's thread 0xe24c24a0 tid=6748 ready to run
05-23 16:39:30.847 304 358 D MesonHwc: Update composition MultiplanesWithDiComposition -> MultiplanesWithDiComposition
05-23 16:39:30.847 304 358 D MesonHwc: getSupportedContentTypes: DrmConnector HDMI-A get supported content type 1
05-23 16:39:30.847 304 358 D MesonHwc: getSupportedContentTypes: DrmConnector HDMI-A get supported content type 2
05-23 16:39:30.847 304 358 D MesonHwc: getSupportedContentTypes: DrmConnector HDMI-A get supported content type 3
05-23 16:39:30.847 304 358 D MesonHwc: getSupportedContentTypes: DrmConnector HDMI-A get supported content type 4
05-23 16:39:30.847 304 358 D MesonHwc: [setPendingMode] pending modes vector empty
05-23 16:39:30.847 304 358 D MesonHwc: displayID:0, On hot plug: [Plug in]
05-23 16:39:30.847 304 358 D MesonHwc: ModePolicy handle hotplug:1
05-23 16:39:30.847 304 358 V MesonDisplayServer: GetDisplayMode:dummy_l
05-23 16:39:30.847 304 358 I MesonHwc: getDisplayMode mode:dummy_l
05-23 16:39:30.847 304 351 D MesonDisplayServer: getDisplayAttribute "Dolby Vision CAP2": "The Rx don't support DolbyVision"
05-23 16:39:30.848 329 338 E SystemControl: [/DisplayMode.cpp, getHdmiDvCap, 1618] TV isn't support dolby vision: The Rx don't support DolbyVision
05-23 16:39:30.848 329 338 I SystemControl: [/DisplayMode.cpp, onTxEvent, 3294] onTxEvent boot config enable do nothing, just return
05-23 16:39:30.848 329 932 I SystemControl: [/Ubootenv.cpp, get, 336] [ubootenv] get key:hdr_preferred_policy envValue: 0
05-23 16:39:30.848 304 358 D MesonHwc: get key:ubootenv.var.hdr_preferred_policy value:0
05-23 16:39:30.848 483 573 I audio_hw_hal_profile: [out_get_parameters:2092] out:0xea4047f0 query channels. Format:PCM_16_BIT(0x1) ++++++++++ hal_format:PCM_16_BIT
05-23 16:39:30.848 304 358 I MesonHwc: getPreferredHdrStrategy is 0
05-23 16:39:30.848 483 573 D audio_hw_hal_profile: get_hdmi_sink_cap_new is running...
05-23 16:39:30.848 329 932 I SystemControl: [/Ubootenv.cpp, get, 336] [ubootenv] get key:user_hdr_type envValue: 3
05-23 16:39:30.848 304 358 D MesonHwc: get key:ubootenv.var.user_hdr_type value:3
05-23 16:39:30.848 304 358 D MesonHwc: allowedHdrType 0x3
05-23 16:39:30.848 483 573 D audio_hw_hal_profile: [get_hdmi_sink_cap_new:887] query hdmi channels... format: PCM_16_BIT(0x1)
05-23 16:39:30.848 483 573 I audio_hw_hal_profile: [out_get_parameters:2165] sup_channels=AUDIO_CHANNEL_OUT_STEREO
05-23 16:39:30.848 304 358 D MesonDisplayServer: getDisplayAttribute "Dolby Vision CAP2": "The Rx don't support DolbyVision"
05-23 16:39:30.848 304 358 D MesonHwc: hdr_policy:follow sink hdr_priority:HDR10_HLG priority outHdrConversionType:2
05-23 16:39:30.848 304 358 D MesonHwc: set key:ubootenv.var.hdr_policy value:0
05-23 16:39:30.848 329 932 I SystemControl: [/Ubootenv.cpp, updateValue, 68] [ubootenv] update value name [ubootenv.var.hdr_policy]: value [0]
05-23 16:39:30.848 329 932 I SystemControl: [/Ubootenv.cpp, get, 336] [ubootenv] get key:hdr_policy envValue: 0
05-23 16:39:30.848 304 358 D MesonHwc: set key:ubootenv.var.hdr_priority value:268435472
05-23 16:39:30.849 329 932 I SystemControl: [/Ubootenv.cpp, updateValue, 68] [ubootenv] update value name [ubootenv.var.hdr_priority]: value [268435472]
05-23 16:39:30.849 329 932 I SystemControl: [/Ubootenv.cpp, get, 336] [ubootenv] get key:hdr_priority envValue: 268435472
05-23 16:39:30.849 329 932 I SystemControl: [/Ubootenv.cpp, get, 345] [ubootenv] search end and not find env:user_colorattribute
05-23 16:39:30.849 551 551 D AudioFlinger: closing mmapThread 0xe24c24a0
05-23 16:39:30.849 304 358 D MesonHwc: sc_read_bootenv val is empty
05-23 16:39:30.849 304 358 I MesonHwc: isbestColorspace:1
05-23 16:39:30.849 304 358 V MesonDisplayServer: GetDisplayMode:dummy_l
05-23 16:39:30.849 304 358 I MesonHwc: getDisplayMode mode:dummy_l
05-23 16:39:30.849 551 551 D AudioFlinger: mmapThread exit()
05-23 16:39:30.849 329 932 I SystemControl: [/Ubootenv.cpp, get, 336] [ubootenv] get key:hdmimode envValue: smpte60hz
05-23 16:39:30.850 304 358 D MesonHwc: get key:ubootenv.var.hdmimode value:smpte60hz
05-23 16:39:30.850 329 932 I SystemControl: [/Ubootenv.cpp, get, 336] [ubootenv] get key:cvbsmode envValue: 576cvbs
05-23 16:39:30.850 304 358 D MesonHwc: get key:ubootenv.var.cvbsmode value:576cvbs
05-23 16:39:30.850 304 358 I MesonHwc: hdmi_current_mode:dummy_l, ubootenv hdmimode:smpte60hz cvbsmode:576cvbs
05-23 16:39:30.850 483 573 I audio_hw_hal_primary: [adev_close_output_stream_new:8052] io handle 325: out:0xea4047f0
05-23 16:39:30.850 483 573 D audio_hw_hal_primary: adev_close_output_stream_new: enter usecase = PCM_MMAP
05-23 16:39:30.850 483 573 I audio_hw_hal_primary: [adev_close_output_stream:3695] io 325: out:0xea4047f0 dev:OUT_HDMI(0x400) flags:0x4001, usecase:PCM_MMAP
05-23 16:39:30.850 483 573 D audio_hw_hal_primary: [out_standby_new:5767] io 325: out:0xea4047f0 usecase:PCM_MMAP
05-23 16:39:30.850 483 573 I audio_hw_hal_primary: already standby, do nothing
05-23 16:39:30.850 329 932 I SystemControl: [/Ubootenv.cpp, get, 345] [ubootenv] search end and not find env:user_colorattribute
05-23 16:39:30.850 483 573 I audio_hw_hal_mmap: [outMmapDeInit:743] stream:0xea4047f0
05-23 16:39:30.850 483 573 I audio_hw_hal_mmap: [mmap_audio_unregister_client:955] OK ! stream 0xea4047f0, client id 0
05-23 16:39:30.850 304 358 D MesonHwc: sc_read_bootenv val is empty
05-23 16:39:30.850 304 358 I MesonHwc: ubootenv_colorattribute:none
05-23 16:39:30.850 483 573 I audio_hw_hal_primary: when close aaudio stream, send STANDBY msg to submix & ms12
05-23 16:39:30.850 329 932 I SystemControl: [/Ubootenv.cpp, get, 345] [ubootenv] search end and not find env:dv_enable
05-23 16:39:30.850 483 573 I audio_hw_hal_ms12common: aml_set_ms12_scheduler_state ms12_scheduler_state:1, sch_state:1 SCHEDULER_STANDBY is sent to ms12
05-23 16:39:30.850 483 573 I audio_hw_hal_resourcemgr: [is_output_device_muted:710] device:0x2 port_mute:1, fade_mute:1
05-23 16:39:30.850 304 358 D MesonHwc: sc_read_bootenv val is empty
05-23 16:39:30.850 483 573 E audio_route: unable to find path 'speaker_fadein'
05-23 16:39:30.850 304 358 E MesonHwc: dolby vision driver is not ready
05-23 16:39:30.850 483 573 I audio_hw_hal_resourcemgr: [set_output_device_mute:690] device:0x2 mute:0 port_mute:0 using_fade:1
05-23 16:39:30.850 304 358 I MesonHwc: dv_enable:0
05-23 16:39:30.850 483 573 I audio_hw_hal_primary: [adev_close_output_stream:3863] io 325: out:0xea4047f0 exit ------
05-23 16:39:30.850 329 932 I SystemControl: [/Ubootenv.cpp, get, 345] [ubootenv] search end and not find env:user_prefer_dv_type
05-23 16:39:30.850 304 358 D MesonHwc: sc_read_bootenv val is empty
05-23 16:39:30.850 304 358 E MesonHwc: dolby vision driver is not ready
05-23 16:39:30.850 304 358 I MesonHwc: ubootenv_dv_type:0
05-23 16:39:30.851 304 358 D MesonDisplayServer: getDisplayAttribute "Dolby Vision CAP2": "The Rx don't support DolbyVision"
05-23 16:39:30.851 304 358 E MesonHwc: TV isn't support dv: The Rx don't support DolbyVision
05-23 16:39:30.851 551 551 I AudioFlinger: openOutput() this 0xe8340cd0, module 10 Device AUDIO_DEVICE_OUT_HDMI, @:, SamplingRate 48000, Format 0x000001, Channels 0x3, flags 0x4001
05-23 16:39:30.851 329 932 I SystemControl: [/Ubootenv.cpp, get, 345] [ubootenv] search end and not find env:hdr_force_mode
05-23 16:39:30.851 304 358 D MesonHwc: sc_read_bootenv val is empty
05-23 16:39:30.851 304 358 I MesonHwc: get hdr force mode is [2]
05-23 16:39:30.851 329 932 I SystemControl: [/Ubootenv.cpp, get, 336] [ubootenv] get key:hdr_policy envValue: 0
05-23 16:39:30.851 304 358 D MesonHwc: get key:ubootenv.var.hdr_policy value:0
05-23 16:39:30.851 304 358 I MesonHwc: get uboot HdrStrategy is [0]
05-23 16:39:30.851 483 2779 D audio_hw_hal_primary: [adev_open_output_stream_new:7868] enter: dev=0xea4c14a0 handle=14d devices=0x400/'HDMI,' flags=0x4001/'DIRECT,MMAP_NOIRQ,' config=(rt=48000 ch_mask=0x3 fmt=0x1) address=''
05-23 16:39:30.851 483 2779 D audio_hw_hal_primary: adev_open_output_stream_new: enter
05-23 16:39:30.851 329 932 I SystemControl: [/Ubootenv.cpp, get, 336] [ubootenv] get key:hdr_priority envValue: 268435472
05-23 16:39:30.851 483 2779 I audio_hw_hal_primary: [adev_open_output_stream:3285] io 333: out:0xea4040c0 dev:OUT_HDMI(0x400) addr:
05-23 16:39:30.851 483 2779 I audio_hw_hal_primary: [adev_open_output_stream:3287] ch_mask:0x3 rate:48000 format:PCM_16_BIT(0x1) flags:0x4001
05-23 16:39:30.851 483 2779 I audio_hw_hal_primary: when open aaudio stream, send RUNNING msg to submix & ms12
05-23 16:39:30.851 304 358 D MesonHwc: get key:ubootenv.var.hdr_priority value:268435472
05-23 16:39:30.851 304 358 I MesonHwc: getHdrPriority is [HDR10_HLG priority]
05-23 16:39:30.851 483 2779 D audio_hw_hal_ms12v2: set_dolby_ms12_continuous_state audio_continuous_standby_set status 0
05-23 16:39:30.851 304 358 I MesonHwc: get uboot HdrPriority is [HDR10_HLG priority]
05-23 16:39:30.851 304 358 I MesonHwc: hdr_policy:follow sink, hdr_priority :HDR10_HLG priority, hdr_force_mode:2
05-23 16:39:30.851 483 2779 D audio_hw_hal_continuous_standby: audio_continuous_standby_set, type 0, params 0
05-23 16:39:30.851 483 2779 I audio_hw_hal_ms12common: aml_set_ms12_scheduler_state ms12_scheduler_state:0, sch_state:0 SCHEDULER_RUNNING is sent to ms12
05-23 16:39:30.851 483 2779 I audio_hw_hal_mmap: [outMmapInit:680] stream:0xea4040c0
05-23 16:39:30.851 483 2779 I audio_hw_hal_mmap: [dma_buffer_allocate:639] enter
05-23 16:39:30.851 304 358 E MesonHwc: dolby vision driver is not ready
05-23 16:39:30.851 483 2779 I DMABUFHEAPS: Using DMA-BUF heap named: system-uncached
05-23 16:39:30.851 304 358 D MesonDisplayServer: getDisplayAttribute "Dolby Vision CAP2": "The Rx don't support DolbyVision"
05-23 16:39:30.851 483 2779 I audio_hw_hal_mmap: [dma_buffer_allocate:673] s32DmaFd:25, pu8MmapAddr:0xee0c1000
05-23 16:39:30.851 483 2779 I audio_hw_hal_mmap: [mmap_audio_register_client:927] OK ! stream 0xea4040c0, client id 0
05-23 16:39:30.851 483 2779 I audio_hw_hal_primary: [adev_open_output_stream:3540] vendor.media.llp 0
05-23 16:39:30.851 329 932 I SystemControl: [/Ubootenv.cpp, get, 345] [ubootenv] search end and not find env:hdr_resolution_priority
05-23 16:39:30.851 304 358 D MesonHwc: sc_read_bootenv val is empty
05-23 16:39:30.852 329 932 I SystemControl: [/Ubootenv.cpp, get, 345] [ubootenv] search end and not find env:user_prefer_dv_type
05-23 16:39:30.852 304 358 D MesonHwc: sc_read_bootenv val is empty
05-23 16:39:30.852 304 358 E MesonHwc: dolby vision driver is not ready
05-23 16:39:30.852 304 358 I MesonHwc: ubootenv_dv_type:0
05-23 16:39:30.852 304 358 I MesonHwc: display sink type:1 [0:none, 1:sink, 2:repeater]
05-23 16:39:30.851 483 2779 I audio_hw_hal_primary: [adev_open_output_stream:3610] result profile ch_mask:0x3 rate:48000 format:PCM_16_BIT(0x1) usecase:PCM_MMAP
05-23 16:39:30.852 304 358 D MesonHwc: hdmi get mDcCap 420,12bit
05-23 16:39:30.852 304 358 D MesonHwc: 420,10bit
05-23 16:39:30.852 304 358 D MesonHwc: 420,8bit
05-23 16:39:30.852 304 358 D MesonHwc: 444,12bit
05-23 16:39:30.852 304 358 D MesonHwc: 444,10bit
05-23 16:39:30.852 304 358 D MesonHwc: 444,8bit
05-23 16:39:30.852 304 358 D MesonHwc: 422,12bit
05-23 16:39:30.852 304 358 D MesonHwc: rgb,12bit
05-23 16:39:30.852 304 358 D MesonHwc: rgb,10bit
05-23 16:39:30.852 304 358 D MesonHwc: rgb,8bit
05-23 16:39:30.852 483 2779 I audio_hw_hal_utils: aml_get_stream_dump_file_name line 2929 file_name /data/vendor/audiohal/stream_pid483_tid2779.pcm
05-23 16:39:30.852 304 358 V MesonDisplayServer: GetDisplayMode:dummy_l
05-23 16:39:30.852 483 2779 I audio_hw_hal_primary: [adev_open_output_stream_new:8037] io 333: out: 0xea4040c0 card:0 alsa devices:0 exit ------
05-23 16:39:30.852 304 358 I MesonHwc: getDisplayMode mode:dummy_l
05-23 16:39:30.852 329 932 I SystemControl: [/Ubootenv.cpp, get, 345] [ubootenv] search end and not find env:framerate_priority
05-23 16:39:30.852 304 358 D MesonHwc: sc_read_bootenv val is empty
05-23 16:39:30.852 329 932 I SystemControl: [/Ubootenv.cpp, get, 336] [ubootenv] get key:hdmimode envValue: smpte60hz
05-23 16:39:30.853 304 358 D MesonHwc: get key:ubootenv.var.hdmimode value:smpte60hz
05-23 16:39:30.853 329 932 I SystemControl: [/Ubootenv.cpp, get, 336] [ubootenv] get key:is.bestmode envValue: false
05-23 16:39:30.853 304 358 D MesonHwc: get key:ubootenv.var.is.bestmode value:false
05-23 16:39:30.853 304 358 I MesonDisplay: [/mode_policy.c, meson_mode_set_policy, 1177] connector:0 to policy:8
05-23 16:39:30.853 304 358 I MesonDisplay: [/mode_policy.c, is_dv_prefer, 66] not prefer dv, hdr_priority:10000010
05-23 16:39:30.853 304 358 I MesonDisplay: [/mode_policy.c, is_dv_prefer, 66] not prefer dv, hdr_priority:10000010
05-23 16:39:30.853 304 358 I MesonDisplay: [/mode_policy.c, hdr_scene_process, 724] policy:8 is_bestcolorspace:1 state:1
05-23 16:39:30.853 304 358 I MesonDisplay: [/mode_policy_parser.c, is_support_hdmimode, 110] is_support_hdmimode mode: smpte60hz
05-23 16:39:30.853 304 358 D MesonDisplay: meson_write /sys/class/amhdmitx/amhdmitx0/valid_mode, outputmode:smpte60hz420,10bit
05-23 16:39:30.853 304 358 D MesonDisplay: valid mode is true!
05-23 16:39:30.853 304 358 I MesonDisplay: [/mode_policy.c, hdr_scene_process, 860] hdr_scene_process mode:[smpte60hz], color format:[420,10bit]
05-23 16:39:30.853 304 358 I MesonDisplay: [/mode_policy.c, meson_mode_get_policy_output, 1289] final_displaymode:smpte60hz, final_deepcolor:420,10bit, amdv_type:0
05-23 16:39:30.853 329 932 I SystemControl: [/Ubootenv.cpp, get, 336] [ubootenv] get key:hdr_preferred_policy envValue: 0
05-23 16:39:30.853 483 573 I audio_hw_hal_primary: [out_get_buffer_size:552] out:0xea4040c0 config.rate=48000, format:PCM_16_BIT(0x1), stream format:PCM_16_BIT(0x1)
05-23 16:39:30.853 304 358 D MesonHwc: get key:ubootenv.var.hdr_preferred_policy value:0
05-23 16:39:30.854 551 6750 I AudioFlinger: AudioFlinger's thread 0xe24c24a0 tid=6750 ready to run
05-23 16:39:30.856 304 358 I MesonHwc: getPreferredHdrStrategy is 0
05-23 16:39:30.858 304 358 I MesonHwc: check_hdr_mode mode:smpte60hz outHdrConversionType:HDR10 support:1
05-23 16:39:30.858 304 358 I MesonHwc: quiescent_mode is 0
05-23 16:39:30.858 329 932 I SystemControl: [/Ubootenv.cpp, get, 336] [ubootenv] get key:frac_rate_policy envValue: 0
05-23 16:39:30.858 304 358 D MesonHwc: get key:ubootenv.var.frac_rate_policy value:0
05-23 16:39:30.858 304 358 I MesonHwc: get uenv frc policy is 0 and current value is 0
05-23 16:39:30.858 304 358 I MesonHwc: cur frac_rate_policy is equals
05-23 16:39:30.858 304 358 D MesonDisplayServer: use connector getDisplayAttribute "HDMI Color ATTR": "420,10bit"
05-23 16:39:30.858 304 358 I MesonHwc: curDeepcolor[420,10bit] final_deepcolor[420,10bit]
05-23 16:39:30.858 304 358 I MesonHwc: cur deepcolor is equals
05-23 16:39:30.859 304 358 D MesonDisplayServer: getDisplayAttribute "HDR Policy": "0"
05-23 16:39:30.859 304 358 I MesonHwc: cur hdr policy:0
05-23 16:39:30.859 304 358 D MesonDisplayServer: getDisplayAttribute "FORCE HDR Mode": "0"
05-23 16:39:30.859 304 358 I MesonHwc: cur hdr force mode:0
05-23 16:39:30.859 304 358 D MesonDisplayServer: getDisplayAttribute "Dolby Vision Mode": "usage: echo mode > /sys/class/amdolby_vision/dv_mode AMDV_OUTPUT_MODE_BYPASS 0 AMDV_OUTPUT_MODE_IPT 1 AMDV_OUTPUT_MODE_IPT_TUNNEL 2 AMDV_OUTPUT_MODE_HDR10 3 AMDV_OUTPUT_MODE_SDR10 4 AMDV_OUTPUT_MODE_SDR8 5current dv_mode = off"
05-23 16:39:30.859 304 358 D MesonDisplayServer: getDisplayAttribute "Dolby Vision Policy": "0"
05-23 16:39:30.859 304 358 I MesonHwc: cur dv policy:0
05-23 16:39:30.791 329 329 I systemcontrol: type=1400 audit(0.0:1125): avc: denied { call } for scontext=u:r:system_control:s0 tcontext=u:r:hal_oemlock_default:s0 tclass=binder permissive=1
05-23 16:39:30.791 329 329 I systemcontrol: type=1400 audit(0.0:1126): avc: denied { call } for scontext=u:r:system_control:s0 tcontext=u:r:mediacodec:s0 tclass=binder permissive=1
01-01 08:27:37.719 0 0 I [1 T358 ..] vc: [0]get capability: min 64 64; max 4096 2160
01-01 08:27:37.720 0 0 I [1 T358 ..] vc: [1]get capability: min 64 64; max 2048 1080
01-01 08:27:37.735 0 0 I [1 T358 ..] [hdmitx: ] avmute_store 1
05-23 16:39:30.860 275 275 E Scheduler: trackPendingFrame: Invalid present fence
05-23 16:39:30.860 329 932 I SystemControl: [/Ubootenv.cpp, get, 345] [ubootenv] search end and not find env:hdr_force_mode
05-23 16:39:30.860 304 358 D MesonHwc: sc_read_bootenv val is empty
05-23 16:39:30.861 304 358 I MesonHwc: get hdr force mode is [2]
05-23 16:39:30.861 329 932 I SystemControl: [/Ubootenv.cpp, get, 336] [ubootenv] get key:hdr_policy envValue: 0
05-23 16:39:30.861 304 358 D MesonHwc: get key:ubootenv.var.hdr_policy value:0
05-23 16:39:30.861 304 358 I MesonHwc: get uboot HdrStrategy is [0]
05-23 16:39:30.861 304 358 E MesonHwc: dolby vision driver is not ready
05-23 16:39:30.861 304 358 D MesonDisplayServer: use connector getDisplayAttribute "HDR Priority": "268435472"
05-23 16:39:30.861 304 358 I MesonHwc: getCurrentHdrPriority is [HDR10_HLG priority]
05-23 16:39:30.861 483 2749 I audio_hw_hal_primary: [out_set_volume:1406] out:0xea4040c0 left:1.000000 continuous:1 internal_format:PCM_16_BIT dolby:0 direct pcm:1 mmap_pcm:1
05-23 16:39:30.861 329 932 I SystemControl: [/Ubootenv.cpp, get, 336] [ubootenv] get key:hdr_priority envValue: 268435472
05-23 16:39:30.861 304 358 D MesonHwc: get key:ubootenv.var.hdr_priority value:268435472
05-23 16:39:30.861 304 358 I MesonHwc: getHdrPriority is [HDR10_HLG priority]
05-23 16:39:30.861 304 358 I MesonHwc: get uboot HdrPriority is [HDR10_HLG priority]
05-23 16:39:30.861 304 358 D MesonDisplayServer: getDisplayAttribute "Dolby Vision Enable": "N"
05-23 16:39:30.861 304 358 D MesonDisplayServer: getDisplayAttribute "Dolby Vision LL Policy": "0"
05-23 16:39:30.861 304 358 I MesonHwc: curDvMode 0, want DvMode 0
05-23 16:39:30.862 304 358 E MesonHwc: dolby vision driver is not ready
05-23 16:39:30.862 304 358 I MesonHwc: cur DvMode is equals
05-23 16:39:30.862 304 358 V MesonDisplayServer: GetDisplayMode:dummy_l
05-23 16:39:30.862 304 358 I MesonHwc: getDisplayMode mode:dummy_l
05-23 16:39:30.862 304 358 I MesonHwc: curMode:[dummy_l] ,final_displaymode[smpte60hz]
05-23 16:39:30.862 304 358 I MesonHwc: curmode:dummy_l, tmpMode:dummy_l, outputmode:smpte60hz
05-23 16:39:30.862 304 358 I MesonHwc: connector not ready
05-23 16:39:30.862 304 358 I MesonHwc: setSysfsStr /sys/devices/virtual/amhdmitx/amhdmitx0/avmute= 1
05-23 16:39:30.862 304 358 I MesonDisplay: [/HDCPTxAuth.cpp, stopVerAll, 344] hdcp_tx 2.2 & 1.4 stop hdcp pwr
05-23 16:39:30.862 304 358 E MesonDisplay: open /sys/class/amhdmitx/amhdmitx0/hdcp_pwr fail. Error info [No such file or directory]
05-23 16:39:30.862 3411 3434 E OpenGLRenderer: Unable to match the desired swap behavior.
05-23 16:39:30.867 551 551 I AudioFlinger: openOutput() this 0xe8340cd0, module 10 Device AUDIO_DEVICE_OUT_HDMI, @:, SamplingRate 44100, Format 0xe000000, Channels 0x1, flags 0x11
05-23 16:39:30.870 483 2749 I audio_hw_hal_primary: [adev_set_parameters:4123] dev:0xea4c14a0, kv: screen_state=on
05-23 16:39:30.870 483 2749 D audio_hw_hal_hfp: [audio_extn_hfp_set_parameters:739] audio_extn_hfp_set_parameters
05-23 16:39:30.870 483 2749 E audio_route: unable to find path 'speaker_fadein'
05-23 16:39:30.870 483 2749 I audio_hw_hal_resourcemgr: [set_output_device_mute:690] device:0x2 mute:0 port_mute:0 using_fade:1
05-23 16:39:30.870 483 2749 I audio_hw_hal_primary: adev_set_parameters : screen_state=on pthread_cond_broadcast
05-23 16:39:30.875 483 483 D audio_hw_hal_primary: [adev_open_output_stream_new:7868] enter: dev=0xea4c14a0 handle=155 devices=0x400/'HDMI,' flags=0x11/'DIRECT,COMPRESS_OFFLOAD,' config=(rt=44100 ch_mask=0x1 fmt=0xe000000) address=''
05-23 16:39:30.875 483 483 D audio_hw_hal_primary: adev_open_output_stream_new: enter
05-23 16:39:30.875 483 483 I audio_hw_hal_primary: [adev_open_output_stream:3285] io 341: out:0xea4047f0 dev:OUT_HDMI(0x400) addr:
05-23 16:39:30.875 483 483 I audio_hw_hal_primary: [adev_open_output_stream:3287] ch_mask:0x1 rate:44100 format:DOLBY_TRUEHD(0xe000000) flags:0x11
05-23 16:39:30.875 483 483 I audio_hw_hal_primary: adev_open_output_stream: for raw audio output,force alsa stereo output
05-23 16:39:30.875 483 483 I audio_hw_hal_primary: [adev_open_output_stream:3610] result profile ch_mask:0x1 rate:44100 format:DOLBY_TRUEHD(0xe000000) usecase:RAW_DIRECT
05-23 16:39:30.875 483 483 I audio_hw_hal_utils: aml_get_stream_dump_file_name line 2929 file_name /data/vendor/audiohal/stream_pid483_tid483.mlp
05-23 16:39:30.875 483 483 I audio_hw_hal_primary: [adev_open_output_stream_new:8037] io 341: out: 0xea4047f0 card:0 alsa devices:0 exit ------
05-23 16:39:30.876 483 483 I audio_hw_hal_primary: [out_get_buffer_size:552] out:0xea4047f0 config.rate=44100, format:DOLBY_TRUEHD(0xe000000), stream format:DOLBY_TRUEHD(0xe000000)
05-23 16:39:30.876 551 551 I AudioFlinger: HAL output buffer size 16384 frames, normal sink buffer size 16384 frames
05-23 16:39:30.877 483 483 I audio_hw_hal_primary: [audiohal_get_latency:1333] io 341: out:0xea4047f0 frames:1152 rate:44100 whole_latency:26 alsa_latency:26
05-23 16:39:30.877 275 275 E Scheduler: trackPendingFrame: Invalid present fence
05-23 16:39:30.877 483 483 I audio_hw_hal_primary: [out_set_event_callback:3158] io 341: out:0xea4047f0, callback:0xec24c91d cookie:0xecc405b0
05-23 16:39:30.878 483 483 I audio_hw_hal_primary: [audiohal_get_latency:1333] io 341: out:0xea4047f0 frames:1280 rate:44100 whole_latency:29 alsa_latency:29
05-23 16:39:30.878 483 483 I audio_hw_hal_primary: [audiohal_get_latency:1333] io 341: out:0xea4047f0 frames:1280 rate:44100 whole_latency:29 alsa_latency:29
05-23 16:39:30.878 551 6753 I AudioFlinger: AudioFlinger's thread 0xe2698370 tid=6753 ready to run
05-23 16:39:30.879 551 6753 D AudioFlinger: ro.audio.silent is ignored since no output device is set
05-23 16:39:30.879 492 502 D hdmicecd: [CEC]:printCecMessage, [4 -> 4] len: 0, body:, result:no ack
05-23 16:39:30.881 732 732 E SensorManager: sensor or listener is null
05-23 16:39:30.885 732 732 D FastPairService: onReceive: ACTION_SCREEN_ON
05-23 16:39:30.885 732 732 V FastPairService: invalidateScan: scan is disabled
05-23 16:39:30.885 732 732 E NearbyManager: Cannot stop scan with this callback because it is never registered.
01-01 08:27:37.772 0 0 W : [1 T1016 ..] >>> aml_cfg80211_set_power_mgmt()
01-01 08:27:37.772 0 0 W : [1 T1016 ..] [aml_send_me_set_ps_mode 2111] set power save mode:0
01-01 08:27:37.772 0 0 W : [1 T1016 ..] >>> aml_send_msg()
01-01 08:27:37.775 0 0 W : [3 T947 ..] ipc_sdio_host_msgack_handler 00000000bb1ac19e
01-01 08:27:37.775 0 0 W : [3 T947 ..] [aml_msgackind 2038] msg ack hostid=0xffffff8027026200
01-01 08:27:37.776 0 0 W : [3 T947 ..] [cmd_mgr_llind 329] cmd tkn[115] flags:001a result: -4 cmd:5139-ME_SET_PS_MODE_REQ - reqcfm(5140-ME_SET_PS_MODE_CFM)
01-01 08:27:37.778 0 0 W : [3 T947 ..] [cmd_mgr_msgind 409] cmd tkn[115] flags:0012 result: -4 cmd:5139-ME_SET_PS_MODE_REQ - reqcfm(5140-ME_SET_PS_MODE_CFM)
01-01 08:27:37.780 0 0 W : [3 T947 ..] [cmd_complete 65] cmd tkn[115] flags:0002 result: -4 cmd:5139-ME_SET_PS_MODE_REQ - reqcfm(5140-ME_SET_PS_MODE_CFM)
01-01 08:27:37.788 0 0 I : [0 T358 ..] [drm] build_hdmitx_attr_str:420,10bit = 3+10
01-01 08:27:37.791 0 0 I : [0 T358 ..] [drm] am_meson_crtc_atomic_disable-[0]:in
01-01 08:27:37.791 0 0 I : [0 T358 ..] dummy_encl_disable finished
01-01 08:27:37.792 0 0 I : [0 T358 ..] [drm] am_meson_crtc_atomic_enable-[0] in: new[smpte60hz], old[dummy_l], vmode[4-4], uboot[0]
01-01 08:27:37.795 0 0 I : [0 T358 ..] [drm] am_meson_crtc_atomic_enable-[0]: enable mode smpte60hz final vmode 0
05-23 16:39:30.895 3326 3326 I AudioVideoDevReconnectService: onReceive:android.intent.action.SCREEN_ON,mWaitForDisconnct:true
05-23 16:39:30.897 551 6753 D AudioFlinger: ro.audio.silent is ignored since no output device is set
05-23 16:39:30.898 497 557 I WifiHAL : wifi_set_latency_mode set to 1
05-23 16:39:30.899 1483 1483 E hq : AdHelper:::StrReceiver onReceive=android.intent.action.SCREEN_ON
05-23 16:39:30.899 2347 2347 I DaemonService: received ACTION_SCREEN_ON----------
05-23 16:39:30.907 304 358 E MesonDisplay: open /sys/class/amhdmitx/amhdmitx0/hdcp_pwr fail. Error info [No such file or directory]
05-23 16:39:30.907 304 358 E MesonDisplay: open /sys/class/amhdmitx/amhdmitx0/hdcp_ctrl fail. Error info [No such file or directory]
05-23 16:39:30.907 304 358 E MesonDisplay: open /sys/class/amhdmitx/amhdmitx0/hdcp_ctrl fail. Error info [No such file or directory]
05-23 16:39:30.909 304 358 I MesonDisplay: [/HDCPTxAuth.cpp, stop, 137] hdcp_tx pthread exit id = 4072653248, (null) done
05-23 16:39:30.910 304 358 I MesonHwc: setDisplayMode mode:smpte60hz
05-23 16:39:30.910 304 358 D MesonDisplayServer: SetDisplay[HDMI] Mode to "smpte60hz"
05-23 16:39:30.910 304 358 D MesonHwc: blankDisplay connectorType:11
05-23 16:39:30.910 304 358 D MesonHwc: [setConnectorStatus]: power mode 2
05-23 16:39:30.910 304 358 D MesonHwc: displayId:0, blank all display planes
05-23 16:39:30.914 275 275 E Scheduler: trackPendingFrame: Invalid present fence
05-23 16:39:30.923 732 753 V WindowManager: Sent Transition #11 createdAt=05-23 16:39:30.754 via request=TransitionRequestInfo { type = 11, triggerTask = null, remoteTransition = null, displayChange = null, flags = 0 }
05-23 16:39:30.925 732 753 V WindowManager: startWCT=WindowContainerTransaction { changes = {} hops = [] errorCallbackToken=null taskFragmentOrganizer=null }
05-23 16:39:30.927 275 275 E Scheduler: trackPendingFrame: Invalid present fence
05-23 16:39:30.929 1483 1483 D FrameWorkHelper: isStrRestart:>>> true
05-23 16:39:30.930 551 551 I AudioFlinger: openOutput() this 0xe8340cd0, module 10 Device AUDIO_DEVICE_OUT_HDMI, @:, SamplingRate 32000, Format 0x9000000, Channels 0x1, flags 0x51
05-23 16:39:30.930 1483 1483 D FrameWorkHelper: resetRestart:
05-23 16:39:30.930 1483 1483 E hq : AdHelper:::str å¼€å¯ï¼Œé‡æ–°èµ°å¹¿å‘Šæµç¨‹
05-23 16:39:30.930 483 483 D audio_hw_hal_primary: [adev_open_output_stream_new:7868] enter: dev=0xea4c14a0 handle=15d devices=0x400/'HDMI,' flags=0x51/'DIRECT,COMPRESS_OFFLOAD,HW_AV_SYNC,' config=(rt=32000 ch_mask=0x1 fmt=0x9000000) address=''
05-23 16:39:30.930 483 483 D audio_hw_hal_primary: adev_open_output_stream_new: enter
05-23 16:39:30.930 483 483 I audio_hw_hal_primary: [adev_open_output_stream:3285] io 349: out:0xea400740 dev:OUT_HDMI(0x400) addr:
05-23 16:39:30.930 483 483 I audio_hw_hal_primary: [adev_open_output_stream:3287] ch_mask:0x1 rate:32000 format:AC3(0x9000000) flags:0x51
05-23 16:39:30.930 483 483 I audio_hw_hal_primary: adev_open_output_stream: for raw audio output,force alsa stereo output
05-23 16:39:30.930 483 483 D audio_hw_hal_primary: [adev_open_output_stream:3573] format=AC3 rate=32000
05-23 16:39:30.930 483 483 I audio_hw_hal_primary: [adev_open_output_stream:3610] result profile ch_mask:0x1 rate:32000 format:AC3(0x9000000) usecase:RAW_HWSYNC
05-23 16:39:30.930 483 483 I audio_hw_hal_utils: aml_get_stream_dump_file_name line 2929 file_name /data/vendor/audiohal/stream_pid483_tid483.dd
05-23 16:39:30.930 483 483 I audio_hw_hal_primary: [adev_open_output_stream_new:8037] io 349: out: 0xea400740 card:0 alsa devices:0 exit ------
05-23 16:39:30.932 732 753 V WindowManager: info={id=11 t=WAKE f=0x0 trk=0 r=[0@Point(0, 0)] c=[{WCT{RemoteToken{721eb40 Task{68ecb0e #230 type=standard A=1000:com.dangbei.haqusetting}}} m=TO_FRONT f=TRANSLUCENT p=WCT{RemoteToken{2e14633 DefaultTaskDisplayArea@164184600}} leash=Surface(name=Task=230)/@0xf88837d sb=Rect(0, 0 - 1920, 1080) eb=Rect(0, 0 - 1920, 1080) d=0},{WCT{RemoteToken{de3cd5e Task{75a3c30 #1 type=home}}} m=TO_FRONT f=NONE p=WCT{RemoteToken{2e14633 DefaultTaskDisplayArea@164184600}} leash=Surface(name=Task=1)/@0xeda3590 sb=Rect(0, 0 - 1920, 1080) eb=Rect(0, 0 - 1920, 1080) d=0},{WCT{RemoteToken{2e14633 DefaultTaskDisplayArea@164184600}} m=TO_FRONT f=NONE leash=Surface(name=DefaultTaskDisplayArea)/@0xc85c96d sb=Rect(0, 0 - 1920, 1080) eb=Rect(0, 0 - 1920, 1080) d=0}]}
05-23 16:39:30.933 483 2749 I audio_hw_hal_primary: [out_get_buffer_size:552] out:0xea400740 config.rate=32000, format:AC3(0x9000000), stream format:AC3(0x9000000)
05-23 16:39:30.934 551 551 I AudioFlinger: HAL output buffer size 2048 frames, normal sink buffer size 2048 frames
05-23 16:39:30.934 483 2749 I audio_hw_hal_primary: [audiohal_get_latency:1333] io 349: out:0xea400740 frames:1152 rate:32000 whole_latency:36 alsa_latency:36
01-01 08:27:37.800 0 0 I [0 T358 ..] [hdmitx: ] set21_s7d_htxpll_clk_out[96] htxpll vco 3712500 div 1
05-23 16:39:30.935 483 2749 I audio_hw_hal_primary: [out_set_event_callback:3158] io 349: out:0xea400740, callback:0xec24c91d cookie:0xecc40070
05-23 16:39:30.935 551 6754 I AudioFlinger: AudioFlinger's thread 0xe26a0490 tid=6754 ready to run
05-23 16:39:30.936 483 2749 I audio_hw_hal_primary: [audiohal_get_latency:1333] io 349: out:0xea400740 frames:1024 rate:32000 whole_latency:32 alsa_latency:32
05-23 16:39:30.936 483 2749 I audio_hw_hal_primary: [audiohal_get_latency:1333] io 349: out:0xea400740 frames:1024 rate:32000 whole_latency:32 alsa_latency:32
05-23 16:39:30.936 1483 1483 E xxxxxxxxxxxxxxx: onReceive:mIsHDMIPlugged = true
05-23 16:39:30.937 551 6754 D AudioFlinger: ro.audio.silent is ignored since no output device is set
01-01 08:27:37.810 0 0 I [0 T358 ..] [hdmitx: ] pll_od0 = 0, pll_od2 = 0, pll_od1 = 1
01-01 08:27:37.810 0 0 I [0 T358 ..] [hdmitx: ] clocks_set_vid_clk_div_for_hdmi[402] div = 8
01-01 08:27:37.811 0 0 I [0 T358 ..] [hdmitx: ] configure venc
05-23 16:39:30.939 551 6754 D AudioFlinger: ro.audio.silent is ignored since no output device is set
05-23 16:39:30.942 492 502 D hdmicecd: [CEC]:printCecMessage, [4 -> 4] len: 0, body:, result:no ack
01-01 08:27:37.812 0 0 I [0 T358 ..] [hdmitx: ] config_tv_enc_calc[63] vic = 102
01-01 08:27:37.813 0 0 I [0 T358 ..] [hdmitx: ] hdmitx_soft_reset[1261]
01-01 08:27:37.813 0 0 I [0 T358 ..] [hdmitx: ] config hdmitx IP vic = 102 cd:5 cs: 3
01-01 08:27:37.814 0 0 I [0 T358 ..] [hdmitx: ] configure hdmitx21
01-01 08:27:37.819 0 0 I [0 T358 ..] [hdmitx: ] hdmitx_set_dispmode[1527] frl_rate 0 htotal 4400 cs 3 cd 5 h_unstable 0
05-23 16:39:30.947 551 551 I AudioFlinger: openOutput() this 0xe8340cd0, module 10 Device AUDIO_DEVICE_OUT_HDMI, @:, SamplingRate 32000, Format 0x9000000, Channels 0x1, flags 0x1
05-23 16:39:30.947 483 2749 D audio_hw_hal_primary: [adev_open_output_stream_new:7868] enter: dev=0xea4c14a0 handle=165 devices=0x400/'HDMI,' flags=0x1/'DIRECT,' config=(rt=32000 ch_mask=0x1 fmt=0x9000000) address=''
05-23 16:39:30.947 483 2749 D audio_hw_hal_primary: adev_open_output_stream_new: enter
05-23 16:39:30.947 483 2749 I audio_hw_hal_primary: [adev_open_output_stream:3285] io 357: out:0xea403260 dev:OUT_HDMI(0x400) addr:
05-23 16:39:30.947 483 2749 I audio_hw_hal_primary: [adev_open_output_stream:3287] ch_mask:0x1 rate:32000 format:AC3(0x9000000) flags:0x1
05-23 16:39:30.947 483 2749 I audio_hw_hal_primary: adev_open_output_stream: for raw audio output,force alsa stereo output
05-23 16:39:30.947 483 2749 I audio_hw_hal_primary: [adev_open_output_stream:3610] result profile ch_mask:0x1 rate:32000 format:AC3(0x9000000) usecase:RAW_DIRECT
05-23 16:39:30.947 483 2749 I audio_hw_hal_utils: aml_get_stream_dump_file_name line 2929 file_name /data/vendor/audiohal/stream_pid483_tid2749.dd
05-23 16:39:30.947 483 2749 I audio_hw_hal_primary: [adev_open_output_stream_new:8037] io 357: out: 0xea403260 card:0 alsa devices:0 exit ------
05-23 16:39:30.949 957 1021 V WindowManagerShell: onTransitionReady android.os.BinderProxy@e3091f3: {id=11 t=WAKE f=0x0 trk=0 r=[0@Point(0, 0)] c=[{WCT{android.window.IWindowContainerToken$Stub$Proxy@31cb5dc} m=TO_FRONT f=TRANSLUCENT p=WCT{android.window.IWindowContainerToken$Stub$Proxy@6caa6e5} leash=Surface(name=Task=230)/@0xc185eb0 sb=Rect(0, 0 - 1920, 1080) eb=Rect(0, 0 - 1920, 1080) d=0},{WCT{android.window.IWindowContainerToken$Stub$Proxy@d4105ba} m=TO_FRONT f=NONE p=WCT{android.window.IWindowContainerToken$Stub$Proxy@c4a4c6b} leash=Surface(name=Task=1)/@0xf5a2129 sb=Rect(0, 0 - 1920, 1080) eb=Rect(0, 0 - 1920, 1080) d=0},{WCT{android.window.IWindowContainerToken$Stub$Proxy@4ad53c8} m=TO_FRONT f=NONE leash=Surface(name=DefaultTaskDisplayArea)/@0xe30ccae sb=Rect(0, 0 - 1920, 1080) eb=Rect(0, 0 - 1920, 1080) d=0}]}
05-23 16:39:30.949 957 1021 V WindowManagerShell: Playing animation for (#11)android.os.BinderProxy@e3091f3@0
05-23 16:39:30.949 957 1021 V WindowManagerShell: try handler com.android.wm.shell.keyguard.KeyguardTransitionHandler@9798e39
05-23 16:39:30.949 957 1021 V WindowManagerShell: try handler com.android.wm.shell.pip.tv.TvPipTransition@b2d1c7e
05-23 16:39:30.950 957 1021 V WindowManagerShell: try handler com.android.wm.shell.activityembedding.ActivityEmbeddingController@857b5df
05-23 16:39:30.950 957 1021 V WindowManagerShell: try handler com.android.wm.shell.transition.RemoteTransitionHandler@3c922c
05-23 16:39:30.950 957 1021 V WindowManagerShell: Transition doesn't have explicit remote, search filters for match for {id=11 t=WAKE f=0x0 trk=0 r=[0@Point(0, 0)] c=[{WCT{android.window.IWindowContainerToken$Stub$Proxy@31cb5dc} m=TO_FRONT f=TRANSLUCENT p=WCT{android.window.IWindowContainerToken$Stub$Proxy@6caa6e5} leash=Surface(name=Task=230)/@0xc185eb0 sb=Rect(0, 0 - 1920, 1080) eb=Rect(0, 0 - 1920, 1080) d=0},{WCT{android.window.IWindowContainerToken$Stub$Proxy@d4105ba} m=TO_FRONT f=NONE p=WCT{android.window.IWindowContainerToken$Stub$Proxy@c4a4c6b} leash=Surface(name=Task=1)/@0xf5a2129 sb=Rect(0, 0 - 1920, 1080) eb=Rect(0, 0 - 1920, 1080) d=0},{WCT{android.window.IWindowContainerToken$Stub$Proxy@4ad53c8} m=TO_FRONT f=NONE leash=Surface(name=DefaultTaskDisplayArea)/@0xe30ccae sb=Rect(0, 0 - 1920, 1080) eb=Rect(0, 0 - 1920, 1080) d=0}]}
05-23 16:39:30.950 483 2749 I audio_hw_hal_primary: [out_get_buffer_size:552] out:0xea403260 config.rate=32000, format:AC3(0x9000000), stream format:AC3(0x9000000)
05-23 16:39:30.950 957 1021 V WindowManagerShell: Delegate animation for #11 to null
05-23 16:39:30.950 957 1021 V WindowManagerShell: try handler com.android.wm.shell.transition.DefaultTransitionHandler@85bd4f5
05-23 16:39:30.950 957 1021 V WindowManagerShell: start default transition animation, info = {id=11 t=WAKE f=0x0 trk=0 r=[0@Point(0, 0)] c=[{WCT{android.window.IWindowContainerToken$Stub$Proxy@31cb5dc} m=TO_FRONT f=TRANSLUCENT p=WCT{android.window.IWindowContainerToken$Stub$Proxy@6caa6e5} leash=Surface(name=Task=230)/@0xc185eb0 sb=Rect(0, 0 - 1920, 1080) eb=Rect(0, 0 - 1920, 1080) d=0},{WCT{android.window.IWindowContainerToken$Stub$Proxy@d4105ba} m=TO_FRONT f=NONE p=WCT{android.window.IWindowContainerToken$Stub$Proxy@c4a4c6b} leash=Surface(name=Task=1)/@0xf5a2129 sb=Rect(0, 0 - 1920, 1080) eb=Rect(0, 0 - 1920, 1080) d=0},{WCT{android.window.IWindowContainerToken$Stub$Proxy@4ad53c8} m=TO_FRONT f=NONE leash=Surface(name=DefaultTaskDisplayArea)/@0xe30ccae sb=Rect(0, 0 - 1920, 1080) eb=Rect(0, 0 - 1920, 1080) d=0}]}
05-23 16:39:30.950 732 732 D HDMI : receive android.intent.action.SCREEN_ON
05-23 16:39:30.951 957 1021 V WindowManagerShell: Transition animation finished (aborted=false), notifying core (#11)android.os.BinderProxy@e3091f3@0
05-23 16:39:30.952 551 551 I AudioFlinger: HAL output buffer size 2048 frames, normal sink buffer size 2048 frames
05-23 16:39:30.952 483 483 I audio_hw_hal_primary: [audiohal_get_latency:1333] io 357: out:0xea403260 frames:1024 rate:32000 whole_latency:32 alsa_latency:32
05-23 16:39:30.952 483 483 I audio_hw_hal_primary: [out_set_event_callback:3158] io 357: out:0xea403260, callback:0xec24c91d cookie:0xecc413f0
05-23 16:39:30.953 732 753 V WindowManager: Finish Transition #11: created at
05-23 16:39:30.754 collect-started=0.132ms request-sent=0.221ms started=11.598ms ready=11.542ms sent=153.048ms finished=198.937ms
05-23 16:39:30.954 551 6755 I AudioFlinger: AudioFlinger's thread 0xe26a85b0 tid=6755 ready to run
05-23 16:39:30.954 483 483 I audio_hw_hal_primary: [audiohal_get_latency:1333] io 357: out:0xea403260 frames:1152 rate:32000 whole_latency:36 alsa_latency:36
05-23 16:39:30.955 483 483 I audio_hw_hal_primary: [audiohal_get_latency:1333] io 357: out:0xea403260 frames:1152 rate:32000 whole_latency:36 alsa_latency:36
05-23 16:39:30.956 957 1021 V WindowManagerShell: Track 0 became idle
05-23 16:39:30.956 957 1021 V WindowManagerShell: All active transition animations finished
05-23 16:39:30.956 957 1021 V WindowManagerShell: animated by com.android.wm.shell.transition.DefaultTransitionHandler@85bd4f5
05-23 16:39:30.956 957 1021 V WindowManagerShell: Track 0 became idle
05-23 16:39:30.957 957 1021 V WindowManagerShell: All active transition animations finished
05-23 16:39:30.957 732 754 W ContextImpl: Calling a method in the system process without a qualified user: android.app.ContextImpl.startService:1899 com.android.server.wm.DisplayPolicy.lambda$focusChangedLw$5:2126 com.android.server.wm.DisplayPolicy.$r8$lambda$Znxk63oh-WzVnzo_WQefN7uxV48:0 com.android.server.wm.DisplayPolicy$$ExternalSyntheticLambda13.run:0 android.os.Handler.handleCallback:958
05-23 16:39:30.960 551 6755 D AudioFlinger: ro.audio.silent is ignored since no output device is set
05-23 16:39:30.962 483 483 D audio_hw_hal_primary: [out_standby_new:5767] io 357: out:0xea403260 usecase:RAW_DIRECT
05-23 16:39:30.962 483 483 I audio_hw_hal_primary: already standby, do nothing
05-23 16:39:30.962 275 275 E Scheduler: trackPendingFrame: Invalid present fence
05-23 16:39:30.966 551 6755 D AudioFlinger: ro.audio.silent is ignored since no output device is set
05-23 16:39:30.969 6669 6669 D aaa : aaa screen on
05-23 16:39:30.971 6669 6669 D aaa : LedStatusService onStartCommand begin
05-23 16:39:30.971 732 732 D InstantWifi: mScreenOn is changed to true
05-23 16:39:30.976 497 557 I WifiHAL : call wifi_get_link_stats handler
05-23 16:39:30.976 497 557 I WifiHAL : Creating message to get link statistics; iface = 16
05-23 16:39:30.976 497 557 D WifiHAL : error code -95 mapped to -3
05-23 16:39:30.976 6669 6756 D aaa : topPkg is -------------- :com.dangbei.haqusetting
05-23 16:39:30.977 275 275 E Scheduler: trackPendingFrame: Invalid present fence
05-23 16:39:30.977 732 873 E WifiStaIfaceAidlImpl: getLinkLayerStats failed with service-specific exception: android.os.ServiceSpecificException: (code 4)
05-23 16:39:30.978 497 557 I WifiHAL : call wifi_get_link_stats handler
05-23 16:39:30.978 497 557 I WifiHAL : Creating message to get link statistics; iface = 16
05-23 16:39:30.979 497 557 D WifiHAL : error code -95 mapped to -3
05-23 16:39:30.979 732 873 E WifiStaIfaceAidlImpl: getLinkLayerStats failed with service-specific exception: android.os.ServiceSpecificException: (code 4)
05-23 16:39:30.980 551 551 I AudioFlinger: openOutput() this 0xe8340cd0, module 10 Device AUDIO_DEVICE_OUT_HDMI, @:, SamplingRate 32000, Format 0x000001, Channels 0x1, flags 0x41
05-23 16:39:30.980 483 483 D audio_hw_hal_primary: [adev_open_output_stream_new:7868] enter: dev=0xea4c14a0 handle=16d devices=0x400/'HDMI,' flags=0x41/'DIRECT,HW_AV_SYNC,' config=(rt=32000 ch_mask=0x1 fmt=0x1) address=''
05-23 16:39:30.980 483 483 D audio_hw_hal_primary: adev_open_output_stream_new: enter
05-23 16:39:30.980 483 483 I audio_hw_hal_primary: [adev_open_output_stream:3285] io 365: out:0xea402400 dev:OUT_HDMI(0x400) addr:
05-23 16:39:30.980 483 483 I audio_hw_hal_primary: [adev_open_output_stream:3287] ch_mask:0x1 rate:32000 format:PCM_16_BIT(0x1) flags:0x41
05-23 16:39:30.980 483 483 D audio_hw_hal_primary: [adev_open_output_stream:3573] format=PCM_16_BIT rate=32000
05-23 16:39:30.980 483 483 I audio_hw_hal_primary: init resampler from 32000 to 48000!
05-23 16:39:30.980 483 483 D audio_hw_utils_resampler: resampler_init, Init Resampler: input_sr = 32000, output_sr = 48000
05-23 16:39:30.980 483 483 I audio_hw_hal_primary: [adev_open_output_stream:3610] result profile ch_mask:0x1 rate:32000 format:PCM_16_BIT(0x1) usecase:PCM_HWSYNC
05-23 16:39:30.980 483 483 D audio_hw_hal_timer: func:audio_timer_create create timer.1 success.
05-23 16:39:30.981 483 483 D audio_hw_hal_timer: func:audio_timer_create create timer.2 success.
05-23 16:39:30.981 483 483 D audio_hw_hal_primary: [adev_open_output_stream_new:7980] timer_id:1
05-23 16:39:30.981 483 483 I audio_hw_hal_utils: aml_get_stream_dump_file_name line 2929 file_name /data/vendor/audiohal/stream_pid483_tid483.pcm
05-23 16:39:30.981 483 483 I audio_hw_hal_primary: [adev_open_output_stream_new:8037] io 365: out: 0xea402400 card:0 alsa devices:0 exit ------
05-23 16:39:30.982 483 483 I audio_hw_hal_primary: [out_get_buffer_size:552] out:0xea402400 config.rate=32000, format:PCM_16_BIT(0x1), stream format:PCM_16_BIT(0x1)
05-23 16:39:30.982 551 551 I AudioFlinger: HAL output buffer size 2068 frames, normal sink buffer size 2068 frames
05-23 16:39:30.982 483 2749 I audio_hw_hal_primary: [audiohal_get_latency:1333] io 365: out:0xea402400 frames:1152 rate:32000 whole_latency:36 alsa_latency:36
05-23 16:39:30.983 483 2749 I audio_hw_hal_primary: [out_set_event_callback:3158] io 365: out:0xea402400, callback:0xec24c91d cookie:0xecc40af0
05-23 16:39:30.983 483 2749 I audio_hw_hal_primary: [audiohal_get_latency:1333] io 365: out:0xea402400 frames:1152 rate:32000 whole_latency:36 alsa_latency:36
05-23 16:39:30.984 483 2749 I audio_hw_hal_primary: [audiohal_get_latency:1333] io 365: out:0xea402400 frames:1280 rate:32000 whole_latency:40 alsa_latency:40
01-01 08:27:37.861 0 0 I [0 T358 ..] [hdmitx: ] set21_phy_by_mode_s7d[188] rterm = 7
05-23 16:39:30.991 732 2681 D CompatibilityChangeReporter: Compat change id reported: 214016041; UID 1000; state: ENABLED
05-23 16:39:30.991 732 2681 D CompatibilityChangeReporter: Compat change id reported: 214016041; UID 1000; state: DISABLED
05-23 16:39:30.993 732 2681 I ImeTracker: com.dangbei.haqusetting:b42ec344: onRequestHide at ORIGIN_SERVER_HIDE_INPUT reason HIDE_SAME_WINDOW_FOCUSED_WITHOUT_EDITOR
05-23 16:39:30.993 732 2681 I ImeTracker: com.dangbei.haqusetting:b42ec344: onCancelled at PHASE_SERVER_SHOULD_HIDE
01-01 08:27:37.865 0 0 I [0 T358 ..] [hdmitx: ] Sink is HDMI device
01-01 08:27:37.866 0 0 I [0 T358 ..] [hdmitx: ] clear vsif for non-4k mode.
01-01 08:27:37.866 0 0 I [0 T358 d.] [hdmitx: ] hdmitx_set_drm_pkt: hdr.sdr pkt sent
01-01 08:27:37.867 0 0 I [0 T358 ..] [hdmitx: ] set audio
01-01 08:27:37.868 0 0 I [0 T358 ..] [hdmitx: ] audio_param->chs = 1
05-23 16:39:30.996 1344 1344 I DefaultIMS: onStartInput attribute=android.view.inputmethod.EditorInfo@7954302 restarting=false inputType: 0
01-01 08:27:37.870 0 0 I [0 T358 ..] [hdmitx: ] aud_src_if = 0
01-01 08:27:37.871 0 0 I [0 T358 ..] [hdmitx: ] aud_n_para = 20480
01-01 08:27:37.871 0 0 I [0 T358 ..] [hdmitx: ] vinfo: set cur_enc_ppc as 1, vpp color: 0
01-01 08:27:37.873 0 0 W : [3 T1016 ..] [aml_android_priv_ioctl 128] vif idx=0 cmd=SETSUSPENDMODE 0
05-23 16:39:30.999 1016 1016 I wpa_supplicant: wpa_driver_nl80211_driver_cmd: wifi vendor: aml_w2_s
05-23 16:39:30.999 1016 1016 I wpa_supplicant: wpa_driver_nl80211_driver_cmd: wlan0: private command: SETSUSPENDMODE 0
05-23 16:39:30.999 492 502 D hdmicecd: [CEC]:printCecMessage, [4 -> 4] len: 0, body:, result:no ack
05-23 16:39:31.000 732 910 D HDMI : New logical address for device [4]: [preferred:4, assigned:4]
01-01 08:27:37.874 0 0 W : [3 T1016 ..] [aml_android_set_suspend_mode 77] set google_cast 0
05-23 16:39:31.000 483 691 I audio_hw_hal_primary: [adev_uevent_callback:9131] uevent type=0
05-23 16:39:31.001 329 338 I SystemControl: [/UEventObserver.cpp, HDMITxUenventThreadLoop, 451] HDMI TX switch_name:hdmitx_vmode_audio, switch_state: 1
05-23 16:39:31.001 483 688 I audio_hw_hal_alsamgr: raw to lpcm switch aml_alsa_output_write
05-23 16:39:31.003 551 6759 I AudioFlinger: AudioFlinger's thread 0xe26a4520 tid=6759 ready to run
05-23 16:39:31.004 551 6759 D AudioFlinger: ro.audio.silent is ignored since no output device is set
01-01 08:27:37.875 0 0 I [2 T688 ..] [snd-soc]: aml_audio_reset, reg 0xa, shift 9, use_vadtop 0
05-23 16:39:31.004 732 901 D InstantWifi: Receive Wifi is connected, freq = 5260 and currentNetworkId : 0, wifiinfo = SSID: , BSSID: 02:00:00:00:00:00, MAC: 02:00:00:00:00:00, IP: /192.168.3.167, Security type: 2, Supplicant state: COMPLETED, Wi-Fi standard: 6, RSSI: -54, Link speed: 1200Mbps, Tx Link speed: 1200Mbps, Max Supported Tx Link speed: 1200Mbps, Rx Link speed: 6Mbps, Max Supported Rx Link speed: 1200Mbps, Frequency: 5260MHz, Net ID: -1, Metered hint: false, score: 60, isUsable: true, CarrierMerged: false, SubscriptionId: -1, IsPrimary: 1, Trusted: true, Restricted: false, Ephemeral: false, OEM paid: false, OEM private: false, OSU AP: false, FQDN: , Provider friendly name: , Requesting package name: MLO Information: , Is TID-To-Link negotiation supported by the AP: false, AP MLD Address: , AP MLO Link Id: , AP MLO Affiliated links:
01-01 08:27:37.875 0 0 I [2 T688 ..] [snd-soc]: aml_audio_reset, reg 0xa, shift 14, use_vadtop 0
05-23 16:39:31.004 483 2749 D audio_hw_hal_primary: [out_standby_new:5767] io 365: out:0xea402400 usecase:PCM_HWSYNC
05-23 16:39:31.004 483 2749 I audio_hw_hal_primary: already standby, do nothing
01-01 08:27:37.881 0 0 I [1 T358 ..] DOLBY: vout_notify_callback: VOUT_EVENT_MODE_CHANGE
05-23 16:39:31.005 483 688 I audio_hw_hal_ms12v2: dolby_ms12_threadloop alsa is not running
