05-23 09:26:35.008 732 732 D ConditionProviders.SCP: onSubscribe condition://android/schedule?days=1.2.3.4.5.6.7&start=22.0&end=7.0&exitAtAlarm=true
05-23 09:26:35.009 732 732 D ConditionProviders.SCP: setRegistered true
05-23 09:26:35.011 732 889 W ActivityThread: Failed to find provider info for com.android.calendar (user not unlocked)
05-23 09:26:35.011 732 889 W ActivityThread: Failed to find provider info for com.android.calendar (user not unlocked)
05-23 09:26:35.013 732 889 D CompatibilityChangeReporter: Compat change id reported: 218533173; UID 1000; state: ENABLED
05-23 09:26:35.020 732 815 D CompatibilityChangeReporter: Compat change id reported: 218533173; UID 10066; state: ENABLED
05-23 09:26:35.021 732 815 D CompatibilityChangeReporter: Compat change id reported: 262645982; UID 10066; state: ENABLED
05-23 09:26:35.030 732 815 D CompatibilityChangeReporter: Compat change id reported: 218533173; UID 10039; state: DISABLED
05-23 09:26:35.031 732 815 D CompatibilityChangeReporter: Compat change id reported: 262645982; UID 10039; state: DISABLED
05-23 09:26:35.033 732 815 D CompatibilityChangeReporter: Compat change id reported: 218533173; UID 10007; state: ENABLED
05-23 09:26:35.036 732 732 D ConditionProviders.SCP: evaluateSubscriptionLocked cal=ScheduleCalendar[mDays={1, 2, 3, 4, 5, 6, 7}, mSchedule=ScheduleInfo{days=[1, 2, 3, 4, 5, 6, 7], startHour=22, startMinute=0, endHour=7, endMinute=0, exitAtAlarm=true, nextAlarm=Thu Jan 01 08:00:00 GMT+08:00 1970 (0)}], now=Fri May 23 09:26:35 GMT+08:00 2025 (1747963595009), nextUserAlarmTime=Thu Jan 01 08:00:00 GMT+08:00 1970 (0)
05-23 09:26:35.036 732 732 D ConditionProviders.SCP: notifyCondition condition://android/schedule?days=1.2.3.4.5.6.7&start=22.0&end=7.0&exitAtAlarm=true STATE_FALSE reason=!meetsSchedule
05-23 09:26:35.036 732 815 D CompatibilityChangeReporter: Compat change id reported: 262645982; UID 10007; state: ENABLED
05-23 09:26:35.040 732 732 D ConditionProviders.SCP: Scheduling evaluate for Fri May 23 22:00:00 GMT+08:00 2025 (1748008800000), in +12h33m24s991ms, now=Fri May 23 09:26:35 GMT+08:00 2025 (1747963595009)
05-23 09:26:35.042 732 815 D CompatibilityChangeReporter: Compat change id reported: 218533173; UID 10019; state: ENABLED
05-23 09:26:35.043 732 815 D CompatibilityChangeReporter: Compat change id reported: 262645982; UID 10019; state: ENABLED
05-23 09:26:35.043 732 815 D CompatibilityChangeReporter: Compat change id reported: 218533173; UID 10036; state: ENABLED
05-23 09:26:35.044 732 815 D CompatibilityChangeReporter: Compat change id reported: 262645982; UID 10036; state: ENABLED
05-23 09:26:35.045 732 732 D HDMI : [R]: EF:86:10:00
05-23 09:26:35.045 732 815 D CompatibilityChangeReporter: Compat change id reported: 218533173; UID 10035; state: ENABLED
05-23 09:26:35.046 732 815 D CompatibilityChangeReporter: Compat change id reported: 262645982; UID 10035; state: ENABLED
05-23 09:26:35.047 732 815 D CompatibilityChangeReporter: Compat change id reported: 218533173; UID 10026; state: ENABLED
05-23 09:26:35.047 732 815 D CompatibilityChangeReporter: Compat change id reported: 262645982; UID 10026; state: ENABLED
05-23 09:26:35.048 732 815 D CompatibilityChangeReporter: Compat change id reported: 218533173; UID 10068; state: ENABLED
05-23 09:26:35.048 732 815 D CompatibilityChangeReporter: Compat change id reported: 262645982; UID 10068; state: ENABLED
05-23 09:26:35.049 732 815 D CompatibilityChangeReporter: Compat change id reported: 218533173; UID 10006; state: ENABLED
05-23 09:26:35.050 732 745 D CompatibilityChangeReporter: Compat change id reported: 182478738; UID 1073; state: ENABLED
05-23 09:26:35.050 732 815 D CompatibilityChangeReporter: Compat change id reported: 262645982; UID 10006; state: ENABLED
05-23 09:26:35.050 732 815 D CompatibilityChangeReporter: Compat change id reported: 218533173; UID 10077; state: DISABLED
05-23 09:26:35.051 732 815 D CompatibilityChangeReporter: Compat change id reported: 262645982; UID 10077; state: DISABLED
05-23 09:26:35.051 732 815 D CompatibilityChangeReporter: Compat change id reported: 171306433; UID 10077; state: DISABLED
05-23 09:26:35.052 732 815 D CompatibilityChangeReporter: Compat change id reported: 218533173; UID 10042; state: DISABLED
05-23 09:26:35.052 732 815 D CompatibilityChangeReporter: Compat change id reported: 262645982; UID 10042; state: DISABLED
05-23 09:26:35.053 732 815 D CompatibilityChangeReporter: Compat change id reported: 218533173; UID 10008; state: ENABLED
05-23 09:26:35.054 732 815 D CompatibilityChangeReporter: Compat change id reported: 262645982; UID 10008; state: ENABLED
05-23 09:26:35.055 732 815 D CompatibilityChangeReporter: Compat change id reported: 218533173; UID 10064; state: ENABLED
05-23 09:26:35.056 732 815 D CompatibilityChangeReporter: Compat change id reported: 262645982; UID 10064; state: ENABLED
05-23 09:26:35.057 732 732 D HDMI : addCecDevice new:CEC: logical_address: 0x0E device_type: 2 cec_version: 5 vendor_id: 16777215 display_name: Secondary_TV power_status: -1 physical_address: 0xFFFF port_id: -1 old:null
05-23 09:26:35.059 732 815 D CompatibilityChangeReporter: Compat change id reported: 218533173; UID 10037; state: ENABLED
05-23 09:26:35.060 732 815 D CompatibilityChangeReporter: Compat change id reported: 262645982; UID 10037; state: ENABLED
05-23 09:26:35.063 732 815 D CompatibilityChangeReporter: Compat change id reported: 218533173; UID 10059; state: ENABLED
05-23 09:26:35.063 732 815 D CompatibilityChangeReporter: Compat change id reported: 262645982; UID 10059; state: ENABLED
05-23 09:26:35.064 732 815 D CompatibilityChangeReporter: Compat change id reported: 218533173; UID 10047; state: DISABLED
05-23 09:26:35.064 732 815 D CompatibilityChangeReporter: Compat change id reported: 262645982; UID 10047; state: DISABLED
05-23 09:26:35.066 732 815 D CompatibilityChangeReporter: Compat change id reported: 218533173; UID 10034; state: ENABLED
05-23 09:26:35.067 732 815 D CompatibilityChangeReporter: Compat change id reported: 262645982; UID 10034; state: ENABLED
05-23 09:26:35.068 732 815 D CompatibilityChangeReporter: Compat change id reported: 218533173; UID 10057; state: ENABLED
05-23 09:26:35.069 732 815 D CompatibilityChangeReporter: Compat change id reported: 262645982; UID 10057; state: ENABLED
05-23 09:26:35.073 732 815 D CompatibilityChangeReporter: Compat change id reported: 218533173; UID 10015; state: ENABLED
05-23 09:26:35.074 732 815 D CompatibilityChangeReporter: Compat change id reported: 262645982; UID 10015; state: ENABLED
05-23 09:26:35.075 732 732 D CompatibilityChangeReporter: Compat change id reported: 135634846; UID 10073; state: DISABLED
05-23 09:26:35.075 732 815 D CompatibilityChangeReporter: Compat change id reported: 218533173; UID 10012; state: ENABLED
05-23 09:26:35.076 732 815 D CompatibilityChangeReporter: Compat change id reported: 262645982; UID 10012; state: ENABLED
05-23 09:26:35.076 732 765 D CompatibilityChangeReporter: Compat change id reported: 143937733; UID 10073; state: ENABLED
05-23 09:26:35.077 732 815 D CompatibilityChangeReporter: Compat change id reported: 218533173; UID 10005; state: ENABLED
05-23 09:26:35.078 732 745 D CompatibilityChangeReporter: Compat change id reported: 157233955; UID 10052; state: ENABLED
05-23 09:26:35.081 732 732 D HDMI : addCecDevice new:CEC: logical_address: 0x04 device_type: 4 cec_version: 5 vendor_id: 1877008 display_name: DBBOX-A3 power_status: 0 physical_address: 0xFFFF port_id: 0 old:null
05-23 09:26:35.085 732 815 D CompatibilityChangeReporter: Compat change id reported: 262645982; UID 10005; state: ENABLED
05-23 09:26:35.087 732 815 D CompatibilityChangeReporter: Compat change id reported: 218533173; UID 10028; state: DISABLED
05-23 09:26:35.087 732 815 D CompatibilityChangeReporter: Compat change id reported: 262645982; UID 10028; state: DISABLED
05-23 09:26:35.089 732 815 D CompatibilityChangeReporter: Compat change id reported: 218533173; UID 10043; state: DISABLED
05-23 09:26:35.090 732 815 D CompatibilityChangeReporter: Compat change id reported: 262645982; UID 10043; state: DISABLED
05-23 09:26:35.091 732 815 D CompatibilityChangeReporter: Compat change id reported: 218533173; UID 10046; state: DISABLED
05-23 09:26:35.092 732 815 D CompatibilityChangeReporter: Compat change id reported: 262645982; UID 10046; state: DISABLED
05-23 09:26:35.092 732 815 D CompatibilityChangeReporter: Compat change id reported: 218533173; UID 10076; state: DISABLED
05-23 09:26:35.093 732 765 I ActivityManager: Start proc 1131:android.ext.services/u0a73 for service {android.ext.services/android.ext.services.autofill.InlineSuggestionRenderServiceImpl}
05-23 09:26:35.093 732 815 D CompatibilityChangeReporter: Compat change id reported: 262645982; UID 10076; state: DISABLED
05-23 09:26:35.096 732 732 D HDMI : onInitializeCecComplete 1
05-23 09:26:35.096 732 732 D HdmiControlService: Local device is under address allocation. Queue display callback for later process.
05-23 09:26:35.099 732 732 D HDMI : onAddressAllocated address:4 reason:1
05-23 09:26:35.103 732 910 D HDMI : [S]: 4F:84:FF:FF:04
05-23 09:26:35.106 732 815 D CompatibilityChangeReporter: Compat change id reported: 218533173; UID 10024; state: ENABLED
05-23 09:26:35.137 732 732 D HDMI : DeviceDiscoveryAction start com.android.server.hdmi.DeviceDiscoveryAction@d033ff5
05-23 09:26:35.155 732 1019 D CompatibilityChangeReporter: Compat change id reported: 168419799; UID 10073; state: DISABLED
05-23 09:26:35.155 732 1019 D CompatibilityChangeReporter: Compat change id reported: 273564678; UID 10073; state: DISABLED
05-23 09:26:35.162 732 815 D CompatibilityChangeReporter: Compat change id reported: 262645982; UID 10024; state: ENABLED
05-23 09:26:35.169 732 807 D CompatibilityChangeReporter: Compat change id reported: 161145287; UID 1068; state: ENABLED
05-23 09:26:35.172 732 815 D CompatibilityChangeReporter: Compat change id reported: 218533173; UID 10038; state: ENABLED
05-23 09:26:35.172 732 815 D CompatibilityChangeReporter: Compat change id reported: 262645982; UID 10038; state: ENABLED
05-23 09:26:35.175 732 815 D CompatibilityChangeReporter: Compat change id reported: 218533173; UID 10030; state: ENABLED
05-23 09:26:35.177 732 815 D CompatibilityChangeReporter: Compat change id reported: 262645982; UID 10030; state: ENABLED
05-23 09:26:35.178 732 815 D CompatibilityChangeReporter: Compat change id reported: 218533173; UID 10051; state: ENABLED
05-23 09:26:35.179 732 815 D CompatibilityChangeReporter: Compat change id reported: 262645982; UID 10051; state: ENABLED
05-23 09:26:35.180 732 815 D CompatibilityChangeReporter: Compat change id reported: 218533173; UID 10061; state: ENABLED
05-23 09:26:35.183 732 815 D CompatibilityChangeReporter: Compat change id reported: 262645982; UID 10061; state: ENABLED
05-23 09:26:35.185 732 815 D CompatibilityChangeReporter: Compat change id reported: 218533173; UID 10009; state: ENABLED
05-23 09:26:35.185 732 815 D CompatibilityChangeReporter: Compat change id reported: 262645982; UID 10009; state: ENABLED
05-23 09:26:35.190 732 815 D CompatibilityChangeReporter: Compat change id reported: 218533173; UID 10022; state: ENABLED
05-23 09:26:35.191 732 815 D CompatibilityChangeReporter: Compat change id reported: 262645982; UID 10022; state: ENABLED
05-23 09:26:35.192 732 815 D CompatibilityChangeReporter: Compat change id reported: 218533173; UID 10029; state: DISABLED
05-23 09:26:35.194 732 815 D CompatibilityChangeReporter: Compat change id reported: 262645982; UID 10029; state: DISABLED
05-23 09:26:35.194 732 815 D CompatibilityChangeReporter: Compat change id reported: 218533173; UID 10075; state: DISABLED
05-23 09:26:35.196 732 815 D CompatibilityChangeReporter: Compat change id reported: 262645982; UID 10075; state: DISABLED
05-23 09:26:35.209 732 732 W Looper : Slow dispatch took 124ms main h=android.os.Handler c=com.android.server.hdmi.WorkSourceUidPreservingRunnable@b2e56f9 m=0
05-23 09:26:35.214 732 1019 D CompatibilityChangeReporter: Compat change id reported: 170503758; UID 10073; state: ENABLED
05-23 09:26:35.215 732 815 D CompatibilityChangeReporter: Compat change id reported: 218533173; UID 10003; state: ENABLED
05-23 09:26:35.215 732 732 D HDMI : receive android.intent.action.CONFIGURATION_CHANGED
05-23 09:26:35.215 732 815 D CompatibilityChangeReporter: Compat change id reported: 262645982; UID 10003; state: ENABLED
05-23 09:26:35.218 732 732 D HDMI : receive android.intent.action.CONFIGURATION_CHANGED
05-23 09:26:35.224 732 732 I HdmiCecLocalDeviceSource: queryDisplayStatus already in progress
05-23 09:26:35.234 732 732 I PackageWatchdog: Syncing health check requests for packages: {}
05-23 09:26:35.234 732 732 I ExplicitHealthCheckController: Service not ready to get health check supported packages. Binding...
05-23 09:26:35.237 732 732 I ExplicitHealthCheckController: Explicit health check service is bound
05-23 09:26:35.241 732 815 D CompatibilityChangeReporter: Compat change id reported: 218533173; UID 10033; state: ENABLED
05-23 09:26:35.243 732 1019 I MR2ServiceImpl: registerManager | uid: 10052, pid: 957, package: com.android.systemui, user: 0
05-23 09:26:35.244 732 815 D CompatibilityChangeReporter: Compat change id reported: 262645982; UID 10033; state: ENABLED
05-23 09:26:35.255 732 815 D CompatibilityChangeReporter: Compat change id reported: 218533173; UID 10001; state: ENABLED
05-23 09:26:35.257 732 910 D HDMI : [S]: 4F:87:1C:A4:10
05-23 09:26:35.263 732 815 D CompatibilityChangeReporter: Compat change id reported: 262645982; UID 10001; state: ENABLED
05-23 09:26:35.278 732 732 D CompatibilityChangeReporter: Compat change id reported: 161145287; UID 1000; state: ENABLED
05-23 09:26:35.279 732 732 D CompatibilityChangeReporter: Compat change id reported: 161145287; UID 1000; state: DISABLED
05-23 09:26:35.282 732 815 D CompatibilityChangeReporter: Compat change id reported: 218533173; UID 10073; state: ENABLED
05-23 09:26:35.282 732 815 D CompatibilityChangeReporter: Compat change id reported: 262645982; UID 10073; state: ENABLED
05-23 09:26:35.283 732 815 D CompatibilityChangeReporter: Compat change id reported: 218533173; UID 10055; state: ENABLED
05-23 09:26:35.284 732 815 D CompatibilityChangeReporter: Compat change id reported: 262645982; UID 10055; state: ENABLED
05-23 09:26:35.284 732 815 D CompatibilityChangeReporter: Compat change id reported: 218533173; UID 10031; state: ENABLED
05-23 09:26:35.285 732 815 D CompatibilityChangeReporter: Compat change id reported: 262645982; UID 10031; state: ENABLED
05-23 09:26:35.286 732 815 D CompatibilityChangeReporter: Compat change id reported: 218533173; UID 10014; state: ENABLED
05-23 09:26:35.286 732 815 D CompatibilityChangeReporter: Compat change id reported: 262645982; UID 10014; state: ENABLED
05-23 09:26:35.288 732 815 D CompatibilityChangeReporter: Compat change id reported: 218533173; UID 10025; state: ENABLED
05-23 09:26:35.288 732 815 D CompatibilityChangeReporter: Compat change id reported: 262645982; UID 10025; state: ENABLED
05-23 09:26:35.290 732 815 D CompatibilityChangeReporter: Compat change id reported: 218533173; UID 10023; state: ENABLED
05-23 09:26:35.290 732 815 D CompatibilityChangeReporter: Compat change id reported: 262645982; UID 10023; state: ENABLED
05-23 09:26:35.291 732 815 D CompatibilityChangeReporter: Compat change id reported: 218533173; UID 10020; state: ENABLED
05-23 09:26:35.291 732 815 D CompatibilityChangeReporter: Compat change id reported: 262645982; UID 10020; state: ENABLED
05-23 09:26:35.292 732 815 D CompatibilityChangeReporter: Compat change id reported: 218533173; UID 10060; state: ENABLED
05-23 09:26:35.292 732 815 D CompatibilityChangeReporter: Compat change id reported: 262645982; UID 10060; state: ENABLED
05-23 09:26:35.293 732 815 D CompatibilityChangeReporter: Compat change id reported: 218533173; UID 10021; state: ENABLED
05-23 09:26:35.294 732 815 D CompatibilityChangeReporter: Compat change id reported: 262645982; UID 10021; state: ENABLED
05-23 09:26:35.297 732 815 D CompatibilityChangeReporter: Compat change id reported: 218533173; UID 10000; state: ENABLED
05-23 09:26:35.301 732 815 D CompatibilityChangeReporter: Compat change id reported: 262645982; UID 10000; state: ENABLED
05-23 09:26:35.302 732 815 D CompatibilityChangeReporter: Compat change id reported: 218533173; UID 10011; state: ENABLED
05-23 09:26:35.302 732 815 D CompatibilityChangeReporter: Compat change id reported: 262645982; UID 10011; state: ENABLED
05-23 09:26:35.303 732 815 D CompatibilityChangeReporter: Compat change id reported: 218533173; UID 10041; state: DISABLED
05-23 09:26:35.304 732 815 D CompatibilityChangeReporter: Compat change id reported: 262645982; UID 10041; state: DISABLED
05-23 09:26:35.304 732 815 D CompatibilityChangeReporter: Compat change id reported: 218533173; UID 10071; state: DISABLED
05-23 09:26:35.305 732 815 D CompatibilityChangeReporter: Compat change id reported: 262645982; UID 10071; state: DISABLED
05-23 09:26:35.306 732 815 D CompatibilityChangeReporter: Compat change id reported: 218533173; UID 10044; state: ENABLED
05-23 09:26:35.307 732 815 D CompatibilityChangeReporter: Compat change id reported: 262645982; UID 10044; state: ENABLED
05-23 09:26:35.307 732 815 D CompatibilityChangeReporter: Compat change id reported: 218533173; UID 10010; state: ENABLED
05-23 09:26:35.308 732 815 D CompatibilityChangeReporter: Compat change id reported: 262645982; UID 10010; state: ENABLED
05-23 09:26:35.309 732 815 D CompatibilityChangeReporter: Compat change id reported: 218533173; UID 10027; state: ENABLED
05-23 09:26:35.309 732 815 D CompatibilityChangeReporter: Compat change id reported: 262645982; UID 10027; state: ENABLED
05-23 09:26:35.310 732 732 D HDMI : addCecDevice new:CEC: logical_address: 0x0E device_type: 2 cec_version: 5 vendor_id: 16777215 display_name: Secondary_TV power_status: -1 physical_address: 0xFFFF port_id: -1 old:null
05-23 09:26:35.310 732 815 D CompatibilityChangeReporter: Compat change id reported: 218533173; UID 10049; state: DISABLED
05-23 09:26:35.310 732 815 D CompatibilityChangeReporter: Compat change id reported: 262645982; UID 10049; state: DISABLED
05-23 09:26:35.311 732 732 D HdmiControlService: Switching to full volume behavior
05-23 09:26:35.311 732 815 D CompatibilityChangeReporter: Compat change id reported: 218533173; UID 10054; state: ENABLED
05-23 09:26:35.312 732 815 D CompatibilityChangeReporter: Compat change id reported: 262645982; UID 10054; state: ENABLED
05-23 09:26:35.312 732 732 D HDMI : setActiveSource logical:0xffffffff physical:0x1000 HdmiCecLocalDeviceSource#handleSetStreamPath()
05-23 09:26:35.312 732 815 D CompatibilityChangeReporter: Compat change id reported: 218533173; UID 10017; state: ENABLED
05-23 09:26:35.313 732 815 D CompatibilityChangeReporter: Compat change id reported: 262645982; UID 10017; state: ENABLED
05-23 09:26:35.314 732 732 D HDMI : ActiveSourceHistoryRecord active source=(invalid, 0x1000) isActiveSource=false from=HdmiCecLocalDeviceSource#handleSetStreamPath()
05-23 09:26:35.314 732 815 D CompatibilityChangeReporter: Compat change id reported: 218533173; UID 10067; state: ENABLED
05-23 09:26:35.314 732 732 D HDMI : No wakelock is used to keep the display on.
05-23 09:26:35.314 732 815 D CompatibilityChangeReporter: Compat change id reported: 262645982; UID 10067; state: ENABLED
05-23 09:26:35.314 732 732 D AudioService: onHdmiCecVolumeControlFeature enabled:false
05-23 09:26:35.315 732 815 D CompatibilityChangeReporter: Compat change id reported: 218533173; UID 10056; state: ENABLED
05-23 09:26:35.316 732 815 D CompatibilityChangeReporter: Compat change id reported: 262645982; UID 10056; state: ENABLED
05-23 09:26:35.318 732 732 I MR2ServiceImpl: addProviderRoutes | provider: com.android.server.media/.SystemMediaRoute2Provider, routes: [DEVICE_ROUTE | 电视]
05-23 09:26:35.319 732 815 D CompatibilityChangeReporter: Compat change id reported: 218533173; UID 10052; state: ENABLED
05-23 09:26:35.320 732 815 D CompatibilityChangeReporter: Compat change id reported: 218533173; UID 10004; state: ENABLED
05-23 09:26:35.321 732 815 D CompatibilityChangeReporter: Compat change id reported: 262645982; UID 10004; state: ENABLED
05-23 09:26:35.321 732 815 D CompatibilityChangeReporter: Compat change id reported: 218533173; UID 10065; state: ENABLED
05-23 09:26:35.322 732 815 D CompatibilityChangeReporter: Compat change id reported: 262645982; UID 10065; state: ENABLED
05-23 09:26:35.323 732 815 D CompatibilityChangeReporter: Compat change id reported: 218533173; UID 10069; state: ENABLED
05-23 09:26:35.323 732 815 D CompatibilityChangeReporter: Compat change id reported: 262645982; UID 10069; state: ENABLED
05-23 09:26:35.325 732 815 D CompatibilityChangeReporter: Compat change id reported: 218533173; UID 10032; state: ENABLED
05-23 09:26:35.326 732 815 D CompatibilityChangeReporter: Compat change id reported: 262645982; UID 10032; state: DISABLED
05-23 09:26:35.326 732 815 D CompatibilityChangeReporter: Compat change id reported: 218533173; UID 10002; state: ENABLED
05-23 09:26:35.327 732 815 D CompatibilityChangeReporter: Compat change id reported: 262645982; UID 10002; state: ENABLED
05-23 09:26:35.328 732 815 D CompatibilityChangeReporter: Compat change id reported: 218533173; UID 10058; state: ENABLED
05-23 09:26:35.328 732 815 D CompatibilityChangeReporter: Compat change id reported: 262645982; UID 10058; state: ENABLED
05-23 09:26:35.329 732 815 D CompatibilityChangeReporter: Compat change id reported: 218533173; UID 10074; state: ENABLED
05-23 09:26:35.330 732 815 D CompatibilityChangeReporter: Compat change id reported: 262645982; UID 10074; state: ENABLED
05-23 09:26:35.331 732 815 D CompatibilityChangeReporter: Compat change id reported: 218533173; UID 10013; state: ENABLED
05-23 09:26:35.331 732 815 D CompatibilityChangeReporter: Compat change id reported: 262645982; UID 10013; state: ENABLED
05-23 09:26:35.336 732 815 D CompatibilityChangeReporter: Compat change id reported: 265195908; UID 1068; state: ENABLED
05-23 09:26:35.347 732 732 D SystemServerTiming: ManagedServices.unbindOtherUserServices_current0
05-23 09:26:35.348 732 732 V SystemServerTiming: ManagedServices.unbindOtherUserServices_current0 took to complete: 0ms
05-23 09:26:35.348 732 732 D SystemServerTiming: ManagedServices.unbindOtherUserServices_current0
05-23 09:26:35.348 732 732 V SystemServerTiming: ManagedServices.unbindOtherUserServices_current0 took to complete: 0ms
05-23 09:26:35.348 732 732 D SystemServerTiming: ManagedServices.unbindOtherUserServices_current0
05-23 09:26:35.348 732 732 V SystemServerTiming: ManagedServices.unbindOtherUserServices_current0 took to complete: 0ms
05-23 09:26:35.349 732 732 V NotificationAssistants: enabling notification assistant for 0: ComponentInfo{android.ext.services/android.ext.services.notification.Assistant}
05-23 09:26:35.349 732 732 V NotificationAssistants: binding: Intent { act=android.service.notification.NotificationAssistantService cmp=android.ext.services/.notification.Assistant (has extras) }
05-23 09:26:35.350 1067 1067 W ActivityThread: Failed to find provider info for bluetooth_legacy.provider (user not unlocked)
05-23 09:26:35.353 732 815 D CompatibilityChangeReporter: Compat change id reported: 265195908; UID 10073; state: ENABLED
05-23 09:26:35.374 957 957 V SystemUIBootTiming: DependencyInjection took to complete: 0ms
05-23 09:26:35.384 732 808 D CompatibilityChangeReporter: Compat change id reported: 261072174; UID 1000; state: ENABLED
05-23 09:26:35.386 957 957 W Looper : Slow dispatch took 2627ms main h=android.app.ActivityThread$H c=null m=110
05-23 09:26:35.409 732 910 D HDMI : [S]: 40:8C
05-23 09:26:35.431 732 958 D HDMI : Process pid:1093 is calling addHotplugEventListener
05-23 09:26:35.445 732 808 D CompatibilityChangeReporter: Compat change id reported: 161145287; UID 10073; state: ENABLED
01-01 08:00:22.028 0 0 W : [2 T1016 ..] [aml_android_priv_ioctl 128] vif idx=0 cmd=SETSUSPENDMODE 1
01-01 08:00:22.028 0 0 W : [2 T1016 ..] [aml_android_set_suspend_mode 77] set google_cast 1
05-23 09:26:35.463 732 808 D CompatibilityChangeReporter: Compat change id reported: 161145287; UID 1002; state: ENABLED
05-23 09:26:35.478 957 957 V SystemUIBootTiming: StartServices com.android.systemui.SliceBroadcastRelayHandler took to complete: 0ms
01-01 08:00:22.096 0 0 W : [0 T1016 ..] [aml_android_priv_ioctl 128] vif idx=0 cmd=SETSUSPENDMODE 0
01-01 08:00:22.096 0 0 W : [0 T1016 ..] [aml_android_set_suspend_mode 77] set google_cast 0
05-23 09:26:35.523 732 910 E HDMI : [1]:Failed to send 40:8C with errorCode=1
05-23 09:26:35.523 732 910 D HDMI : [S]: 40:47
05-23 09:26:35.562 732 754 W WindowManager: Keyguard drawn timeout. Setting mKeyguardDrawComplete
01-01 08:00:22.172 0 0 I [2 T484 ..] [wireless]: [wifi_power_ioctl] aml module chip is aml_w2_s
01-01 08:00:22.187 0 0 I [2 T484 ..] [wireless]: BT_RADIO going: on
01-01 08:00:22.187 0 0 I [2 T484 ..] [wireless]: AML_BT: going ON,btpower_evt=0
05-23 09:26:35.619 957 957 V SystemUIBootTiming: StartServices com.android.systemui.accessibility.WindowMagnification took to complete: 140ms
05-23 09:26:35.627 957 957 V SystemUIBootTiming: StartServices com.android.systemui.bouncer.domain.interactor.BouncerMessageAuditLogger took to complete: 8ms
05-23 09:26:35.627 957 957 V SystemUIBootTiming: StartServices com.android.systemui.broadcast.BroadcastDispatcherStartable took to complete: 0ms
05-23 09:26:35.630 957 957 V SystemUIBootTiming: StartServices com.android.systemui.flags.FeatureFlagsDebugStartable took to complete: 3ms
05-23 09:26:35.638 957 957 V SystemUIBootTiming: StartServices com.android.systemui.globalactions.GlobalActionsComponent took to complete: 8ms
05-23 09:26:35.642 957 957 V SystemUIBootTiming: StartServices com.android.systemui.keyboard.KeyboardUI took to complete: 4ms
05-23 09:26:35.647 957 957 V SystemUIBootTiming: StartServices com.android.systemui.keyguard.ResourceTrimmer took to complete: 5ms
05-23 09:26:35.670 957 957 V SystemUIBootTiming: StartServices com.android.systemui.keyguard.domain.interactor.KeyguardTransitionCoreStartable took to complete: 24ms
05-23 09:26:35.671 957 957 V SystemUIBootTiming: StartServices com.android.systemui.keyguard.domain.interactor.SystemUIKeyguardFaceAuthInteractor took to complete: 0ms
05-23 09:26:35.673 957 957 V SystemUIBootTiming: StartServices com.android.systemui.media.RingtonePlayer took to complete: 1ms
05-23 09:26:35.679 957 957 V SystemUIBootTiming: StartServices com.android.systemui.media.systemsounds.HomeSoundEffectController took to complete: 6ms
05-23 09:26:35.682 957 957 V SystemUIBootTiming: StartServices com.android.systemui.motiontool.MotionToolStartable took to complete: 3ms
05-23 09:26:35.701 957 957 V SystemUIBootTiming: StartServices com.android.systemui.power.PowerUI took to complete: 19ms
05-23 09:26:35.715 957 957 V SystemUIBootTiming: StartServices com.android.systemui.privacy.television.TvPrivacyChipsController took to complete: 14ms
05-23 09:26:35.715 957 957 V SystemUIBootTiming: StartServices com.android.systemui.qs.QSFragmentStartable took to complete: 0ms
05-23 09:26:35.838 957 957 V SystemUIBootTiming: StartServices com.android.systemui.qs.pipeline.domain.startable.QSPipelineCoreStartable took to complete: 124ms
05-23 09:26:35.843 732 910 E HDMI : [1]:Failed to send 40:47 with errorCode=1
05-23 09:26:35.844 732 910 D HDMI : [S]: 45:7D
05-23 09:26:35.846 957 957 V SystemUIBootTiming: StartServices com.android.systemui.scene.domain.startable.SceneContainerStartable took to complete: 7ms
05-23 09:26:35.846 957 957 V SystemUIBootTiming: StartServices com.android.systemui.settings.UserFileManagerImpl took to complete: 1ms
05-23 09:26:35.855 957 957 V SystemUIBootTiming: StartServices com.android.systemui.shortcut.ShortcutKeyDispatcher took to complete: 9ms
05-23 09:26:35.858 957 957 V SystemUIBootTiming: StartServices com.android.systemui.statusbar.notification.InstantAppNotifier took to complete: 2ms
05-23 09:26:35.865 957 957 V SystemUIBootTiming: StartServices com.android.systemui.statusbar.notification.interruption.KeyguardNotificationVisibilityProviderImpl took to complete: 7ms
05-23 09:26:35.868 957 957 V SystemUIBootTiming: StartServices com.android.systemui.statusbar.notification.logging.NotificationMemoryMonitor took to complete: 3ms
05-23 09:26:35.868 957 957 V SystemUIBootTiming: StartServices com.android.systemui.statusbar.phone.LetterboxBackgroundProvider took to complete: 1ms
05-23 09:26:35.870 957 957 V SystemUIBootTiming: StartServices com.android.systemui.statusbar.pipeline.mobile.data.repository.CarrierConfigCoreStartable took to complete: 1ms
05-23 09:26:35.919 732 732 W Looper : Slow dispatch took 567ms main h=android.app.ActivityThread$H c=android.app.LoadedApk$ReceiverDispatcher$Args$$ExternalSyntheticLambda0@cd148f1 m=0
05-23 09:26:35.923 732 732 D HdmiControlService: Switching to full volume behavior
05-23 09:26:35.925 732 732 D AutofillManagerService: Restriction did not change for user 0
05-23 09:26:35.942 732 1019 D CompatibilityChangeReporter: Compat change id reported: 182478738; UID 10052; state: ENABLED
05-23 09:26:35.942 732 732 I ExplicitHealthCheckController: Explicit health check service is connected ComponentInfo{android.ext.services/android.ext.services.watchdog.ExplicitHealthCheckServiceImpl}
05-23 09:26:35.943 732 732 I ExplicitHealthCheckController: Service initialized, syncing requests
05-23 09:26:35.944 732 732 V NotificationAssistants: 0 notification assistant service connected: ComponentInfo{android.ext.services/android.ext.services.notification.Assistant}
05-23 09:26:35.945 732 732 D WallpaperManagerService: WPMS.onServiceConnected-ComponentInfo{com.android.systemui/com.android.systemui.wallpapers.ImageWallpaper}
05-23 09:26:35.945 732 732 D WallpaperManagerService: WPMS.attachServiceLocked
05-23 09:26:35.945 732 732 D WallpaperManagerService: WPMS.connectLocked-ComponentInfo{com.android.systemui/com.android.systemui.wallpapers.ImageWallpaper}
05-23 09:26:35.950 732 732 V WallpaperManagerService: WPMS.connectLocked-ComponentInfo{com.android.systemui/com.android.systemui.wallpapers.ImageWallpaper} took to complete: 5ms
05-23 09:26:35.950 732 732 V WallpaperManagerService: WPMS.attachServiceLocked took to complete: 6ms
05-23 09:26:35.950 732 732 D WallpaperManagerService: WPMS.saveSettingsLocked-0
05-23 09:26:35.951 732 756 W ActivityTaskManager: Activity top resumed state loss timeout for ActivityRecord{f4ee4c9 u0 com.android.systemui/.sensorprivacy.television.TvSensorPrivacyChangedActivity t2 f}}
05-23 09:26:35.952 732 756 W ActivityTaskManager: Activity pause timeout for ActivityRecord{f4ee4c9 u0 com.android.systemui/.sensorprivacy.television.TvSensorPrivacyChangedActivity t2 f}}
05-23 09:26:35.953 732 756 D WindowManager: ThemeHomeDelay: Home launch was deferred.
05-23 09:26:35.955 732 910 E HDMI : [1]:Failed to send 45:7D with errorCode=1
05-23 09:26:35.955 732 756 D WindowManager: ThemeHomeDelay: Home launch was deferred.
05-23 09:26:35.956 732 756 D WindowManager: ThemeHomeDelay: Home launch was deferred.
05-23 09:26:35.957 732 732 V WallpaperManagerService: WPMS.saveSettingsLocked-0 took to complete: 6ms
05-23 09:26:35.961 732 732 V WallpaperManagerService: WPMS.onServiceConnected-ComponentInfo{com.android.systemui/com.android.systemui.wallpapers.ImageWallpaper} took to complete: 17ms
05-23 09:26:35.962 732 732 D WallpaperManagerService: WPMS.onServiceConnected-ComponentInfo{com.android.systemui/com.android.systemui.wallpapers.ImageWallpaper}
05-23 09:26:35.966 732 732 D WallpaperManagerService: WPMS.attachServiceLocked
05-23 09:26:35.966 732 732 V WallpaperManagerService: WPMS.attachServiceLocked took to complete: 0ms
05-23 09:26:35.966 732 732 V WallpaperManagerService: WPMS.onServiceConnected-ComponentInfo{com.android.systemui/com.android.systemui.wallpapers.ImageWallpaper} took to complete: 4ms
05-23 09:26:35.967 732 732 D HDMI : Failed to send cec command 40:47
05-23 09:26:35.969 732 732 I PackageWatchdog: Syncing health check requests for packages: {}
05-23 09:26:35.970 732 732 D ExplicitHealthCheckController: Getting health check supported packages
05-23 09:26:35.970 732 732 D HDMI : AVR did not respond to
05-23 09:26:35.971 732 732 D HdmiControlService: Switching to full volume behavior
05-23 09:26:35.971 732 732 W Looper : Drained
05-23 09:26:35.972 957 957 V SystemUIBootTiming: StartServices com.android.systemui.statusbar.pipeline.mobile.ui.MobileUiAdapter took to complete: 102ms
05-23 09:26:35.980 732 745 I ExplicitHealthCheckController: Explicit health check supported packages [PackageConfig{com.android.networkstack, 86400000}]
05-23 09:26:35.980 732 745 D PackageWatchdog: Received supported packages [PackageConfig{com.android.networkstack, 86400000}]
05-23 09:26:35.981 732 745 D ExplicitHealthCheckController: Getting health check requested packages
05-23 09:26:35.981 732 1018 W WindowManager: [addWindow] title:com.android.systemui.wallpapers.ImageWallpaper
05-23 09:26:35.983 732 1018 D CompatibilityChangeReporter: Compat change id reported: 168419799; UID 10052; state: DISABLED
05-23 09:26:35.984 732 1018 D CompatibilityChangeReporter: Compat change id reported: 273564678; UID 10052; state: DISABLED
05-23 09:26:35.986 957 957 V SystemUIBootTiming: StartServices com.android.systemui.statusbar.pipeline.wifi.data.repository.WifiRepositoryDagger took to complete: 15ms
05-23 09:26:35.987 732 745 I ExplicitHealthCheckController: Explicit health check requested packages []
05-23 09:26:35.987 732 745 I ExplicitHealthCheckController: No more health check requests, unbinding...
05-23 09:26:35.992 732 745 I ExplicitHealthCheckController: Explicit health check service is unbound
05-23 09:26:35.997 732 1018 I StatusBarManagerService: registerStatusBar bar=com.android.internal.statusbar.IStatusBar$Stub$Proxy@9ef572
05-23 09:26:35.999 957 957 V SystemUIBootTiming: StartServices com.android.systemui.statusbar.tv.TvStatusBar took to complete: 11ms
05-23 09:26:36.012 957 957 V SystemUIBootTiming: StartServices com.android.systemui.statusbar.tv.VpnStatusObserver took to complete: 10ms
05-23 09:26:36.016 732 910 D HDMI : [S]: 40:8F
05-23 09:26:36.018 957 957 V SystemUIBootTiming: StartServices com.android.systemui.statusbar.tv.notifications.TvNotificationHandler took to complete: 6ms
05-23 09:26:36.019 957 957 V SystemUIBootTiming: StartServices com.android.systemui.statusbar.tv.notifications.TvNotificationPanel took to complete: 0ms
01-01 08:00:22.600 0 0 I [3 T484 ..] [wireless]: [usb_power_control] Set BT power on !
05-23 09:26:36.059 957 1021 D WindowManagerShell: TvPipController: onTaskStackChanged()
01-01 08:00:22.639 0 0 I [2 T1255 ..] BTI: amlbt_sdio_fops_open bt opened rf num:0xffffffff
01-01 08:00:22.639 0 0 I [2 T1255 ..] BTI: amlbt_sdio_fops_open, 0x20240820
01-01 08:00:22.640 0 0 I [2 T1255 ..] BTI: iccm start dw_state 0x0
01-01 08:00:22.641 0 0 I [2 T1255 ..] BTI: amlbt_sdio_char_write BT_fwICCM 0xf0d4000, BT_fwDCCM 0xebd5000
05-23 09:26:36.068 957 957 V SystemUIBootTiming: StartServices com.android.systemui.theme.ThemeOverlayController took to complete: 50ms
05-23 09:26:36.069 957 957 V SystemUIBootTiming: StartServices com.android.systemui.toast.ToastUI took to complete: 0ms
01-01 08:00:22.645 0 0 I [3 T1255 ..] BTI: dccm start
05-23 09:26:36.081 957 957 V SystemUIBootTiming: StartServices com.android.systemui.usb.StorageNotification took to complete: 12ms
05-23 09:26:36.086 957 957 V SystemUIBootTiming: StartServices com.android.systemui.user.ui.dialog.UserSwitcherDialogCoordinator took to complete: 5ms
01-01 08:00:22.671 0 0 I [3 T1255 ..] BTI: download finished!
01-01 08:00:22.671 0 0 I [3 T1255 ..] BTI: W E 0x40000,0x20000
01-01 08:00:22.671 0 0 I [3 T1255 ..] BTI: amlbt_sdio_char_read end
01-01 08:00:22.674 0 0 I [3 T1255 ..] BTI: BT set rf succeed!
01-01 08:00:22.674 0 0 I [3 T1255 ..] BTI: amlbt_sdio_char_write set rf num 0x2
01-01 08:00:22.674 0 0 I [3 T1255 ..] BTI: amlbt_sdio_fops_close BT closed
05-23 09:26:36.106 957 957 V SystemUIBootTiming: StartServices com.android.systemui.util.NotificationChannels took to complete: 19ms
05-23 09:26:36.113 957 957 V SystemUIBootTiming: StartServices com.android.systemui.util.leak.GarbageMonitor took to complete: 7ms
05-23 09:26:36.150 732 910 E HDMI : [1]:Failed to send 40:8F with errorCode=1
05-23 09:26:36.151 732 732 D HDMI : queryDisplayStatus status=-1
05-23 09:26:36.151 732 732 D AudioService: onStatusChange cecEnabled:true available:false
05-23 09:26:36.152 732 732 D HDMI : queryDisplayStatus status=-1
05-23 09:26:36.152 732 732 D AudioService: onStatusChange cecEnabled:true available:false
05-23 09:26:36.218 957 957 V SystemUIBootTiming: StartServices com.android.systemui.volume.VolumeUI took to complete: 96ms
05-23 09:26:36.227 957 957 V SystemUIBootTiming: StartServices com.android.systemui.wmshell.WMShell took to complete: 8ms
05-23 09:26:36.227 957 957 V SystemUIBootTiming: StartServices com.android.systemui.VendorServices took to complete: 0ms
05-23 09:26:36.227 957 957 V SystemUIBootTiming: StartServices took to complete: 750ms
05-23 09:26:36.298 732 745 D WindowManager: ThemeHomeDelay: Home launch was deferred.
05-23 09:26:36.314 732 745 D CompatibilityChangeReporter: Compat change id reported: 265464455; UID 1000; state: DISABLED
05-23 09:26:36.314 732 745 D CompatibilityChangeReporter: Compat change id reported: 265452344; UID 1000; state: DISABLED
05-23 09:26:36.315 732 745 D CompatibilityChangeReporter: Compat change id reported: 266124927; UID 1000; state: DISABLED
05-23 09:26:36.315 732 745 D CompatibilityChangeReporter: Compat change id reported: 265451093; UID 1000; state: DISABLED
05-23 09:26:36.315 732 745 D CompatibilityChangeReporter: Compat change id reported: 265456536; UID 1000; state: DISABLED
05-23 09:26:36.315 732 745 D CompatibilityChangeReporter: Compat change id reported: 255940284; UID 1000; state: DISABLED
05-23 09:26:36.315 732 745 D CompatibilityChangeReporter: Compat change id reported: 236283604; UID 1000; state: DISABLED
05-23 09:26:36.316 732 745 D CompatibilityChangeReporter: Compat change id reported: 263959004; UID 1000; state: DISABLED
05-23 09:26:36.317 732 745 D CompatibilityChangeReporter: Compat change id reported: 264304459; UID 1000; state: DISABLED
05-23 09:26:36.317 732 745 D CompatibilityChangeReporter: Compat change id reported: 264301586; UID 1000; state: DISABLED
05-23 09:26:36.318 732 745 D CompatibilityChangeReporter: Compat change id reported: 254631730; UID 1000; state: DISABLED
05-23 09:26:36.318 732 745 D CompatibilityChangeReporter: Compat change id reported: 273509367; UID 1000; state: DISABLED
05-23 09:26:36.319 732 745 D CompatibilityChangeReporter: Compat change id reported: 263259275; UID 1000; state: DISABLED
05-23 09:26:36.319 732 745 D CompatibilityChangeReporter: Compat change id reported: 174042980; UID 1000; state: DISABLED
05-23 09:26:36.319 732 745 D CompatibilityChangeReporter: Compat change id reported: 174042936; UID 1000; state: DISABLED
05-23 09:26:36.320 732 745 D CompatibilityChangeReporter: Compat change id reported: 181136395; UID 1000; state: DISABLED
05-23 09:26:36.377 732 745 D CompatibilityChangeReporter: Compat change id reported: 194480991; UID 1000; state: ENABLED
05-23 09:26:36.386 732 745 D CompatibilityChangeReporter: Compat change id reported: 197654537; UID 1000; state: ENABLED
05-23 09:26:36.390 732 745 I ActivityTaskManager: START u0 {act=android.intent.action.MAIN cat=[android.intent.category.HOME] flg=0x10000100 cmp=com.android.tv.settings/.system.FallbackHome (has extras)} with LAUNCH_MULTIPLE from uid 0 (BAL_ALLOW_ALLOWLISTED_UID) result code=0
05-23 09:26:36.396 732 756 I ActivityManager: com.android.tv.settings is exempt from freezer
05-23 09:26:36.397 732 756 D CompatibilityChangeReporter: Compat change id reported: 135634846; UID 1000; state: DISABLED
05-23 09:26:36.402 732 808 D SystemServerTiming: getUserSwitchability-0
05-23 09:26:36.402 732 808 D SystemServerTiming: TM.isInCall
05-23 09:26:36.403 732 808 V SystemServerTiming: TM.isInCall took to complete: 1ms
05-23 09:26:36.403 732 808 D SystemServerTiming: hasUserRestriction-DISALLOW_USER_SWITCH
05-23 09:26:36.403 732 808 V SystemServerTiming: hasUserRestriction-DISALLOW_USER_SWITCH took to complete: 0ms
05-23 09:26:36.403 732 808 D SystemServerTiming: getInt-ALLOW_USER_SWITCHING_WHEN_SYSTEM_USER_LOCKED
05-23 09:26:36.403 732 808 V SystemServerTiming: getInt-ALLOW_USER_SWITCHING_WHEN_SYSTEM_USER_LOCKED took to complete: 0ms
05-23 09:26:36.403 732 808 D SystemServerTiming: isUserUnlocked-USER_SYSTEM
05-23 09:26:36.403 732 808 V SystemServerTiming: isUserUnlocked-USER_SYSTEM took to complete: 0ms
05-23 09:26:36.403 732 808 V SystemServerTiming: getUserSwitchability-0 took to complete: 2ms
05-23 09:26:36.426 732 765 I ActivityManager: Start proc 1278:com.android.tv.settings/1000 for top-activity {com.android.tv.settings/com.android.tv.settings.system.FallbackHome}
05-23 09:26:36.442 732 745 D SystemServerTiming: getUserSwitchability-0
05-23 09:26:36.442 732 745 D SystemServerTiming: TM.isInCall
05-23 09:26:36.444 732 745 V SystemServerTiming: TM.isInCall took to complete: 1ms
05-23 09:26:36.444 732 745 D SystemServerTiming: hasUserRestriction-DISALLOW_USER_SWITCH
05-23 09:26:36.444 732 745 V SystemServerTiming: hasUserRestriction-DISALLOW_USER_SWITCH took to complete: 0ms
05-23 09:26:36.444 732 745 D SystemServerTiming: getInt-ALLOW_USER_SWITCHING_WHEN_SYSTEM_USER_LOCKED
05-23 09:26:36.444 732 745 V SystemServerTiming: getInt-ALLOW_USER_SWITCHING_WHEN_SYSTEM_USER_LOCKED took to complete: 0ms
05-23 09:26:36.444 732 745 D SystemServerTiming: isUserUnlocked-USER_SYSTEM
05-23 09:26:36.444 732 745 V SystemServerTiming: isUserUnlocked-USER_SYSTEM took to complete: 0ms
05-23 09:26:36.444 732 745 V SystemServerTiming: getUserSwitchability-0 took to complete: 1ms
05-23 09:26:36.455 732 842 W BroadcastLoopers: Found previously unknown looper Thread[BluetoothManagerService,5,main]
05-23 09:26:36.460 732 958 D SystemServerTiming: getUserSwitchability-0
05-23 09:26:36.460 732 958 D SystemServerTiming: TM.isInCall
05-23 09:26:36.461 732 958 V SystemServerTiming: TM.isInCall took to complete: 1ms
05-23 09:26:36.461 732 958 D SystemServerTiming: hasUserRestriction-DISALLOW_USER_SWITCH
05-23 09:26:36.461 732 958 V SystemServerTiming: hasUserRestriction-DISALLOW_USER_SWITCH took to complete: 0ms
05-23 09:26:36.461 732 958 D SystemServerTiming: getInt-ALLOW_USER_SWITCHING_WHEN_SYSTEM_USER_LOCKED
05-23 09:26:36.461 732 958 V SystemServerTiming: getInt-ALLOW_USER_SWITCHING_WHEN_SYSTEM_USER_LOCKED took to complete: 0ms
05-23 09:26:36.461 732 958 D SystemServerTiming: isUserUnlocked-USER_SYSTEM
05-23 09:26:36.461 732 958 V SystemServerTiming: isUserUnlocked-USER_SYSTEM took to complete: 0ms
05-23 09:26:36.461 732 958 V SystemServerTiming: getUserSwitchability-0 took to complete: 1ms
05-23 09:26:36.462 732 807 D CompatibilityChangeReporter: Compat change id reported: 168419799; UID 1000; state: DISABLED
05-23 09:26:36.462 732 807 D CompatibilityChangeReporter: Compat change id reported: 273564678; UID 1000; state: DISABLED
05-23 09:26:36.464 732 958 D SystemServerTiming: getUserSwitchability-0
05-23 09:26:36.464 732 958 D SystemServerTiming: TM.isInCall
05-23 09:26:36.465 732 958 V SystemServerTiming: TM.isInCall took to complete: 0ms
05-23 09:26:36.465 732 958 D SystemServerTiming: hasUserRestriction-DISALLOW_USER_SWITCH
05-23 09:26:36.465 732 958 V SystemServerTiming: hasUserRestriction-DISALLOW_USER_SWITCH took to complete: 0ms
05-23 09:26:36.465 732 958 D SystemServerTiming: getInt-ALLOW_USER_SWITCHING_WHEN_SYSTEM_USER_LOCKED
05-23 09:26:36.465 732 958 V SystemServerTiming: getInt-ALLOW_USER_SWITCHING_WHEN_SYSTEM_USER_LOCKED took to complete: 0ms
05-23 09:26:36.465 732 958 D SystemServerTiming: isUserUnlocked-USER_SYSTEM
05-23 09:26:36.465 732 958 V SystemServerTiming: isUserUnlocked-USER_SYSTEM took to complete: 0ms
05-23 09:26:36.465 732 958 V SystemServerTiming: getUserSwitchability-0 took to complete: 0ms
05-23 09:26:36.474 732 745 D SystemServerTiming: getUserSwitchability-0
05-23 09:26:36.474 732 745 D SystemServerTiming: TM.isInCall
05-23 09:26:36.474 732 745 V SystemServerTiming: TM.isInCall took to complete: 0ms
05-23 09:26:36.474 732 745 D SystemServerTiming: hasUserRestriction-DISALLOW_USER_SWITCH
05-23 09:26:36.474 732 745 V SystemServerTiming: hasUserRestriction-DISALLOW_USER_SWITCH took to complete: 0ms
05-23 09:26:36.474 732 745 D SystemServerTiming: getInt-ALLOW_USER_SWITCHING_WHEN_SYSTEM_USER_LOCKED
05-23 09:26:36.474 732 745 V SystemServerTiming: getInt-ALLOW_USER_SWITCHING_WHEN_SYSTEM_USER_LOCKED took to complete: 0ms
05-23 09:26:36.474 732 745 D SystemServerTiming: isUserUnlocked-USER_SYSTEM
05-23 09:26:36.474 732 745 V SystemServerTiming: isUserUnlocked-USER_SYSTEM took to complete: 0ms
05-23 09:26:36.474 732 745 V SystemServerTiming: getUserSwitchability-0 took to complete: 1ms
05-23 09:26:36.499 732 732 D HdmiCecController: [P]:AllocatedAddress=[]
05-23 09:26:36.500 732 732 D HDMI : addCecDevice new:CEC: logical_address: 0x04 device_type: 4 cec_version: 5 vendor_id: 1877008 display_name: DBBOX-A3 power_status: 0 physical_address: 0xFFFF port_id: 0 old:null
05-23 09:26:36.500 732 732 D HDMI : Hot-plug detection started.
01-01 08:00:23.112 0 0 I [3 T937 ..] [snd-soc]: drc high cut scale set to 0%
01-01 08:00:23.112 0 0 I [3 T937 ..] [snd-soc]: drc low boost scale set to 0%
01-01 08:00:23.113 0 0 I [2 T937 ..] [snd-soc]: drc mode set to RF
05-23 09:26:36.601 732 807 V WindowManager: app ------------- force_land :0
05-23 09:26:36.602 732 807 V WindowManager: app ------------- force_land :0
05-23 09:26:36.716 732 807 W WindowManager: [addWindow] title:com.android.tv.settings/com.android.tv.settings.system.FallbackHome
05-23 09:26:36.726 732 807 D CoreBackPreview: Window{b68f22c u0 com.android.tv.settings/com.android.tv.settings.system.FallbackHome}: Setting back callback OnBackInvokedCallbackInfo{mCallback=android.window.IOnBackInvokedCallback$Stub$Proxy@d890518, mPriority=0, mIsAnimationCallback=false}
01-01 08:00:23.348 0 0 I [3 T937 ..] [snd-soc]: dts_dec_control/0x0
05-23 09:26:36.787 1093 1093 W ContextImpl: Calling a method in the system process without a qualified user: android.app.ContextImpl.startService:1899 android.content.ContextWrapper.startService:825 com.droidlogic.DroidlogicApplication$1.handleMessage:93 android.os.Handler.dispatchMessage:106 android.os.Looper.loopOnce:205
05-23 09:26:36.837 732 754 W ContextImpl: Calling a method in the system process without a qualified user: android.app.ContextImpl.startService:1899 com.android.server.wm.DisplayPolicy.lambda$focusChangedLw$5:2126 com.android.server.wm.DisplayPolicy.$r8$lambda$Znxk63oh-WzVnzo_WQefN7uxV48:0 com.android.server.wm.DisplayPolicy$$ExternalSyntheticLambda13.run:0 android.os.Handler.handleCallback:958
05-23 09:26:36.838 732 754 W ActivityManager: Unable to start service Intent { cmp=com.oranth.ledstatus/.LedStatusService } U=0: not found
05-23 09:26:36.844 732 753 V WindowManager: Sent Transition #0 createdAt=05-23 09:26:35.448
05-23 09:26:36.844 732 753 V WindowManager: startWCT=WindowContainerTransaction { changes = {} hops = [] errorCallbackToken=null taskFragmentOrganizer=null }
05-23 09:26:36.844 732 753 V WindowManager: info=null
05-23 09:26:36.850 732 753 V WindowManager: Finish Transition #0: created at
05-23 09:26:35.448 collect-started=0.221ms request-sent=0.268ms started=8.445ms ready=1156.892ms sent=1388.629ms finished=1401.272ms
05-23 09:26:36.854 732 756 D ActivityManagerTiming: FinishBooting
05-23 09:26:36.856 732 756 D WindowManager: updateCecScreenStatus 0
05-23 09:26:36.856 732 756 D HDMI : setCecSettingIntValue name:cec_screen_state, value:0
05-23 09:26:36.857 732 732 I HDMI : screen state is changing to 0
05-23 09:26:36.899 732 894 D CompatibilityChangeReporter: Compat change id reported: 171306433; UID 1000; state: ENABLED
05-23 09:26:36.900 732 894 D CompatibilityChangeReporter: Compat change id reported: 218533173; UID 1000; state: ENABLED
01-01 08:00:23.508 0 0 I [2 T688 ..] audio_ddr_mngr: frddrs[1] released by device fe330000.audiobus:spdif@0
01-01 08:00:23.509 0 0 D [2 T688 ..] [snd-soc]: spdif_a is set to disable
01-01 08:00:23.509 0 0 I [2 T688 ..] [snd-soc]: aml_audio_reset, reg 0xa, shift 9, use_vadtop 0
01-01 08:00:23.510 0 0 I [2 T688 ..] [snd-soc]: aml_audio_reset, reg 0xa, shift 14, use_vadtop 0
01-01 08:00:23.511 0 0 I [2 T688 ..] [snd-soc]: hdmitx src switch to spdif 0
01-01 08:00:23.511 0 0 I [2 T688 ..] [snd-soc]: sharebuffer_spdifout_prepare get_hdmitx_audio_src(rtd->card):0 spdif_id:0
01-01 08:00:23.513 0 0 I [2 T688 ..] [hdmitx: ] hdmitx_audio_notify_callback[804] type:1 rate:0 size:0 chs:0 i2s_ch_mask:0 aud_src_if:0
01-01 08:00:23.514 0 0 E [2 T688 ..] [hdmitx: ] *HDMITX_ERROR* audio chn setting, must be 2, 4, 6 or 8, Rst as def
01-01 08:00:23.515 0 0 I [3 T688 ..] [hdmitx: ] aout notify format CT_PCM
01-01 08:00:23.516 0 0 I [3 T688 ..] [hdmitx: ] set audio
01-01 08:00:23.516 0 0 I [3 T688 ..] [hdmitx: ] audio_param->chs = -1
01-01 08:00:23.517 0 0 I [3 T688 ..] [hdmitx: ] aud_src_if = 0
01-01 08:00:23.518 0 0 I [3 T688 ..] [hdmitx: ] set audio param
01-01 08:00:23.518 0 0 D [3 T688 ..] [snd-soc]: spdif_a fifo ctrl, frddr:0 type:1, 16 bits, chmask 0x3, swap 0x10
01-01 08:00:23.518 0 0 I [3 T688 ..] [hdmitx: ] hdmitx_audio_notify_callback[804] type:1 rate:3 size:1 chs:2 i2s_ch_mask:1 aud_src_if:0
01-01 08:00:23.520 0 0 I [3 T688 ..] [hdmitx: ] aout notify format CT_PCM
01-01 08:00:23.520 0 0 I [3 T688 ..] [hdmitx: ] set audio
01-01 08:00:23.521 0 0 I [3 T688 ..] [hdmitx: ] audio_param->chs = 1
01-01 08:00:23.521 0 0 I [3 T688 ..] [hdmitx: ] aud_src_if = 0
01-01 08:00:23.522 0 0 I [3 T688 ..] [hdmitx: ] set audio param
01-01 08:00:23.526 0 0 D [3 T688 ..] [snd-soc]: spdif_a is set to enable
