05-23 15:40:35.753 0 0 I : [2 T2669 ..] [drm] am_meson_crtc_atomic_enable-[0] in: new[dummy_l], old[], vmode[7-4], uboot[0]
05-23 15:40:35.754 0 0 I : [2 T2669 ..] [drm] am_meson_crtc_atomic_enable-[0]: enable mode dummy_l final vmode 7
05-23 15:40:35.755 0 0 I : [2 T2669 ..] dummy_encl_set_current_vmode finished
05-23 15:40:35.756 0 0 I : [2 T2669 ..] [drm] meson_vout_update_mode_name: dummy update vout 1 name dummy_l.
05-23 15:40:35.757 0 0 I : [2 T2669 ..] [drm] meson_dummyl_encoder_atomic_enable: vmode:7 skip atomic enable!
05-23 15:40:35.772 0 0 I : [2 T2669 ..] [drm] am_meson_drm_pm_resume: done
05-23 15:40:35.772 0 0 I : [2 T2669 ..] amlvideo2.0 resume ok
05-23 15:40:35.772 0 0 I : [2 T2669 ..] amlvideo2.1 resume ok
05-23 15:40:35.773 0 0 I : [3 T2705 d.] usb usb1: root hub lost power or was reset
05-23 15:40:35.773 0 0 I [2 T71 ..] [snd-codec-t9015]: no call standard reset interface
05-23 15:40:35.773 0 0 I : [1 T2712 d.] usb usb3: root hub lost power or was reset
05-23 15:40:35.774 0 0 I : [1 T2712 d.] usb usb4: root hub lost power or was reset
05-23 15:40:35.774 0 0 I : [3 T2705 d.] usb usb2: root hub lost power or was reset
05-23 15:40:35.775 0 0 I [2 T2669 ..] BTI: amlbt_sdio_resume
05-23 15:40:35.778 0 0 W : [1 T2713 ..] >>> aml_cfg80211_resume()
05-23 15:40:35.778 0 0 W : [1 T2713 ..] >>> aml_ps_wow_resume()
05-23 15:40:35.779 0 0 W : [1 T2713 ..] >>> aml_send_suspend_req()
05-23 15:40:35.779 0 0 W : [1 T2713 ..] >>> aml_send_msg()
05-23 15:40:35.780 0 0 W : [3 T1089 ..] ipc_sdio_host_msgack_handler 0000000007c355ce
05-23 15:40:35.781 0 0 W : [3 T1089 ..] [aml_msgackind 2038] msg ack hostid=0xffffff8081fe7e80
05-23 15:40:35.782 0 0 W : [3 T1089 ..] [cmd_mgr_llind 329] cmd tkn[211] flags:0008 result: -4 cmd: 105-MM_SUB_SET_SUSPEND_REQ - reqcfm(1023-none)
05-23 15:40:35.783 0 0 W : [3 T1089 ..] [cmd_complete 65] cmd tkn[211] flags:0000 result: -4 cmd: 105-MM_SUB_SET_SUSPEND_REQ - reqcfm(1023-none)
05-23 15:40:35.785 0 0 W : [1 T2713 ..] [aml_send_me_set_ps_mode 2111] set power save mode:0
05-23 15:40:35.785 0 0 W : [1 T2713 ..] >>> aml_send_msg()
05-23 15:40:35.801 0 0 W : [3 T1089 ..] ipc_sdio_host_msgack_handler 0000000007c355ce
05-23 15:40:35.801 0 0 W : [3 T1089 ..] [aml_msgackind 2038] msg ack hostid=0xffffff8081fe7e80
05-23 15:40:35.802 0 0 W : [3 T1089 ..] [cmd_mgr_llind 329] cmd tkn[212] flags:001a result: -4 cmd:5139-ME_SET_PS_MODE_REQ - reqcfm(5140-ME_SET_PS_MODE_CFM)
05-23 15:40:35.805 0 0 W : [3 T1089 ..] [cmd_mgr_msgind 409] cmd tkn[212] flags:0012 result: -4 cmd:5139-ME_SET_PS_MODE_REQ - reqcfm(5140-ME_SET_PS_MODE_CFM)
05-23 15:40:35.806 0 0 W : [3 T1089 ..] [cmd_complete 65] cmd tkn[212] flags:0002 result: -4 cmd:5139-ME_SET_PS_MODE_REQ - reqcfm(5140-ME_SET_PS_MODE_CFM)
05-23 15:40:35.808 0 0 W : [1 T2713 ..] >>> aml_send_arp_agent_req()
05-23 15:40:35.809 0 0 W : [1 T2713 ..] >>> aml_send_msg()
05-23 15:40:35.811 0 0 W : [3 T1089 ..] ipc_sdio_host_msgack_handler 00000000f61745d3
05-23 15:40:35.811 0 0 W : [3 T1089 ..] [aml_msgackind 2038] msg ack hostid=0xffffff8081fe7d80
05-23 15:40:35.812 0 0 W : [3 T1089 ..] [cmd_mgr_llind 329] cmd tkn[213] flags:0008 result: -4 cmd: 105-MM_SUB_ARP_AGENT_REQ - reqcfm( 0-none)
05-23 15:40:35.813 0 0 W : [3 T1089 ..] [cmd_complete 65] cmd tkn[213] flags:0000 result: -4 cmd: 105-MM_SUB_ARP_AGENT_REQ - reqcfm( 0-none)
05-23 15:40:35.815 0 0 W : [1 T2713 ..] >>> aml_send_msg()
05-23 15:40:35.816 0 0 W : [3 T1089 ..] ipc_sdio_host_msgack_handler 00000000f61745d3
05-23 15:40:35.816 0 0 W : [3 T1089 ..] [aml_msgackind 2038] msg ack hostid=0xffffff8081fe7d80
05-23 15:40:35.817 0 0 W : [3 T1089 ..] [cmd_mgr_llind 329] cmd tkn[214] flags:0008 result: -4 cmd: 105-MM_SUB_TKO_ACTIVATE_REQ - reqcfm( 0-none)
05-23 15:40:35.819 0 0 W : [3 T1089 ..] [cmd_complete 65] cmd tkn[214] flags:0000 result: -4 cmd: 105-MM_SUB_TKO_ACTIVATE_REQ - reqcfm( 0-none)
05-23 15:40:35.821 0 0 W : [1 T2713 ..] >>> aml_send_dhcp_req()
05-23 15:40:35.821 0 0 W : [1 T2713 ..] >>> aml_send_msg()
05-23 15:40:35.822 0 0 W : [3 T1089 ..] ipc_sdio_host_msgack_handler 00000000f61745d3
05-23 15:40:35.822 0 0 W : [3 T1089 ..] [aml_msgackind 2038] msg ack hostid=0xffffff8081fe7d80
05-23 15:40:35.823 0 0 W : [3 T1089 ..] [cmd_mgr_llind 329] cmd tkn[215] flags:0008 result: -4 cmd: 105-MM_SUB_DHCP_REQ - reqcfm( 0-none)
05-23 15:40:35.825 0 0 W : [3 T1089 ..] [cmd_complete 65] cmd tkn[215] flags:0000 result: -4 cmd: 105-MM_SUB_DHCP_REQ - reqcfm( 0-none)
05-23 15:40:35.827 0 0 W : [1 T2713 ..] >>> aml_send_msg()
05-23 15:40:35.827 0 0 W : [3 T1089 ..] ipc_sdio_host_msgack_handler 00000000f61745d3
05-23 15:40:35.828 0 0 W : [3 T1089 ..] [aml_msgackind 2038] msg ack hostid=0xffffff8081fe7d80
05-23 15:40:35.829 0 0 W : [3 T1089 ..] [cmd_mgr_llind 329] cmd tkn[216] flags:0008 result: -4 cmd: 105-MM_SCAN_HANG - reqcfm( 0-none)
05-23 15:40:35.830 0 0 W : [3 T1089 ..] [cmd_complete 65] cmd tkn[216] flags:0000 result: -4 cmd: 105-MM_SCAN_HANG - reqcfm( 0-none)
05-23 15:40:35.832 0 0 W : [3 T1089 ..] fmac scan_hang state:0
05-23 15:40:35.832 0 0 W : [1 T2713 ..] set_scan_hang, flag:0, [aml_ps_wow_resume 5095]
05-23 15:40:35.833 0 0 W : [1 T2713 ..] aml_cfg80211_resume,5397, resume is ok
05-23 15:40:35.931 0 0 I [0 T2669 ..] cec: wakeup_reason:0x5
05-23 15:40:35.931 0 0 I [0 T2669 ..] cec: aml_cec_pm_complete
05-23 15:40:35.932 0 0 I : [0 T2669 ..] OOM killer enabled.
05-23 15:40:35.932 0 0 I : [0 T2669 ..] Restarting tasks ...
05-23 15:40:35.939 0 0 W : [2 T2669 ..] done.
05-23 15:40:35.940 0 0 I : [2 T2669 d.] Resume cause unknown
05-23 15:40:35.940 0 0 I [2 T2669 ..] [pm]: reboot_pm_cb called. pm_event:4.
05-23 15:40:35.941 0 0 I [2 T2669 ..] PM: suspend exit
05-23 15:40:35.969 0 0 W [2 T4153 ..] audit: audit_lost=253 audit_rate_limit=5 audit_backlog_limit=64
05-23 15:40:35.969 0 0 E [2 T4153 ..] audit: rate limit exceeded
05-23 15:40:36.029 0 0 W : [3 T3818 ..] [SP FRAME TX] arp req,vif_idx:0 sender:[1c:79:2d:20:62:97 192.168.3.167]receiver:[00:00:00:00:00:00 192.168.3.53]
05-23 15:40:36.037 0 0 I : [0 T2702 ..] [TEE] E/TC:1 INFO: BL3-2: Secure Timer Initialized.
05-23 15:40:36.043 0 0 I [2 T71 ..] [snd-codec-t9015]: aml_T9015_audio_set_bias_level
05-23 15:40:36.043 0 0 I [2 T71 ..] [snd-soc]: it is card_post_resume
05-23 15:40:36.044 0 0 I [0 T2702 ..] [snd-codec-t9015]: aml_T9015_audio_set_bias_level
05-23 15:40:36.044 0 0 I [0 T2702 ..] [snd-codec-t9015]: aml_T9015_audio_set_bias_level
05-23 15:40:36.045 0 0 I [2 T669 ..] [snd-soc]: aml_audio_reset, reg 0xa, shift 9, use_vadtop 0
05-23 15:40:36.046 0 0 I [2 T669 ..] [snd-soc]: aml_audio_reset, reg 0xa, shift 14, use_vadtop 0
05-23 15:40:36.047 0 0 I [2 T669 ..] [hdmitx: ] hdmitx_audio_notify_callback[804] type:1 rate:0 size:0 chs:0 i2s_ch_mask:0 aud_src_if:0
05-23 15:40:36.048 0 0 E [2 T669 ..] [hdmitx: ] *HDMITX_ERROR* audio chn setting, must be 2, 4, 6 or 8, Rst as def
05-23 15:40:36.050 0 0 I [2 T669 ..] [hdmitx: ] aout notify format CT_PCM
05-23 15:40:36.050 0 0 I [2 T669 ..] [hdmitx: ] set audio
05-23 15:40:36.051 0 0 I [2 T669 ..] [hdmitx: ] audio_param->chs = -1
05-23 15:40:36.051 0 0 I [2 T669 ..] [hdmitx: ] aud_src_if = 0
05-23 15:40:36.052 0 0 I [2 T669 ..] [hdmitx: ] set audio param
05-23 15:40:36.053 0 0 I [2 T669 ..] [hdmitx: ] hdmitx_audio_notify_callback[804] type:2 rate:3 size:1 chs:2 i2s_ch_mask:1 aud_src_if:0
05-23 15:40:36.054 0 0 I [2 T669 ..] [hdmitx: ] aout notify format CT_AC_3
05-23 15:40:36.055 0 0 I [2 T669 ..] [hdmitx: ] set audio
05-23 15:40:36.055 0 0 I [2 T669 ..] [hdmitx: ] audio_param->chs = 1
05-23 15:40:36.056 0 0 I [2 T669 ..] [hdmitx: ] aud_src_if = 0
05-23 15:40:36.056 0 0 I [2 T669 ..] [hdmitx: ] set audio param
05-23 15:40:36.057 0 0 D [2 T669 ..] [snd-soc]: aml_spdif_fifo_ctrl, bit depth:16, frddr type:1, toddr:type:1
05-23 15:40:36.062 0 0 I [2 T669 ..] [snd-soc]: aml_audio_reset, reg 0xa, shift 9, use_vadtop 0
05-23 15:40:36.063 0 0 I [2 T669 ..] [snd-soc]: aml_audio_reset, reg 0xa, shift 14, use_vadtop 0
05-23 15:40:36.064 0 0 I [2 T669 ..] [hdmitx: ] hdmitx_audio_notify_callback[804] type:1 rate:0 size:0 chs:0 i2s_ch_mask:0 aud_src_if:0
05-23 15:40:36.065 0 0 E [2 T669 ..] [hdmitx: ] *HDMITX_ERROR* audio chn setting, must be 2, 4, 6 or 8, Rst as def
05-23 15:40:36.066 0 0 I [2 T669 ..] [hdmitx: ] aout notify format CT_PCM
05-23 15:40:36.067 0 0 I [2 T669 ..] [hdmitx: ] set audio
05-23 15:40:36.067 0 0 I [2 T669 ..] [hdmitx: ] audio_param->chs = -1
05-23 15:40:36.068 0 0 I [2 T669 ..] [hdmitx: ] aud_src_if = 0
05-23 15:40:36.069 0 0 I [2 T669 ..] [hdmitx: ] set audio param
05-23 15:40:36.069 0 0 I [2 T669 ..] [hdmitx: ] hdmitx_audio_notify_callback[804] type:2 rate:3 size:1 chs:2 i2s_ch_mask:1 aud_src_if:0
05-23 15:40:36.071 0 0 I [2 T669 ..] [hdmitx: ] aout notify format CT_AC_3
05-23 15:40:36.071 0 0 I [2 T669 ..] [hdmitx: ] set audio
05-23 15:40:36.072 0 0 I [2 T669 ..] [hdmitx: ] audio_param->chs = 1
05-23 15:40:36.072 0 0 I [2 T669 ..] [hdmitx: ] aud_src_if = 0
05-23 15:40:36.073 0 0 I [2 T669 ..] [hdmitx: ] set audio param
05-23 15:40:36.074 0 0 D [2 T669 ..] [snd-soc]: aml_spdif_fifo_ctrl, bit depth:16, frddr type:1, toddr:type:1
05-23 15:40:36.118 0 0 I [0 T744 ..] [mmc]: tuning-c:4, tuning-s:5
05-23 15:40:36.118 0 0 I [0 T744 ..] [mmc]: mmc0: clk= 0x10000206, adj = 0x42000, dly1 = 0, dly2 = 0
05-23 15:40:36.121 0 0 I [2 T744 ..] [mmc]: aml_sd_emmc_clktest [864] clktest : 7680, delay_cell: 83, count: 30
05-23 15:40:36.121 0 0 I [2 T744 ..] [mmc]: [set_emmc_nwr_clks], delay1: 0x0, delay2: 0x0
05-23 15:40:36.260 0 0 I [1 T744 ..] [mmc]: cmd-best-c:17, cmd-best-size:31
05-23 15:40:36.361 0 0 I [0 T744 ..] [mmc]: ds_sht:15, window:24, intf3:0x40f008, clock:0x100e0003, adjust:0x0
05-23 15:40:36.485 0 0 W : [0 T0 .s] [SP FRAME TX] arp req,vif_idx:0 sender:[1c:79:2d:20:62:97 192.168.3.167]receiver:[00:00:00:00:00:00 192.168.3.53]
05-23 15:40:37.509 0 0 W : [0 T0 .s] [SP FRAME TX] arp req,vif_idx:0 sender:[1c:79:2d:20:62:97 192.168.3.167]receiver:[00:00:00:00:00:00 192.168.3.53]
05-23 15:40:38.533 0 0 W : [0 T0 .s] [SP FRAME TX] arp req,vif_idx:0 sender:[1c:79:2d:20:62:97 192.168.3.167]receiver:[00:00:00:00:00:00 192.168.3.53]
05-23 15:40:39.557 0 0 W : [0 T0 .s] [SP FRAME TX] arp req,vif_idx:0 sender:[1c:79:2d:20:62:97 192.168.3.167]receiver:[00:00:00:00:00:00 192.168.3.53]
05-23 15:40:39.813 0 0 I [0 T541 ..] rx_pkt_counter: 0
05-23 15:40:39.814 0 0 E : [0 T541 ..] meson8b-dwmac fe368000.ethernet eth0: Reset adapter.
05-23 15:40:39.934 0 0 I : [0 T541 ..] meson8b-dwmac fe368000.ethernet eth0: PHY [0.0:00] driver [Generic PHY] (irq=POLL)
05-23 15:40:39.936 0 0 I : [0 T541 ..] meson8b-dwmac fe368000.ethernet eth0: Register MEM_TYPE_PAGE_POOL RxQ-0
05-23 15:40:40.581 0 0 W : [0 T0 .s] [SP FRAME TX] arp req,vif_idx:0 sender:[1c:79:2d:20:62:97 192.168.3.167]receiver:[00:00:00:00:00:00 192.168.3.53]
05-23 15:40:40.947 0 0 E : [0 T541 ..] meson8b-dwmac fe368000.ethernet: Failed to reset the dma
05-23 15:40:40.947 0 0 E : [0 T541 ..] meson8b-dwmac fe368000.ethernet eth0: stmmac_hw_setup: DMA engine initialization failed
05-23 15:40:40.948 0 0 E : [0 T541 ..] meson8b-dwmac fe368000.ethernet eth0: stmmac_open: Hw setup failed
05-23 15:40:41.605 0 0 W : [0 T0 .s] [SP FRAME TX] arp req,vif_idx:0 sender:[1c:79:2d:20:62:97 192.168.3.167]receiver:[00:00:00:00:00:00 192.168.3.53]
05-23 15:40:42.629 0 0 W : [0 T0 .s] [SP FRAME TX] arp req,vif_idx:0 sender:[1c:79:2d:20:62:97 192.168.3.167]receiver:[00:00:00:00:00:00 192.168.3.53]
05-23 15:40:43.397 0 0 W : [1 T310 ..] [aml_send_sync_trace 4388] sync token[9806]
05-23 15:40:43.397 0 0 W : [1 T310 ..] >>> aml_send_msg()
05-23 15:40:43.398 0 0 W : [3 T1089 ..] ipc_sdio_host_msgack_handler 00000000af51db2a
05-23 15:40:43.399 0 0 W : [3 T1089 ..] [aml_msgackind 2038] msg ack hostid=0xffffff8081fe7480
05-23 15:40:43.400 0 0 W : [3 T1089 ..] [cmd_mgr_llind 329] cmd tkn[217] flags:0008 result: -4 cmd: 105-MM_SYNC_TRACE - reqcfm( 0-none)
05-23 15:40:43.401 0 0 W : [3 T1089 ..] [cmd_complete 65] cmd tkn[217] flags:0000 result: -4 cmd: 105-MM_SYNC_TRACE - reqcfm( 0-none)
05-23 15:40:43.657 0 0 W : [0 T0 .s] [SP FRAME TX] arp req,vif_idx:0 sender:[1c:79:2d:20:62:97 192.168.3.167]receiver:[00:00:00:00:00:00 192.168.3.53]
05-23 15:40:44.517 0 0 W : [3 T3070 ..] [SP FRAME TX] arp req,vif_idx:0 sender:[1c:79:2d:20:62:97 192.168.3.167]receiver:[00:00:00:00:00:00 192.168.3.79]
05-23 15:40:44.521 0 0 W : [2 T1090 ..] [SP FRAME RX] arp rsp,vif_idx:0 sender:[42:ce:b4:af:a6:d3 192.168.3.79]receiver:[1c:79:2d:20:62:97 192.168.3.167]
05-23 15:40:44.677 0 0 W : [0 T0 .s] [SP FRAME TX] arp req,vif_idx:0 sender:[1c:79:2d:20:62:97 192.168.3.167]receiver:[00:00:00:00:00:00 192.168.3.53]
05-23 15:40:45.701 0 0 W : [0 T0 .s] [SP FRAME TX] arp req,vif_idx:0 sender:[1c:79:2d:20:62:97 192.168.3.167]receiver:[00:00:00:00:00:00 192.168.3.53]
05-23 15:40:46.306 0 0 W : [2 T1090 ..] [SP FRAME RX] arp req,vif_idx:0 sender:[32:08:ae:4d:23:4b 192.168.3.154]receiver:[00:00:00:00:00:00 192.168.3.167]
05-23 15:40:46.307 0 0 W : [2 T1090 ..] [SP FRAME TX] arp rsp,vif_idx:0 sender:[1c:79:2d:20:62:97 192.168.3.167]receiver:[32:08:ae:4d:23:4b 192.168.3.154]
05-23 15:40:46.725 0 0 W : [2 T0 .s] [SP FRAME TX] arp req,vif_idx:0 sender:[1c:79:2d:20:62:97 192.168.3.167]receiver:[00:00:00:00:00:00 192.168.3.154]
05-23 15:40:46.726 0 0 W : [2 T0 .s] [SP FRAME TX] arp req,vif_idx:0 sender:[1c:79:2d:20:62:97 192.168.3.167]receiver:[00:00:00:00:00:00 192.168.3.53]
05-23 15:40:46.731 0 0 W : [2 T1090 ..] [SP FRAME RX] arp rsp,vif_idx:0 sender:[32:08:ae:4d:23:4b 192.168.3.154]receiver:[1c:79:2d:20:62:97 192.168.3.167]
05-23 15:40:47.749 0 0 W : [0 T0 .s] [SP FRAME TX] arp req,vif_idx:0 sender:[1c:79:2d:20:62:97 192.168.3.167]receiver:[00:00:00:00:00:00 192.168.3.53]
05-23 15:40:48.512 0 0 W : [2 T1090 ..] [SP FRAME RX] DHCP[0 1], vif_idx:0
05-23 15:40:48.773 0 0 W : [0 T0 .s] [SP FRAME TX] arp req,vif_idx:0 sender:[1c:79:2d:20:62:97 192.168.3.167]receiver:[00:00:00:00:00:00 192.168.3.53]
05-23 15:40:49.797 0 0 W : [0 T0 .s] [SP FRAME TX] arp req,vif_idx:0 sender:[1c:79:2d:20:62:97 192.168.3.167]receiver:[00:00:00:00:00:00 192.168.3.53]
05-23 15:40:50.053 0 0 I [2 T2669 ..] PM: suspend entry (deep)
05-23 15:40:50.063 0 0 I : [3 T2669 ..] Filesystems sync: 0.009 seconds
05-23 15:40:50.063 0 0 I [3 T2669 ..] [pm]: reboot_pm_cb called. pm_event:3.
05-23 15:40:50.064 0 0 I : [3 T2669 ..] Freezing user space processes ... (elapsed 0.004 seconds) done.
05-23 15:40:50.068 0 0 I : [3 T2669 ..] OOM killer disabled.
05-23 15:40:50.069 0 0 I : [3 T2669 ..] Freezing remaining freezable tasks ... (elapsed 0.009 seconds) done.
05-23 15:40:50.079 0 0 I [3 T2669 ..] cec: aml_cec_pm_prepare
05-23 15:40:50.082 0 0 W : [0 T541 ..] aml_cfg80211_suspend enter 5314
05-23 15:40:50.082 0 0 W : [0 T541 ..] >>> aml_cfg80211_suspend()
05-23 15:40:50.083 0 0 W : [0 T541 ..] >>> aml_ps_wow_suspend()
05-23 15:40:50.083 0 0 I [3 T2669 ..] BTI: amlbt_sdio_suspend RG_AON_A52:0x4000006
05-23 15:40:50.083 0 0 W : [0 T541 ..] set_scan_hang, flag:1, [aml_cancel_scan 4851]
05-23 15:40:50.085 0 0 W : [0 T541 ..] >>> aml_send_scanu_cancel_req()
05-23 15:40:50.085 0 0 W : [0 T541 ..] >>> aml_send_msg()
05-23 15:40:50.086 0 0 I [2 T2669 ..] BTI: RG_AON_A52:0x4000006
05-23 15:40:50.086 0 0 I [2 T2669 ..] BTI: amlbt_sdio_suspend
05-23 15:40:50.087 0 0 W : [3 T1089 ..] ipc_sdio_host_msgack_handler 0000000031aa1f25
05-23 15:40:50.087 0 0 I [2 T2669 ..] [snd-soc]: it is card_pre_suspend
05-23 15:40:50.088 0 0 W : [3 T1089 ..] [aml_msgackind 2038] msg ack hostid=0xffffff80000c4c80
05-23 15:40:50.089 0 0 I [1 T63 ..] [snd-codec-t9015]: aml_T9015_audio_set_bias_level
05-23 15:40:50.090 0 0 W : [3 T1089 ..] [cmd_mgr_llind 329] cmd tkn[218] flags:001a result: -4 cmd: 105-MM_SUB_SCANU_CANCEL_REQ - reqcfm(16385-unknown)
05-23 15:40:50.090 0 0 W : [3 T1089 ..] [cmd_mgr_msgind 409] cmd tkn[218] flags:0012 result: -4 cmd: 105-MM_SUB_SCANU_CANCEL_REQ - reqcfm(16385-unknown)
05-23 15:40:50.091 0 0 I [1 T63 ..] [snd-codec-t9015]: aml_T9015_audio_set_bias_level
05-23 15:40:50.092 0 0 W : [3 T1089 ..] aml_scanu_cancel_cfm 2046: status:1, vif_id=0
05-23 15:40:50.094 0 0 I [2 T2669 ..] [snd-codec-t9015]: aml_T9015_audio_suspend!
05-23 15:40:50.095 0 0 W : [3 T1089 ..] [cmd_complete 65] cmd tkn[218] flags:0002 result: -4 cmd: 105-MM_SUB_SCANU_CANCEL_REQ - reqcfm(16385-unknown)
05-23 15:40:50.095 0 0 I [2 T2669 ..] [snd-codec-t9015]: aml_T9015_audio_set_bias_level
05-23 15:40:50.096 0 0 W : [0 T541 ..] >>> aml_send_arp_agent_req()
05-23 15:40:50.099 0 0 W : [0 T541 ..] >>> aml_send_msg()
05-23 15:40:50.100 0 0 W : [3 T1089 ..] ipc_sdio_host_msgack_handler 00000000cb86a4fb
05-23 15:40:50.101 0 0 W : [3 T1089 ..] [aml_msgackind 2038] msg ack hostid=0xffffff801f0ca780
05-23 15:40:50.102 0 0 W : [3 T1089 ..] [cmd_mgr_llind 329] cmd tkn[219] flags:0008 result: -4 cmd: 105-MM_SUB_ARP_AGENT_REQ - reqcfm( 0-none)
05-23 15:40:50.103 0 0 W : [3 T1089 ..] [cmd_complete 65] cmd tkn[219] flags:0000 result: -4 cmd: 105-MM_SUB_ARP_AGENT_REQ - reqcfm( 0-none)
05-23 15:40:50.105 0 0 W : [1 T541 ..] >>> aml_send_msg()
05-23 15:40:50.105 0 0 W : [3 T1089 ..] ipc_sdio_host_msgack_handler 000000005e796ffd
05-23 15:40:50.106 0 0 W : [3 T1089 ..] [aml_msgackind 2038] msg ack hostid=0xffffff8081fe7a00
05-23 15:40:50.107 0 0 W : [3 T1089 ..] [cmd_mgr_llind 329] cmd tkn[220] flags:0008 result: -4 cmd: 105-MM_SUB_TKO_ACTIVATE_REQ - reqcfm( 0-none)
05-23 15:40:50.109 0 0 W : [3 T1089 ..] [cmd_complete 65] cmd tkn[220] flags:0000 result: -4 cmd: 105-MM_SUB_TKO_ACTIVATE_REQ - reqcfm( 0-none)
05-23 15:40:50.110 0 0 W : [1 T541 ..] >>> aml_send_dhcp_req()
05-23 15:40:50.111 0 0 W : [1 T541 ..] >>> aml_send_msg()
05-23 15:40:50.111 0 0 W : [3 T1089 ..] ipc_sdio_host_msgack_handler 000000005e796ffd
05-23 15:40:50.112 0 0 W : [3 T1089 ..] [aml_msgackind 2038] msg ack hostid=0xffffff8081fe7a00
05-23 15:40:50.113 0 0 W : [3 T1089 ..] [cmd_mgr_llind 329] cmd tkn[221] flags:0008 result: -4 cmd: 105-MM_SUB_DHCP_REQ - reqcfm( 0-none)
05-23 15:40:50.115 0 0 W : [3 T1089 ..] [cmd_complete 65] cmd tkn[221] flags:0000 result: -4 cmd: 105-MM_SUB_DHCP_REQ - reqcfm( 0-none)
05-23 15:40:50.116 0 0 W : [1 T541 ..] [aml_send_me_set_ps_mode 2111] set power save mode:1
05-23 15:40:50.116 0 0 W : [1 T541 ..] >>> aml_send_msg()
05-23 15:40:50.118 0 0 W : [3 T1089 ..] ipc_sdio_host_msgack_handler 000000005e796ffd
05-23 15:40:50.118 0 0 W : [3 T1089 ..] [aml_msgackind 2038] msg ack hostid=0xffffff8081fe7a00
05-23 15:40:50.119 0 0 W : [3 T1089 ..] [cmd_mgr_llind 329] cmd tkn[222] flags:001a result: -4 cmd:5139-ME_SET_PS_MODE_REQ - reqcfm(5140-ME_SET_PS_MODE_CFM)
05-23 15:40:50.121 0 0 W : [3 T1089 ..] [cmd_mgr_msgind 409] cmd tkn[222] flags:0012 result: -4 cmd:5139-ME_SET_PS_MODE_REQ - reqcfm(5140-ME_SET_PS_MODE_CFM)
05-23 15:40:50.123 0 0 W : [3 T1089 ..] [cmd_complete 65] cmd tkn[222] flags:0002 result: -4 cmd:5139-ME_SET_PS_MODE_REQ - reqcfm(5140-ME_SET_PS_MODE_CFM)
05-23 15:40:50.125 0 0 W : [1 T541 ..] >>> aml_send_suspend_req()
05-23 15:40:50.125 0 0 W : [1 T541 ..] >>> aml_send_msg()
05-23 15:40:50.126 0 0 W : [3 T1089 ..] ipc_sdio_host_msgack_handler 000000005e796ffd
05-23 15:40:50.127 0 0 W : [3 T1089 ..] [aml_msgackind 2038] msg ack hostid=0xffffff8081fe7a00
05-23 15:40:50.128 0 0 W : [3 T1089 ..] [cmd_mgr_llind 329] cmd tkn[223] flags:0008 result: -4 cmd: 105-MM_SUB_SET_SUSPEND_REQ - reqcfm(1023-none)
05-23 15:40:50.129 0 0 W : [3 T1089 ..] [cmd_complete 65] cmd tkn[223] flags:0000 result: -4 cmd: 105-MM_SUB_SET_SUSPEND_REQ - reqcfm(1023-none)
05-23 15:40:50.131 0 0 W : [3 T1089 ..] aml_suspend_ind 2103
05-23 15:40:50.149 0 0 W : [1 T541 ..] [aml_ps_wow_suspend 5274] after suspend cmd:0
05-23 15:40:50.150 0 0 W : [1 T541 ..] aml_cfg80211_suspend ok exit 5337
05-23 15:40:50.318 0 0 I : [2 T2669 ..] meson_uart fe078000.serial: pull up rts
05-23 15:40:50.318 0 0 I : [2 T2669 ..] amlvideo2.1 suspend ok
05-23 15:40:50.319 0 0 I : [2 T2669 ..] amlvideo2.0 suspend ok
05-23 15:40:50.319 0 0 I : [2 T2669 ..] [drm] am_meson_crtc_atomic_disable-[0]:in
05-23 15:40:50.320 0 0 I : [2 T2669 ..] dummy_encl_disable finished
05-23 15:40:50.321 0 0 I : [2 T2669 ..] [drm] am_meson_drm_pm_suspend: done
05-23 15:40:50.321 0 0 I [2 T2669 ..] [hdmitx: ] hdmitx_s7d_clock_gate 0
05-23 15:40:50.322 0 0 I [2 T2669 ..] [hdmitx: ] amhdmitx: suspend
05-23 15:40:50.323 0 0 I : [2 T2669 ..] vdin_self_stop_dec(1) decoder in state stopped flags=0x0
05-23 15:40:50.324 0 0 I : [2 T2669 ..] vdin_drv_suspend vdin-id:1 ok.
05-23 15:40:50.324 0 0 I [2 T2669 ..] amvdac_drv_suspend: private_flag:0x0
05-23 15:40:50.325 0 0 I [2 T2669 ..] amvecm: suspend module
05-23 15:40:50.326 0 0 E [2 T2669 ..] vpu: vpu: error: vapb_clk_switch: vapb_clk
05-23 15:40:50.327 0 0 I [2 T2669 ..] vpu: set vpu clk: 25000000Hz(0), readback: 25000000Hz(0x50f)
05-23 15:40:50.327 0 0 I [2 T2669 ..] vpu: vpu: suspend clk: 25000000Hz(0x50f)
05-23 15:40:50.328 0 0 I [2 T2669 ..] [snd-soc]: vad_platform_suspend
05-23 15:40:50.329 0 0 I [2 T2669 ..] [snd-soc]: aml_tdm_platform_suspend tdm:(2)
05-23 15:40:50.330 0 0 I [2 T2669 ..] [snd-soc]: aml_tdm_platform_suspend tdm:(1)
05-23 15:40:50.330 0 0 I [2 T2669 ..] [snd-soc]: aml_tdm_platform_suspend tdm:(0)
05-23 15:40:50.331 0 0 I : [2 T2669 ..] wzh exphy wol
05-23 15:40:50.333 0 0 I : [2 T2669 ..] mali fd000000.valhall: Scheduler PM suspend
05-23 15:40:50.334 0 0 I : [2 T2669 ..] mali fd000000.valhall: pm_callback_suspend in
05-23 15:40:50.334 0 0 I : [2 T2669 ..] mali fd000000.valhall: pm_callback_suspend out
05-23 15:40:50.335 0 0 I : [2 T2669 ..] meson-vrtc fe010288.rtc: alarm_time = 285s, local_time=331s
05-23 15:40:50.337 0 0 I : [2 T2669 ..] di_clear_for_suspend
05-23 15:40:50.337 0 0 I : [2 T2669 ..] di_clear_for_suspend end
05-23 15:40:50.338 0 0 I [2 T2669 ..] dim: di_suspend finish
05-23 15:40:50.340 0 0 I : [2 T2669 ..] Disabling non-boot CPUs ...
05-23 15:40:50.341 0 0 I [2 T2669 ..] psci: CPU1 killed (polled 4 ms)
05-23 15:40:50.345 0 0 I [0 T2669 ..] psci: CPU2 killed (polled 0 ms)
05-23 15:40:50.347 0 0 I [0 T2669 ..] psci: CPU3 killed (polled 0 ms)
05-23 15:40:50.347 0 0 I : [0 T2669 ..] Enabling non-boot CPUs ...
05-23 15:40:50.348 0 0 I : [0 T0 ..] Detected VIPT I-cache on CPU1
05-23 15:40:50.348 0 0 I [0 T0 ..] CPU1: Booted secondary processor 0x0000000100 [0x412fd050]
05-23 15:40:50.349 0 0 I : [0 T2669 ..] CPU1 is up
05-23 15:40:50.350 0 0 I : [0 T0 ..] Detected VIPT I-cache on CPU2
05-23 15:40:50.350 0 0 I [0 T0 ..] CPU2: Booted secondary processor 0x0000000200 [0x412fd050]
05-23 15:40:50.351 0 0 I : [0 T2669 ..] CPU2 is up
05-23 15:40:50.351 0 0 I : [0 T0 ..] Detected VIPT I-cache on CPU3
05-23 15:40:50.352 0 0 I [0 T0 ..] CPU3: Booted secondary processor 0x0000000300 [0x412fd050]
05-23 15:40:50.353 0 0 I : [0 T2669 ..] CPU3 is up
05-23 15:40:50.353 0 0 I [0 T2669 ..] cec: cec resume noirq!
05-23 15:40:50.353 0 0 I [0 T2669 ..] cec: wakeup_reason:0x5
05-23 15:40:50.356 0 0 I [0 T2669 ..] dim: di_resume
05-23 15:40:50.357 0 0 I [0 T2669 ..] dim: vpu clkb =25000000.
05-23 15:40:50.357 0 0 I [0 T2669 ..] dim: di_resume finish
05-23 15:40:50.359 0 0 I : [2 T2669 ..] meson-vrtc fe010288.rtc: meson_vrtc_adjust_alarm: remaining alarm time = 259 s
05-23 15:40:50.359 0 0 I : [2 T2669 ..] mali fd000000.valhall: pm_callback_resume in
05-23 15:40:50.360 0 0 I : [2 T2669 ..] mali fd000000.valhall: pm_callback_resume out
05-23 15:40:50.361 0 0 I : [2 T2669 ..] mali fd000000.valhall: Scheduler PM resume
05-23 15:40:50.362 0 0 I : [2 T2669 ..] amlogic-crg-drd-usb2 fe358000.usbphy20: phy trim value= 0x000000ff
05-23 15:40:50.363 0 0 I : [2 T2669 ..] amlogic-crg-drd-usb2 fe358000.usbphy20: usb2 pll init done, val: 0x8f549540
05-23 15:40:50.364 0 0 E [2 T2669 ..] [usb]: amlogic_crg_drd_usb2_set_usb_vbus_power 1.
05-23 15:40:50.365 0 0 I : [2 T2669 ..] amlogic-crg-drd-usb2 fe348000.usbphy21: phy trim value= 0x000000ff
05-23 15:40:50.366 0 0 I : [2 T2669 ..] amlogic-crg-drd-usb2 fe348000.usbphy21: usb2 pll init done, val: 0x8f549540
05-23 15:40:50.367 0 0 I : [2 T2669 ..] exeth hold wakelock 5s
05-23 15:40:50.367 0 0 E : [2 T2669 ..] snd_tdm fe330000.audiobus:tdm@0: aml_set_tdm_mclk_2(), clk 0 err
05-23 15:40:50.368 0 0 I [2 T2669 ..] [snd-soc]: aml_tdm_platform_resume tdm:(0)
05-23 15:40:50.369 0 0 E : [2 T2669 ..] snd_tdm fe330000.audiobus:tdm@1: aml_set_tdm_mclk_2(), clk 0 err
05-23 15:40:50.370 0 0 I [2 T2669 ..] [snd-soc]: aml_tdm_platform_resume tdm:(1)
05-23 15:40:50.371 0 0 I [2 T2669 ..] [snd-soc]: aml_tdm_platform_resume tdm:(2)
05-23 15:40:50.372 0 0 I [2 T2669 ..] [snd-soc]: new_resample_init: Start init new resample 0 parameters!
05-23 15:40:50.373 0 0 E : [2 T2669 ..] Codec io: No support bus type 2 to write.
05-23 15:40:50.373 0 0 I : [3 T8 ..] [TEE] E/TC:1 INFO: BL3-2: Secure Timer Initialized.
05-23 15:40:50.374 0 0 I [2 T2669 ..] [snd-soc]: resample_clk_set:set hifi pll
05-23 15:40:50.375 0 0 I [2 T2669 ..] [snd-soc]: resample_clk_set, resample_pll:491520000, sclk:12288000, clk:12288000
05-23 15:40:50.376 0 0 I [2 T2669 ..] [snd-soc]: new_resample_set_ratio(), id = 0, phase_step = 0x10000000, input_sr = 48000, output_sr = 48000
05-23 15:40:50.376 0 0 I [2 T2669 ..] [snd-soc]: resample_clk_set:set hifi pll
05-23 15:40:50.379 0 0 I [2 T2669 ..] [snd-soc]: resample_clk_set, resample_pll:491520000, sclk:12288000, clk:12288000
05-23 15:40:50.380 0 0 I [2 T2669 ..] [snd-soc]: vad_platform_resume
05-23 15:40:50.381 0 0 I : [2 T2669 ..] AMFC VLSI version:100, feature:1, clk:666666656
05-23 15:40:50.381 0 0 E [2 T2669 ..] vpu: vpu: error: vapb_clk_switch: vapb_clk
05-23 15:40:50.382 0 0 I [2 T2669 ..] vpu: set vpu clk: 666666667Hz(8), readback: 666666656Hz(0x100)
05-23 15:40:50.383 0 0 I [2 T2669 ..] vpu: vpu: resume clk: 666666656Hz(0x100)
05-23 15:40:50.384 0 0 I [2 T2669 ..] amvecm: resume module
05-23 15:40:50.384 0 0 I [2 T2669 ..] amvdac_drv_resume: private_flag:0x0
05-23 15:40:50.397 0 0 I : [2 T2669 ..] vdin_drv_resume id:1 ok.
05-23 15:40:50.397 0 0 I [2 T2669 ..] [mmc]: sdio vendor is 0x1b8e
05-23 15:40:50.398 0 0 I [2 T2669 ..] [wireless]: vendor_id = 0x1b8e
05-23 15:40:50.399 0 0 I [2 T2669 ..] [hdmitx: ] amhdmitx: resume
05-23 15:40:50.399 0 0 I [2 T2669 ..] [hdmitx: ] hdmitx_s7d_clock_gate 1
05-23 15:40:50.400 0 0 I [2 T2669 ..] [hdmitx: ] hdmi_hwp_init497
05-23 15:40:50.401 0 0 I [2 T2669 ..] [hdmitx: ] plugin sequence id: 4294975190
05-23 15:40:50.439 0 0 I [2 T2669 ..] cec: [hdmitx_notify_callback] unsupported notify:3
05-23 15:40:50.439 0 0 W : [2 T2669 ..] [RX]-up_phy_addr = 3
05-23 15:40:50.439 0 0 I [2 T2669 ..] [hdmitx: ] edid: blk0 raw data
05-23 15:40:50.440 0 0 I [2 T2669 ..] [hdmitx: ] 00ffffffffffff0010503000010000000a180103807341780acf74a3574cb02309484c000000010101ff01ffff01010101010101012008e80030f2705a80b058
05-23 15:40:50.440 0 0 I : [2 T2669 ..] 8a00c48e2100001e08e8801871382d40582c4500c48e2100001e000000fc0044616e67626569202020202020000000fd003b461f8c3c000a202020202020016a
05-23 15:40:50.444 0 0 I [2 T2669 ..] [hdmitx: ] edid: blk1 raw data
05-23 15:40:50.444 0 0 I [2 T2669 ..] [hdmitx: ] 020367f25f0584030112131407901f20225d5f6061626465665e630206217576dadb3f4029097f0715075051060083010000e200ff72030c003000f84420c084
05-23 15:40:50.444 0 0 I : [2 T2669 ..] 01020304014100006ad85dc401788067123078e305ff01e50f00801900e3060f01e5018b84900100000000000000000000000000000000000000000000000080
05-23 15:40:50.448 0 0 I : [2 T2669 ..] [drm] drm hdmitx hpd notify
05-23 15:40:50.449 0 0 I : [2 T2669 ..] [drm] am_meson_crtc_atomic_enable-[0] in: new[dummy_l], old[], vmode[7-4], uboot[0]
05-23 15:40:50.450 0 0 I : [2 T2669 ..] [drm] am_meson_crtc_atomic_enable-[0]: enable mode dummy_l final vmode 7
05-23 15:40:50.451 0 0 I : [2 T2669 ..] dummy_encl_set_current_vmode finished
05-23 15:42:27.807 711 711 D HDMI : [R]: 04:8F
05-23 15:40:50.452 0 0 I : [2 T2669 ..] [drm] meson_vout_update_mode_name: dummy update vout 1 name dummy_l.
05-23 15:40:50.453 0 0 I : [2 T2669 ..] [drm] meson_dummyl_encoder_atomic_enable: vmode:7 skip atomic enable!
05-23 15:40:50.468 0 0 I : [2 T2669 ..] [drm] am_meson_drm_pm_resume: done
05-23 15:40:50.468 0 0 I : [2 T2669 ..] amlvideo2.0 resume ok
05-23 15:40:50.468 0 0 I : [2 T2669 ..] amlvideo2.1 resume ok
05-23 15:40:50.469 0 0 I : [3 T8 d.] usb usb1: root hub lost power or was reset
05-23 15:40:50.470 0 0 I [2 T71 ..] [snd-codec-t9015]: no call standard reset interface
05-23 15:40:50.470 0 0 I : [3 T8 d.] usb usb2: root hub lost power or was reset
05-23 15:40:50.470 0 0 I : [1 T2753 d.] usb usb3: root hub lost power or was reset
05-23 15:40:50.470 0 0 I : [1 T2753 d.] usb usb4: root hub lost power or was reset
05-23 15:40:50.471 0 0 I [1 T2669 ..] BTI: amlbt_sdio_resume
05-23 15:40:50.474 0 0 W : [2 T10 ..] >>> aml_cfg80211_resume()
05-23 15:40:50.474 0 0 W : [2 T10 ..] >>> aml_ps_wow_resume()
05-23 15:40:50.475 0 0 W : [2 T10 ..] >>> aml_send_suspend_req()
05-23 15:40:50.475 0 0 W : [2 T10 ..] >>> aml_send_msg()
05-23 15:40:50.476 0 0 W : [3 T1089 ..] ipc_sdio_host_msgack_handler 00000000b0315835
05-23 15:40:50.477 0 0 W : [3 T1089 ..] [aml_msgackind 2038] msg ack hostid=0xffffff8083e62c00
05-23 15:40:50.478 0 0 W : [3 T1089 ..] [cmd_mgr_llind 329] cmd tkn[224] flags:0008 result: -4 cmd: 105-MM_SUB_SET_SUSPEND_REQ - reqcfm(1023-none)
05-23 15:40:50.479 0 0 W : [3 T1089 ..] [cmd_complete 65] cmd tkn[224] flags:0000 result: -4 cmd: 105-MM_SUB_SET_SUSPEND_REQ - reqcfm(1023-none)
05-23 15:40:50.481 0 0 W : [2 T10 ..] [aml_send_me_set_ps_mode 2111] set power save mode:0
05-23 15:40:50.481 0 0 W : [2 T10 ..] >>> aml_send_msg()
05-23 15:40:50.497 0 0 W : [3 T1089 ..] ipc_sdio_host_msgack_handler 00000000b0315835
05-23 15:40:50.497 0 0 W : [3 T1089 ..] [aml_msgackind 2038] msg ack hostid=0xffffff8083e62c00
05-23 15:40:50.498 0 0 W : [3 T1089 ..] [cmd_mgr_llind 329] cmd tkn[225] flags:001a result: -4 cmd:5139-ME_SET_PS_MODE_REQ - reqcfm(5140-ME_SET_PS_MODE_CFM)
05-23 15:40:50.501 0 0 W : [3 T1089 ..] [cmd_mgr_msgind 409] cmd tkn[225] flags:0012 result: -4 cmd:5139-ME_SET_PS_MODE_REQ - reqcfm(5140-ME_SET_PS_MODE_CFM)
05-23 15:40:50.502 0 0 W : [3 T1089 ..] [cmd_complete 65] cmd tkn[225] flags:0002 result: -4 cmd:5139-ME_SET_PS_MODE_REQ - reqcfm(5140-ME_SET_PS_MODE_CFM)
05-23 15:40:50.504 0 0 W : [2 T10 ..] >>> aml_send_arp_agent_req()
05-23 15:40:50.505 0 0 W : [2 T10 ..] >>> aml_send_msg()
05-23 15:40:50.518 0 0 W : [3 T1089 ..] ipc_sdio_host_msgack_handler 00000000db9294af
05-23 15:40:50.518 0 0 W : [3 T1089 ..] [aml_msgackind 2038] msg ack hostid=0xffffff8083e62e00
05-23 15:40:50.519 0 0 W : [3 T1089 ..] [cmd_mgr_llind 329] cmd tkn[226] flags:0008 result: -4 cmd: 105-MM_SUB_ARP_AGENT_REQ - reqcfm( 0-none)
05-23 15:40:50.520 0 0 W : [3 T1089 ..] [cmd_complete 65] cmd tkn[226] flags:0000 result: -4 cmd: 105-MM_SUB_ARP_AGENT_REQ - reqcfm( 0-none)
05-23 15:40:50.522 0 0 W : [2 T10 ..] >>> aml_send_msg()
05-23 15:40:50.523 0 0 W : [3 T1089 ..] ipc_sdio_host_msgack_handler 00000000db9294af
05-23 15:40:50.523 0 0 W : [3 T1089 ..] [aml_msgackind 2038] msg ack hostid=0xffffff8083e62e00
05-23 15:40:50.524 0 0 W : [3 T1089 ..] [cmd_mgr_llind 329] cmd tkn[227] flags:0008 result: -4 cmd: 105-MM_SUB_TKO_ACTIVATE_REQ - reqcfm( 0-none)
05-23 15:40:50.526 0 0 W : [3 T1089 ..] [cmd_complete 65] cmd tkn[227] flags:0000 result: -4 cmd: 105-MM_SUB_TKO_ACTIVATE_REQ - reqcfm( 0-none)
05-23 15:40:50.527 0 0 W : [2 T10 ..] >>> aml_send_dhcp_req()
05-23 15:40:50.528 0 0 W : [2 T10 ..] >>> aml_send_msg()
05-23 15:40:50.529 0 0 W : [3 T1089 ..] ipc_sdio_host_msgack_handler 00000000db9294af
05-23 15:40:50.529 0 0 W : [3 T1089 ..] [aml_msgackind 2038] msg ack hostid=0xffffff8083e62e00
05-23 15:40:50.530 0 0 W : [3 T1089 ..] [cmd_mgr_llind 329] cmd tkn[228] flags:0008 result: -4 cmd: 105-MM_SUB_DHCP_REQ - reqcfm( 0-none)
05-23 15:40:50.532 0 0 W : [3 T1089 ..] [cmd_complete 65] cmd tkn[228] flags:0000 result: -4 cmd: 105-MM_SUB_DHCP_REQ - reqcfm( 0-none)
05-23 15:40:50.533 0 0 W : [2 T10 ..] >>> aml_send_msg()
05-23 15:40:50.534 0 0 W : [3 T1089 ..] ipc_sdio_host_msgack_handler 00000000db9294af
05-23 15:40:50.535 0 0 W : [3 T1089 ..] [aml_msgackind 2038] msg ack hostid=0xffffff8083e62e00
05-23 15:40:50.536 0 0 W : [3 T1089 ..] [cmd_mgr_llind 329] cmd tkn[229] flags:0008 result: -4 cmd: 105-MM_SCAN_HANG - reqcfm( 0-none)
05-23 15:40:50.537 0 0 W : [3 T1089 ..] [cmd_complete 65] cmd tkn[229] flags:0000 result: -4 cmd: 105-MM_SCAN_HANG - reqcfm( 0-none)
05-23 15:40:50.539 0 0 W : [2 T10 ..] set_scan_hang, flag:0, [aml_ps_wow_resume 5095]
05-23 15:40:50.540 0 0 W : [3 T1089 ..] fmac scan_hang state:0
05-23 15:40:50.540 0 0 W : [2 T10 ..] aml_cfg80211_resume,5397, resume is ok
05-23 15:40:50.631 0 0 I [3 T2669 ..] cec: wakeup_reason:0x5
05-23 15:40:50.631 0 0 I [3 T2669 ..] cec: aml_cec_pm_complete
05-23 15:40:50.631 0 0 I : [3 T2669 ..] OOM killer enabled.
05-23 15:40:50.632 0 0 I : [3 T2669 ..] Restarting tasks ... done.
05-23 15:40:50.637 0 0 I : [3 T2669 d.] Resume cause unknown
05-23 15:40:50.638 0 0 I [3 T2669 ..] [pm]: reboot_pm_cb called. pm_event:4.
05-23 15:40:50.638 0 0 I [3 T2669 ..] PM: suspend exit
05-23 15:42:27.809 711 711 D HDMI : addCecDevice new:CEC: logical_address: 0x00 device_type: 0 cec_version: 5 vendor_id: 16777215 display_name: TV power_status: -1 physical_address: 0xFFFF port_id: -1 old:null
05-23 15:42:27.809 711 711 D HdmiControlService: Switching to full volume behavior
05-23 15:42:27.810 711 891 D HDMI : [S]: 40:90:01
05-23 15:40:50.738 0 0 I [2 T71 ..] [snd-codec-t9015]: aml_T9015_audio_set_bias_level
05-23 15:40:50.739 0 0 I [2 T71 ..] [snd-soc]: it is card_post_resume
05-23 15:40:50.740 0 0 I [0 T63 ..] [snd-codec-t9015]: aml_T9015_audio_set_bias_level
05-23 15:40:50.740 0 0 I [0 T63 ..] [snd-codec-t9015]: aml_T9015_audio_set_bias_level
05-23 15:40:50.741 0 0 I [2 T669 ..] [snd-soc]: aml_audio_reset, reg 0xa, shift 9, use_vadtop 0
05-23 15:40:50.742 0 0 I [2 T669 ..] [snd-soc]: aml_audio_reset, reg 0xa, shift 14, use_vadtop 0
05-23 15:40:50.743 0 0 I [2 T669 ..] [hdmitx: ] hdmitx_audio_notify_callback[804] type:1 rate:0 size:0 chs:0 i2s_ch_mask:0 aud_src_if:0
05-23 15:40:50.744 0 0 E [2 T669 ..] [hdmitx: ] *HDMITX_ERROR* audio chn setting, must be 2, 4, 6 or 8, Rst as def
05-23 15:40:50.745 0 0 I [2 T669 ..] [hdmitx: ] aout notify format CT_PCM
05-23 15:40:50.746 0 0 I [2 T669 ..] [hdmitx: ] set audio
05-23 15:40:50.747 0 0 I [2 T669 ..] [hdmitx: ] audio_param->chs = -1
05-23 15:40:50.747 0 0 I [2 T669 ..] [hdmitx: ] aud_src_if = 0
05-23 15:40:50.748 0 0 I [2 T669 ..] [hdmitx: ] set audio param
05-23 15:40:50.749 0 0 I [2 T669 ..] [hdmitx: ] hdmitx_audio_notify_callback[804] type:2 rate:3 size:1 chs:2 i2s_ch_mask:1 aud_src_if:0
05-23 15:40:50.750 0 0 I [2 T669 ..] [hdmitx: ] aout notify format CT_AC_3
05-23 15:40:50.751 0 0 I [2 T669 ..] [hdmitx: ] set audio
05-23 15:40:50.751 0 0 I [2 T669 ..] [hdmitx: ] audio_param->chs = 1
05-23 15:40:50.752 0 0 I [2 T669 ..] [hdmitx: ] aud_src_if = 0
05-23 15:40:50.752 0 0 I [2 T669 ..] [hdmitx: ] set audio param
05-23 15:40:50.753 0 0 D [2 T669 ..] [snd-soc]: aml_spdif_fifo_ctrl, bit depth:16, frddr type:1, toddr:type:1
05-23 15:40:50.758 0 0 I [2 T669 ..] [snd-soc]: aml_audio_reset, reg 0xa, shift 9, use_vadtop 0
05-23 15:40:50.758 0 0 I [2 T669 ..] [snd-soc]: aml_audio_reset, reg 0xa, shift 14, use_vadtop 0
05-23 15:40:50.760 0 0 I [2 T669 ..] [hdmitx: ] hdmitx_audio_notify_callback[804] type:1 rate:0 size:0 chs:0 i2s_ch_mask:0 aud_src_if:0
05-23 15:40:50.761 0 0 E [2 T669 ..] [hdmitx: ] *HDMITX_ERROR* audio chn setting, must be 2, 4, 6 or 8, Rst as def
05-23 15:40:50.762 0 0 I [2 T669 ..] [hdmitx: ] aout notify format CT_PCM
05-23 15:40:50.763 0 0 I [2 T669 ..] [hdmitx: ] set audio
05-23 15:40:50.763 0 0 I [2 T669 ..] [hdmitx: ] audio_param->chs = -1
05-23 15:40:50.764 0 0 I [2 T669 ..] [hdmitx: ] aud_src_if = 0
05-23 15:40:50.764 0 0 I [2 T669 ..] [hdmitx: ] set audio param
05-23 15:40:50.765 0 0 I [2 T669 ..] [hdmitx: ] hdmitx_audio_notify_callback[804] type:2 rate:3 size:1 chs:2 i2s_ch_mask:1 aud_src_if:0
05-23 15:40:50.766 0 0 I [2 T669 ..] [hdmitx: ] aout notify format CT_AC_3
05-23 15:40:50.767 0 0 I [2 T669 ..] [hdmitx: ] set audio
05-23 15:40:50.768 0 0 I [2 T669 ..] [hdmitx: ] audio_param->chs = 1
05-23 15:40:50.768 0 0 I [2 T669 ..] [hdmitx: ] aud_src_if = 0
05-23 15:40:50.769 0 0 I [2 T669 ..] [hdmitx: ] set audio param
05-23 15:40:50.770 0 0 D [2 T669 ..] [snd-soc]: aml_spdif_fifo_ctrl, bit depth:16, frddr type:1, toddr:type:1
05-23 15:40:50.816 0 0 I [0 T321 ..] [mmc]: tuning-c:4, tuning-s:5
05-23 15:40:50.816 0 0 I [0 T321 ..] [mmc]: mmc0: clk= 0x10000206, adj = 0x42000, dly1 = 0, dly2 = 0
05-23 15:40:50.819 0 0 I [2 T321 ..] [mmc]: aml_sd_emmc_clktest [864] clktest : 7680, delay_cell: 83, count: 30
05-23 15:40:50.819 0 0 I [2 T321 ..] [mmc]: [set_emmc_nwr_clks], delay1: 0x0, delay2: 0x0
05-23 15:40:50.822 0 0 W : [0 T0 .s] [SP FRAME TX] arp req,vif_idx:0 sender:[1c:79:2d:20:62:97 192.168.3.167]receiver:[00:00:00:00:00:00 192.168.3.53]
05-23 15:42:28.108 711 711 D HDMI : [R]: 04:44
05-23 15:42:28.109 711 711 D HDMI : oneTouchPlay com.android.server.hdmi.OneTouchPlayAction@9faca
05-23 15:42:28.109 711 711 I HDMI : Not ready to start action. Queued for deferred start:com.android.server.hdmi.OneTouchPlayAction@9faca
05-23 15:42:28.109 711 711 I HDMI : Hdmi cec wake up
05-23 15:42:28.109 711 711 I PowerGroup: Waking up power group from Asleep (groupId=0, uid=1000, reason=WAKE_REASON_HDMI, details=android.server.hdmi:WAKE)...
05-23 15:42:28.110 711 711 I PowerManagerService: Waking up from Asleep (uid=1000, reason=WAKE_REASON_HDMI, details=android.server.hdmi:WAKE)...
05-23 15:40:50.946 0 0 I [3 T321 ..] [mmc]: cmd-best-c:17, cmd-best-size:31
05-23 15:42:28.115 711 761 I DisplayPowerController2[0]: Blocking screen on until initial contents have been drawn.
05-23 15:42:28.115 711 761 D ActivityTaskManager: Top Process State changed to PROCESS_STATE_TOP
05-23 15:42:28.116 920 1063 V WindowManagerShell: Transition requested: android.os.BinderProxy@ec943d2 TransitionRequestInfo { type = 11, triggerTask = null, remoteTransition = null, displayChange = null, flags = 0 }
05-23 15:42:28.118 711 761 V WindowManager: app ------------- force_land :0
05-23 15:42:28.120 711 761 I DisplayBrightnessStrategySelector: Changing the DisplayBrightnessStrategy from ScreenOffBrightnessStrategy toInvalidBrightnessStrategy for display 0
05-23 15:42:28.121 711 736 D OomAdjuster: Not killing cached processes
05-23 15:42:28.124 711 761 V DisplayPowerController2[0]: Brightness [0.39763778] reason changing to: 'manual', previous reason: 'screen_off'.
05-23 15:42:28.124 711 761 I DisplayPowerController2[0]: BrightnessEvent: disp=0, physDisp=local:4616277992360486155, brt=0.39763778, initBrt=0.0, rcmdBrt=NaN, preBrt=NaN, lux=0.0, preLux=0.0, hbmMax=1.0, hbmMode=off, rbcStrength=0, thrmMax=1.0, powerFactor=1.0, wasShortTermModelActive=false, flags=, reason=manual, autoBrightness=false, strategy=InvalidBrightnessStrategy
05-23 15:42:28.124 711 761 I DisplayPowerController2[0]: Unblocked screen on after 10 ms
05-23 15:42:28.125 711 736 W ProcessStats: Tracking association SourceState{217e179 com.ktcp.video:daemon/10077 Fgs #797} whose proc state 3 is better than process ProcessState{eccf830 com.ktcp.video/10077 pkg=com.ktcp.video} proc state 10 (8 skipped)
05-23 15:42:28.125 711 711 D WindowManager: updateCecScreenStatus 0
05-23 15:42:28.126 711 711 D HDMI : setCecSettingIntValue name:cec_screen_state, value:0
05-23 15:42:28.129 711 711 E ActivityManager: Cancel pending or running compactions as system is awake
05-23 15:42:28.135 711 736 I DisplayDeviceRepository: Display device changed state: "内置屏幕", ON
05-23 15:42:28.139 711 737 I DisplayDevice: [0] Layerstack set to 0 for local:4616277992360486155
05-23 15:42:28.140 711 711 I HDMI : screen state is changing to 0
05-23 15:42:28.140 711 711 D HDMI : onWakeUp action:0, current power status:1
05-23 15:42:28.142 711 736 I DisplayDeviceRepository: Display device changed state: "内置屏幕", ON
05-23 15:40:50.969 0 0 I [0 T518 ..] [pm]: early_suspend_state=0
05-23 15:40:50.969 0 0 I [0 T518 ..] vpu: vpu: late_resume clk: 666666656Hz(0x100)
05-23 15:40:50.970 0 0 I [0 T518 ..] BTI: bt_lateresume RG_AON_A52:0x44000006
05-23 15:40:50.971 0 0 I [0 T518 ..] BTI: RG_AON_A52:0x40000006
05-23 15:40:50.973 0 0 I [0 T518 ..] [hdmitx: ] Late Resume
05-23 15:40:50.973 0 0 I : [0 T518 ..] [drm] drm hdmitx hpd notify
05-23 15:40:50.990 0 0 I : [0 T518 ..] video_late_resume ok
05-23 15:42:28.148 711 711 D HDMI : enableSystemCecControl: true
05-23 15:40:50.997 0 0 I [0 T353 ..] [hdmitx: ] qms 0 qms_tfr_min/max 0 0 gaming_vrr_min/max 48 120
05-23 15:40:50.998 0 0 I [0 T353 ..] [hdmitx: ] BRR VIC 16 width/height 1920 1080 QMS min/max 0 0 GAME min/max 48 120
05-23 15:40:50.998 0 0 I [0 T353 ..] [hdmitx: ] BRR/VIC group
05-23 15:40:50.999 0 0 I [0 T353 ..] [hdmitx: ] BRR VIC 4 width/height 1280 720 QMS min/max 0 0 GAME min/max 48 120
05-23 15:40:51.003 0 0 I [2 T353 ..] [hdmitx: ] BRR/VIC group
05-23 15:40:51.004 0 0 I [2 T353 ..] [hdmitx: ] BRR VIC 97 width/height 3840 2160 QMS min/max 0 0 GAME min/max 48 120
05-23 15:40:51.005 0 0 I [2 T353 ..] [hdmitx: ] BRR/VIC group
05-23 15:40:51.005 0 0 I [2 T353 ..] [hdmitx: ] BRR VIC 102 width/height 4096 2160 QMS min/max 0 0 GAME min/max 48 120
05-23 15:40:51.005 0 0 I [0 T88 dh] amvecm: resume recovery vsync
05-23 15:40:51.009 0 0 I [2 T353 ..] [hdmitx: ] BRR/VIC group
05-23 15:40:51.009 0 0 I [2 T353 ..] [hdmitx: ] qms 0 qms_tfr_min/max 0 0 gaming_vrr_min/max 48 120
05-23 15:42:28.181 711 733 V WindowManager: Sent Transition #17 createdAt=05-23 15:42:28.115 via request=TransitionRequestInfo { type = 11, triggerTask = null, remoteTransition = null, displayChange = null, flags = 0 }
05-23 15:42:28.181 711 733 V WindowManager: startWCT=WindowContainerTransaction { changes = {} hops = [] errorCallbackToken=null taskFragmentOrganizer=null }
05-23 15:42:28.182 711 733 V WindowManager: info={id=17 t=WAKE f=0x0 trk=0 r=[0@Point(0, 0)] c=[{WCT{RemoteToken{41bfed1 Task{eaae97f #1 type=home}}} m=TO_FRONT f=NONE p=WCT{RemoteToken{e355d36 DefaultTaskDisplayArea@170815623}} leash=Surface(name=Task=1)/@0x504548b sb=Rect(0, 0 - 1920, 1080) eb=Rect(0, 0 - 1920, 1080) d=0},{WCT{RemoteToken{e355d36 DefaultTaskDisplayArea@170815623}} m=TO_FRONT f=NONE leash=Surface(name=DefaultTaskDisplayArea)/@0x1ad646a sb=Rect(0, 0 - 1920, 1080) eb=Rect(0, 0 - 1920, 1080) d=0}]}
05-23 15:42:28.185 920 1063 V WindowManagerShell: onTransitionReady android.os.BinderProxy@ec943d2: {id=17 t=WAKE f=0x0 trk=0 r=[0@Point(0, 0)] c=[{WCT{android.window.IWindowContainerToken$Stub$Proxy@d53cb1e} m=TO_FRONT f=NONE p=WCT{android.window.IWindowContainerToken$Stub$Proxy@bc4cfff} leash=Surface(name=Task=1)/@0x4c80ca3 sb=Rect(0, 0 - 1920, 1080) eb=Rect(0, 0 - 1920, 1080) d=0},{WCT{android.window.IWindowContainerToken$Stub$Proxy@86671cc} m=TO_FRONT f=NONE leash=Surface(name=DefaultTaskDisplayArea)/@0x6193ba0 sb=Rect(0, 0 - 1920, 1080) eb=Rect(0, 0 - 1920, 1080) d=0}]}
05-23 15:42:28.198 920 1063 V WindowManagerShell: Playing animation for (#17)android.os.BinderProxy@ec943d2@0
05-23 15:42:28.198 920 1063 V WindowManagerShell: try handler com.android.wm.shell.keyguard.KeyguardTransitionHandler@67f224e
05-23 15:42:28.198 920 1063 V WindowManagerShell: try handler com.android.wm.shell.pip.tv.TvPipTransition@6e98f6f
05-23 15:40:51.040 0 0 I [1 T353 ..] [hdmitx: ] qms 0 qms_tfr_min/max 0 0 gaming_vrr_min/max 48 120
05-23 15:40:51.041 0 0 I [1 T353 ..] [hdmitx: ] BRR VIC 16 width/height 1920 1080 QMS min/max 0 0 GAME min/max 48 120
05-23 15:40:51.042 0 0 I [1 T353 ..] [hdmitx: ] BRR/VIC group
05-23 15:40:51.043 0 0 I [1 T353 ..] [hdmitx: ] BRR VIC 4 width/height 1280 720 QMS min/max 0 0 GAME min/max 48 120
05-23 15:42:28.198 920 1063 V WindowManagerShell: try handler com.android.wm.shell.activityembedding.ActivityEmbeddingController@a00147c
05-23 15:42:28.198 920 1063 V WindowManagerShell: try handler com.android.wm.shell.transition.RemoteTransitionHandler@c2eb105
05-23 15:42:28.198 920 1063 V WindowManagerShell: Transition doesn't have explicit remote, search filters for match for {id=17 t=WAKE f=0x0 trk=0 r=[0@Point(0, 0)] c=[{WCT{android.window.IWindowContainerToken$Stub$Proxy@d53cb1e} m=TO_FRONT f=NONE p=WCT{android.window.IWindowContainerToken$Stub$Proxy@bc4cfff} leash=Surface(name=Task=1)/@0x4c80ca3 sb=Rect(0, 0 - 1920, 1080) eb=Rect(0, 0 - 1920, 1080) d=0},{WCT{android.window.IWindowContainerToken$Stub$Proxy@86671cc} m=TO_FRONT f=NONE leash=Surface(name=DefaultTaskDisplayArea)/@0x6193ba0 sb=Rect(0, 0 - 1920, 1080) eb=Rect(0, 0 - 1920, 1080) d=0}]}
05-23 15:42:28.198 920 1063 V WindowManagerShell: Delegate animation for #17 to null
05-23 15:42:28.198 920 1063 V WindowManagerShell: try handler com.android.wm.shell.transition.DefaultTransitionHandler@8af155a
05-23 15:42:28.198 920 1063 V WindowManagerShell: start default transition animation, info = {id=17 t=WAKE f=0x0 trk=0 r=[0@Point(0, 0)] c=[{WCT{android.window.IWindowContainerToken$Stub$Proxy@d53cb1e} m=TO_FRONT f=NONE p=WCT{android.window.IWindowContainerToken$Stub$Proxy@bc4cfff} leash=Surface(name=Task=1)/@0x4c80ca3 sb=Rect(0, 0 - 1920, 1080) eb=Rect(0, 0 - 1920, 1080) d=0},{WCT{android.window.IWindowContainerToken$Stub$Proxy@86671cc} m=TO_FRONT f=NONE leash=Surface(name=DefaultTaskDisplayArea)/@0x6193ba0 sb=Rect(0, 0 - 1920, 1080) eb=Rect(0, 0 - 1920, 1080) d=0}]}
05-23 15:42:28.199 920 1063 V WindowManagerShell: Transition animation finished (aborted=false), notifying core (#17)android.os.BinderProxy@ec943d2@0
05-23 15:42:28.205 711 733 V WindowManager: Finish Transition #17: created at
05-23 15:42:28.115 collect-started=0.067ms request-sent=0.144ms started=4.186ms ready=4.138ms sent=62.874ms finished=87.477ms
05-23 15:42:28.206 920 1063 V WindowManagerShell: Track 0 became idle
05-23 15:42:28.206 920 1063 V WindowManagerShell: All active transition animations finished
05-23 15:42:28.206 920 1063 V WindowManagerShell: animated by com.android.wm.shell.transition.DefaultTransitionHandler@8af155a
05-23 15:42:28.206 920 1063 V WindowManagerShell: Track 0 became idle
05-23 15:42:28.206 920 1063 V WindowManagerShell: All active transition animations finished
05-23 15:40:51.044 0 0 I [1 T353 ..] [hdmitx: ] BRR/VIC group
05-23 15:40:51.044 0 0 I [1 T353 ..] [hdmitx: ] BRR VIC 97 width/height 3840 2160 QMS min/max 0 0 GAME min/max 48 120
05-23 15:40:51.045 0 0 I [1 T353 ..] [hdmitx: ] BRR/VIC group
05-23 15:40:51.046 0 0 I [1 T353 ..] [hdmitx: ] BRR VIC 102 width/height 4096 2160 QMS min/max 0 0 GAME min/max 48 120
05-23 15:40:51.048 0 0 W : [2 T1090 ..] [SP FRAME RX] arp rsp,vif_idx:0 sender:[28:7b:11:70:68:8f 192.168.3.53]receiver:[1c:79:2d:20:62:97 192.168.3.167]
05-23 15:40:51.059 0 0 I [3 T353 ..] [hdmitx: ] BRR/VIC group
05-23 15:40:51.059 0 0 I [3 T353 ..] [hdmitx: ] qms 0 qms_tfr_min/max 0 0 gaming_vrr_min/max 48 120
05-23 15:40:51.064 0 0 I [3 T353 ..] [hdmitx: ] qms 0 qms_tfr_min/max 0 0 gaming_vrr_min/max 48 120
05-23 15:40:51.065 0 0 I [3 T353 ..] [hdmitx: ] BRR VIC 16 width/height 1920 1080 QMS min/max 0 0 GAME min/max 48 120
05-23 15:40:51.066 0 0 I [3 T353 ..] [hdmitx: ] BRR/VIC group
05-23 15:40:51.067 0 0 I [3 T353 ..] [hdmitx: ] BRR VIC 4 width/height 1280 720 QMS min/max 0 0 GAME min/max 48 120
05-23 15:40:51.068 0 0 I [3 T353 ..] [hdmitx: ] BRR/VIC group
05-23 15:40:51.068 0 0 I [3 T353 ..] [hdmitx: ] BRR VIC 97 width/height 3840 2160 QMS min/max 0 0 GAME min/max 48 120
05-23 15:42:28.236 711 734 W ContextImpl: Calling a method in the system process without a qualified user: android.app.ContextImpl.startService:1899 com.android.server.wm.DisplayPolicy.lambda$focusChangedLw$5:2126 com.android.server.wm.DisplayPolicy.$r8$lambda$Znxk63oh-WzVnzo_WQefN7uxV48:0 com.android.server.wm.DisplayPolicy$$ExternalSyntheticLambda13.run:0 android.os.Handler.handleCallback:958
05-23 15:40:51.070 0 0 I [3 T353 ..] [hdmitx: ] BRR/VIC group
05-23 15:40:51.070 0 0 I [3 T353 ..] [hdmitx: ] BRR VIC 102 width/height 4096 2160 QMS min/max 0 0 GAME min/max 48 120
05-23 15:40:51.072 0 0 I [3 T353 ..] [hdmitx: ] BRR/VIC group
05-23 15:40:51.072 0 0 I [3 T353 ..] [hdmitx: ] qms 0 qms_tfr_min/max 0 0 gaming_vrr_min/max 48 120
05-23 15:40:51.078 0 0 I [3 T353 ..] vc: [0]get capability: min 64 64; max 4096 2160
05-23 15:40:51.078 0 0 I [3 T353 ..] vc: [1]get capability: min 64 64; max 2048 1080
05-23 15:40:51.087 0 0 I [1 T353 ..] [hdmitx: ] avmute_store 1
05-23 15:42:28.288 711 711 W Looper : Slow dispatch took 149ms main h=android.os.Handler c=com.android.server.hdmi.WorkSourceUidPreservingRunnable@500c6ed m=0
05-23 15:42:28.294 711 711 D HDMI : [R]: 04:45
05-23 15:42:28.295 711 711 D HDMI : addCecDevice new:CEC: logical_address: 0x00 device_type: 0 cec_version: 5 vendor_id: 16777215 display_name: TV power_status: -1 physical_address: 0xFFFF port_id: -1 old:null
05-23 15:42:28.295 711 711 W HDMI : [1]:Unhandled cec command: 04:45
05-23 15:42:28.327 711 711 D HDMI : receive android.intent.action.SCREEN_ON
05-23 15:40:51.108 0 0 I [0 T321 ..] [mmc]: ds_sht:15, window:24, intf3:0x40f008, clock:0x100e0003, adjust:0x0
05-23 15:40:51.157 0 0 I : [0 T353 ..] [drm] build_hdmitx_attr_str:420,10bit = 3+10
05-23 15:40:51.159 0 0 I : [0 T353 ..] [drm] am_meson_crtc_atomic_disable-[0]:in
05-23 15:40:51.161 0 0 I : [0 T353 ..] dummy_encl_disable finished
05-23 15:40:51.161 0 0 I : [0 T353 ..] [drm] am_meson_crtc_atomic_enable-[0] in: new[smpte60hz], old[dummy_l], vmode[4-4], uboot[0]
05-23 15:40:51.162 0 0 I : [0 T353 ..] [drm] am_meson_crtc_atomic_enable-[0]: enable mode smpte60hz final vmode 0
05-23 15:40:51.182 0 0 W : [1 T1127 ..] [aml_android_priv_ioctl 128] vif idx=0 cmd=SETSUSPENDMODE 0
05-23 15:40:51.182 0 0 W : [1 T1127 ..] [aml_android_set_suspend_mode 77] set google_cast 0
05-23 15:40:51.192 0 0 I [3 T353 ..] [hdmitx: ] set21_s7d_htxpll_clk_out[96] htxpll vco 3712500 div 1
05-23 15:40:51.211 0 0 I [1 T353 ..] [hdmitx: ] pll_od0 = 0, pll_od2 = 0, pll_od1 = 1
05-23 15:40:51.211 0 0 I [1 T353 ..] [hdmitx: ] clocks_set_vid_clk_div_for_hdmi[402] div = 8
