05-23 15:38:45.976 0 0 I [0 T2669 ..] [hdmitx: ] 00ffffffffffff0010503000010000000a180103807341780acf74a3574cb02309484c000000010101ff01ffff01010101010101012008e80030f2705a80b058
05-23 15:38:45.976 0 0 I : [0 T2669 ..] 8a00c48e2100001e08e8801871382d40582c4500c48e2100001e000000fc0044616e67626569202020202020000000fd003b461f8c3c000a202020202020016a
05-23 15:38:45.980 0 0 I [0 T2669 ..] [hdmitx: ] edid: blk1 raw data
05-23 15:38:45.981 0 0 I [0 T2669 ..] [hdmitx: ] 020367f25f0584030112131407901f20225d5f6061626465665e630206217576dadb3f4029097f0715075051060083010000e200ff72030c003000f84420c084
05-23 15:38:45.981 0 0 I : [0 T2669 ..] 01020304014100006ad85dc401788067123078e305ff01e50f00801900e3060f01e5018b84900100000000000000000000000000000000000000000000000080
05-23 15:38:45.984 0 0 I : [0 T2669 ..] [drm] drm hdmitx hpd notify
05-23 15:38:45.985 0 0 I : [0 T2669 ..] [drm] am_meson_crtc_atomic_enable-[0] in: new[dummy_l], old[], vmode[7-4], uboot[0]
05-23 15:38:45.986 0 0 I : [0 T2669 ..] [drm] am_meson_crtc_atomic_enable-[0]: enable mode dummy_l final vmode 7
05-23 15:38:45.987 0 0 I : [0 T2669 ..] dummy_encl_set_current_vmode finished
05-23 15:38:45.988 0 0 I : [0 T2669 ..] [drm] meson_vout_update_mode_name: dummy update vout 1 name dummy_l.
05-23 15:38:45.989 0 0 I : [0 T2669 ..] [drm] meson_dummyl_encoder_atomic_enable: vmode:7 skip atomic enable!
05-23 15:38:46.004 0 0 I : [0 T2669 ..] [drm] am_meson_drm_pm_resume: done
05-23 15:38:46.004 0 0 I : [0 T2669 ..] amlvideo2.0 resume ok
05-23 15:38:46.005 0 0 I : [0 T2669 ..] amlvideo2.1 resume ok
05-23 15:38:46.006 0 0 I : [1 T10 d.] usb usb1: root hub lost power or was reset
05-23 15:38:46.006 0 0 I [0 T3583 ..] [snd-codec-t9015]: no call standard reset interface
05-23 15:38:46.006 0 0 I : [3 T2702 d.] usb usb3: root hub lost power or was reset
05-23 15:38:46.006 0 0 I : [3 T2702 d.] usb usb4: root hub lost power or was reset
05-23 15:38:46.006 0 0 I : [1 T10 d.] usb usb2: root hub lost power or was reset
05-23 15:38:46.007 0 0 I [3 T2669 ..] BTI: amlbt_sdio_resume
05-23 15:38:46.007 0 0 W : [2 T2712 ..] >>> aml_cfg80211_resume()
05-23 15:38:46.007 0 0 W : [2 T2712 ..] >>> aml_ps_wow_resume()
05-23 15:38:46.008 0 0 W : [2 T2712 ..] >>> aml_send_suspend_req()
05-23 15:38:46.012 0 0 W : [2 T2712 ..] >>> aml_send_msg()
05-23 15:38:46.012 0 0 W : [2 T1089 ..] ipc_sdio_host_msgack_handler 00000000abd53702
05-23 15:38:46.013 0 0 W : [2 T1089 ..] [aml_msgackind 2038] msg ack hostid=0xffffff805d6d1780
05-23 15:38:46.014 0 0 W : [2 T1089 ..] [cmd_mgr_llind 329] cmd tkn[138] flags:0008 result: -4 cmd: 105-MM_SUB_SET_SUSPEND_REQ - reqcfm(1023-none)
05-23 15:38:46.015 0 0 W : [2 T1089 ..] [cmd_complete 65] cmd tkn[138] flags:0000 result: -4 cmd: 105-MM_SUB_SET_SUSPEND_REQ - reqcfm(1023-none)
05-23 15:38:46.017 0 0 W : [3 T2712 ..] [aml_send_me_set_ps_mode 2111] set power save mode:0
05-23 15:38:46.017 0 0 W : [3 T2712 ..] >>> aml_send_msg()
05-23 15:38:46.034 0 0 W : [2 T1089 ..] ipc_sdio_host_msgack_handler 000000003af44e04
05-23 15:38:46.034 0 0 W : [2 T1089 ..] [aml_msgackind 2038] msg ack hostid=0xffffff807828ef80
05-23 15:38:46.035 0 0 W : [2 T1089 ..] [cmd_mgr_llind 329] cmd tkn[139] flags:001a result: -4 cmd:5139-ME_SET_PS_MODE_REQ - reqcfm(5140-ME_SET_PS_MODE_CFM)
05-23 15:38:46.036 0 0 W : [2 T1089 ..] [cmd_mgr_msgind 409] cmd tkn[139] flags:0012 result: -4 cmd:5139-ME_SET_PS_MODE_REQ - reqcfm(5140-ME_SET_PS_MODE_CFM)
05-23 15:38:46.038 0 0 W : [2 T1089 ..] [cmd_complete 65] cmd tkn[139] flags:0002 result: -4 cmd:5139-ME_SET_PS_MODE_REQ - reqcfm(5140-ME_SET_PS_MODE_CFM)
05-23 15:38:46.040 0 0 W : [3 T2712 ..] >>> aml_send_arp_agent_req()
05-23 15:38:46.041 0 0 W : [3 T2712 ..] >>> aml_send_msg()
05-23 15:38:46.041 0 0 W : [2 T1089 ..] ipc_sdio_host_msgack_handler 00000000b6f3501c
05-23 15:38:46.042 0 0 W : [2 T1089 ..] [aml_msgackind 2038] msg ack hostid=0xffffff807828e500
05-23 15:38:46.043 0 0 W : [2 T1089 ..] [cmd_mgr_llind 329] cmd tkn[140] flags:0008 result: -4 cmd: 105-MM_SUB_ARP_AGENT_REQ - reqcfm( 0-none)
05-23 15:38:46.044 0 0 W : [2 T1089 ..] [cmd_complete 65] cmd tkn[140] flags:0000 result: -4 cmd: 105-MM_SUB_ARP_AGENT_REQ - reqcfm( 0-none)
05-23 15:38:46.046 0 0 W : [3 T2712 ..] >>> aml_send_msg()
05-23 15:38:46.047 0 0 W : [2 T1089 ..] ipc_sdio_host_msgack_handler 00000000b6f3501c
05-23 15:38:46.047 0 0 W : [2 T1089 ..] [aml_msgackind 2038] msg ack hostid=0xffffff807828e500
05-23 15:38:46.048 0 0 W : [2 T1089 ..] [cmd_mgr_llind 329] cmd tkn[141] flags:0008 result: -4 cmd: 105-MM_SUB_TKO_ACTIVATE_REQ - reqcfm( 0-none)
05-23 15:38:46.050 0 0 W : [2 T1089 ..] [cmd_complete 65] cmd tkn[141] flags:0000 result: -4 cmd: 105-MM_SUB_TKO_ACTIVATE_REQ - reqcfm( 0-none)
05-23 15:38:46.051 0 0 W : [3 T2712 ..] >>> aml_send_dhcp_req()
05-23 15:38:46.052 0 0 W : [3 T2712 ..] >>> aml_send_msg()
05-23 15:38:46.053 0 0 W : [2 T1089 ..] ipc_sdio_host_msgack_handler 00000000b6f3501c
05-23 15:38:46.053 0 0 W : [2 T1089 ..] [aml_msgackind 2038] msg ack hostid=0xffffff807828e500
05-23 15:38:46.054 0 0 W : [2 T1089 ..] [cmd_mgr_llind 329] cmd tkn[142] flags:0008 result: -4 cmd: 105-MM_SUB_DHCP_REQ - reqcfm( 0-none)
05-23 15:38:46.056 0 0 W : [2 T1089 ..] [cmd_complete 65] cmd tkn[142] flags:0000 result: -4 cmd: 105-MM_SUB_DHCP_REQ - reqcfm( 0-none)
05-23 15:38:46.058 0 0 W : [3 T2712 ..] >>> aml_send_msg()
05-23 15:38:46.058 0 0 W : [2 T1089 ..] ipc_sdio_host_msgack_handler 00000000b6f3501c
05-23 15:38:46.059 0 0 W : [2 T1089 ..] [aml_msgackind 2038] msg ack hostid=0xffffff807828e500
05-23 15:38:46.060 0 0 W : [2 T1089 ..] [cmd_mgr_llind 329] cmd tkn[143] flags:0008 result: -4 cmd: 105-MM_SCAN_HANG - reqcfm( 0-none)
05-23 15:38:46.061 0 0 W : [2 T1089 ..] [cmd_complete 65] cmd tkn[143] flags:0000 result: -4 cmd: 105-MM_SCAN_HANG - reqcfm( 0-none)
05-23 15:38:46.063 0 0 W : [2 T1089 ..] fmac scan_hang state:0
05-23 15:38:46.063 0 0 W : [3 T2712 ..] set_scan_hang, flag:0, [aml_ps_wow_resume 5095]
05-23 15:38:46.064 0 0 W : [3 T2712 ..] aml_cfg80211_resume,5397, resume is ok
05-23 15:38:46.077 0 0 W : [3 T1090 ..] [SP FRAME RX] arp req,vif_idx:0 sender:[2e:b8:3b:16:08:4f 192.168.3.157]receiver:[00:00:00:00:00:00 192.168.3.167]
05-23 15:38:46.078 0 0 W : [3 T1090 ..] [SP FRAME TX] arp rsp,vif_idx:0 sender:[1c:79:2d:20:62:97 192.168.3.167]receiver:[2e:b8:3b:16:08:4f 192.168.3.157]
05-23 15:38:46.079 0 0 W : [3 T1090 ..] [SP FRAME RX] arp req,vif_idx:0 sender:[c2:cc:66:a5:97:10 192.168.3.153]receiver:[00:00:00:00:00:00 192.168.3.167]
05-23 15:38:46.081 0 0 W : [3 T1090 ..] [SP FRAME TX] arp rsp,vif_idx:0 sender:[1c:79:2d:20:62:97 192.168.3.167]receiver:[c2:cc:66:a5:97:10 192.168.3.153]
05-23 15:38:46.083 0 0 W : [3 T1090 ..] [SP FRAME RX] arp req,vif_idx:0 sender:[86:c4:12:e3:5b:28 192.168.3.161]receiver:[00:00:00:00:00:00 192.168.3.167]
05-23 15:38:46.084 0 0 W : [3 T1090 ..] [SP FRAME TX] arp rsp,vif_idx:0 sender:[1c:79:2d:20:62:97 192.168.3.167]receiver:[86:c4:12:e3:5b:28 192.168.3.161]
05-23 15:38:46.086 0 0 W : [3 T1090 ..] [SP FRAME RX] arp req,vif_idx:0 sender:[02:18:5d:1c:ad:fa 192.168.3.19]receiver:[00:00:00:00:00:00 192.168.3.167]
05-23 15:38:46.087 0 0 W : [3 T1090 ..] [SP FRAME TX] arp rsp,vif_idx:0 sender:[1c:79:2d:20:62:97 192.168.3.167]receiver:[02:18:5d:1c:ad:fa 192.168.3.19]
05-23 15:38:46.089 0 0 W : [3 T1090 ..] [SP FRAME RX] arp req,vif_idx:0 sender:[2e:b8:3b:16:08:4f 192.168.3.157]receiver:[00:00:00:00:00:00 192.168.3.167]
05-23 15:38:46.090 0 0 W : [3 T1090 ..] [SP FRAME TX] arp rsp,vif_idx:0 sender:[1c:79:2d:20:62:97 192.168.3.167]receiver:[2e:b8:3b:16:08:4f 192.168.3.157]
05-23 15:38:46.092 0 0 W : [3 T1090 ..] [SP FRAME RX] arp req,vif_idx:0 sender:[c2:cc:66:a5:97:10 192.168.3.153]receiver:[00:00:00:00:00:00 192.168.3.167]
05-23 15:38:46.093 0 0 W : [3 T1090 ..] [SP FRAME TX] arp rsp,vif_idx:0 sender:[1c:79:2d:20:62:97 192.168.3.167]receiver:[c2:cc:66:a5:97:10 192.168.3.153]
05-23 15:38:46.095 0 0 W : [3 T1090 ..] [SP FRAME RX] arp req,vif_idx:0 sender:[86:c4:12:e3:5b:28 192.168.3.161]receiver:[00:00:00:00:00:00 192.168.3.167]
05-23 15:38:46.096 0 0 W : [3 T1090 ..] [SP FRAME TX] arp rsp,vif_idx:0 sender:[1c:79:2d:20:62:97 192.168.3.167]receiver:[86:c4:12:e3:5b:28 192.168.3.161]
05-23 15:38:46.098 0 0 W : [3 T1090 ..] [SP FRAME RX] arp req,vif_idx:0 sender:[02:18:5d:1c:ad:fa 192.168.3.19]receiver:[00:00:00:00:00:00 192.168.3.167]
05-23 15:38:46.100 0 0 W : [3 T1090 ..] [SP FRAME TX] arp rsp,vif_idx:0 sender:[1c:79:2d:20:62:97 192.168.3.167]receiver:[02:18:5d:1c:ad:fa 192.168.3.19]
05-23 15:38:46.101 0 0 W : [3 T1090 ..] [SP FRAME RX] arp req,vif_idx:0 sender:[c2:cc:66:a5:97:10 192.168.3.153]receiver:[00:00:00:00:00:00 192.168.3.167]
05-23 15:38:46.103 0 0 W : [3 T1090 ..] [SP FRAME TX] arp rsp,vif_idx:0 sender:[1c:79:2d:20:62:97 192.168.3.167]receiver:[c2:cc:66:a5:97:10 192.168.3.153]
05-23 15:38:46.104 0 0 W : [3 T1090 ..] [SP FRAME RX] arp req,vif_idx:0 sender:[2e:b8:3b:16:08:4f 192.168.3.157]receiver:[00:00:00:00:00:00 192.168.3.167]
05-23 15:38:46.106 0 0 W : [3 T1090 ..] [SP FRAME TX] arp rsp,vif_idx:0 sender:[1c:79:2d:20:62:97 192.168.3.167]receiver:[2e:b8:3b:16:08:4f 192.168.3.157]
05-23 15:38:46.107 0 0 W : [3 T1090 ..] [SP FRAME RX] arp req,vif_idx:0 sender:[86:c4:12:e3:5b:28 192.168.3.161]receiver:[00:00:00:00:00:00 192.168.3.167]
05-23 15:38:46.109 0 0 W : [3 T1090 ..] [SP FRAME TX] arp rsp,vif_idx:0 sender:[1c:79:2d:20:62:97 192.168.3.167]receiver:[86:c4:12:e3:5b:28 192.168.3.161]
05-23 15:38:46.110 0 0 W : [3 T1090 ..] [SP FRAME RX] arp req,vif_idx:0 sender:[02:18:5d:1c:ad:fa 192.168.3.19]receiver:[00:00:00:00:00:00 192.168.3.167]
05-23 15:38:46.112 0 0 W : [3 T1090 ..] [SP FRAME TX] arp rsp,vif_idx:0 sender:[1c:79:2d:20:62:97 192.168.3.167]receiver:[02:18:5d:1c:ad:fa 192.168.3.19]
05-23 15:38:46.114 0 0 W : [3 T1090 ..] [SP FRAME RX] arp req,vif_idx:0 sender:[c2:cc:66:a5:97:10 192.168.3.153]receiver:[00:00:00:00:00:00 192.168.3.167]
05-23 15:38:46.115 0 0 W : [3 T1090 ..] [SP FRAME TX] arp rsp,vif_idx:0 sender:[1c:79:2d:20:62:97 192.168.3.167]receiver:[c2:cc:66:a5:97:10 192.168.3.153]
05-23 15:38:46.117 0 0 W : [3 T1090 ..] [SP FRAME RX] arp req,vif_idx:0 sender:[2e:b8:3b:16:08:4f 192.168.3.157]receiver:[00:00:00:00:00:00 192.168.3.167]
05-23 15:38:46.118 0 0 W : [3 T1090 ..] [SP FRAME TX] arp rsp,vif_idx:0 sender:[1c:79:2d:20:62:97 192.168.3.167]receiver:[2e:b8:3b:16:08:4f 192.168.3.157]
05-23 15:38:46.120 0 0 W : [3 T1090 ..] [SP FRAME RX] arp req,vif_idx:0 sender:[86:c4:12:e3:5b:28 192.168.3.161]receiver:[00:00:00:00:00:00 192.168.3.167]
05-23 15:38:46.121 0 0 W : [3 T1090 ..] [SP FRAME TX] arp rsp,vif_idx:0 sender:[1c:79:2d:20:62:97 192.168.3.167]receiver:[86:c4:12:e3:5b:28 192.168.3.161]
05-23 15:38:46.123 0 0 W : [3 T1090 ..] [SP FRAME RX] arp req,vif_idx:0 sender:[02:18:5d:1c:ad:fa 192.168.3.19]receiver:[00:00:00:00:00:00 192.168.3.167]
05-23 15:38:46.124 0 0 W : [3 T1090 ..] [SP FRAME TX] arp rsp,vif_idx:0 sender:[1c:79:2d:20:62:97 192.168.3.167]receiver:[02:18:5d:1c:ad:fa 192.168.3.19]
05-23 15:38:46.126 0 0 W : [3 T1090 ..] [SP FRAME RX] arp req,vif_idx:0 sender:[c2:cc:66:a5:97:10 192.168.3.153]receiver:[00:00:00:00:00:00 192.168.3.167]
05-23 15:38:46.128 0 0 W : [3 T1090 ..] [SP FRAME TX] arp rsp,vif_idx:0 sender:[1c:79:2d:20:62:97 192.168.3.167]receiver:[c2:cc:66:a5:97:10 192.168.3.153]
05-23 15:38:46.129 0 0 W : [3 T1090 ..] [SP FRAME RX] arp req,vif_idx:0 sender:[86:c4:12:e3:5b:28 192.168.3.161]receiver:[00:00:00:00:00:00 192.168.3.167]
05-23 15:38:46.131 0 0 W : [3 T1090 ..] [SP FRAME TX] arp rsp,vif_idx:0 sender:[1c:79:2d:20:62:97 192.168.3.167]receiver:[86:c4:12:e3:5b:28 192.168.3.161]
05-23 15:38:46.132 0 0 W : [3 T1090 ..] [SP FRAME RX] arp req,vif_idx:0 sender:[02:18:5d:1c:ad:fa 192.168.3.19]receiver:[00:00:00:00:00:00 192.168.3.167]
05-23 15:38:46.134 0 0 W : [3 T1090 ..] [SP FRAME TX] arp rsp,vif_idx:0 sender:[1c:79:2d:20:62:97 192.168.3.167]receiver:[02:18:5d:1c:ad:fa 192.168.3.19]
05-23 15:38:46.135 0 0 W : [3 T1090 ..] [SP FRAME RX] arp req,vif_idx:0 sender:[2e:b8:3b:16:08:4f 192.168.3.157]receiver:[00:00:00:00:00:00 192.168.3.167]
05-23 15:38:46.137 0 0 W : [3 T1090 ..] [SP FRAME TX] arp rsp,vif_idx:0 sender:[1c:79:2d:20:62:97 192.168.3.167]receiver:[2e:b8:3b:16:08:4f 192.168.3.157]
05-23 15:38:46.139 0 0 W : [3 T1090 ..] [SP FRAME RX] arp req,vif_idx:0 sender:[c2:cc:66:a5:97:10 192.168.3.153]receiver:[00:00:00:00:00:00 192.168.3.167]
05-23 15:38:46.140 0 0 W : [3 T1090 ..] [SP FRAME TX] arp rsp,vif_idx:0 sender:[1c:79:2d:20:62:97 192.168.3.167]receiver:[c2:cc:66:a5:97:10 192.168.3.153]
05-23 15:38:46.142 0 0 W : [3 T1090 ..] [SP FRAME RX] arp req,vif_idx:0 sender:[86:c4:12:e3:5b:28 192.168.3.161]receiver:[00:00:00:00:00:00 192.168.3.167]
05-23 15:38:46.143 0 0 W : [3 T1090 ..] [SP FRAME TX] arp rsp,vif_idx:0 sender:[1c:79:2d:20:62:97 192.168.3.167]receiver:[86:c4:12:e3:5b:28 192.168.3.161]
05-23 15:38:46.145 0 0 W : [3 T1090 ..] [SP FRAME RX] arp req,vif_idx:0 sender:[02:18:5d:1c:ad:fa 192.168.3.19]receiver:[00:00:00:00:00:00 192.168.3.167]
05-23 15:38:46.146 0 0 W : [3 T1090 ..] [SP FRAME TX] arp rsp,vif_idx:0 sender:[1c:79:2d:20:62:97 192.168.3.167]receiver:[02:18:5d:1c:ad:fa 192.168.3.19]
05-23 15:38:46.148 0 0 W : [3 T1090 ..] [SP FRAME RX] arp req,vif_idx:0 sender:[c2:cc:66:a5:97:10 192.168.3.153]receiver:[00:00:00:00:00:00 192.168.3.167]
05-23 15:38:46.149 0 0 W : [3 T1090 ..] [SP FRAME TX] arp rsp,vif_idx:0 sender:[1c:79:2d:20:62:97 192.168.3.167]receiver:[c2:cc:66:a5:97:10 192.168.3.153]
05-23 15:38:46.151 0 0 W : [3 T1090 ..] [SP FRAME RX] arp req,vif_idx:0 sender:[2e:b8:3b:16:08:4f 192.168.3.157]receiver:[00:00:00:00:00:00 192.168.3.167]
05-23 15:38:46.152 0 0 W : [3 T1090 ..] [SP FRAME TX] arp rsp,vif_idx:0 sender:[1c:79:2d:20:62:97 192.168.3.167]receiver:[2e:b8:3b:16:08:4f 192.168.3.157]
05-23 15:38:46.154 0 0 W : [3 T1090 ..] [SP FRAME RX] arp req,vif_idx:0 sender:[86:c4:12:e3:5b:28 192.168.3.161]receiver:[00:00:00:00:00:00 192.168.3.167]
05-23 15:38:46.156 0 0 W : [3 T1090 ..] [SP FRAME TX] arp rsp,vif_idx:0 sender:[1c:79:2d:20:62:97 192.168.3.167]receiver:[86:c4:12:e3:5b:28 192.168.3.161]
05-23 15:38:46.157 0 0 W : [3 T1090 ..] [SP FRAME RX] arp req,vif_idx:0 sender:[02:18:5d:1c:ad:fa 192.168.3.19]receiver:[00:00:00:00:00:00 192.168.3.167]
05-23 15:38:46.159 0 0 W : [3 T1090 ..] [SP FRAME TX] arp rsp,vif_idx:0 sender:[1c:79:2d:20:62:97 192.168.3.167]receiver:[02:18:5d:1c:ad:fa 192.168.3.19]
05-23 15:38:46.160 0 0 W : [3 T1090 ..] [SP FRAME RX] arp req,vif_idx:0 sender:[c2:cc:66:a5:97:10 192.168.3.153]receiver:[00:00:00:00:00:00 192.168.3.167]
05-23 15:38:46.162 0 0 W : [3 T1090 ..] [SP FRAME TX] arp rsp,vif_idx:0 sender:[1c:79:2d:20:62:97 192.168.3.167]receiver:[c2:cc:66:a5:97:10 192.168.3.153]
05-23 15:38:46.163 0 0 W : [3 T1090 ..] [SP FRAME RX] arp req,vif_idx:0 sender:[2e:b8:3b:16:08:4f 192.168.3.157]receiver:[00:00:00:00:00:00 192.168.3.167]
05-23 15:38:46.165 0 0 W : [3 T1090 ..] [SP FRAME TX] arp rsp,vif_idx:0 sender:[1c:79:2d:20:62:97 192.168.3.167]receiver:[2e:b8:3b:16:08:4f 192.168.3.157]
05-23 15:38:46.167 0 0 W : [3 T1090 ..] [SP FRAME RX] arp req,vif_idx:0 sender:[c2:cc:66:a5:97:10 192.168.3.153]receiver:[00:00:00:00:00:00 192.168.3.167]
05-23 15:38:46.167 0 0 I [2 T2669 ..] cec: wakeup_reason:0x8
05-23 15:38:46.168 0 0 W : [3 T1090 ..] [SP FRAME TX] arp rsp,vif_idx:0 sender:[1c:79:2d:20:62:97 192.168.3.167]receiver:[c2:cc:66:a5:97:10 192.168.3.153]
05-23 15:38:46.169 0 0 I [2 T2669 ..] cec: aml_cec_pm_complete
05-23 15:38:46.170 0 0 W : [3 T1090 ..] [SP FRAME RX] arp req,vif_idx:0 sender:[2e:b8:3b:16:08:4f 192.168.3.157]receiver:[00:00:00:00:00:00 192.168.3.167]
05-23 15:38:46.171 0 0 I : [2 T2669 ..] OOM killer enabled.
05-23 15:38:46.172 0 0 W : [3 T1090 ..] [SP FRAME TX] arp rsp,vif_idx:0 sender:[1c:79:2d:20:62:97 192.168.3.167]receiver:[2e:b8:3b:16:08:4f 192.168.3.157]
05-23 15:38:46.173 0 0 I : [2 T2669 ..] Restarting tasks ...
05-23 15:38:46.175 0 0 W : [3 T1090 ..] [SP FRAME RX] arp req,vif_idx:0 sender:[2e:b8:3b:16:08:4f 192.168.3.157]receiver:[00:00:00:00:00:00 192.168.3.167]
05-23 15:38:46.177 0 0 W : [3 T1090 ..] [SP FRAME TX] arp rsp,vif_idx:0 sender:[1c:79:2d:20:62:97 192.168.3.167]receiver:[2e:b8:3b:16:08:4f 192.168.3.157]
05-23 15:38:46.178 0 0 W : [2 T1090 ..] [SP FRAME RX] arp req,vif_idx:0 sender:[2e:b8:3b:16:08:4f 192.168.3.157]receiver:[00:00:00:00:00:00 192.168.3.167]
05-23 15:38:46.180 0 0 W : [2 T1090 ..] [SP FRAME TX] arp rsp,vif_idx:0 sender:[1c:79:2d:20:62:97 192.168.3.167]receiver:[2e:b8:3b:16:08:4f 192.168.3.157]
05-23 15:38:46.181 0 0 W : [3 T1090 ..] [SP FRAME RX] arp req,vif_idx:0 sender:[2e:b8:3b:16:08:4f 192.168.3.157]receiver:[00:00:00:00:00:00 192.168.3.167]
05-23 15:38:46.183 0 0 W : [3 T1090 ..] [SP FRAME TX] arp rsp,vif_idx:0 sender:[1c:79:2d:20:62:97 192.168.3.167]receiver:[2e:b8:3b:16:08:4f 192.168.3.157]
05-23 15:38:46.184 0 0 W : [3 T1090 ..] [SP FRAME RX] arp req,vif_idx:0 sender:[2e:b8:3b:16:08:4f 192.168.3.157]receiver:[00:00:00:00:00:00 192.168.3.167]
05-23 15:38:46.186 0 0 W : [3 T1090 ..] [SP FRAME TX] arp rsp,vif_idx:0 sender:[1c:79:2d:20:62:97 192.168.3.167]receiver:[2e:b8:3b:16:08:4f 192.168.3.157]
05-23 15:38:46.188 0 0 W : [3 T1090 ..] [SP FRAME RX] arp req,vif_idx:0 sender:[2a:7f:53:39:7b:19 192.168.3.88]receiver:[00:00:00:00:00:00 192.168.3.167]
05-23 15:38:46.189 0 0 W : [3 T1090 ..] [SP FRAME TX] arp rsp,vif_idx:0 sender:[1c:79:2d:20:62:97 192.168.3.167]receiver:[2a:7f:53:39:7b:19 192.168.3.88]
05-23 15:38:46.191 0 0 W : [3 T1090 ..] [SP FRAME RX] arp req,vif_idx:0 sender:[2e:b8:3b:16:08:4f 192.168.3.157]receiver:[00:00:00:00:00:00 192.168.3.167]
05-23 15:38:46.192 0 0 W : [3 T1090 ..] [SP FRAME TX] arp rsp,vif_idx:0 sender:[1c:79:2d:20:62:97 192.168.3.167]receiver:[2e:b8:3b:16:08:4f 192.168.3.157]
05-23 15:38:46.203 0 0 W : [3 T2669 ..] done.
05-23 15:38:46.203 0 0 I : [3 T2669 d.] Resume cause unknown
05-23 15:38:46.203 0 0 I [3 T2669 ..] [pm]: reboot_pm_cb called. pm_event:4.
05-23 15:38:46.207 0 0 I [3 T2669 ..] PM: suspend exit
05-23 15:39:36.082 711 822 I PowerGroup: Waking up power group from Asleep (groupId=0, uid=1000, reason=WAKE_REASON_POWER_BUTTON, details=android.policy:POWER)...
05-23 15:39:36.083 711 822 I PowerManagerService: Waking up from Asleep (uid=1000, reason=WAKE_REASON_POWER_BUTTON, details=android.policy:POWER)...
05-23 15:39:36.088 711 761 I DisplayPowerController2[0]: Blocking screen on until initial contents have been drawn.
05-23 15:39:36.089 711 761 D ActivityTaskManager: Top Process State changed to PROCESS_STATE_TOP
05-23 15:39:36.090 920 1063 V WindowManagerShell: Transition requested: android.os.BinderProxy@eb25458 TransitionRequestInfo { type = 11, triggerTask = null, remoteTransition = null, displayChange = null, flags = 0 }
05-23 15:39:36.091 711 761 V WindowManager: app ------------- force_land :0
05-23 15:39:36.092 711 761 I DisplayBrightnessStrategySelector: Changing the DisplayBrightnessStrategy from ScreenOffBrightnessStrategy toInvalidBrightnessStrategy for display 0
05-23 15:39:36.094 711 736 D OomAdjuster: Not killing cached processes
05-23 15:39:36.096 711 734 I WindowManager: Suppressed redundant power key press while already in the process of turning the screen on.
05-23 15:39:36.097 711 711 D WindowManager: updateCecScreenStatus 0
05-23 15:39:36.097 711 711 D HDMI : setCecSettingIntValue name:cec_screen_state, value:0
05-23 15:39:36.097 711 711 E ActivityManager: Cancel pending or running compactions as system is awake
05-23 15:39:36.101 711 761 V DisplayPowerController2[0]: Brightness [0.39763778] reason changing to: 'manual', previous reason: 'screen_off'.
05-23 15:39:36.101 711 761 I DisplayPowerController2[0]: BrightnessEvent: disp=0, physDisp=local:4616277992360486155, brt=0.39763778, initBrt=0.0, rcmdBrt=NaN, preBrt=NaN, lux=0.0, preLux=0.0, hbmMax=1.0, hbmMode=off, rbcStrength=0, thrmMax=1.0, powerFactor=1.0, wasShortTermModelActive=false, flags=, reason=manual, autoBrightness=false, strategy=InvalidBrightnessStrategy
05-23 15:39:36.102 711 761 I DisplayPowerController2[0]: Unblocked screen on after 13 ms
05-23 15:39:36.106 711 736 I DisplayDeviceRepository: Display device changed state: "内置屏幕", ON
05-23 15:38:46.233 0 0 I [0 T518 ..] [pm]: early_suspend_state=0
05-23 15:38:46.233 0 0 I [0 T518 ..] vpu: vpu: late_resume clk: 666666656Hz(0x100)
05-23 15:39:36.108 711 725 I DisplayDevice: [0] Layerstack set to 0 for local:4616277992360486155
05-23 15:39:36.108 711 711 I HDMI : screen state is changing to 0
05-23 15:39:36.109 711 711 D HDMI : onWakeUp action:0, current power status:1
05-23 15:39:36.115 711 711 D HDMI : enableSystemCecControl: true
05-23 15:39:36.123 711 736 I DisplayDeviceRepository: Display device changed state: "内置屏幕", ON
05-23 15:38:46.235 0 0 I [0 T518 ..] BTI: bt_lateresume RG_AON_A52:0x44000006
05-23 15:38:46.237 0 0 I [0 T518 ..] BTI: RG_AON_A52:0x40000006
05-23 15:38:46.238 0 0 I [0 T518 ..] [hdmitx: ] Late Resume
05-23 15:38:46.238 0 0 I : [0 T518 ..] [drm] drm hdmitx hpd notify
05-23 15:38:46.244 0 0 I : [0 T518 ..] video_late_resume ok
05-23 15:38:46.244 0 0 I [3 T353 ..] [hdmitx: ] qms 0 qms_tfr_min/max 0 0 gaming_vrr_min/max 48 120
05-23 15:38:46.245 0 0 I [3 T353 ..] [hdmitx: ] BRR VIC 16 width/height 1920 1080 QMS min/max 0 0 GAME min/max 48 120
05-23 15:38:46.249 0 0 I [3 T353 ..] [hdmitx: ] BRR/VIC group
05-23 15:38:46.249 0 0 I [3 T353 ..] [hdmitx: ] BRR VIC 4 width/height 1280 720 QMS min/max 0 0 GAME min/max 48 120
05-23 15:38:46.250 0 0 I [3 T353 ..] [hdmitx: ] BRR/VIC group
05-23 15:38:46.250 0 0 I [3 T353 ..] [hdmitx: ] BRR VIC 97 width/height 3840 2160 QMS min/max 0 0 GAME min/max 48 120
05-23 15:38:46.251 0 0 I [3 T353 ..] [hdmitx: ] BRR/VIC group
05-23 15:38:46.252 0 0 I [3 T353 ..] [hdmitx: ] BRR VIC 102 width/height 4096 2160 QMS min/max 0 0 GAME min/max 48 120
05-23 15:38:46.253 0 0 I [3 T353 ..] [hdmitx: ] BRR/VIC group
05-23 15:38:46.254 0 0 I [3 T353 ..] [hdmitx: ] qms 0 qms_tfr_min/max 0 0 gaming_vrr_min/max 48 120
05-23 15:38:46.256 0 0 I [0 T3715 dh] amvecm: resume recovery vsync
05-23 15:38:46.260 0 0 I [0 T353 ..] [hdmitx: ] qms 0 qms_tfr_min/max 0 0 gaming_vrr_min/max 48 120
05-23 15:38:46.261 0 0 I [0 T353 ..] [hdmitx: ] BRR VIC 16 width/height 1920 1080 QMS min/max 0 0 GAME min/max 48 120
05-23 15:38:46.262 0 0 I [0 T353 ..] [hdmitx: ] BRR/VIC group
05-23 15:38:46.262 0 0 I [0 T353 ..] [hdmitx: ] BRR VIC 4 width/height 1280 720 QMS min/max 0 0 GAME min/max 48 120
05-23 15:38:46.264 0 0 I [0 T353 ..] [hdmitx: ] BRR/VIC group
05-23 15:38:46.264 0 0 I [0 T353 ..] [hdmitx: ] BRR VIC 97 width/height 3840 2160 QMS min/max 0 0 GAME min/max 48 120
05-23 15:38:46.265 0 0 I [0 T353 ..] [hdmitx: ] BRR/VIC group
05-23 15:38:46.266 0 0 I [0 T353 ..] [hdmitx: ] BRR VIC 102 width/height 4096 2160 QMS min/max 0 0 GAME min/max 48 120
05-23 15:38:46.267 0 0 I [0 T353 ..] [hdmitx: ] BRR/VIC group
05-23 15:38:46.268 0 0 I [0 T353 ..] [hdmitx: ] qms 0 qms_tfr_min/max 0 0 gaming_vrr_min/max 48 120
05-23 15:38:46.272 0 0 I [0 T353 ..] [hdmitx: ] qms 0 qms_tfr_min/max 0 0 gaming_vrr_min/max 48 120
05-23 15:38:46.273 0 0 I [0 T353 ..] [hdmitx: ] BRR VIC 16 width/height 1920 1080 QMS min/max 0 0 GAME min/max 48 120
05-23 15:38:46.275 0 0 I [0 T353 ..] [hdmitx: ] BRR/VIC group
05-23 15:38:46.275 0 0 I [0 T353 ..] [hdmitx: ] BRR VIC 4 width/height 1280 720 QMS min/max 0 0 GAME min/max 48 120
05-23 15:38:46.276 0 0 I [0 T353 ..] [hdmitx: ] BRR/VIC group
05-23 15:38:46.276 0 0 I [0 T353 ..] [hdmitx: ] BRR VIC 97 width/height 3840 2160 QMS min/max 0 0 GAME min/max 48 120
05-23 15:38:46.277 0 0 I [0 T353 ..] [hdmitx: ] BRR/VIC group
05-23 15:38:46.278 0 0 I [0 T353 ..] [hdmitx: ] BRR VIC 102 width/height 4096 2160 QMS min/max 0 0 GAME min/max 48 120
05-23 15:38:46.279 0 0 I [0 T353 ..] [hdmitx: ] BRR/VIC group
05-23 15:38:46.280 0 0 I [0 T353 ..] [hdmitx: ] qms 0 qms_tfr_min/max 0 0 gaming_vrr_min/max 48 120
05-23 15:38:46.287 0 0 I [0 T3583 ..] [snd-codec-t9015]: aml_T9015_audio_set_bias_level
05-23 15:38:46.287 0 0 I [0 T3583 ..] [snd-soc]: it is card_post_resume
05-23 15:38:46.288 0 0 I [0 T353 ..] vc: [0]get capability: min 64 64; max 4096 2160
05-23 15:38:46.288 0 0 I [0 T353 ..] vc: [1]get capability: min 64 64; max 2048 1080
05-23 15:38:46.299 0 0 I [0 T353 ..] [hdmitx: ] avmute_store 1
05-23 15:38:46.299 0 0 I [1 T2705 ..] [snd-codec-t9015]: aml_T9015_audio_set_bias_level
05-23 15:38:46.300 0 0 I [1 T79 ..] [snd-codec-t9015]: aml_T9015_audio_set_bias_level
05-23 15:38:46.301 0 0 I [3 T669 ..] [snd-soc]: aml_audio_reset, reg 0xa, shift 9, use_vadtop 0
05-23 15:38:46.301 0 0 I [3 T669 ..] [snd-soc]: aml_audio_reset, reg 0xa, shift 14, use_vadtop 0
05-23 15:38:46.303 0 0 I [3 T669 ..] [hdmitx: ] hdmitx_audio_notify_callback[804] type:1 rate:0 size:0 chs:0 i2s_ch_mask:0 aud_src_if:0
05-23 15:38:46.304 0 0 E [2 T669 ..] [hdmitx: ] *HDMITX_ERROR* audio chn setting, must be 2, 4, 6 or 8, Rst as def
05-23 15:38:46.305 0 0 I [3 T669 ..] [hdmitx: ] aout notify format CT_PCM
05-23 15:38:46.306 0 0 I [2 T669 ..] [hdmitx: ] set audio
05-23 15:38:46.306 0 0 I [2 T669 ..] [hdmitx: ] audio_param->chs = -1
05-23 15:38:46.307 0 0 I [2 T669 ..] [hdmitx: ] aud_src_if = 0
05-23 15:38:46.307 0 0 I [2 T669 ..] [hdmitx: ] set audio param
05-23 15:38:46.308 0 0 I [2 T669 ..] [hdmitx: ] hdmitx_audio_notify_callback[804] type:2 rate:3 size:1 chs:2 i2s_ch_mask:1 aud_src_if:0
05-23 15:38:46.309 0 0 I [2 T669 ..] [hdmitx: ] aout notify format CT_AC_3
05-23 15:38:46.310 0 0 I [2 T669 ..] [hdmitx: ] set audio
05-23 15:38:46.311 0 0 I [2 T669 ..] [hdmitx: ] audio_param->chs = 1
05-23 15:38:46.311 0 0 I [2 T669 ..] [hdmitx: ] aud_src_if = 0
05-23 15:38:46.312 0 0 I [2 T669 ..] [hdmitx: ] set audio param
05-23 15:38:46.312 0 0 D [2 T669 ..] [snd-soc]: aml_spdif_fifo_ctrl, bit depth:16, frddr type:1, toddr:type:1
05-23 15:38:46.317 0 0 W : [3 T1090 ..] [SP FRAME RX] arp req,vif_idx:0 sender:[2a:7f:53:39:7b:19 192.168.3.88]receiver:[00:00:00:00:00:00 192.168.3.167]
05-23 15:38:46.318 0 0 I [2 T669 ..] [snd-soc]: aml_audio_reset, reg 0xa, shift 9, use_vadtop 0
05-23 15:38:46.318 0 0 W : [3 T1090 ..] [SP FRAME TX] arp rsp,vif_idx:0 sender:[1c:79:2d:20:62:97 192.168.3.167]receiver:[2a:7f:53:39:7b:19 192.168.3.88]
05-23 15:38:46.319 0 0 I [2 T669 ..] [snd-soc]: aml_audio_reset, reg 0xa, shift 14, use_vadtop 0
05-23 15:38:46.322 0 0 I [2 T669 ..] [hdmitx: ] hdmitx_audio_notify_callback[804] type:1 rate:0 size:0 chs:0 i2s_ch_mask:0 aud_src_if:0
05-23 15:38:46.323 0 0 E [2 T669 ..] [hdmitx: ] *HDMITX_ERROR* audio chn setting, must be 2, 4, 6 or 8, Rst as def
05-23 15:38:46.324 0 0 I [3 T669 ..] [hdmitx: ] aout notify format CT_PCM
05-23 15:38:46.325 0 0 I [3 T669 ..] [hdmitx: ] set audio
05-23 15:38:46.325 0 0 I [3 T669 ..] [hdmitx: ] audio_param->chs = -1
05-23 15:38:46.326 0 0 I [3 T669 ..] [hdmitx: ] aud_src_if = 0
05-23 15:38:46.327 0 0 I [3 T669 ..] [hdmitx: ] set audio param
05-23 15:38:46.327 0 0 I [3 T669 ..] [hdmitx: ] hdmitx_audio_notify_callback[804] type:2 rate:3 size:1 chs:2 i2s_ch_mask:1 aud_src_if:0
05-23 15:38:46.329 0 0 I [3 T669 ..] [hdmitx: ] aout notify format CT_AC_3
05-23 15:38:46.329 0 0 I [3 T669 ..] [hdmitx: ] set audio
05-23 15:38:46.330 0 0 I [3 T669 ..] [hdmitx: ] audio_param->chs = 1
05-23 15:38:46.331 0 0 I [3 T669 ..] [hdmitx: ] aud_src_if = 0
05-23 15:38:46.331 0 0 I [3 T669 ..] [hdmitx: ] set audio param
05-23 15:38:46.332 0 0 D [3 T669 ..] [snd-soc]: aml_spdif_fifo_ctrl, bit depth:16, frddr type:1, toddr:type:1
05-23 15:38:46.362 0 0 I [0 T1792 ..] [mmc]: tuning-c:4, tuning-s:5
05-23 15:38:46.362 0 0 I [0 T1792 ..] [mmc]: mmc0: clk= 0x10000206, adj = 0x42000, dly1 = 0, dly2 = 0
05-23 15:38:46.364 0 0 I [0 T1792 ..] [mmc]: aml_sd_emmc_clktest [864] clktest : 7680, delay_cell: 83, count: 30
05-23 15:38:46.365 0 0 I [0 T1792 ..] [mmc]: [set_emmc_nwr_clks], delay1: 0x0, delay2: 0x0
05-23 15:38:46.450 0 0 I [1 T1792 ..] [mmc]: cmd-best-c:17, cmd-best-size:31
05-23 15:38:46.470 0 0 I : [3 T2705 ..] [TEE] E/TC:1 INFO: BL3-2: Secure Timer Initialized.
05-23 15:39:36.427 711 711 W Looper : Slow dispatch took 319ms main h=android.os.Handler c=com.android.server.hdmi.WorkSourceUidPreservingRunnable@f441c3f m=0
05-23 15:39:36.432 711 711 W Looper : Slow delivery took 324ms main h=android.app.ActivityThread$H c=android.app.LoadedApk$ReceiverDispatcher$Args$$ExternalSyntheticLambda0@855690c m=0
05-23 15:39:36.433 711 711 D HDMI : [R]: 04:44
05-23 15:39:36.435 711 711 D HDMI : addCecDevice new:CEC: logical_address: 0x00 device_type: 0 cec_version: 5 vendor_id: 16777215 display_name: TV power_status: -1 physical_address: 0xFFFF port_id: -1 old:null
05-23 15:39:36.436 711 711 W HDMI : [1]:Unhandled cec command: 04:44
05-23 15:39:36.436 711 711 W Looper : Drained
05-23 15:39:36.470 920 1063 V WindowManagerShell: onTransitionReady android.os.BinderProxy@eb25458: {id=9 t=WAKE f=0x0 trk=0 r=[0@Point(0, 0)] c=[{WCT{android.window.IWindowContainerToken$Stub$Proxy@2245e04} m=TO_FRONT f=NONE p=WCT{android.window.IWindowContainerToken$Stub$Proxy@9396fed} leash=Surface(name=Task=1)/@0xbb0e9b1 sb=Rect(0, 0 - 1920, 1080) eb=Rect(0, 0 - 1920, 1080) d=0},{WCT{android.window.IWindowContainerToken$Stub$Proxy@bdd0e22} m=TO_FRONT f=NONE leash=Surface(name=DefaultTaskDisplayArea)/@0x16d9e96 sb=Rect(0, 0 - 1920, 1080) eb=Rect(0, 0 - 1920, 1080) d=0}]}
05-23 15:39:36.470 920 1063 V WindowManagerShell: Playing animation for (#9)android.os.BinderProxy@eb25458@0
05-23 15:39:36.471 920 1063 V WindowManagerShell: try handler com.android.wm.shell.keyguard.KeyguardTransitionHandler@67f224e
05-23 15:39:36.471 920 1063 V WindowManagerShell: try handler com.android.wm.shell.pip.tv.TvPipTransition@6e98f6f
05-23 15:39:36.471 920 1063 V WindowManagerShell: try handler com.android.wm.shell.activityembedding.ActivityEmbeddingController@a00147c
05-23 15:39:36.471 920 1063 V WindowManagerShell: try handler com.android.wm.shell.transition.RemoteTransitionHandler@c2eb105
05-23 15:39:36.471 920 1063 V WindowManagerShell: Transition doesn't have explicit remote, search filters for match for {id=9 t=WAKE f=0x0 trk=0 r=[0@Point(0, 0)] c=[{WCT{android.window.IWindowContainerToken$Stub$Proxy@2245e04} m=TO_FRONT f=NONE p=WCT{android.window.IWindowContainerToken$Stub$Proxy@9396fed} leash=Surface(name=Task=1)/@0xbb0e9b1 sb=Rect(0, 0 - 1920, 1080) eb=Rect(0, 0 - 1920, 1080) d=0},{WCT{android.window.IWindowContainerToken$Stub$Proxy@bdd0e22} m=TO_FRONT f=NONE leash=Surface(name=DefaultTaskDisplayArea)/@0x16d9e96 sb=Rect(0, 0 - 1920, 1080) eb=Rect(0, 0 - 1920, 1080) d=0}]}
05-23 15:39:36.471 920 1063 V WindowManagerShell: Delegate animation for #9 to null
05-23 15:39:36.471 920 1063 V WindowManagerShell: try handler com.android.wm.shell.transition.DefaultTransitionHandler@8af155a
05-23 15:39:36.471 920 1063 V WindowManagerShell: start default transition animation, info = {id=9 t=WAKE f=0x0 trk=0 r=[0@Point(0, 0)] c=[{WCT{android.window.IWindowContainerToken$Stub$Proxy@2245e04} m=TO_FRONT f=NONE p=WCT{android.window.IWindowContainerToken$Stub$Proxy@9396fed} leash=Surface(name=Task=1)/@0xbb0e9b1 sb=Rect(0, 0 - 1920, 1080) eb=Rect(0, 0 - 1920, 1080) d=0},{WCT{android.window.IWindowContainerToken$Stub$Proxy@bdd0e22} m=TO_FRONT f=NONE leash=Surface(name=DefaultTaskDisplayArea)/@0x16d9e96 sb=Rect(0, 0 - 1920, 1080) eb=Rect(0, 0 - 1920, 1080) d=0}]}
05-23 15:39:36.472 920 1063 V WindowManagerShell: Transition animation finished (aborted=false), notifying core (#9)android.os.BinderProxy@eb25458@0
05-23 15:39:36.473 711 733 V WindowManager: Sent Transition #9 createdAt=05-23 15:39:36.089 via request=TransitionRequestInfo { type = 11, triggerTask = null, remoteTransition = null, displayChange = null, flags = 0 }
05-23 15:39:36.473 711 733 V WindowManager: startWCT=WindowContainerTransaction { changes = {} hops = [] errorCallbackToken=null taskFragmentOrganizer=null }
05-23 15:39:36.475 711 733 V WindowManager: info={id=9 t=WAKE f=0x0 trk=0 r=[0@Point(0, 0)] c=[{WCT{RemoteToken{41bfed1 Task{eaae97f #1 type=home}}} m=TO_FRONT f=NONE p=WCT{RemoteToken{e355d36 DefaultTaskDisplayArea@170815623}} leash=Surface(name=Task=1)/@0x504548b sb=Rect(0, 0 - 1920, 1080) eb=Rect(0, 0 - 1920, 1080) d=0},{WCT{RemoteToken{e355d36 DefaultTaskDisplayArea@170815623}} m=TO_FRONT f=NONE leash=Surface(name=DefaultTaskDisplayArea)/@0x1ad646a sb=Rect(0, 0 - 1920, 1080) eb=Rect(0, 0 - 1920, 1080) d=0}]}
05-23 15:39:36.475 711 733 V WindowManager: Finish Transition #9: created at
05-23 15:39:36.089 collect-started=0.075ms request-sent=0.146ms started=4.547ms ready=4.481ms sent=371.873ms finished=384.465ms
05-23 15:39:36.476 920 1063 V WindowManagerShell: Track 0 became idle
05-23 15:39:36.476 920 1063 V WindowManagerShell: All active transition animations finished
05-23 15:39:36.476 920 1063 V WindowManagerShell: animated by com.android.wm.shell.transition.DefaultTransitionHandler@8af155a
05-23 15:39:36.476 920 1063 V WindowManagerShell: Track 0 became idle
05-23 15:39:36.476 920 1063 V WindowManagerShell: All active transition animations finished
05-23 15:38:46.548 0 0 I [2 T1792 ..] [mmc]: ds_sht:15, window:24, intf3:0x40f008, clock:0x100e0003, adjust:0x0
05-23 15:38:46.594 0 0 I : [3 T353 ..] [drm] build_hdmitx_attr_str:420,10bit = 3+10
05-23 15:38:46.595 0 0 I : [3 T353 ..] [drm] am_meson_crtc_atomic_disable-[0]:in
05-23 15:38:46.610 0 0 I : [2 T353 ..] dummy_encl_disable finished
05-23 15:38:46.610 0 0 I : [2 T353 ..] [drm] am_meson_crtc_atomic_enable-[0] in: new[smpte60hz], old[dummy_l], vmode[4-4], uboot[0]
05-23 15:38:46.613 0 0 I : [2 T353 ..] [drm] am_meson_crtc_atomic_enable-[0]: enable mode smpte60hz final vmode 0
05-23 15:38:46.617 0 0 I [2 T353 ..] [hdmitx: ] set21_s7d_htxpll_clk_out[96] htxpll vco 3712500 div 1
05-23 15:39:36.492 711 711 D HDMI : receive android.intent.action.SCREEN_ON
05-23 15:38:46.619 0 0 I [0 T353 ..] [hdmitx: ] pll_od0 = 0, pll_od2 = 0, pll_od1 = 1
05-23 15:38:46.619 0 0 I [0 T353 ..] [hdmitx: ] clocks_set_vid_clk_div_for_hdmi[402] div = 8
05-23 15:38:46.621 0 0 I [0 T353 ..] [hdmitx: ] configure venc
05-23 15:38:46.621 0 0 I [0 T353 ..] [hdmitx: ] config_tv_enc_calc[63] vic = 102
05-23 15:38:46.621 0 0 I [0 T353 ..] [hdmitx: ] hdmitx_soft_reset[1261]
05-23 15:38:46.622 0 0 I [0 T353 ..] [hdmitx: ] config hdmitx IP vic = 102 cd:5 cs: 3
05-23 15:38:46.623 0 0 I [0 T353 ..] [hdmitx: ] configure hdmitx21
05-23 15:38:46.625 0 0 I [2 T353 ..] [hdmitx: ] hdmitx_set_dispmode[1527] frl_rate 0 htotal 4400 cs 3 cd 5 h_unstable 0
05-23 15:38:46.625 0 0 I [0 T744 dh] [hdmitx: ] hdmitx_set_drm_pkt: tf=1, cf=1, colormetry=0
05-23 15:38:46.627 0 0 I [0 T744 dh] [hdmitx: ] hdmitx_set_drm_pkt: hdr.sdr pkt sent
05-23 15:38:46.632 0 0 W : [2 T1127 ..] [aml_android_priv_ioctl 128] vif idx=0 cmd=SETSUSPENDMODE 0
05-23 15:38:46.632 0 0 W : [2 T1127 ..] [aml_android_set_suspend_mode 77] set google_cast 0
05-23 15:39:36.526 711 734 W ContextImpl: Calling a method in the system process without a qualified user: android.app.ContextImpl.startService:1899 com.android.server.wm.DisplayPolicy.lambda$focusChangedLw$5:2126 com.android.server.wm.DisplayPolicy.$r8$lambda$Znxk63oh-WzVnzo_WQefN7uxV48:0 com.android.server.wm.DisplayPolicy$$ExternalSyntheticLambda13.run:0 android.os.Handler.handleCallback:958
05-23 15:39:36.527 711 734 I ActivityManager: com.oranth.ledstatus is exempt from freezer
05-23 15:39:36.528 711 734 D CompatibilityChangeReporter: Compat change id reported: 135634846; UID 1000; state: DISABLED
05-23 15:39:36.541 711 745 I ActivityManager: Start proc 3723:com.oranth.ledstatus/1000 for service {com.oranth.ledstatus/com.oranth.ledstatus.LedStatusService}
05-23 15:38:46.666 0 0 I [1 T353 ..] [hdmitx: ] set21_phy_by_mode_s7d[188] rterm = 7
05-23 15:38:46.667 0 0 I [1 T353 ..] [hdmitx: ] Sink is HDMI device
05-23 15:38:46.667 0 0 I [1 T353 ..] [hdmitx: ] clear vsif for non-4k mode.
05-23 15:38:46.668 0 0 I [1 T353 d.] [hdmitx: ] hdmitx_set_drm_pkt: hdr.sdr pkt sent
05-23 15:38:46.669 0 0 I [1 T353 ..] [hdmitx: ] set audio
05-23 15:38:46.669 0 0 I [1 T353 ..] [hdmitx: ] audio_param->chs = 1
05-23 15:38:46.670 0 0 I [1 T353 ..] [hdmitx: ] aud_src_if = 0
05-23 15:38:46.670 0 0 I [1 T353 ..] [hdmitx: ] aud_n_para = 5120
05-23 15:38:46.671 0 0 I [1 T353 ..] [hdmitx: ] vinfo: set cur_enc_ppc as 1, vpp color: 0
05-23 15:38:46.675 0 0 I [0 T0 dh] [hdmitx: ] hdmitx_set_drm_pkt: tf=16, cf=9, colormetry=0
05-23 15:38:46.677 0 0 I [3 T353 ..] DOLBY: vout_notify_callback: VOUT_EVENT_MODE_CHANGE
05-23 15:38:46.677 0 0 I : [3 T353 ..] vsync_pts_inc 1500 1/60
05-23 15:38:46.678 0 0 I : [3 T353 ..] [drm] meson_vout_update_mode_name: hdmitx update vout 1 name smpte60hz.
05-23 15:38:46.685 0 0 I [2 T669 ..] [snd-soc]: aml_audio_reset, reg 0xa, shift 9, use_vadtop 0
05-23 15:38:46.686 0 0 I [2 T669 ..] [snd-soc]: aml_audio_reset, reg 0xa, shift 14, use_vadtop 0
05-23 15:38:46.687 0 0 I [2 T669 ..] [hdmitx: ] hdmitx_audio_notify_callback[804] type:1 rate:0 size:0 chs:0 i2s_ch_mask:0 aud_src_if:0
05-23 15:38:46.688 0 0 E [2 T669 ..] [hdmitx: ] *HDMITX_ERROR* audio chn setting, must be 2, 4, 6 or 8, Rst as def
05-23 15:38:46.689 0 0 I [2 T669 ..] [hdmitx: ] aout notify format CT_PCM
05-23 15:38:46.690 0 0 I [2 T669 ..] [hdmitx: ] set audio
05-23 15:38:46.690 0 0 I [2 T669 ..] [hdmitx: ] audio_param->chs = -1
05-23 15:38:46.691 0 0 I [2 T669 ..] [hdmitx: ] aud_src_if = 0
05-23 15:38:46.692 0 0 I [2 T669 ..] [hdmitx: ] aud_n_para = 5120
05-23 15:38:46.692 0 0 I [2 T669 ..] [hdmitx: ] set audio param
05-23 15:38:46.693 0 0 I [2 T669 ..] [hdmitx: ] hdmitx_audio_notify_callback[804] type:2 rate:3 size:1 chs:2 i2s_ch_mask:1 aud_src_if:0
05-23 15:38:46.694 0 0 I [2 T669 ..] [hdmitx: ] aout notify format CT_AC_3
05-23 15:38:46.695 0 0 I [2 T669 ..] [hdmitx: ] set audio
05-23 15:38:46.695 0 0 I [2 T669 ..] [hdmitx: ] audio_param->chs = 1
05-23 15:38:46.696 0 0 I [2 T669 ..] [hdmitx: ] aud_src_if = 0
05-23 15:38:46.697 0 0 I [2 T669 ..] [hdmitx: ] aud_n_para = 5120
05-23 15:38:46.697 0 0 I [2 T669 ..] [hdmitx: ] set audio param
05-23 15:38:46.698 0 0 D [2 T669 ..] [snd-soc]: aml_spdif_fifo_ctrl, bit depth:16, frddr type:1, toddr:type:1
05-23 15:38:46.717 0 0 I [0 T353 ..] [hdmitx: ] avmute_store -1
05-23 15:38:46.722 0 0 I [0 T353 ..] [hdmitx: ] qms 0 qms_tfr_min/max 0 0 gaming_vrr_min/max 48 120
05-23 15:38:46.722 0 0 I [0 T353 ..] [hdmitx: ] BRR VIC 16 width/height 1920 1080 QMS min/max 0 0 GAME min/max 48 120
05-23 15:38:46.723 0 0 I [0 T353 ..] [hdmitx: ] BRR/VIC group
05-23 15:38:46.724 0 0 I [0 T353 ..] [hdmitx: ] BRR VIC 4 width/height 1280 720 QMS min/max 0 0 GAME min/max 48 120
05-23 15:38:46.725 0 0 I [0 T353 ..] [hdmitx: ] BRR/VIC group
05-23 15:38:46.726 0 0 I [0 T353 ..] [hdmitx: ] BRR VIC 97 width/height 3840 2160 QMS min/max 0 0 GAME min/max 48 120
05-23 15:38:46.727 0 0 I [0 T353 ..] [hdmitx: ] BRR/VIC group
05-23 15:38:46.728 0 0 I [0 T353 ..] [hdmitx: ] BRR VIC 102 width/height 4096 2160 QMS min/max 0 0 GAME min/max 48 120
05-23 15:38:46.729 0 0 I [0 T353 ..] [hdmitx: ] BRR/VIC group
05-23 15:38:46.729 0 0 I [0 T353 ..] [hdmitx: ] qms 0 qms_tfr_min/max 0 0 gaming_vrr_min/max 48 120
05-23 15:39:36.603 711 891 D HDMI : New logical address for device [4]: [preferred:4, assigned:4]
05-23 15:39:36.605 711 891 D HDMI : [S]: 40:00:44:00
05-23 15:39:36.605 711 711 D HDMI : addCecDevice new:CEC: logical_address: 0x04 device_type: 4 cec_version: 5 vendor_id: 1877008 display_name: DBBOX-A3 power_status: 0 physical_address: 0x3000 port_id: 0 old:null
05-23 15:38:46.734 0 0 W [0 T359 ..] audit: audit_lost=215 audit_rate_limit=5 audit_backlog_limit=64
05-23 15:38:46.734 0 0 E [0 T359 ..] audit: rate limit exceeded
05-23 15:39:36.620 711 711 D HDMI : onInitializeCecComplete 2
05-23 15:39:36.621 711 711 D HDMI : oneTouchPlay com.android.server.hdmi.OneTouchPlayAction@fcedd0e
05-23 15:39:36.621 711 711 I HDMI : Not ready to start action. Queued for deferred start:com.android.server.hdmi.OneTouchPlayAction@fcedd0e
05-23 15:39:36.621 711 711 D HdmiControlService: Local device is under address allocation. Queue display callback for later process.
05-23 15:39:36.621 711 711 D HDMI : onAddressAllocated address:4 reason:2
05-23 15:39:36.623 711 711 D HDMI : DeviceDiscoveryAction start com.android.server.hdmi.DeviceDiscoveryAction@942932f
05-23 15:39:36.624 711 711 I HdmiCecLocalDevice: Starting queued action:com.android.server.hdmi.OneTouchPlayAction@fcedd0e
05-23 15:39:36.624 711 711 D HDMI : setActiveSource logical:0x04 physical:0x3000 OneTouchPlayAction#broadcastActiveSource()
05-23 15:39:36.625 711 711 D HDMI : ActiveSourceHistoryRecord active source=(0x04, 0x3000) isActiveSource=true from=OneTouchPlayAction#broadcastActiveSource()
05-23 15:39:36.625 711 711 D HDMI : setActiveSource logical:0x04 physical:0x3000 ActiveSourceAction
05-23 15:39:36.625 711 711 D HDMI : ActiveSourceHistoryRecord active source=(0x04, 0x3000) isActiveSource=true from=ActiveSourceAction
05-23 15:39:36.630 711 711 D HdmiControlService: Switching to full volume behavior
05-23 15:39:36.630 711 711 D HdmiControlService: Switching to full volume behavior
05-23 15:39:36.654 711 736 D LocalDisplayAdapter: The active mode was changed from SurfaceFlinger or the display device to {id=136, width=4096, height=2160, fps=60.000004, alternativeRefreshRates=[], supportedHdrTypes=[2, 3]}
05-23 15:39:36.654 711 736 D LocalDisplayAdapter: New display modes are added and the active mode has changed, use active mode as default mode.
05-23 15:39:36.654 711 736 W LocalDisplayAdapter: DisplayModeSpecs base mode no longer available, using currently active mode.
05-23 15:39:36.655 711 736 I DisplayDeviceRepository: Display device changed: DisplayDeviceInfo{"内置屏幕": uniqueId="local:4616277992360486155", 4096 x 2160, modeId 132, renderFrameRate 60.000004, defaultModeId 132, supportedModes [{id=132, width=4096, height=2160, fps=60.000004, alternativeRefreshRates=[], supportedHdrTypes=[]}], colorMode 0, supportedColorModes [0], hdrCapabilities HdrCapabilities{mSupportedHdrTypes=[], mMaxLuminance=500.0, mMaxAverageLuminance=500.0, mMinLuminance=0.0}, allmSupported false, gameContentTypeSupported false, density 480, 90.468 x 84.406 dpi, appVsyncOff 2000000, presDeadline 13666666, touch INTERNAL, rotation 0, type INTERNAL, address {port=11, model=0x401050603f19a5}, deviceProductInfo DeviceProductInfo{name=Linux FHD, manufacturerPnpId=LNX, productId=0, modelYear=null, manufactureDate=ManufactureDate{week=5, year=2012}, connectionToSinkType=0}, state ON, committedState ON, frameRateOverride , brightnessMinimum 0.0, brightnessMaximum 1.0, brightnessDefault 0.39763778, hdrSdrRatio NaN, FLAG_ALLOWED_TO_BE_DEFAULT_DISPLAY, FLAG_ROTATES_WITH_CONTENT, FLAG_SECURE, FLAG_SUPPORTS_PROTECTED_BUFFERS, FLAG_TRUSTED, installOrientation 0, displayShape DisplayShape{ spec=215504843 displayWidth=4096 displayHeight=2160 physicalPixelDisplaySizeRatio=1.0 rotation=0 offsetX=0 offsetY=0 scale=1.0}}
05-23 15:39:36.657 711 737 W LocalDisplayAdapter: Ignoring request for invalid base mode id 132
05-23 15:39:36.659 711 736 I DisplayDeviceRepository: Display device changed: DisplayDeviceInfo{"内置屏幕": uniqueId="local:4616277992360486155", 4096 x 2160, modeId 136, renderFrameRate 60.000004, defaultModeId 136, supportedModes [{id=133, width=1920, height=1080, fps=119.88013, alternativeRefreshRates=[], supportedHdrTypes=[2, 3]}, {id=134, width=1920, height=1080, fps=120.00001, alternativeRefreshRates=[], supportedHdrTypes=[2, 3]}, {id=135, width=4096, height=2160, fps=59.94006, alternativeRefreshRates=[], supportedHdrTypes=[2, 3]}, {id=136, width=4096, height=2160, fps=60.000004, alternativeRefreshRates=[], supportedHdrTypes=[2, 3]}, {id=137, width=4096, height=2160, fps=50.0, alternativeRefreshRates=[], supportedHdrTypes=[2, 3]}, {id=138, width=4096, height=2160, fps=29.97003, alternativeRefreshRates=[], supportedHdrTypes=[2, 3]}, {id=139, width=4096, height=2160, fps=30.000002, alternativeRefreshRates=[], supportedHdrTypes=[2, 3]}, {id=140, width=4096, height=2160, fps=23.976025, alternativeRefreshRates=[], supportedHdrTypes=[2, 3]}, {id=141, width=4096, height=2160, fps=24.000002, alternativeRefreshRates=[], supportedHdrTypes=[2, 3]}, {id=142, width=3840, height=2160, fps=59.94006, alternativeRefreshRates=[], supportedHdrTypes=[2, 3]}, {id=143, width=3840, height=2160, fps=60.000004, alternativeRefreshRates=[], supportedHdrTypes=[2, 3]}, {id=144, width=3840, height=2160, fps=50.0, alternativeRefreshRates=[], supportedHdrTypes=[2, 3]}, {id=145, width=3840, height=2160, fps=29.97003, alternativeRefreshRates=[], supportedHdrTypes=[2, 3]}, {id=146, width=3840, height=2160, fps=30.000002, alternativeRefreshRates=[], supportedHdrTypes=[2, 3]}, {id=147, width=3840, height=2160, fps=25.0, alternativeRefreshRates=[], supportedHdrTypes=[2, 3]}, {id=148, width=3840, height=2160, fps=23.976025, alternativeRefreshRates=[], supportedHdrTypes=[2, 3]}, {id=149, width=3840, height=2160, fps=24.000002, alternativeRefreshRates=[], supportedHdrTypes=[2, 3]}, {id=150, width=1920, height=1080, fps=100.0, alternativeRefreshRates=[], supportedHdrTypes=[2, 3]}, {id=151, width=1920, height=1080, fps=59.94006, alternativeRefreshRates=[], supportedHdrTypes=[2, 3]}, {id=152, width=1920, height=1080, fps=60.000004, alternativeRefreshRates=[], supportedHdrTypes=[2, 3]}, {id=153, width=1920, height=1080, fps=50.0, alternativeRefreshRates=[], supportedHdrTypes=[2, 3]}, {id=154, width=1920, height=1080, fps=29.97003, alternativeRefreshRates=[], supportedHdrTypes=[2, 3]}, {id=155, width=1920, height=1080, fps=30.000002, alternativeRefreshRates=[], supportedHdrTypes=[2, 3]}, {id=156, width=1920, height=1080, fps=25.0, alternativeRefreshRates=[], supportedHdrTypes=[2, 3]}, {id=157, width=1920, height=1080, fps=23.976025, alternativeRefreshRates=[], supportedHdrTypes=[2, 3]}, {id=158, width=1920, height=1080, fps=24.000002, alternativeRefreshRates=[], supportedHdrTypes=[2, 3]}, {id=159, width=1280, height=720, fps=59.94006, alternativeRefreshRates=[], supportedHdrTypes=[2, 3]}, {id=160, width=1280, height=720, fps=60.000004, alternativeRefreshRates=[], supportedHdrTypes=[2, 3]}, {id=161, width=1280, height=720, fps=50.0, alternativeRefreshRates=[], supportedHdrTypes=[2, 3]}, {id=162, width=720, height=576, fps=50.0, alternativeRefreshRates=[], supportedHdrTypes=[2, 3]}, {id=163, width=720, height=480, fps=59.94006, alternativeRefreshRates=[], supportedHdrTypes=[2, 3]}, {id=164, width=720, height=480, fps=60.000004, alternativeRefreshRates=[], supportedHdrTypes=[2, 3]}], colorMode 0, supportedColorModes [0], hdrCapabilities HdrCapabilities{mSupportedHdrTypes=[2, 3], mMaxLuminance=500.0, mMaxAverageLuminance=500.0, mMinLuminance=0.0}, allmSupported true, gameContentTypeSupported false, density 480, 90.468 x 84.406 dpi, appVsyncOff 2000000, presDeadline 13666666, touch INTERNAL, rotation 0, type INTERNAL, address {port=11, model=0x401050603f19a5}, deviceProductInfo DeviceProductInfo{name=Dangbei , manufacturerPnpId=DBP, productId=48, modelYear=null, manufactureDate=ManufactureDate{week=10, year=2014}, connectionToSinkType=2}, state ON, committ
05-23 15:39:36.733 711 891 D HDMI : [S]: 4F:84:30:00:04
05-23 15:39:36.886 711 891 D HDMI : [S]: 4F:87:1C:A4:10
05-23 15:39:37.000 711 891 D HDMI : [S]: 40:8C
05-23 15:39:37.080 711 891 D HDMI : [S]: 40:47
05-23 15:39:37.359 711 891 D HDMI : [S]: 45:7D
05-23 15:39:37.480 711 711 D HDMI : AVR did not respond to
05-23 15:39:37.480 711 711 D HdmiControlService: Switching to full volume behavior
05-23 15:39:37.582 711 711 D HDMI : [R]: 04:46
05-23 15:39:37.583 711 711 D HDMI : addCecDevice new:CEC: logical_address: 0x00 device_type: 0 cec_version: 5 vendor_id: 16777215 display_name: TV power_status: -1 physical_address: 0xFFFF port_id: -1 old:null
05-23 15:39:37.583 711 711 D HdmiControlService: Switching to full volume behavior
05-23 15:39:37.764 711 711 D HDMI : [R]: 0F:87:6D:74:6B
05-23 15:39:37.826 3663 3689 F libc : FORTIFY: pthread_mutex_lock called on a destroyed mutex (0xb99a2168)
05-23 15:39:37.827 3663 3689 F libc : Fatal signal 6 (SIGABRT), code -1 (SI_QUEUE) in tid 3689 (bt_stack_manage), pid 3663 (droid.bluetooth)
05-23 15:39:37.869 711 711 D HDMI : [R]: 04:8C
05-23 15:39:37.909 711 891 D HDMI : [S]: 40:0D
05-23 15:39:37.992 711 891 D HDMI : [S]: 4F:82:30:00
05-23 15:39:38.121 711 891 D HDMI : [S]: 40:8E:00
05-23 15:39:38.228 711 891 D HDMI : [S]: 45:70:30:00
05-23 15:38:48.421 0 0 W : [3 T1090 ..] [SP FRAME RX] DHCP[0 1], vif_idx:0
05-23 15:38:48.440 0 0 W [2 T3753 ..] audit: audit_lost=236 audit_rate_limit=5 audit_backlog_limit=64
05-23 15:38:48.440 0 0 E [2 T3753 ..] audit: rate limit exceeded
05-23 15:38:48.461 0 0 I [3 T248 ..] logd: logdr: UID=1002 GID=1002 PID=3753 n tail=500 logMask=8 pid=3663 start=0ns deadline=0ns
05-23 15:39:38.348 711 891 D HDMI : [S]: 40:8F
05-23 15:38:48.475 0 0 I [2 T248 ..] logd: logdr: UID=1002 GID=1002 PID=3753 n tail=500 logMask=1 pid=3663 start=0ns deadline=0ns
05-23 15:39:38.372 3753 3753 F DEBUG : *** *** *** *** *** *** *** *** *** *** *** *** *** *** *** ***
05-23 15:39:38.372 3753 3753 F DEBUG : Build fingerprint: 'Amlogic/ross/Dangbei:14/UD2A.240505.001.W1/eng.server.20250523.093142:userdebug/test-keys'
05-23 15:39:38.372 3753 3753 F DEBUG : Revision: '0'
05-23 15:39:38.372 3753 3753 F DEBUG : ABI: 'arm'
05-23 15:39:38.372 3753 3753 F DEBUG : Timestamp: 2025-05-23 15:39:37.930208674+0800
05-23 15:39:38.372 3753 3753 F DEBUG : Process uptime: 0s
05-23 15:39:38.372 3753 3753 F DEBUG : Cmdline: com.android.bluetooth
05-23 15:39:38.372 3753 3753 F DEBUG : pid: 3663, tid: 3689, name: bt_stack_manage >>> com.android.bluetooth <<<
05-23 15:39:38.372 3753 3753 F DEBUG : uid: 1002
05-23 15:39:38.372 3753 3753 F DEBUG : signal 6 (SIGABRT), code -1 (SI_QUEUE), fault addr --------
05-23 15:39:38.372 3753 3753 F DEBUG : Abort message: 'FORTIFY: pthread_mutex_lock called on a destroyed mutex (0xb99a2168)'
05-23 15:39:38.372 3753 3753 F DEBUG : r0 00000000 r1 00000e69 r2 00000006 r3 b88bdbc8
05-23 15:39:38.372 3753 3753 F DEBUG : r4 b88bdbd8 r5 b88bdbc0 r6 00000e4f r7 0000016b
