05-23 15:37:20.943 711 891 E HDMI : [1]:Failed to send 45:7D with errorCode=1
05-23 15:37:20.943 711 711 D HDMI : AVR did not respond to
05-23 15:37:20.944 711 711 D HdmiControlService: Switching to full volume behavior
05-23 15:37:20.999 711 891 D HDMI : [S]: 40:0D
05-23 15:37:21.080 711 891 D HDMI : [S]: 4F:82:30:00
05-23 15:37:21.212 711 891 D HDMI : [S]: 40:8E:00
05-23 15:37:21.295 711 711 D HDMI : [R]: 04:8C
05-23 15:37:02.246 0 0 W : [0 T0 .s] [SP FRAME TX] arp req,vif_idx:0 sender:[1c:79:2d:20:62:97 192.168.3.167]receiver:[00:00:00:00:00:00 192.168.3.229]
05-23 15:37:02.247 0 0 W : [0 T0 .s] [SP FRAME TX] arp req,vif_idx:0 sender:[1c:79:2d:20:62:97 192.168.3.167]receiver:[00:00:00:00:00:00 192.168.3.224]
05-23 15:37:02.248 0 0 W : [0 T0 .s] [SP FRAME TX] arp req,vif_idx:0 sender:[1c:79:2d:20:62:97 192.168.3.167]receiver:[00:00:00:00:00:00 192.168.3.217]
05-23 15:37:21.500 711 891 D HDMI : [S]: 45:70:30:00
05-23 15:37:02.278 0 0 W : [0 T0 .s] [SP FRAME TX] arp req,vif_idx:0 sender:[1c:79:2d:20:62:97 192.168.3.167]receiver:[00:00:00:00:00:00 192.168.3.190]
05-23 15:37:02.279 0 0 W : [0 T0 .s] [SP FRAME TX] arp req,vif_idx:0 sender:[1c:79:2d:20:62:97 192.168.3.167]receiver:[00:00:00:00:00:00 192.168.3.183]
05-23 15:37:02.280 0 0 W : [0 T0 .s] [SP FRAME TX] arp req,vif_idx:0 sender:[1c:79:2d:20:62:97 192.168.3.167]receiver:[00:00:00:00:00:00 192.168.3.165]
05-23 15:37:02.310 0 0 W : [0 T0 .s] [SP FRAME TX] arp req,vif_idx:0 sender:[1c:79:2d:20:62:97 192.168.3.167]receiver:[00:00:00:00:00:00 192.168.3.137]
05-23 15:37:02.342 0 0 W : [0 T0 .s] [SP FRAME TX] arp req,vif_idx:0 sender:[1c:79:2d:20:62:97 192.168.3.167]receiver:[00:00:00:00:00:00 192.168.3.92]
05-23 15:37:02.374 0 0 W : [0 T0 .s] [SP FRAME TX] arp req,vif_idx:0 sender:[1c:79:2d:20:62:97 192.168.3.167]receiver:[00:00:00:00:00:00 192.168.3.81]
05-23 15:37:02.375 0 0 W : [0 T0 .s] [SP FRAME TX] arp req,vif_idx:0 sender:[1c:79:2d:20:62:97 192.168.3.167]receiver:[00:00:00:00:00:00 192.168.3.76]
05-23 15:37:21.611 711 891 E HDMI : [1]:Failed to send 45:70:30:00 with errorCode=1
05-23 15:37:21.611 711 891 D HDMI : [S]: 40:8F
05-23 15:37:02.406 0 0 W : [0 T0 .s] [SP FRAME TX] arp req,vif_idx:0 sender:[1c:79:2d:20:62:97 192.168.3.167]receiver:[00:00:00:00:00:00 192.168.3.44]
05-23 15:37:02.407 0 0 W : [0 T0 .s] [SP FRAME TX] arp req,vif_idx:0 sender:[1c:79:2d:20:62:97 192.168.3.167]receiver:[00:00:00:00:00:00 192.168.3.35]
05-23 15:37:02.438 0 0 W : [0 T0 .s] [SP FRAME TX] arp req,vif_idx:0 sender:[1c:79:2d:20:62:97 192.168.3.167]receiver:[00:00:00:00:00:00 192.168.3.3]
05-23 15:37:21.695 711 891 D HDMI : [S]: 40:8F
05-23 15:37:21.776 711 891 D HDMI : [S]: 40:47
05-23 15:37:21.858 711 711 D HDMI : one touch play retry:1
05-23 15:37:22.111 711 891 D HDMI : [S]: 4F:87:1C:A4:10
05-23 15:37:22.202 711 3126 D CompatibilityChangeReporter: Compat change id reported: 265464455; UID 1000; state: DISABLED
05-23 15:37:22.202 711 3126 D CompatibilityChangeReporter: Compat change id reported: 265452344; UID 1000; state: DISABLED
05-23 15:37:22.202 711 3126 D CompatibilityChangeReporter: Compat change id reported: 266124927; UID 1000; state: DISABLED
05-23 15:37:22.203 711 3126 D CompatibilityChangeReporter: Compat change id reported: 265451093; UID 1000; state: DISABLED
05-23 15:37:22.203 711 3126 D CompatibilityChangeReporter: Compat change id reported: 265456536; UID 1000; state: DISABLED
05-23 15:37:22.203 711 3126 D CompatibilityChangeReporter: Compat change id reported: 255940284; UID 1000; state: DISABLED
05-23 15:37:22.204 711 3126 D CompatibilityChangeReporter: Compat change id reported: 236283604; UID 1000; state: DISABLED
05-23 15:37:22.204 711 3126 D CompatibilityChangeReporter: Compat change id reported: 263959004; UID 1000; state: DISABLED
05-23 15:37:22.204 711 3126 D CompatibilityChangeReporter: Compat change id reported: 264304459; UID 1000; state: DISABLED
05-23 15:37:22.204 711 3126 D CompatibilityChangeReporter: Compat change id reported: 264301586; UID 1000; state: DISABLED
05-23 15:37:22.205 711 3126 D CompatibilityChangeReporter: Compat change id reported: 254631730; UID 1000; state: DISABLED
05-23 15:37:22.205 711 3126 D CompatibilityChangeReporter: Compat change id reported: 273509367; UID 1000; state: DISABLED
05-23 15:37:22.205 711 3126 D CompatibilityChangeReporter: Compat change id reported: 263259275; UID 1000; state: DISABLED
05-23 15:37:22.206 711 3126 D CompatibilityChangeReporter: Compat change id reported: 174042980; UID 1000; state: DISABLED
05-23 15:37:22.206 711 3126 D CompatibilityChangeReporter: Compat change id reported: 174042936; UID 1000; state: DISABLED
05-23 15:37:22.207 711 3126 D CompatibilityChangeReporter: Compat change id reported: 181136395; UID 1000; state: DISABLED
05-23 15:37:22.208 711 3126 D CompatibilityChangeReporter: Compat change id reported: 194480991; UID 1000; state: ENABLED
05-23 15:37:22.218 711 3126 I ActivityTaskManager: START u0 {flg=0x14000000 cmp=com.dangbei.leard.leradlauncher/com.dangbei.launcher.home.LauncherActivity (has extras)} with LAUNCH_SINGLE_TASK from uid 1000 (BAL_ALLOW_ALLOWLISTED_UID) result code=3
05-23 15:37:22.269 711 891 D HDMI : [S]: 40:0D
05-23 15:37:22.351 711 891 D HDMI : [S]: 40:8F
05-23 15:37:22.432 711 891 D HDMI : [S]: 40:8F
05-23 15:37:03.270 0 0 W : [0 T0 .s] [SP FRAME TX] arp req,vif_idx:0 sender:[1c:79:2d:20:62:97 192.168.3.167]receiver:[00:00:00:00:00:00 192.168.3.217]
05-23 15:37:03.271 0 0 W : [0 T0 .s] [SP FRAME TX] arp req,vif_idx:0 sender:[1c:79:2d:20:62:97 192.168.3.167]receiver:[00:00:00:00:00:00 192.168.3.224]
05-23 15:37:03.272 0 0 W : [0 T0 .s] [SP FRAME TX] arp req,vif_idx:0 sender:[1c:79:2d:20:62:97 192.168.3.167]receiver:[00:00:00:00:00:00 192.168.3.229]
05-23 15:37:03.302 0 0 W : [0 T0 .s] [SP FRAME TX] arp req,vif_idx:0 sender:[1c:79:2d:20:62:97 192.168.3.167]receiver:[00:00:00:00:00:00 192.168.3.165]
05-23 15:37:03.303 0 0 W : [0 T0 .s] [SP FRAME TX] arp req,vif_idx:0 sender:[1c:79:2d:20:62:97 192.168.3.167]receiver:[00:00:00:00:00:00 192.168.3.183]
05-23 15:37:03.304 0 0 W : [0 T0 .s] [SP FRAME TX] arp req,vif_idx:0 sender:[1c:79:2d:20:62:97 192.168.3.167]receiver:[00:00:00:00:00:00 192.168.3.190]
05-23 15:37:03.334 0 0 W : [0 T0 .s] [SP FRAME TX] arp req,vif_idx:0 sender:[1c:79:2d:20:62:97 192.168.3.167]receiver:[00:00:00:00:00:00 192.168.3.137]
05-23 15:37:03.370 0 0 W : [0 T0 .s] [SP FRAME TX] arp req,vif_idx:0 sender:[1c:79:2d:20:62:97 192.168.3.167]receiver:[00:00:00:00:00:00 192.168.3.92]
05-23 15:37:03.398 0 0 W : [0 T0 .s] [SP FRAME TX] arp req,vif_idx:0 sender:[1c:79:2d:20:62:97 192.168.3.167]receiver:[00:00:00:00:00:00 192.168.3.76]
05-23 15:37:03.399 0 0 W : [0 T0 .s] [SP FRAME TX] arp req,vif_idx:0 sender:[1c:79:2d:20:62:97 192.168.3.167]receiver:[00:00:00:00:00:00 192.168.3.81]
05-23 15:37:03.430 0 0 W : [0 T0 .s] [SP FRAME TX] arp req,vif_idx:0 sender:[1c:79:2d:20:62:97 192.168.3.167]receiver:[00:00:00:00:00:00 192.168.3.35]
05-23 15:37:03.431 0 0 W : [0 T0 .s] [SP FRAME TX] arp req,vif_idx:0 sender:[1c:79:2d:20:62:97 192.168.3.167]receiver:[00:00:00:00:00:00 192.168.3.44]
05-23 15:37:22.698 711 711 D HDMI : [R]: 04:90:00
05-23 15:37:03.462 0 0 W : [0 T0 .s] [SP FRAME TX] arp req,vif_idx:0 sender:[1c:79:2d:20:62:97 192.168.3.167]receiver:[00:00:00:00:00:00 192.168.3.3]
05-23 15:37:22.700 711 711 D HDMI : One touch play is done for TV's power is ready
05-23 15:37:22.700 711 711 D HDMI : setActiveSource logical:0x04 physical:0x3000 ActiveSourceAction
05-23 15:37:22.703 711 711 D HDMI : ActiveSourceHistoryRecord active source=(0x04, 0x3000) isActiveSource=true from=ActiveSourceAction
05-23 15:37:22.703 711 711 I HDMI : One touch play for Tv's Power key ends with result=0
05-23 15:37:22.703 711 711 D HDMI : queryDisplayStatus status=0
05-23 15:37:22.704 711 711 D AudioService: onStatusChange cecEnabled:true available:true
05-23 15:37:22.705 711 711 D HdmiControlService: Switching to full volume behavior
05-23 15:37:03.494 0 0 W : [0 T0 .s] [SP FRAME TX] arp req,vif_idx:0 sender:[1c:79:2d:20:62:97 192.168.3.167]receiver:[00:00:00:00:00:00 192.168.3.154]
05-23 15:37:03.495 0 0 W : [0 T0 .s] [SP FRAME TX] arp req,vif_idx:0 sender:[1c:79:2d:20:62:97 192.168.3.167]receiver:[00:00:00:00:00:00 192.168.3.226]
05-23 15:37:03.500 0 0 W : [3 T1090 ..] [SP FRAME RX] arp rsp,vif_idx:0 sender:[42:87:91:b7:6d:20 192.168.3.226]receiver:[1c:79:2d:20:62:97 192.168.3.167]
05-23 15:37:03.558 0 0 W : [3 T1090 ..] [SP FRAME RX] arp rsp,vif_idx:0 sender:[32:08:ae:4d:23:4b 192.168.3.154]receiver:[1c:79:2d:20:62:97 192.168.3.167]
05-23 15:37:22.823 711 711 D HDMI : [R]: 04:90:00
05-23 15:37:22.911 711 891 W HDMI : [1]:Failed to send a polling message(4->5) with return code 3
05-23 15:37:22.911 711 891 D HDMI : [S]: 4F:82:30:00
05-23 15:37:22.943 711 711 D HDMI : [R]: 04:90:00
05-23 15:37:03.750 0 0 W : [0 T0 .s] [SP FRAME TX] arp req,vif_idx:0 sender:[1c:79:2d:20:62:97 192.168.3.167]receiver:[00:00:00:00:00:00 192.168.3.205]
05-23 15:37:03.803 0 0 W : [3 T1090 ..] [SP FRAME RX] arp rsp,vif_idx:0 sender:[4c:6b:b8:99:cd:e4 192.168.3.205]receiver:[1c:79:2d:20:62:97 192.168.3.167]
05-23 15:37:23.063 711 711 D HDMI : [R]: 04:90:00
05-23 15:37:23.176 711 891 D HDMI : [S]: 40:8E:00
05-23 15:37:04.007 0 0 W : [0 T254 .s] [SP FRAME TX] arp req,vif_idx:0 sender:[1c:79:2d:20:62:97 192.168.3.167]receiver:[00:00:00:00:00:00 192.168.3.69]
05-23 15:37:04.039 0 0 W : [3 T1090 ..] [SP FRAME RX] arp rsp,vif_idx:0 sender:[26:3b:39:2a:ea:db 192.168.3.69]receiver:[1c:79:2d:20:62:97 192.168.3.167]
05-23 15:37:23.447 711 711 D HdmiCecController: [P]:AllocatedAddress=[0]
05-23 15:37:23.449 711 891 D HDMI : [S]: 40:8F
05-23 15:37:04.294 0 0 W : [0 T0 .s] [SP FRAME TX] arp req,vif_idx:0 sender:[1c:79:2d:20:62:97 192.168.3.167]receiver:[00:00:00:00:00:00 192.168.3.229]
05-23 15:37:04.295 0 0 W : [0 T0 .s] [SP FRAME TX] arp req,vif_idx:0 sender:[1c:79:2d:20:62:97 192.168.3.167]receiver:[00:00:00:00:00:00 192.168.3.224]
05-23 15:37:04.296 0 0 W : [0 T0 .s] [SP FRAME TX] arp req,vif_idx:0 sender:[1c:79:2d:20:62:97 192.168.3.167]receiver:[00:00:00:00:00:00 192.168.3.217]
05-23 15:37:04.326 0 0 W : [0 T0 .s] [SP FRAME TX] arp req,vif_idx:0 sender:[1c:79:2d:20:62:97 192.168.3.167]receiver:[00:00:00:00:00:00 192.168.3.190]
05-23 15:37:04.327 0 0 W : [0 T0 .s] [SP FRAME TX] arp req,vif_idx:0 sender:[1c:79:2d:20:62:97 192.168.3.167]receiver:[00:00:00:00:00:00 192.168.3.183]
05-23 15:37:04.328 0 0 W : [0 T0 .s] [SP FRAME TX] arp req,vif_idx:0 sender:[1c:79:2d:20:62:97 192.168.3.167]receiver:[00:00:00:00:00:00 192.168.3.165]
05-23 15:37:04.358 0 0 W : [0 T0 .s] [SP FRAME TX] arp req,vif_idx:0 sender:[1c:79:2d:20:62:97 192.168.3.167]receiver:[00:00:00:00:00:00 192.168.3.137]
05-23 15:37:23.624 711 711 D HDMI : [R]: 04:90:00
05-23 15:37:04.390 0 0 W : [0 T0 .s] [SP FRAME TX] arp req,vif_idx:0 sender:[1c:79:2d:20:62:97 192.168.3.167]receiver:[00:00:00:00:00:00 192.168.3.92]
05-23 15:37:23.627 711 711 D HDMI : addCecDevice new:CEC: logical_address: 0x00 device_type: 0 cec_version: 5 vendor_id: 7173227 display_name: DBF7 Pro power_status: 0 physical_address: 0x0000 port_id: -1 old:CEC: logical_address: 0x00 device_type: 0 cec_version: 5 vendor_id: 7173227 display_name: TV power_status: 0 physical_address: 0xFFFF port_id: -1
05-23 15:37:23.627 711 711 D HdmiControlService: Switching to full volume behavior
05-23 15:37:23.629 711 711 D HDMI : addCecDevice new:CEC: logical_address: 0x04 device_type: 4 cec_version: 5 vendor_id: 1877008 display_name: DBBOX-A3 power_status: 0 physical_address: 0x3000 port_id: 0 old:null
05-23 15:37:23.629 711 711 D HDMI : Hot-plug detection started.
05-23 15:37:04.422 0 0 W : [0 T0 .s] [SP FRAME TX] arp req,vif_idx:0 sender:[1c:79:2d:20:62:97 192.168.3.167]receiver:[00:00:00:00:00:00 192.168.3.81]
05-23 15:37:04.423 0 0 W : [0 T0 .s] [SP FRAME TX] arp req,vif_idx:0 sender:[1c:79:2d:20:62:97 192.168.3.167]receiver:[00:00:00:00:00:00 192.168.3.76]
05-23 15:37:04.454 0 0 W : [0 T0 .s] [SP FRAME TX] arp req,vif_idx:0 sender:[1c:79:2d:20:62:97 192.168.3.167]receiver:[00:00:00:00:00:00 192.168.3.44]
05-23 15:37:04.455 0 0 W : [0 T0 .s] [SP FRAME TX] arp req,vif_idx:0 sender:[1c:79:2d:20:62:97 192.168.3.167]receiver:[00:00:00:00:00:00 192.168.3.35]
05-23 15:37:04.486 0 0 W : [0 T0 .s] [SP FRAME TX] arp req,vif_idx:0 sender:[1c:79:2d:20:62:97 192.168.3.167]receiver:[00:00:00:00:00:00 192.168.3.3]
05-23 15:37:24.034 711 711 D HDMI : [R]: 04:8F
05-23 15:37:24.034 711 891 D HDMI : [S]: 40:90:00
05-23 15:37:24.261 711 711 D HDMI : [R]: 0F:86:30:00
05-23 15:37:24.262 711 711 D HDMI : setActiveSource logical:0x04 physical:0x3000 HdmiCecLocalDeviceSource#handleSetStreamPath()
05-23 15:37:24.263 711 711 D HDMI : ActiveSourceHistoryRecord active source=(0x04, 0x3000) isActiveSource=true from=HdmiCecLocalDeviceSource#handleSetStreamPath()
05-23 15:37:24.264 711 711 D HDMI : setActiveSource logical:0x04 physical:0x3000 ActiveSourceAction
05-23 15:37:24.264 711 891 D HDMI : [S]: 4F:82:30:00
05-23 15:37:24.265 711 711 D HDMI : ActiveSourceHistoryRecord active source=(0x04, 0x3000) isActiveSource=true from=ActiveSourceAction
05-23 15:37:24.265 711 711 D HdmiControlService: Switching to full volume behavior
05-23 15:37:24.266 711 711 D HdmiControlService: Switching to full volume behavior
05-23 15:37:24.396 711 891 D HDMI : [S]: 40:8E:00
05-23 15:37:05.318 0 0 W : [0 T0 .s] [SP FRAME TX] arp req,vif_idx:0 sender:[1c:79:2d:20:62:97 192.168.3.167]receiver:[00:00:00:00:00:00 192.168.3.217]
05-23 15:37:05.319 0 0 W : [0 T0 .s] [SP FRAME TX] arp req,vif_idx:0 sender:[1c:79:2d:20:62:97 192.168.3.167]receiver:[00:00:00:00:00:00 192.168.3.224]
05-23 15:37:05.320 0 0 W : [0 T0 .s] [SP FRAME TX] arp req,vif_idx:0 sender:[1c:79:2d:20:62:97 192.168.3.167]receiver:[00:00:00:00:00:00 192.168.3.229]
05-23 15:37:05.350 0 0 W : [0 T0 .s] [SP FRAME TX] arp req,vif_idx:0 sender:[1c:79:2d:20:62:97 192.168.3.167]receiver:[00:00:00:00:00:00 192.168.3.165]
05-23 15:37:05.351 0 0 W : [0 T0 .s] [SP FRAME TX] arp req,vif_idx:0 sender:[1c:79:2d:20:62:97 192.168.3.167]receiver:[00:00:00:00:00:00 192.168.3.183]
05-23 15:37:05.352 0 0 W : [0 T0 .s] [SP FRAME TX] arp req,vif_idx:0 sender:[1c:79:2d:20:62:97 192.168.3.167]receiver:[00:00:00:00:00:00 192.168.3.190]
05-23 15:37:05.382 0 0 W : [0 T0 .s] [SP FRAME TX] arp req,vif_idx:0 sender:[1c:79:2d:20:62:97 192.168.3.167]receiver:[00:00:00:00:00:00 192.168.3.137]
05-23 15:37:05.414 0 0 W : [0 T0 .s] [SP FRAME TX] arp req,vif_idx:0 sender:[1c:79:2d:20:62:97 192.168.3.167]receiver:[00:00:00:00:00:00 192.168.3.92]
05-23 15:37:05.446 0 0 W : [0 T0 .s] [SP FRAME TX] arp req,vif_idx:0 sender:[1c:79:2d:20:62:97 192.168.3.167]receiver:[00:00:00:00:00:00 192.168.3.76]
05-23 15:37:05.447 0 0 W : [0 T0 .s] [SP FRAME TX] arp req,vif_idx:0 sender:[1c:79:2d:20:62:97 192.168.3.167]receiver:[00:00:00:00:00:00 192.168.3.81]
05-23 15:37:05.478 0 0 W : [0 T0 .s] [SP FRAME TX] arp req,vif_idx:0 sender:[1c:79:2d:20:62:97 192.168.3.167]receiver:[00:00:00:00:00:00 192.168.3.35]
05-23 15:37:05.479 0 0 W : [0 T0 .s] [SP FRAME TX] arp req,vif_idx:0 sender:[1c:79:2d:20:62:97 192.168.3.167]receiver:[00:00:00:00:00:00 192.168.3.44]
05-23 15:37:05.510 0 0 W : [0 T0 .s] [SP FRAME TX] arp req,vif_idx:0 sender:[1c:79:2d:20:62:97 192.168.3.167]receiver:[00:00:00:00:00:00 192.168.3.3]
05-23 15:37:06.342 0 0 W : [0 T0 .s] [SP FRAME TX] arp req,vif_idx:0 sender:[1c:79:2d:20:62:97 192.168.3.167]receiver:[00:00:00:00:00:00 192.168.3.229]
05-23 15:37:06.343 0 0 W : [0 T0 .s] [SP FRAME TX] arp req,vif_idx:0 sender:[1c:79:2d:20:62:97 192.168.3.167]receiver:[00:00:00:00:00:00 192.168.3.224]
05-23 15:37:06.345 0 0 W : [0 T0 .s] [SP FRAME TX] arp req,vif_idx:0 sender:[1c:79:2d:20:62:97 192.168.3.167]receiver:[00:00:00:00:00:00 192.168.3.217]
05-23 15:37:06.366 0 0 W : [3 T1090 ..] [SP FRAME RX] arp rsp,vif_idx:0 sender:[d2:17:55:d9:36:c4 192.168.3.229]receiver:[1c:79:2d:20:62:97 192.168.3.167]
05-23 15:37:06.367 0 0 W : [3 T1090 ..] [SP FRAME RX] arp rsp,vif_idx:0 sender:[0e:cc:85:fa:1d:7c 192.168.3.224]receiver:[1c:79:2d:20:62:97 192.168.3.167]
05-23 15:37:06.369 0 0 W : [3 T1090 ..] [SP FRAME RX] arp rsp,vif_idx:0 sender:[8a:21:f9:5a:4b:26 192.168.3.217]receiver:[1c:79:2d:20:62:97 192.168.3.167]
05-23 15:37:06.374 0 0 W : [0 T0 .s] [SP FRAME TX] arp req,vif_idx:0 sender:[1c:79:2d:20:62:97 192.168.3.167]receiver:[00:00:00:00:00:00 192.168.3.190]
05-23 15:37:06.375 0 0 W : [0 T0 .s] [SP FRAME TX] arp req,vif_idx:0 sender:[1c:79:2d:20:62:97 192.168.3.167]receiver:[00:00:00:00:00:00 192.168.3.183]
05-23 15:37:06.377 0 0 W : [0 T0 .s] [SP FRAME TX] arp req,vif_idx:0 sender:[1c:79:2d:20:62:97 192.168.3.167]receiver:[00:00:00:00:00:00 192.168.3.165]
05-23 15:37:06.378 0 0 W : [3 T1090 ..] [SP FRAME RX] arp rsp,vif_idx:0 sender:[52:7f:c8:01:a6:83 192.168.3.190]receiver:[1c:79:2d:20:62:97 192.168.3.167]
05-23 15:37:06.380 0 0 W : [3 T1090 ..] [SP FRAME RX] arp rsp,vif_idx:0 sender:[c0:e3:50:10:d6:46 192.168.3.183]receiver:[1c:79:2d:20:62:97 192.168.3.167]
05-23 15:37:06.406 0 0 W : [0 T0 .s] [SP FRAME TX] arp req,vif_idx:0 sender:[1c:79:2d:20:62:97 192.168.3.167]receiver:[00:00:00:00:00:00 192.168.3.137]
05-23 15:37:06.421 0 0 W : [3 T1090 ..] [SP FRAME RX] arp rsp,vif_idx:0 sender:[1a:c7:63:a3:06:ca 192.168.3.137]receiver:[1c:79:2d:20:62:97 192.168.3.167]
05-23 15:37:06.438 0 0 W : [0 T0 .s] [SP FRAME TX] arp req,vif_idx:0 sender:[1c:79:2d:20:62:97 192.168.3.167]receiver:[00:00:00:00:00:00 192.168.3.92]
05-23 15:37:06.470 0 0 W : [0 T849 .s] [SP FRAME TX] arp req,vif_idx:0 sender:[1c:79:2d:20:62:97 192.168.3.167]receiver:[00:00:00:00:00:00 192.168.3.81]
05-23 15:37:06.471 0 0 W : [0 T849 .s] [SP FRAME TX] arp req,vif_idx:0 sender:[1c:79:2d:20:62:97 192.168.3.167]receiver:[00:00:00:00:00:00 192.168.3.76]
05-23 15:37:06.502 0 0 W : [0 T0 .s] [SP FRAME TX] arp req,vif_idx:0 sender:[1c:79:2d:20:62:97 192.168.3.167]receiver:[00:00:00:00:00:00 192.168.3.44]
05-23 15:37:06.503 0 0 W : [0 T0 .s] [SP FRAME TX] arp req,vif_idx:0 sender:[1c:79:2d:20:62:97 192.168.3.167]receiver:[00:00:00:00:00:00 192.168.3.35]
05-23 15:37:06.519 0 0 W : [3 T1090 ..] [SP FRAME RX] arp rsp,vif_idx:0 sender:[e6:6e:3e:02:16:7f 192.168.3.76]receiver:[1c:79:2d:20:62:97 192.168.3.167]
05-23 15:37:06.523 0 0 W : [3 T1090 ..] [SP FRAME RX] arp rsp,vif_idx:0 sender:[9c:56:36:75:31:67 192.168.3.44]receiver:[1c:79:2d:20:62:97 192.168.3.167]
05-23 15:37:06.534 0 0 W : [0 T0 .s] [SP FRAME TX] arp req,vif_idx:0 sender:[1c:79:2d:20:62:97 192.168.3.167]receiver:[00:00:00:00:00:00 192.168.3.3]
05-23 15:37:06.535 0 0 W : [3 T1090 ..] [SP FRAME RX] arp req,vif_idx:0 sender:[ee:08:6c:a8:67:93 192.168.3.184]receiver:[00:00:00:00:00:00 192.168.3.167]
05-23 15:37:06.536 0 0 W : [3 T1090 ..] [SP FRAME TX] arp rsp,vif_idx:0 sender:[1c:79:2d:20:62:97 192.168.3.167]receiver:[ee:08:6c:a8:67:93 192.168.3.184]
05-23 15:37:06.584 0 0 W : [3 T1090 ..] [SP FRAME RX] arp rsp,vif_idx:0 sender:[fe:45:26:ad:ad:e7 192.168.3.3]receiver:[1c:79:2d:20:62:97 192.168.3.167]
05-23 15:37:07.010 0 0 W : [3 T1090 ..] [SP FRAME RX] arp req,vif_idx:0 sender:[28:48:e7:f0:76:bd 192.168.3.210]receiver:[00:00:00:00:00:00 192.168.3.167]
05-23 15:37:07.011 0 0 W : [3 T1090 ..] [SP FRAME TX] arp rsp,vif_idx:0 sender:[1c:79:2d:20:62:97 192.168.3.167]receiver:[28:48:e7:f0:76:bd 192.168.3.210]
05-23 15:37:07.398 0 0 W : [0 T0 .s] [SP FRAME TX] arp req,vif_idx:0 sender:[1c:79:2d:20:62:97 192.168.3.167]receiver:[00:00:00:00:00:00 192.168.3.165]
05-23 15:37:07.462 0 0 W : [0 T0 .s] [SP FRAME TX] arp req,vif_idx:0 sender:[1c:79:2d:20:62:97 192.168.3.167]receiver:[00:00:00:00:00:00 192.168.3.92]
05-23 15:37:07.494 0 0 W : [0 T0 .s] [SP FRAME TX] arp req,vif_idx:0 sender:[1c:79:2d:20:62:97 192.168.3.167]receiver:[00:00:00:00:00:00 192.168.3.81]
05-23 15:37:07.526 0 0 W : [0 T0 .s] [SP FRAME TX] arp req,vif_idx:0 sender:[1c:79:2d:20:62:97 192.168.3.167]receiver:[00:00:00:00:00:00 192.168.3.35]
05-23 15:37:08.013 0 0 W : [3 T1090 ..] [SP FRAME RX] arp req,vif_idx:0 sender:[28:48:e7:f0:76:bd 192.168.3.210]receiver:[00:00:00:00:00:00 192.168.3.167]
05-23 15:37:08.014 0 0 W : [3 T1090 ..] [SP FRAME TX] arp rsp,vif_idx:0 sender:[1c:79:2d:20:62:97 192.168.3.167]receiver:[28:48:e7:f0:76:bd 192.168.3.210]
05-23 15:37:27.518 711 711 D HDMI : [R]: 0F:36
05-23 15:37:27.518 711 711 I HDMI : Hdmi cec standby
05-23 15:37:27.519 711 711 I PowerGroup: Powering off display group due to hdmi (groupId= 0, uid= 1000, millisSinceLastUserActivity=8462, lastUserActivityEvent=other)...
05-23 15:37:27.519 711 711 I PowerManagerService: Going to sleep due to hdmi (uid 1000, screenOffTimeout=300000, activityTimeoutWM=-1, maxDimRatio=0.20000005, maxDimDur=7000)...
05-23 15:37:27.521 711 711 D WindowManager: updateCecScreenStatus 1
05-23 15:37:27.521 711 711 D HDMI : setCecSettingIntValue name:cec_screen_state, value:1
05-23 15:37:27.522 711 711 D OomAdjuster: Not killing cached processes
05-23 15:37:27.524 711 711 W ProcessStats: Tracking association SourceState{217e179 com.ktcp.video:daemon/10077 Fgs #580} whose proc state 3 is better than process ProcessState{eccf830 com.ktcp.video/10077 pkg=com.ktcp.video} proc state 10 (28 skipped)
05-23 15:37:27.527 711 711 I HDMI : screen state is changing to 1
05-23 15:37:27.528 711 711 D HDMI : onStandby action:0, current power:0 initiatedByCec:true
05-23 15:37:27.528 711 711 D HDMI : standby acquireWakeLock 0
05-23 15:37:27.528 711 711 D HDMI : standby releaseWakeLock
05-23 15:37:27.532 711 711 V HdmiControlService: On standby-action cleared:4
05-23 15:37:27.532 711 711 V HdmiControlService: onPendingActionsCleared
05-23 15:37:27.534 711 711 D HDMI : setActiveSource logical:0xffffffff physical:0xffff HdmiCecLocalDevicePlayback#onStandby()
05-23 15:37:27.536 711 711 D HDMI : ActiveSourceHistoryRecord active source=(invalid, invalid) isActiveSource=false from=HdmiCecLocalDevicePlayback#onStandby()
05-23 15:37:27.536 711 711 D HDMI : onStandby sendStandbyNoneActive:false, wasActiveSource:true
05-23 15:37:27.536 711 711 D HDMI : onStandby sendStandbyNoneActive:false, wasActiveSource:true
05-23 15:37:27.536 711 711 I HDMI : onStandby finally completed
05-23 15:37:27.537 711 711 D HDMI : enableSystemCecControl: false
05-23 15:37:27.549 711 711 D HdmiControlService: Switching to full volume behavior
05-23 15:37:27.549 711 891 D HDMI : standby releaseWakeLock
05-23 15:37:27.550 711 711 D HdmiControlService: Switching to full volume behavior
05-23 15:37:08.422 0 0 W : [0 T0 .s] [SP FRAME TX] arp req,vif_idx:0 sender:[1c:79:2d:20:62:97 192.168.3.167]receiver:[00:00:00:00:00:00 192.168.3.165]
05-23 15:37:08.486 0 0 W : [0 T0 .s] [SP FRAME TX] arp req,vif_idx:0 sender:[1c:79:2d:20:62:97 192.168.3.167]receiver:[00:00:00:00:00:00 192.168.3.92]
05-23 15:37:08.518 0 0 W : [0 T0 .s] [SP FRAME TX] arp req,vif_idx:0 sender:[1c:79:2d:20:62:97 192.168.3.167]receiver:[00:00:00:00:00:00 192.168.3.81]
05-23 15:37:08.550 0 0 W : [0 T0 .s] [SP FRAME TX] arp req,vif_idx:0 sender:[1c:79:2d:20:62:97 192.168.3.167]receiver:[00:00:00:00:00:00 192.168.3.35]
05-23 15:37:27.960 711 761 I DisplayPowerController2[0]: Blocking screen off
05-23 15:37:27.961 711 761 I DisplayPowerController2[0]: Unblocked screen off after 0 ms
05-23 15:37:27.963 711 761 D ActivityTaskManager: Top Process State changed to PROCESS_STATE_TOP_SLEEPING
05-23 15:37:27.967 920 1063 V WindowManagerShell: Transition requested: android.os.BinderProxy@c4af0c3 TransitionRequestInfo { type = 12, triggerTask = null, remoteTransition = null, displayChange = null, flags = 0 }
05-23 15:37:27.967 711 733 V WindowManager: Sent Transition #4 createdAt=05-23 15:37:27.965 via request=TransitionRequestInfo { type = 12, triggerTask = null, remoteTransition = null, displayChange = null, flags = 0 }
05-23 15:37:27.970 711 733 V WindowManager: startWCT=WindowContainerTransaction { changes = {} hops = [] errorCallbackToken=null taskFragmentOrganizer=null }
05-23 15:37:27.970 711 733 V WindowManager: info={id=4 t=SLEEP f=0x0 trk=0 r=[] c=[]}
05-23 15:37:27.970 711 761 I DisplayBrightnessStrategySelector: Changing the DisplayBrightnessStrategy from InvalidBrightnessStrategy toScreenOffBrightnessStrategy for display 0
05-23 15:37:27.971 711 2156 W Transition: Transition already started id=4 state=2
05-23 15:37:27.972 920 1063 V WindowManagerShell: onTransitionReady android.os.BinderProxy@c4af0c3: {id=4 t=SLEEP f=0x0 trk=0 r=[] c=[]}
05-23 15:37:27.972 920 1063 V WindowManagerShell: No transition roots in (#4)android.os.BinderProxy@c4af0c3@0 so abort
05-23 15:37:27.972 711 761 V DisplayPowerController2[0]: Brightness [0.0] reason changing to: 'screen_off', previous reason: 'manual'.
05-23 15:37:27.972 920 1063 V WindowManagerShell: Transition animation finished (aborted=true), notifying core (#4)android.os.BinderProxy@c4af0c3@0
05-23 15:37:27.972 711 761 I DisplayPowerController2[0]: BrightnessEvent: disp=0, physDisp=local:4616277992360486155, brt=0.0, initBrt=0.39763778, rcmdBrt=NaN, preBrt=NaN, lux=0.0, preLux=0.0, hbmMax=1.0, hbmMode=off, rbcStrength=0, thrmMax=1.0, powerFactor=1.0, wasShortTermModelActive=false, flags=, reason=screen_off, autoBrightness=false, strategy=ScreenOffBrightnessStrategy
05-23 15:37:27.976 920 1063 V WindowManagerShell: Track 0 became idle
05-23 15:37:27.976 920 1063 V WindowManagerShell: All active transition animations finished
05-23 15:37:27.977 711 733 V WindowManager: Finish Transition #4: created at
05-23 15:37:27.965 collect-started=0.094ms request-sent=0.262ms started=0.6ms ready=0.594ms sent=0.973ms finished=8.398ms
05-23 15:37:27.979 711 736 I DisplayDeviceRepository: Display device changed state: "内置屏幕", OFF
05-23 15:37:27.981 711 1107 I DisplayDevice: [0] Layerstack set to -1 for local:4616277992360486155
05-23 15:37:08.761 0 0 I [3 T368 ..] [hdmitx: ] qms 0 qms_tfr_min/max 0 0 gaming_vrr_min/max 48 120
05-23 15:37:08.762 0 0 I [3 T368 ..] [hdmitx: ] BRR VIC 16 width/height 1920 1080 QMS min/max 0 0 GAME min/max 48 120
05-23 15:37:08.763 0 0 I [3 T368 ..] [hdmitx: ] BRR/VIC group
05-23 15:37:08.765 0 0 I [3 T368 ..] [hdmitx: ] BRR VIC 4 width/height 1280 720 QMS min/max 0 0 GAME min/max 48 120
05-23 15:37:08.765 0 0 I [3 T368 ..] [hdmitx: ] BRR/VIC group
05-23 15:37:08.766 0 0 I [3 T368 ..] [hdmitx: ] BRR VIC 97 width/height 3840 2160 QMS min/max 0 0 GAME min/max 48 120
05-23 15:37:08.767 0 0 I [3 T368 ..] [hdmitx: ] BRR/VIC group
05-23 15:37:08.768 0 0 I [3 T368 ..] [hdmitx: ] BRR VIC 102 width/height 4096 2160 QMS min/max 0 0 GAME min/max 48 120
05-23 15:37:08.769 0 0 I [3 T368 ..] [hdmitx: ] BRR/VIC group
05-23 15:37:08.769 0 0 I [3 T368 ..] [hdmitx: ] qms 0 qms_tfr_min/max 0 0 gaming_vrr_min/max 48 120
05-23 15:37:08.776 0 0 I [1 T368 ..] vc: [0]get capability: min 64 64; max 4096 2160
05-23 15:37:08.777 0 0 I [1 T368 ..] vc: [1]get capability: min 64 64; max 2048 1080
05-23 15:37:08.778 0 0 I [1 T368 ..] [hdmitx: ] avmute_store 1
05-23 15:37:28.079 920 1063 D WindowManagerShell: TvPipController: onTaskStackChanged()
05-23 15:37:08.893 0 0 I : [1 T368 ..] [drm] [meson_hdmitx_encoder_atomic_disable]
05-23 15:37:08.893 0 0 I : [1 T368 ..] [drm] am_meson_crtc_atomic_disable-[0]:in
05-23 15:37:08.894 0 0 I [1 T368 d.] [hdmitx: ] hdmitx_set_drm_pkt: disable drm pkt
05-23 15:37:08.896 0 0 I [1 T368 d.] [hdmitx: ] TV not support DV, clr dv_vsif
05-23 15:37:08.896 0 0 I [1 T368 d.] [hdmitx: ] DV H14b VSIF, switching signal to SDR
05-23 15:37:08.897 0 0 I [1 T368 ..] [hdmitx: ] hdmitx_set_hdr10plus_pkt: null vsif
05-23 15:37:08.898 0 0 I [1 T368 ..] [hdmitx: ] hdmitx_unregister_vrr ret = 0
05-23 15:37:08.898 0 0 I : [1 T368 ..] [drm] am_meson_crtc_atomic_enable-[0] in: new[dummy_l], old[smpte60hz], vmode[4-4], uboot[0]
05-23 15:37:08.900 0 0 I : [1 T368 ..] [drm] am_meson_crtc_atomic_enable-[0]: enable mode dummy_l final vmode 7
05-23 15:37:08.901 0 0 I : [1 T368 ..] dummy_encl_set_current_vmode finished
05-23 15:37:08.902 0 0 I : [1 T368 ..] [drm] meson_vout_update_mode_name: dummy update vout 1 name dummy_l.
05-23 15:37:08.903 0 0 I : [1 T368 ..] [drm] meson_dummyl_encoder_atomic_enable: vmode:7 skip atomic enable!
05-23 15:37:28.170 711 736 I DisplayDeviceRepository: Display device changed state: "内置屏幕", OFF
05-23 15:37:08.938 0 0 I [3 T518 ..] [pm]: early_suspend_state=1
05-23 15:37:28.174 711 761 I PowerGroup: Sleeping power group (groupId=0, uid=1000, reason=timeout)...
05-23 15:37:28.174 711 761 I PowerManagerService: Sleeping (uid 1000)...
05-23 15:37:28.203 711 736 D LocalDisplayAdapter: The active mode was changed from SurfaceFlinger or the display device to {id=66, width=4096, height=2160, fps=60.000004, alternativeRefreshRates=[], supportedHdrTypes=[]}
05-23 15:37:28.203 711 736 D LocalDisplayAdapter: New display modes are added and the active mode has changed, use active mode as default mode.
05-23 15:37:28.203 711 736 W LocalDisplayAdapter: DisplayModeSpecs base mode no longer available, using currently active mode.
05-23 15:37:28.206 711 736 I DisplayDeviceRepository: Display device changed: DisplayDeviceInfo{"内置屏幕": uniqueId="local:4616277992360486155", 4096 x 2160, modeId 37, renderFrameRate 60.000004, defaultModeId 37, supportedModes [{id=34, width=1920, height=1080, fps=119.88013, alternativeRefreshRates=[], supportedHdrTypes=[2, 3]}, {id=35, width=1920, height=1080, fps=120.00001, alternativeRefreshRates=[], supportedHdrTypes=[2, 3]}, {id=36, width=4096, height=2160, fps=59.94006, alternativeRefreshRates=[], supportedHdrTypes=[2, 3]}, {id=37, width=4096, height=2160, fps=60.000004, alternativeRefreshRates=[], supportedHdrTypes=[2, 3]}, {id=38, width=4096, height=2160, fps=50.0, alternativeRefreshRates=[], supportedHdrTypes=[2, 3]}, {id=39, width=4096, height=2160, fps=29.97003, alternativeRefreshRates=[], supportedHdrTypes=[2, 3]}, {id=40, width=4096, height=2160, fps=30.000002, alternativeRefreshRates=[], supportedHdrTypes=[2, 3]}, {id=41, width=4096, height=2160, fps=23.976025, alternativeRefreshRates=[], supportedHdrTypes=[2, 3]}, {id=42, width=4096, height=2160, fps=24.000002, alternativeRefreshRates=[], supportedHdrTypes=[2, 3]}, {id=43, width=3840, height=2160, fps=59.94006, alternativeRefreshRates=[], supportedHdrTypes=[2, 3]}, {id=44, width=3840, height=2160, fps=60.000004, alternativeRefreshRates=[], supportedHdrTypes=[2, 3]}, {id=45, width=3840, height=2160, fps=50.0, alternativeRefreshRates=[], supportedHdrTypes=[2, 3]}, {id=46, width=3840, height=2160, fps=29.97003, alternativeRefreshRates=[], supportedHdrTypes=[2, 3]}, {id=47, width=3840, height=2160, fps=30.000002, alternativeRefreshRates=[], supportedHdrTypes=[2, 3]}, {id=48, width=3840, height=2160, fps=25.0, alternativeRefreshRates=[], supportedHdrTypes=[2, 3]}, {id=49, width=3840, height=2160, fps=23.976025, alternativeRefreshRates=[], supportedHdrTypes=[2, 3]}, {id=50, width=3840, height=2160, fps=24.000002, alternativeRefreshRates=[], supportedHdrTypes=[2, 3]}, {id=51, width=1920, height=1080, fps=100.0, alternativeRefreshRates=[], supportedHdrTypes=[2, 3]}, {id=52, width=1920, height=1080, fps=59.94006, alternativeRefreshRates=[], supportedHdrTypes=[2, 3]}, {id=53, width=1920, height=1080, fps=60.000004, alternativeRefreshRates=[], supportedHdrTypes=[2, 3]}, {id=54, width=1920, height=1080, fps=50.0, alternativeRefreshRates=[], supportedHdrTypes=[2, 3]}, {id=55, width=1920, height=1080, fps=29.97003, alternativeRefreshRates=[], supportedHdrTypes=[2, 3]}, {id=56, width=1920, height=1080, fps=30.000002, alternativeRefreshRates=[], supportedHdrTypes=[2, 3]}, {id=57, width=1920, height=1080, fps=25.0, alternativeRefreshRates=[], supportedHdrTypes=[2, 3]}, {id=58, width=1920, height=1080, fps=23.976025, alternativeRefreshRates=[], supportedHdrTypes=[2, 3]}, {id=59, width=1920, height=1080, fps=24.000002, alternativeRefreshRates=[], supportedHdrTypes=[2, 3]}, {id=60, width=1280, height=720, fps=59.94006, alternativeRefreshRates=[], supportedHdrTypes=[2, 3]}, {id=61, width=1280, height=720, fps=60.000004, alternativeRefreshRates=[], supportedHdrTypes=[2, 3]}, {id=62, width=1280, height=720, fps=50.0, alternativeRefreshRates=[], supportedHdrTypes=[2, 3]}, {id=63, width=720, height=576, fps=50.0, alternativeRefreshRates=[], supportedHdrTypes=[2, 3]}, {id=64, width=720, height=480, fps=59.94006, alternativeRefreshRates=[], supportedHdrTypes=[2, 3]}, {id=65, width=720, height=480, fps=60.000004, alternativeRefreshRates=[], supportedHdrTypes=[2, 3]}], colorMode 0, supportedColorModes [0], hdrCapabilities HdrCapabilities{mSupportedHdrTypes=[2, 3], mMaxLuminance=500.0, mMaxAverageLuminance=500.0, mMinLuminance=0.0}, allmSupported true, gameContentTypeSupported false, density 480, 90.468 x 84.406 dpi, appVsyncOff 2000000, presDeadline 13666666, touch INTERNAL, rotation 0, type INTERNAL, address {port=11, model=0x401050603f19a5}, deviceProductInfo DeviceProductInfo{name=Dangbei , manufacturerPnpId=DBP, productId=48, modelYear=null, manufactureDate=ManufactureDate{week=10, year=2014}, connectionToSinkType=2}, state OFF, committedState OFF, frameRateOverride ,
05-23 15:37:28.209 711 737 W LocalDisplayAdapter: Ignoring request for invalid base mode id 37
05-23 15:37:28.212 711 711 I PowerManagerService: onFlip(): Face up.
05-23 15:37:28.212 711 736 I DisplayDeviceRepository: Display device changed: DisplayDeviceInfo{"内置屏幕": uniqueId="local:4616277992360486155", 4096 x 2160, modeId 66, renderFrameRate 60.000004, defaultModeId 66, supportedModes [{id=66, width=4096, height=2160, fps=60.000004, alternativeRefreshRates=[], supportedHdrTypes=[]}], colorMode 0, supportedColorModes [0], hdrCapabilities HdrCapabilities{mSupportedHdrTypes=[], mMaxLuminance=500.0, mMaxAverageLuminance=500.0, mMinLuminance=0.0}, allmSupported false, gameContentTypeSupported false, density 480, 90.468 x 84.406 dpi, appVsyncOff 2000000, presDeadline 13666666, touch INTERNAL, rotation 0, type INTERNAL, address {port=11, model=0x401050603f19a5}, deviceProductInfo DeviceProductInfo{name=Linux FHD, manufacturerPnpId=LNX, productId=0, modelYear=null, manufactureDate=ManufactureDate{week=5, year=2012}, connectionToSinkType=0}, state OFF, committedState OFF, frameRateOverride , brightnessMinimum 0.0, brightnessMaximum 1.0, brightnessDefault 0.39763778, hdrSdrRatio NaN, FLAG_ALLOWED_TO_BE_DEFAULT_DISPLAY, FLAG_ROTATES_WITH_CONTENT, FLAG_SECURE, FLAG_SUPPORTS_PROTECTED_BUFFERS, FLAG_TRUSTED, installOrientation 0, displayShape DisplayShape{ spec=215504843 displayWidth=4096 displayHeight=2160 physicalPixelDisplaySizeRatio=1.0 rotation=0 offsetX=0 offsetY=0 scale=1.0}}
05-23 15:37:08.982 0 0 I : [1 T518 ..] video_early_suspend ok
05-23 15:37:08.982 0 0 I [1 T518 ..] [hdmitx: ] Early Suspend
05-23 15:37:08.983 0 0 I [1 T518 d.] [hdmitx: ] hdmitx_set_drm_pkt: disable drm pkt
05-23 15:37:08.984 0 0 I [1 T518 d.] [hdmitx: ] TV not support DV, clr dv_vsif
05-23 15:37:08.984 0 0 I [1 T518 d.] [hdmitx: ] DV H14b VSIF, switching signal to SDR
05-23 15:37:08.985 0 0 I [1 T518 ..] [hdmitx: ] hdmitx_set_hdr10plus_pkt: null vsif
05-23 15:37:08.986 0 0 I [1 T518 ..] [hdmitx: ] hdmitx21_video_mute_op: VID_UNMUTE path=0x4000000
05-23 15:37:08.987 0 0 I [1 T518 ..] [hdmitx: ] hdmitx21_audio_mute_op: AUD_UNMUTE path=0x2000000
05-23 15:37:08.988 0 0 I [1 T518 ..] BTI: bt_earlysuspend
05-23 15:37:08.989 0 0 I [1 T518 ..] vpu: vpu: early_suspend clk: 666666656Hz(0x100)
05-23 15:37:28.225 711 711 D HDMI : receive android.intent.action.SCREEN_OFF
05-23 15:37:09.013 0 0 W : [3 T1090 ..] [SP FRAME RX] arp req,vif_idx:0 sender:[28:48:e7:f0:76:bd 192.168.3.210]receiver:[00:00:00:00:00:00 192.168.3.167]
05-23 15:37:09.014 0 0 W : [3 T1090 ..] [SP FRAME TX] arp rsp,vif_idx:0 sender:[1c:79:2d:20:62:97 192.168.3.167]receiver:[28:48:e7:f0:76:bd 192.168.3.210]
05-23 15:37:09.022 0 0 W : [1 T1127 ..] [aml_android_priv_ioctl 128] vif idx=0 cmd=SETSUSPENDMODE 1
05-23 15:37:09.022 0 0 W : [1 T1127 ..] [aml_android_set_suspend_mode 77] set google_cast 1
05-23 15:37:09.025 0 0 I [3 T2669 ..] PM: suspend entry (deep)
05-23 15:37:09.036 0 0 I : [1 T2669 ..] Filesystems sync: 0.011 seconds
05-23 15:37:09.038 0 0 I [1 T2669 ..] [pm]: reboot_pm_cb called. pm_event:3.
05-23 15:37:09.038 0 0 I : [1 T2669 ..] Freezing user space processes ... (elapsed 0.003 seconds) done.
05-23 15:37:09.042 0 0 I : [1 T2669 ..] OOM killer disabled.
05-23 15:37:09.042 0 0 I : [1 T2669 ..] Freezing remaining freezable tasks ... (elapsed 0.002 seconds) done.
05-23 15:37:09.046 0 0 I [1 T2669 ..] cec: aml_cec_pm_prepare
05-23 15:37:09.047 0 0 W : [2 T8 ..] aml_cfg80211_suspend enter 5314
05-23 15:37:09.047 0 0 W : [2 T8 ..] >>> aml_cfg80211_suspend()
05-23 15:37:09.047 0 0 I [1 T2669 ..] BTI: amlbt_sdio_suspend RG_AON_A52:0x6
05-23 15:37:09.047 0 0 W : [2 T8 ..] >>> aml_ps_wow_suspend()
05-23 15:37:09.048 0 0 W : [2 T8 ..] set_scan_hang, flag:1, [aml_cancel_scan 4851]
05-23 15:37:09.048 0 0 I [1 T2669 ..] BTI: RG_AON_A52:0x4000006
05-23 15:37:09.049 0 0 W : [2 T8 ..] >>> aml_send_scanu_cancel_req()
05-23 15:37:09.049 0 0 W : [2 T8 ..] >>> aml_send_msg()
05-23 15:37:09.050 0 0 I [1 T2669 ..] BTI: amlbt_sdio_suspend
05-23 15:37:09.050 0 0 W : [0 T1089 ..] ipc_sdio_host_msgack_handler 00000000f18edfb1
05-23 15:37:09.051 0 0 I [1 T2669 ..] [snd-soc]: it is card_pre_suspend
05-23 15:37:09.051 0 0 W : [0 T1089 ..] [aml_msgackind 2038] msg ack hostid=0xffffff80774b7c80
05-23 15:37:09.052 0 0 I [2 T10 ..] [snd-codec-t9015]: aml_T9015_audio_set_bias_level
05-23 15:37:09.053 0 0 W : [0 T1089 ..] [cmd_mgr_llind 329] cmd tkn[94] flags:001a result: -4 cmd: 105-MM_SUB_SCANU_CANCEL_REQ - reqcfm(16385-unknown)
05-23 15:37:09.053 0 0 I [2 T10 ..] [snd-codec-t9015]: aml_T9015_audio_set_bias_level
05-23 15:37:09.055 0 0 W : [0 T1089 ..] [cmd_mgr_msgind 409] cmd tkn[94] flags:0012 result: -4 cmd: 105-MM_SUB_SCANU_CANCEL_REQ - reqcfm(16385-unknown)
05-23 15:37:09.055 0 0 I [1 T2669 ..] [snd-codec-t9015]: aml_T9015_audio_suspend!
05-23 15:37:09.057 0 0 W : [0 T1089 ..] aml_scanu_cancel_cfm 2046: status:1, vif_id=0
05-23 15:37:09.058 0 0 I [1 T2669 ..] [snd-codec-t9015]: aml_T9015_audio_set_bias_level
05-23 15:37:09.062 0 0 W : [0 T1089 ..] [cmd_complete 65] cmd tkn[94] flags:0002 result: -4 cmd: 105-MM_SUB_SCANU_CANCEL_REQ - reqcfm(16385-unknown)
05-23 15:37:09.063 0 0 W : [2 T8 ..] >>> aml_send_arp_agent_req()
05-23 15:37:09.064 0 0 W : [2 T8 ..] >>> aml_send_msg()
05-23 15:37:09.065 0 0 W : [0 T1089 ..] ipc_sdio_host_msgack_handler 00000000ead65041
05-23 15:37:09.065 0 0 W : [0 T1089 ..] [aml_msgackind 2038] msg ack hostid=0xffffff80774b7e00
05-23 15:37:09.066 0 0 W : [0 T1089 ..] [cmd_mgr_llind 329] cmd tkn[95] flags:0008 result: -4 cmd: 105-MM_SUB_ARP_AGENT_REQ - reqcfm( 0-none)
05-23 15:37:09.068 0 0 W : [0 T1089 ..] [cmd_complete 65] cmd tkn[95] flags:0000 result: -4 cmd: 105-MM_SUB_ARP_AGENT_REQ - reqcfm( 0-none)
05-23 15:37:09.070 0 0 W : [2 T8 ..] >>> aml_send_msg()
05-23 15:37:09.070 0 0 W : [0 T1089 ..] ipc_sdio_host_msgack_handler 00000000ead65041
05-23 15:37:09.071 0 0 W : [0 T1089 ..] [aml_msgackind 2038] msg ack hostid=0xffffff80774b7e00
05-23 15:37:09.072 0 0 W : [0 T1089 ..] [cmd_mgr_llind 329] cmd tkn[96] flags:0008 result: -4 cmd: 105-MM_SUB_TKO_ACTIVATE_REQ - reqcfm( 0-none)
05-23 15:37:09.073 0 0 W : [0 T1089 ..] [cmd_complete 65] cmd tkn[96] flags:0000 result: -4 cmd: 105-MM_SUB_TKO_ACTIVATE_REQ - reqcfm( 0-none)
05-23 15:37:09.075 0 0 W : [2 T8 ..] >>> aml_send_dhcp_req()
05-23 15:37:09.076 0 0 W : [2 T8 ..] >>> aml_send_msg()
05-23 15:37:09.076 0 0 W : [0 T1089 ..] ipc_sdio_host_msgack_handler 00000000ead65041
05-23 15:37:09.077 0 0 W : [0 T1089 ..] [aml_msgackind 2038] msg ack hostid=0xffffff80774b7e00
05-23 15:37:09.078 0 0 W : [0 T1089 ..] [cmd_mgr_llind 329] cmd tkn[97] flags:0008 result: -4 cmd: 105-MM_SUB_DHCP_REQ - reqcfm( 0-none)
05-23 15:37:09.079 0 0 W : [0 T1089 ..] [cmd_complete 65] cmd tkn[97] flags:0000 result: -4 cmd: 105-MM_SUB_DHCP_REQ - reqcfm( 0-none)
05-23 15:37:09.081 0 0 W : [2 T8 ..] [aml_send_me_set_ps_mode 2111] set power save mode:1
05-23 15:37:09.081 0 0 W : [2 T8 ..] >>> aml_send_msg()
05-23 15:37:09.083 0 0 W : [0 T1089 ..] ipc_sdio_host_msgack_handler 00000000ead65041
05-23 15:37:09.083 0 0 W : [0 T1089 ..] [aml_msgackind 2038] msg ack hostid=0xffffff80774b7e00
05-23 15:37:09.084 0 0 W : [0 T1089 ..] [cmd_mgr_llind 329] cmd tkn[98] flags:001a result: -4 cmd:5139-ME_SET_PS_MODE_REQ - reqcfm(5140-ME_SET_PS_MODE_CFM) --------- beginning of crash
05-23 15:37:29.849 1550 1550 E AndroidRuntime: FATAL EXCEPTION: main
05-23 15:37:29.849 1550 1550 E AndroidRuntime: Process: com.oranth.ledstatus, PID: 1550
05-23 15:37:29.849 1550 1550 E AndroidRuntime: java.lang.RuntimeException: WakeLock under-locked MYTAG
05-23 15:37:29.849 1550 1550 E AndroidRuntime: at android.os.PowerManager$WakeLock.release(PowerManager.java:3796)
05-23 15:37:29.849 1550 1550 E AndroidRuntime: at android.os.PowerManager$WakeLock.release(PowerManager.java:3757)
05-23 15:37:29.849 1550 1550 E AndroidRuntime: at com.oranth.ledstatus.LedStatusService$b.b(LedStatusService.java:272)
05-23 15:37:29.849 1550 1550 E AndroidRuntime: at com.oranth.ledstatus.b.run(Unknown Source:2)
05-23 15:37:29.849 1550 1550 E AndroidRuntime: at android.os.Handler.handleCallback(Handler.java:958)
05-23 15:37:29.849 1550 1550 E AndroidRuntime: at android.os.Handler.dispatchMessage(Handler.java:99)
05-23 15:37:29.849 1550 1550 E AndroidRuntime: at android.os.Looper.loopOnce(Looper.java:205)
05-23 15:37:29.849 1550 1550 E AndroidRuntime: at android.os.Looper.loop(Looper.java:294)
05-23 15:37:29.849 1550 1550 E AndroidRuntime: at android.app.ActivityThread.main(ActivityThread.java:8255)
05-23 15:37:29.849 1550 1550 E AndroidRuntime: at java.lang.reflect.Method.invoke(Native Method)
05-23 15:37:29.849 1550 1550 E AndroidRuntime: at com.android.internal.os.RuntimeInit$MethodAndArgsCaller.run(RuntimeInit.java:552)
05-23 15:37:29.849 1550 1550 E AndroidRuntime: at com.android.internal.os.ZygoteInit.main(ZygoteInit.java:978)
05-23 15:37:09.086 0 0 W : [0 T1089 ..] [cmd_mgr_msgind 409] cmd tkn[98] flags:0012 result: -4 cmd:5139-ME_SET_PS_MODE_REQ - reqcfm(5140-ME_SET_PS_MODE_CFM)
05-23 15:37:09.088 0 0 W : [0 T1089 ..] [cmd_complete 65] cmd tkn[98] flags:0002 result: -4 cmd:5139-ME_SET_PS_MODE_REQ - reqcfm(5140-ME_SET_PS_MODE_CFM)
05-23 15:37:09.090 0 0 W : [2 T8 ..] >>> aml_send_suspend_req()
05-23 15:37:09.090 0 0 W : [2 T8 ..] >>> aml_send_msg()
05-23 15:37:09.091 0 0 W : [0 T1089 ..] ipc_sdio_host_msgack_handler 00000000ead65041
05-23 15:37:09.091 0 0 W : [0 T1089 ..] [aml_msgackind 2038] msg ack hostid=0xffffff80774b7e00
05-23 15:37:09.092 0 0 W : [0 T1089 ..] [cmd_mgr_llind 329] cmd tkn[99] flags:0008 result: -4 cmd: 105-MM_SUB_SET_SUSPEND_REQ - reqcfm(1023-none)
05-23 15:37:09.094 0 0 W : [0 T1089 ..] [cmd_complete 65] cmd tkn[99] flags:0000 result: -4 cmd: 105-MM_SUB_SET_SUSPEND_REQ - reqcfm(1023-none)
05-23 15:37:09.096 0 0 W : [0 T1089 ..] aml_suspend_ind 2103
05-23 15:37:09.114 0 0 W : [2 T8 ..] [aml_ps_wow_suspend 5274] after suspend cmd:0
05-23 15:37:09.114 0 0 W : [2 T8 ..] aml_cfg80211_suspend ok exit 5337
05-23 15:37:09.274 0 0 I : [1 T2669 ..] meson_uart fe078000.serial: pull up rts
05-23 15:37:09.275 0 0 I : [1 T2669 ..] amlvideo2.1 suspend ok
05-23 15:37:09.275 0 0 I : [1 T2669 ..] amlvideo2.0 suspend ok
05-23 15:37:09.276 0 0 I : [1 T2669 ..] [drm] am_meson_crtc_atomic_disable-[0]:in
05-23 15:37:09.276 0 0 I : [1 T2669 ..] dummy_encl_disable finished
05-23 15:37:09.277 0 0 I : [1 T2669 ..] [drm] am_meson_drm_pm_suspend: done
05-23 15:37:09.278 0 0 I [1 T2669 ..] [hdmitx: ] hdmitx_s7d_clock_gate 0
05-23 15:37:09.278 0 0 I [1 T2669 ..] [hdmitx: ] amhdmitx: suspend
05-23 15:37:09.279 0 0 I : [1 T2669 ..] vdin_self_stop_dec(1) decoder in state stopped flags=0x0
05-23 15:37:09.280 0 0 I : [1 T2669 ..] vdin_drv_suspend vdin-id:1 ok.
05-23 15:37:09.281 0 0 I [1 T2669 ..] amvdac_drv_suspend: private_flag:0x0
05-23 15:37:09.281 0 0 I [1 T2669 ..] amvecm: suspend module
05-23 15:37:09.282 0 0 E [1 T2669 ..] vpu: vpu: error: vapb_clk_switch: vapb_clk
05-23 15:37:09.283 0 0 I [1 T2669 ..] vpu: set vpu clk: 25000000Hz(0), readback: 25000000Hz(0x50f)
05-23 15:37:09.284 0 0 I [1 T2669 ..] vpu: vpu: suspend clk: 25000000Hz(0x50f)
05-23 15:37:09.284 0 0 I [1 T2669 ..] [snd-soc]: vad_platform_suspend
05-23 15:37:09.285 0 0 I [1 T2669 ..] [snd-soc]: aml_tdm_platform_suspend tdm:(2)
05-23 15:37:09.286 0 0 I [1 T2669 ..] [snd-soc]: aml_tdm_platform_suspend tdm:(1)
05-23 15:37:09.287 0 0 I [1 T2669 ..] [snd-soc]: aml_tdm_platform_suspend tdm:(0)
05-23 15:37:09.287 0 0 I : [1 T2669 ..] wzh exphy wol
05-23 15:37:09.289 0 0 I : [1 T2669 ..] mali fd000000.valhall: Scheduler PM suspend
05-23 15:37:09.290 0 0 I : [1 T2669 ..] mali fd000000.valhall: pm_callback_suspend in
05-23 15:37:09.291 0 0 I : [1 T2669 ..] mali fd000000.valhall: pm_callback_suspend out
05-23 15:37:09.291 0 0 I : [1 T2669 ..] meson-vrtc fe010288.rtc: alarm_time = 300s, local_time=110s
05-23 15:37:09.293 0 0 I : [1 T2669 ..] di_clear_for_suspend
05-23 15:37:09.293 0 0 I : [1 T2669 ..] di_clear_for_suspend end
05-23 15:37:09.295 0 0 I [1 T2669 ..] dim: di_suspend finish
05-23 15:37:09.296 0 0 I : [1 T2669 ..] Disabling non-boot CPUs ...
05-23 15:37:09.299 0 0 I [0 T2669 ..] psci: CPU1 killed (polled 4 ms)
05-23 15:37:09.302 0 0 I [0 T2669 ..] psci: CPU2 killed (polled 4 ms)
05-23 15:37:09.305 0 0 I [0 T2669 ..] psci: CPU3 killed (polled 0 ms)
05-23 15:37:09.306 0 0 I : [0 T2669 ..] Enabling non-boot CPUs ...
05-23 15:37:09.307 0 0 I : [0 T0 ..] Detected VIPT I-cache on CPU1
05-23 15:37:09.307 0 0 I [0 T0 ..] CPU1: Booted secondary processor 0x0000000100 [0x412fd050]
05-23 15:37:09.308 0 0 I : [0 T2669 ..] CPU1 is up
05-23 15:37:09.308 0 0 I : [0 T0 ..] Detected VIPT I-cache on CPU2
05-23 15:37:09.308 0 0 I [0 T0 ..] CPU2: Booted secondary processor 0x0000000200 [0x412fd050]
05-23 15:37:09.309 0 0 I : [0 T2669 ..] CPU2 is up
05-23 15:37:09.309 0 0 I : [0 T0 ..] Detected VIPT I-cache on CPU3
05-23 15:37:09.309 0 0 I [0 T0 ..] CPU3: Booted secondary processor 0x0000000300 [0x412fd050]
05-23 15:37:09.311 0 0 I : [0 T2669 ..] CPU3 is up
05-23 15:37:09.311 0 0 I [0 T2669 ..] cec: cec resume noirq!
05-23 15:37:09.311 0 0 I [0 T2669 ..] cec: wakeup_reason:0x5
05-23 15:37:09.315 0 0 I [0 T2669 ..] dim: di_resume
05-23 15:37:09.315 0 0 I [0 T2669 ..] dim: vpu clkb =25000000.
05-23 15:37:09.316 0 0 I [0 T2669 ..] dim: di_resume finish
05-23 15:37:09.325 0 0 I : [0 T2669 ..] meson-vrtc fe010288.rtc: meson_vrtc_adjust_alarm: remaining alarm time = 298 s
05-23 15:37:09.325 0 0 I : [0 T2669 ..] mali fd000000.valhall: pm_callback_resume in
05-23 15:37:09.327 0 0 I : [0 T2669 ..] mali fd000000.valhall: pm_callback_resume out
05-23 15:37:09.328 0 0 I : [0 T2669 ..] mali fd000000.valhall: Scheduler PM resume
05-23 15:37:09.330 0 0 I : [1 T2669 ..] amlogic-crg-drd-usb2 fe358000.usbphy20: phy trim value= 0x000000ff
05-23 15:37:09.330 0 0 I : [1 T2669 ..] amlogic-crg-drd-usb2 fe358000.usbphy20: usb2 pll init done, val: 0x8f549540
05-23 15:37:09.331 0 0 E [1 T2669 ..] [usb]: amlogic_crg_drd_usb2_set_usb_vbus_power 1.
05-23 15:37:09.332 0 0 I : [1 T2669 ..] amlogic-crg-drd-usb2 fe348000.usbphy21: phy trim value= 0x000000ff
05-23 15:37:09.333 0 0 I : [1 T2669 ..] amlogic-crg-drd-usb2 fe348000.usbphy21: usb2 pll init done, val: 0x8f549540
05-23 15:37:09.334 0 0 I : [1 T2669 ..] exeth hold wakelock 5s
05-23 15:37:09.335 0 0 E : [1 T2669 ..] snd_tdm fe330000.audiobus:tdm@0: aml_set_tdm_mclk_2(), clk 0 err
05-23 15:37:09.336 0 0 I [1 T2669 ..] [snd-soc]: aml_tdm_platform_resume tdm:(0)
05-23 15:37:09.336 0 0 E : [1 T2669 ..] snd_tdm fe330000.audiobus:tdm@1: aml_set_tdm_mclk_2(), clk 0 err
05-23 15:37:09.337 0 0 I [1 T2669 ..] [snd-soc]: aml_tdm_platform_resume tdm:(1)
05-23 15:37:09.338 0 0 I [1 T2669 ..] [snd-soc]: aml_tdm_platform_resume tdm:(2)
05-23 15:37:09.339 0 0 I [1 T2669 ..] [snd-soc]: new_resample_init: Start init new resample 0 parameters!
05-23 15:37:09.340 0 0 E : [1 T2669 ..] Codec io: No support bus type 2 to write.
05-23 15:37:09.341 0 0 I [1 T2669 ..] [snd-soc]: resample_clk_set:set hifi pll
05-23 15:37:09.342 0 0 I [1 T2669 ..] [snd-soc]: resample_clk_set, resample_pll:491520000, sclk:12288000, clk:12288000
05-23 15:37:09.343 0 0 I [1 T2669 ..] [snd-soc]: new_resample_set_ratio(), id = 0, phase_step = 0x10000000, input_sr = 48000, output_sr = 48000
05-23 15:37:09.343 0 0 I [1 T2669 ..] [snd-soc]: resample_clk_set:set hifi pll
05-23 15:37:09.345 0 0 I [1 T2669 ..] [snd-soc]: resample_clk_set, resample_pll:491520000, sclk:12288000, clk:12288000
05-23 15:37:09.346 0 0 I [1 T2669 ..] [snd-soc]: vad_platform_resume
05-23 15:37:09.347 0 0 I : [1 T2669 ..] AMFC VLSI version:100, feature:1, clk:666666656
05-23 15:37:09.348 0 0 E [1 T2669 ..] vpu: vpu: error: vapb_clk_switch: vapb_clk
05-23 15:37:09.349 0 0 I [1 T2669 ..] vpu: set vpu clk: 666666667Hz(8), readback: 666666656Hz(0x100)
05-23 15:37:09.349 0 0 I [1 T2669 ..] vpu: vpu: resume clk: 666666656Hz(0x100)
05-23 15:37:09.350 0 0 I [1 T2669 ..] amvecm: resume module
05-23 15:37:09.351 0 0 I [1 T2669 ..] amvdac_drv_resume: private_flag:0x0
05-23 15:37:09.370 0 0 I : [1 T2669 ..] vdin_drv_resume id:1 ok.
05-23 15:37:09.370 0 0 I [1 T2669 ..] [mmc]: sdio vendor is 0x1b8e
05-23 15:37:09.370 0 0 I [1 T2669 ..] [wireless]: vendor_id = 0x1b8e
05-23 15:37:09.371 0 0 I [1 T2669 ..] [hdmitx: ] amhdmitx: resume
05-23 15:37:09.372 0 0 I [1 T2669 ..] [hdmitx: ] hdmitx_s7d_clock_gate 1
05-23 15:37:09.372 0 0 I [1 T2669 ..] [hdmitx: ] hdmi_hwp_init497
05-23 15:37:09.373 0 0 I [1 T2669 ..] [hdmitx: ] plugin sequence id: 4294919933
05-23 15:37:09.411 0 0 I [1 T2669 ..] cec: [hdmitx_notify_callback] unsupported notify:3
05-23 15:37:09.411 0 0 W : [1 T2669 ..] [RX]-up_phy_addr = 3
05-23 15:37:09.412 0 0 I [1 T2669 ..] [hdmitx: ] edid: blk0 raw data
05-23 15:37:09.413 0 0 I [1 T2669 ..] [hdmitx: ] 00ffffffffffff0010503000010000000a180103807341780acf74a3574cb02309484c000000010101ff01ffff01010101010101012008e80030f2705a80b058
