05-23 15:35:35.958 711 740 D SystemServerInitThreadPool: Finished executing Update app-ops uidState in case package com.android.cameraextensions changed
05-23 15:35:35.958 711 740 V SystemServerTimingAsync: InitThreadPoolExec:Update app-ops uidState in case package com.android.cameraextensions changed took to complete: 0ms
05-23 15:35:35.958 711 740 D SystemServerTimingAsync: InitThreadPoolExec:Update app-ops uidState in case package com.android.dreams.basic changed
05-23 15:35:35.958 711 740 D SystemServerInitThreadPool: Started executing Update app-ops uidState in case package com.android.dreams.basic changed
05-23 15:35:35.958 711 740 D SystemServerInitThreadPool: Finished executing Update app-ops uidState in case package com.android.dreams.basic changed
05-23 15:35:35.958 711 740 V SystemServerTimingAsync: InitThreadPoolExec:Update app-ops uidState in case package com.android.dreams.basic changed took to complete: 0ms
05-23 15:35:35.958 711 740 D SystemServerTimingAsync: InitThreadPoolExec:Update app-ops uidState in case package com.dangbei.hqguide changed
05-23 15:35:35.958 711 740 D SystemServerInitThreadPool: Started executing Update app-ops uidState in case package com.dangbei.hqguide changed
05-23 15:35:35.958 711 740 D SystemServerInitThreadPool: Finished executing Update app-ops uidState in case package com.dangbei.hqguide changed
05-23 15:35:35.958 711 740 V SystemServerTimingAsync: InitThreadPoolExec:Update app-ops uidState in case package com.dangbei.hqguide changed took to complete: 0ms
05-23 15:35:35.958 711 740 D SystemServerTimingAsync: InitThreadPoolExec:Update app-ops uidState in case package com.android.statementservice changed
05-23 15:35:35.958 711 740 D SystemServerInitThreadPool: Started executing Update app-ops uidState in case package com.android.statementservice changed
05-23 15:35:35.958 711 740 D SystemServerInitThreadPool: Finished executing Update app-ops uidState in case package com.android.statementservice changed
05-23 15:35:35.958 711 740 V SystemServerTimingAsync: InitThreadPoolExec:Update app-ops uidState in case package com.android.statementservice changed took to complete: 0ms
05-23 15:35:35.958 711 740 D SystemServerTimingAsync: InitThreadPoolExec:Update app-ops uidState in case package com.android.vpndialogs changed
05-23 15:35:35.958 711 740 D SystemServerInitThreadPool: Started executing Update app-ops uidState in case package com.android.vpndialogs changed
05-23 15:35:35.958 711 740 D SystemServerInitThreadPool: Finished executing Update app-ops uidState in case package com.android.vpndialogs changed
05-23 15:35:35.958 711 740 V SystemServerTimingAsync: InitThreadPoolExec:Update app-ops uidState in case package com.android.vpndialogs changed took to complete: 0ms
05-23 15:35:35.958 711 740 D SystemServerTimingAsync: InitThreadPoolExec:Update app-ops uidState in case package com.android.providers.tv changed
05-23 15:35:35.958 711 740 D SystemServerInitThreadPool: Started executing Update app-ops uidState in case package com.android.providers.tv changed
05-23 15:35:35.958 711 740 D SystemServerInitThreadPool: Finished executing Update app-ops uidState in case package com.android.providers.tv changed
05-23 15:35:35.958 711 740 V SystemServerTimingAsync: InitThreadPoolExec:Update app-ops uidState in case package com.android.providers.tv changed took to complete: 0ms
05-23 15:35:35.958 711 740 D SystemServerTimingAsync: InitThreadPoolExec:Update app-ops uidState in case package com.android.packageinstaller changed
05-23 15:35:35.958 711 740 D SystemServerInitThreadPool: Started executing Update app-ops uidState in case package com.android.packageinstaller changed
05-23 15:35:35.958 711 740 D SystemServerInitThreadPool: Finished executing Update app-ops uidState in case package com.android.packageinstaller changed
05-23 15:35:35.958 711 740 V SystemServerTimingAsync: InitThreadPoolExec:Update app-ops uidState in case package com.android.packageinstaller changed took to complete: 0ms
05-23 15:35:35.958 711 740 D SystemServerTimingAsync: InitThreadPoolExec:Update app-ops uidState in case package com.android.sharedstoragebackup changed
05-23 15:35:35.958 711 740 D SystemServerInitThreadPool: Started executing Update app-ops uidState in case package com.android.sharedstoragebackup changed
05-23 15:35:35.958 711 740 D SystemServerInitThreadPool: Finished executing Update app-ops uidState in case package com.android.sharedstoragebackup changed
05-23 15:35:35.959 711 740 V SystemServerTimingAsync: InitThreadPoolExec:Update app-ops uidState in case package com.android.sharedstoragebackup changed took to complete: 0ms
05-23 15:35:35.959 711 740 D SystemServerTimingAsync: InitThreadPoolExec:Update app-ops uidState in case package com.android.proxyhandler changed
05-23 15:35:35.959 711 740 D SystemServerInitThreadPool: Started executing Update app-ops uidState in case package com.android.proxyhandler changed
05-23 15:35:35.959 711 784 V SystemServerTimingAsync: InitThreadPoolExec:Update app-ops uidState in case package com.android.camera2 changed took to complete: 1ms
05-23 15:35:35.959 711 784 D SystemServerTimingAsync: InitThreadPoolExec:Update app-ops uidState in case package com.android.musicfx changed
05-23 15:35:35.959 711 784 D SystemServerInitThreadPool: Started executing Update app-ops uidState in case package com.android.musicfx changed
05-23 15:35:35.959 711 784 D SystemServerInitThreadPool: Finished executing Update app-ops uidState in case package com.android.musicfx changed
05-23 15:35:35.959 711 784 V SystemServerTimingAsync: InitThreadPoolExec:Update app-ops uidState in case package com.android.musicfx changed took to complete: 0ms
05-23 15:35:35.959 711 784 D SystemServerTimingAsync: InitThreadPoolExec:Update app-ops uidState in case package com.android.managedprovisioning changed
05-23 15:35:35.959 711 784 D SystemServerInitThreadPool: Started executing Update app-ops uidState in case package com.android.managedprovisioning changed
05-23 15:35:35.959 711 784 D SystemServerInitThreadPool: Finished executing Update app-ops uidState in case package com.android.managedprovisioning changed
05-23 15:35:35.959 711 784 V SystemServerTimingAsync: InitThreadPoolExec:Update app-ops uidState in case package com.android.managedprovisioning changed took to complete: 0ms
05-23 15:35:35.959 711 784 D SystemServerTimingAsync: InitThreadPoolExec:Update app-ops uidState in case package com.android.intentresolver changed
05-23 15:35:35.959 711 784 D SystemServerInitThreadPool: Started executing Update app-ops uidState in case package com.android.intentresolver changed
05-23 15:35:35.959 711 784 D SystemServerInitThreadPool: Finished executing Update app-ops uidState in case package com.android.intentresolver changed
05-23 15:35:35.959 711 784 V SystemServerTimingAsync: InitThreadPoolExec:Update app-ops uidState in case package com.android.intentresolver changed took to complete: 0ms
05-23 15:35:35.959 711 784 D SystemServerTimingAsync: InitThreadPoolExec:Update app-ops uidState in case package com.android.externalstorage changed
05-23 15:35:35.959 711 784 D SystemServerInitThreadPool: Started executing Update app-ops uidState in case package com.android.externalstorage changed
05-23 15:35:35.959 711 784 D SystemServerInitThreadPool: Finished executing Update app-ops uidState in case package com.android.externalstorage changed
05-23 15:35:35.959 711 784 V SystemServerTimingAsync: InitThreadPoolExec:Update app-ops uidState in case package com.android.externalstorage changed took to complete: 0ms
05-23 15:35:35.959 711 784 D SystemServerTimingAsync: InitThreadPoolExec:Update app-ops uidState in case package com.android.providers.media changed
05-23 15:35:35.959 711 784 D SystemServerInitThreadPool: Started executing Update app-ops uidState in case package com.android.providers.media changed
05-23 15:35:35.959 711 784 D SystemServerInitThreadPool: Finished executing Update app-ops uidState in case package com.android.providers.media changed
05-23 15:35:35.959 711 740 D SystemServerInitThreadPool: Finished executing Update app-ops uidState in case package com.android.proxyhandler changed
05-23 15:35:35.959 711 740 V SystemServerTimingAsync: InitThreadPoolExec:Update app-ops uidState in case package com.android.proxyhandler changed took to complete: 1ms
05-23 15:35:35.959 711 740 D SystemServerTimingAsync: InitThreadPoolExec:Update app-ops uidState in case package com.android.providers.downloads changed
05-23 15:35:35.959 711 740 D SystemServerInitThreadPool: Started executing Update app-ops uidState in case package com.android.providers.downloads changed
05-23 15:35:35.959 711 740 D SystemServerInitThreadPool: Finished executing Update app-ops uidState in case package com.android.providers.downloads changed
05-23 15:35:35.959 711 740 V SystemServerTimingAsync: InitThreadPoolExec:Update app-ops uidState in case package com.android.providers.downloads changed took to complete: 0ms
05-23 15:35:35.959 711 807 D SystemServerInitThreadPool: Finished executing Update app-ops uidState in case package com.android.pacprocessor changed
05-23 15:35:35.959 711 740 D SystemServerTimingAsync: InitThreadPoolExec:Update app-ops uidState in case package com.android.mtp changed
05-23 15:35:35.959 711 740 D SystemServerInitThreadPool: Started executing Update app-ops uidState in case package com.android.mtp changed
05-23 15:35:35.959 711 740 D SystemServerInitThreadPool: Finished executing Update app-ops uidState in case package com.android.mtp changed
05-23 15:35:35.959 711 740 V SystemServerTimingAsync: InitThreadPoolExec:Update app-ops uidState in case package com.android.mtp changed took to complete: 0ms
05-23 15:35:35.959 711 740 D SystemServerTimingAsync: InitThreadPoolExec:Update app-ops uidState in case package com.android.soundpicker changed
05-23 15:35:35.959 711 740 D SystemServerInitThreadPool: Started executing Update app-ops uidState in case package com.android.soundpicker changed
05-23 15:35:35.959 711 740 D SystemServerInitThreadPool: Finished executing Update app-ops uidState in case package com.android.soundpicker changed
05-23 15:35:35.959 711 740 V SystemServerTimingAsync: InitThreadPoolExec:Update app-ops uidState in case package com.android.soundpicker changed took to complete: 0ms
05-23 15:35:35.959 711 740 D SystemServerTimingAsync: InitThreadPoolExec:Update app-ops uidState in case package com.android.providers.userdictionary changed
05-23 15:35:35.960 711 740 D SystemServerInitThreadPool: Started executing Update app-ops uidState in case package com.android.providers.userdictionary changed
05-23 15:35:35.960 711 740 D SystemServerInitThreadPool: Finished executing Update app-ops uidState in case package com.android.providers.userdictionary changed
05-23 15:35:35.960 711 740 V SystemServerTimingAsync: InitThreadPoolExec:Update app-ops uidState in case package com.android.providers.userdictionary changed took to complete: 0ms
05-23 15:35:35.960 711 740 D SystemServerTimingAsync: InitThreadPoolExec:Update app-ops uidState in case package com.android.providers.contacts changed
05-23 15:35:35.960 711 740 D SystemServerInitThreadPool: Started executing Update app-ops uidState in case package com.android.providers.contacts changed
05-23 15:35:35.960 711 740 D SystemServerInitThreadPool: Finished executing Update app-ops uidState in case package com.android.providers.contacts changed
05-23 15:35:35.960 711 793 D SystemServerInitThreadPool: Finished executing Update app-ops uidState in case package com.android.hotspot2.osulogin changed
05-23 15:35:35.960 711 784 V SystemServerTimingAsync: InitThreadPoolExec:Update app-ops uidState in case package com.android.providers.media changed took to complete: 0ms
05-23 15:35:35.960 711 784 D SystemServerTimingAsync: InitThreadPoolExec:Update app-ops uidState in case package com.android.providers.calendar changed
05-23 15:35:35.960 711 784 D SystemServerInitThreadPool: Started executing Update app-ops uidState in case package com.android.providers.calendar changed
05-23 15:35:35.960 711 784 D SystemServerInitThreadPool: Finished executing Update app-ops uidState in case package com.android.providers.calendar changed
05-23 15:35:35.960 711 784 V SystemServerTimingAsync: InitThreadPoolExec:Update app-ops uidState in case package com.android.providers.calendar changed took to complete: 1ms
05-23 15:35:35.960 711 784 D SystemServerTimingAsync: InitThreadPoolExec:Update app-ops uidState in case package com.android.backupconfirm changed
05-23 15:35:35.960 711 784 D SystemServerInitThreadPool: Started executing Update app-ops uidState in case package com.android.backupconfirm changed
05-23 15:35:35.960 711 784 D SystemServerInitThreadPool: Finished executing Update app-ops uidState in case package com.android.backupconfirm changed
05-23 15:35:35.960 711 784 V SystemServerTimingAsync: InitThreadPoolExec:Update app-ops uidState in case package com.android.backupconfirm changed took to complete: 0ms
05-23 15:35:35.960 711 784 D SystemServerTimingAsync: InitThreadPoolExec:Update app-ops uidState in case package com.android.networkstack.tethering.droidlogic changed
05-23 15:35:35.960 711 784 D SystemServerInitThreadPool: Started executing Update app-ops uidState in case package com.android.networkstack.tethering.droidlogic changed
05-23 15:35:35.960 711 784 D SystemServerInitThreadPool: Finished executing Update app-ops uidState in case package com.android.networkstack.tethering.droidlogic changed
05-23 15:35:35.960 711 784 V SystemServerTimingAsync: InitThreadPoolExec:Update app-ops uidState in case package com.android.networkstack.tethering.droidlogic changed took to complete: 0ms
05-23 15:35:35.960 711 784 D SystemServerTimingAsync: InitThreadPoolExec:Update app-ops uidState in case package android.auto_generated_rro_vendor__ changed
05-23 15:35:35.960 711 784 D SystemServerInitThreadPool: Started executing Update app-ops uidState in case package android.auto_generated_rro_vendor__ changed
05-23 15:35:35.960 711 784 D SystemServerInitThreadPool: Finished executing Update app-ops uidState in case package android.auto_generated_rro_vendor__ changed
05-23 15:35:35.960 711 784 V SystemServerTimingAsync: InitThreadPoolExec:Update app-ops uidState in case package android.auto_generated_rro_vendor__ changed took to complete: 0ms
05-23 15:35:35.960 711 784 D SystemServerTimingAsync: InitThreadPoolExec:Update app-ops uidState in case package com.android.systemui.auto_generated_rro_vendor__ changed
05-23 15:35:35.960 711 784 D SystemServerInitThreadPool: Started executing Update app-ops uidState in case package com.android.systemui.auto_generated_rro_vendor__ changed
05-23 15:35:35.960 711 784 D SystemServerInitThreadPool: Finished executing Update app-ops uidState in case package com.android.systemui.auto_generated_rro_vendor__ changed
05-23 15:35:35.960 711 784 V SystemServerTimingAsync: InitThreadPoolExec:Update app-ops uidState in case package com.android.systemui.auto_generated_rro_vendor__ changed took to complete: 0ms
05-23 15:35:35.960 711 784 D SystemServerTimingAsync: InitThreadPoolExec:Update app-ops uidState in case package com.droidlogic.wifitetheringoverlay changed
05-23 15:35:35.960 711 784 D SystemServerInitThreadPool: Started executing Update app-ops uidState in case package com.droidlogic.wifitetheringoverlay changed
05-23 15:35:35.960 711 784 D SystemServerInitThreadPool: Finished executing Update app-ops uidState in case package com.droidlogic.wifitetheringoverlay changed
05-23 15:35:35.960 711 784 V SystemServerTimingAsync: InitThreadPoolExec:Update app-ops uidState in case package com.droidlogic.wifitetheringoverlay changed took to complete: 0ms
05-23 15:35:35.960 711 784 D SystemServerTimingAsync: InitThreadPoolExec:Update app-ops uidState in case package com.droidlogic.wifion changed
05-23 15:35:35.961 711 784 D SystemServerInitThreadPool: Started executing Update app-ops uidState in case package com.droidlogic.wifion changed
05-23 15:35:35.961 711 784 D SystemServerInitThreadPool: Finished executing Update app-ops uidState in case package com.droidlogic.wifion changed
05-23 15:35:35.961 711 784 V SystemServerTimingAsync: InitThreadPoolExec:Update app-ops uidState in case package com.droidlogic.wifion changed took to complete: 1ms
05-23 15:35:35.961 711 784 D SystemServerTimingAsync: InitThreadPoolExec:Update app-ops uidState in case package com.android.tv.overlay.wifi.resources changed
05-23 15:35:35.961 711 784 D SystemServerInitThreadPool: Started executing Update app-ops uidState in case package com.android.tv.overlay.wifi.resources changed
05-23 15:35:35.961 711 784 D SystemServerInitThreadPool: Finished executing Update app-ops uidState in case package com.android.tv.overlay.wifi.resources changed
05-23 15:35:35.962 711 784 V SystemServerTimingAsync: InitThreadPoolExec:Update app-ops uidState in case package com.android.tv.overlay.wifi.resources changed took to complete: 0ms
05-23 15:35:35.962 711 784 D SystemServerTimingAsync: InitThreadPoolExec:Update app-ops uidState in case package com.android.tv.overlay.settingsprovider changed
05-23 15:35:35.962 711 784 D SystemServerInitThreadPool: Started executing Update app-ops uidState in case package com.android.tv.overlay.settingsprovider changed
05-23 15:35:35.962 711 793 V SystemServerTimingAsync: InitThreadPoolExec:Update app-ops uidState in case package com.android.hotspot2.osulogin changed took to complete: 13ms
05-23 15:35:35.962 711 793 D SystemServerTimingAsync: InitThreadPoolExec:Update app-ops uidState in case package com.droidlogic.tvprovider.overlay changed
05-23 15:35:35.962 711 793 D SystemServerInitThreadPool: Started executing Update app-ops uidState in case package com.droidlogic.tvprovider.overlay changed
05-23 15:35:35.963 711 740 V SystemServerTimingAsync: InitThreadPoolExec:Update app-ops uidState in case package com.android.providers.contacts changed took to complete: 0ms
05-23 15:35:35.963 711 740 D SystemServerTimingAsync: InitThreadPoolExec:Update app-ops uidState in case package com.android.tv.overlay.lps.disabled changed
05-23 15:35:35.963 711 740 D SystemServerInitThreadPool: Started executing Update app-ops uidState in case package com.android.tv.overlay.lps.disabled changed
05-23 15:35:35.963 711 740 D SystemServerInitThreadPool: Finished executing Update app-ops uidState in case package com.android.tv.overlay.lps.disabled changed
05-23 15:35:35.963 711 740 V SystemServerTimingAsync: InitThreadPoolExec:Update app-ops uidState in case package com.android.tv.overlay.lps.disabled changed took to complete: 0ms
05-23 15:35:35.963 711 740 D SystemServerTimingAsync: InitThreadPoolExec:Update app-ops uidState in case package com.android.tv.overlay.networkstack changed
05-23 15:35:35.963 711 740 D SystemServerInitThreadPool: Started executing Update app-ops uidState in case package com.android.tv.overlay.networkstack changed
05-23 15:35:35.963 711 740 D SystemServerInitThreadPool: Finished executing Update app-ops uidState in case package com.android.tv.overlay.networkstack changed
05-23 15:35:35.963 711 740 V SystemServerTimingAsync: InitThreadPoolExec:Update app-ops uidState in case package com.android.tv.overlay.networkstack changed took to complete: 0ms
05-23 15:35:35.963 711 740 D SystemServerTimingAsync: InitThreadPoolExec:Update app-ops uidState in case package com.android.tv.overlay.framework changed
05-23 15:35:35.963 711 740 D SystemServerInitThreadPool: Started executing Update app-ops uidState in case package com.android.tv.overlay.framework changed
05-23 15:35:35.963 711 740 D SystemServerInitThreadPool: Finished executing Update app-ops uidState in case package com.android.tv.overlay.framework changed
05-23 15:35:35.963 711 740 V SystemServerTimingAsync: InitThreadPoolExec:Update app-ops uidState in case package com.android.tv.overlay.framework changed took to complete: 0ms
05-23 15:35:35.963 711 740 D SystemServerTimingAsync: InitThreadPoolExec:Update app-ops uidState in case package com.droidlogic.systemui.overlay changed
05-23 15:35:35.963 711 740 D SystemServerInitThreadPool: Started executing Update app-ops uidState in case package com.droidlogic.systemui.overlay changed
05-23 15:35:35.963 711 740 D SystemServerInitThreadPool: Finished executing Update app-ops uidState in case package com.droidlogic.systemui.overlay changed
05-23 15:35:35.963 711 740 V SystemServerTimingAsync: InitThreadPoolExec:Update app-ops uidState in case package com.droidlogic.systemui.overlay changed took to complete: 0ms
05-23 15:35:35.963 711 740 D SystemServerTimingAsync: InitThreadPoolExec:Update app-ops uidState in case package com.droidlogic.overlay changed
05-23 15:35:35.963 711 740 D SystemServerInitThreadPool: Started executing Update app-ops uidState in case package com.droidlogic.overlay changed
05-23 15:35:35.963 711 740 D SystemServerInitThreadPool: Finished executing Update app-ops uidState in case package com.droidlogic.overlay changed
05-23 15:35:35.963 711 740 V SystemServerTimingAsync: InitThreadPoolExec:Update app-ops uidState in case package com.droidlogic.overlay changed took to complete: 0ms
05-23 15:35:35.963 711 740 D SystemServerTimingAsync: InitThreadPoolExec:Update app-ops uidState in case package com.dlg.framework.overlay changed
05-23 15:35:35.963 711 740 D SystemServerInitThreadPool: Started executing Update app-ops uidState in case package com.dlg.framework.overlay changed
05-23 15:35:35.963 711 740 D SystemServerInitThreadPool: Finished executing Update app-ops uidState in case package com.dlg.framework.overlay changed
05-23 15:35:35.963 711 740 V SystemServerTimingAsync: InitThreadPoolExec:Update app-ops uidState in case package com.dlg.framework.overlay changed took to complete: 0ms
05-23 15:35:35.963 711 740 D SystemServerTimingAsync: InitThreadPoolExec:Update app-ops uidState in case package com.amlogic.tv.overlay.matchcontent changed
05-23 15:35:35.963 711 740 D SystemServerInitThreadPool: Started executing Update app-ops uidState in case package com.amlogic.tv.overlay.matchcontent changed
05-23 15:35:35.964 711 740 D SystemServerInitThreadPool: Finished executing Update app-ops uidState in case package com.amlogic.tv.overlay.matchcontent changed
05-23 15:35:35.964 711 740 V SystemServerTimingAsync: InitThreadPoolExec:Update app-ops uidState in case package com.amlogic.tv.overlay.matchcontent changed took to complete: 0ms
05-23 15:35:35.964 711 740 D SystemServerTimingAsync: InitThreadPoolExec:Update app-ops uidState in case package com.android.shell changed
05-23 15:35:35.964 711 740 D SystemServerInitThreadPool: Started executing Update app-ops uidState in case package com.android.shell changed
05-23 15:35:35.964 711 740 D SystemServerInitThreadPool: Finished executing Update app-ops uidState in case package com.android.shell changed
05-23 15:35:35.964 711 740 V SystemServerTimingAsync: InitThreadPoolExec:Update app-ops uidState in case package com.android.shell changed took to complete: 0ms
05-23 15:35:35.964 711 740 D SystemServerTimingAsync: InitThreadPoolExec:Update app-ops uidState in case package com.android.networkstack changed
05-23 15:35:35.964 711 740 D SystemServerInitThreadPool: Started executing Update app-ops uidState in case package com.android.networkstack changed
05-23 15:35:35.964 711 793 D SystemServerInitThreadPool: Finished executing Update app-ops uidState in case package com.droidlogic.tvprovider.overlay changed
05-23 15:35:35.964 711 793 V SystemServerTimingAsync: InitThreadPoolExec:Update app-ops uidState in case package com.droidlogic.tvprovider.overlay changed took to complete: 1ms
05-23 15:35:35.964 711 793 D SystemServerTimingAsync: InitThreadPoolExec:Update app-ops uidState in case package com.android.networkstack.tethering changed
05-23 15:35:35.964 711 793 D SystemServerInitThreadPool: Started executing Update app-ops uidState in case package com.android.networkstack.tethering changed
05-23 15:35:35.964 711 793 D SystemServerInitThreadPool: Finished executing Update app-ops uidState in case package com.android.networkstack.tethering changed
05-23 15:35:35.964 711 793 V SystemServerTimingAsync: InitThreadPoolExec:Update app-ops uidState in case package com.android.networkstack.tethering changed took to complete: 1ms
05-23 15:35:35.964 711 711 V SystemServerTiming: controllersReady took to complete: 28ms
05-23 15:35:35.964 711 740 D SystemServerInitThreadPool: Finished executing Update app-ops uidState in case package com.android.networkstack changed
05-23 15:35:35.964 711 807 V SystemServerTimingAsync: InitThreadPoolExec:Update app-ops uidState in case package com.android.pacprocessor changed took to complete: 5ms
05-23 15:35:35.965 711 740 V SystemServerTimingAsync: InitThreadPoolExec:Update app-ops uidState in case package com.android.networkstack changed took to complete: 1ms
05-23 15:35:35.965 711 807 D SystemServerTimingAsync: InitThreadPoolExec:Update app-ops uidState in case package com.android.bluetooth changed
05-23 15:35:35.965 711 807 D SystemServerInitThreadPool: Started executing Update app-ops uidState in case package com.android.bluetooth changed
05-23 15:35:35.965 711 807 D SystemServerInitThreadPool: Finished executing Update app-ops uidState in case package com.android.bluetooth changed
05-23 15:35:35.965 711 807 V SystemServerTimingAsync: InitThreadPoolExec:Update app-ops uidState in case package com.android.bluetooth changed took to complete: 1ms
05-23 15:35:35.965 711 807 D SystemServerTimingAsync: InitThreadPoolExec:Update app-ops uidState in case package com.dangbei.lerad.rocky changed
05-23 15:35:35.965 711 807 D SystemServerInitThreadPool: Started executing Update app-ops uidState in case package com.dangbei.lerad.rocky changed
05-23 15:35:35.965 711 807 D SystemServerInitThreadPool: Finished executing Update app-ops uidState in case package com.dangbei.lerad.rocky changed
05-23 15:35:35.965 711 807 V SystemServerTimingAsync: InitThreadPoolExec:Update app-ops uidState in case package com.dangbei.lerad.rocky changed took to complete: 0ms
05-23 15:35:35.965 711 807 D SystemServerTimingAsync: InitThreadPoolExec:Update app-ops uidState in case package com.android.tv.settings changed
05-23 15:35:35.965 711 807 D SystemServerInitThreadPool: Started executing Update app-ops uidState in case package com.android.tv.settings changed
05-23 15:35:35.966 711 807 D SystemServerInitThreadPool: Finished executing Update app-ops uidState in case package com.android.tv.settings changed
05-23 15:35:35.966 711 807 V SystemServerTimingAsync: InitThreadPoolExec:Update app-ops uidState in case package com.android.tv.settings changed took to complete: 0ms
05-23 15:35:35.966 711 807 D SystemServerTimingAsync: InitThreadPoolExec:Update app-ops uidState in case package com.dangbei.zhushou.os changed
05-23 15:35:35.966 711 807 D SystemServerInitThreadPool: Started executing Update app-ops uidState in case package com.dangbei.zhushou.os changed
05-23 15:35:35.966 711 807 D SystemServerInitThreadPool: Finished executing Update app-ops uidState in case package com.dangbei.zhushou.os changed
05-23 15:35:35.966 711 807 V SystemServerTimingAsync: InitThreadPoolExec:Update app-ops uidState in case package com.dangbei.zhushou.os changed took to complete: 0ms
05-23 15:35:35.966 711 807 D SystemServerTimingAsync: InitThreadPoolExec:Update app-ops uidState in case package com.droidlogic.mediacenter changed
05-23 15:35:35.966 711 807 D SystemServerInitThreadPool: Started executing Update app-ops uidState in case package com.droidlogic.mediacenter changed
05-23 15:35:35.966 711 807 D SystemServerInitThreadPool: Finished executing Update app-ops uidState in case package com.droidlogic.mediacenter changed
05-23 15:35:35.966 711 807 V SystemServerTimingAsync: InitThreadPoolExec:Update app-ops uidState in case package com.droidlogic.mediacenter changed took to complete: 1ms
05-23 15:35:35.966 711 807 D SystemServerTimingAsync: InitThreadPoolExec:Update app-ops uidState in case package com.droidlogic changed
05-23 15:35:35.966 711 807 D SystemServerInitThreadPool: Started executing Update app-ops uidState in case package com.droidlogic changed
05-23 15:35:35.966 711 807 D SystemServerInitThreadPool: Finished executing Update app-ops uidState in case package com.droidlogic changed
05-23 15:35:35.966 711 807 V SystemServerTimingAsync: InitThreadPoolExec:Update app-ops uidState in case package com.droidlogic changed took to complete: 0ms
05-23 15:35:35.966 711 807 D SystemServerTimingAsync: InitThreadPoolExec:Update app-ops uidState in case package com.droidlogic.tv.settings changed
05-23 15:35:35.966 711 807 D SystemServerInitThreadPool: Started executing Update app-ops uidState in case package com.droidlogic.tv.settings changed
05-23 15:35:35.966 711 807 D SystemServerInitThreadPool: Finished executing Update app-ops uidState in case package com.droidlogic.tv.settings changed
05-23 15:35:35.967 711 807 V SystemServerTimingAsync: InitThreadPoolExec:Update app-ops uidState in case package com.droidlogic.tv.settings changed took to complete: 0ms
05-23 15:35:35.967 711 807 D SystemServerTimingAsync: InitThreadPoolExec:Update app-ops uidState in case package com.oranth.ledstatus changed
05-23 15:35:35.967 711 807 D SystemServerInitThreadPool: Started executing Update app-ops uidState in case package com.oranth.ledstatus changed
05-23 15:35:35.967 711 807 D SystemServerInitThreadPool: Finished executing Update app-ops uidState in case package com.oranth.ledstatus changed
05-23 15:35:35.967 711 807 V SystemServerTimingAsync: InitThreadPoolExec:Update app-ops uidState in case package com.oranth.ledstatus changed took to complete: 0ms
05-23 15:35:35.967 711 807 D SystemServerTimingAsync: InitThreadPoolExec:Update app-ops uidState in case package android changed
05-23 15:35:35.967 711 711 D SystemServerTiming: killProcesses
05-23 15:35:35.967 711 793 D SystemServerTimingAsync: InitThreadPoolExec:Update app-ops uidState in case package com.android.se changed
05-23 15:35:35.967 711 793 D SystemServerInitThreadPool: Started executing Update app-ops uidState in case package com.android.se changed
05-23 15:35:35.967 711 711 V SystemServerTiming: killProcesses took to complete: 1ms
05-23 15:35:35.967 711 793 D SystemServerInitThreadPool: Finished executing Update app-ops uidState in case package com.android.se changed
05-23 15:35:35.967 711 793 V SystemServerTimingAsync: InitThreadPoolExec:Update app-ops uidState in case package com.android.se changed took to complete: 0ms
05-23 15:35:35.967 711 793 D SystemServerTimingAsync: InitThreadPoolExec:Update app-ops uidState in case package com.dangbei.leard.leradlauncher changed
05-23 15:35:35.967 711 793 D SystemServerInitThreadPool: Started executing Update app-ops uidState in case package com.dangbei.leard.leradlauncher changed
05-23 15:35:35.967 711 793 D SystemServerInitThreadPool: Finished executing Update app-ops uidState in case package com.dangbei.leard.leradlauncher changed
05-23 15:35:35.967 711 793 V SystemServerTimingAsync: InitThreadPoolExec:Update app-ops uidState in case package com.dangbei.leard.leradlauncher changed took to complete: 0ms
05-23 15:35:35.967 711 793 D SystemServerTimingAsync: InitThreadPoolExec:Update app-ops uidState in case package com.android.providers.settings changed
05-23 15:35:35.967 711 793 D SystemServerInitThreadPool: Started executing Update app-ops uidState in case package com.android.providers.settings changed
05-23 15:35:35.967 711 793 D SystemServerInitThreadPool: Finished executing Update app-ops uidState in case package com.android.providers.settings changed
05-23 15:35:35.968 711 793 V SystemServerTimingAsync: InitThreadPoolExec:Update app-ops uidState in case package com.android.providers.settings changed took to complete: 0ms
05-23 15:35:35.968 711 793 D SystemServerTimingAsync: InitThreadPoolExec:Update app-ops uidState in case package com.android.inputdevices changed
05-23 15:35:35.968 711 793 D SystemServerInitThreadPool: Started executing Update app-ops uidState in case package com.android.inputdevices changed
05-23 15:35:35.968 711 793 D SystemServerInitThreadPool: Finished executing Update app-ops uidState in case package com.android.inputdevices changed
05-23 15:35:35.968 711 793 V SystemServerTimingAsync: InitThreadPoolExec:Update app-ops uidState in case package com.android.inputdevices changed took to complete: 0ms
05-23 15:35:35.968 711 793 D SystemServerTimingAsync: InitThreadPoolExec:Update app-ops uidState in case package com.oranth.inputmacsn changed
05-23 15:35:35.968 711 793 D SystemServerInitThreadPool: Started executing Update app-ops uidState in case package com.oranth.inputmacsn changed
05-23 15:35:35.968 711 793 D SystemServerInitThreadPool: Finished executing Update app-ops uidState in case package com.oranth.inputmacsn changed
05-23 15:35:35.968 711 793 V SystemServerTimingAsync: InitThreadPoolExec:Update app-ops uidState in case package com.oranth.inputmacsn changed took to complete: 0ms
05-23 15:35:35.968 711 793 D SystemServerTimingAsync: InitThreadPoolExec:Update app-ops uidState in case package com.android.keychain changed
05-23 15:35:35.968 711 793 D SystemServerInitThreadPool: Started executing Update app-ops uidState in case package com.android.keychain changed
05-23 15:35:35.968 711 740 D SystemServerTimingAsync: InitThreadPoolExec:Update app-ops uidState in case package com.android.dynsystem changed
05-23 15:35:35.968 711 784 D SystemServerInitThreadPool: Finished executing Update app-ops uidState in case package com.android.tv.overlay.settingsprovider changed
05-23 15:35:35.968 711 740 D SystemServerInitThreadPool: Started executing Update app-ops uidState in case package com.android.dynsystem changed
05-23 15:35:35.968 711 793 D SystemServerInitThreadPool: Finished executing Update app-ops uidState in case package com.android.keychain changed
05-23 15:35:35.968 711 793 V SystemServerTimingAsync: InitThreadPoolExec:Update app-ops uidState in case package com.android.keychain changed took to complete: 0ms
05-23 15:35:35.968 711 740 D SystemServerInitThreadPool: Finished executing Update app-ops uidState in case package com.android.dynsystem changed
05-23 15:35:35.968 711 807 D SystemServerInitThreadPool: Started executing Update app-ops uidState in case package android changed
05-23 15:35:35.968 711 807 D SystemServerInitThreadPool: Finished executing Update app-ops uidState in case package android changed
05-23 15:35:35.968 711 807 V SystemServerTimingAsync: InitThreadPoolExec:Update app-ops uidState in case package android changed took to complete: 2ms
05-23 15:35:35.968 711 711 I ActivityManager: System now ready
05-23 15:35:35.968 711 784 V SystemServerTimingAsync: InitThreadPoolExec:Update app-ops uidState in case package com.android.tv.overlay.settingsprovider changed took to complete: 5ms
05-23 15:35:35.968 711 784 D SystemServerTimingAsync: InitThreadPoolExec:Update app-ops uidState in case package com.cskj.factorytest changed
05-23 15:35:35.968 711 784 D SystemServerInitThreadPool: Started executing Update app-ops uidState in case package com.cskj.factorytest changed
05-23 15:35:35.968 711 793 D SystemServerTimingAsync: InitThreadPoolExec:Update app-ops uidState in case package com.android.localtransport changed
05-23 15:35:35.968 711 793 D SystemServerInitThreadPool: Started executing Update app-ops uidState in case package com.android.localtransport changed
05-23 15:35:35.968 711 711 D SystemServerTiming: updateTopComponentForFactoryTest
05-23 15:35:35.968 711 793 D SystemServerInitThreadPool: Finished executing Update app-ops uidState in case package com.android.localtransport changed
05-23 15:35:35.968 711 807 D SystemServerTimingAsync: InitThreadPoolExec:Update app-ops uidState in case package com.droidlogic.mictoggle changed
05-23 15:35:35.969 711 784 D SystemServerInitThreadPool: Finished executing Update app-ops uidState in case package com.cskj.factorytest changed
05-23 15:35:35.969 711 784 V SystemServerTimingAsync: InitThreadPoolExec:Update app-ops uidState in case package com.cskj.factorytest changed took to complete: 0ms
05-23 15:35:35.969 711 711 V SystemServerTiming: updateTopComponentForFactoryTest took to complete: 0ms
05-23 15:35:35.969 711 793 V SystemServerTimingAsync: InitThreadPoolExec:Update app-ops uidState in case package com.android.localtransport changed took to complete: 0ms
05-23 15:35:35.969 711 711 D SystemServerTiming: registerActivityLaunchObserver
05-23 15:35:35.969 711 807 D SystemServerInitThreadPool: Started executing Update app-ops uidState in case package com.droidlogic.mictoggle changed
05-23 15:35:35.969 711 807 D SystemServerInitThreadPool: Finished executing Update app-ops uidState in case package com.droidlogic.mictoggle changed
05-23 15:35:35.969 711 807 V SystemServerTimingAsync: InitThreadPoolExec:Update app-ops uidState in case package com.droidlogic.mictoggle changed took to complete: 0ms
05-23 15:35:35.969 711 807 D SystemServerTimingAsync: InitThreadPoolExec:Update app-ops uidState in case package com.droidlogic.miracast changed
05-23 15:35:35.969 711 807 D SystemServerInitThreadPool: Started executing Update app-ops uidState in case package com.droidlogic.miracast changed
05-23 15:35:35.969 711 807 D SystemServerInitThreadPool: Finished executing Update app-ops uidState in case package com.droidlogic.miracast changed
05-23 15:35:35.969 711 807 V SystemServerTimingAsync: InitThreadPoolExec:Update app-ops uidState in case package com.droidlogic.miracast changed took to complete: 0ms
05-23 15:35:35.969 711 807 D SystemServerTimingAsync: InitThreadPoolExec:Update app-ops uidState in case package com.oranth.powerwindow changed
05-23 15:35:35.969 711 807 D SystemServerInitThreadPool: Started executing Update app-ops uidState in case package com.oranth.powerwindow changed
05-23 15:35:35.969 711 807 D SystemServerInitThreadPool: Finished executing Update app-ops uidState in case package com.oranth.powerwindow changed
05-23 15:35:35.969 711 807 V SystemServerTimingAsync: InitThreadPoolExec:Update app-ops uidState in case package com.oranth.powerwindow changed took to complete: 0ms
05-23 15:35:35.969 711 784 D SystemServerTimingAsync: InitThreadPoolExec:Update app-ops uidState in case package com.oranth.usbopenft changed
05-23 15:35:35.969 711 784 D SystemServerInitThreadPool: Started executing Update app-ops uidState in case package com.oranth.usbopenft changed
05-23 15:35:35.969 711 793 D SystemServerTimingAsync: InitThreadPoolExec:Update app-ops uidState in case package com.dangbei.lerad.etna.haqu changed
05-23 15:35:35.969 711 793 D SystemServerInitThreadPool: Started executing Update app-ops uidState in case package com.dangbei.lerad.etna.haqu changed
05-23 15:35:35.969 711 740 V SystemServerTimingAsync: InitThreadPoolExec:Update app-ops uidState in case package com.android.dynsystem changed took to complete: 1ms
05-23 15:35:35.969 711 807 D SystemServerTimingAsync: InitThreadPoolExec:Update app-ops uidState in case package com.android.wallpaperbackup changed
05-23 15:35:35.969 711 807 D SystemServerInitThreadPool: Started executing Update app-ops uidState in case package com.android.wallpaperbackup changed
05-23 15:35:35.969 711 807 D SystemServerInitThreadPool: Finished executing Update app-ops uidState in case package com.android.wallpaperbackup changed
05-23 15:35:35.969 711 807 V SystemServerTimingAsync: InitThreadPoolExec:Update app-ops uidState in case package com.android.wallpaperbackup changed took to complete: 0ms
05-23 15:35:35.969 711 740 D SystemServerTimingAsync: InitThreadPoolExec:Update app-ops uidState in case package com.oranth.storage changed
05-23 15:35:35.969 711 784 D SystemServerInitThreadPool: Finished executing Update app-ops uidState in case package com.oranth.usbopenft changed
05-23 15:35:35.970 711 784 V SystemServerTimingAsync: InitThreadPoolExec:Update app-ops uidState in case package com.oranth.usbopenft changed took to complete: 0ms
05-23 15:35:35.970 711 807 D SystemServerTimingAsync: InitThreadPoolExec:Update app-ops uidState in case package com.android.location.fused changed
05-23 15:35:35.970 711 807 D SystemServerInitThreadPool: Started executing Update app-ops uidState in case package com.android.location.fused changed
05-23 15:35:35.970 711 807 D SystemServerInitThreadPool: Finished executing Update app-ops uidState in case package com.android.location.fused changed
05-23 15:35:35.970 711 807 V SystemServerTimingAsync: InitThreadPoolExec:Update app-ops uidState in case package com.android.location.fused changed took to complete: 0ms
05-23 15:35:35.972 711 740 D SystemServerInitThreadPool: Started executing Update app-ops uidState in case package com.oranth.storage changed
05-23 15:35:35.972 711 793 D SystemServerInitThreadPool: Finished executing Update app-ops uidState in case package com.dangbei.lerad.etna.haqu changed
05-23 15:35:35.972 711 793 V SystemServerTimingAsync: InitThreadPoolExec:Update app-ops uidState in case package com.dangbei.lerad.etna.haqu changed took to complete: 2ms
05-23 15:35:35.972 711 740 D SystemServerInitThreadPool: Finished executing Update app-ops uidState in case package com.oranth.storage changed
05-23 15:35:35.972 711 740 V SystemServerTimingAsync: InitThreadPoolExec:Update app-ops uidState in case package com.oranth.storage changed took to complete: 2ms
05-23 15:35:35.972 711 711 V SystemServerTiming: registerActivityLaunchObserver took to complete: 0ms
05-23 15:35:35.972 711 784 D SystemServerTimingAsync: InitThreadPoolExec:Update app-ops uidState in case package com.dangbei.haqusetting changed
05-23 15:35:35.972 711 711 D SystemServerTiming: watchDeviceProvisioning
05-23 15:35:35.972 711 784 D SystemServerInitThreadPool: Started executing Update app-ops uidState in case package com.dangbei.haqusetting changed
05-23 15:35:35.972 711 784 D SystemServerInitThreadPool: Finished executing Update app-ops uidState in case package com.dangbei.haqusetting changed
05-23 15:35:35.972 711 784 V SystemServerTimingAsync: InitThreadPoolExec:Update app-ops uidState in case package com.dangbei.haqusetting changed took to complete: 1ms
05-23 15:35:35.975 711 711 V SystemServerTiming: watchDeviceProvisioning took to complete: 3ms
05-23 15:35:35.975 711 711 D SystemServerTiming: retrieveSettings
05-23 15:35:35.979 711 711 I ActivityTaskManager: Config changes=10000000 {1.0 ?mcc0mnc [zh_CN] ldltr sw720dp w1280dp h720dp 240dpi xlrg long land television -touch -keyb/v/h dpad/v winConfig={ mBounds=Rect(0, 0 - 1920, 1080) mAppBounds=Rect(0, 0 - 1920, 1080) mMaxBounds=Rect(0, 0 - 1920, 1080) mDisplayRotation=ROTATION_0 mWindowingMode=fullscreen mDisplayWindowingMode=fullscreen mActivityType=undefined mAlwaysOnTop=undefined mRotation=ROTATION_0} s.6 fontWeightAdjustment=0}
05-23 15:35:35.980 711 711 I WindowManager: Override config changes=10000000 {1.0 ?mcc0mnc [zh_CN] ldltr sw720dp w1280dp h720dp 240dpi xlrg long land television -touch -keyb/v/h dpad/v winConfig={ mBounds=Rect(0, 0 - 1920, 1080) mAppBounds=Rect(0, 0 - 1920, 1080) mMaxBounds=Rect(0, 0 - 1920, 1080) mDisplayRotation=ROTATION_0 mWindowingMode=fullscreen mDisplayWindowingMode=fullscreen mActivityType=undefined mAlwaysOnTop=undefined mRotation=ROTATION_0} s.6 fontWeightAdjustment=0} for displayId=0
05-23 15:35:35.984 711 711 V SystemServerTiming: retrieveSettings took to complete: 8ms
05-23 15:35:35.984 711 711 D SystemServerTiming: Ugm.onSystemReady
05-23 15:35:35.984 711 711 V SystemServerTiming: Ugm.onSystemReady took to complete: 1ms
05-23 15:35:35.984 711 711 D SystemServerTiming: updateForceBackgroundCheck
05-23 15:35:35.985 711 711 V SystemServerTiming: updateForceBackgroundCheck took to complete: 0ms
05-23 15:35:35.985 711 711 I SystemServer: Making services ready
05-23 15:35:35.985 711 711 D SystemServerTiming: StartActivityManagerReadyPhase
05-23 15:35:35.985 711 711 I SystemServiceManager: Starting phase 550
05-23 15:35:35.985 711 711 D SystemServerTiming: OnBootPhase_550
05-23 15:35:35.985 711 711 D SystemServerTiming: OnBootPhase_550_com.android.server.security.FileIntegrityService
05-23 15:35:35.985 711 711 V SystemServerTiming: OnBootPhase_550_com.android.server.security.FileIntegrityService took to complete: 0ms
05-23 15:35:35.985 711 711 D SystemServerTiming: OnBootPhase_550_com.android.server.pm.Installer
05-23 15:35:35.985 711 711 V SystemServerTiming: OnBootPhase_550_com.android.server.pm.Installer took to complete: 0ms
05-23 15:35:35.985 711 711 D SystemServerTiming: OnBootPhase_550_com.android.server.os.DeviceIdentifiersPolicyService
05-23 15:35:35.985 711 711 V SystemServerTiming: OnBootPhase_550_com.android.server.os.DeviceIdentifiersPolicyService took to complete: 0ms
05-23 15:35:35.985 711 711 D SystemServerTiming: OnBootPhase_550_com.android.server.flags.FeatureFlagsService
05-23 15:35:35.985 711 711 V SystemServerTiming: OnBootPhase_550_com.android.server.flags.FeatureFlagsService took to complete: 0ms
05-23 15:35:35.985 711 711 D SystemServerTiming: OnBootPhase_550_com.android.server.uri.UriGrantsManagerService$Lifecycle
05-23 15:35:35.985 711 711 V SystemServerTiming: OnBootPhase_550_com.android.server.uri.UriGrantsManagerService$Lifecycle took to complete: 0ms
05-23 15:35:35.985 711 711 D SystemServerTiming: OnBootPhase_550_com.android.server.powerstats.PowerStatsService
05-23 15:35:35.985 711 711 V SystemServerTiming: OnBootPhase_550_com.android.server.powerstats.PowerStatsService took to complete: 0ms
05-23 15:35:35.985 711 711 D SystemServerTiming: OnBootPhase_550_com.android.server.permission.access.AccessCheckingService
05-23 15:35:35.985 711 711 V SystemServerTiming: OnBootPhase_550_com.android.server.permission.access.AccessCheckingService took to complete: 0ms
05-23 15:35:35.985 711 711 D SystemServerTiming: OnBootPhase_550_com.android.server.wm.ActivityTaskManagerService$Lifecycle
05-23 15:35:35.985 711 711 V SystemServerTiming: OnBootPhase_550_com.android.server.wm.ActivityTaskManagerService$Lifecycle took to complete: 0ms
05-23 15:35:35.985 711 711 D SystemServerTiming: OnBootPhase_550_com.android.server.am.ActivityManagerService$Lifecycle
05-23 15:35:35.987 711 711 V SystemServerTiming: OnBootPhase_550_com.android.server.am.ActivityManagerService$Lifecycle took to complete: 2ms
05-23 15:35:35.987 711 711 D SystemServerTiming: OnBootPhase_550_com.android.server.pm.DataLoaderManagerService
05-23 15:35:35.987 711 711 V SystemServerTiming: OnBootPhase_550_com.android.server.pm.DataLoaderManagerService took to complete: 0ms
05-23 15:35:35.987 711 711 D SystemServerTiming: OnBootPhase_550_com.android.server.power.PowerManagerService
05-23 15:35:35.987 711 711 V SystemServerTiming: OnBootPhase_550_com.android.server.power.PowerManagerService took to complete: 0ms
05-23 15:35:35.987 711 711 D SystemServerTiming: OnBootPhase_550_com.android.server.power.ThermalManagerService
05-23 15:35:35.990 711 711 I ThermalHalWrapper: Thermal HAL AIDL service connected.
05-23 15:35:35.994 711 711 E ThermalHalWrapper: Couldn't getTemperatureThresholds due to invalid status
05-23 15:35:35.994 711 711 E ThermalHalWrapper: java.lang.IllegalStateException: ThermalHal cannot read any sensor data
05-23 15:35:35.994 711 711 E ThermalHalWrapper: at android.os.Parcel.createExceptionOrNull(Parcel.java:3065)
05-23 15:35:35.994 711 711 E ThermalHalWrapper: at android.os.Parcel.createException(Parcel.java:3041)
05-23 15:35:35.994 711 711 E ThermalHalWrapper: at android.os.Parcel.readException(Parcel.java:3024)
05-23 15:35:35.994 711 711 E ThermalHalWrapper: at android.os.Parcel.readException(Parcel.java:2966)
05-23 15:35:35.994 711 711 E ThermalHalWrapper: at android.hardware.thermal.IThermal$Stub$Proxy.getTemperatureThresholdsWithType(IThermal.java:399)
05-23 15:35:35.994 711 711 E ThermalHalWrapper: at com.android.server.power.ThermalManagerService$ThermalHalAidlWrapper.getTemperatureThresholds(ThermalManagerService.java:831)
05-23 15:35:35.994 711 711 E ThermalHalWrapper: at com.android.server.power.ThermalManagerService$TemperatureWatcher.updateSevereThresholds(ThermalManagerService.java:1358)
05-23 15:35:35.994 711 711 E ThermalHalWrapper: at com.android.server.power.ThermalManagerService.onActivityManagerReady(ThermalManagerService.java:184)
05-23 15:35:35.994 711 711 E ThermalHalWrapper: at com.android.server.power.ThermalManagerService.onBootPhase(ThermalManagerService.java:146)
05-23 15:35:35.994 711 711 E ThermalHalWrapper: at com.android.server.SystemServiceManager.startBootPhase(SystemServiceManager.java:291)
05-23 15:35:35.994 711 711 E ThermalHalWrapper: at com.android.server.SystemServer.lambda$startOtherServices$6(SystemServer.java:2910)
05-23 15:35:35.994 711 711 E ThermalHalWrapper: at com.android.server.SystemServer.$r8$lambda$j-o4YiFI6CGg9c4nnNy8d-lY-7g(SystemServer.java:0)
05-23 15:35:35.994 711 711 E ThermalHalWrapper: at com.android.server.SystemServer$$ExternalSyntheticLambda6.run(R8$$SyntheticClass:0)
05-23 15:35:35.994 711 711 E ThermalHalWrapper: at com.android.server.am.ActivityManagerService.systemReady(ActivityManagerService.java:8683)
05-23 15:35:35.994 711 711 E ThermalHalWrapper: at com.android.server.SystemServer.startOtherServices(SystemServer.java:2907)
05-23 15:35:35.994 711 711 E ThermalHalWrapper: at com.android.server.SystemServer.run(SystemServer.java:946)
05-23 15:35:35.994 711 711 E ThermalHalWrapper: at com.android.server.SystemServer.main(SystemServer.java:668)
05-23 15:35:35.994 711 711 E ThermalHalWrapper: at java.lang.reflect.Method.invoke(Native Method)
05-23 15:35:35.994 711 711 E ThermalHalWrapper: at com.android.internal.os.RuntimeInit$MethodAndArgsCaller.run(RuntimeInit.java:552)
05-23 15:35:35.994 711 711 E ThermalHalWrapper: at com.android.internal.os.ZygoteInit.main(ZygoteInit.java:956)
05-23 15:35:35.995 711 711 V SystemServerTiming: OnBootPhase_550_com.android.server.power.ThermalManagerService took to complete: 7ms
