05-23 15:36:24.853 0 0 W : [2 T1089 ..] [aml_msgackind 2038] msg ack hostid=0xffffff807a0c9700
05-23 15:36:24.854 0 0 W : [2 T1089 ..] [cmd_mgr_llind 329] cmd tkn[59] flags:0008 result: -4 cmd: 105-MM_SUB_TKO_ACTIVATE_REQ - reqcfm( 0-none)
05-23 15:36:24.856 0 0 W : [2 T1089 ..] [cmd_complete 65] cmd tkn[59] flags:0000 result: -4 cmd: 105-MM_SUB_TKO_ACTIVATE_REQ - reqcfm( 0-none)
05-23 15:36:24.857 0 0 W : [0 T10 ..] >>> aml_send_dhcp_req()
05-23 15:36:24.858 0 0 W : [0 T10 ..] >>> aml_send_msg()
05-23 15:36:24.859 0 0 W : [2 T1089 ..] ipc_sdio_host_msgack_handler 000000008e87ee59
05-23 15:36:24.859 0 0 W : [2 T1089 ..] [aml_msgackind 2038] msg ack hostid=0xffffff807a0c9700
05-23 15:36:24.860 0 0 W : [2 T1089 ..] [cmd_mgr_llind 329] cmd tkn[60] flags:0008 result: -4 cmd: 105-MM_SUB_DHCP_REQ - reqcfm( 0-none)
05-23 15:36:24.862 0 0 W : [2 T1089 ..] [cmd_complete 65] cmd tkn[60] flags:0000 result: -4 cmd: 105-MM_SUB_DHCP_REQ - reqcfm( 0-none)
05-23 15:36:24.863 0 0 W : [0 T10 ..] [aml_send_me_set_ps_mode 2111] set power save mode:1
05-23 15:36:24.863 0 0 W : [0 T10 ..] >>> aml_send_msg()
05-23 15:36:24.865 0 0 W : [2 T1089 ..] ipc_sdio_host_msgack_handler 000000008e87ee59
05-23 15:36:24.865 0 0 W : [2 T1089 ..] [aml_msgackind 2038] msg ack hostid=0xffffff807a0c9700
05-23 15:36:24.866 0 0 W : [2 T1089 ..] [cmd_mgr_llind 329] cmd tkn[61] flags:001a result: -4 cmd:5139-ME_SET_PS_MODE_REQ - reqcfm(5140-ME_SET_PS_MODE_CFM)
05-23 15:36:24.868 0 0 W : [2 T1089 ..] [cmd_mgr_msgind 409] cmd tkn[61] flags:0012 result: -4 cmd:5139-ME_SET_PS_MODE_REQ - reqcfm(5140-ME_SET_PS_MODE_CFM)
05-23 15:36:24.870 0 0 W : [2 T1089 ..] [cmd_complete 65] cmd tkn[61] flags:0002 result: -4 cmd:5139-ME_SET_PS_MODE_REQ - reqcfm(5140-ME_SET_PS_MODE_CFM)
05-23 15:36:24.872 0 0 W : [0 T10 ..] >>> aml_send_suspend_req()
05-23 15:36:24.872 0 0 W : [0 T10 ..] >>> aml_send_msg()
05-23 15:36:24.873 0 0 W : [2 T1089 ..] ipc_sdio_host_msgack_handler 000000008e87ee59
05-23 15:36:24.874 0 0 W : [2 T1089 ..] [aml_msgackind 2038] msg ack hostid=0xffffff807a0c9700
05-23 15:36:24.875 0 0 W : [2 T1089 ..] [cmd_mgr_llind 329] cmd tkn[62] flags:0008 result: -4 cmd: 105-MM_SUB_SET_SUSPEND_REQ - reqcfm(1023-none)
05-23 15:36:24.876 0 0 W : [2 T1089 ..] [cmd_complete 65] cmd tkn[62] flags:0000 result: -4 cmd: 105-MM_SUB_SET_SUSPEND_REQ - reqcfm(1023-none)
05-23 15:36:24.878 0 0 W : [2 T1089 ..] aml_suspend_ind 2103
05-23 15:36:24.894 0 0 W : [3 T10 ..] [aml_ps_wow_suspend 5274] after suspend cmd:0
05-23 15:36:24.894 0 0 W : [3 T10 ..] aml_cfg80211_suspend ok exit 5337
05-23 15:36:25.055 0 0 I : [2 T2669 ..] meson_uart fe078000.serial: pull up rts
05-23 15:36:25.055 0 0 I : [2 T2669 ..] amlvideo2.1 suspend ok
05-23 15:36:25.055 0 0 I : [2 T2669 ..] amlvideo2.0 suspend ok
05-23 15:36:25.056 0 0 I : [2 T2669 ..] [drm] am_meson_crtc_atomic_disable-[0]:in
05-23 15:36:25.057 0 0 I : [2 T2669 ..] dummy_encl_disable finished
05-23 15:36:25.057 0 0 I : [2 T2669 ..] [drm] am_meson_drm_pm_suspend: done
05-23 15:36:25.058 0 0 I [2 T2669 ..] [hdmitx: ] hdmitx_s7d_clock_gate 0
05-23 15:36:25.059 0 0 I [2 T2669 ..] [hdmitx: ] amhdmitx: suspend
05-23 15:36:25.059 0 0 I : [2 T2669 ..] vdin_self_stop_dec(1) decoder in state stopped flags=0x0
05-23 15:36:25.060 0 0 I : [2 T2669 ..] vdin_drv_suspend vdin-id:1 ok.
05-23 15:36:25.061 0 0 I [2 T2669 ..] amvdac_drv_suspend: private_flag:0x0
05-23 15:36:25.061 0 0 I [2 T2669 ..] amvecm: suspend module
05-23 15:36:25.062 0 0 E [2 T2669 ..] vpu: vpu: error: vapb_clk_switch: vapb_clk
05-23 15:36:25.063 0 0 I [2 T2669 ..] vpu: set vpu clk: 25000000Hz(0), readback: 25000000Hz(0x50f)
05-23 15:36:25.064 0 0 I [2 T2669 ..] vpu: vpu: suspend clk: 25000000Hz(0x50f)
05-23 15:36:25.065 0 0 I [2 T2669 ..] [snd-soc]: vad_platform_suspend
05-23 15:36:25.065 0 0 I [2 T2669 ..] [snd-soc]: aml_tdm_platform_suspend tdm:(2)
05-23 15:36:25.066 0 0 I [2 T2669 ..] [snd-soc]: aml_tdm_platform_suspend tdm:(1)
05-23 15:36:25.067 0 0 I [2 T2669 ..] [snd-soc]: aml_tdm_platform_suspend tdm:(0)
05-23 15:36:25.068 0 0 I : [2 T2669 ..] wzh exphy wol
05-23 15:36:25.069 0 0 I : [2 T2669 ..] mali fd000000.valhall: Scheduler PM suspend
05-23 15:36:25.070 0 0 I : [2 T2669 ..] mali fd000000.valhall: pm_callback_suspend in
05-23 15:36:25.070 0 0 I : [2 T2669 ..] mali fd000000.valhall: pm_callback_suspend out
05-23 15:36:25.071 0 0 I : [2 T2669 ..] meson-vrtc fe010288.rtc: alarm_time = 276s, local_time=66s
05-23 15:36:25.073 0 0 I : [2 T2669 ..] di_clear_for_suspend
05-23 15:36:25.073 0 0 I : [2 T2669 ..] di_clear_for_suspend end
05-23 15:36:25.075 0 0 I [2 T2669 ..] dim: di_suspend finish
05-23 15:36:25.076 0 0 I : [2 T2669 ..] Disabling non-boot CPUs ...
05-23 15:36:25.078 0 0 I [2 T2669 ..] psci: CPU1 killed (polled 4 ms)
05-23 15:36:25.082 0 0 I [0 T2669 ..] psci: CPU2 killed (polled 0 ms)
05-23 15:36:25.084 0 0 I [0 T2669 ..] psci: CPU3 killed (polled 0 ms)
05-23 15:36:25.087 0 0 I : [0 T2669 ..] Enabling non-boot CPUs ...
05-23 15:36:25.087 0 0 I : [0 T0 ..] Detected VIPT I-cache on CPU1
05-23 15:36:25.087 0 0 I [0 T0 ..] CPU1: Booted secondary processor 0x0000000100 [0x412fd050]
05-23 15:36:25.088 0 0 I : [0 T2669 ..] CPU1 is up
05-23 15:36:25.088 0 0 I : [0 T0 ..] Detected VIPT I-cache on CPU2
05-23 15:36:25.089 0 0 I [0 T0 ..] CPU2: Booted secondary processor 0x0000000200 [0x412fd050]
05-23 15:36:25.090 0 0 I : [0 T2669 ..] CPU2 is up
05-23 15:36:25.090 0 0 I : [0 T0 ..] Detected VIPT I-cache on CPU3
05-23 15:36:25.090 0 0 I [0 T0 ..] CPU3: Booted secondary processor 0x0000000300 [0x412fd050]
05-23 15:36:25.091 0 0 I : [0 T2669 ..] CPU3 is up
05-23 15:36:25.092 0 0 I [0 T2669 ..] cec: cec resume noirq!
05-23 15:36:25.092 0 0 I [0 T2669 ..] cec: wakeup_reason:0x5
05-23 15:36:25.096 0 0 I [0 T2669 ..] dim: di_resume
05-23 15:36:25.096 0 0 I [0 T2669 ..] dim: vpu clkb =25000000.
05-23 15:36:25.096 0 0 I [0 T2669 ..] dim: di_resume finish
05-23 15:36:25.098 0 0 I : [3 T2669 ..] meson-vrtc fe010288.rtc: meson_vrtc_adjust_alarm: remaining alarm time = 272 s
05-23 15:36:25.098 0 0 I : [3 T2669 ..] mali fd000000.valhall: pm_callback_resume in
05-23 15:36:25.099 0 0 I : [3 T2669 ..] mali fd000000.valhall: pm_callback_resume out
05-23 15:36:25.100 0 0 I : [3 T2669 ..] mali fd000000.valhall: Scheduler PM resume
05-23 15:36:25.101 0 0 I : [3 T2669 ..] amlogic-crg-drd-usb2 fe358000.usbphy20: phy trim value= 0x000000ff
05-23 15:36:25.102 0 0 I : [3 T2669 ..] amlogic-crg-drd-usb2 fe358000.usbphy20: usb2 pll init done, val: 0x8f549540
05-23 15:36:25.103 0 0 E [3 T2669 ..] [usb]: amlogic_crg_drd_usb2_set_usb_vbus_power 1.
05-23 15:36:25.104 0 0 I : [0 T2669 ..] amlogic-crg-drd-usb2 fe348000.usbphy21: phy trim value= 0x000000ff
05-23 15:36:25.105 0 0 I : [0 T2669 ..] amlogic-crg-drd-usb2 fe348000.usbphy21: usb2 pll init done, val: 0x8f549540
05-23 15:36:25.106 0 0 I : [0 T2669 ..] exeth hold wakelock 5s
05-23 15:36:25.107 0 0 E : [0 T2669 ..] snd_tdm fe330000.audiobus:tdm@0: aml_set_tdm_mclk_2(), clk 0 err
05-23 15:36:25.107 0 0 I [0 T2669 ..] [snd-soc]: aml_tdm_platform_resume tdm:(0)
05-23 15:36:25.108 0 0 E : [0 T2669 ..] snd_tdm fe330000.audiobus:tdm@1: aml_set_tdm_mclk_2(), clk 0 err
05-23 15:36:25.109 0 0 I [0 T2669 ..] [snd-soc]: aml_tdm_platform_resume tdm:(1)
05-23 15:36:25.110 0 0 I [0 T2669 ..] [snd-soc]: aml_tdm_platform_resume tdm:(2)
05-23 15:36:25.113 0 0 I [0 T2669 ..] [snd-soc]: new_resample_init: Start init new resample 0 parameters!
05-23 15:36:25.113 0 0 E : [0 T2669 ..] Codec io: No support bus type 2 to write.
05-23 15:36:25.119 0 0 I [0 T2669 ..] [snd-soc]: resample_clk_set:set hifi pll
05-23 15:36:25.119 0 0 I [0 T2669 ..] [snd-soc]: resample_clk_set, resample_pll:491520000, sclk:12288000, clk:12288000
05-23 15:36:25.120 0 0 I [0 T2669 ..] [snd-soc]: new_resample_set_ratio(), id = 0, phase_step = 0x10000000, input_sr = 48000, output_sr = 48000
05-23 15:36:25.120 0 0 I [0 T2669 ..] [snd-soc]: resample_clk_set:set hifi pll
05-23 15:36:25.122 0 0 I [0 T2669 ..] [snd-soc]: resample_clk_set, resample_pll:491520000, sclk:12288000, clk:12288000
05-23 15:36:25.124 0 0 I [0 T2669 ..] [snd-soc]: vad_platform_resume
05-23 15:36:25.124 0 0 I : [0 T2669 ..] AMFC VLSI version:100, feature:1, clk:666666656
05-23 15:36:25.125 0 0 E [0 T2669 ..] vpu: vpu: error: vapb_clk_switch: vapb_clk
05-23 15:36:25.127 0 0 I [0 T2669 ..] vpu: set vpu clk: 666666667Hz(8), readback: 666666656Hz(0x100)
05-23 15:36:25.128 0 0 I [0 T2669 ..] vpu: vpu: resume clk: 666666656Hz(0x100)
05-23 15:36:25.128 0 0 I [0 T2669 ..] amvecm: resume module
05-23 15:36:25.129 0 0 I [0 T2669 ..] amvdac_drv_resume: private_flag:0x0
05-23 15:36:25.138 0 0 I : [2 T2704 ..] [TEE] E/TC:1 INFO: BL3-2: Secure Timer Initialized.
05-23 15:36:25.142 0 0 I : [0 T2669 ..] vdin_drv_resume id:1 ok.
05-23 15:36:25.142 0 0 I [0 T2669 ..] [mmc]: sdio vendor is 0x1b8e
05-23 15:36:25.143 0 0 I [0 T2669 ..] [wireless]: vendor_id = 0x1b8e
05-23 15:36:25.143 0 0 I [0 T2669 ..] [hdmitx: ] amhdmitx: resume
05-23 15:36:25.144 0 0 I [0 T2669 ..] [hdmitx: ] hdmitx_s7d_clock_gate 1
05-23 15:36:25.145 0 0 I [0 T2669 ..] [hdmitx: ] hdmi_hwp_init497
05-23 15:36:25.145 0 0 I [0 T2669 ..] [hdmitx: ] system: plugout
05-23 15:36:25.146 0 0 I [0 T2669 ..] resman: notify error info = {"subModule":11,"level":2,"logType":1,"errorType":6,"msg":"HDMITX_HPD_PLUGOUT"}
05-23 15:36:25.148 0 0 I [0 T2669 ..] [hdmitx: ] plug out sequence id: 0
05-23 15:36:25.149 0 0 W : [0 T2669 ..] [RX]-up_phy_addr = 0
05-23 15:36:25.149 0 0 I [0 T2669 d.] [hdmitx: ] hdmitx_set_drm_pkt: disable drm pkt
05-23 15:36:25.150 0 0 I [0 T2669 d.] [hdmitx: ] TV not support DV, clr dv_vsif
05-23 15:36:25.150 0 0 I [0 T2669 d.] [hdmitx: ] DV H14b VSIF, switching signal to SDR
05-23 15:36:25.152 0 0 I [0 T2669 ..] [hdmitx: ] hdmitx_set_hdr10plus_pkt: null vsif
05-23 15:36:25.153 0 0 I : [0 T2669 ..] [drm] drm hdmitx hpd notify
05-23 15:36:25.154 0 0 I : [0 T2669 ..] [drm] am_meson_crtc_atomic_enable-[0] in: new[dummy_l], old[], vmode[7-4], uboot[0]
05-23 15:36:25.155 0 0 I : [0 T2669 ..] [drm] am_meson_crtc_atomic_enable-[0]: enable mode dummy_l final vmode 7
05-23 15:36:25.156 0 0 I : [0 T2669 ..] dummy_encl_set_current_vmode finished
05-23 15:36:25.157 0 0 I : [0 T2669 ..] [drm] meson_vout_update_mode_name: dummy update vout 1 name dummy_l.
05-23 15:36:25.158 0 0 I : [0 T2669 ..] [drm] meson_dummyl_encoder_atomic_enable: vmode:7 skip atomic enable!
05-23 15:36:25.173 0 0 I : [0 T2669 ..] [drm] am_meson_drm_pm_resume: done
05-23 15:36:25.174 0 0 I : [0 T2669 ..] amlvideo2.0 resume ok
05-23 15:36:25.174 0 0 I : [0 T2669 ..] amlvideo2.1 resume ok
05-23 15:36:25.178 0 0 I : [1 T79 d.] usb usb1: root hub lost power or was reset
05-23 15:36:25.178 0 0 I : [1 T79 d.] usb usb2: root hub lost power or was reset
05-23 15:36:25.181 0 0 I : [1 T2701 d.] usb usb3: root hub lost power or was reset
05-23 15:36:25.181 0 0 I [2 T71 ..] [snd-codec-t9015]: no call standard reset interface
05-23 15:36:25.181 0 0 I : [1 T2701 d.] usb usb4: root hub lost power or was reset
05-23 15:36:25.182 0 0 I [2 T2669 ..] BTI: amlbt_sdio_resume
05-23 15:36:25.183 0 0 W : [3 T2753 ..] >>> aml_cfg80211_resume()
05-23 15:36:25.183 0 0 W : [3 T2753 ..] >>> aml_ps_wow_resume()
05-23 15:36:25.184 0 0 W : [3 T2753 ..] >>> aml_send_suspend_req()
05-23 15:36:25.185 0 0 W : [3 T2753 ..] >>> aml_send_msg()
05-23 15:36:25.185 0 0 W : [2 T1089 ..] ipc_sdio_host_msgack_handler 00000000ffd06288
05-23 15:36:25.186 0 0 W : [2 T1089 ..] [aml_msgackind 2038] msg ack hostid=0xffffff807c19c600
05-23 15:36:25.187 0 0 W : [2 T1089 ..] [cmd_mgr_llind 329] cmd tkn[63] flags:0008 result: -4 cmd: 105-MM_SUB_SET_SUSPEND_REQ - reqcfm(1023-none)
05-23 15:36:25.188 0 0 W : [2 T1089 ..] [cmd_complete 65] cmd tkn[63] flags:0000 result: -4 cmd: 105-MM_SUB_SET_SUSPEND_REQ - reqcfm(1023-none)
05-23 15:36:25.190 0 0 W : [3 T2753 ..] [aml_send_me_set_ps_mode 2111] set power save mode:0
05-23 15:36:25.190 0 0 W : [3 T2753 ..] >>> aml_send_msg()
05-23 15:36:25.207 0 0 W : [2 T1089 ..] ipc_sdio_host_msgack_handler 00000000ffd06288
05-23 15:36:25.207 0 0 W : [2 T1089 ..] [aml_msgackind 2038] msg ack hostid=0xffffff807c19c600
05-23 15:36:25.208 0 0 W : [2 T1089 ..] [cmd_mgr_llind 329] cmd tkn[64] flags:001a result: -4 cmd:5139-ME_SET_PS_MODE_REQ - reqcfm(5140-ME_SET_PS_MODE_CFM)
05-23 15:36:25.210 0 0 W : [2 T1089 ..] [cmd_mgr_msgind 409] cmd tkn[64] flags:0012 result: -4 cmd:5139-ME_SET_PS_MODE_REQ - reqcfm(5140-ME_SET_PS_MODE_CFM)
05-23 15:36:25.211 0 0 W : [2 T1089 ..] [cmd_complete 65] cmd tkn[64] flags:0002 result: -4 cmd:5139-ME_SET_PS_MODE_REQ - reqcfm(5140-ME_SET_PS_MODE_CFM)
05-23 15:36:25.213 0 0 W : [3 T2753 ..] >>> aml_send_arp_agent_req()
05-23 15:36:25.214 0 0 W : [3 T2753 ..] >>> aml_send_msg()
05-23 15:36:25.214 0 0 W : [2 T1089 ..] ipc_sdio_host_msgack_handler 0000000081051b12
05-23 15:36:25.215 0 0 W : [2 T1089 ..] [aml_msgackind 2038] msg ack hostid=0xffffff807c19c280
05-23 15:36:25.216 0 0 W : [2 T1089 ..] [cmd_mgr_llind 329] cmd tkn[65] flags:0008 result: -4 cmd: 105-MM_SUB_ARP_AGENT_REQ - reqcfm( 0-none)
05-23 15:36:25.218 0 0 W : [2 T1089 ..] [cmd_complete 65] cmd tkn[65] flags:0000 result: -4 cmd: 105-MM_SUB_ARP_AGENT_REQ - reqcfm( 0-none)
05-23 15:36:25.219 0 0 W : [3 T2753 ..] >>> aml_send_msg()
05-23 15:36:25.220 0 0 W : [2 T1089 ..] ipc_sdio_host_msgack_handler 0000000081051b12
05-23 15:36:25.220 0 0 W : [2 T1089 ..] [aml_msgackind 2038] msg ack hostid=0xffffff807c19c280
05-23 15:36:25.221 0 0 W : [2 T1089 ..] [cmd_mgr_llind 329] cmd tkn[66] flags:0008 result: -4 cmd: 105-MM_SUB_TKO_ACTIVATE_REQ - reqcfm( 0-none)
05-23 15:36:25.223 0 0 W : [2 T1089 ..] [cmd_complete 65] cmd tkn[66] flags:0000 result: -4 cmd: 105-MM_SUB_TKO_ACTIVATE_REQ - reqcfm( 0-none)
05-23 15:36:25.225 0 0 W : [3 T2753 ..] >>> aml_send_dhcp_req()
05-23 15:36:25.225 0 0 W : [3 T2753 ..] >>> aml_send_msg()
05-23 15:36:25.226 0 0 W : [2 T1089 ..] ipc_sdio_host_msgack_handler 0000000081051b12
05-23 15:36:25.226 0 0 W : [2 T1089 ..] [aml_msgackind 2038] msg ack hostid=0xffffff807c19c280
05-23 15:36:25.227 0 0 W : [2 T1089 ..] [cmd_mgr_llind 329] cmd tkn[67] flags:0008 result: -4 cmd: 105-MM_SUB_DHCP_REQ - reqcfm( 0-none)
05-23 15:36:25.229 0 0 W : [2 T1089 ..] [cmd_complete 65] cmd tkn[67] flags:0000 result: -4 cmd: 105-MM_SUB_DHCP_REQ - reqcfm( 0-none)
05-23 15:36:25.231 0 0 W : [3 T2753 ..] >>> aml_send_msg()
05-23 15:36:25.231 0 0 W : [2 T1089 ..] ipc_sdio_host_msgack_handler 0000000081051b12
05-23 15:36:25.232 0 0 W : [2 T1089 ..] [aml_msgackind 2038] msg ack hostid=0xffffff807c19c280
05-23 15:36:25.233 0 0 W : [2 T1089 ..] [cmd_mgr_llind 329] cmd tkn[68] flags:0008 result: -4 cmd: 105-MM_SCAN_HANG - reqcfm( 0-none)
05-23 15:36:25.234 0 0 W : [2 T1089 ..] [cmd_complete 65] cmd tkn[68] flags:0000 result: -4 cmd: 105-MM_SCAN_HANG - reqcfm( 0-none)
05-23 15:36:25.236 0 0 W : [2 T1089 ..] fmac scan_hang state:0
05-23 15:36:25.236 0 0 W : [3 T2753 ..] set_scan_hang, flag:0, [aml_ps_wow_resume 5095]
05-23 15:36:25.237 0 0 W : [3 T2753 ..] aml_cfg80211_resume,5397, resume is ok
05-23 15:36:25.239 0 0 W : [3 T1090 ..] [SP FRAME RX] arp req,vif_idx:0 sender:[1a:8c:ec:ac:60:cb 192.168.3.43]receiver:[00:00:00:00:00:00 192.168.3.167]
05-23 15:36:25.240 0 0 W : [3 T1090 ..] [SP FRAME TX] arp rsp,vif_idx:0 sender:[1c:79:2d:20:62:97 192.168.3.167]receiver:[1a:8c:ec:ac:60:cb 192.168.3.43]
05-23 15:36:25.242 0 0 W : [3 T1090 ..] [SP FRAME RX] arp req,vif_idx:0 sender:[1a:8c:ec:ac:60:cb 192.168.3.43]receiver:[00:00:00:00:00:00 192.168.3.167]
05-23 15:36:25.243 0 0 W : [3 T1090 ..] [SP FRAME TX] arp rsp,vif_idx:0 sender:[1c:79:2d:20:62:97 192.168.3.167]receiver:[1a:8c:ec:ac:60:cb 192.168.3.43]
05-23 15:36:25.245 0 0 W : [3 T1090 ..] [SP FRAME RX] arp req,vif_idx:0 sender:[28:7b:11:70:64:f1 192.168.3.240]receiver:[00:00:00:00:00:00 192.168.3.167]
05-23 15:36:25.247 0 0 W : [3 T1090 ..] [SP FRAME TX] arp rsp,vif_idx:0 sender:[1c:79:2d:20:62:97 192.168.3.167]receiver:[28:7b:11:70:64:f1 192.168.3.240]
05-23 15:36:25.248 0 0 W : [3 T1090 ..] [SP FRAME RX] arp req,vif_idx:0 sender:[1a:8c:ec:ac:60:cb 192.168.3.43]receiver:[00:00:00:00:00:00 192.168.3.167]
05-23 15:36:25.250 0 0 W : [3 T1090 ..] [SP FRAME TX] arp rsp,vif_idx:0 sender:[1c:79:2d:20:62:97 192.168.3.167]receiver:[1a:8c:ec:ac:60:cb 192.168.3.43]
05-23 15:36:25.251 0 0 W : [3 T1090 ..] [SP FRAME RX] arp req,vif_idx:0 sender:[1a:8c:ec:ac:60:cb 192.168.3.43]receiver:[00:00:00:00:00:00 192.168.3.167]
05-23 15:36:25.253 0 0 W : [3 T1090 ..] [SP FRAME TX] arp rsp,vif_idx:0 sender:[1c:79:2d:20:62:97 192.168.3.167]receiver:[1a:8c:ec:ac:60:cb 192.168.3.43]
05-23 15:36:25.254 0 0 W : [3 T1090 ..] [SP FRAME RX] arp req,vif_idx:0 sender:[28:7b:11:70:64:f1 192.168.3.240]receiver:[00:00:00:00:00:00 192.168.3.167]
05-23 15:36:25.256 0 0 W : [3 T1090 ..] [SP FRAME TX] arp rsp,vif_idx:0 sender:[1c:79:2d:20:62:97 192.168.3.167]receiver:[28:7b:11:70:64:f1 192.168.3.240]
05-23 15:36:25.257 0 0 W : [3 T1090 ..] [SP FRAME RX] arp req,vif_idx:0 sender:[02:18:5d:1c:ad:fa 192.168.3.19]receiver:[00:00:00:00:00:00 192.168.3.167]
05-23 15:36:25.259 0 0 W : [3 T1090 ..] [SP FRAME TX] arp rsp,vif_idx:0 sender:[1c:79:2d:20:62:97 192.168.3.167]receiver:[02:18:5d:1c:ad:fa 192.168.3.19]
05-23 15:36:25.261 0 0 W : [3 T1090 ..] [SP FRAME RX] arp req,vif_idx:0 sender:[86:c4:12:e3:5b:28 192.168.3.161]receiver:[00:00:00:00:00:00 192.168.3.167]
05-23 15:36:25.262 0 0 W : [3 T1090 ..] [SP FRAME TX] arp rsp,vif_idx:0 sender:[1c:79:2d:20:62:97 192.168.3.167]receiver:[86:c4:12:e3:5b:28 192.168.3.161]
05-23 15:36:25.339 0 0 I [3 T2669 ..] cec: wakeup_reason:0x5
05-23 15:36:25.339 0 0 I [3 T2669 ..] cec: aml_cec_pm_complete
05-23 15:36:25.340 0 0 I : [3 T2669 ..] OOM killer enabled.
05-23 15:36:25.340 0 0 I : [3 T2669 ..] Restarting tasks ... done.
05-23 15:36:25.346 0 0 I : [3 T2669 d.] Resume cause unknown
05-23 15:36:25.346 0 0 I [3 T2669 ..] [pm]: reboot_pm_cb called. pm_event:4.
05-23 15:36:25.347 0 0 I [3 T2669 ..] PM: suspend exit
05-23 15:36:25.447 0 0 I [2 T71 ..] [snd-codec-t9015]: aml_T9015_audio_set_bias_level
05-23 15:36:25.447 0 0 I [2 T71 ..] [snd-soc]: it is card_post_resume
05-23 15:36:25.448 0 0 I [1 T10 ..] [snd-codec-t9015]: aml_T9015_audio_set_bias_level
05-23 15:36:25.449 0 0 I [0 T63 ..] [snd-codec-t9015]: aml_T9015_audio_set_bias_level
05-23 15:36:25.450 0 0 I [2 T669 ..] [snd-soc]: aml_audio_reset, reg 0xa, shift 9, use_vadtop 0
05-23 15:36:25.451 0 0 I [2 T669 ..] [snd-soc]: aml_audio_reset, reg 0xa, shift 14, use_vadtop 0
05-23 15:36:25.452 0 0 I [2 T669 ..] [hdmitx: ] hdmitx_audio_notify_callback[804] type:1 rate:0 size:0 chs:0 i2s_ch_mask:0 aud_src_if:0
05-23 15:36:25.453 0 0 E [2 T669 ..] [hdmitx: ] *HDMITX_ERROR* audio chn setting, must be 2, 4, 6 or 8, Rst as def
05-23 15:36:25.454 0 0 I [2 T669 ..] [hdmitx: ] aout notify format CT_PCM
05-23 15:36:25.455 0 0 I [2 T669 ..] [hdmitx: ] set audio
05-23 15:36:25.455 0 0 I [2 T669 ..] [hdmitx: ] audio_param->chs = -1
05-23 15:36:25.456 0 0 I [2 T669 ..] [hdmitx: ] aud_src_if = 0
05-23 15:36:25.457 0 0 I [2 T669 ..] [hdmitx: ] set audio param
05-23 15:36:25.457 0 0 I [2 T669 ..] [hdmitx: ] hdmitx_audio_notify_callback[804] type:2 rate:3 size:1 chs:2 i2s_ch_mask:1 aud_src_if:0
05-23 15:36:25.458 0 0 I [2 T669 ..] [hdmitx: ] aout notify format CT_AC_3
05-23 15:36:25.459 0 0 I [2 T669 ..] [hdmitx: ] set audio
05-23 15:36:25.460 0 0 I [2 T669 ..] [hdmitx: ] audio_param->chs = 1
05-23 15:36:25.460 0 0 I [2 T669 ..] [hdmitx: ] aud_src_if = 0
05-23 15:36:25.461 0 0 I [2 T669 ..] [hdmitx: ] set audio param
05-23 15:36:25.461 0 0 D [2 T669 ..] [snd-soc]: aml_spdif_fifo_ctrl, bit depth:16, frddr type:1, toddr:type:1
05-23 15:36:25.467 0 0 I [2 T669 ..] [snd-soc]: aml_audio_reset, reg 0xa, shift 9, use_vadtop 0
05-23 15:36:25.467 0 0 I [2 T669 ..] [snd-soc]: aml_audio_reset, reg 0xa, shift 14, use_vadtop 0
05-23 15:36:25.468 0 0 I [2 T669 ..] [hdmitx: ] hdmitx_audio_notify_callback[804] type:1 rate:0 size:0 chs:0 i2s_ch_mask:0 aud_src_if:0
05-23 15:36:25.469 0 0 E [2 T669 ..] [hdmitx: ] *HDMITX_ERROR* audio chn setting, must be 2, 4, 6 or 8, Rst as def
05-23 15:36:25.470 0 0 I [2 T669 ..] [hdmitx: ] aout notify format CT_PCM
05-23 15:36:25.471 0 0 I [2 T669 ..] [hdmitx: ] set audio
05-23 15:36:25.472 0 0 I [2 T669 ..] [hdmitx: ] audio_param->chs = -1
05-23 15:36:25.472 0 0 I [2 T669 ..] [hdmitx: ] aud_src_if = 0
05-23 15:36:25.473 0 0 I [2 T669 ..] [hdmitx: ] set audio param
05-23 15:36:25.474 0 0 I [2 T669 ..] [hdmitx: ] hdmitx_audio_notify_callback[804] type:2 rate:3 size:1 chs:2 i2s_ch_mask:1 aud_src_if:0
05-23 15:36:25.475 0 0 I [2 T669 ..] [hdmitx: ] aout notify format CT_AC_3
05-23 15:36:25.476 0 0 I [2 T669 ..] [hdmitx: ] set audio
05-23 15:36:25.476 0 0 I [2 T669 ..] [hdmitx: ] audio_param->chs = 1
05-23 15:36:25.477 0 0 I [2 T669 ..] [hdmitx: ] aud_src_if = 0
05-23 15:36:25.477 0 0 I [2 T669 ..] [hdmitx: ] set audio param
05-23 15:36:25.478 0 0 D [2 T669 ..] [snd-soc]: aml_spdif_fifo_ctrl, bit depth:16, frddr type:1, toddr:type:1
05-23 15:36:25.485 0 0 W : [3 T1090 ..] [SP FRAME RX] arp req,vif_idx:0 sender:[2e:b8:3b:16:08:4f 192.168.3.157]receiver:[00:00:00:00:00:00 192.168.3.167]
05-23 15:36:25.486 0 0 W : [3 T1090 ..] [SP FRAME TX] arp rsp,vif_idx:0 sender:[1c:79:2d:20:62:97 192.168.3.167]receiver:[2e:b8:3b:16:08:4f 192.168.3.157]
05-23 15:36:25.798 0 0 W : [0 T2410 .s] [SP FRAME TX] arp req,vif_idx:0 sender:[1c:79:2d:20:62:97 192.168.3.167]receiver:[00:00:00:00:00:00 192.168.3.43]
05-23 15:36:25.809 0 0 W : [3 T1090 ..] [SP FRAME RX] arp rsp,vif_idx:0 sender:[1a:8c:ec:ac:60:cb 192.168.3.43]receiver:[1c:79:2d:20:62:97 192.168.3.167]
05-23 15:36:25.981 0 0 W : [3 T1090 ..] [SP FRAME RX] arp req,vif_idx:0 sender:[c2:cc:66:a5:97:10 192.168.3.153]receiver:[00:00:00:00:00:00 192.168.3.167]
05-23 15:36:25.982 0 0 W : [3 T1090 ..] [SP FRAME TX] arp rsp,vif_idx:0 sender:[1c:79:2d:20:62:97 192.168.3.167]receiver:[c2:cc:66:a5:97:10 192.168.3.153]
05-23 15:36:41.312 711 796 D OomAdjuster: Not killing cached processes
05-23 15:36:41.316 711 796 W ProcessStats: Tracking association SourceState{217e179 com.ktcp.video:daemon/10077 Fgs #461} whose proc state 3 is better than process ProcessState{eccf830 com.ktcp.video/10077 pkg=com.ktcp.video} proc state 10 (25 skipped)
05-23 15:36:41.923 711 711 D HDMI : [R]: 0F:84:00:00:00
05-23 15:36:41.924 711 711 D HDMI : addCecDevice new:CEC: logical_address: 0x00 device_type: 0 cec_version: 5 vendor_id: 16777215 display_name: TV power_status: -1 physical_address: 0xFFFF port_id: -1 old:null
05-23 15:36:41.924 711 711 D HdmiControlService: Switching to full volume behavior
05-23 15:36:41.926 711 711 D HDMI : addCecDevice new:CEC: logical_address: 0x00 device_type: 0 cec_version: 5 vendor_id: 16777215 display_name: TV power_status: -1 physical_address: 0x0000 port_id: -1 old:CEC: logical_address: 0x00 device_type: 0 cec_version: 5 vendor_id: 16777215 display_name: TV power_status: -1 physical_address: 0xFFFF port_id: -1
05-23 15:36:41.926 711 711 D HdmiControlService: Switching to full volume behavior
05-23 15:36:41.927 711 891 D HDMI : [S]: 40:46
05-23 15:36:26.872 0 0 W : [3 T1090 ..] [SP FRAME RX] arp req,vif_idx:0 sender:[02:91:37:fc:9e:f6 192.168.3.105]receiver:[00:00:00:00:00:00 192.168.3.167]
05-23 15:36:26.873 0 0 W : [3 T1090 ..] [SP FRAME TX] arp rsp,vif_idx:0 sender:[1c:79:2d:20:62:97 192.168.3.167]receiver:[02:91:37:fc:9e:f6 192.168.3.105]
05-23 15:36:27.046 0 0 W : [0 T0 .s] [SP FRAME TX] arp req,vif_idx:0 sender:[1c:79:2d:20:62:97 192.168.3.167]receiver:[00:00:00:00:00:00 192.168.3.240]
05-23 15:36:42.186 711 711 D HDMI : [R]: 0F:87:6D:74:6B
05-23 15:36:27.114 0 0 I [0 T1001 ..] [hdmitx: ] UTC+0 2025-05-23 07:36:42 HPD HIGH
05-23 15:36:27.119 0 0 W : [3 T1090 ..] [SP FRAME RX] arp rsp,vif_idx:0 sender:[28:7b:11:70:64:f1 192.168.3.240]receiver:[1c:79:2d:20:62:97 192.168.3.167]
05-23 15:36:42.334 711 711 D HDMI : [R]: 0F:82:00:00
05-23 15:36:42.335 711 711 D HDMI : setActiveSource logical:0x00 physical:0x0000 HdmiCecLocalDeviceSource#handleActiveSource()
05-23 15:36:42.336 711 711 D HDMI : ActiveSourceHistoryRecord active source=(0x00, 0x0000) isActiveSource=false from=HdmiCecLocalDeviceSource#handleActiveSource()
05-23 15:36:42.336 711 711 D HdmiControlService: Switching to full volume behavior
05-23 15:36:27.622 0 0 I [1 T310 ..] [hdmitx: ] system: plugin
05-23 15:36:27.622 0 0 I [1 T310 ..] [hdmitx: ] plugin sequence id: 4294909496
05-23 15:36:27.660 0 0 I [0 T310 ..] cec: [hdmitx_notify_callback] unsupported notify:3
05-23 15:36:27.660 0 0 W : [0 T310 ..] [RX]-up_phy_addr = 3
05-23 15:36:27.660 0 0 I [0 T310 ..] [hdmitx: ] edid: blk0 raw data
05-23 15:36:27.661 0 0 I [0 T310 ..] [hdmitx: ] 00ffffffffffff0010503000010000000a180103807341780acf74a3574cb02309484c000000010101ff01ffff01010101010101012008e80030f2705a80b058
05-23 15:36:27.661 0 0 I : [0 T310 ..] 8a00c48e2100001e08e8801871382d40582c4500c48e2100001e000000fc0044616e67626569202020202020000000fd003b461f8c3c000a202020202020016a
05-23 15:36:27.665 0 0 I [0 T310 ..] [hdmitx: ] edid: blk1 raw data
05-23 15:36:27.665 0 0 I [0 T310 ..] [hdmitx: ] 020367f25f0584030112131407901f20225d5f6061626465665e630206217576dadb3f4029097f0715075051060083010000e200ff72030c003000f84420c084
05-23 15:36:27.665 0 0 I : [0 T310 ..] 01020304014100006ad85dc401788067123078e305ff01e50f00801900e3060f01e5018b84900100000000000000000000000000000000000000000000000080
05-23 15:36:27.669 0 0 I : [0 T310 ..] [drm] drm hdmitx hpd notify
05-23 15:36:28.426 0 0 W : [0 T0 .s] [SP FRAME TX] arp req,vif_idx:0 sender:[1c:79:2d:20:62:97 192.168.3.167]receiver:[00:00:00:00:00:00 192.168.3.19]
05-23 15:36:28.431 0 0 W : [3 T1090 ..] [SP FRAME RX] arp rsp,vif_idx:0 sender:[02:18:5d:1c:ad:fa 192.168.3.19]receiver:[1c:79:2d:20:62:97 192.168.3.167]
05-23 15:36:43.662 711 711 D HDMI : [R]: 04:47
05-23 15:36:43.663 711 711 D HdmiCecNetwork: Updating device OSD name from TV to DBF7 Pro
05-23 15:36:28.614 0 0 W : [3 T1090 ..] [SP FRAME RX] arp req,vif_idx:0 sender:[3a:fd:3d:ee:5f:54 192.168.3.118]receiver:[00:00:00:00:00:00 192.168.3.167]
05-23 15:36:28.615 0 0 W : [3 T1090 ..] [SP FRAME TX] arp rsp,vif_idx:0 sender:[1c:79:2d:20:62:97 192.168.3.167]receiver:[3a:fd:3d:ee:5f:54 192.168.3.118]
05-23 15:36:28.678 0 0 W : [0 T0 .s] [SP FRAME TX] arp req,vif_idx:0 sender:[1c:79:2d:20:62:97 192.168.3.167]receiver:[00:00:00:00:00:00 192.168.3.161]
05-23 15:36:28.679 0 0 W : [0 T0 .s] [SP FRAME TX] arp req,vif_idx:0 sender:[1c:79:2d:20:62:97 192.168.3.167]receiver:[00:00:00:00:00:00 192.168.3.157]
05-23 15:36:28.685 0 0 W : [3 T1090 ..] [SP FRAME RX] arp rsp,vif_idx:0 sender:[2e:b8:3b:16:08:4f 192.168.3.157]receiver:[1c:79:2d:20:62:97 192.168.3.167]
05-23 15:36:28.757 0 0 W : [3 T1090 ..] [SP FRAME RX] arp rsp,vif_idx:0 sender:[86:c4:12:e3:5b:28 192.168.3.161]receiver:[1c:79:2d:20:62:97 192.168.3.167]
05-23 15:36:29.181 0 0 W : [3 T1090 ..] [SP FRAME RX] arp req,vif_idx:0 sender:[a6:8b:d2:cd:fe:9a 192.168.3.162]receiver:[00:00:00:00:00:00 192.168.3.167]
05-23 15:36:29.182 0 0 W : [3 T1090 ..] [SP FRAME TX] arp rsp,vif_idx:0 sender:[1c:79:2d:20:62:97 192.168.3.167]receiver:[a6:8b:d2:cd:fe:9a 192.168.3.162]
05-23 15:36:29.190 0 0 I [2 T2703 ..] rx_pkt_counter: 0
05-23 15:36:29.190 0 0 E : [2 T2703 ..] meson8b-dwmac fe368000.ethernet eth0: Reset adapter.
05-23 15:36:29.314 0 0 I : [1 T2703 ..] meson8b-dwmac fe368000.ethernet eth0: PHY [0.0:00] driver [Generic PHY] (irq=POLL)
05-23 15:36:29.317 0 0 I : [1 T2703 ..] meson8b-dwmac fe368000.ethernet eth0: Register MEM_TYPE_PAGE_POOL RxQ-0
05-23 15:36:29.446 0 0 W : [0 T0 .s] [SP FRAME TX] arp req,vif_idx:0 sender:[1c:79:2d:20:62:97 192.168.3.167]receiver:[00:00:00:00:00:00 192.168.3.153]
05-23 15:36:29.456 0 0 W : [3 T1090 ..] [SP FRAME RX] arp rsp,vif_idx:0 sender:[c2:cc:66:a5:97:10 192.168.3.153]receiver:[1c:79:2d:20:62:97 192.168.3.167]
05-23 15:36:30.326 0 0 E : [3 T2703 ..] meson8b-dwmac fe368000.ethernet: Failed to reset the dma
05-23 15:36:30.326 0 0 E : [3 T2703 ..] meson8b-dwmac fe368000.ethernet eth0: stmmac_hw_setup: DMA engine initialization failed
05-23 15:36:30.328 0 0 E : [3 T2703 ..] meson8b-dwmac fe368000.ethernet eth0: stmmac_open: Hw setup failed
05-23 15:36:45.564 711 711 D HDMI : [R]: 04:83
05-23 15:36:30.470 0 0 W : [3 T0 .s] [SP FRAME TX] arp req,vif_idx:0 sender:[1c:79:2d:20:62:97 192.168.3.167]receiver:[00:00:00:00:00:00 192.168.3.162]
05-23 15:36:30.471 0 0 W : [3 T0 .s] [SP FRAME TX] arp req,vif_idx:0 sender:[1c:79:2d:20:62:97 192.168.3.167]receiver:[00:00:00:00:00:00 192.168.3.118]
05-23 15:36:30.472 0 0 W : [3 T0 .s] [SP FRAME TX] arp req,vif_idx:0 sender:[1c:79:2d:20:62:97 192.168.3.167]receiver:[00:00:00:00:00:00 192.168.3.105]
05-23 15:36:45.566 711 891 D HDMI : [S]: 4F:84:30:00:04
05-23 15:36:30.479 0 0 W : [3 T1090 ..] [SP FRAME RX] arp rsp,vif_idx:0 sender:[3a:fd:3d:ee:5f:54 192.168.3.118]receiver:[1c:79:2d:20:62:97 192.168.3.167]
05-23 15:36:30.483 0 0 W : [3 T1090 ..] [SP FRAME RX] arp req,vif_idx:0 sender:[0c:91:60:12:cd:da 192.168.3.221]receiver:[00:00:00:00:00:00 192.168.3.167]
05-23 15:36:30.484 0 0 W : [3 T1090 ..] [SP FRAME TX] arp rsp,vif_idx:0 sender:[1c:79:2d:20:62:97 192.168.3.167]receiver:[0c:91:60:12:cd:da 192.168.3.221]
05-23 15:36:30.495 0 0 W : [3 T1090 ..] [SP FRAME RX] arp rsp,vif_idx:0 sender:[02:91:37:fc:9e:f6 192.168.3.105]receiver:[1c:79:2d:20:62:97 192.168.3.167]
05-23 15:36:30.507 0 0 W : [3 T1090 ..] [SP FRAME RX] arp rsp,vif_idx:0 sender:[a6:8b:d2:cd:fe:9a 192.168.3.162]receiver:[1c:79:2d:20:62:97 192.168.3.167]
05-23 15:36:30.650 0 0 W : [3 T1090 ..] [SP FRAME RX] DHCP[0 1], vif_idx:0
05-23 15:36:30.726 0 0 W : [3 T669 .s] [SP FRAME TX] arp req,vif_idx:0 sender:[1c:79:2d:20:62:97 192.168.3.167]receiver:[00:00:00:00:00:00 192.168.3.221]
05-23 15:36:45.824 711 711 D HDMI : [R]: 04:46
05-23 15:36:30.732 0 0 W : [3 T1090 ..] [SP FRAME RX] arp rsp,vif_idx:0 sender:[0c:91:60:12:cd:da 192.168.3.221]receiver:[1c:79:2d:20:62:97 192.168.3.167]
05-23 15:36:45.826 711 891 D HDMI : [S]: 40:47
05-23 15:36:46.194 711 711 D HDMI : [R]: 04:8C
05-23 15:36:46.196 711 891 D HDMI : [S]: 4F:87:1C:A4:10
05-23 15:36:46.436 711 711 D HDMI : [R]: 04:8F
05-23 15:36:46.437 711 891 D HDMI : [S]: 40:90:01
05-23 15:36:46.621 711 711 D HDMI : [R]: 04:8F
05-23 15:36:46.622 711 891 D HDMI : [S]: 40:90:01
05-23 15:36:33.030 0 0 W : [1 T0 .s] [SP FRAME TX] arp req,vif_idx:0 sender:[1c:79:2d:20:62:97 192.168.3.167]receiver:[00:00:00:00:00:00 192.168.3.148]
05-23 15:36:33.092 0 0 W : [3 T1090 ..] [SP FRAME RX] arp rsp,vif_idx:0 sender:[28:7b:11:70:75:f3 192.168.3.148]receiver:[1c:79:2d:20:62:97 192.168.3.167]
05-23 15:36:33.907 0 0 W : [2 T1089 ..] >>> aml_rx_me_tx_credits_update_ind()
05-23 15:36:33.908 0 0 W : [2 T1089 ..] [aml_txq_credit_update 2514] sta_idx=0 vif_idx=0 tid=6 update=120 pkt pushed=2 credits=122 old_credits=2
05-23 15:36:35.590 0 0 W : [3 T0 .s] [SP FRAME TX] arp req,vif_idx:0 sender:[1c:79:2d:20:62:97 192.168.3.167]receiver:[00:00:00:00:00:00 192.168.3.154]
05-23 15:36:35.592 0 0 W : [3 T0 .s] [SP FRAME TX] arp req,vif_idx:0 sender:[1c:79:2d:20:62:97 192.168.3.167]receiver:[00:00:00:00:00:00 192.168.3.226]
05-23 15:36:35.652 0 0 W : [0 T1090 ..] [SP FRAME RX] arp req,vif_idx:0 sender:[42:87:91:b7:6d:20 192.168.3.226]receiver:[00:00:00:00:00:00 192.168.3.167]
05-23 15:36:35.653 0 0 W : [0 T1090 ..] [SP FRAME TX] arp rsp,vif_idx:0 sender:[1c:79:2d:20:62:97 192.168.3.167]receiver:[42:87:91:b7:6d:20 192.168.3.226]
05-23 15:36:35.655 0 0 W : [0 T1090 ..] [SP FRAME RX] arp rsp,vif_idx:0 sender:[42:87:91:b7:6d:20 192.168.3.226]receiver:[1c:79:2d:20:62:97 192.168.3.167]
05-23 15:36:35.715 0 0 W : [0 T1090 ..] [SP FRAME RX] arp req,vif_idx:0 sender:[32:08:ae:4d:23:4b 192.168.3.154]receiver:[00:00:00:00:00:00 192.168.3.167]
05-23 15:36:35.716 0 0 W : [0 T1090 ..] [SP FRAME TX] arp rsp,vif_idx:0 sender:[1c:79:2d:20:62:97 192.168.3.167]receiver:[32:08:ae:4d:23:4b 192.168.3.154]
05-23 15:36:35.718 0 0 W : [0 T1090 ..] [SP FRAME RX] arp rsp,vif_idx:0 sender:[32:08:ae:4d:23:4b 192.168.3.154]receiver:[1c:79:2d:20:62:97 192.168.3.167]
05-23 15:36:50.904 711 743 I UsageStatsService: Time changed in by 10 seconds
05-23 15:36:50.906 711 908 D OomAdjuster: Not killing cached processes
05-23 15:36:35.846 0 0 W : [3 T0 .s] [SP FRAME TX] arp req,vif_idx:0 sender:[1c:79:2d:20:62:97 192.168.3.167]receiver:[00:00:00:00:00:00 192.168.3.205]
05-23 15:36:35.930 0 0 W : [0 T1090 ..] [SP FRAME RX] arp req,vif_idx:0 sender:[4c:6b:b8:99:cd:e4 192.168.3.205]receiver:[00:00:00:00:00:00 192.168.3.167]
05-23 15:36:35.931 0 0 W : [0 T1090 ..] [SP FRAME TX] arp rsp,vif_idx:0 sender:[1c:79:2d:20:62:97 192.168.3.167]receiver:[4c:6b:b8:99:cd:e4 192.168.3.205]
05-23 15:36:35.950 0 0 I [0 T63 ..] [mmc]: tuning-c:4, tuning-s:5
05-23 15:36:35.950 0 0 I [0 T63 ..] [mmc]: mmc0: clk= 0x10000206, adj = 0x42000, dly1 = 0, dly2 = 0
05-23 15:36:35.952 0 0 I [0 T63 ..] [mmc]: aml_sd_emmc_clktest [864] clktest : 7680, delay_cell: 83, count: 30
05-23 15:36:35.953 0 0 I [0 T63 ..] [mmc]: [set_emmc_nwr_clks], delay1: 0x0, delay2: 0x0
05-23 15:36:36.088 0 0 I [1 T63 ..] [mmc]: cmd-best-c:33, cmd-best-size:62
05-23 15:36:36.090 0 0 W : [0 T1090 ..] [SP FRAME RX] arp rsp,vif_idx:0 sender:[4c:6b:b8:99:cd:e4 192.168.3.205]receiver:[1c:79:2d:20:62:97 192.168.3.167]
05-23 15:36:36.216 0 0 I [3 T63 ..] [mmc]: cmd-best-c:17, cmd-best-size:31
05-23 15:36:51.360 711 810 D ActivityManager: freezing 1686 android.process.media
05-23 15:36:36.318 0 0 I [0 T63 ..] [mmc]: ds_sht:15, window:24, intf3:0x40f008, clock:0x100e0003, adjust:0x0
05-23 15:36:36.358 0 0 W : [3 T669 .s] [SP FRAME TX] arp req,vif_idx:0 sender:[1c:79:2d:20:62:97 192.168.3.167]receiver:[00:00:00:00:00:00 192.168.3.69]
05-23 15:36:36.402 0 0 W : [3 T1090 ..] [SP FRAME RX] arp req,vif_idx:0 sender:[26:3b:39:2a:ea:db 192.168.3.69]receiver:[00:00:00:00:00:00 192.168.3.167]
05-23 15:36:36.403 0 0 W : [3 T1090 ..] [SP FRAME TX] arp rsp,vif_idx:0 sender:[1c:79:2d:20:62:97 192.168.3.167]receiver:[26:3b:39:2a:ea:db 192.168.3.69]
05-23 15:36:36.405 0 0 W : [3 T1090 ..] [SP FRAME RX] arp rsp,vif_idx:0 sender:[26:3b:39:2a:ea:db 192.168.3.69]receiver:[1c:79:2d:20:62:97 192.168.3.167]
05-23 15:36:36.881 0 0 W : [3 T1090 ..] [SP FRAME RX] arp req,vif_idx:0 sender:[c2:07:3d:a6:ee:3e 192.168.3.116]receiver:[00:00:00:00:00:00 192.168.3.167]
05-23 15:36:36.882 0 0 W : [3 T1090 ..] [SP FRAME TX] arp rsp,vif_idx:0 sender:[1c:79:2d:20:62:97 192.168.3.167]receiver:[c2:07:3d:a6:ee:3e 192.168.3.116]
05-23 15:36:36.985 0 0 W : [3 T1090 ..] [SP FRAME RX] arp req,vif_idx:0 sender:[b2:33:fc:c9:ef:d5 192.168.3.223]receiver:[00:00:00:00:00:00 192.168.3.167]
05-23 15:36:36.986 0 0 W : [3 T1090 ..] [SP FRAME TX] arp rsp,vif_idx:0 sender:[1c:79:2d:20:62:97 192.168.3.167]receiver:[b2:33:fc:c9:ef:d5 192.168.3.223]
05-23 15:36:37.126 0 0 W : [3 T0 .s] [SP FRAME TX] arp req,vif_idx:0 sender:[1c:79:2d:20:62:97 192.168.3.167]receiver:[00:00:00:00:00:00 192.168.3.223]
05-23 15:36:37.154 0 0 W : [3 T1090 ..] [SP FRAME RX] arp rsp,vif_idx:0 sender:[b2:33:fc:c9:ef:d5 192.168.3.223]receiver:[1c:79:2d:20:62:97 192.168.3.167]
05-23 15:36:52.560 711 711 D HDMI : [R]: 0F:80:00:00:40:00
05-23 15:36:52.562 711 711 D HDMI : setActiveSource logical:0xffffffff physical:0x4000 HdmiCecLocalDevicePlayback#handleRoutingChangeAndInformation()
05-23 15:36:52.563 711 711 D HDMI : ActiveSourceHistoryRecord active source=(invalid, 0x4000) isActiveSource=false from=HdmiCecLocalDevicePlayback#handleRoutingChangeAndInformation()
05-23 15:36:52.563 711 711 D HdmiControlService: Switching to full volume behavior
05-23 15:36:37.638 0 0 W : [0 T310 ..] [aml_send_sync_trace 4388] sync token[9802]
05-23 15:36:37.638 0 0 W : [0 T310 ..] >>> aml_send_msg()
05-23 15:36:37.638 0 0 W : [3 T0 .s] [SP FRAME TX] arp req,vif_idx:0 sender:[1c:79:2d:20:62:97 192.168.3.167]receiver:[00:00:00:00:00:00 192.168.3.116]
05-23 15:36:37.641 0 0 W : [2 T1089 ..] ipc_sdio_host_msgack_handler 0000000002167377
05-23 15:36:37.641 0 0 W : [2 T1089 ..] [aml_msgackind 2038] msg ack hostid=0xffffff80848f2480
05-23 15:36:37.642 0 0 W : [2 T1089 ..] [cmd_mgr_llind 329] cmd tkn[69] flags:0008 result: -4 cmd: 105-MM_SYNC_TRACE - reqcfm( 0-none)
05-23 15:36:37.643 0 0 W : [2 T1089 ..] [cmd_complete 65] cmd tkn[69] flags:0000 result: -4 cmd: 105-MM_SYNC_TRACE - reqcfm( 0-none)
05-23 15:36:37.660 0 0 W : [3 T1090 ..] [SP FRAME RX] arp rsp,vif_idx:0 sender:[c2:07:3d:a6:ee:3e 192.168.3.116]receiver:[1c:79:2d:20:62:97 192.168.3.167]
05-23 15:36:52.783 711 810 D ActivityManager: freezing 2178 com.android.statementservice
05-23 15:36:52.836 711 810 D ActivityManager: freezing 2130 com.android.rkpdapp
05-23 15:36:38.922 0 0 W : [3 T0 .s] [SP FRAME TX] arp req,vif_idx:0 sender:[1c:79:2d:20:62:97 192.168.3.167]receiver:[00:00:00:00:00:00 192.168.3.15]
05-23 15:36:38.923 0 0 W : [3 T0 .s] [SP FRAME TX] arp req,vif_idx:0 sender:[1c:79:2d:20:62:97 192.168.3.167]receiver:[00:00:00:00:00:00 192.168.3.151]
05-23 15:36:38.976 0 0 W : [3 T1090 ..] [SP FRAME RX] arp rsp,vif_idx:0 sender:[2e:6a:3b:b3:ad:e6 192.168.3.15]receiver:[1c:79:2d:20:62:97 192.168.3.167]
05-23 15:36:38.977 0 0 W : [3 T1090 ..] [SP FRAME RX] arp req,vif_idx:0 sender:[2e:6a:3b:b3:ad:e6 192.168.3.15]receiver:[00:00:00:00:00:00 192.168.3.167]
05-23 15:36:38.979 0 0 W : [3 T1090 ..] [SP FRAME TX] arp rsp,vif_idx:0 sender:[1c:79:2d:20:62:97 192.168.3.167]receiver:[2e:6a:3b:b3:ad:e6 192.168.3.15]
05-23 15:36:38.980 0 0 W : [3 T1090 ..] [SP FRAME RX] arp req,vif_idx:0 sender:[4e:df:ee:48:4b:63 192.168.3.151]receiver:[00:00:00:00:00:00 192.168.3.167]
05-23 15:36:38.982 0 0 W : [3 T1090 ..] [SP FRAME TX] arp rsp,vif_idx:0 sender:[1c:79:2d:20:62:97 192.168.3.167]receiver:[4e:df:ee:48:4b:63 192.168.3.151]
05-23 15:36:39.081 0 0 W : [3 T1090 ..] [SP FRAME RX] arp rsp,vif_idx:0 sender:[4e:df:ee:48:4b:63 192.168.3.151]receiver:[1c:79:2d:20:62:97 192.168.3.167]
05-23 15:36:39.434 0 0 I [0 T2669 ..] PM: suspend entry (deep)
05-23 15:36:39.442 0 0 I : [0 T2669 ..] Filesystems sync: 0.008 seconds
05-23 15:36:39.442 0 0 I [0 T2669 ..] [pm]: reboot_pm_cb called. pm_event:3.
05-23 15:36:39.443 0 0 I : [0 T2669 ..] Freezing user space processes ... (elapsed 0.003 seconds) done.
05-23 15:36:39.447 0 0 I : [0 T2669 ..] OOM killer disabled.
05-23 15:36:39.448 0 0 I : [0 T2669 ..] Freezing remaining freezable tasks ... (elapsed 0.003 seconds) done.
05-23 15:36:39.452 0 0 I [0 T2669 ..] cec: aml_cec_pm_prepare
05-23 15:36:39.455 0 0 W : [2 T63 ..] aml_cfg80211_suspend enter 5314
05-23 15:36:39.455 0 0 W : [2 T63 ..] >>> aml_cfg80211_suspend()
05-23 15:36:39.455 0 0 I [0 T2669 ..] BTI: amlbt_sdio_suspend RG_AON_A52:0x4000006
05-23 15:36:39.455 0 0 W : [2 T63 ..] >>> aml_ps_wow_suspend()
05-23 15:36:39.456 0 0 I [0 T2669 ..] BTI: RG_AON_A52:0x4000006
05-23 15:36:39.457 0 0 I [0 T2669 ..] BTI: amlbt_sdio_suspend
05-23 15:36:39.457 0 0 W : [2 T63 ..] set_scan_hang, flag:1, [aml_cancel_scan 4851]
05-23 15:36:39.458 0 0 I [0 T2669 ..] [snd-soc]: it is card_pre_suspend
05-23 15:36:39.458 0 0 W : [2 T63 ..] >>> aml_send_scanu_cancel_req()
05-23 15:36:39.459 0 0 I [1 T2701 ..] [snd-codec-t9015]: aml_T9015_audio_set_bias_level
05-23 15:36:39.459 0 0 W : [2 T63 ..] >>> aml_send_msg()
05-23 15:36:39.460 0 0 W : [3 T1089 ..] ipc_sdio_host_msgack_handler 000000002518fa7d
05-23 15:36:39.460 0 0 I [1 T2701 ..] [snd-codec-t9015]: aml_T9015_audio_set_bias_level
05-23 15:36:39.461 0 0 W : [3 T1089 ..] [aml_msgackind 2038] msg ack hostid=0xffffff8083d69d80
05-23 15:36:39.461 0 0 I [0 T2669 ..] [snd-codec-t9015]: aml_T9015_audio_suspend!
05-23 15:36:39.462 0 0 W : [3 T1089 ..] [cmd_mgr_llind 329] cmd tkn[70] flags:001a result: -4 cmd: 105-MM_SUB_SCANU_CANCEL_REQ - reqcfm(16385-unknown)
05-23 15:36:39.463 0 0 I [0 T2669 ..] [snd-codec-t9015]: aml_T9015_audio_set_bias_level
05-23 15:36:39.467 0 0 W : [3 T1089 ..] [cmd_mgr_msgind 409] cmd tkn[70] flags:0012 result: -4 cmd: 105-MM_SUB_SCANU_CANCEL_REQ - reqcfm(16385-unknown)
05-23 15:36:39.469 0 0 W : [3 T1089 ..] aml_scanu_cancel_cfm 2046: status:1, vif_id=0
05-23 15:36:39.470 0 0 W : [3 T1089 ..] [cmd_complete 65] cmd tkn[70] flags:0002 result: -4 cmd: 105-MM_SUB_SCANU_CANCEL_REQ - reqcfm(16385-unknown)
05-23 15:36:39.471 0 0 W : [2 T63 ..] >>> aml_send_arp_agent_req()
05-23 15:36:39.472 0 0 W : [2 T63 ..] >>> aml_send_msg()
05-23 15:36:39.473 0 0 W : [3 T1089 ..] ipc_sdio_host_msgack_handler 000000004cce0bed
05-23 15:36:39.473 0 0 W : [3 T1089 ..] [aml_msgackind 2038] msg ack hostid=0xffffff8083d69200
05-23 15:36:39.474 0 0 W : [3 T1089 ..] [cmd_mgr_llind 329] cmd tkn[71] flags:0008 result: -4 cmd: 105-MM_SUB_ARP_AGENT_REQ - reqcfm( 0-none)
05-23 15:36:39.476 0 0 W : [3 T1089 ..] [cmd_complete 65] cmd tkn[71] flags:0000 result: -4 cmd: 105-MM_SUB_ARP_AGENT_REQ - reqcfm( 0-none)
05-23 15:36:39.478 0 0 W : [2 T63 ..] >>> aml_send_msg()
05-23 15:36:39.478 0 0 W : [3 T1089 ..] ipc_sdio_host_msgack_handler 000000004cce0bed
05-23 15:36:39.479 0 0 W : [3 T1089 ..] [aml_msgackind 2038] msg ack hostid=0xffffff8083d69200
05-23 15:36:39.480 0 0 W : [3 T1089 ..] [cmd_mgr_llind 329] cmd tkn[72] flags:0008 result: -4 cmd: 105-MM_SUB_TKO_ACTIVATE_REQ - reqcfm( 0-none)
05-23 15:36:39.481 0 0 W : [3 T1089 ..] [cmd_complete 65] cmd tkn[72] flags:0000 result: -4 cmd: 105-MM_SUB_TKO_ACTIVATE_REQ - reqcfm( 0-none)
05-23 15:36:39.483 0 0 W : [2 T63 ..] >>> aml_send_dhcp_req()
05-23 15:36:39.483 0 0 W : [2 T63 ..] >>> aml_send_msg()
05-23 15:36:39.484 0 0 W : [3 T1089 ..] ipc_sdio_host_msgack_handler 000000004cce0bed
05-23 15:36:39.485 0 0 W : [3 T1089 ..] [aml_msgackind 2038] msg ack hostid=0xffffff8083d69200
05-23 15:36:39.486 0 0 W : [3 T1089 ..] [cmd_mgr_llind 329] cmd tkn[73] flags:0008 result: -4 cmd: 105-MM_SUB_DHCP_REQ - reqcfm( 0-none)
05-23 15:36:39.487 0 0 W : [3 T1089 ..] [cmd_complete 65] cmd tkn[73] flags:0000 result: -4 cmd: 105-MM_SUB_DHCP_REQ - reqcfm( 0-none)
05-23 15:36:39.489 0 0 W : [2 T63 ..] [aml_send_me_set_ps_mode 2111] set power save mode:1
05-23 15:36:39.489 0 0 W : [2 T63 ..] >>> aml_send_msg()
05-23 15:36:39.491 0 0 W : [3 T1089 ..] ipc_sdio_host_msgack_handler 000000004cce0bed
05-23 15:36:39.491 0 0 W : [3 T1089 ..] [aml_msgackind 2038] msg ack hostid=0xffffff8083d69200
05-23 15:36:39.492 0 0 W : [3 T1089 ..] [cmd_mgr_llind 329] cmd tkn[74] flags:001a result: -4 cmd:5139-ME_SET_PS_MODE_REQ - reqcfm(5140-ME_SET_PS_MODE_CFM)
05-23 15:36:39.494 0 0 W : [3 T1089 ..] [cmd_mgr_msgind 409] cmd tkn[74] flags:0012 result: -4 cmd:5139-ME_SET_PS_MODE_REQ - reqcfm(5140-ME_SET_PS_MODE_CFM)
05-23 15:36:39.496 0 0 W : [3 T1089 ..] [cmd_complete 65] cmd tkn[74] flags:0002 result: -4 cmd:5139-ME_SET_PS_MODE_REQ - reqcfm(5140-ME_SET_PS_MODE_CFM)
05-23 15:36:39.497 0 0 W : [2 T63 ..] >>> aml_send_suspend_req()
05-23 15:36:39.498 0 0 W : [2 T63 ..] >>> aml_send_msg()
05-23 15:36:39.499 0 0 W : [3 T1089 ..] ipc_sdio_host_msgack_handler 000000004cce0bed
05-23 15:36:39.499 0 0 W : [3 T1089 ..] [aml_msgackind 2038] msg ack hostid=0xffffff8083d69200
05-23 15:36:39.500 0 0 W : [3 T1089 ..] [cmd_mgr_llind 329] cmd tkn[75] flags:0008 result: -4 cmd: 105-MM_SUB_SET_SUSPEND_REQ - reqcfm(1023-none)
05-23 15:36:39.502 0 0 W : [3 T1089 ..] [cmd_complete 65] cmd tkn[75] flags:0000 result: -4 cmd: 105-MM_SUB_SET_SUSPEND_REQ - reqcfm(1023-none)
05-23 15:36:39.504 0 0 W : [3 T1089 ..] aml_suspend_ind 2103
05-23 15:36:39.522 0 0 W : [2 T63 ..] [aml_ps_wow_suspend 5274] after suspend cmd:0
05-23 15:36:39.522 0 0 W : [2 T63 ..] aml_cfg80211_suspend ok exit 5337
05-23 15:36:39.687 0 0 I : [0 T2669 ..] meson_uart fe078000.serial: pull up rts
05-23 15:36:39.687 0 0 I : [0 T2669 ..] amlvideo2.1 suspend ok
05-23 15:36:39.687 0 0 I : [0 T2669 ..] amlvideo2.0 suspend ok
05-23 15:36:39.688 0 0 I : [0 T2669 ..] [drm] am_meson_crtc_atomic_disable-[0]:in
05-23 15:36:39.689 0 0 I : [0 T2669 ..] dummy_encl_disable finished
05-23 15:36:39.689 0 0 I : [0 T2669 ..] [drm] am_meson_drm_pm_suspend: done
05-23 15:36:39.690 0 0 I [0 T2669 ..] [hdmitx: ] hdmitx_s7d_clock_gate 0
05-23 15:36:39.691 0 0 I [0 T2669 ..] [hdmitx: ] amhdmitx: suspend
05-23 15:36:39.691 0 0 I : [0 T2669 ..] vdin_self_stop_dec(1) decoder in state stopped flags=0x0
05-23 15:36:39.692 0 0 I : [0 T2669 ..] vdin_drv_suspend vdin-id:1 ok.
05-23 15:36:39.693 0 0 I [0 T2669 ..] amvdac_drv_suspend: private_flag:0x0
05-23 15:36:39.693 0 0 I [0 T2669 ..] amvecm: suspend module
05-23 15:36:39.694 0 0 E [0 T2669 ..] vpu: vpu: error: vapb_clk_switch: vapb_clk
05-23 15:36:39.695 0 0 I [0 T2669 ..] vpu: set vpu clk: 25000000Hz(0), readback: 25000000Hz(0x50f)
05-23 15:36:39.696 0 0 I [0 T2669 ..] vpu: vpu: suspend clk: 25000000Hz(0x50f)
05-23 15:36:39.697 0 0 I [0 T2669 ..] [snd-soc]: vad_platform_suspend
05-23 15:36:39.697 0 0 I [0 T2669 ..] [snd-soc]: aml_tdm_platform_suspend tdm:(2)
05-23 15:36:39.698 0 0 I [0 T2669 ..] [snd-soc]: aml_tdm_platform_suspend tdm:(1)
05-23 15:36:39.699 0 0 I [0 T2669 ..] [snd-soc]: aml_tdm_platform_suspend tdm:(0)
05-23 15:36:39.700 0 0 I : [0 T2669 ..] wzh exphy wol
05-23 15:36:39.701 0 0 I : [0 T2669 ..] mali fd000000.valhall: Scheduler PM suspend
05-23 15:36:39.702 0 0 I : [0 T2669 ..] mali fd000000.valhall: pm_callback_suspend in
05-23 15:36:39.702 0 0 I : [0 T2669 ..] mali fd000000.valhall: pm_callback_suspend out
05-23 15:36:39.703 0 0 I : [0 T2669 ..] meson-vrtc fe010288.rtc: alarm_time = 258s, local_time=80s
05-23 15:36:39.705 0 0 I : [0 T2669 ..] di_clear_for_suspend
05-23 15:36:39.705 0 0 I : [0 T2669 ..] di_clear_for_suspend end
05-23 15:36:39.707 0 0 I [0 T2669 ..] dim: di_suspend finish
05-23 15:36:39.708 0 0 I : [0 T2669 ..] Disabling non-boot CPUs ...
05-23 15:36:39.710 0 0 I [0 T2669 ..] psci: CPU1 killed (polled 4 ms)
05-23 15:36:39.713 0 0 I [0 T2669 ..] psci: CPU2 killed (polled 0 ms)
05-23 15:36:39.715 0 0 I [0 T2669 ..] psci: CPU3 killed (polled 0 ms)
05-23 15:36:39.716 0 0 I : [0 T2669 ..] Enabling non-boot CPUs ...
05-23 15:36:39.717 0 0 I : [0 T0 ..] Detected VIPT I-cache on CPU1
05-23 15:36:39.717 0 0 I [0 T0 ..] CPU1: Booted secondary processor 0x0000000100 [0x412fd050]
05-23 15:36:39.718 0 0 I : [0 T2669 ..] CPU1 is up
05-23 15:36:39.719 0 0 I : [0 T0 ..] Detected VIPT I-cache on CPU2
05-23 15:36:39.719 0 0 I [0 T0 ..] CPU2: Booted secondary processor 0x0000000200 [0x412fd050]
05-23 15:36:39.720 0 0 I : [0 T2669 ..] CPU2 is up
05-23 15:36:39.720 0 0 I : [0 T0 ..] Detected VIPT I-cache on CPU3
05-23 15:36:39.720 0 0 I [0 T0 ..] CPU3: Booted secondary processor 0x0000000300 [0x412fd050]
05-23 15:36:39.721 0 0 I : [0 T2669 ..] CPU3 is up
05-23 15:36:39.722 0 0 I [0 T2669 ..] cec: cec resume noirq!
05-23 15:36:39.722 0 0 I [0 T2669 ..] cec: wakeup_reason:0x5
05-23 15:36:39.725 0 0 I [0 T2669 ..] dim: di_resume
05-23 15:36:39.725 0 0 I [0 T2669 ..] dim: vpu clkb =25000000.
05-23 15:36:39.726 0 0 I [0 T2669 ..] dim: di_resume finish
05-23 15:36:39.728 0 0 I : [0 T2669 ..] meson-vrtc fe010288.rtc: meson_vrtc_adjust_alarm: remaining alarm time = 256 s
05-23 15:36:39.729 0 0 I : [0 T2669 ..] mali fd000000.valhall: pm_callback_resume in
05-23 15:36:39.730 0 0 I : [0 T2669 ..] mali fd000000.valhall: pm_callback_resume out
05-23 15:36:39.731 0 0 I : [0 T2669 ..] mali fd000000.valhall: Scheduler PM resume
05-23 15:36:39.732 0 0 I : [0 T2669 ..] amlogic-crg-drd-usb2 fe358000.usbphy20: phy trim value= 0x000000ff
05-23 15:36:39.733 0 0 I : [0 T2669 ..] amlogic-crg-drd-usb2 fe358000.usbphy20: usb2 pll init done, val: 0x8f549540
05-23 15:36:39.734 0 0 E [0 T2669 ..] [usb]: amlogic_crg_drd_usb2_set_usb_vbus_power 1.
05-23 15:36:39.735 0 0 I : [1 T2669 ..] amlogic-crg-drd-usb2 fe348000.usbphy21: phy trim value= 0x000000ff
05-23 15:36:39.736 0 0 I : [1 T2669 ..] amlogic-crg-drd-usb2 fe348000.usbphy21: usb2 pll init done, val: 0x8f549540
05-23 15:36:39.737 0 0 I : [1 T2669 ..] exeth hold wakelock 5s
05-23 15:36:39.738 0 0 E : [1 T2669 ..] snd_tdm fe330000.audiobus:tdm@0: aml_set_tdm_mclk_2(), clk 0 err
05-23 15:36:39.739 0 0 I [1 T2669 ..] [snd-soc]: aml_tdm_platform_resume tdm:(0)
05-23 15:36:39.739 0 0 E : [1 T2669 ..] snd_tdm fe330000.audiobus:tdm@1: aml_set_tdm_mclk_2(), clk 0 err
05-23 15:36:39.740 0 0 I [1 T2669 ..] [snd-soc]: aml_tdm_platform_resume tdm:(1)
05-23 15:36:39.741 0 0 I [1 T2669 ..] [snd-soc]: aml_tdm_platform_resume tdm:(2)
05-23 15:36:39.742 0 0 I [1 T2669 ..] [snd-soc]: new_resample_init: Start init new resample 0 parameters!
05-23 15:36:39.743 0 0 E : [1 T2669 ..] Codec io: No support bus type 2 to write.
05-23 15:36:39.744 0 0 I [1 T2669 ..] [snd-soc]: resample_clk_set:set hifi pll
05-23 15:36:39.744 0 0 I [1 T2669 ..] [snd-soc]: resample_clk_set, resample_pll:491520000, sclk:12288000, clk:12288000
05-23 15:36:39.746 0 0 I [1 T2669 ..] [snd-soc]: new_resample_set_ratio(), id = 0, phase_step = 0x10000000, input_sr = 48000, output_sr = 48000
05-23 15:36:39.746 0 0 I [1 T2669 ..] [snd-soc]: resample_clk_set:set hifi pll
05-23 15:36:39.748 0 0 I [1 T2669 ..] [snd-soc]: resample_clk_set, resample_pll:491520000, sclk:12288000, clk:12288000
05-23 15:36:39.749 0 0 I [1 T2669 ..] [snd-soc]: vad_platform_resume
05-23 15:36:39.750 0 0 I : [1 T2669 ..] AMFC VLSI version:100, feature:1, clk:666666656
05-23 15:36:39.751 0 0 E [1 T2669 ..] vpu: vpu: error: vapb_clk_switch: vapb_clk
05-23 15:36:39.752 0 0 I [1 T2669 ..] vpu: set vpu clk: 666666667Hz(8), readback: 666666656Hz(0x100)
05-23 15:36:39.752 0 0 I [1 T2669 ..] vpu: vpu: resume clk: 666666656Hz(0x100)
05-23 15:36:39.753 0 0 I [1 T2669 ..] amvecm: resume module
05-23 15:36:39.754 0 0 I [1 T2669 ..] amvdac_drv_resume: private_flag:0x0
05-23 15:36:39.770 0 0 I : [1 T2669 ..] vdin_drv_resume id:1 ok.
05-23 15:36:39.770 0 0 I [1 T2669 ..] [mmc]: sdio vendor is 0x1b8e
05-23 15:36:39.770 0 0 I [1 T2669 ..] [wireless]: vendor_id = 0x1b8e
05-23 15:36:39.771 0 0 I [1 T2669 ..] [hdmitx: ] amhdmitx: resume
05-23 15:36:39.772 0 0 I [1 T2669 ..] [hdmitx: ] hdmitx_s7d_clock_gate 1
05-23 15:36:39.772 0 0 I [1 T2669 ..] [hdmitx: ] hdmi_hwp_init497
05-23 15:36:39.773 0 0 I [1 T2669 ..] [hdmitx: ] plugin sequence id: 4294912533
05-23 15:36:39.811 0 0 I [1 T2669 ..] cec: [hdmitx_notify_callback] unsupported notify:3
