05-23 15:41:05.046 0 0 I : [3 T2669 ..] [drm] am_meson_crtc_atomic_enable-[0]: enable mode dummy_l final vmode 7
05-23 15:41:05.047 0 0 I : [3 T2669 ..] dummy_encl_set_current_vmode finished
05-23 15:41:05.047 0 0 I : [3 T2669 ..] [drm] meson_vout_update_mode_name: dummy update vout 1 name dummy_l.
05-23 15:41:05.049 0 0 I : [3 T2669 ..] [drm] meson_dummyl_encoder_atomic_enable: vmode:7 skip atomic enable!
05-23 15:41:05.064 0 0 I : [3 T2669 ..] [drm] am_meson_drm_pm_resume: done
05-23 15:41:05.064 0 0 I : [3 T2669 ..] amlvideo2.0 resume ok
05-23 15:41:05.064 0 0 I : [3 T2669 ..] amlvideo2.1 resume ok
05-23 15:41:05.065 0 0 I : [1 T541 d.] usb usb1: root hub lost power or was reset
05-23 15:41:05.065 0 0 I : [2 T2701 d.] usb usb3: root hub lost power or was reset
05-23 15:41:05.065 0 0 I [3 T643 ..] [snd-codec-t9015]: no call standard reset interface
05-23 15:41:05.065 0 0 I [3 T2669 ..] BTI: amlbt_sdio_resume
05-23 15:41:05.066 0 0 W : [0 T2703 ..] >>> aml_cfg80211_resume()
05-23 15:41:05.066 0 0 W : [0 T2703 ..] >>> aml_ps_wow_resume()
05-23 15:41:05.066 0 0 I : [1 T541 d.] usb usb2: root hub lost power or was reset
05-23 15:41:05.066 0 0 W : [3 T2703 ..] >>> aml_send_suspend_req()
05-23 15:41:05.066 0 0 W : [3 T2703 ..] >>> aml_send_msg()
05-23 15:41:05.066 0 0 I : [2 T2701 d.] usb usb4: root hub lost power or was reset
05-23 15:41:05.066 0 0 W : [3 T1089 ..] ipc_sdio_host_msgack_handler 000000006f85bb3b
05-23 15:41:05.066 0 0 W : [3 T1089 ..] [aml_msgackind 2038] msg ack hostid=0xffffff807a0c9780
05-23 15:41:05.066 0 0 W : [3 T1089 ..] [cmd_mgr_llind 329] cmd tkn[236] flags:0008 result: -4 cmd: 105-MM_SUB_SET_SUSPEND_REQ - reqcfm(1023-none)
05-23 15:41:05.066 0 0 W : [3 T1089 ..] [cmd_complete 65] cmd tkn[236] flags:0000 result: -4 cmd: 105-MM_SUB_SET_SUSPEND_REQ - reqcfm(1023-none)
05-23 15:41:05.066 0 0 W : [0 T2703 ..] [aml_send_me_set_ps_mode 2111] set power save mode:0
05-23 15:41:05.066 0 0 W : [0 T2703 ..] >>> aml_send_msg()
05-23 15:41:05.090 0 0 W : [3 T1089 ..] ipc_sdio_host_msgack_handler 000000005eb9b4ae
05-23 15:41:05.090 0 0 W : [3 T1089 ..] [aml_msgackind 2038] msg ack hostid=0xffffff80809cd580
05-23 15:41:05.091 0 0 W : [3 T1089 ..] [cmd_mgr_llind 329] cmd tkn[237] flags:001a result: -4 cmd:5139-ME_SET_PS_MODE_REQ - reqcfm(5140-ME_SET_PS_MODE_CFM)
05-23 15:41:05.093 0 0 W : [3 T1089 ..] [cmd_mgr_msgind 409] cmd tkn[237] flags:0012 result: -4 cmd:5139-ME_SET_PS_MODE_REQ - reqcfm(5140-ME_SET_PS_MODE_CFM)
05-23 15:41:05.095 0 0 W : [3 T1089 ..] [cmd_complete 65] cmd tkn[237] flags:0002 result: -4 cmd:5139-ME_SET_PS_MODE_REQ - reqcfm(5140-ME_SET_PS_MODE_CFM)
05-23 15:41:05.097 0 0 W : [0 T2703 ..] >>> aml_send_arp_agent_req()
05-23 15:41:05.097 0 0 W : [0 T2703 ..] >>> aml_send_msg()
05-23 15:41:05.098 0 0 W : [3 T1089 ..] ipc_sdio_host_msgack_handler 00000000c743ca6a
05-23 15:41:05.098 0 0 W : [3 T1089 ..] [aml_msgackind 2038] msg ack hostid=0xffffff80809cd080
05-23 15:41:05.099 0 0 W : [3 T1089 ..] [cmd_mgr_llind 329] cmd tkn[238] flags:0008 result: -4 cmd: 105-MM_SUB_ARP_AGENT_REQ - reqcfm( 0-none)
05-23 15:41:05.101 0 0 W : [3 T1089 ..] [cmd_complete 65] cmd tkn[238] flags:0000 result: -4 cmd: 105-MM_SUB_ARP_AGENT_REQ - reqcfm( 0-none)
05-23 15:41:05.103 0 0 W : [0 T2703 ..] >>> aml_send_msg()
05-23 15:41:05.103 0 0 W : [3 T1089 ..] ipc_sdio_host_msgack_handler 00000000c743ca6a
05-23 15:41:05.104 0 0 W : [3 T1089 ..] [aml_msgackind 2038] msg ack hostid=0xffffff80809cd080
05-23 15:41:05.105 0 0 W : [3 T1089 ..] [cmd_mgr_llind 329] cmd tkn[239] flags:0008 result: -4 cmd: 105-MM_SUB_TKO_ACTIVATE_REQ - reqcfm( 0-none)
05-23 15:41:05.106 0 0 W : [3 T1089 ..] [cmd_complete 65] cmd tkn[239] flags:0000 result: -4 cmd: 105-MM_SUB_TKO_ACTIVATE_REQ - reqcfm( 0-none)
05-23 15:41:05.108 0 0 W : [0 T2703 ..] >>> aml_send_dhcp_req()
05-23 15:41:05.109 0 0 W : [0 T2703 ..] >>> aml_send_msg()
05-23 15:41:05.109 0 0 W : [3 T1089 ..] ipc_sdio_host_msgack_handler 00000000c743ca6a
05-23 15:41:05.110 0 0 W : [3 T1089 ..] [aml_msgackind 2038] msg ack hostid=0xffffff80809cd080
05-23 15:41:05.111 0 0 W : [3 T1089 ..] [cmd_mgr_llind 329] cmd tkn[240] flags:0008 result: -4 cmd: 105-MM_SUB_DHCP_REQ - reqcfm( 0-none)
05-23 15:41:05.113 0 0 W : [3 T1089 ..] [cmd_complete 65] cmd tkn[240] flags:0000 result: -4 cmd: 105-MM_SUB_DHCP_REQ - reqcfm( 0-none)
05-23 15:41:05.114 0 0 W : [0 T2703 ..] >>> aml_send_msg()
05-23 15:41:05.115 0 0 W : [3 T1089 ..] ipc_sdio_host_msgack_handler 00000000c743ca6a
05-23 15:41:05.115 0 0 W : [3 T1089 ..] [aml_msgackind 2038] msg ack hostid=0xffffff80809cd080
05-23 15:41:05.116 0 0 W : [3 T1089 ..] [cmd_mgr_llind 329] cmd tkn[241] flags:0008 result: -4 cmd: 105-MM_SCAN_HANG - reqcfm( 0-none)
05-23 15:41:05.118 0 0 W : [3 T1089 ..] [cmd_complete 65] cmd tkn[241] flags:0000 result: -4 cmd: 105-MM_SCAN_HANG - reqcfm( 0-none)
05-23 15:41:05.120 0 0 W : [0 T2703 ..] set_scan_hang, flag:0, [aml_ps_wow_resume 5095]
05-23 15:41:05.120 0 0 W : [0 T2703 ..] aml_cfg80211_resume,5397, resume is ok
05-23 15:41:05.121 0 0 W : [3 T1089 ..] fmac scan_hang state:0
05-23 15:41:05.235 0 0 I [3 T2669 ..] cec: wakeup_reason:0x8
05-23 15:41:05.235 0 0 I [3 T2669 ..] cec: aml_cec_pm_complete
05-23 15:41:05.236 0 0 I : [3 T2669 ..] OOM killer enabled.
05-23 15:41:05.236 0 0 I : [3 T2669 ..] Restarting tasks ...
05-23 15:41:05.243 0 0 W : [2 T2669 ..] done.
05-23 15:41:05.244 0 0 I : [2 T2669 d.] Resume cause unknown
05-23 15:41:05.244 0 0 I [2 T2669 ..] [pm]: reboot_pm_cb called. pm_event:4.
05-23 15:41:05.244 0 0 I [2 T2669 ..] PM: suspend exit
05-23 15:41:05.271 0 0 I [2 T518 ..] [pm]: early_suspend_state=0
05-23 15:41:05.271 0 0 I [2 T518 ..] vpu: vpu: late_resume clk: 666666656Hz(0x100)
05-23 15:41:05.272 0 0 I [2 T518 ..] BTI: bt_lateresume RG_AON_A52:0x44000006
05-23 15:43:01.493 711 761 I DisplayBrightnessStrategySelector: Changing the DisplayBrightnessStrategy from ScreenOffBrightnessStrategy toInvalidBrightnessStrategy for display 0
05-23 15:43:01.497 711 711 D HDMI : enableSystemCecControl: true
05-23 15:43:01.498 711 761 V DisplayPowerController2[0]: Brightness [0.39763778] reason changing to: 'manual', previous reason: 'screen_off'.
05-23 15:43:01.498 711 761 I DisplayPowerController2[0]: BrightnessEvent: disp=0, physDisp=local:4616277992360486155, brt=0.39763778, initBrt=0.0, rcmdBrt=NaN, preBrt=NaN, lux=0.0, preLux=0.0, hbmMax=1.0, hbmMode=off, rbcStrength=0, thrmMax=1.0, powerFactor=1.0, wasShortTermModelActive=false, flags=, reason=manual, autoBrightness=false, strategy=InvalidBrightnessStrategy
05-23 15:43:01.498 711 761 I DisplayPowerController2[0]: Unblocked screen on after 14 ms
05-23 15:43:01.502 711 736 I DisplayDeviceRepository: Display device changed state: "内置屏幕", ON
05-23 15:41:05.272 0 0 I [2 T518 ..] BTI: RG_AON_A52:0x40000006
05-23 15:41:05.273 0 0 I [2 T518 ..] [hdmitx: ] Late Resume
05-23 15:41:05.273 0 0 I : [2 T518 ..] [drm] drm hdmitx hpd notify
05-23 15:41:05.277 0 0 I : [2 T518 ..] video_late_resume ok
05-23 15:41:05.282 0 0 I [0 T221 dh] amvecm: resume recovery vsync
05-23 15:41:05.294 0 0 I [0 T353 ..] [hdmitx: ] qms 0 qms_tfr_min/max 0 0 gaming_vrr_min/max 48 120
05-23 15:41:05.294 0 0 I [0 T353 ..] [hdmitx: ] BRR VIC 16 width/height 1920 1080 QMS min/max 0 0 GAME min/max 48 120
05-23 15:41:05.298 0 0 I [0 T353 ..] [hdmitx: ] BRR/VIC group
05-23 15:41:05.298 0 0 I [0 T353 ..] [hdmitx: ] BRR VIC 4 width/height 1280 720 QMS min/max 0 0 GAME min/max 48 120
05-23 15:41:05.299 0 0 I [0 T353 ..] [hdmitx: ] BRR/VIC group
05-23 15:41:05.316 0 0 I [0 T353 ..] [hdmitx: ] BRR VIC 97 width/height 3840 2160 QMS min/max 0 0 GAME min/max 48 120
05-23 15:41:05.316 0 0 I [0 T353 ..] [hdmitx: ] BRR/VIC group
05-23 15:41:05.317 0 0 I [0 T353 ..] [hdmitx: ] BRR VIC 102 width/height 4096 2160 QMS min/max 0 0 GAME min/max 48 120
05-23 15:41:05.321 0 0 I [0 T353 ..] [hdmitx: ] BRR/VIC group
05-23 15:41:05.321 0 0 I [0 T353 ..] [hdmitx: ] qms 0 qms_tfr_min/max 0 0 gaming_vrr_min/max 48 120
05-23 15:41:05.335 0 0 I [3 T643 ..] [snd-codec-t9015]: aml_T9015_audio_set_bias_level
05-23 15:41:05.335 0 0 I [3 T643 ..] [snd-soc]: it is card_post_resume
05-23 15:41:05.338 0 0 I [0 T353 ..] [hdmitx: ] qms 0 qms_tfr_min/max 0 0 gaming_vrr_min/max 48 120
05-23 15:41:05.338 0 0 I [0 T353 ..] [hdmitx: ] BRR VIC 16 width/height 1920 1080 QMS min/max 0 0 GAME min/max 48 120
05-23 15:41:05.339 0 0 I [0 T353 ..] [hdmitx: ] BRR/VIC group
05-23 15:41:05.340 0 0 I [0 T353 ..] [hdmitx: ] BRR VIC 4 width/height 1280 720 QMS min/max 0 0 GAME min/max 48 120
05-23 15:41:05.341 0 0 I [0 T353 ..] [hdmitx: ] BRR/VIC group
05-23 15:41:05.341 0 0 I [0 T353 ..] [hdmitx: ] BRR VIC 97 width/height 3840 2160 QMS min/max 0 0 GAME min/max 48 120
05-23 15:41:05.347 0 0 I [3 T79 ..] [snd-codec-t9015]: aml_T9015_audio_set_bias_level
05-23 15:41:05.347 0 0 I [3 T63 ..] [snd-codec-t9015]: aml_T9015_audio_set_bias_level
05-23 15:41:05.348 0 0 I [2 T669 ..] [snd-soc]: aml_audio_reset, reg 0xa, shift 9, use_vadtop 0
05-23 15:41:05.349 0 0 I [2 T669 ..] [snd-soc]: aml_audio_reset, reg 0xa, shift 14, use_vadtop 0
05-23 15:41:05.350 0 0 I [2 T669 ..] [hdmitx: ] hdmitx_audio_notify_callback[804] type:1 rate:0 size:0 chs:0 i2s_ch_mask:0 aud_src_if:0
05-23 15:41:05.351 0 0 E [2 T669 ..] [hdmitx: ] *HDMITX_ERROR* audio chn setting, must be 2, 4, 6 or 8, Rst as def
05-23 15:41:05.352 0 0 I [3 T669 ..] [hdmitx: ] aout notify format CT_PCM
05-23 15:41:05.353 0 0 I [3 T669 ..] [hdmitx: ] set audio
05-23 15:41:05.354 0 0 I [3 T669 ..] [hdmitx: ] audio_param->chs = -1
05-23 15:41:05.354 0 0 I [3 T669 ..] [hdmitx: ] aud_src_if = 0
05-23 15:41:05.355 0 0 I [3 T669 ..] [hdmitx: ] set audio param
05-23 15:41:05.356 0 0 I [3 T669 ..] [hdmitx: ] hdmitx_audio_notify_callback[804] type:2 rate:3 size:1 chs:2 i2s_ch_mask:1 aud_src_if:0
05-23 15:41:05.357 0 0 I [3 T669 ..] [hdmitx: ] aout notify format CT_AC_3
05-23 15:41:05.357 0 0 I [0 T353 ..] [hdmitx: ] BRR/VIC group
05-23 15:41:05.358 0 0 I [3 T669 ..] [hdmitx: ] set audio
05-23 15:41:05.359 0 0 I [3 T669 ..] [hdmitx: ] audio_param->chs = 1
05-23 15:41:05.359 0 0 I [0 T353 ..] [hdmitx: ] BRR VIC 102 width/height 4096 2160 QMS min/max 0 0 GAME min/max 48 120
05-23 15:41:05.359 0 0 I [3 T669 ..] [hdmitx: ] aud_src_if = 0
05-23 15:41:05.360 0 0 I [3 T669 ..] [hdmitx: ] set audio param
05-23 15:41:05.362 0 0 D [3 T669 ..] [snd-soc]: aml_spdif_fifo_ctrl, bit depth:16, frddr type:1, toddr:type:1
05-23 15:41:05.363 0 0 I [0 T353 ..] [hdmitx: ] BRR/VIC group
05-23 15:41:05.363 0 0 I [0 T353 ..] [hdmitx: ] qms 0 qms_tfr_min/max 0 0 gaming_vrr_min/max 48 120
05-23 15:41:05.373 0 0 I [3 T669 ..] [snd-soc]: aml_audio_reset, reg 0xa, shift 9, use_vadtop 0
05-23 15:41:05.374 0 0 I [3 T669 ..] [snd-soc]: aml_audio_reset, reg 0xa, shift 14, use_vadtop 0
05-23 15:41:05.375 0 0 I [3 T669 ..] [hdmitx: ] hdmitx_audio_notify_callback[804] type:1 rate:0 size:0 chs:0 i2s_ch_mask:0 aud_src_if:0
05-23 15:41:05.376 0 0 E [3 T669 ..] [hdmitx: ] *HDMITX_ERROR* audio chn setting, must be 2, 4, 6 or 8, Rst as def
05-23 15:41:05.377 0 0 I [3 T669 ..] [hdmitx: ] aout notify format CT_PCM
05-23 15:41:05.378 0 0 I [3 T669 ..] [hdmitx: ] set audio
05-23 15:41:05.379 0 0 I [3 T669 ..] [hdmitx: ] audio_param->chs = -1
05-23 15:41:05.379 0 0 I [3 T669 ..] [hdmitx: ] aud_src_if = 0
05-23 15:41:05.380 0 0 I [3 T669 ..] [hdmitx: ] set audio param
05-23 15:41:05.380 0 0 I [3 T669 ..] [hdmitx: ] hdmitx_audio_notify_callback[804] type:2 rate:3 size:1 chs:2 i2s_ch_mask:1 aud_src_if:0
05-23 15:41:05.382 0 0 I [3 T669 ..] [hdmitx: ] aout notify format CT_AC_3
05-23 15:41:05.382 0 0 I [3 T669 ..] [hdmitx: ] set audio
05-23 15:41:05.383 0 0 I [3 T669 ..] [hdmitx: ] audio_param->chs = 1
05-23 15:41:05.384 0 0 I [3 T669 ..] [hdmitx: ] aud_src_if = 0
05-23 15:41:05.384 0 0 I [3 T669 ..] [hdmitx: ] set audio param
05-23 15:41:05.385 0 0 D [3 T669 ..] [snd-soc]: aml_spdif_fifo_ctrl, bit depth:16, frddr type:1, toddr:type:1
05-23 15:41:05.390 0 0 I [0 T168 ..] [mmc]: tuning-c:4, tuning-s:5
05-23 15:41:05.390 0 0 I [0 T168 ..] [mmc]: mmc0: clk= 0x10000206, adj = 0x42000, dly1 = 0, dly2 = 0
05-23 15:41:05.392 0 0 I [0 T168 ..] [mmc]: aml_sd_emmc_clktest [864] clktest : 7680, delay_cell: 83, count: 30
05-23 15:41:05.393 0 0 I [0 T168 ..] [mmc]: [set_emmc_nwr_clks], delay1: 0x0, delay2: 0x0
05-23 15:41:05.415 0 0 I [2 T353 ..] [hdmitx: ] qms 0 qms_tfr_min/max 0 0 gaming_vrr_min/max 48 120
05-23 15:41:05.415 0 0 I [2 T353 ..] [hdmitx: ] BRR VIC 16 width/height 1920 1080 QMS min/max 0 0 GAME min/max 48 120
05-23 15:41:05.416 0 0 I [2 T353 ..] [hdmitx: ] BRR/VIC group
05-23 15:41:05.417 0 0 I [2 T353 ..] [hdmitx: ] BRR VIC 4 width/height 1280 720 QMS min/max 0 0 GAME min/max 48 120
05-23 15:41:05.418 0 0 I [2 T353 ..] [hdmitx: ] BRR/VIC group
05-23 15:41:05.419 0 0 I [2 T353 ..] [hdmitx: ] BRR VIC 97 width/height 3840 2160 QMS min/max 0 0 GAME min/max 48 120
05-23 15:41:05.420 0 0 I [2 T353 ..] [hdmitx: ] BRR/VIC group
05-23 15:41:05.420 0 0 I [2 T353 ..] [hdmitx: ] BRR VIC 102 width/height 4096 2160 QMS min/max 0 0 GAME min/max 48 120
05-23 15:41:05.422 0 0 I [2 T353 ..] [hdmitx: ] BRR/VIC group
05-23 15:41:05.422 0 0 I [2 T353 ..] [hdmitx: ] qms 0 qms_tfr_min/max 0 0 gaming_vrr_min/max 48 120 --------- beginning of main
05-23 15:43:01.658 300 353 D MesonHwc: RealModeMgr::update: nextModeId:279
05-23 15:43:01.658 300 353 D MesonHwc: RealModeMgr::update use previous mode (4096x2160-60.00)
05-23 15:43:01.659 300 353 D MesonHwc: updatePipe connector:HDMI-A, connected:1
05-23 15:43:01.660 300 353 D MesonHwc: Update period 1107a76->fe502a
05-23 15:43:01.660 300 353 D MesonHwc: Update period 1107a76->fe502a
05-23 15:43:01.660 300 353 D MesonHwc: Update period 1107a76->fe502a
05-23 15:43:01.660 300 353 I MesonHwc: HwcConfig::default frame buffer size (1920 x 1080)
05-23 15:43:01.660 300 353 D MesonHwc: [setConnectorStatus]: power mode 1
05-23 15:43:01.661 300 353 D MesonHwc: Update composition MultiplanesWithDiComposition -> MultiplanesWithDiComposition
05-23 15:43:01.661 300 353 D MesonHwc: [setPendingMode] pending modes vector empty
05-23 15:43:01.661 300 353 D MesonHwc: displayID:0, On hot plug: [Plug in]
05-23 15:43:01.661 300 353 D MesonHwc: ModePolicy handle hotplug:1
05-23 15:43:01.661 300 353 V MesonDisplayServer: GetDisplayMode:dummy_l
05-23 15:43:01.661 300 353 I MesonHwc: getDisplayMode mode:dummy_l
05-23 15:43:01.662 330 359 I SystemControl: [/Ubootenv.cpp, get, 336] [ubootenv] get key:hdr_preferred_policy envValue: 0
05-23 15:43:01.662 300 353 D MesonHwc: get key:ubootenv.var.hdr_preferred_policy value:0
05-23 15:43:01.662 300 353 I MesonHwc: getPreferredHdrStrategy is 0
05-23 15:43:01.662 330 359 I SystemControl: [/Ubootenv.cpp, get, 336] [ubootenv] get key:user_hdr_type envValue: 3
05-23 15:43:01.662 300 353 D MesonHwc: get key:ubootenv.var.user_hdr_type value:3
05-23 15:43:01.662 300 353 D MesonHwc: allowedHdrType 0x3
05-23 15:43:01.662 300 353 D MesonDisplayServer: getDisplayAttribute "Dolby Vision CAP2": "The Rx don't support DolbyVision"
05-23 15:43:01.662 300 353 D MesonHwc: hdr_policy:follow sink hdr_priority:HDR10_HLG priority outHdrConversionType:2
05-23 15:43:01.662 300 353 D MesonHwc: set key:ubootenv.var.hdr_policy value:0
05-23 15:43:01.662 330 359 I SystemControl: [/Ubootenv.cpp, updateValue, 68] [ubootenv] update value name [ubootenv.var.hdr_policy]: value [0]
05-23 15:43:01.662 330 359 I SystemControl: [/Ubootenv.cpp, get, 336] [ubootenv] get key:hdr_policy envValue: 0
05-23 15:43:01.662 300 353 D MesonHwc: set key:ubootenv.var.hdr_priority value:268435472
05-23 15:41:05.427 0 0 I [2 T353 ..] vc: [0]get capability: min 64 64; max 4096 2160
05-23 15:41:05.427 0 0 I [2 T353 ..] vc: [1]get capability: min 64 64; max 2048 1080
05-23 15:43:01.662 330 359 I SystemControl: [/Ubootenv.cpp, updateValue, 68] [ubootenv] update value name [ubootenv.var.hdr_priority]: value [268435472]
05-23 15:43:01.662 330 359 I SystemControl: [/Ubootenv.cpp, get, 336] [ubootenv] get key:hdr_priority envValue: 268435472
05-23 15:43:01.662 330 359 I SystemControl: [/Ubootenv.cpp, get, 345] [ubootenv] search end and not find env:user_colorattribute
05-23 15:43:01.663 300 353 D MesonHwc: sc_read_bootenv val is empty
05-23 15:43:01.663 300 353 I MesonHwc: isbestColorspace:1
05-23 15:43:01.663 300 353 V MesonDisplayServer: GetDisplayMode:dummy_l
05-23 15:43:01.663 300 353 I MesonHwc: getDisplayMode mode:dummy_l
05-23 15:43:01.663 330 359 I SystemControl: [/Ubootenv.cpp, get, 336] [ubootenv] get key:hdmimode envValue: smpte60hz
05-23 15:43:01.663 300 353 D MesonHwc: get key:ubootenv.var.hdmimode value:smpte60hz
05-23 15:43:01.663 330 359 I SystemControl: [/Ubootenv.cpp, get, 336] [ubootenv] get key:cvbsmode envValue: 576cvbs
05-23 15:43:01.663 300 353 D MesonHwc: get key:ubootenv.var.cvbsmode value:576cvbs
05-23 15:43:01.663 300 353 I MesonHwc: hdmi_current_mode:dummy_l, ubootenv hdmimode:smpte60hz cvbsmode:576cvbs
05-23 15:43:01.663 330 359 I SystemControl: [/Ubootenv.cpp, get, 345] [ubootenv] search end and not find env:user_colorattribute
05-23 15:43:01.663 300 353 D MesonHwc: sc_read_bootenv val is empty
05-23 15:43:01.663 300 353 I MesonHwc: ubootenv_colorattribute:none
05-23 15:43:01.663 330 359 I SystemControl: [/Ubootenv.cpp, get, 345] [ubootenv] search end and not find env:dv_enable
05-23 15:43:01.663 300 353 D MesonHwc: sc_read_bootenv val is empty
05-23 15:43:01.663 300 353 E MesonHwc: dolby vision driver is not ready
05-23 15:43:01.663 300 353 I MesonHwc: dv_enable:0
05-23 15:43:01.663 330 359 I SystemControl: [/Ubootenv.cpp, get, 345] [ubootenv] search end and not find env:user_prefer_dv_type
05-23 15:43:01.663 300 353 D MesonHwc: sc_read_bootenv val is empty
05-23 15:43:01.663 300 353 E MesonHwc: dolby vision driver is not ready
05-23 15:43:01.663 300 353 I MesonHwc: ubootenv_dv_type:0
05-23 15:43:01.664 300 353 D MesonDisplayServer: getDisplayAttribute "Dolby Vision CAP2": "The Rx don't support DolbyVision"
05-23 15:43:01.664 300 353 E MesonHwc: TV isn't support dv: The Rx don't support DolbyVision
05-23 15:43:01.664 330 359 I SystemControl: [/Ubootenv.cpp, get, 345] [ubootenv] search end and not find env:hdr_force_mode
05-23 15:43:01.664 300 353 D MesonHwc: sc_read_bootenv val is empty
05-23 15:43:01.664 300 353 I MesonHwc: get hdr force mode is [2]
05-23 15:43:01.664 330 359 I SystemControl: [/Ubootenv.cpp, get, 336] [ubootenv] get key:hdr_policy envValue: 0
05-23 15:43:01.664 300 353 D MesonHwc: get key:ubootenv.var.hdr_policy value:0
05-23 15:43:01.664 300 353 I MesonHwc: get uboot HdrStrategy is [0]
05-23 15:43:01.664 330 359 I SystemControl: [/Ubootenv.cpp, get, 336] [ubootenv] get key:hdr_priority envValue: 268435472
05-23 15:43:01.664 300 353 D MesonHwc: get key:ubootenv.var.hdr_priority value:268435472
05-23 15:43:01.664 300 353 I MesonHwc: getHdrPriority is [HDR10_HLG priority]
05-23 15:43:01.664 300 353 I MesonHwc: get uboot HdrPriority is [HDR10_HLG priority]
05-23 15:43:01.664 300 353 I MesonHwc: hdr_policy:follow sink, hdr_priority :HDR10_HLG priority, hdr_force_mode:2
05-23 15:43:01.664 300 353 E MesonHwc: dolby vision driver is not ready
05-23 15:43:01.664 300 353 D MesonDisplayServer: getDisplayAttribute "Dolby Vision CAP2": "The Rx don't support DolbyVision"
05-23 15:43:01.664 330 359 I SystemControl: [/Ubootenv.cpp, get, 345] [ubootenv] search end and not find env:hdr_resolution_priority
05-23 15:43:01.664 300 353 D MesonHwc: sc_read_bootenv val is empty
05-23 15:43:01.665 330 359 I SystemControl: [/Ubootenv.cpp, get, 345] [ubootenv] search end and not find env:user_prefer_dv_type
05-23 15:43:01.665 300 353 D MesonHwc: sc_read_bootenv val is empty
05-23 15:43:01.665 300 353 E MesonHwc: dolby vision driver is not ready
05-23 15:43:01.665 300 353 I MesonHwc: ubootenv_dv_type:0
05-23 15:43:01.665 300 353 I MesonHwc: display sink type:1 [0:none, 1:sink, 2:repeater]
05-23 15:43:01.665 300 353 D MesonHwc: hdmi get mDcCap 420,12bit
05-23 15:43:01.665 300 353 D MesonHwc: 420,10bit
05-23 15:43:01.665 300 353 D MesonHwc: 420,8bit
05-23 15:43:01.665 300 353 D MesonHwc: 444,12bit
05-23 15:43:01.665 300 353 D MesonHwc: 444,10bit
05-23 15:43:01.665 300 353 D MesonHwc: 444,8bit
05-23 15:43:01.665 300 353 D MesonHwc: 422,12bit
05-23 15:43:01.665 300 353 D MesonHwc: rgb,12bit
05-23 15:43:01.665 300 353 D MesonHwc: rgb,10bit
05-23 15:43:01.665 300 353 D MesonHwc: rgb,8bit
05-23 15:43:01.665 300 353 V MesonDisplayServer: GetDisplayMode:dummy_l
05-23 15:43:01.665 300 353 I MesonHwc: getDisplayMode mode:dummy_l
05-23 15:43:01.665 330 359 I SystemControl: [/Ubootenv.cpp, get, 345] [ubootenv] search end and not find env:framerate_priority
05-23 15:43:01.665 300 353 D MesonHwc: sc_read_bootenv val is empty
05-23 15:43:01.665 330 359 I SystemControl: [/Ubootenv.cpp, get, 336] [ubootenv] get key:hdmimode envValue: smpte60hz
05-23 15:43:01.665 300 353 D MesonHwc: get key:ubootenv.var.hdmimode value:smpte60hz
05-23 15:43:01.665 330 359 I SystemControl: [/Ubootenv.cpp, get, 336] [ubootenv] get key:is.bestmode envValue: false
05-23 15:43:01.665 300 353 D MesonHwc: get key:ubootenv.var.is.bestmode value:false
05-23 15:43:01.665 300 353 I MesonDisplay: [/mode_policy.c, meson_mode_set_policy, 1177] connector:0 to policy:8
05-23 15:43:01.665 300 353 I MesonDisplay: [/mode_policy.c, is_dv_prefer, 66] not prefer dv, hdr_priority:10000010
05-23 15:43:01.665 300 353 I MesonDisplay: [/mode_policy.c, is_dv_prefer, 66] not prefer dv, hdr_priority:10000010
05-23 15:43:01.665 300 353 I MesonDisplay: [/mode_policy.c, hdr_scene_process, 724] policy:8 is_bestcolorspace:1 state:1
05-23 15:43:01.665 300 353 I MesonDisplay: [/mode_policy_parser.c, is_support_hdmimode, 110] is_support_hdmimode mode: smpte60hz
05-23 15:43:01.666 300 353 D MesonDisplay: meson_write /sys/class/amhdmitx/amhdmitx0/valid_mode, outputmode:smpte60hz420,10bit
05-23 15:43:01.666 300 353 D MesonDisplay: valid mode is true!
05-23 15:43:01.666 300 353 I MesonDisplay: [/mode_policy.c, hdr_scene_process, 860] hdr_scene_process mode:[smpte60hz], color format:[420,10bit]
05-23 15:43:01.666 300 353 I MesonDisplay: [/mode_policy.c, meson_mode_get_policy_output, 1289] final_displaymode:smpte60hz, final_deepcolor:420,10bit, amdv_type:0
05-23 15:43:01.666 330 359 I SystemControl: [/Ubootenv.cpp, get, 336] [ubootenv] get key:hdr_preferred_policy envValue: 0
05-23 15:43:01.666 300 353 D MesonHwc: get key:ubootenv.var.hdr_preferred_policy value:0
05-23 15:43:01.666 300 353 I MesonHwc: getPreferredHdrStrategy is 0
05-23 15:43:01.666 300 353 I MesonHwc: check_hdr_mode mode:smpte60hz outHdrConversionType:HDR10 support:1
05-23 15:43:01.666 300 353 I MesonHwc: quiescent_mode is 0
05-23 15:43:01.666 330 359 I SystemControl: [/Ubootenv.cpp, get, 336] [ubootenv] get key:frac_rate_policy envValue: 0
05-23 15:43:01.666 300 353 D MesonHwc: get key:ubootenv.var.frac_rate_policy value:0
05-23 15:43:01.666 300 353 I MesonHwc: get uenv frc policy is 0 and current value is 0
05-23 15:43:01.666 300 353 I MesonHwc: cur frac_rate_policy is equals
05-23 15:43:01.666 300 353 D MesonDisplayServer: use connector getDisplayAttribute "HDMI Color ATTR": "420,10bit"
05-23 15:43:01.666 300 353 I MesonHwc: curDeepcolor[420,10bit] final_deepcolor[420,10bit]
05-23 15:43:01.666 300 353 I MesonHwc: cur deepcolor is equals
05-23 15:43:01.666 300 353 D MesonDisplayServer: getDisplayAttribute "HDR Policy": "0"
05-23 15:43:01.666 300 353 I MesonHwc: cur hdr policy:0
05-23 15:43:01.666 300 353 D MesonDisplayServer: getDisplayAttribute "FORCE HDR Mode": "0"
05-23 15:43:01.666 300 353 I MesonHwc: cur hdr force mode:0
05-23 15:43:01.666 300 353 D MesonDisplayServer: getDisplayAttribute "Dolby Vision Mode": "usage: echo mode > /sys/class/amdolby_vision/dv_mode AMDV_OUTPUT_MODE_BYPASS 0 AMDV_OUTPUT_MODE_IPT 1 AMDV_OUTPUT_MODE_IPT_TUNNEL 2 AMDV_OUTPUT_MODE_HDR10 3 AMDV_OUTPUT_MODE_SDR10 4 AMDV_OUTPUT_MODE_SDR8 5current dv_mode = off"
05-23 15:43:01.666 300 353 D MesonDisplayServer: getDisplayAttribute "Dolby Vision Policy": "0"
05-23 15:43:01.666 300 353 I MesonHwc: cur dv policy:0
05-23 15:43:01.667 330 359 I SystemControl: [/Ubootenv.cpp, get, 345] [ubootenv] search end and not find env:hdr_force_mode
05-23 15:43:01.667 300 353 D MesonHwc: sc_read_bootenv val is empty
05-23 15:43:01.667 300 353 I MesonHwc: get hdr force mode is [2]
05-23 15:43:01.667 330 359 I SystemControl: [/Ubootenv.cpp, get, 336] [ubootenv] get key:hdr_policy envValue: 0
05-23 15:43:01.667 300 353 D MesonHwc: get key:ubootenv.var.hdr_policy value:0
05-23 15:43:01.667 300 353 I MesonHwc: get uboot HdrStrategy is [0]
05-23 15:43:01.667 300 353 E MesonHwc: dolby vision driver is not ready
05-23 15:43:01.667 300 353 D MesonDisplayServer: use connector getDisplayAttribute "HDR Priority": "268435472"
05-23 15:43:01.667 300 353 I MesonHwc: getCurrentHdrPriority is [HDR10_HLG priority]
05-23 15:43:01.667 330 359 I SystemControl: [/Ubootenv.cpp, get, 336] [ubootenv] get key:hdr_priority envValue: 268435472
05-23 15:43:01.667 300 353 D MesonHwc: get key:ubootenv.var.hdr_priority value:268435472
05-23 15:43:01.667 300 353 I MesonHwc: getHdrPriority is [HDR10_HLG priority]
05-23 15:43:01.667 300 353 I MesonHwc: get uboot HdrPriority is [HDR10_HLG priority]
05-23 15:43:01.667 300 353 D MesonDisplayServer: getDisplayAttribute "Dolby Vision Enable": "N"
05-23 15:43:01.668 300 353 D MesonDisplayServer: getDisplayAttribute "Dolby Vision LL Policy": "0"
05-23 15:43:01.668 300 353 I MesonHwc: curDvMode 0, want DvMode 0
05-23 15:43:01.668 300 353 E MesonHwc: dolby vision driver is not ready
05-23 15:43:01.668 300 353 I MesonHwc: cur DvMode is equals
05-23 15:43:01.668 300 353 V MesonDisplayServer: GetDisplayMode:dummy_l
05-23 15:43:01.668 300 353 I MesonHwc: getDisplayMode mode:dummy_l
05-23 15:43:01.668 300 353 I MesonHwc: curMode:[dummy_l] ,final_displaymode[smpte60hz]
05-23 15:43:01.668 300 353 I MesonHwc: curmode:dummy_l, tmpMode:dummy_l, outputmode:smpte60hz
05-23 15:43:01.668 300 353 I MesonHwc: connector not ready
05-23 15:43:01.668 300 353 I MesonHwc: setSysfsStr /sys/devices/virtual/amhdmitx/amhdmitx0/avmute= 1
05-23 15:43:01.668 300 353 I MesonDisplay: [/HDCPTxAuth.cpp, stopVerAll, 344] hdcp_tx 2.2 & 1.4 stop hdcp pwr
05-23 15:43:01.668 300 353 E MesonDisplay: open /sys/class/amhdmitx/amhdmitx0/hdcp_pwr fail. Error info [No such file or directory]
05-23 15:41:05.435 0 0 I [2 T353 ..] [hdmitx: ] avmute_store 1
05-23 15:41:05.472 0 0 I [0 T168 ..] [mmc]: cmd-best-c:17, cmd-best-size:31
05-23 15:43:01.809 504 527 D hdmicecd: [HdmiCecControl]:setOption, flag:0x3, value:0x1, ret:0, is_cec_controlled:1
05-23 15:43:01.812 504 504 I HdmiCec : setLanguage 7a686f
05-23 15:43:01.812 711 737 W system_server: Long monitor contention with owner binder:711_E (2604) at android.content.res.Configuration com.android.server.wm.ActivityTaskManagerService.getGlobalConfigurationForPid(int)(ActivityTaskManagerService.java:1135) waiters=0 in void com.android.server.wm.InputMonitor$UpdateInputWindows.run() for 309ms
05-23 15:43:01.812 711 901 W system_server: Long monitor contention with owner android.display (736) at void com.android.server.display.DisplayDeviceRepository.handleDisplayDeviceChanged(com.android.server.display.DisplayDevice)(DisplayDeviceRepository.java:194) waiters=0 in void com.android.server.display.LocalDisplayAdapter$LocalDisplayDevice$1.setCommittedState(int) for 310ms
05-23 15:43:01.813 504 524 I hdmicecd: [HdmiCecControl]:clearLogicaladdress
05-23 15:43:01.813 711 736 I InputManager-JNI: Viewport [0] to add: local:4616277992360486155, isActive: true
05-23 15:43:01.815 711 822 I InputReader: Reconfiguring input devices, changes=DISPLAY_INFO
05-23 15:43:01.815 711 761 W PowerManagerService: Screen on took 346 ms
05-23 15:43:01.815 711 736 I DisplayDeviceRepository: Display device changed state: "内置屏幕", ON
05-23 15:43:01.817 711 737 I DisplayDevice: [0] Layerstack set to 0 for local:4616277992360486155
05-23 15:43:01.820 1531 1783 E OpenGLRenderer: Unable to match the desired swap behavior.
05-23 15:43:01.831 504 504 E IPCThreadState: binder thread pool (1 threads) starved for 334 ms
05-23 15:43:01.836 1531 1792 D MobclickAgent: 延续上一个会话: E6A81A5CA1E995F666CDE5F889DF437F
05-23 15:43:01.836 504 524 I hdmicecd: [HdmiCecControl]:clearLogicaladdress
05-23 15:43:01.836 711 711 W Looper : Slow dispatch took 347ms main h=android.os.Handler c=com.android.server.hdmi.WorkSourceUidPreservingRunnable@eaf81b8 m=0
05-23 15:43:01.837 711 711 W Looper : Slow delivery took 348ms main h=com.android.server.power.Notifier$NotifierHandler c=null m=1
05-23 15:43:01.839 1531 1792 W SQLiteLog: (28) double-quoted string literal: "E6A81A5CA1E995F666CDE5F889DF437F"
05-23 15:43:01.839 1531 1792 W SQLiteLog: (28) double-quoted string literal: ""
05-23 15:43:01.839 1531 1792 W SQLiteLog: (28) double-quoted string literal: "E6A81A5CA1E995F666CDE5F889DF437F"
05-23 15:43:01.839 1531 1792 W SQLiteLog: (28) double-quoted string literal: "-1"
05-23 15:43:01.846 1639 1639 D bbb : onStartCommand begin !!!!!!! data分区剩余 53793MB
05-23 15:43:01.847 711 711 D HDMI : [R]: 04:44
05-23 15:43:01.848 300 353 E MesonDisplay: open /sys/class/amhdmitx/amhdmitx0/hdcp_pwr fail. Error info [No such file or directory]
05-23 15:43:01.849 504 524 D hdmicecd: [HdmiCecControl]:getPhysicalAddress, physical addr: 3000, last pa: 3000, ret = 0
05-23 15:43:01.849 711 711 D HDMI : addCecDevice new:CEC: logical_address: 0x00 device_type: 0 cec_version: 5 vendor_id: 16777215 display_name: TV power_status: -1 physical_address: 0xFFFF port_id: -1 old:null
05-23 15:43:01.849 711 711 W HDMI : [1]:Unhandled cec command: 04:44
05-23 15:43:01.851 711 711 W Looper : Drained
05-23 15:43:01.855 300 353 E MesonDisplay: open /sys/class/amhdmitx/amhdmitx0/hdcp_ctrl fail. Error info [No such file or directory]
05-23 15:43:01.855 300 353 E MesonDisplay: open /sys/class/amhdmitx/amhdmitx0/hdcp_ctrl fail. Error info [No such file or directory]
05-23 15:43:01.857 300 353 I MesonDisplay: [/HDCPTxAuth.cpp, stop, 137] hdcp_tx pthread exit id = 3981164992, (null) done
05-23 15:43:01.857 300 353 I MesonHwc: setDisplayMode mode:smpte60hz
05-23 15:43:01.857 300 353 D MesonDisplayServer: SetDisplay[HDMI] Mode to "smpte60hz"
05-23 15:43:01.858 484 686 I audio_hw_hal_primary: [adev_set_parameters:4123] dev:0xebe414a0, kv: screen_state=on
05-23 15:43:01.858 484 686 D audio_hw_hal_hfp: [audio_extn_hfp_set_parameters:739] audio_extn_hfp_set_parameters
05-23 15:43:01.858 300 353 D MesonHwc: blankDisplay connectorType:11
05-23 15:43:01.858 484 686 E audio_route: unable to find path 'speaker_fadein'
05-23 15:43:01.858 300 353 D MesonHwc: [setConnectorStatus]: power mode 2
05-23 15:43:01.858 300 353 D MesonHwc: displayId:0, blank all display planes
05-23 15:43:01.858 484 686 I audio_hw_hal_resourcemgr: [set_output_device_mute:690] device:0x2 mute:0 port_mute:0 using_fade:1
05-23 15:43:01.858 484 686 I audio_hw_hal_primary: adev_set_parameters : screen_state=on pthread_cond_broadcast
05-23 15:43:01.867 711 711 E SensorManager: sensor or listener is null
05-23 15:43:01.875 711 1112 I ImeTracker: com.dangbei.leard.leradlauncher:61e7e16f: onRequestHide at ORIGIN_SERVER_HIDE_INPUT reason HIDE_SAME_WINDOW_FOCUSED_WITHOUT_EDITOR
05-23 15:43:01.876 711 1112 I ImeTracker: com.dangbei.leard.leradlauncher:61e7e16f: onCancelled at PHASE_SERVER_SHOULD_HIDE
05-23 15:43:01.877 711 711 D FastPairService: onReceive: ACTION_SCREEN_ON
05-23 15:43:01.877 1495 1495 I DefaultIMS: onStartInput attribute=android.view.inputmethod.EditorInfo@a034434 restarting=false inputType: 0
05-23 15:43:01.878 711 711 V FastPairService: invalidateScan: scan is disabled
05-23 15:43:01.878 711 711 E NearbyManager: Cannot stop scan with this callback because it is never registered.
05-23 15:43:01.880 1531 1531 E hq : AdHelper:::StrReceiver onReceive=android.intent.action.SCREEN_ON
05-23 15:43:01.880 1531 1531 D FrameWorkHelper: isStrRestart:>>> true
05-23 15:43:01.881 1531 1531 D FrameWorkHelper: resetRestart:
05-23 15:43:01.881 1531 1531 E hq : AdHelper:::str 开启,重新走广告流程
05-23 15:43:01.882 1176 1176 I AudioVideoDevReconnectService: onReceive:android.intent.action.SCREEN_ON,mWaitForDisconnct:true
05-23 15:41:05.569 0 0 I [0 T168 ..] [mmc]: ds_sht:15, window:24, intf3:0x40f008, clock:0x100e0003, adjust:0x0
05-23 15:41:05.652 0 0 I : [1 T353 ..] [drm] build_hdmitx_attr_str:420,10bit = 3+10
05-23 15:41:05.653 0 0 I : [1 T353 ..] [drm] am_meson_crtc_atomic_disable-[0]:in
05-23 15:41:05.655 0 0 I : [1 T353 ..] dummy_encl_disable finished
05-23 15:41:05.655 0 0 I : [1 T353 ..] [drm] am_meson_crtc_atomic_enable-[0] in: new[smpte60hz], old[dummy_l], vmode[4-4], uboot[0]
05-23 15:41:05.658 0 0 I : [1 T353 ..] [drm] am_meson_crtc_atomic_enable-[0]: enable mode smpte60hz final vmode 0
05-23 15:41:05.659 0 0 I [1 T353 ..] [hdmitx: ] set21_s7d_htxpll_clk_out[96] htxpll vco 3712500 div 1
05-23 15:41:05.663 0 0 I [1 T353 ..] [hdmitx: ] pll_od0 = 0, pll_od2 = 0, pll_od1 = 1
05-23 15:41:05.663 0 0 I [1 T353 ..] [hdmitx: ] clocks_set_vid_clk_div_for_hdmi[402] div = 8
05-23 15:41:05.664 0 0 I [1 T353 ..] [hdmitx: ] configure venc
05-23 15:41:05.664 0 0 I [1 T353 ..] [hdmitx: ] config_tv_enc_calc[63] vic = 102
05-23 15:41:05.665 0 0 I [1 T353 ..] [hdmitx: ] hdmitx_soft_reset[1261]
05-23 15:41:05.666 0 0 I [1 T353 ..] [hdmitx: ] config hdmitx IP vic = 102 cd:5 cs: 3
05-23 15:41:05.667 0 0 I [1 T353 ..] [hdmitx: ] configure hdmitx21
05-23 15:43:01.885 2400 2400 I DaemonService: received ACTION_SCREEN_ON----------
05-23 15:43:01.887 300 354 E MesonHwc: waitVBlank failed crtc[63]ret[-1]
05-23 15:43:01.887 272 287 W HWComposer: Ignoring duplicate VSYNC event from HWC for display 4616277992360486155 (t=346826395000)
05-23 15:43:01.887 300 354 E MesonHwc: wait for hw vsync error:-1
05-23 15:43:01.896 504 504 D hdmicecd: [CEC]:printCecMessage, [4 -> 4] len: 0, body:, result:no ack
05-23 15:43:01.901 711 711 D HDMI : receive android.intent.action.SCREEN_ON
05-23 15:43:01.908 711 711 D InstantWifi: mScreenOn is changed to true
05-23 15:41:05.673 0 0 I [1 T353 ..] [hdmitx: ] hdmitx_set_dispmode[1527] frl_rate 0 htotal 4400 cs 3 cd 5 h_unstable 0
05-23 15:41:05.673 0 0 I [0 T1540 dh] [hdmitx: ] hdmitx_set_drm_pkt: tf=1, cf=1, colormetry=0
05-23 15:41:05.674 0 0 I [0 T1540 dh] [hdmitx: ] hdmitx_set_drm_pkt: hdr.sdr pkt sent
05-23 15:43:01.909 513 553 I WifiHAL : call wifi_get_link_stats handler
05-23 15:43:01.909 513 553 I WifiHAL : Creating message to get link statistics; iface = 16
05-23 15:43:01.909 513 553 D WifiHAL : error code -95 mapped to -3
05-23 15:43:01.910 711 853 E WifiStaIfaceAidlImpl: getLinkLayerStats failed with service-specific exception: android.os.ServiceSpecificException: (code 4)
05-23 15:43:01.911 711 734 W ContextImpl: Calling a method in the system process without a qualified user: android.app.ContextImpl.startService:1899 com.android.server.wm.DisplayPolicy.lambda$focusChangedLw$5:2126 com.android.server.wm.DisplayPolicy.$r8$lambda$Znxk63oh-WzVnzo_WQefN7uxV48:0 com.android.server.wm.DisplayPolicy$$ExternalSyntheticLambda13.run:0 android.os.Handler.handleCallback:958
05-23 15:43:01.912 711 734 I ActivityManager: com.oranth.ledstatus is exempt from freezer
05-23 15:43:01.913 1531 1540 I d.leradlauncher: Background young concurrent copying GC freed 80807(4190KB) AllocSpace objects, 46(2328KB) LOS objects, 36% free, 10MB/16MB, paused 409us,78us total 104.868ms
05-23 15:43:01.913 711 734 D CompatibilityChangeReporter: Compat change id reported: 135634846; UID 1000; state: DISABLED
05-23 15:43:01.913 513 553 I WifiHAL : call wifi_get_link_stats handler
05-23 15:43:01.913 513 553 I WifiHAL : Creating message to get link statistics; iface = 16
05-23 15:43:01.913 513 553 D WifiHAL : error code -95 mapped to -3
05-23 15:43:01.914 711 853 E WifiStaIfaceAidlImpl: getLinkLayerStats failed with service-specific exception: android.os.ServiceSpecificException: (code 4)
05-23 15:41:05.684 0 0 W : [0 T1127 ..] [aml_android_priv_ioctl 128] vif idx=0 cmd=SETSUSPENDMODE 0
05-23 15:41:05.684 0 0 W : [0 T1127 ..] [aml_android_set_suspend_mode 77] set google_cast 0
05-23 15:43:01.917 1127 1127 I wpa_supplicant: wpa_driver_nl80211_driver_cmd: wifi vendor: aml_w2_s
05-23 15:43:01.917 1127 1127 I wpa_supplicant: wpa_driver_nl80211_driver_cmd: wlan0: private command: SETSUSPENDMODE 0
05-23 15:43:01.927 711 881 D InstantWifi: Receive Wifi is connected, freq = 5260 and currentNetworkId : 0, wifiinfo = SSID: , BSSID: 02:00:00:00:00:00, MAC: 02:00:00:00:00:00, IP: /192.168.3.167, Security type: 2, Supplicant state: COMPLETED, Wi-Fi standard: 6, RSSI: -49, Link speed: 1200Mbps, Tx Link speed: 1200Mbps, Max Supported Tx Link speed: 1200Mbps, Rx Link speed: 1200Mbps, Max Supported Rx Link speed: 1200Mbps, Frequency: 5260MHz, Net ID: -1, Metered hint: false, score: 60, isUsable: true, CarrierMerged: false, SubscriptionId: -1, IsPrimary: 1, Trusted: true, Restricted: false, Ephemeral: false, OEM paid: false, OEM private: false, OSU AP: false, FQDN: , Provider friendly name: , Requesting package name: MLO Information: , Is TID-To-Link negotiation supported by the AP: false, AP MLD Address: , AP MLO Link Id: , AP MLO Affiliated links:
05-23 15:43:01.928 473 473 D Zygote : Forked child process 4262
05-23 15:43:01.930 711 745 I ActivityManager: Start proc 4262:com.oranth.ledstatus/1000 for service {com.oranth.ledstatus/com.oranth.ledstatus.LedStatusService}
05-23 15:43:01.934 4262 4262 I Zygote : seccomp disabled by setenforce 0
05-23 15:43:01.940 4262 4262 I ranth.ledstatus: Late-enabling -Xcheck:jni
05-23 15:41:05.713 0 0 I [1 T353 ..] [hdmitx: ] set21_phy_by_mode_s7d[188] rterm = 7
05-23 15:41:05.715 0 0 I [1 T353 ..] [hdmitx: ] Sink is HDMI device
05-23 15:41:05.715 0 0 I [1 T353 ..] [hdmitx: ] clear vsif for non-4k mode.
05-23 15:41:05.715 0 0 I [1 T353 d.] [hdmitx: ] hdmitx_set_drm_pkt: hdr.sdr pkt sent
05-23 15:41:05.716 0 0 I [1 T353 ..] [hdmitx: ] set audio
05-23 15:41:05.717 0 0 I [1 T353 ..] [hdmitx: ] audio_param->chs = 1
05-23 15:41:05.718 0 0 I [1 T353 ..] [hdmitx: ] aud_src_if = 0
05-23 15:41:05.718 0 0 I [1 T353 ..] [hdmitx: ] aud_n_para = 5120
05-23 15:41:05.719 0 0 I [1 T353 ..] [hdmitx: ] vinfo: set cur_enc_ppc as 1, vpp color: 0
05-23 15:43:01.951 504 504 D hdmicecd: [CEC]:printCecMessage, [4 -> 4] len: 0, body:, result:no ack
05-23 15:43:01.953 484 672 I audio_hw_hal_primary: [adev_uevent_callback:9131] uevent type=0
05-23 15:43:01.954 330 336 I SystemControl: [/UEventObserver.cpp, HDMITxUenventThreadLoop, 451] HDMI TX switch_name:hdmitx_vmode_audio, switch_state: 1
05-23 15:41:05.721 0 0 I [1 T353 ..] DOLBY: vout_notify_callback: VOUT_EVENT_MODE_CHANGE
05-23 15:41:05.721 0 0 I : [1 T353 ..] vsync_pts_inc 1500 1/60
05-23 15:41:05.723 0 0 I : [1 T353 ..] [drm] meson_vout_update_mode_name: hdmitx update vout 1 name smpte60hz.
05-23 15:41:05.723 0 0 I [0 T4262 dh] [hdmitx: ] hdmitx_set_drm_pkt: tf=16, cf=9, colormetry=0
05-23 15:43:01.963 330 336 I SystemControl: [/UEventObserver.cpp, HDMITxUenventThreadLoop, 451] HDMI TX switch_name:hdmitx_current_status, switch_state: 114
05-23 15:43:01.965 330 336 I SystemControl: [/UEventObserver.cpp, HDMITxUenventThreadLoop, 451] HDMI TX switch_name:hdmitx_current_status, switch_state: 115
05-23 15:41:05.734 0 0 I : [3 T79 ..] [TEE] E/TC:1 INFO: BL3-2: Secure Timer Initialized.
05-23 15:43:01.971 484 669 I audio_hw_hal_alsamgr: raw to lpcm switch aml_alsa_output_write
05-23 15:43:01.971 4262 4262 I ranth.ledstatus: Using CollectorTypeCC GC.
05-23 15:43:01.973 484 669 I audio_hw_hal_alsamgr: aml_alsa_output_write_new reset hdmitx alsa
05-23 15:43:01.973 300 353 D MesonHwc: sysfs(/sys/class/amhdmitx/amhdmitx0/frac_rate_policy) read int32_t (0)
05-23 15:43:01.973 300 353 D MesonHwc: sysfs(/sys/class/amhdmitx/amhdmitx0/frac_rate_policy) read int32_t (0)
05-23 15:43:01.973 300 353 D MesonHwc: setmode:crtc[63], name [smpte60hz] -modeblob[113] [4096x2160-60.00] seamless:0 enableVrr:0
05-23 15:43:01.973 300 353 V MesonDisplayServer: GetDisplayMode:smpte60hz
05-23 15:43:01.973 300 353 I MesonHwc: getDisplayMode mode:smpte60hz
05-23 15:43:01.975 300 353 I MesonHwc: getContentTypeSupport: game is false
05-23 15:43:01.978 300 353 I MesonHwc: set display-size:4096x2160
05-23 15:41:05.738 0 0 I [2 T669 ..] [snd-soc]: aml_audio_reset, reg 0xa, shift 9, use_vadtop 0
05-23 15:41:05.739 0 0 I [2 T669 ..] [snd-soc]: aml_audio_reset, reg 0xa, shift 14, use_vadtop 0
05-23 15:41:05.740 0 0 I [2 T669 ..] [hdmitx: ] hdmitx_audio_notify_callback[804] type:1 rate:0 size:0 chs:0 i2s_ch_mask:0 aud_src_if:0
05-23 15:41:05.741 0 0 E [2 T669 ..] [hdmitx: ] *HDMITX_ERROR* audio chn setting, must be 2, 4, 6 or 8, Rst as def
05-23 15:41:05.742 0 0 I [2 T669 ..] [hdmitx: ] aout notify format CT_PCM
05-23 15:41:05.743 0 0 I [2 T669 ..] [hdmitx: ] set audio
05-23 15:41:05.743 0 0 I [2 T669 ..] [hdmitx: ] audio_param->chs = -1
05-23 15:41:05.744 0 0 I [2 T669 ..] [hdmitx: ] aud_src_if = 0
05-23 15:41:05.745 0 0 I [2 T669 ..] [hdmitx: ] aud_n_para = 5120
05-23 15:41:05.745 0 0 I [2 T669 ..] [hdmitx: ] set audio param
05-23 15:41:05.746 0 0 I [2 T669 ..] [hdmitx: ] hdmitx_audio_notify_callback[804] type:2 rate:3 size:1 chs:2 i2s_ch_mask:1 aud_src_if:0
05-23 15:41:05.747 0 0 I [2 T669 ..] [hdmitx: ] aout notify format CT_AC_3
05-23 15:41:05.748 0 0 I [2 T669 ..] [hdmitx: ] set audio
05-23 15:41:05.748 0 0 I [2 T669 ..] [hdmitx: ] audio_param->chs = 1
05-23 15:41:05.749 0 0 I [2 T669 ..] [hdmitx: ] aud_src_if = 0
05-23 15:41:05.750 0 0 I [2 T669 ..] [hdmitx: ] aud_n_para = 5120
05-23 15:41:05.750 0 0 I [2 T669 ..] [hdmitx: ] set audio param
05-23 15:41:05.751 0 0 D [2 T669 ..] [snd-soc]: aml_spdif_fifo_ctrl, bit depth:16, frddr type:1, toddr:type:1
05-23 15:43:01.985 330 359 I SystemControl: [/Ubootenv.cpp, get, 336] [ubootenv] get key:4k2ksmpte_x envValue: 0
05-23 15:43:01.985 330 336 I SystemControl: [/UEventObserver.cpp, HDMITxUenventThreadLoop, 451] HDMI TX switch_name:hdmitx_current_status, switch_state: 116
05-23 15:43:01.986 330 359 I SystemControl: [/Ubootenv.cpp, get, 336] [ubootenv] get key:4k2ksmpte_y envValue: 0
05-23 15:43:01.986 330 359 I SystemControl: [/Ubootenv.cpp, get, 336] [ubootenv] get key:4k2ksmpte_w envValue: 4096
05-23 15:43:01.987 330 359 I SystemControl: [/Ubootenv.cpp, get, 336] [ubootenv] get key:4k2ksmpte_h envValue: 2160
05-23 15:43:01.988 300 353 I MesonHwc: getPosition curMode:smpte60hz position[0]:0 position[1]:0 position[2]:4096 position[3]:2160
05-23 15:43:01.988 300 353 I MesonHwc: setPosition curMode:smpte60hz left:0 top:0 width:4096 height:2160
05-23 15:43:01.988 300 353 D MesonHwc: set key:ubootenv.var.4k2ksmpte_x value:0
05-23 15:43:01.988 330 359 I SystemControl: [/Ubootenv.cpp, updateValue, 68] [ubootenv] update value name [ubootenv.var.4k2ksmpte_x]: value [0]
05-23 15:43:01.988 330 359 I SystemControl: [/Ubootenv.cpp, get, 336] [ubootenv] get key:4k2ksmpte_x envValue: 0
05-23 15:43:01.988 300 353 D MesonHwc: set key:ubootenv.var.4k2ksmpte_y value:0
05-23 15:43:01.988 330 359 I SystemControl: [/Ubootenv.cpp, updateValue, 68] [ubootenv] update value name [ubootenv.var.4k2ksmpte_y]: value [0]
05-23 15:43:01.988 330 359 I SystemControl: [/Ubootenv.cpp, get, 336] [ubootenv] get key:4k2ksmpte_y envValue: 0
05-23 15:43:01.988 300 353 D MesonHwc: set key:ubootenv.var.4k2ksmpte_w value:4096
05-23 15:43:01.988 330 359 I SystemControl: [/Ubootenv.cpp, updateValue, 68] [ubootenv] update value name [ubootenv.var.4k2ksmpte_w]: value [4096]
05-23 15:43:01.988 330 359 I SystemControl: [/Ubootenv.cpp, get, 336] [ubootenv] get key:4k2ksmpte_w envValue: 4096
05-23 15:43:01.989 300 353 D MesonHwc: set key:ubootenv.var.4k2ksmpte_h value:2160
05-23 15:43:01.989 330 359 I SystemControl: [/Ubootenv.cpp, updateValue, 68] [ubootenv] update value name [ubootenv.var.4k2ksmpte_h]: value [2160]
05-23 15:43:01.989 330 359 I SystemControl: [/Ubootenv.cpp, get, 336] [ubootenv] get key:4k2ksmpte_h envValue: 2160
05-23 15:43:01.989 300 353 V MesonDisplayServer: SetDisplay[HDMI] DisplayRect to "(0,0,4096,2160)"
05-23 15:43:01.989 300 353 D MesonHwc: Display (0) ask for refresh.
05-23 15:43:01.989 300 353 V MesonDisplayServer: SetDisplayViewPort done
05-23 15:43:01.989 484 669 I audio_hw_hal_ms12v2: dolby_ms12_threadloop alsa is not running
05-23 15:43:01.989 484 669 I audio_hw_hal_alsamgr: aml_alsa_output_write alsa_running_status[0xebc447f0] change from 0 to 1
05-23 15:43:01.989 484 669 I audio_hw_hal_alsamgr: get_spdifout_mute_count mute_count:1
05-23 15:43:01.989 484 669 I audio_hw_hal_alsamgr: alsa_handle:0xeea00ef0, spdif mute the data cnt =1
05-23 15:43:01.998 272 272 E Scheduler: trackPendingFrame: Invalid present fence
05-23 15:43:02.007 1426 1438 I adbd : jdwp connection from 4262
05-23 15:43:02.009 300 353 E MesonHwc: open file [/sys/class/amhdmitx/amhdmitx0/aud_mute] error:Permission denied
05-23 15:43:02.009 300 353 E MesonHwc: open file [/sys/class/amhdmitx/amhdmitx0/aud_mute] error:Permission denied
05-23 15:43:02.009 300 353 E MesonHwc: dolby vision driver is not ready
05-23 15:43:02.009 300 353 I MesonHwc: setSysfsStr /sys/devices/virtual/amhdmitx/amhdmitx0/avmute= -1
05-23 15:43:02.010 300 4276 I MesonDisplay: [/HDCPTxAuth.cpp, authThread, 173] hdcp_tx thread loop entry
05-23 15:43:02.010 300 353 I MesonDisplay: [/HDCPTxAuth.cpp, start, 109] hdcp_tx, create hdcp thread id = 3981164992 done
05-23 15:43:02.010 300 4276 D MesonDisplay: read /sys/class/amhdmitx/amhdmitx0/hdcp_lstore, result length:0, val:
05-23 15:43:02.010 330 359 I SystemControl: [/Ubootenv.cpp, get, 345] [ubootenv] search end and not find env:digitaudiooutput
05-23 15:43:02.010 300 353 D MesonHwc: sc_read_bootenv val is empty
05-23 15:43:02.010 300 353 V MesonDisplayServer: GetDisplayMode:smpte60hz
05-23 15:43:02.010 300 353 I MesonHwc: getDisplayMode mode:smpte60hz
05-23 15:43:02.011 330 359 I SystemControl: [/Ubootenv.cpp, get, 336] [ubootenv] get key:hdmichecksum envValue: 0x6a800000
05-23 15:43:02.011 300 353 D MesonHwc: get key:ubootenv.var.hdmichecksum value:0x6a800000
05-23 15:43:02.011 300 353 D MesonDisplayServer: use connector getDisplayAttribute "HDMI Color ATTR": "420,10bit"
05-23 15:43:02.011 300 353 D MesonHwc: set key:ubootenv.var.smpte60hz_deepcolor value:420,10bit
05-23 15:43:02.011 330 359 I SystemControl: [/Ubootenv.cpp, updateValue, 68] [ubootenv] update value name [ubootenv.var.smpte60hz_deepcolor]: value [420,10bit]
05-23 15:43:02.011 330 359 I SystemControl: [/Ubootenv.cpp, get, 336] [ubootenv] get key:smpte60hz_deepcolor envValue: 420,10bit
05-23 15:43:02.011 300 353 D MesonHwc: set key:ubootenv.var.colorattribute value:420,10bit
05-23 15:43:02.011 330 359 I SystemControl: [/Ubootenv.cpp, updateValue, 68] [ubootenv] update value name [ubootenv.var.colorattribute]: value [420,10bit]
05-23 15:43:02.011 330 359 I SystemControl: [/Ubootenv.cpp, get, 336] [ubootenv] get key:colorattribute envValue: 420,10bit
05-23 15:43:02.011 300 353 D MesonHwc: set key:ubootenv.var.hdmi_colordepth value:8
05-23 15:43:02.012 330 359 I SystemControl: [/Ubootenv.cpp, updateValue, 68] [ubootenv] update value name [ubootenv.var.hdmi_colordepth]: value [8]
05-23 15:43:02.012 330 359 I SystemControl: [/Ubootenv.cpp, get, 336] [ubootenv] get key:hdmi_colordepth envValue: 8
05-23 15:43:02.012 300 353 D MesonHwc: set key:ubootenv.var.hdmi_colorspace value:auto
05-23 15:43:02.012 330 359 I SystemControl: [/Ubootenv.cpp, updateValue, 68] [ubootenv] update value name [ubootenv.var.hdmi_colorspace]: value [auto]
05-23 15:43:02.012 330 359 I SystemControl: [/Ubootenv.cpp, get, 336] [ubootenv] get key:hdmi_colorspace envValue: auto
05-23 15:43:02.012 300 353 D MesonHwc: set key:ubootenv.var.outputmode value:smpte60hz
05-23 15:43:02.012 330 359 I SystemControl: [/Ubootenv.cpp, updateValue, 68] [ubootenv] update value name [ubootenv.var.outputmode]: value [smpte60hz]
05-23 15:43:02.012 330 359 I SystemControl: [/Ubootenv.cpp, get, 336] [ubootenv] get key:outputmode envValue: smpte60hz
05-23 15:41:05.776 0 0 I [3 T353 ..] [hdmitx: ] avmute_store -1
05-23 15:41:05.781 0 0 I [3 T353 ..] [hdmitx: ] qms 0 qms_tfr_min/max 0 0 gaming_vrr_min/max 48 120
05-23 15:41:05.781 0 0 I [3 T353 ..] [hdmitx: ] BRR VIC 16 width/height 1920 1080 QMS min/max 0 0 GAME min/max 48 120
05-23 15:43:02.012 300 353 E MesonHwc: dolby vision driver is not ready
05-23 15:43:02.012 300 353 I MesonHwc: MBOX is not support dv, dvstatus amdv_type 0 dv_enable 0
05-23 15:43:02.012 300 353 I MesonHwc: colorattr: 420,10bit, outputMode smpte60hz, cd 8, cs auto
05-23 15:43:02.012 300 353 D MesonHwc: received Uevent: change@/devices/virtual/amhdmitx/amhdmitx0
05-23 15:43:02.012 300 353 D MesonHwc: received Uevent: ACTION=change
05-23 15:43:02.012 300 353 D MesonHwc: received Uevent: DEVPATH=/devices/virtual/amhdmitx/amhdmitx0
05-23 15:43:02.012 300 353 D MesonHwc: received Uevent: SUBSYSTEM=amhdmitx
05-23 15:43:02.012 300 353 D MesonHwc: received Uevent: hdmitx_current_status=113
05-23 15:43:02.012 300 353 D MesonHwc: received Uevent: MAJOR=492
05-23 15:43:02.012 300 353 D MesonHwc: received Uevent: MINOR=0
05-23 15:43:02.012 300 353 D MesonHwc: received Uevent: DEVNAME=amhdmitx0
05-23 15:43:02.012 300 353 D MesonHwc: received Uevent: SEQNUM=4102
05-23 15:43:02.012 300 353 D MesonHwc: received Uevent: ic, aocec-s7d
05-23 15:43:02.012 300 353 D MesonHwc: received Uevent: OF_COMPATIBLE_N=1
05-23 15:43:02.012 300 353 D MesonHwc: received Uevent: MODALIAS=of:NaocecT(null)Camlogic,_aocec-s7d
05-23 15:43:02.012 300 353 D MesonHwc: received Uevent: SEQNUM=4100
05-23 15:43:02.012 300 353 D MesonHwc: received Uevent: ltiplexer@360000/mdio@0/ethernet-phy@0
05-23 15:43:02.012 300 353 D MesonHwc: received Uevent: OF_COMPATIBLE_N=0
05-23 15:43:02.012 300 353 D MesonHwc: received Uevent: SEQNUM=4077
05-23 15:43:02.012 300 353 D MesonHwc: received Uevent: =0
05-23 15:43:02.012 300 353 D MesonHwc: received Uevent: MODALIAS=of:Nethernet-phyT(null)
05-23 15:43:02.012 300 353 D MesonHwc: received Uevent: SEQNUM=4074
05-23 15:43:02.012 300 353 D MesonHwc: received Uevent: change@/devices/virtual/amhdmitx/amhdmitx0
05-23 15:43:02.012 300 353 D MesonHwc: received Uevent: ACTION=change
