05-23 15:35:39.180 711 711 V StorageManagerService: Package com.android.providers.contacts does not have legacy storage
05-23 15:35:39.180 711 711 V StorageManagerService: Package com.android.captiveportallogin does not have legacy storage
05-23 15:35:39.181 711 711 V StorageManagerService: Package com.droidlogic.overlay does not have legacy storage
05-23 15:35:39.181 711 711 V StorageManagerService: Package com.android.devicelockcontroller does not have legacy storage
05-23 15:35:39.181 711 711 V StorageManagerService: Package com.android.ext.adservices.api does not have legacy storage
05-23 15:35:39.181 711 711 V StorageManagerService: Package android.auto_generated_rro_vendor__ does not have legacy storage
05-23 15:35:39.182 711 711 V SystemServerTimingAsync: ssm.onStartUser-0_com.android.server.StorageManagerService$Lifecycle took to complete: 13ms
05-23 15:35:39.182 711 711 D SystemServerTimingAsync: ssm.onStartUser-0_com.android.server.usage.StorageStatsService$Lifecycle
05-23 15:35:39.182 711 711 V SystemServerTimingAsync: ssm.onStartUser-0_com.android.server.usage.StorageStatsService$Lifecycle took to complete: 0ms
05-23 15:35:39.182 711 711 D SystemServerTimingAsync: ssm.onStartUser-0_com.android.server.UiModeManagerService
05-23 15:35:39.182 711 711 V SystemServerTimingAsync: ssm.onStartUser-0_com.android.server.UiModeManagerService took to complete: 0ms
05-23 15:35:39.182 711 711 D SystemServerTimingAsync: ssm.onStartUser-0_com.android.server.locales.LocaleManagerService
05-23 15:35:39.182 711 711 V SystemServerTimingAsync: ssm.onStartUser-0_com.android.server.locales.LocaleManagerService took to complete: 0ms
05-23 15:35:39.182 711 711 D SystemServerTimingAsync: ssm.onStartUser-0_com.android.server.grammaticalinflection.GrammaticalInflectionService
05-23 15:35:39.182 711 711 V SystemServerTimingAsync: ssm.onStartUser-0_com.android.server.grammaticalinflection.GrammaticalInflectionService took to complete: 0ms
05-23 15:35:39.182 711 711 D SystemServerTimingAsync: ssm.onStartUser-0_com.android.server.apphibernation.AppHibernationService
05-23 15:35:39.182 711 711 V SystemServerTimingAsync: ssm.onStartUser-0_com.android.server.apphibernation.AppHibernationService took to complete: 0ms
05-23 15:35:39.182 711 711 D SystemServerTimingAsync: ssm.onStartUser-0_com.android.server.locksettings.LockSettingsService$Lifecycle
05-23 15:35:39.182 711 711 V SystemServerTimingAsync: ssm.onStartUser-0_com.android.server.locksettings.LockSettingsService$Lifecycle took to complete: 0ms
05-23 15:35:39.182 711 711 D SystemServerTimingAsync: ssm.onStartUser-0_com.android.server.PersistentDataBlockService
05-23 15:35:39.182 711 711 V SystemServerTimingAsync: ssm.onStartUser-0_com.android.server.PersistentDataBlockService took to complete: 0ms
05-23 15:35:39.182 711 711 D SystemServerTimingAsync: ssm.onStartUser-0_com.android.server.testharness.TestHarnessModeService
05-23 15:35:39.182 711 711 V SystemServerTimingAsync: ssm.onStartUser-0_com.android.server.testharness.TestHarnessModeService took to complete: 0ms
05-23 15:35:39.182 711 711 D SystemServerTimingAsync: ssm.onStartUser-0_com.android.server.oemlock.OemLockService
05-23 15:35:39.182 711 711 V SystemServerTimingAsync: ssm.onStartUser-0_com.android.server.oemlock.OemLockService took to complete: 0ms
05-23 15:35:39.182 711 711 D SystemServerTimingAsync: ssm.onStartUser-0_com.android.server.DeviceIdleController
05-23 15:35:39.182 711 711 V SystemServerTimingAsync: ssm.onStartUser-0_com.android.server.DeviceIdleController took to complete: 0ms
05-23 15:35:39.182 711 711 D SystemServerTimingAsync: ssm.onStartUser-0_com.android.server.devicepolicy.DevicePolicyManagerService$Lifecycle
05-23 15:35:39.184 711 711 V SystemServerTimingAsync: ssm.onStartUser-0_com.android.server.devicepolicy.DevicePolicyManagerService$Lifecycle took to complete: 1ms
05-23 15:35:39.184 711 711 D SystemServerTimingAsync: ssm.onStartUser-0_com.android.server.texttospeech.TextToSpeechManagerService
05-23 15:35:39.184 711 711 V SystemServerTimingAsync: ssm.onStartUser-0_com.android.server.texttospeech.TextToSpeechManagerService took to complete: 0ms
05-23 15:35:39.184 711 711 D SystemServerTimingAsync: ssm.onStartUser-0_com.android.server.ambientcontext.AmbientContextManagerService
05-23 15:35:39.184 711 711 V SystemServerTimingAsync: ssm.onStartUser-0_com.android.server.ambientcontext.AmbientContextManagerService took to complete: 0ms
05-23 15:35:39.184 711 711 D SystemServerTimingAsync: ssm.onStartUser-0_com.android.server.wearable.WearableSensingManagerService
05-23 15:35:39.184 711 711 V SystemServerTimingAsync: ssm.onStartUser-0_com.android.server.wearable.WearableSensingManagerService took to complete: 0ms
05-23 15:35:39.184 711 711 D SystemServerTimingAsync: ssm.onStartUser-0_com.android.server.speech.SpeechRecognitionManagerService
05-23 15:35:39.184 711 711 V SystemServerTimingAsync: ssm.onStartUser-0_com.android.server.speech.SpeechRecognitionManagerService took to complete: 0ms
05-23 15:35:39.184 711 711 D SystemServerTimingAsync: ssm.onStartUser-0_com.android.server.searchui.SearchUiManagerService
05-23 15:35:39.184 711 711 V SystemServerTimingAsync: ssm.onStartUser-0_com.android.server.searchui.SearchUiManagerService took to complete: 0ms
05-23 15:35:39.184 711 711 D SystemServerTimingAsync: ssm.onStartUser-0_com.android.server.smartspace.SmartspaceManagerService
05-23 15:35:39.184 711 711 V SystemServerTimingAsync: ssm.onStartUser-0_com.android.server.smartspace.SmartspaceManagerService took to complete: 0ms
05-23 15:35:39.184 711 711 D SystemServerTimingAsync: ssm.onStartUser-0_com.android.server.graphics.fonts.FontManagerService$Lifecycle
05-23 15:35:39.184 711 711 V SystemServerTimingAsync: ssm.onStartUser-0_com.android.server.graphics.fonts.FontManagerService$Lifecycle took to complete: 0ms
05-23 15:35:39.184 711 711 D SystemServerTimingAsync: ssm.onStartUser-0_com.android.server.textservices.TextServicesManagerService$Lifecycle
05-23 15:35:39.184 711 711 V SystemServerTimingAsync: ssm.onStartUser-0_com.android.server.textservices.TextServicesManagerService$Lifecycle took to complete: 0ms
05-23 15:35:39.184 711 711 D SystemServerTimingAsync: ssm.onStartUser-0_com.android.server.textclassifier.TextClassificationManagerService$Lifecycle
05-23 15:35:39.187 711 711 V SystemServerTimingAsync: ssm.onStartUser-0_com.android.server.textclassifier.TextClassificationManagerService$Lifecycle took to complete: 3ms
05-23 15:35:39.187 711 711 D SystemServerTimingAsync: ssm.onStartUser-0_com.android.server.NetworkScoreService$Lifecycle
05-23 15:35:39.187 711 711 V SystemServerTimingAsync: ssm.onStartUser-0_com.android.server.NetworkScoreService$Lifecycle took to complete: 0ms
05-23 15:35:39.188 711 711 D SystemServerTimingAsync: ssm.onStartUser-0_com.android.server.NetworkStatsServiceInitializer
05-23 15:35:39.188 711 711 V SystemServerTimingAsync: ssm.onStartUser-0_com.android.server.NetworkStatsServiceInitializer took to complete: 0ms
05-23 15:35:39.188 711 711 D SystemServerTimingAsync: ssm.onStartUser-0_com.android.server.wifi.WifiService
05-23 15:35:39.188 711 711 V SystemServerTimingAsync: ssm.onStartUser-0_com.android.server.wifi.WifiService took to complete: 0ms
05-23 15:35:39.188 711 711 D SystemServerTimingAsync: ssm.onStartUser-0_com.android.server.wifi.scanner.WifiScanningService
05-23 15:35:39.188 711 711 V SystemServerTimingAsync: ssm.onStartUser-0_com.android.server.wifi.scanner.WifiScanningService took to complete: 0ms
05-23 15:35:39.188 711 711 D SystemServerTimingAsync: ssm.onStartUser-0_com.android.server.wifi.p2p.WifiP2pService
05-23 15:35:39.188 711 711 V SystemServerTimingAsync: ssm.onStartUser-0_com.android.server.wifi.p2p.WifiP2pService took to complete: 0ms
05-23 15:35:39.188 711 711 D SystemServerTimingAsync: ssm.onStartUser-0_com.android.server.ConnectivityServiceInitializer
05-23 15:35:39.188 711 711 V SystemServerTimingAsync: ssm.onStartUser-0_com.android.server.ConnectivityServiceInitializer took to complete: 0ms
05-23 15:35:39.188 711 711 D SystemServerTimingAsync: ssm.onStartUser-0_com.android.server.notification.NotificationManagerService
05-23 15:35:39.188 711 711 V SystemServerTimingAsync: ssm.onStartUser-0_com.android.server.notification.NotificationManagerService took to complete: 0ms
05-23 15:35:39.188 711 711 D SystemServerTimingAsync: ssm.onStartUser-0_com.android.server.storage.DeviceStorageMonitorService
05-23 15:35:39.188 711 711 V SystemServerTimingAsync: ssm.onStartUser-0_com.android.server.storage.DeviceStorageMonitorService took to complete: 0ms
05-23 15:35:39.188 711 711 D SystemServerTimingAsync: ssm.onStartUser-0_com.android.server.timedetector.TimeDetectorService$Lifecycle
05-23 15:35:39.188 711 711 V SystemServerTimingAsync: ssm.onStartUser-0_com.android.server.timedetector.TimeDetectorService$Lifecycle took to complete: 0ms
05-23 15:35:39.188 711 711 D SystemServerTimingAsync: ssm.onStartUser-0_com.android.server.location.LocationManagerService$Lifecycle
05-23 15:35:39.193 711 711 V SystemServerTimingAsync: ssm.onStartUser-0_com.android.server.location.LocationManagerService$Lifecycle took to complete: 5ms
05-23 15:35:39.194 711 711 D SystemServerTimingAsync: ssm.onStartUser-0_com.android.server.timezonedetector.TimeZoneDetectorService$Lifecycle
05-23 15:35:39.194 711 711 V SystemServerTimingAsync: ssm.onStartUser-0_com.android.server.timezonedetector.TimeZoneDetectorService$Lifecycle took to complete: 0ms
05-23 15:35:39.194 711 711 D SystemServerTimingAsync: ssm.onStartUser-0_com.android.server.location.altitude.AltitudeService$Lifecycle
05-23 15:35:39.194 711 711 V SystemServerTimingAsync: ssm.onStartUser-0_com.android.server.location.altitude.AltitudeService$Lifecycle took to complete: 0ms
05-23 15:35:39.194 711 711 D SystemServerTimingAsync: ssm.onStartUser-0_com.android.server.timezonedetector.location.LocationTimeZoneManagerService$Lifecycle
05-23 15:35:39.194 711 711 V SystemServerTimingAsync: ssm.onStartUser-0_com.android.server.timezonedetector.location.LocationTimeZoneManagerService$Lifecycle took to complete: 0ms
05-23 15:35:39.194 711 711 D SystemServerTimingAsync: ssm.onStartUser-0_com.android.server.search.SearchManagerService$Lifecycle
05-23 15:35:39.194 711 711 V SystemServerTimingAsync: ssm.onStartUser-0_com.android.server.search.SearchManagerService$Lifecycle took to complete: 0ms
05-23 15:35:39.194 711 711 D SystemServerTimingAsync: ssm.onStartUser-0_com.android.server.wallpaper.WallpaperManagerService$Lifecycle
05-23 15:35:39.194 711 711 V SystemServerTimingAsync: ssm.onStartUser-0_com.android.server.wallpaper.WallpaperManagerService$Lifecycle took to complete: 0ms
05-23 15:35:39.194 711 711 D SystemServerTimingAsync: ssm.onStartUser-0_com.android.server.wallpapereffectsgeneration.WallpaperEffectsGenerationManagerService
05-23 15:35:39.194 711 711 V SystemServerTimingAsync: ssm.onStartUser-0_com.android.server.wallpapereffectsgeneration.WallpaperEffectsGenerationManagerService took to complete: 0ms
05-23 15:35:39.194 711 711 D SystemServerTimingAsync: ssm.onStartUser-0_com.android.server.audio.AudioService$Lifecycle
05-23 15:35:39.194 711 711 V SystemServerTimingAsync: ssm.onStartUser-0_com.android.server.audio.AudioService$Lifecycle took to complete: 0ms
05-23 15:35:39.194 711 711 D SystemServerTimingAsync: ssm.onStartUser-0_com.android.server.soundtrigger_middleware.SoundTriggerMiddlewareService$Lifecycle
05-23 15:35:39.194 711 711 V SystemServerTimingAsync: ssm.onStartUser-0_com.android.server.soundtrigger_middleware.SoundTriggerMiddlewareService$Lifecycle took to complete: 0ms
05-23 15:35:39.194 711 711 D SystemServerTimingAsync: ssm.onStartUser-0_com.android.server.adb.AdbService$Lifecycle
05-23 15:35:39.194 711 711 V SystemServerTimingAsync: ssm.onStartUser-0_com.android.server.adb.AdbService$Lifecycle took to complete: 0ms
05-23 15:35:39.194 711 711 D SystemServerTimingAsync: ssm.onStartUser-0_com.android.server.usb.UsbService$Lifecycle
05-23 15:35:39.194 711 711 V SystemServerTimingAsync: ssm.onStartUser-0_com.android.server.usb.UsbService$Lifecycle took to complete: 1ms
05-23 15:35:39.194 711 711 D SystemServerTimingAsync: ssm.onStartUser-0_com.android.server.twilight.TwilightService
05-23 15:35:39.194 711 711 V SystemServerTimingAsync: ssm.onStartUser-0_com.android.server.twilight.TwilightService took to complete: 0ms
05-23 15:35:39.194 711 711 D SystemServerTimingAsync: ssm.onStartUser-0_com.android.server.display.color.ColorDisplayService
05-23 15:35:39.194 711 711 V SystemServerTimingAsync: ssm.onStartUser-0_com.android.server.display.color.ColorDisplayService took to complete: 0ms
05-23 15:35:39.194 711 711 D SystemServerTimingAsync: ssm.onStartUser-0_com.android.server.job.JobSchedulerService
05-23 15:35:39.194 711 711 V SystemServerTimingAsync: ssm.onStartUser-0_com.android.server.job.JobSchedulerService took to complete: 0ms
05-23 15:35:39.194 711 711 D SystemServerTimingAsync: ssm.onStartUser-0_com.android.server.soundtrigger.SoundTriggerService
05-23 15:35:39.194 711 711 V SystemServerTimingAsync: ssm.onStartUser-0_com.android.server.soundtrigger.SoundTriggerService took to complete: 0ms
05-23 15:35:39.194 711 711 D SystemServerTimingAsync: ssm.onStartUser-0_com.android.server.trust.TrustManagerService
05-23 15:35:39.194 711 711 V SystemServerTimingAsync: ssm.onStartUser-0_com.android.server.trust.TrustManagerService took to complete: 0ms
05-23 15:35:39.194 711 711 D SystemServerTimingAsync: ssm.onStartUser-0_com.android.server.backup.BackupManagerService$Lifecycle
05-23 15:35:39.194 711 711 V SystemServerTimingAsync: ssm.onStartUser-0_com.android.server.backup.BackupManagerService$Lifecycle took to complete: 0ms
05-23 15:35:39.194 711 711 D SystemServerTimingAsync: ssm.onStartUser-0_com.android.server.appwidget.AppWidgetService
05-23 15:35:39.194 711 711 V SystemServerTimingAsync: ssm.onStartUser-0_com.android.server.appwidget.AppWidgetService took to complete: 0ms
05-23 15:35:39.194 711 711 D SystemServerTimingAsync: ssm.onStartUser-0_com.android.server.voiceinteraction.VoiceInteractionManagerService
05-23 15:35:39.195 711 711 W VoiceInteractionManager: no available voice recognition services found for user 0
05-23 15:35:39.195 711 711 V SystemServerTimingAsync: ssm.onStartUser-0_com.android.server.voiceinteraction.VoiceInteractionManagerService took to complete: 1ms
05-23 15:35:39.195 711 711 D SystemServerTimingAsync: ssm.onStartUser-0_com.android.server.GestureLauncherService
05-23 15:35:39.195 711 711 V SystemServerTimingAsync: ssm.onStartUser-0_com.android.server.GestureLauncherService took to complete: 0ms
05-23 15:35:39.195 711 711 D SystemServerTimingAsync: ssm.onStartUser-0_com.android.server.SensorNotificationService
05-23 15:35:39.195 711 711 V SystemServerTimingAsync: ssm.onStartUser-0_com.android.server.SensorNotificationService took to complete: 0ms
05-23 15:35:39.195 711 711 D SystemServerTimingAsync: ssm.onStartUser-0_com.android.server.emergency.EmergencyAffordanceService
05-23 15:35:39.195 711 711 V SystemServerTimingAsync: ssm.onStartUser-0_com.android.server.emergency.EmergencyAffordanceService took to complete: 0ms
05-23 15:35:39.196 711 711 D SystemServerTimingAsync: ssm.onStartUser-0_com.android.server.blob.BlobStoreManagerService
05-23 15:35:39.196 711 711 V SystemServerTimingAsync: ssm.onStartUser-0_com.android.server.blob.BlobStoreManagerService took to complete: 0ms
05-23 15:35:39.196 711 711 D SystemServerTimingAsync: ssm.onStartUser-0_com.android.server.dreams.DreamManagerService
05-23 15:35:39.196 711 711 V SystemServerTimingAsync: ssm.onStartUser-0_com.android.server.dreams.DreamManagerService took to complete: 0ms
05-23 15:35:39.196 711 711 D SystemServerTimingAsync: ssm.onStartUser-0_com.android.server.security.AttestationVerificationManagerService
05-23 15:35:39.196 711 711 V SystemServerTimingAsync: ssm.onStartUser-0_com.android.server.security.AttestationVerificationManagerService took to complete: 0ms
05-23 15:35:39.196 711 711 D SystemServerTimingAsync: ssm.onStartUser-0_com.android.server.restrictions.RestrictionsManagerService
05-23 15:35:39.197 711 711 V SystemServerTimingAsync: ssm.onStartUser-0_com.android.server.restrictions.RestrictionsManagerService took to complete: 0ms
05-23 15:35:39.197 711 711 D SystemServerTimingAsync: ssm.onStartUser-0_com.android.server.media.MediaSessionService
05-23 15:35:39.197 711 711 V SystemServerTimingAsync: ssm.onStartUser-0_com.android.server.media.MediaSessionService took to complete: 0ms
05-23 15:35:39.197 711 711 D SystemServerTimingAsync: ssm.onStartUser-0_com.android.server.hdmi.HdmiControlService
05-23 15:35:39.197 711 711 V SystemServerTimingAsync: ssm.onStartUser-0_com.android.server.hdmi.HdmiControlService took to complete: 0ms
05-23 15:35:39.197 711 711 D SystemServerTimingAsync: ssm.onStartUser-0_com.android.server.tv.interactive.TvInteractiveAppManagerService
05-23 15:35:39.197 711 711 V SystemServerTimingAsync: ssm.onStartUser-0_com.android.server.tv.interactive.TvInteractiveAppManagerService took to complete: 0ms
05-23 15:35:39.197 711 711 D SystemServerTimingAsync: ssm.onStartUser-0_com.android.server.tv.TvInputManagerService
05-23 15:35:39.197 711 711 V SystemServerTimingAsync: ssm.onStartUser-0_com.android.server.tv.TvInputManagerService took to complete: 0ms
05-23 15:35:39.197 711 711 D SystemServerTimingAsync: ssm.onStartUser-0_com.android.server.media.MediaResourceMonitorService
05-23 15:35:39.197 711 711 V SystemServerTimingAsync: ssm.onStartUser-0_com.android.server.media.MediaResourceMonitorService took to complete: 0ms
05-23 15:35:39.197 711 711 D SystemServerTimingAsync: ssm.onStartUser-0_com.android.server.tv.TvRemoteService
05-23 15:35:39.197 711 711 V SystemServerTimingAsync: ssm.onStartUser-0_com.android.server.tv.TvRemoteService took to complete: 0ms
05-23 15:35:39.197 711 711 D SystemServerTimingAsync: ssm.onStartUser-0_com.android.server.biometrics.BiometricService
05-23 15:35:39.197 711 711 V SystemServerTimingAsync: ssm.onStartUser-0_com.android.server.biometrics.BiometricService took to complete: 0ms
05-23 15:35:39.197 711 711 D SystemServerTimingAsync: ssm.onStartUser-0_com.android.server.biometrics.AuthService
05-23 15:35:39.197 711 711 V SystemServerTimingAsync: ssm.onStartUser-0_com.android.server.biometrics.AuthService took to complete: 0ms
05-23 15:35:39.197 711 711 D SystemServerTimingAsync: ssm.onStartUser-0_com.android.server.pm.ShortcutService$Lifecycle
05-23 15:35:39.197 711 711 V SystemServerTimingAsync: ssm.onStartUser-0_com.android.server.pm.ShortcutService$Lifecycle took to complete: 0ms
05-23 15:35:39.197 711 711 D SystemServerTimingAsync: ssm.onStartUser-0_com.android.server.pm.LauncherAppsService
05-23 15:35:39.198 711 711 V SystemServerTimingAsync: ssm.onStartUser-0_com.android.server.pm.LauncherAppsService took to complete: 0ms
05-23 15:35:39.198 711 711 D SystemServerTimingAsync: ssm.onStartUser-0_com.android.server.pm.CrossProfileAppsService
05-23 15:35:39.198 711 711 V SystemServerTimingAsync: ssm.onStartUser-0_com.android.server.pm.CrossProfileAppsService took to complete: 0ms
05-23 15:35:39.198 711 711 D SystemServerTimingAsync: ssm.onStartUser-0_com.android.server.people.PeopleService
05-23 15:35:39.198 711 711 V SystemServerTimingAsync: ssm.onStartUser-0_com.android.server.people.PeopleService took to complete: 0ms
05-23 15:35:39.198 711 711 D SystemServerTimingAsync: ssm.onStartUser-0_com.android.server.media.metrics.MediaMetricsManagerService
05-23 15:35:39.198 711 711 V SystemServerTimingAsync: ssm.onStartUser-0_com.android.server.media.metrics.MediaMetricsManagerService took to complete: 0ms
05-23 15:35:39.198 711 711 D SystemServerTimingAsync: ssm.onStartUser-0_com.android.server.pm.BackgroundInstallControlService
05-23 15:35:39.198 711 711 V SystemServerTimingAsync: ssm.onStartUser-0_com.android.server.pm.BackgroundInstallControlService took to complete: 0ms
05-23 15:35:39.198 711 711 D SystemServerTimingAsync: ssm.onStartUser-0_com.android.server.media.projection.MediaProjectionManagerService
05-23 15:35:39.198 711 711 V SystemServerTimingAsync: ssm.onStartUser-0_com.android.server.media.projection.MediaProjectionManagerService took to complete: 0ms
05-23 15:35:39.198 711 711 D SystemServerTimingAsync: ssm.onStartUser-0_com.android.server.slice.SliceManagerService$Lifecycle
05-23 15:35:39.198 711 711 V SystemServerTimingAsync: ssm.onStartUser-0_com.android.server.slice.SliceManagerService$Lifecycle took to complete: 0ms
05-23 15:35:39.198 711 711 D SystemServerTimingAsync: ssm.onStartUser-0_com.android.server.stats.StatsCompanion$Lifecycle
05-23 15:35:39.198 711 711 V SystemServerTimingAsync: ssm.onStartUser-0_com.android.server.stats.StatsCompanion$Lifecycle took to complete: 0ms
05-23 15:35:39.198 711 711 D SystemServerTimingAsync: ssm.onStartUser-0_com.android.server.scheduling.RebootReadinessManagerService$Lifecycle
05-23 15:35:39.198 711 711 V SystemServerTimingAsync: ssm.onStartUser-0_com.android.server.scheduling.RebootReadinessManagerService$Lifecycle took to complete: 0ms
05-23 15:35:39.198 711 711 D SystemServerTimingAsync: ssm.onStartUser-0_com.android.server.stats.pull.StatsPullAtomService
05-23 15:35:39.198 711 711 V SystemServerTimingAsync: ssm.onStartUser-0_com.android.server.stats.pull.StatsPullAtomService took to complete: 0ms
05-23 15:35:39.198 711 711 D SystemServerTimingAsync: ssm.onStartUser-0_com.android.server.stats.bootstrap.StatsBootstrapAtomService$Lifecycle
05-23 15:35:39.198 711 711 V SystemServerTimingAsync: ssm.onStartUser-0_com.android.server.stats.bootstrap.StatsBootstrapAtomService$Lifecycle took to complete: 0ms
05-23 15:35:39.198 711 711 D SystemServerTimingAsync: ssm.onStartUser-0_com.android.server.incident.IncidentCompanionService
05-23 15:35:39.198 711 711 V SystemServerTimingAsync: ssm.onStartUser-0_com.android.server.incident.IncidentCompanionService took to complete: 0ms
05-23 15:35:39.198 711 711 D SystemServerTimingAsync: ssm.onStartUser-0_com.android.server.sdksandbox.SdkSandboxManagerService$Lifecycle
05-23 15:35:39.198 711 711 V SystemServerTimingAsync: ssm.onStartUser-0_com.android.server.sdksandbox.SdkSandboxManagerService$Lifecycle took to complete: 0ms
05-23 15:35:39.198 711 711 D SystemServerTimingAsync: ssm.onStartUser-0_com.android.server.adservices.AdServicesManagerService$Lifecycle
05-23 15:35:39.198 711 711 V SystemServerTimingAsync: ssm.onStartUser-0_com.android.server.adservices.AdServicesManagerService$Lifecycle took to complete: 0ms
05-23 15:35:39.198 711 711 D SystemServerTimingAsync: ssm.onStartUser-0_com.android.server.ondevicepersonalization.OnDevicePersonalizationSystemService$Lifecycle
05-23 15:35:39.198 711 711 V SystemServerTimingAsync: ssm.onStartUser-0_com.android.server.ondevicepersonalization.OnDevicePersonalizationSystemService$Lifecycle took to complete: 0ms
05-23 15:35:39.198 711 711 D SystemServerTimingAsync: ssm.onStartUser-0_com.android.server.autofill.AutofillManagerService
05-23 15:35:39.198 711 711 V SystemServerTimingAsync: ssm.onStartUser-0_com.android.server.autofill.AutofillManagerService took to complete: 0ms
05-23 15:35:39.198 711 711 D SystemServerTimingAsync: ssm.onStartUser-0_com.android.server.clipboard.ClipboardService
05-23 15:35:39.198 711 711 V SystemServerTimingAsync: ssm.onStartUser-0_com.android.server.clipboard.ClipboardService took to complete: 0ms
05-23 15:35:39.198 711 711 D SystemServerTimingAsync: ssm.onStartUser-0_com.android.server.appbinding.AppBindingService$Lifecycle
05-23 15:35:39.199 711 711 W AppBindingService: [Default SMS app] u0 Target package not found
05-23 15:35:39.199 711 711 V SystemServerTimingAsync: ssm.onStartUser-0_com.android.server.appbinding.AppBindingService$Lifecycle took to complete: 0ms
05-23 15:35:39.199 711 711 D SystemServerTimingAsync: ssm.onStartUser-0_com.android.server.tracing.TracingServiceProxy
05-23 15:35:39.199 711 711 V SystemServerTimingAsync: ssm.onStartUser-0_com.android.server.tracing.TracingServiceProxy took to complete: 0ms
05-23 15:35:39.199 711 711 D SystemServerTimingAsync: ssm.onStartUser-0_com.android.server.policy.PermissionPolicyService
05-23 15:35:39.199 711 711 V SystemServerTimingAsync: ssm.onStartUser-0_com.android.server.policy.PermissionPolicyService took to complete: 0ms
05-23 15:35:39.199 711 711 D SystemServerTimingAsync: ssm.onStartUser-0_com.android.server.pm.StagingManager$Lifecycle
05-23 15:35:39.199 711 711 V SystemServerTimingAsync: ssm.onStartUser-0_com.android.server.pm.StagingManager$Lifecycle took to complete: 0ms
05-23 15:35:39.199 711 711 D SystemServerTimingAsync: ssm.onStartUser-0_com.android.server.app.GameManagerService$Lifecycle
05-23 15:35:39.199 711 711 D GameManagerService: Starting user 0
05-23 15:35:39.210 711 711 V SystemServerTimingAsync: ssm.onStartUser-0_com.android.server.app.GameManagerService$Lifecycle took to complete: 10ms
05-23 15:35:39.210 711 711 D SystemServerTimingAsync: ssm.onStartUser-0_com.android.safetycenter.SafetyCenterService
05-23 15:35:39.210 711 711 V SystemServerTimingAsync: ssm.onStartUser-0_com.android.safetycenter.SafetyCenterService took to complete: 0ms
05-23 15:35:39.210 711 711 D SystemServerTimingAsync: ssm.onStartUser-0_com.android.server.appsearch.AppSearchModule$Lifecycle
05-23 15:35:39.210 711 711 V SystemServerTimingAsync: ssm.onStartUser-0_com.android.server.appsearch.AppSearchModule$Lifecycle took to complete: 0ms
05-23 15:35:39.210 711 711 D SystemServerTimingAsync: ssm.onStartUser-0_com.android.server.media.MediaCommunicationService
05-23 15:35:39.210 711 711 V SystemServerTimingAsync: ssm.onStartUser-0_com.android.server.media.MediaCommunicationService took to complete: 0ms
05-23 15:35:39.210 711 1059 D CompatibilityChangeReporter: Compat change id reported: 168419799; UID 1002; state: DISABLED
05-23 15:35:39.210 711 711 D SystemServerTimingAsync: ssm.onStartUser-0_com.android.server.compat.overrides.AppCompatOverridesService$Lifecycle
05-23 15:35:39.210 711 711 V SystemServerTimingAsync: ssm.onStartUser-0_com.android.server.compat.overrides.AppCompatOverridesService$Lifecycle took to complete: 0ms
05-23 15:35:39.210 711 711 D SystemServerTimingAsync: ssm.onStartUser-0_com.android.server.healthconnect.HealthConnectManagerService
05-23 15:35:39.210 711 711 V SystemServerTimingAsync: ssm.onStartUser-0_com.android.server.healthconnect.HealthConnectManagerService took to complete: 0ms
05-23 15:35:39.210 711 711 D SystemServerTimingAsync: ssm.onStartUser-0_com.android.server.devicelock.DeviceLockService
05-23 15:35:39.210 711 711 V SystemServerTimingAsync: ssm.onStartUser-0_com.android.server.devicelock.DeviceLockService took to complete: 0ms
05-23 15:35:39.210 711 711 V SystemServerTimingAsync: ssm.StartUser-0 took to complete: 2280ms
05-23 15:35:39.210 711 1059 D CompatibilityChangeReporter: Compat change id reported: 273564678; UID 1002; state: DISABLED
05-23 15:35:39.214 711 796 D CompatibilityChangeReporter: Compat change id reported: 265195908; UID 1002; state: ENABLED
05-23 15:35:39.217 711 711 D SystemServerTiming: startPersistentApps
05-23 15:35:39.219 711 711 I ActivityManager: com.droidlogic is exempt from freezer
05-23 15:35:39.219 711 711 D CompatibilityChangeReporter: Compat change id reported: 135634846; UID 1000; state: DISABLED
05-23 15:35:39.222 711 711 D CompatibilityChangeReporter: Compat change id reported: 135634846; UID 1068; state: DISABLED
05-23 15:35:39.223 711 711 V SystemServerTiming: startPersistentApps took to complete: 6ms
05-23 15:35:39.223 711 711 D SystemServerTiming: startHomeOnAllDisplays
05-23 15:35:39.224 711 711 D WindowManager: ThemeHomeDelay: Home launch was deferred.
05-23 15:35:39.225 711 711 V SystemServerTiming: startHomeOnAllDisplays took to complete: 2ms
05-23 15:35:39.226 711 711 D SystemServerTiming: showSystemReadyErrorDialogs
05-23 15:35:39.383 711 711 E Build : Vendor interface is incompatible, error=1
05-23 15:35:39.383 711 711 E ActivityTaskManager: Build fingerprint is not consistent, warning user
05-23 15:35:39.395 711 711 V SystemServerTiming: showSystemReadyErrorDialogs took to complete: 169ms
05-23 15:35:39.395 711 711 D SystemServerTiming: sendUserStartBroadcast
05-23 15:35:39.399 711 711 V SystemServerTiming: sendUserStartBroadcast took to complete: 4ms
05-23 15:35:39.399 711 711 D SystemServerTiming: resumeTopActivities
05-23 15:35:39.404 711 711 D WindowManager: ThemeHomeDelay: Home launch was deferred.
05-23 15:35:39.404 711 711 V SystemServerTiming: resumeTopActivities took to complete: 5ms
05-23 15:35:39.404 711 711 D SystemServerTiming: sendUserSwitchBroadcasts
05-23 15:35:39.406 711 711 V SystemServerTiming: sendUserSwitchBroadcasts took to complete: 2ms
05-23 15:35:39.407 711 711 D SystemServerTiming: setBinderProxies
05-23 15:35:39.408 711 711 V SystemServerTiming: setBinderProxies took to complete: 2ms
05-23 15:35:39.408 711 711 V SystemServerTiming: ActivityManagerStartApps took to complete: 2478ms
05-23 15:35:39.408 711 711 D SystemServerTiming: componentAlias
05-23 15:35:39.409 711 711 D ComponentAliasResolver: Compat listener set.
05-23 15:35:39.410 711 711 V SystemServerTiming: componentAlias took to complete: 2ms
05-23 15:35:39.410 711 711 V SystemServerTiming: PhaseActivityManagerReady took to complete: 3475ms
05-23 15:35:39.410 711 711 D SystemServerTiming: LockSettingsThirdPartyAppsStarted
05-23 15:35:39.411 711 711 V SystemServerTiming: LockSettingsThirdPartyAppsStarted took to complete: 0ms
05-23 15:35:39.414 711 745 W ActivityManager: Slow operation: 195ms so far, now at startProcess: done updating battery stats
05-23 15:35:39.414 711 745 W ActivityManager: Slow operation: 195ms so far, now at startProcess: building log message
05-23 15:35:39.414 711 745 I ActivityManager: Start proc 1176:com.droidlogic/1000 for added application com.droidlogic
05-23 15:35:39.414 711 745 W ActivityManager: Slow operation: 196ms so far, now at startProcess: starting to update pids map
05-23 15:35:39.414 711 745 W ActivityManager: Slow operation: 196ms so far, now at startProcess: done updating pids map
05-23 15:35:39.414 711 745 W ActivityManager: Slow operation: 193ms so far, now at startProcess: asking zygote to start proc
05-23 15:35:39.415 711 711 D SystemServerTiming: StartSystemUI
05-23 15:35:39.416 711 1059 D CompatibilityChangeReporter: Compat change id reported: 168419799; UID 1000; state: DISABLED
05-23 15:35:39.417 711 1059 D CompatibilityChangeReporter: Compat change id reported: 273564678; UID 1000; state: DISABLED
05-23 15:35:39.429 711 745 W ActivityManager: Slow operation: 208ms so far, now at startProcess: returned from zygote!
05-23 15:35:39.432 711 711 W ActivityManager: Unable to start service Intent { flg=0x100 cmp=com.droidlogic/.StubKeyguardService } U=0: not found
05-23 15:35:39.432 711 711 V SystemServerTiming: StartSystemUI took to complete: 17ms
05-23 15:35:39.432 711 711 V SystemServerTiming: startOtherServices took to complete: 5640ms
05-23 15:35:39.432 711 711 D SystemServerTiming: startApexServices
05-23 15:35:39.432 711 711 D SystemServerTiming: starting com.android.server.scheduling.RebootReadinessManagerService$Lifecycle
05-23 15:35:39.433 711 711 I SystemServiceManager: Starting com.android.server.scheduling.RebootReadinessManagerService$Lifecycle
05-23 15:35:39.433 920 920 V SystemUIBootTiming: StartServices com.android.systemui.SliceBroadcastRelayHandler took to complete: 0ms
05-23 15:35:39.433 711 711 I SystemServiceManager: Not starting an already started service com.android.server.scheduling.RebootReadinessManagerService$Lifecycle
05-23 15:35:39.433 711 711 V SystemServerTiming: starting com.android.server.scheduling.RebootReadinessManagerService$Lifecycle took to complete: 0ms
05-23 15:35:39.434 711 711 V SystemServerTiming: startApexServices took to complete: 2ms
05-23 15:35:39.434 711 711 D SystemServerTiming: UpdateWatchdogTimeout
05-23 15:35:39.435 711 711 I Watchdog: Watchdog timeout updated to 60000 millis
05-23 15:35:39.435 711 711 V SystemServerTiming: UpdateWatchdogTimeout took to complete: 1ms
05-23 15:35:39.435 711 711 V SystemServerTiming: StartServices took to complete: 7692ms
05-23 15:35:39.435 711 745 W ActivityManager: Slow operation: 213ms so far, now at startProcess: done updating battery stats
05-23 15:35:39.436 711 745 W ActivityManager: Slow operation: 214ms so far, now at startProcess: building log message
05-23 15:35:39.436 711 745 I ActivityManager: Start proc 1198:com.android.se/1068 for added application com.android.se
05-23 15:35:39.436 711 745 W ActivityManager: Slow operation: 214ms so far, now at startProcess: starting to update pids map
05-23 15:35:39.436 711 745 W ActivityManager: Slow operation: 215ms so far, now at startProcess: done updating pids map
05-23 15:35:39.440 711 711 W Looper : Slow delivery took 7211ms main h=android.app.PropertyInvalidatedCache$AutoCorker$1 c=null m=0
05-23 15:35:39.452 711 736 I DisplayDeviceRepository: Display device changed: DisplayDeviceInfo{"内置屏幕": uniqueId="local:4616277992360486155", 4096 x 2160, modeId 4, renderFrameRate 60.000004, defaultModeId 4, supportedModes [{id=1, width=1920, height=1080, fps=119.88013, alternativeRefreshRates=[], supportedHdrTypes=[2, 3]}, {id=2, width=1920, height=1080, fps=120.00001, alternativeRefreshRates=[], supportedHdrTypes=[2, 3]}, {id=3, width=4096, height=2160, fps=59.94006, alternativeRefreshRates=[], supportedHdrTypes=[2, 3]}, {id=4, width=4096, height=2160, fps=60.000004, alternativeRefreshRates=[], supportedHdrTypes=[2, 3]}, {id=5, width=4096, height=2160, fps=50.0, alternativeRefreshRates=[], supportedHdrTypes=[2, 3]}, {id=6, width=4096, height=2160, fps=29.97003, alternativeRefreshRates=[], supportedHdrTypes=[2, 3]}, {id=7, width=4096, height=2160, fps=30.000002, alternativeRefreshRates=[], supportedHdrTypes=[2, 3]}, {id=8, width=4096, height=2160, fps=23.976025, alternativeRefreshRates=[], supportedHdrTypes=[2, 3]}, {id=9, width=4096, height=2160, fps=24.000002, alternativeRefreshRates=[], supportedHdrTypes=[2, 3]}, {id=10, width=3840, height=2160, fps=59.94006, alternativeRefreshRates=[], supportedHdrTypes=[2, 3]}, {id=11, width=3840, height=2160, fps=60.000004, alternativeRefreshRates=[], supportedHdrTypes=[2, 3]}, {id=12, width=3840, height=2160, fps=50.0, alternativeRefreshRates=[], supportedHdrTypes=[2, 3]}, {id=13, width=3840, height=2160, fps=29.97003, alternativeRefreshRates=[], supportedHdrTypes=[2, 3]}, {id=14, width=3840, height=2160, fps=30.000002, alternativeRefreshRates=[], supportedHdrTypes=[2, 3]}, {id=15, width=3840, height=2160, fps=25.0, alternativeRefreshRates=[], supportedHdrTypes=[2, 3]}, {id=16, width=3840, height=2160, fps=23.976025, alternativeRefreshRates=[], supportedHdrTypes=[2, 3]}, {id=17, width=3840, height=2160, fps=24.000002, alternativeRefreshRates=[], supportedHdrTypes=[2, 3]}, {id=18, width=1920, height=1080, fps=100.0, alternativeRefreshRates=[], supportedHdrTypes=[2, 3]}, {id=19, width=1920, height=1080, fps=59.94006, alternativeRefreshRates=[], supportedHdrTypes=[2, 3]}, {id=20, width=1920, height=1080, fps=60.000004, alternativeRefreshRates=[], supportedHdrTypes=[2, 3]}, {id=21, width=1920, height=1080, fps=50.0, alternativeRefreshRates=[], supportedHdrTypes=[2, 3]}, {id=22, width=1920, height=1080, fps=29.97003, alternativeRefreshRates=[], supportedHdrTypes=[2, 3]}, {id=23, width=1920, height=1080, fps=30.000002, alternativeRefreshRates=[], supportedHdrTypes=[2, 3]}, {id=24, width=1920, height=1080, fps=25.0, alternativeRefreshRates=[], supportedHdrTypes=[2, 3]}, {id=25, width=1920, height=1080, fps=23.976025, alternativeRefreshRates=[], supportedHdrTypes=[2, 3]}, {id=26, width=1920, height=1080, fps=24.000002, alternativeRefreshRates=[], supportedHdrTypes=[2, 3]}, {id=27, width=1280, height=720, fps=59.94006, alternativeRefreshRates=[], supportedHdrTypes=[2, 3]}, {id=28, width=1280, height=720, fps=60.000004, alternativeRefreshRates=[], supportedHdrTypes=[2, 3]}, {id=29, width=1280, height=720, fps=50.0, alternativeRefreshRates=[], supportedHdrTypes=[2, 3]}, {id=30, width=720, height=576, fps=50.0, alternativeRefreshRates=[], supportedHdrTypes=[2, 3]}, {id=31, width=720, height=480, fps=59.94006, alternativeRefreshRates=[], supportedHdrTypes=[2, 3]}, {id=32, width=720, height=480, fps=60.000004, alternativeRefreshRates=[], supportedHdrTypes=[2, 3]}], colorMode 0, supportedColorModes [0], hdrCapabilities HdrCapabilities{mSupportedHdrTypes=[2, 3], mMaxLuminance=500.0, mMaxAverageLuminance=500.0, mMinLuminance=0.0}, allmSupported true, gameContentTypeSupported false, density 480, 90.468 x 84.406 dpi, appVsyncOff 2000000, presDeadline 13666666, touch INTERNAL, rotation 0, type INTERNAL, address {port=11, model=0x401050603f19a5}, deviceProductInfo DeviceProductInfo{name=Dangbei , manufacturerPnpId=DBP, productId=48, modelYear=null, manufactureDate=ManufactureDate{week=10, year=2014}, connectionToSinkType=2}, state ON, committedState ON, frameRateOverride , brightnessMin
05-23 15:35:39.452 711 796 D CompatibilityChangeReporter: Compat change id reported: 218533173; UID 10070; state: DISABLED
05-23 15:35:39.453 711 796 D CompatibilityChangeReporter: Compat change id reported: 262645982; UID 10070; state: DISABLED
05-23 15:35:39.455 711 796 D CompatibilityChangeReporter: Compat change id reported: 218533173; UID 10072; state: ENABLED
05-23 15:35:39.455 711 796 D CompatibilityChangeReporter: Compat change id reported: 262645982; UID 10072; state: ENABLED
05-23 15:35:39.457 711 796 D CompatibilityChangeReporter: Compat change id reported: 218533173; UID 10053; state: ENABLED
05-23 15:35:39.458 711 711 D ConditionProviders.SCP: onConnected
05-23 15:35:39.458 711 796 D CompatibilityChangeReporter: Compat change id reported: 262645982; UID 10053; state: ENABLED
05-23 15:35:39.458 711 711 D ConditionProviders.SCP: onSubscribe condition://android/schedule?days=1.2.3.4.5.6.7&start=22.0&end=7.0&exitAtAlarm=true
05-23 15:35:39.459 711 711 D ConditionProviders.SCP: setRegistered true
05-23 15:35:39.461 711 796 D CompatibilityChangeReporter: Compat change id reported: 218533173; UID 10062; state: ENABLED
05-23 15:35:39.463 711 796 D CompatibilityChangeReporter: Compat change id reported: 262645982; UID 10062; state: ENABLED
05-23 15:35:39.464 711 796 D CompatibilityChangeReporter: Compat change id reported: 218533173; UID 10016; state: ENABLED
05-23 15:35:39.465 711 796 D CompatibilityChangeReporter: Compat change id reported: 262645982; UID 10016; state: ENABLED
05-23 15:35:39.468 711 796 D CompatibilityChangeReporter: Compat change id reported: 218533173; UID 10018; state: ENABLED
05-23 15:35:39.469 711 796 D CompatibilityChangeReporter: Compat change id reported: 262645982; UID 10018; state: ENABLED
05-23 15:35:39.471 711 711 D ConditionProviders.SCP: evaluateSubscriptionLocked cal=ScheduleCalendar[mDays={1, 2, 3, 4, 5, 6, 7}, mSchedule=ScheduleInfo{days=[1, 2, 3, 4, 5, 6, 7], startHour=22, startMinute=0, endHour=7, endMinute=0, exitAtAlarm=true, nextAlarm=Thu Jan 01 08:00:00 GMT+08:00 1970 (0)}], now=Fri May 23 15:35:39 GMT+08:00 2025 (1747985739459), nextUserAlarmTime=Thu Jan 01 08:00:00 GMT+08:00 1970 (0)
05-23 15:35:39.471 711 711 D ConditionProviders.SCP: notifyCondition condition://android/schedule?days=1.2.3.4.5.6.7&start=22.0&end=7.0&exitAtAlarm=true STATE_FALSE reason=!meetsSchedule
05-23 15:35:39.472 711 796 D CompatibilityChangeReporter: Compat change id reported: 218533173; UID 10063; state: ENABLED
05-23 15:35:39.473 711 796 D CompatibilityChangeReporter: Compat change id reported: 262645982; UID 10063; state: ENABLED
05-23 15:35:39.475 711 711 D ConditionProviders.SCP: Scheduling evaluate for Fri May 23 22:00:00 GMT+08:00 2025 (1748008800000), in +6h24m20s541ms, now=Fri May 23 15:35:39 GMT+08:00 2025 (1747985739459)
05-23 15:35:39.476 711 796 D CompatibilityChangeReporter: Compat change id reported: 218533173; UID 10066; state: ENABLED
05-23 15:35:39.476 711 796 D CompatibilityChangeReporter: Compat change id reported: 262645982; UID 10066; state: ENABLED
05-23 15:35:39.478 711 796 D CompatibilityChangeReporter: Compat change id reported: 218533173; UID 10039; state: DISABLED
05-23 15:35:39.479 711 796 D CompatibilityChangeReporter: Compat change id reported: 262645982; UID 10039; state: DISABLED
05-23 15:35:39.481 711 796 D CompatibilityChangeReporter: Compat change id reported: 218533173; UID 10007; state: ENABLED
05-23 15:35:39.482 711 796 D CompatibilityChangeReporter: Compat change id reported: 262645982; UID 10007; state: ENABLED
05-23 15:35:39.484 711 796 D CompatibilityChangeReporter: Compat change id reported: 218533173; UID 10019; state: ENABLED
05-23 15:35:39.485 711 796 D CompatibilityChangeReporter: Compat change id reported: 262645982; UID 10019; state: ENABLED
05-23 15:35:39.487 711 796 D CompatibilityChangeReporter: Compat change id reported: 218533173; UID 10036; state: ENABLED
05-23 15:35:39.488 711 796 D CompatibilityChangeReporter: Compat change id reported: 262645982; UID 10036; state: ENABLED
05-23 15:35:39.494 711 796 D CompatibilityChangeReporter: Compat change id reported: 218533173; UID 10035; state: ENABLED
05-23 15:35:39.496 711 796 D CompatibilityChangeReporter: Compat change id reported: 262645982; UID 10035; state: ENABLED
05-23 15:35:39.500 711 796 D CompatibilityChangeReporter: Compat change id reported: 218533173; UID 10026; state: ENABLED
05-23 15:35:39.500 711 796 D CompatibilityChangeReporter: Compat change id reported: 262645982; UID 10026; state: ENABLED
05-23 15:35:39.505 711 796 D CompatibilityChangeReporter: Compat change id reported: 218533173; UID 10068; state: ENABLED
05-23 15:35:39.506 711 711 D CompatibilityChangeReporter: Compat change id reported: 218533173; UID 1000; state: ENABLED
05-23 15:35:39.508 711 796 D CompatibilityChangeReporter: Compat change id reported: 262645982; UID 10068; state: ENABLED
05-23 15:35:39.513 711 711 D HDMI : [R]: EF:86:30:00
05-23 15:35:39.514 711 796 D CompatibilityChangeReporter: Compat change id reported: 218533173; UID 10006; state: ENABLED
05-23 15:35:39.515 711 796 D CompatibilityChangeReporter: Compat change id reported: 262645982; UID 10006; state: ENABLED
05-23 15:35:39.517 711 796 D CompatibilityChangeReporter: Compat change id reported: 218533173; UID 10077; state: DISABLED
05-23 15:35:39.518 711 796 D CompatibilityChangeReporter: Compat change id reported: 262645982; UID 10077; state: DISABLED
05-23 15:35:39.518 711 796 D CompatibilityChangeReporter: Compat change id reported: 171306433; UID 10077; state: DISABLED
05-23 15:35:39.520 711 796 D CompatibilityChangeReporter: Compat change id reported: 218533173; UID 10042; state: DISABLED
05-23 15:35:39.520 711 796 D CompatibilityChangeReporter: Compat change id reported: 262645982; UID 10042; state: DISABLED
05-23 15:35:39.525 711 796 D CompatibilityChangeReporter: Compat change id reported: 218533173; UID 10008; state: ENABLED
05-23 15:35:39.526 711 711 D HDMI : addCecDevice new:CEC: logical_address: 0x0E device_type: 2 cec_version: 5 vendor_id: 16777215 display_name: Secondary_TV power_status: -1 physical_address: 0xFFFF port_id: -1 old:null
05-23 15:35:39.528 711 796 D CompatibilityChangeReporter: Compat change id reported: 262645982; UID 10008; state: ENABLED
05-23 15:35:39.535 711 711 D CompatibilityChangeReporter: Compat change id reported: 135634846; UID 10073; state: DISABLED
05-23 15:35:39.537 711 745 D CompatibilityChangeReporter: Compat change id reported: 143937733; UID 10073; state: ENABLED
05-23 15:35:39.538 711 711 D HDMI : addCecDevice new:CEC: logical_address: 0x04 device_type: 4 cec_version: 5 vendor_id: 1877008 display_name: DBBOX-A3 power_status: 0 physical_address: 0x3000 port_id: 0 old:null
05-23 15:35:39.546 711 711 D HDMI : onInitializeCecComplete 1
05-23 15:35:39.547 711 711 D HdmiControlService: Local device is under address allocation. Queue display callback for later process.
05-23 15:35:39.548 711 711 D HDMI : onAddressAllocated address:4 reason:1
05-23 15:35:39.557 711 891 D HDMI : [S]: 4F:84:30:00:04
05-23 15:35:39.559 711 1112 D CompatibilityChangeReporter: Compat change id reported: 168419799; UID 1068; state: DISABLED
05-23 15:35:39.560 711 1112 D CompatibilityChangeReporter: Compat change id reported: 273564678; UID 1068; state: DISABLED
05-23 15:35:39.564 711 745 I ActivityManager: Start proc 1220:android.ext.services/u0a73 for service {android.ext.services/android.ext.services.autofill.InlineSuggestionRenderServiceImpl}
05-23 15:35:39.566 711 870 W ActivityThread: Failed to find provider info for com.android.calendar (user not unlocked)
05-23 15:35:39.566 711 870 W ActivityThread: Failed to find provider info for com.android.calendar (user not unlocked)
05-23 15:35:39.575 711 796 D CompatibilityChangeReporter: Compat change id reported: 218533173; UID 10064; state: ENABLED
05-23 15:35:39.580 711 796 D CompatibilityChangeReporter: Compat change id reported: 262645982; UID 10064; state: ENABLED
05-23 15:35:39.600 711 796 D CompatibilityChangeReporter: Compat change id reported: 218533173; UID 10037; state: ENABLED
05-23 15:35:39.601 711 796 D CompatibilityChangeReporter: Compat change id reported: 262645982; UID 10037; state: ENABLED
05-23 15:35:39.602 711 796 D CompatibilityChangeReporter: Compat change id reported: 218533173; UID 10059; state: ENABLED
05-23 15:35:39.603 711 796 D CompatibilityChangeReporter: Compat change id reported: 262645982; UID 10059; state: ENABLED
05-23 15:35:39.604 711 796 D CompatibilityChangeReporter: Compat change id reported: 218533173; UID 10047; state: DISABLED
05-23 15:35:39.628 711 796 D CompatibilityChangeReporter: Compat change id reported: 262645982; UID 10047; state: DISABLED
05-23 15:35:39.642 711 1059 D CompatibilityChangeReporter: Compat change id reported: 168419799; UID 10073; state: DISABLED
05-23 15:35:39.643 711 1059 D CompatibilityChangeReporter: Compat change id reported: 273564678; UID 10073; state: DISABLED
05-23 15:35:39.651 711 711 D HDMI : DeviceDiscoveryAction start com.android.server.hdmi.DeviceDiscoveryAction@775f5c2
05-23 15:35:39.692 711 796 D CompatibilityChangeReporter: Compat change id reported: 218533173; UID 10034; state: ENABLED
05-23 15:35:39.692 711 796 D CompatibilityChangeReporter: Compat change id reported: 262645982; UID 10034; state: ENABLED
05-23 15:35:39.715 711 711 W Looper : Slow dispatch took 178ms main h=android.os.Handler c=com.android.server.hdmi.WorkSourceUidPreservingRunnable@9d315c5 m=0
05-23 15:35:39.717 711 711 D HDMI : receive android.intent.action.CONFIGURATION_CHANGED
05-23 15:35:39.722 711 711 D HDMI : receive android.intent.action.CONFIGURATION_CHANGED
05-23 15:35:39.725 711 711 I HdmiCecLocalDeviceSource: queryDisplayStatus already in progress
05-23 15:35:39.726 711 711 I PackageWatchdog: Syncing health check requests for packages: {}
05-23 15:35:39.727 711 711 I ExplicitHealthCheckController: Service not ready to get health check supported packages. Binding...
05-23 15:35:39.729 711 711 I ExplicitHealthCheckController: Explicit health check service is bound
05-23 15:35:39.729 711 891 D HDMI : [S]: 4F:87:1C:A4:10
05-23 15:35:39.737 711 1112 D CompatibilityChangeReporter: Compat change id reported: 170503758; UID 10073; state: ENABLED
05-23 15:35:39.803 920 920 V SystemUIBootTiming: StartServices com.android.systemui.accessibility.WindowMagnification took to complete: 371ms
05-23 15:35:39.820 920 920 V SystemUIBootTiming: StartServices com.android.systemui.bouncer.domain.interactor.BouncerMessageAuditLogger took to complete: 17ms
05-23 15:35:39.820 920 920 V SystemUIBootTiming: StartServices com.android.systemui.broadcast.BroadcastDispatcherStartable took to complete: 0ms
05-23 15:35:39.842 711 711 W Looper : Slow dispatch took 112ms main h=android.app.ActivityThread$H c=null m=114
05-23 15:35:39.856 920 920 V SystemUIBootTiming: StartServices com.android.systemui.flags.FeatureFlagsDebugStartable took to complete: 36ms
05-23 15:35:39.858 711 711 I MR2ServiceImpl: addProviderRoutes | provider: com.android.server.media/.SystemMediaRoute2Provider, routes: [DEVICE_ROUTE | 电视]
05-23 15:35:39.861 711 711 D WallpaperManagerService: WPMS.onServiceConnected-ComponentInfo{com.android.systemui/com.android.systemui.wallpapers.ImageWallpaper}
05-23 15:35:39.861 711 711 D WallpaperManagerService: WPMS.attachServiceLocked
05-23 15:35:39.861 711 711 D WallpaperManagerService: WPMS.connectLocked-ComponentInfo{com.android.systemui/com.android.systemui.wallpapers.ImageWallpaper}
05-23 15:35:39.865 711 711 V WallpaperManagerService: WPMS.connectLocked-ComponentInfo{com.android.systemui/com.android.systemui.wallpapers.ImageWallpaper} took to complete: 5ms
05-23 15:35:39.866 711 711 V WallpaperManagerService: WPMS.attachServiceLocked took to complete: 5ms
05-23 15:35:39.866 711 711 D WallpaperManagerService: WPMS.saveSettingsLocked-0
05-23 15:35:39.869 711 711 V WallpaperManagerService: WPMS.saveSettingsLocked-0 took to complete: 4ms
05-23 15:35:39.870 711 711 V WallpaperManagerService: WPMS.onServiceConnected-ComponentInfo{com.android.systemui/com.android.systemui.wallpapers.ImageWallpaper} took to complete: 9ms
05-23 15:35:39.870 711 711 D WallpaperManagerService: WPMS.onServiceConnected-ComponentInfo{com.android.systemui/com.android.systemui.wallpapers.ImageWallpaper}
05-23 15:35:39.870 711 711 D WallpaperManagerService: WPMS.attachServiceLocked
05-23 15:35:39.870 711 711 V WallpaperManagerService: WPMS.attachServiceLocked took to complete: 0ms
05-23 15:35:39.870 711 711 V WallpaperManagerService: WPMS.onServiceConnected-ComponentInfo{com.android.systemui/com.android.systemui.wallpapers.ImageWallpaper} took to complete: 1ms
05-23 15:35:39.879 711 1059 W WindowManager: [addWindow] title:com.android.systemui.wallpapers.ImageWallpaper
05-23 15:35:39.880 711 1059 D CompatibilityChangeReporter: Compat change id reported: 168419799; UID 10052; state: DISABLED
05-23 15:35:39.881 711 1059 D CompatibilityChangeReporter: Compat change id reported: 273564678; UID 10052; state: DISABLED
