05-23 15:35:41.355 711 736 D ActivityManagerTiming: OnBootPhase_1000_com.android.server.usage.StorageStatsService$Lifecycle
05-23 15:35:41.355 711 736 V ActivityManagerTiming: OnBootPhase_1000_com.android.server.usage.StorageStatsService$Lifecycle took to complete: 0ms
05-23 15:35:41.355 711 736 D ActivityManagerTiming: OnBootPhase_1000_com.android.server.UiModeManagerService
05-23 15:35:41.355 711 830 D StorageManagerService: Thinking about reset, mBootCompleted=true, mDaemonConnected=true
05-23 15:35:41.355 711 736 V ActivityManagerTiming: OnBootPhase_1000_com.android.server.UiModeManagerService took to complete: 0ms
05-23 15:35:41.355 711 736 D ActivityManagerTiming: OnBootPhase_1000_com.android.server.locales.LocaleManagerService
05-23 15:35:41.355 711 736 V ActivityManagerTiming: OnBootPhase_1000_com.android.server.locales.LocaleManagerService took to complete: 0ms
05-23 15:35:41.355 711 736 D ActivityManagerTiming: OnBootPhase_1000_com.android.server.grammaticalinflection.GrammaticalInflectionService
05-23 15:35:41.355 711 736 V ActivityManagerTiming: OnBootPhase_1000_com.android.server.grammaticalinflection.GrammaticalInflectionService took to complete: 0ms
05-23 15:35:41.355 711 830 I StorageSessionController: Started resetting external storage service...
05-23 15:35:41.355 711 736 D ActivityManagerTiming: OnBootPhase_1000_com.android.server.apphibernation.AppHibernationService
05-23 15:35:41.355 711 830 I StorageSessionController: Finished resetting external storage service
05-23 15:35:41.356 711 830 I StorageManagerService: Resetting vold...
05-23 15:35:41.356 711 736 V ActivityManagerTiming: OnBootPhase_1000_com.android.server.apphibernation.AppHibernationService took to complete: 0ms
05-23 15:35:41.356 711 736 D ActivityManagerTiming: OnBootPhase_1000_com.android.server.locksettings.LockSettingsService$Lifecycle
05-23 15:35:41.356 711 736 V ActivityManagerTiming: OnBootPhase_1000_com.android.server.locksettings.LockSettingsService$Lifecycle took to complete: 0ms
05-23 15:35:41.356 711 736 D ActivityManagerTiming: OnBootPhase_1000_com.android.server.PersistentDataBlockService
05-23 15:35:41.356 711 736 V ActivityManagerTiming: OnBootPhase_1000_com.android.server.PersistentDataBlockService took to complete: 0ms
05-23 15:35:41.356 711 736 D ActivityManagerTiming: OnBootPhase_1000_com.android.server.testharness.TestHarnessModeService
05-23 15:35:41.357 711 736 D TestHarnessModeService: Completing Test Harness Mode setup.
05-23 15:35:41.357 711 1389 I HibernationStateDiskStore: No hibernation file on disk for file /data/system/hibernation/states
05-23 15:35:41.357 711 830 I StorageManagerService: Reset vold
05-23 15:35:41.357 256 256 I vold : onUserAdded: 0
05-23 15:35:41.382 711 736 V ActivityManagerTiming: OnBootPhase_1000_com.android.server.testharness.TestHarnessModeService took to complete: 27ms
05-23 15:35:41.382 711 736 D ActivityManagerTiming: OnBootPhase_1000_com.android.server.oemlock.OemLockService
05-23 15:35:41.382 711 736 V ActivityManagerTiming: OnBootPhase_1000_com.android.server.oemlock.OemLockService took to complete: 0ms
05-23 15:35:41.382 711 736 D ActivityManagerTiming: OnBootPhase_1000_com.android.server.DeviceIdleController
05-23 15:35:41.382 711 736 V ActivityManagerTiming: OnBootPhase_1000_com.android.server.DeviceIdleController took to complete: 0ms
05-23 15:35:41.382 711 736 D ActivityManagerTiming: OnBootPhase_1000_com.android.server.devicepolicy.DevicePolicyManagerService$Lifecycle
05-23 15:35:41.382 711 736 V ActivityManagerTiming: OnBootPhase_1000_com.android.server.devicepolicy.DevicePolicyManagerService$Lifecycle took to complete: 0ms
05-23 15:35:41.382 711 736 D ActivityManagerTiming: OnBootPhase_1000_com.android.server.texttospeech.TextToSpeechManagerService
05-23 15:35:41.382 711 736 V ActivityManagerTiming: OnBootPhase_1000_com.android.server.texttospeech.TextToSpeechManagerService took to complete: 0ms
05-23 15:35:41.382 711 736 D ActivityManagerTiming: OnBootPhase_1000_com.android.server.ambientcontext.AmbientContextManagerService
05-23 15:35:41.382 711 736 V ActivityManagerTiming: OnBootPhase_1000_com.android.server.ambientcontext.AmbientContextManagerService took to complete: 0ms
05-23 15:35:41.382 711 736 D ActivityManagerTiming: OnBootPhase_1000_com.android.server.wearable.WearableSensingManagerService
05-23 15:35:41.383 711 736 V ActivityManagerTiming: OnBootPhase_1000_com.android.server.wearable.WearableSensingManagerService took to complete: 0ms
05-23 15:35:41.383 711 736 D ActivityManagerTiming: OnBootPhase_1000_com.android.server.speech.SpeechRecognitionManagerService
05-23 15:35:41.383 711 736 V ActivityManagerTiming: OnBootPhase_1000_com.android.server.speech.SpeechRecognitionManagerService took to complete: 0ms
05-23 15:35:41.383 711 736 D ActivityManagerTiming: OnBootPhase_1000_com.android.server.searchui.SearchUiManagerService
05-23 15:35:41.383 711 736 V ActivityManagerTiming: OnBootPhase_1000_com.android.server.searchui.SearchUiManagerService took to complete: 0ms
05-23 15:35:41.383 711 736 D ActivityManagerTiming: OnBootPhase_1000_com.android.server.smartspace.SmartspaceManagerService
05-23 15:35:41.383 711 736 V ActivityManagerTiming: OnBootPhase_1000_com.android.server.smartspace.SmartspaceManagerService took to complete: 0ms
05-23 15:35:41.383 711 736 D ActivityManagerTiming: OnBootPhase_1000_com.android.server.graphics.fonts.FontManagerService$Lifecycle
05-23 15:35:41.383 711 736 V ActivityManagerTiming: OnBootPhase_1000_com.android.server.graphics.fonts.FontManagerService$Lifecycle took to complete: 0ms
05-23 15:35:41.383 711 736 D ActivityManagerTiming: OnBootPhase_1000_com.android.server.textservices.TextServicesManagerService$Lifecycle
05-23 15:35:41.383 711 736 V ActivityManagerTiming: OnBootPhase_1000_com.android.server.textservices.TextServicesManagerService$Lifecycle took to complete: 0ms
05-23 15:35:41.383 711 736 D ActivityManagerTiming: OnBootPhase_1000_com.android.server.textclassifier.TextClassificationManagerService$Lifecycle
05-23 15:35:41.383 711 736 V ActivityManagerTiming: OnBootPhase_1000_com.android.server.textclassifier.TextClassificationManagerService$Lifecycle took to complete: 0ms
05-23 15:35:41.383 711 736 D ActivityManagerTiming: OnBootPhase_1000_com.android.server.NetworkScoreService$Lifecycle
05-23 15:35:41.383 711 736 V ActivityManagerTiming: OnBootPhase_1000_com.android.server.NetworkScoreService$Lifecycle took to complete: 0ms
05-23 15:35:41.383 711 736 D ActivityManagerTiming: OnBootPhase_1000_com.android.server.NetworkStatsServiceInitializer
05-23 15:35:41.383 711 736 V ActivityManagerTiming: OnBootPhase_1000_com.android.server.NetworkStatsServiceInitializer took to complete: 0ms
05-23 15:35:41.383 711 736 D ActivityManagerTiming: OnBootPhase_1000_com.android.server.wifi.WifiService
05-23 15:35:41.383 711 736 V ActivityManagerTiming: OnBootPhase_1000_com.android.server.wifi.WifiService took to complete: 1ms
05-23 15:35:41.383 711 736 D ActivityManagerTiming: OnBootPhase_1000_com.android.server.wifi.scanner.WifiScanningService
05-23 15:35:41.384 711 736 V ActivityManagerTiming: OnBootPhase_1000_com.android.server.wifi.scanner.WifiScanningService took to complete: 0ms
05-23 15:35:41.384 711 736 D ActivityManagerTiming: OnBootPhase_1000_com.android.server.wifi.p2p.WifiP2pService
05-23 15:35:41.384 711 736 V ActivityManagerTiming: OnBootPhase_1000_com.android.server.wifi.p2p.WifiP2pService took to complete: 0ms
05-23 15:35:41.384 711 736 D ActivityManagerTiming: OnBootPhase_1000_com.android.server.ConnectivityServiceInitializer
05-23 15:35:41.384 711 853 D CompatibilityChangeReporter: Compat change id reported: 161145287; UID 1000; state: DISABLED
05-23 15:35:41.385 711 853 D CompatibilityChangeReporter: Compat change id reported: 161145287; UID 1000; state: ENABLED
05-23 15:35:41.386 711 736 V ActivityManagerTiming: OnBootPhase_1000_com.android.server.ConnectivityServiceInitializer took to complete: 2ms
05-23 15:35:41.386 711 736 D ActivityManagerTiming: OnBootPhase_1000_com.android.server.notification.NotificationManagerService
05-23 15:35:41.387 711 736 V ActivityManagerTiming: OnBootPhase_1000_com.android.server.notification.NotificationManagerService took to complete: 0ms
05-23 15:35:41.387 711 736 D ActivityManagerTiming: OnBootPhase_1000_com.android.server.storage.DeviceStorageMonitorService
05-23 15:35:41.387 711 736 V ActivityManagerTiming: OnBootPhase_1000_com.android.server.storage.DeviceStorageMonitorService took to complete: 0ms
05-23 15:35:41.387 711 736 D ActivityManagerTiming: OnBootPhase_1000_com.android.server.timedetector.TimeDetectorService$Lifecycle
05-23 15:35:41.387 711 736 V ActivityManagerTiming: OnBootPhase_1000_com.android.server.timedetector.TimeDetectorService$Lifecycle took to complete: 0ms
05-23 15:35:41.387 711 736 D ActivityManagerTiming: OnBootPhase_1000_com.android.server.location.LocationManagerService$Lifecycle
05-23 15:35:41.387 711 736 V ActivityManagerTiming: OnBootPhase_1000_com.android.server.location.LocationManagerService$Lifecycle took to complete: 0ms
05-23 15:35:41.387 711 736 D ActivityManagerTiming: OnBootPhase_1000_com.android.server.timezonedetector.TimeZoneDetectorService$Lifecycle
05-23 15:35:41.387 711 736 V ActivityManagerTiming: OnBootPhase_1000_com.android.server.timezonedetector.TimeZoneDetectorService$Lifecycle took to complete: 0ms
05-23 15:35:41.387 711 736 D ActivityManagerTiming: OnBootPhase_1000_com.android.server.location.altitude.AltitudeService$Lifecycle
05-23 15:35:41.387 711 736 V ActivityManagerTiming: OnBootPhase_1000_com.android.server.location.altitude.AltitudeService$Lifecycle took to complete: 0ms
05-23 15:35:41.387 711 736 D ActivityManagerTiming: OnBootPhase_1000_com.android.server.timezonedetector.location.LocationTimeZoneManagerService$Lifecycle
05-23 15:35:41.387 711 736 V ActivityManagerTiming: OnBootPhase_1000_com.android.server.timezonedetector.location.LocationTimeZoneManagerService$Lifecycle took to complete: 0ms
05-23 15:35:41.387 711 736 D ActivityManagerTiming: OnBootPhase_1000_com.android.server.search.SearchManagerService$Lifecycle
05-23 15:35:41.387 711 736 V ActivityManagerTiming: OnBootPhase_1000_com.android.server.search.SearchManagerService$Lifecycle took to complete: 0ms
05-23 15:35:41.387 711 736 D ActivityManagerTiming: OnBootPhase_1000_com.android.server.wallpaper.WallpaperManagerService$Lifecycle
05-23 15:35:41.387 711 736 V ActivityManagerTiming: OnBootPhase_1000_com.android.server.wallpaper.WallpaperManagerService$Lifecycle took to complete: 1ms
05-23 15:35:41.387 711 736 D ActivityManagerTiming: OnBootPhase_1000_com.android.server.wallpapereffectsgeneration.WallpaperEffectsGenerationManagerService
05-23 15:35:41.387 711 736 V ActivityManagerTiming: OnBootPhase_1000_com.android.server.wallpapereffectsgeneration.WallpaperEffectsGenerationManagerService took to complete: 0ms
05-23 15:35:41.387 711 736 D ActivityManagerTiming: OnBootPhase_1000_com.android.server.audio.AudioService$Lifecycle
05-23 15:35:41.387 711 736 V ActivityManagerTiming: OnBootPhase_1000_com.android.server.audio.AudioService$Lifecycle took to complete: 0ms
05-23 15:35:41.388 711 736 D ActivityManagerTiming: OnBootPhase_1000_com.android.server.soundtrigger_middleware.SoundTriggerMiddlewareService$Lifecycle
05-23 15:35:41.388 711 736 V ActivityManagerTiming: OnBootPhase_1000_com.android.server.soundtrigger_middleware.SoundTriggerMiddlewareService$Lifecycle took to complete: 0ms
05-23 15:35:41.388 711 736 D ActivityManagerTiming: OnBootPhase_1000_com.android.server.adb.AdbService$Lifecycle
05-23 15:35:41.388 711 736 V ActivityManagerTiming: OnBootPhase_1000_com.android.server.adb.AdbService$Lifecycle took to complete: 0ms
05-23 15:35:41.388 711 736 D ActivityManagerTiming: OnBootPhase_1000_com.android.server.usb.UsbService$Lifecycle
05-23 15:35:41.388 711 736 V ActivityManagerTiming: OnBootPhase_1000_com.android.server.usb.UsbService$Lifecycle took to complete: 1ms
05-23 15:35:41.388 711 736 D ActivityManagerTiming: OnBootPhase_1000_com.android.server.twilight.TwilightService
05-23 15:35:41.390 711 733 I UsbDeviceManager: Setting USB config to
05-23 15:35:41.391 711 733 D UsbDeviceManager: setUsbConfig(1) request:1
05-23 15:35:41.406 711 736 V ActivityManagerTiming: OnBootPhase_1000_com.android.server.twilight.TwilightService took to complete: 18ms
05-23 15:35:41.407 711 736 D ActivityManagerTiming: OnBootPhase_1000_com.android.server.display.color.ColorDisplayService
05-23 15:35:41.407 711 736 V ActivityManagerTiming: OnBootPhase_1000_com.android.server.display.color.ColorDisplayService took to complete: 0ms
05-23 15:35:41.407 711 736 D ActivityManagerTiming: OnBootPhase_1000_com.android.server.job.JobSchedulerService
05-23 15:35:41.407 711 736 V ActivityManagerTiming: OnBootPhase_1000_com.android.server.job.JobSchedulerService took to complete: 0ms
05-23 15:35:41.407 711 736 D ActivityManagerTiming: OnBootPhase_1000_com.android.server.soundtrigger.SoundTriggerService
05-23 15:35:41.407 711 736 D SoundTriggerService: onBootPhase: 1000 : false
05-23 15:35:41.421 711 736 V ActivityManagerTiming: OnBootPhase_1000_com.android.server.soundtrigger.SoundTriggerService took to complete: 15ms
05-23 15:35:41.421 711 736 D ActivityManagerTiming: OnBootPhase_1000_com.android.server.trust.TrustManagerService
05-23 15:35:41.421 711 736 V ActivityManagerTiming: OnBootPhase_1000_com.android.server.trust.TrustManagerService took to complete: 0ms
05-23 15:35:41.422 711 736 D ActivityManagerTiming: OnBootPhase_1000_com.android.server.backup.BackupManagerService$Lifecycle
05-23 15:35:41.422 711 736 V ActivityManagerTiming: OnBootPhase_1000_com.android.server.backup.BackupManagerService$Lifecycle took to complete: 0ms
05-23 15:35:41.422 711 736 D ActivityManagerTiming: OnBootPhase_1000_com.android.server.appwidget.AppWidgetService
05-23 15:35:41.423 711 736 V ActivityManagerTiming: OnBootPhase_1000_com.android.server.appwidget.AppWidgetService took to complete: 0ms
05-23 15:35:41.423 711 736 D ActivityManagerTiming: OnBootPhase_1000_com.android.server.voiceinteraction.VoiceInteractionManagerService
05-23 15:35:41.423 711 736 V ActivityManagerTiming: OnBootPhase_1000_com.android.server.voiceinteraction.VoiceInteractionManagerService took to complete: 0ms
05-23 15:35:41.423 711 736 D ActivityManagerTiming: OnBootPhase_1000_com.android.server.GestureLauncherService
05-23 15:35:41.423 711 736 V ActivityManagerTiming: OnBootPhase_1000_com.android.server.GestureLauncherService took to complete: 0ms
05-23 15:35:41.423 711 736 D ActivityManagerTiming: OnBootPhase_1000_com.android.server.SensorNotificationService
05-23 15:35:41.425 711 736 D CompatibilityChangeReporter: Compat change id reported: 168936375; UID 1000; state: ENABLED
05-23 15:35:41.425 711 711 W Looper : Slow dispatch took 1393ms main h=android.app.ActivityThread$H c=android.app.LoadedApk$ReceiverDispatcher$Args$$ExternalSyntheticLambda0@ece2a21 m=0
05-23 15:35:41.425 711 736 D CompatibilityChangeReporter: Compat change id reported: 168936375; UID 1000; state: DISABLED
05-23 15:35:41.433 711 736 D CompatibilityChangeReporter: Compat change id reported: 73144566; UID 1000; state: ENABLED
05-23 15:35:41.434 711 736 D CompatibilityChangeReporter: Compat change id reported: 73144566; UID 1000; state: DISABLED
05-23 15:35:41.436 711 736 V ActivityManagerTiming: OnBootPhase_1000_com.android.server.SensorNotificationService took to complete: 12ms
05-23 15:35:41.436 711 736 D ActivityManagerTiming: OnBootPhase_1000_com.android.server.emergency.EmergencyAffordanceService
05-23 15:35:41.436 711 736 V ActivityManagerTiming: OnBootPhase_1000_com.android.server.emergency.EmergencyAffordanceService took to complete: 0ms
05-23 15:35:41.436 711 736 D ActivityManagerTiming: OnBootPhase_1000_com.android.server.blob.BlobStoreManagerService
05-23 15:35:41.442 711 736 V ActivityManagerTiming: OnBootPhase_1000_com.android.server.blob.BlobStoreManagerService took to complete: 7ms
05-23 15:35:41.442 711 736 D ActivityManagerTiming: OnBootPhase_1000_com.android.server.dreams.DreamManagerService
05-23 15:35:41.442 711 736 V ActivityManagerTiming: OnBootPhase_1000_com.android.server.dreams.DreamManagerService took to complete: 0ms
05-23 15:35:41.442 711 736 D ActivityManagerTiming: OnBootPhase_1000_com.android.server.security.AttestationVerificationManagerService
05-23 15:35:41.442 711 736 V ActivityManagerTiming: OnBootPhase_1000_com.android.server.security.AttestationVerificationManagerService took to complete: 0ms
05-23 15:35:41.442 711 736 D ActivityManagerTiming: OnBootPhase_1000_com.android.server.restrictions.RestrictionsManagerService
05-23 15:35:41.442 711 736 V ActivityManagerTiming: OnBootPhase_1000_com.android.server.restrictions.RestrictionsManagerService took to complete: 0ms
05-23 15:35:41.442 711 736 D ActivityManagerTiming: OnBootPhase_1000_com.android.server.media.MediaSessionService
05-23 15:35:41.444 711 736 V ActivityManagerTiming: OnBootPhase_1000_com.android.server.media.MediaSessionService took to complete: 1ms
05-23 15:35:41.444 711 736 D ActivityManagerTiming: OnBootPhase_1000_com.android.server.hdmi.HdmiControlService
05-23 15:35:41.444 711 736 V ActivityManagerTiming: OnBootPhase_1000_com.android.server.hdmi.HdmiControlService took to complete: 1ms
05-23 15:35:41.444 711 736 D ActivityManagerTiming: OnBootPhase_1000_com.android.server.tv.interactive.TvInteractiveAppManagerService
05-23 15:35:41.444 711 736 V ActivityManagerTiming: OnBootPhase_1000_com.android.server.tv.interactive.TvInteractiveAppManagerService took to complete: 0ms
05-23 15:35:41.444 711 736 D ActivityManagerTiming: OnBootPhase_1000_com.android.server.tv.TvInputManagerService
05-23 15:35:41.444 711 736 V ActivityManagerTiming: OnBootPhase_1000_com.android.server.tv.TvInputManagerService took to complete: 0ms
05-23 15:35:41.444 711 736 D ActivityManagerTiming: OnBootPhase_1000_com.android.server.media.MediaResourceMonitorService
05-23 15:35:41.444 711 736 V ActivityManagerTiming: OnBootPhase_1000_com.android.server.media.MediaResourceMonitorService took to complete: 0ms
05-23 15:35:41.444 711 736 D ActivityManagerTiming: OnBootPhase_1000_com.android.server.tv.TvRemoteService
05-23 15:35:41.444 711 736 V ActivityManagerTiming: OnBootPhase_1000_com.android.server.tv.TvRemoteService took to complete: 0ms
05-23 15:35:41.444 711 736 D ActivityManagerTiming: OnBootPhase_1000_com.android.server.biometrics.BiometricService
05-23 15:35:41.444 711 736 V ActivityManagerTiming: OnBootPhase_1000_com.android.server.biometrics.BiometricService took to complete: 0ms
05-23 15:35:41.444 711 736 D ActivityManagerTiming: OnBootPhase_1000_com.android.server.biometrics.AuthService
05-23 15:35:41.444 711 736 V ActivityManagerTiming: OnBootPhase_1000_com.android.server.biometrics.AuthService took to complete: 0ms
05-23 15:35:41.444 711 736 D ActivityManagerTiming: OnBootPhase_1000_com.android.server.pm.ShortcutService$Lifecycle
05-23 15:35:41.444 711 736 V ActivityManagerTiming: OnBootPhase_1000_com.android.server.pm.ShortcutService$Lifecycle took to complete: 0ms
05-23 15:35:41.444 711 736 D ActivityManagerTiming: OnBootPhase_1000_com.android.server.pm.LauncherAppsService
05-23 15:35:41.444 711 736 V ActivityManagerTiming: OnBootPhase_1000_com.android.server.pm.LauncherAppsService took to complete: 0ms
05-23 15:35:41.444 711 736 D ActivityManagerTiming: OnBootPhase_1000_com.android.server.pm.CrossProfileAppsService
05-23 15:35:41.444 711 736 V ActivityManagerTiming: OnBootPhase_1000_com.android.server.pm.CrossProfileAppsService took to complete: 0ms
05-23 15:35:41.444 711 736 D ActivityManagerTiming: OnBootPhase_1000_com.android.server.people.PeopleService
05-23 15:35:41.444 711 736 V ActivityManagerTiming: OnBootPhase_1000_com.android.server.people.PeopleService took to complete: 0ms
05-23 15:35:41.444 711 736 D ActivityManagerTiming: OnBootPhase_1000_com.android.server.media.metrics.MediaMetricsManagerService
05-23 15:35:41.444 711 736 V ActivityManagerTiming: OnBootPhase_1000_com.android.server.media.metrics.MediaMetricsManagerService took to complete: 0ms
05-23 15:35:41.444 711 736 D ActivityManagerTiming: OnBootPhase_1000_com.android.server.pm.BackgroundInstallControlService
05-23 15:35:41.445 711 736 V ActivityManagerTiming: OnBootPhase_1000_com.android.server.pm.BackgroundInstallControlService took to complete: 0ms
05-23 15:35:41.445 711 736 D ActivityManagerTiming: OnBootPhase_1000_com.android.server.media.projection.MediaProjectionManagerService
05-23 15:35:41.445 711 736 V ActivityManagerTiming: OnBootPhase_1000_com.android.server.media.projection.MediaProjectionManagerService took to complete: 0ms
05-23 15:35:41.445 711 736 D ActivityManagerTiming: OnBootPhase_1000_com.android.server.slice.SliceManagerService$Lifecycle
05-23 15:35:41.445 711 736 V ActivityManagerTiming: OnBootPhase_1000_com.android.server.slice.SliceManagerService$Lifecycle took to complete: 0ms
05-23 15:35:41.445 711 736 D ActivityManagerTiming: OnBootPhase_1000_com.android.server.stats.StatsCompanion$Lifecycle
05-23 15:35:41.445 711 736 V ActivityManagerTiming: OnBootPhase_1000_com.android.server.stats.StatsCompanion$Lifecycle took to complete: 0ms
05-23 15:35:41.445 711 736 D ActivityManagerTiming: OnBootPhase_1000_com.android.server.scheduling.RebootReadinessManagerService$Lifecycle
05-23 15:35:41.445 711 736 V ActivityManagerTiming: OnBootPhase_1000_com.android.server.scheduling.RebootReadinessManagerService$Lifecycle took to complete: 0ms
05-23 15:35:41.445 711 736 D ActivityManagerTiming: OnBootPhase_1000_com.android.server.stats.pull.StatsPullAtomService
05-23 15:35:41.445 711 736 V ActivityManagerTiming: OnBootPhase_1000_com.android.server.stats.pull.StatsPullAtomService took to complete: 0ms
05-23 15:35:41.445 711 736 D ActivityManagerTiming: OnBootPhase_1000_com.android.server.stats.bootstrap.StatsBootstrapAtomService$Lifecycle
05-23 15:35:41.445 711 736 V ActivityManagerTiming: OnBootPhase_1000_com.android.server.stats.bootstrap.StatsBootstrapAtomService$Lifecycle took to complete: 0ms
05-23 15:35:41.445 711 736 D ActivityManagerTiming: OnBootPhase_1000_com.android.server.incident.IncidentCompanionService
05-23 15:35:41.445 711 736 V ActivityManagerTiming: OnBootPhase_1000_com.android.server.incident.IncidentCompanionService took to complete: 0ms
05-23 15:35:41.445 711 736 D ActivityManagerTiming: OnBootPhase_1000_com.android.server.sdksandbox.SdkSandboxManagerService$Lifecycle
05-23 15:35:41.445 711 736 V ActivityManagerTiming: OnBootPhase_1000_com.android.server.sdksandbox.SdkSandboxManagerService$Lifecycle took to complete: 0ms
05-23 15:35:41.445 711 736 D ActivityManagerTiming: OnBootPhase_1000_com.android.server.adservices.AdServicesManagerService$Lifecycle
05-23 15:35:41.445 711 736 V ActivityManagerTiming: OnBootPhase_1000_com.android.server.adservices.AdServicesManagerService$Lifecycle took to complete: 0ms
05-23 15:35:41.445 711 736 D ActivityManagerTiming: OnBootPhase_1000_com.android.server.ondevicepersonalization.OnDevicePersonalizationSystemService$Lifecycle
05-23 15:35:41.445 711 736 V ActivityManagerTiming: OnBootPhase_1000_com.android.server.ondevicepersonalization.OnDevicePersonalizationSystemService$Lifecycle took to complete: 0ms
05-23 15:35:41.445 711 736 D ActivityManagerTiming: OnBootPhase_1000_com.android.server.autofill.AutofillManagerService
05-23 15:35:41.445 711 736 V ActivityManagerTiming: OnBootPhase_1000_com.android.server.autofill.AutofillManagerService took to complete: 0ms
05-23 15:35:41.445 711 736 D ActivityManagerTiming: OnBootPhase_1000_com.android.server.clipboard.ClipboardService
05-23 15:35:41.445 711 736 V ActivityManagerTiming: OnBootPhase_1000_com.android.server.clipboard.ClipboardService took to complete: 0ms
05-23 15:35:41.445 711 736 D ActivityManagerTiming: OnBootPhase_1000_com.android.server.appbinding.AppBindingService$Lifecycle
05-23 15:35:41.445 711 736 V ActivityManagerTiming: OnBootPhase_1000_com.android.server.appbinding.AppBindingService$Lifecycle took to complete: 0ms
05-23 15:35:41.445 711 736 D ActivityManagerTiming: OnBootPhase_1000_com.android.server.tracing.TracingServiceProxy
05-23 15:35:41.445 711 736 V ActivityManagerTiming: OnBootPhase_1000_com.android.server.tracing.TracingServiceProxy took to complete: 0ms
05-23 15:35:41.445 711 736 D ActivityManagerTiming: OnBootPhase_1000_com.android.server.policy.PermissionPolicyService
05-23 15:35:41.445 711 736 V ActivityManagerTiming: OnBootPhase_1000_com.android.server.policy.PermissionPolicyService took to complete: 0ms
05-23 15:35:41.445 711 736 D ActivityManagerTiming: OnBootPhase_1000_com.android.server.pm.StagingManager$Lifecycle
05-23 15:35:41.450 711 736 V ActivityManagerTiming: OnBootPhase_1000_com.android.server.pm.StagingManager$Lifecycle took to complete: 4ms
05-23 15:35:41.450 711 736 D ActivityManagerTiming: OnBootPhase_1000_com.android.server.app.GameManagerService$Lifecycle
05-23 15:35:41.450 711 736 D GameManagerService: onBootCompleted
05-23 15:35:41.450 711 736 V GameManagerService: Game loading power mode OFF (game manager service start/restart)
05-23 15:35:41.451 711 736 V GameManagerService: Game power mode OFF (game manager service start/restart)
05-23 15:35:41.452 711 736 V ActivityManagerTiming: OnBootPhase_1000_com.android.server.app.GameManagerService$Lifecycle took to complete: 2ms
05-23 15:35:41.452 711 736 D ActivityManagerTiming: OnBootPhase_1000_com.android.safetycenter.SafetyCenterService
05-23 15:35:41.452 711 736 V ActivityManagerTiming: OnBootPhase_1000_com.android.safetycenter.SafetyCenterService took to complete: 0ms
05-23 15:35:41.452 711 736 D ActivityManagerTiming: OnBootPhase_1000_com.android.server.appsearch.AppSearchModule$Lifecycle
05-23 15:35:41.452 711 736 V ActivityManagerTiming: OnBootPhase_1000_com.android.server.appsearch.AppSearchModule$Lifecycle took to complete: 1ms
05-23 15:35:41.452 711 736 D ActivityManagerTiming: OnBootPhase_1000_com.android.server.media.MediaCommunicationService
05-23 15:35:41.452 711 736 V ActivityManagerTiming: OnBootPhase_1000_com.android.server.media.MediaCommunicationService took to complete: 0ms
05-23 15:35:41.452 711 736 D ActivityManagerTiming: OnBootPhase_1000_com.android.server.compat.overrides.AppCompatOverridesService$Lifecycle
05-23 15:35:41.452 711 736 V ActivityManagerTiming: OnBootPhase_1000_com.android.server.compat.overrides.AppCompatOverridesService$Lifecycle took to complete: 0ms
05-23 15:35:41.452 711 736 D ActivityManagerTiming: OnBootPhase_1000_com.android.server.healthconnect.HealthConnectManagerService
05-23 15:35:41.452 711 736 V ActivityManagerTiming: OnBootPhase_1000_com.android.server.healthconnect.HealthConnectManagerService took to complete: 0ms
05-23 15:35:41.452 711 736 D ActivityManagerTiming: OnBootPhase_1000_com.android.server.devicelock.DeviceLockService
05-23 15:35:41.453 711 736 D DeviceLockService: onBootPhase: 1000
05-23 15:35:41.453 711 736 V ActivityManagerTiming: OnBootPhase_1000_com.android.server.devicelock.DeviceLockService took to complete: 0ms
05-23 15:35:41.453 711 736 V ActivityManagerTiming: OnBootPhase_1000 took to complete: 119ms
05-23 15:35:41.453 711 736 V ActivityManagerTiming: TotalBootTime took to complete: 10526ms
05-23 15:35:41.453 711 736 D SystemServerInitThreadPool: Shutdown requested
05-23 15:35:41.453 711 736 D SystemServerTiming: WaitInitThreadPoolShutdown
05-23 15:35:41.454 1176 1176 W Looper : Slow dispatch took 2024ms main h=android.app.ActivityThread$H c=null m=110
05-23 15:35:41.454 711 736 D SystemServerInitThreadPool: Shutdown successful
05-23 15:35:41.454 711 736 V SystemServerTiming: WaitInitThreadPoolShutdown took to complete: 1ms
05-23 15:35:41.455 1176 1176 W ContextImpl: Calling a method in the system process without a qualified user: android.app.ContextImpl.startService:1899 android.content.ContextWrapper.startService:825 com.droidlogic.DroidlogicApplication$1.handleMessage:93 android.os.Handler.dispatchMessage:106 android.os.Looper.loopOnce:205
05-23 15:35:41.458 711 736 I ActivityManager: User 0 state changed from BOOTING to RUNNING_LOCKED
05-23 15:35:41.464 711 736 I LockSettingsService: Unwrapping synthetic password for unsecured user 0
05-23 15:35:41.485 256 256 D vold : fscrypt_unlock_user_key 0 serial=0
05-23 15:35:41.485 256 256 D vold : Trying user CE key /data/misc/vold/user_keys/ce/0/current
05-23 15:35:41.489 256 256 D vold : Successfully retrieved key
05-23 15:35:41.489 256 256 D vold : Installed fscrypt key with ref 34cb2d20570f09628c76b90271cdb68a to /data
05-23 15:35:41.489 256 256 D vold : Added fscrypt-provisioning key for 34cb2d20570f09628c76b90271cdb68a to session keyring
05-23 15:35:41.489 256 256 D vold : Installed ce key for user 0
05-23 15:35:41.490 711 736 I LockSettingsService: Unlocked CE storage for unsecured user 0
05-23 15:35:41.490 711 736 D SystemServerTiming: finishUserUnlocking-0
05-23 15:35:41.491 711 736 D ActivityManager: Started unlocking user 0
05-23 15:35:41.491 711 736 D ActivityManager: Unlocking user 0 progress 0
05-23 15:35:41.491 711 736 D ActivityManager: Unlocking user 0 progress 5
05-23 15:35:41.491 711 736 V SystemServerTiming: finishUserUnlocking-0 took to complete: 1ms
05-23 15:35:41.491 711 733 D SystemServerTiming: UM.onBeforeUnlockUser-0
05-23 15:35:41.492 711 733 D SystemServerTiming: prepareUserData-0
05-23 15:35:41.492 256 256 D vold : fscrypt_prepare_user_storage for volume null, user 0, serial 0, flags 2
05-23 15:35:41.492 256 256 D vold : Preparing: /data/system_ce/0
05-23 15:35:41.493 256 256 I vold : Verified that /data/system_ce/0 has the encryption policy 34cb2d20570f09628c76b90271cdb68a v2 modes 1/4 flags 0xa
05-23 15:35:41.493 256 256 D vold : Preparing: /data/vendor_ce/0
05-23 15:35:41.495 256 256 I vold : Verified that /data/vendor_ce/0 has the encryption policy 34cb2d20570f09628c76b90271cdb68a v2 modes 1/4 flags 0xa
05-23 15:35:41.495 256 256 D vold : Preparing: /data/media/0
05-23 15:35:41.497 256 256 I vold : Verified that /data/media/0 has the encryption policy 34cb2d20570f09628c76b90271cdb68a v2 modes 1/4 flags 0xa
05-23 15:35:41.497 256 256 D vold : Preparing: /data/misc_ce/0
05-23 15:35:41.498 256 256 I vold : Verified that /data/misc_ce/0 has the encryption policy 34cb2d20570f09628c76b90271cdb68a v2 modes 1/4 flags 0xa
05-23 15:35:41.498 256 256 D vold : Preparing: /data/user/0
05-23 15:35:41.499 256 256 I vold : Verified that /data/user/0 has the encryption policy 34cb2d20570f09628c76b90271cdb68a v2 modes 1/4 flags 0xa
05-23 15:35:41.499 256 256 D vold : Starting restorecon of /data/system_ce/0
05-23 15:35:41.504 256 256 D vold : Finished restorecon of /data/system_ce/0
05-23 15:35:41.504 256 256 D vold : Starting restorecon of /data/vendor_ce/0
05-23 15:35:41.505 711 736 V ActivityManagerTiming: FinishBooting took to complete: 176ms
05-23 15:35:41.506 711 736 V WindowManager: app ------------- force_land :0
05-23 15:35:41.509 256 256 D vold : Finished restorecon of /data/vendor_ce/0
05-23 15:35:41.509 256 256 D vold : Starting restorecon of /data/misc_ce/0
05-23 15:35:41.510 711 736 V WindowManager: app ------------- force_land :0
05-23 15:35:41.510 711 736 D ColorDisplayService: setUp: currentUser=0
05-23 15:35:41.517 256 256 D vold : Finished restorecon of /data/misc_ce/0
05-23 15:35:41.517 256 256 D vold : /system/bin/vold_prepare_subdirs
05-23 15:35:41.517 256 256 D vold : prepare
05-23 15:35:41.517 256 256 D vold :
05-23 15:35:41.517 256 256 D vold : 0
05-23 15:35:41.517 256 256 D vold : 2
05-23 15:35:41.529 711 744 I ActivityManager: com.android.devicelockcontroller is exempt from freezer
05-23 15:35:41.529 711 744 D CompatibilityChangeReporter: Compat change id reported: 135634846; UID 10058; state: DISABLED
05-23 15:35:41.530 711 744 D CompatibilityChangeReporter: Compat change id reported: 177438394; UID 10058; state: DISABLED
05-23 15:35:41.530 711 744 D CompatibilityChangeReporter: Compat change id reported: 135772972; UID 10058; state: DISABLED
05-23 15:35:41.530 711 744 D CompatibilityChangeReporter: Compat change id reported: 135754954; UID 10058; state: ENABLED
05-23 15:35:41.531 711 745 D CompatibilityChangeReporter: Compat change id reported: 143937733; UID 10058; state: ENABLED
05-23 15:35:41.548 711 745 I ActivityManager: Start proc 1405:com.android.devicelockcontroller/u0a58 for broadcast {com.android.devicelockcontroller/com.android.devicelockcontroller.receivers.LockedBootCompletedReceiver}
05-23 15:35:41.614 711 1112 D CompatibilityChangeReporter: Compat change id reported: 168419799; UID 10058; state: DISABLED
05-23 15:35:41.614 711 1112 D CompatibilityChangeReporter: Compat change id reported: 273564678; UID 10058; state: DISABLED
05-23 15:35:41.628 711 1392 W AdbDebuggingManager: Read failed with count -1
05-23 15:35:41.629 711 1392 E AdbDebuggingManager: Caught an exception opening the socket: java.io.IOException: Connection refused
05-23 15:35:41.630 711 796 D CompatibilityChangeReporter: Compat change id reported: 265195908; UID 10058; state: ENABLED
05-23 15:35:41.645 711 1112 D CompatibilityChangeReporter: Compat change id reported: 170503758; UID 10058; state: ENABLED
05-23 15:35:41.658 711 711 W Looper : Slow dispatch took 232ms main h=android.app.ActivityThread$H c=android.app.LoadedApk$ReceiverDispatcher$Args$$ExternalSyntheticLambda0@703dd67 m=0
05-23 15:35:41.659 711 711 D HdmiControlService: Switching to full volume behavior
05-23 15:35:41.659 711 711 D HdmiControlService: Switching to full volume behavior
05-23 15:35:41.660 711 711 D AutofillManagerService: Restriction did not change for user 0
05-23 15:35:41.667 711 711 I ExplicitHealthCheckController: Explicit health check service is connected ComponentInfo{android.ext.services/android.ext.services.watchdog.ExplicitHealthCheckServiceImpl}
05-23 15:35:41.668 711 711 I ExplicitHealthCheckController: Service initialized, syncing requests
05-23 15:35:41.676 711 711 V NotificationAssistants: 0 notification assistant service connected: ComponentInfo{android.ext.services/android.ext.services.notification.Assistant}
05-23 15:35:41.736 711 733 V UserDataPreparer: Found /data/user/0 with serial number 0
05-23 15:35:41.737 711 733 V UserDataPreparer: Found /data/system_ce/0 with serial number 0
05-23 15:35:41.738 711 733 D UserDataPreparer: Setting property: sys.user.0.ce_available=true
05-23 15:35:41.739 711 733 V SystemServerTiming: prepareUserData-0 took to complete: 247ms
05-23 15:35:41.739 711 733 D SystemServerTiming: reconcileAppsData-0
05-23 15:35:41.739 711 733 V PackageManager: reconcileAppsData for null u0 0x2 migrateAppData=false
05-23 15:35:41.742 711 733 W PackageManager: Skipping preparing app data for com.android.configinfrastructure
05-23 15:35:41.743 711 733 W PackageManager: Skipping preparing app data for com.android.appsearch
05-23 15:35:41.743 711 733 W PackageManager: Skipping preparing app data for com.android.adservices
05-23 15:35:41.743 711 733 W PackageManager: Skipping preparing app data for com.android.scheduling
05-23 15:35:41.743 711 733 W PackageManager: Skipping preparing app data for com.google.android.widevine.nonupdatable
05-23 15:35:41.743 711 733 W PackageManager: Skipping preparing app data for com.android.permission
05-23 15:35:41.743 711 733 W PackageManager: Skipping preparing app data for com.android.art
05-23 15:35:41.743 711 733 W PackageManager: Skipping preparing app data for com.android.uwb
05-23 15:35:41.743 711 733 W PackageManager: Skipping preparing app data for com.android.tethering
05-23 15:35:41.744 711 733 W PackageManager: Skipping preparing app data for com.android.btservices
05-23 15:35:41.744 711 733 W PackageManager: Skipping preparing app data for com.android.media.swcodec
05-23 15:35:41.744 711 733 W PackageManager: Skipping preparing app data for com.android.conscrypt
05-23 15:35:41.744 711 733 W PackageManager: Skipping preparing app data for com.android.adbd
05-23 15:35:41.744 711 733 W PackageManager: Skipping preparing app data for com.android.i18n
05-23 15:35:41.744 711 733 W PackageManager: Skipping preparing app data for com.android.rkpd
05-23 15:35:41.744 711 733 W PackageManager: Skipping preparing app data for com.android.virt
05-23 15:35:41.744 711 733 W PackageManager: Skipping preparing app data for com.android.wifi
05-23 15:35:41.744 711 733 W PackageManager: Skipping preparing app data for com.android.runtime
05-23 15:35:41.744 711 733 W PackageManager: Skipping preparing app data for com.android.devicelock
05-23 15:35:41.744 711 733 W PackageManager: Skipping preparing app data for com.android.apex.cts.shim
05-23 15:35:41.744 711 733 W PackageManager: Skipping preparing app data for com.android.neuralnetworks
05-23 15:35:41.744 711 733 W PackageManager: Skipping preparing app data for com.android.healthfitness
05-23 15:35:41.745 711 733 W PackageManager: Skipping preparing app data for com.android.resolv
05-23 15:35:41.745 711 733 W PackageManager: Skipping preparing app data for com.android.sdkext
05-23 15:35:41.745 711 733 W PackageManager: Skipping preparing app data for com.android.tzdata
05-23 15:35:41.745 711 733 W PackageManager: Skipping preparing app data for com.android.vndk.v34
05-23 15:35:41.745 711 733 W PackageManager: Skipping preparing app data for com.android.os.statsd
05-23 15:35:41.745 711 733 W PackageManager: Skipping preparing app data for com.android.extservices
05-23 15:35:41.745 711 733 W PackageManager: Skipping preparing app data for com.amlogic.mediaextractor
05-23 15:35:41.745 711 733 W PackageManager: Skipping preparing app data for com.android.ipsec
05-23 15:35:41.745 711 733 W PackageManager: Skipping preparing app data for com.android.media
05-23 15:35:41.745 711 733 W PackageManager: Skipping preparing app data for com.android.sdksandbox
05-23 15:35:41.745 711 733 W PackageManager: Skipping preparing app data for com.android.mediaprovider
05-23 15:35:41.745 711 733 W PackageManager: Skipping preparing app data for com.android.ondevicepersonalization
05-23 15:35:41.764 711 711 D HDMI : AVR did not respond to
05-23 15:35:41.768 711 711 D HDMI : [R]: 0F:87:6D:74:6B
05-23 15:35:41.771 711 711 D HDMI : [R]: 04:8C
05-23 15:35:41.772 711 711 I HDMI : screen state is changing to 0
05-23 15:35:41.778 711 711 D HDMI : [R]: 04:90:00
05-23 15:35:41.781 711 711 D HDMI : queryDisplayStatus status=0
05-23 15:35:41.781 711 711 D AudioService: onStatusChange cecEnabled:true available:true
05-23 15:35:41.782 711 711 D HDMI : queryDisplayStatus status=0
05-23 15:35:41.782 711 711 D AudioService: onStatusChange cecEnabled:true available:true
05-23 15:35:41.783 711 711 I HdmiControlService: bootCompleted
05-23 15:35:41.785 711 711 I PackageWatchdog: Syncing health check requests for packages: {}
05-23 15:35:41.785 711 711 D ExplicitHealthCheckController: Getting health check supported packages
05-23 15:35:41.788 711 711 D HdmiControlService: Switching to full volume behavior
05-23 15:35:41.790 711 711 W Looper : Drained
05-23 15:35:41.790 711 1105 I ExplicitHealthCheckController: Explicit health check supported packages [PackageConfig{com.android.networkstack, 86400000}]
05-23 15:35:41.790 711 1105 D PackageWatchdog: Received supported packages [PackageConfig{com.android.networkstack, 86400000}]
05-23 15:35:41.790 711 1105 D ExplicitHealthCheckController: Getting health check requested packages
05-23 15:35:41.792 1405 1405 I DeviceLockControllerApplication: onCreate
05-23 15:35:41.793 711 1105 I ExplicitHealthCheckController: Explicit health check requested packages []
05-23 15:35:41.794 711 1105 I ExplicitHealthCheckController: No more health check requests, unbinding...
05-23 15:35:41.795 711 823 W BroadcastLoopers: Found previously unknown looper Thread[BluetoothManagerService,5,main]
05-23 15:35:41.795 711 1105 D CompatibilityChangeReporter: Compat change id reported: 261072174; UID 1000; state: ENABLED
05-23 15:35:41.798 711 1105 I ExplicitHealthCheckController: Explicit health check service is unbound
05-23 15:35:41.807 1405 1405 I DeviceStateControllerImpl: Starting state is 0
05-23 15:35:41.811 1405 1405 I UserRestrictionsPolicyHandler: Build type DEBUG = true
05-23 15:35:41.817 1405 1405 D DevicePolicyControllerImpl: onStateChanged (0)
05-23 15:35:41.818 1405 1405 V UserRestrictionsPolicyHandler: Setting restrictions for 0
05-23 15:35:41.836 711 1040 D CompatibilityChangeReporter: Compat change id reported: 261072174; UID 10058; state: ENABLED
05-23 15:35:41.844 1405 1405 D SetupParametersService: onCreate
05-23 15:35:41.847 1405 1405 D LockedBootCompletedReceiver: Locked Boot completed
05-23 15:35:41.849 1405 1446 I DlcClient: Binding com.android.devicelockcontroller/.storage.SetupParametersService
05-23 15:35:41.855 1405 1452 D PackagePolicyHandler: Kiosk package is not set for state: 0
05-23 15:35:41.862 1405 1405 I DeviceLockControllerApplication: Policies enforced
05-23 15:35:41.968 711 1059 D PackageManager: Instant App installer not found with android.intent.action.INSTALL_INSTANT_APP_PACKAGE
05-23 15:35:41.969 711 1059 D PackageManager: Clear ephemeral installer activity
05-23 15:35:41.990 711 711 W NotificationHistory: Attempted to add notif for locked/gone/disabled user 0
05-23 15:35:42.003 711 1040 D PackageManager: Instant App installer not found with android.intent.action.INSTALL_INSTANT_APP_PACKAGE
05-23 15:35:42.003 711 1040 D PackageManager: Clear ephemeral installer activity
05-23 15:35:42.005 711 1040 D PackageManager: Instant App installer not found with android.intent.action.INSTALL_INSTANT_APP_PACKAGE
05-23 15:35:42.005 711 1040 D PackageManager: Clear ephemeral installer activity
05-23 15:35:42.009 711 1040 D PackageManager: Instant App installer not found with android.intent.action.INSTALL_INSTANT_APP_PACKAGE
05-23 15:35:42.010 711 1040 D PackageManager: Clear ephemeral installer activity
05-23 15:35:42.012 711 1040 D PackageManager: Instant App installer not found with android.intent.action.INSTALL_INSTANT_APP_PACKAGE
05-23 15:35:42.012 711 1040 D PackageManager: Clear ephemeral installer activity
05-23 15:35:42.014 711 1040 D PackageManager: Instant App installer not found with android.intent.action.INSTALL_INSTANT_APP_PACKAGE
05-23 15:35:42.014 711 1040 D PackageManager: Clear ephemeral installer activity
05-23 15:35:42.016 711 1040 D PackageManager: Instant App installer not found with android.intent.action.INSTALL_INSTANT_APP_PACKAGE
05-23 15:35:42.017 711 1040 D PackageManager: Clear ephemeral installer activity
05-23 15:35:42.022 1158 1464 D ActivityThread: Loading provider com.android.bluetooth.opp: com.android.bluetooth.opp.BluetoothOppProvider
05-23 15:35:42.138 711 733 V PackageManager: reconcileAppsData finished 145 packages
05-23 15:35:42.138 711 733 V SystemServerTiming: reconcileAppsData-0 took to complete: 399ms
05-23 15:35:42.138 711 733 V SystemServerTiming: UM.onBeforeUnlockUser-0 took to complete: 647ms
05-23 15:35:42.139 711 733 I ActivityManager: User 0 state changed from RUNNING_LOCKED to RUNNING_UNLOCKING
05-23 15:35:42.139 711 733 D ActivityManager: Unlocking user 0 progress 20
05-23 15:35:42.140 711 733 W Looper : Slow dispatch took 648ms android.fg h=android.os.Handler c=com.android.server.am.UserController$$ExternalSyntheticLambda2@4855ff9 m=0
05-23 15:35:42.140 711 733 W Looper : Slow delivery took 648ms android.fg h=android.os.Handler c=com.android.server.am.UserController$$ExternalSyntheticLambda9@39deb3e m=0
05-23 15:35:42.140 711 744 D SystemServerTimingAsync: ssm.UnlockingUser-0
05-23 15:35:42.140 711 744 I SystemServiceManager: Calling onUnlockingUser 0
05-23 15:35:42.140 711 744 D SystemServerTimingAsync: ssm.onUnlockingUser-0_com.android.server.security.FileIntegrityService
05-23 15:35:42.140 711 744 V SystemServerTimingAsync: ssm.onUnlockingUser-0_com.android.server.security.FileIntegrityService took to complete: 0ms
05-23 15:35:42.140 711 744 D SystemServerTimingAsync: ssm.onUnlockingUser-0_com.android.server.pm.Installer
05-23 15:35:42.140 711 744 V SystemServerTimingAsync: ssm.onUnlockingUser-0_com.android.server.pm.Installer took to complete: 0ms
05-23 15:35:42.140 711 744 D SystemServerTimingAsync: ssm.onUnlockingUser-0_com.android.server.os.DeviceIdentifiersPolicyService
05-23 15:35:42.140 711 744 V SystemServerTimingAsync: ssm.onUnlockingUser-0_com.android.server.os.DeviceIdentifiersPolicyService took to complete: 0ms
05-23 15:35:42.140 711 744 D SystemServerTimingAsync: ssm.onUnlockingUser-0_com.android.server.flags.FeatureFlagsService
05-23 15:35:42.140 711 744 V SystemServerTimingAsync: ssm.onUnlockingUser-0_com.android.server.flags.FeatureFlagsService took to complete: 0ms
05-23 15:35:42.140 711 744 D SystemServerTimingAsync: ssm.onUnlockingUser-0_com.android.server.uri.UriGrantsManagerService$Lifecycle
05-23 15:35:42.140 711 744 V SystemServerTimingAsync: ssm.onUnlockingUser-0_com.android.server.uri.UriGrantsManagerService$Lifecycle took to complete: 0ms
05-23 15:35:42.140 711 744 D SystemServerTimingAsync: ssm.onUnlockingUser-0_com.android.server.powerstats.PowerStatsService
05-23 15:35:42.140 711 744 V SystemServerTimingAsync: ssm.onUnlockingUser-0_com.android.server.powerstats.PowerStatsService took to complete: 0ms
05-23 15:35:42.140 711 744 D SystemServerTimingAsync: ssm.onUnlockingUser-0_com.android.server.permission.access.AccessCheckingService
05-23 15:35:42.140 711 744 V SystemServerTimingAsync: ssm.onUnlockingUser-0_com.android.server.permission.access.AccessCheckingService took to complete: 0ms
05-23 15:35:42.140 711 744 D SystemServerTimingAsync: ssm.onUnlockingUser-0_com.android.server.wm.ActivityTaskManagerService$Lifecycle
05-23 15:35:42.140 711 744 V SystemServerTimingAsync: ssm.onUnlockingUser-0_com.android.server.wm.ActivityTaskManagerService$Lifecycle took to complete: 0ms
05-23 15:35:42.140 711 744 D SystemServerTimingAsync: ssm.onUnlockingUser-0_com.android.server.am.ActivityManagerService$Lifecycle
05-23 15:35:42.140 711 744 V SystemServerTimingAsync: ssm.onUnlockingUser-0_com.android.server.am.ActivityManagerService$Lifecycle took to complete: 0ms
05-23 15:35:42.140 711 752 I BroadcastQueue: BOOT_COMPLETED_BROADCAST_COMPLETION_LATENCY_REPORTED action:android.intent.action.LOCKED_BOOT_COMPLETED dispatchLatency:32 completeLatency:678 dispatchRealLatency:32 completeRealLatency:678 receiversSize:4 userId:0 userType:android.os.usertype.full.SYSTEM
05-23 15:35:42.140 711 744 D SystemServerTimingAsync: ssm.onUnlockingUser-0_com.android.server.pm.DataLoaderManagerService
05-23 15:35:42.140 711 744 V SystemServerTimingAsync: ssm.onUnlockingUser-0_com.android.server.pm.DataLoaderManagerService took to complete: 0ms
05-23 15:35:42.140 711 744 D SystemServerTimingAsync: ssm.onUnlockingUser-0_com.android.server.power.PowerManagerService
05-23 15:35:42.142 711 733 W Looper : Drained
05-23 15:35:42.142 711 744 V SystemServerTimingAsync: ssm.onUnlockingUser-0_com.android.server.power.PowerManagerService took to complete: 0ms
05-23 15:35:42.142 711 744 D SystemServerTimingAsync: ssm.onUnlockingUser-0_com.android.server.power.ThermalManagerService
05-23 15:35:42.142 711 744 V SystemServerTimingAsync: ssm.onUnlockingUser-0_com.android.server.power.ThermalManagerService took to complete: 0ms
05-23 15:35:42.142 711 744 D SystemServerTimingAsync: ssm.onUnlockingUser-0_com.android.server.power.hint.HintManagerService
05-23 15:35:42.142 711 744 V SystemServerTimingAsync: ssm.onUnlockingUser-0_com.android.server.power.hint.HintManagerService took to complete: 0ms
05-23 15:35:42.142 711 744 D SystemServerTimingAsync: ssm.onUnlockingUser-0_com.android.server.recoverysystem.RecoverySystemService$Lifecycle
05-23 15:35:42.142 711 744 V SystemServerTimingAsync: ssm.onUnlockingUser-0_com.android.server.recoverysystem.RecoverySystemService$Lifecycle took to complete: 0ms
05-23 15:35:42.142 711 744 D SystemServerTimingAsync: ssm.onUnlockingUser-0_com.android.server.lights.LightsService
05-23 15:35:42.142 711 744 V SystemServerTimingAsync: ssm.onUnlockingUser-0_com.android.server.lights.LightsService took to complete: 0ms
05-23 15:35:42.142 711 744 D SystemServerTimingAsync: ssm.onUnlockingUser-0_com.android.server.display.DisplayManagerService
05-23 15:35:42.142 711 744 V SystemServerTimingAsync: ssm.onUnlockingUser-0_com.android.server.display.DisplayManagerService took to complete: 0ms
05-23 15:35:42.142 711 744 D SystemServerTimingAsync: ssm.onUnlockingUser-0_com.android.server.pm.verify.domain.DomainVerificationService
05-23 15:35:42.142 711 744 V SystemServerTimingAsync: ssm.onUnlockingUser-0_com.android.server.pm.verify.domain.DomainVerificationService took to complete: 0ms
05-23 15:35:42.142 711 744 D SystemServerTimingAsync: ssm.onUnlockingUser-0_com.android.server.pm.PackageInstallerService$Lifecycle
05-23 15:35:42.142 711 744 V SystemServerTimingAsync: ssm.onUnlockingUser-0_com.android.server.pm.PackageInstallerService$Lifecycle took to complete: 0ms
05-23 15:35:42.142 711 744 D SystemServerTimingAsync: ssm.onUnlockingUser-0_com.android.server.pm.UserManagerService$LifeCycle
05-23 15:35:42.142 711 744 V SystemServerTimingAsync: ssm.onUnlockingUser-0_com.android.server.pm.UserManagerService$LifeCycle took to complete: 0ms
05-23 15:35:42.142 711 744 D SystemServerTimingAsync: ssm.onUnlockingUser-0_com.android.server.om.OverlayManagerService
05-23 15:35:42.142 711 744 V SystemServerTimingAsync: ssm.onUnlockingUser-0_com.android.server.om.OverlayManagerService took to complete: 0ms
05-23 15:35:42.142 711 744 D SystemServerTimingAsync: ssm.onUnlockingUser-0_com.android.server.resources.ResourcesManagerService
05-23 15:35:42.142 711 744 V SystemServerTimingAsync: ssm.onUnlockingUser-0_com.android.server.resources.ResourcesManagerService took to complete: 0ms
05-23 15:35:42.142 711 744 D SystemServerTimingAsync: ssm.onUnlockingUser-0_com.android.server.sensorprivacy.SensorPrivacyService
05-23 15:35:42.142 711 744 V SystemServerTimingAsync: ssm.onUnlockingUser-0_com.android.server.sensorprivacy.SensorPrivacyService took to complete: 0ms
