05-23 15:35:35.884 711 711 V SystemServerTiming: OnBootPhase_520_com.android.server.NetworkStatsServiceInitializer took to complete: 0ms
05-23 15:35:35.884 711 711 D SystemServerTiming: OnBootPhase_520_com.android.server.wifi.WifiService
05-23 15:35:35.884 711 711 V SystemServerTiming: OnBootPhase_520_com.android.server.wifi.WifiService took to complete: 0ms
05-23 15:35:35.884 711 711 D SystemServerTiming: OnBootPhase_520_com.android.server.wifi.scanner.WifiScanningService
05-23 15:35:35.884 711 711 V SystemServerTiming: OnBootPhase_520_com.android.server.wifi.scanner.WifiScanningService took to complete: 0ms
05-23 15:35:35.884 711 711 D SystemServerTiming: OnBootPhase_520_com.android.server.wifi.p2p.WifiP2pService
05-23 15:35:35.884 711 711 V SystemServerTiming: OnBootPhase_520_com.android.server.wifi.p2p.WifiP2pService took to complete: 0ms
05-23 15:35:35.884 711 711 D SystemServerTiming: OnBootPhase_520_com.android.server.ConnectivityServiceInitializer
05-23 15:35:35.884 711 711 V SystemServerTiming: OnBootPhase_520_com.android.server.ConnectivityServiceInitializer took to complete: 0ms
05-23 15:35:35.884 711 711 D SystemServerTiming: OnBootPhase_520_com.android.server.notification.NotificationManagerService
05-23 15:35:35.893 711 711 V SystemServerTiming: OnBootPhase_520_com.android.server.notification.NotificationManagerService took to complete: 9ms
05-23 15:35:35.893 711 711 D SystemServerTiming: OnBootPhase_520_com.android.server.storage.DeviceStorageMonitorService
05-23 15:35:35.894 711 711 V SystemServerTiming: OnBootPhase_520_com.android.server.storage.DeviceStorageMonitorService took to complete: 0ms
05-23 15:35:35.894 711 711 D SystemServerTiming: OnBootPhase_520_com.android.server.timedetector.TimeDetectorService$Lifecycle
05-23 15:35:35.894 711 711 V SystemServerTiming: OnBootPhase_520_com.android.server.timedetector.TimeDetectorService$Lifecycle took to complete: 0ms
05-23 15:35:35.894 711 711 D SystemServerTiming: OnBootPhase_520_com.android.server.location.LocationManagerService$Lifecycle
05-23 15:35:35.894 711 711 V SystemServerTiming: OnBootPhase_520_com.android.server.location.LocationManagerService$Lifecycle took to complete: 0ms
05-23 15:35:35.894 711 711 D SystemServerTiming: OnBootPhase_520_com.android.server.timezonedetector.TimeZoneDetectorService$Lifecycle
05-23 15:35:35.894 711 711 V SystemServerTiming: OnBootPhase_520_com.android.server.timezonedetector.TimeZoneDetectorService$Lifecycle took to complete: 0ms
05-23 15:35:35.894 711 711 D SystemServerTiming: OnBootPhase_520_com.android.server.location.altitude.AltitudeService$Lifecycle
05-23 15:35:35.894 711 711 V SystemServerTiming: OnBootPhase_520_com.android.server.location.altitude.AltitudeService$Lifecycle took to complete: 0ms
05-23 15:35:35.894 711 711 D SystemServerTiming: OnBootPhase_520_com.android.server.timezonedetector.location.LocationTimeZoneManagerService$Lifecycle
05-23 15:35:35.894 711 711 V SystemServerTiming: OnBootPhase_520_com.android.server.timezonedetector.location.LocationTimeZoneManagerService$Lifecycle took to complete: 0ms
05-23 15:35:35.894 711 711 D SystemServerTiming: OnBootPhase_520_com.android.server.search.SearchManagerService$Lifecycle
05-23 15:35:35.894 711 711 V SystemServerTiming: OnBootPhase_520_com.android.server.search.SearchManagerService$Lifecycle took to complete: 0ms
05-23 15:35:35.894 711 711 D SystemServerTiming: OnBootPhase_520_com.android.server.wallpaper.WallpaperManagerService$Lifecycle
05-23 15:35:35.894 711 711 V SystemServerTiming: OnBootPhase_520_com.android.server.wallpaper.WallpaperManagerService$Lifecycle took to complete: 1ms
05-23 15:35:35.894 711 711 D SystemServerTiming: OnBootPhase_520_com.android.server.wallpapereffectsgeneration.WallpaperEffectsGenerationManagerService
05-23 15:35:35.894 711 711 V SystemServerTiming: OnBootPhase_520_com.android.server.wallpapereffectsgeneration.WallpaperEffectsGenerationManagerService took to complete: 0ms
05-23 15:35:35.894 711 711 D SystemServerTiming: OnBootPhase_520_com.android.server.audio.AudioService$Lifecycle
05-23 15:35:35.894 711 711 V SystemServerTiming: OnBootPhase_520_com.android.server.audio.AudioService$Lifecycle took to complete: 0ms
05-23 15:35:35.894 711 711 D SystemServerTiming: OnBootPhase_520_com.android.server.soundtrigger_middleware.SoundTriggerMiddlewareService$Lifecycle
05-23 15:35:35.894 711 711 V SystemServerTiming: OnBootPhase_520_com.android.server.soundtrigger_middleware.SoundTriggerMiddlewareService$Lifecycle took to complete: 0ms
05-23 15:35:35.895 711 711 D SystemServerTiming: OnBootPhase_520_com.android.server.adb.AdbService$Lifecycle
05-23 15:35:35.895 711 711 V SystemServerTiming: OnBootPhase_520_com.android.server.adb.AdbService$Lifecycle took to complete: 0ms
05-23 15:35:35.895 711 711 D SystemServerTiming: OnBootPhase_520_com.android.server.usb.UsbService$Lifecycle
05-23 15:35:35.895 711 711 V SystemServerTiming: OnBootPhase_520_com.android.server.usb.UsbService$Lifecycle took to complete: 0ms
05-23 15:35:35.895 711 711 D SystemServerTiming: OnBootPhase_520_com.android.server.twilight.TwilightService
05-23 15:35:35.895 711 711 V SystemServerTiming: OnBootPhase_520_com.android.server.twilight.TwilightService took to complete: 0ms
05-23 15:35:35.895 711 711 D SystemServerTiming: OnBootPhase_520_com.android.server.display.color.ColorDisplayService
05-23 15:35:35.895 711 711 V SystemServerTiming: OnBootPhase_520_com.android.server.display.color.ColorDisplayService took to complete: 0ms
05-23 15:35:35.895 711 711 D SystemServerTiming: OnBootPhase_520_com.android.server.job.JobSchedulerService
05-23 15:35:35.895 711 711 V SystemServerTiming: OnBootPhase_520_com.android.server.job.JobSchedulerService took to complete: 0ms
05-23 15:35:35.895 711 711 D SystemServerTiming: OnBootPhase_520_com.android.server.soundtrigger.SoundTriggerService
05-23 15:35:35.895 711 711 D SoundTriggerService: onBootPhase: 520 : false
05-23 15:35:35.895 711 711 V SystemServerTiming: OnBootPhase_520_com.android.server.soundtrigger.SoundTriggerService took to complete: 1ms
05-23 15:35:35.895 711 711 D SystemServerTiming: OnBootPhase_520_com.android.server.trust.TrustManagerService
05-23 15:35:35.895 711 711 V SystemServerTiming: OnBootPhase_520_com.android.server.trust.TrustManagerService took to complete: 0ms
05-23 15:35:35.895 711 711 D SystemServerTiming: OnBootPhase_520_com.android.server.backup.BackupManagerService$Lifecycle
05-23 15:35:35.895 711 711 V SystemServerTiming: OnBootPhase_520_com.android.server.backup.BackupManagerService$Lifecycle took to complete: 0ms
05-23 15:35:35.895 711 711 D SystemServerTiming: OnBootPhase_520_com.android.server.appwidget.AppWidgetService
05-23 15:35:35.895 711 711 V SystemServerTiming: OnBootPhase_520_com.android.server.appwidget.AppWidgetService took to complete: 0ms
05-23 15:35:35.895 711 711 D SystemServerTiming: OnBootPhase_520_com.android.server.voiceinteraction.VoiceInteractionManagerService
05-23 15:35:35.895 711 711 V SystemServerTiming: OnBootPhase_520_com.android.server.voiceinteraction.VoiceInteractionManagerService took to complete: 0ms
05-23 15:35:35.895 711 711 D SystemServerTiming: OnBootPhase_520_com.android.server.GestureLauncherService
05-23 15:35:35.895 711 711 V SystemServerTiming: OnBootPhase_520_com.android.server.GestureLauncherService took to complete: 0ms
05-23 15:35:35.895 711 711 D SystemServerTiming: OnBootPhase_520_com.android.server.SensorNotificationService
05-23 15:35:35.895 711 711 V SystemServerTiming: OnBootPhase_520_com.android.server.SensorNotificationService took to complete: 0ms
05-23 15:35:35.896 711 711 D SystemServerTiming: OnBootPhase_520_com.android.server.emergency.EmergencyAffordanceService
05-23 15:35:35.896 711 711 V SystemServerTiming: OnBootPhase_520_com.android.server.emergency.EmergencyAffordanceService took to complete: 0ms
05-23 15:35:35.896 711 711 D SystemServerTiming: OnBootPhase_520_com.android.server.blob.BlobStoreManagerService
05-23 15:35:35.896 711 711 V SystemServerTiming: OnBootPhase_520_com.android.server.blob.BlobStoreManagerService took to complete: 0ms
05-23 15:35:35.896 711 711 D SystemServerTiming: OnBootPhase_520_com.android.server.dreams.DreamManagerService
05-23 15:35:35.896 711 711 V SystemServerTiming: OnBootPhase_520_com.android.server.dreams.DreamManagerService took to complete: 0ms
05-23 15:35:35.896 711 711 D SystemServerTiming: OnBootPhase_520_com.android.server.security.AttestationVerificationManagerService
05-23 15:35:35.896 711 711 V SystemServerTiming: OnBootPhase_520_com.android.server.security.AttestationVerificationManagerService took to complete: 0ms
05-23 15:35:35.896 711 711 D SystemServerTiming: OnBootPhase_520_com.android.server.restrictions.RestrictionsManagerService
05-23 15:35:35.896 711 711 V SystemServerTiming: OnBootPhase_520_com.android.server.restrictions.RestrictionsManagerService took to complete: 0ms
05-23 15:35:35.896 711 711 D SystemServerTiming: OnBootPhase_520_com.android.server.media.MediaSessionService
05-23 15:35:35.896 711 711 V SystemServerTiming: OnBootPhase_520_com.android.server.media.MediaSessionService took to complete: 0ms
05-23 15:35:35.896 711 711 D SystemServerTiming: OnBootPhase_520_com.android.server.hdmi.HdmiControlService
05-23 15:35:35.896 711 711 V SystemServerTiming: OnBootPhase_520_com.android.server.hdmi.HdmiControlService took to complete: 0ms
05-23 15:35:35.896 711 711 D SystemServerTiming: OnBootPhase_520_com.android.server.tv.interactive.TvInteractiveAppManagerService
05-23 15:35:35.896 711 711 V SystemServerTiming: OnBootPhase_520_com.android.server.tv.interactive.TvInteractiveAppManagerService took to complete: 0ms
05-23 15:35:35.896 711 711 D SystemServerTiming: OnBootPhase_520_com.android.server.tv.TvInputManagerService
05-23 15:35:35.896 711 711 V SystemServerTiming: OnBootPhase_520_com.android.server.tv.TvInputManagerService took to complete: 0ms
05-23 15:35:35.896 711 711 D SystemServerTiming: OnBootPhase_520_com.android.server.media.MediaResourceMonitorService
05-23 15:35:35.896 711 711 V SystemServerTiming: OnBootPhase_520_com.android.server.media.MediaResourceMonitorService took to complete: 0ms
05-23 15:35:35.896 711 711 D SystemServerTiming: OnBootPhase_520_com.android.server.tv.TvRemoteService
05-23 15:35:35.896 711 711 V SystemServerTiming: OnBootPhase_520_com.android.server.tv.TvRemoteService took to complete: 0ms
05-23 15:35:35.896 711 711 D SystemServerTiming: OnBootPhase_520_com.android.server.biometrics.BiometricService
05-23 15:35:35.896 711 711 V SystemServerTiming: OnBootPhase_520_com.android.server.biometrics.BiometricService took to complete: 0ms
05-23 15:35:35.896 711 711 D SystemServerTiming: OnBootPhase_520_com.android.server.biometrics.AuthService
05-23 15:35:35.896 711 711 V SystemServerTiming: OnBootPhase_520_com.android.server.biometrics.AuthService took to complete: 0ms
05-23 15:35:35.896 711 711 D SystemServerTiming: OnBootPhase_520_com.android.server.pm.ShortcutService$Lifecycle
05-23 15:35:35.896 711 711 V SystemServerTiming: OnBootPhase_520_com.android.server.pm.ShortcutService$Lifecycle took to complete: 0ms
05-23 15:35:35.896 711 711 D SystemServerTiming: OnBootPhase_520_com.android.server.pm.LauncherAppsService
05-23 15:35:35.896 711 711 V SystemServerTiming: OnBootPhase_520_com.android.server.pm.LauncherAppsService took to complete: 0ms
05-23 15:35:35.896 711 711 D SystemServerTiming: OnBootPhase_520_com.android.server.pm.CrossProfileAppsService
05-23 15:35:35.896 711 711 V SystemServerTiming: OnBootPhase_520_com.android.server.pm.CrossProfileAppsService took to complete: 0ms
05-23 15:35:35.896 711 711 D SystemServerTiming: OnBootPhase_520_com.android.server.people.PeopleService
05-23 15:35:35.896 711 711 V SystemServerTiming: OnBootPhase_520_com.android.server.people.PeopleService took to complete: 0ms
05-23 15:35:35.896 711 711 D SystemServerTiming: OnBootPhase_520_com.android.server.media.metrics.MediaMetricsManagerService
05-23 15:35:35.896 711 711 V SystemServerTiming: OnBootPhase_520_com.android.server.media.metrics.MediaMetricsManagerService took to complete: 0ms
05-23 15:35:35.896 711 711 D SystemServerTiming: OnBootPhase_520_com.android.server.pm.BackgroundInstallControlService
05-23 15:35:35.896 711 711 V SystemServerTiming: OnBootPhase_520_com.android.server.pm.BackgroundInstallControlService took to complete: 0ms
05-23 15:35:35.896 711 711 D SystemServerTiming: OnBootPhase_520_com.android.server.media.projection.MediaProjectionManagerService
05-23 15:35:35.896 711 711 V SystemServerTiming: OnBootPhase_520_com.android.server.media.projection.MediaProjectionManagerService took to complete: 0ms
05-23 15:35:35.896 711 711 D SystemServerTiming: OnBootPhase_520_com.android.server.slice.SliceManagerService$Lifecycle
05-23 15:35:35.896 711 711 V SystemServerTiming: OnBootPhase_520_com.android.server.slice.SliceManagerService$Lifecycle took to complete: 0ms
05-23 15:35:35.896 711 711 D SystemServerTiming: OnBootPhase_520_com.android.server.stats.StatsCompanion$Lifecycle
05-23 15:35:35.896 711 711 V SystemServerTiming: OnBootPhase_520_com.android.server.stats.StatsCompanion$Lifecycle took to complete: 0ms
05-23 15:35:35.896 711 711 D SystemServerTiming: OnBootPhase_520_com.android.server.scheduling.RebootReadinessManagerService$Lifecycle
05-23 15:35:35.896 711 711 V SystemServerTiming: OnBootPhase_520_com.android.server.scheduling.RebootReadinessManagerService$Lifecycle took to complete: 0ms
05-23 15:35:35.896 711 711 D SystemServerTiming: OnBootPhase_520_com.android.server.stats.pull.StatsPullAtomService
05-23 15:35:35.896 711 711 V SystemServerTiming: OnBootPhase_520_com.android.server.stats.pull.StatsPullAtomService took to complete: 0ms
05-23 15:35:35.896 711 711 D SystemServerTiming: OnBootPhase_520_com.android.server.stats.bootstrap.StatsBootstrapAtomService$Lifecycle
05-23 15:35:35.896 711 711 V SystemServerTiming: OnBootPhase_520_com.android.server.stats.bootstrap.StatsBootstrapAtomService$Lifecycle took to complete: 0ms
05-23 15:35:35.896 711 711 D SystemServerTiming: OnBootPhase_520_com.android.server.incident.IncidentCompanionService
05-23 15:35:35.896 711 711 V SystemServerTiming: OnBootPhase_520_com.android.server.incident.IncidentCompanionService took to complete: 0ms
05-23 15:35:35.897 711 711 D SystemServerTiming: OnBootPhase_520_com.android.server.sdksandbox.SdkSandboxManagerService$Lifecycle
05-23 15:35:35.897 711 711 V SystemServerTiming: OnBootPhase_520_com.android.server.sdksandbox.SdkSandboxManagerService$Lifecycle took to complete: 0ms
05-23 15:35:35.897 711 711 D SystemServerTiming: OnBootPhase_520_com.android.server.adservices.AdServicesManagerService$Lifecycle
05-23 15:35:35.897 711 711 V SystemServerTiming: OnBootPhase_520_com.android.server.adservices.AdServicesManagerService$Lifecycle took to complete: 0ms
05-23 15:35:35.897 711 711 D SystemServerTiming: OnBootPhase_520_com.android.server.ondevicepersonalization.OnDevicePersonalizationSystemService$Lifecycle
05-23 15:35:35.897 711 711 V SystemServerTiming: OnBootPhase_520_com.android.server.ondevicepersonalization.OnDevicePersonalizationSystemService$Lifecycle took to complete: 0ms
05-23 15:35:35.897 711 711 D SystemServerTiming: OnBootPhase_520_com.android.server.autofill.AutofillManagerService
05-23 15:35:35.897 711 711 V SystemServerTiming: OnBootPhase_520_com.android.server.autofill.AutofillManagerService took to complete: 0ms
05-23 15:35:35.897 711 711 D SystemServerTiming: OnBootPhase_520_com.android.server.clipboard.ClipboardService
05-23 15:35:35.897 711 711 V SystemServerTiming: OnBootPhase_520_com.android.server.clipboard.ClipboardService took to complete: 0ms
05-23 15:35:35.897 711 711 D SystemServerTiming: OnBootPhase_520_com.android.server.appbinding.AppBindingService$Lifecycle
05-23 15:35:35.897 711 711 V SystemServerTiming: OnBootPhase_520_com.android.server.appbinding.AppBindingService$Lifecycle took to complete: 0ms
05-23 15:35:35.897 711 711 D SystemServerTiming: OnBootPhase_520_com.android.server.tracing.TracingServiceProxy
05-23 15:35:35.897 711 711 V SystemServerTiming: OnBootPhase_520_com.android.server.tracing.TracingServiceProxy took to complete: 0ms
05-23 15:35:35.897 711 711 D SystemServerTiming: OnBootPhase_520_com.android.server.policy.PermissionPolicyService
05-23 15:35:35.897 711 711 V SystemServerTiming: OnBootPhase_520_com.android.server.policy.PermissionPolicyService took to complete: 1ms
05-23 15:35:35.897 711 711 D SystemServerTiming: OnBootPhase_520_com.android.server.pm.StagingManager$Lifecycle
05-23 15:35:35.897 711 711 V SystemServerTiming: OnBootPhase_520_com.android.server.pm.StagingManager$Lifecycle took to complete: 0ms
05-23 15:35:35.897 711 711 D SystemServerTiming: OnBootPhase_520_com.android.server.app.GameManagerService$Lifecycle
05-23 15:35:35.897 711 711 V SystemServerTiming: OnBootPhase_520_com.android.server.app.GameManagerService$Lifecycle took to complete: 0ms
05-23 15:35:35.897 711 711 V SystemServerTiming: OnBootPhase_520 took to complete: 17ms
05-23 15:35:35.897 711 711 V SystemServerTiming: StartBootPhaseDeviceSpecificServicesReady took to complete: 18ms
05-23 15:35:35.897 711 711 D SystemServerTiming: StartSafetyCenterService
05-23 15:35:35.898 711 711 I SystemServiceManager: Starting com.android.safetycenter.SafetyCenterService
05-23 15:35:35.901 711 711 V SystemServerTiming: StartSafetyCenterService took to complete: 4ms
05-23 15:35:35.901 711 711 D SystemServerTiming: AppSearchModule
05-23 15:35:35.902 711 711 I SystemServiceManager: Starting com.android.server.appsearch.AppSearchModule$Lifecycle
05-23 15:35:35.910 711 711 V SystemServerTiming: AppSearchModule took to complete: 9ms
05-23 15:35:35.910 711 711 D SystemServerTiming: StartMediaCommunicationService
05-23 15:35:35.911 711 711 I SystemServiceManager: Starting com.android.server.media.MediaCommunicationService
05-23 15:35:35.913 711 711 V SystemServerTiming: StartMediaCommunicationService took to complete: 2ms
05-23 15:35:35.913 711 711 D SystemServerTiming: AppCompatOverridesService
05-23 15:35:35.913 711 711 I SystemServiceManager: Starting com.android.server.compat.overrides.AppCompatOverridesService$Lifecycle
05-23 15:35:35.915 711 711 V SystemServerTiming: AppCompatOverridesService took to complete: 2ms
05-23 15:35:35.915 711 711 D SystemServerTiming: HealthConnectManagerService
05-23 15:35:35.916 711 711 I SystemServiceManager: Starting com.android.server.healthconnect.HealthConnectManagerService
05-23 15:35:35.927 711 711 E HealthConnectResContext: Attempted to fetch resources before Health Connect resources APK is loaded!
05-23 15:35:35.927 711 711 E HealthConnectResContext: java.lang.IllegalStateException
05-23 15:35:35.927 711 711 E HealthConnectResContext: at com.android.server.healthconnect.migration.notification.HealthConnectResourcesContext.resolvePackageInfo(HealthConnectResourcesContext.java:129)
05-23 15:35:35.927 711 711 E HealthConnectResContext: at com.android.server.healthconnect.migration.notification.HealthConnectResourcesContext.initialisePackageNames(HealthConnectResourcesContext.java:87)
05-23 15:35:35.927 711 711 E HealthConnectResContext: at com.android.server.healthconnect.migration.notification.HealthConnectResourcesContext.(HealthConnectResourcesContext.java:83)
05-23 15:35:35.927 711 711 E HealthConnectResContext: at com.android.server.healthconnect.migration.notification.HealthConnectResourcesContext.(HealthConnectResourcesContext.java:70)
05-23 15:35:35.927 711 711 E HealthConnectResContext: at com.android.server.healthconnect.migration.notification.MigrationNotificationFactory.(MigrationNotificationFactory.java:107)
05-23 15:35:35.927 711 711 E HealthConnectResContext: at com.android.server.healthconnect.migration.notification.MigrationNotificationSender.(MigrationNotificationSender.java:60)
05-23 15:35:35.927 711 711 E HealthConnectResContext: at com.android.server.healthconnect.HealthConnectManagerService.(HealthConnectManagerService.java:105)
05-23 15:35:35.927 711 711 E HealthConnectResContext: at java.lang.reflect.Constructor.newInstance0(Native Method)
05-23 15:35:35.927 711 711 E HealthConnectResContext: at java.lang.reflect.Constructor.newInstance(Constructor.java:343)
05-23 15:35:35.927 711 711 E HealthConnectResContext: at com.android.server.SystemServiceManager.startService(SystemServiceManager.java:218)
05-23 15:35:35.927 711 711 E HealthConnectResContext: at com.android.server.SystemServiceManager.startService(SystemServiceManager.java:142)
05-23 15:35:35.927 711 711 E HealthConnectResContext: at com.android.server.SystemServer.startOtherServices(SystemServer.java:2877)
05-23 15:35:35.927 711 711 E HealthConnectResContext: at com.android.server.SystemServer.run(SystemServer.java:946)
05-23 15:35:35.927 711 711 E HealthConnectResContext: at com.android.server.SystemServer.main(SystemServer.java:668)
05-23 15:35:35.927 711 711 E HealthConnectResContext: at java.lang.reflect.Method.invoke(Native Method)
05-23 15:35:35.927 711 711 E HealthConnectResContext: at com.android.internal.os.RuntimeInit$MethodAndArgsCaller.run(RuntimeInit.java:552)
05-23 15:35:35.927 711 711 E HealthConnectResContext: at com.android.internal.os.ZygoteInit.main(ZygoteInit.java:956)
05-23 15:35:35.932 711 711 V SystemServerTiming: HealthConnectManagerService took to complete: 16ms
05-23 15:35:35.932 711 711 D SystemServerTiming: DeviceLockService
05-23 15:35:35.933 711 711 I SystemServiceManager: Starting com.android.server.devicelock.DeviceLockService
05-23 15:35:35.933 711 711 D DeviceLockService: DeviceLockService constructor
05-23 15:35:35.935 711 711 I DeviceLockService: Registering device_lock
05-23 15:35:35.936 711 711 V SystemServerTiming: DeviceLockService took to complete: 4ms
05-23 15:35:35.936 711 711 D SystemServerTiming: PhaseActivityManagerReady
05-23 15:35:35.936 711 711 D SystemServerTiming: controllersReady
05-23 15:35:35.944 711 793 D SystemServerTimingAsync: InitThreadPoolExec:Update app-ops uidState in case package com.ktcp.video changed
05-23 15:35:35.944 711 793 D SystemServerInitThreadPool: Started executing Update app-ops uidState in case package com.ktcp.video changed
05-23 15:35:35.944 711 740 D SystemServerTimingAsync: InitThreadPoolExec:Update app-ops uidState in case package com.bestv.ott.baseservices.gw changed
05-23 15:35:35.945 711 740 D SystemServerInitThreadPool: Started executing Update app-ops uidState in case package com.bestv.ott.baseservices.gw changed
05-23 15:35:35.945 711 784 D SystemServerTimingAsync: InitThreadPoolExec:Update app-ops uidState in case package com.dangbei.hqmedia changed
05-23 15:35:35.945 711 784 D SystemServerInitThreadPool: Started executing Update app-ops uidState in case package com.dangbei.hqmedia changed
05-23 15:35:35.945 711 807 D SystemServerTimingAsync: InitThreadPoolExec:Update app-ops uidState in case package com.android.ext.adservices.api changed
05-23 15:35:35.945 711 807 D SystemServerInitThreadPool: Started executing Update app-ops uidState in case package com.android.ext.adservices.api changed
05-23 15:35:35.946 711 793 D SystemServerInitThreadPool: Finished executing Update app-ops uidState in case package com.ktcp.video changed
05-23 15:35:35.946 711 807 D SystemServerInitThreadPool: Finished executing Update app-ops uidState in case package com.android.ext.adservices.api changed
05-23 15:35:35.946 711 793 V SystemServerTimingAsync: InitThreadPoolExec:Update app-ops uidState in case package com.ktcp.video changed took to complete: 1ms
05-23 15:35:35.946 711 793 D SystemServerTimingAsync: InitThreadPoolExec:Update app-ops uidState in case package android.ext.services changed
05-23 15:35:35.946 711 793 D SystemServerInitThreadPool: Started executing Update app-ops uidState in case package android.ext.services changed
05-23 15:35:35.946 711 793 D SystemServerInitThreadPool: Finished executing Update app-ops uidState in case package android.ext.services changed
05-23 15:35:35.946 711 793 V SystemServerTimingAsync: InitThreadPoolExec:Update app-ops uidState in case package android.ext.services changed took to complete: 0ms
05-23 15:35:35.946 711 793 D SystemServerTimingAsync: InitThreadPoolExec:Update app-ops uidState in case package com.android.uwb.resources changed
05-23 15:35:35.946 711 793 D SystemServerInitThreadPool: Started executing Update app-ops uidState in case package com.android.uwb.resources changed
05-23 15:35:35.946 711 793 D SystemServerInitThreadPool: Finished executing Update app-ops uidState in case package com.android.uwb.resources changed
05-23 15:35:35.946 711 793 V SystemServerTimingAsync: InitThreadPoolExec:Update app-ops uidState in case package com.android.uwb.resources changed took to complete: 0ms
05-23 15:35:35.946 711 793 D SystemServerTimingAsync: InitThreadPoolExec:Update app-ops uidState in case package com.android.cts.ctsshim changed
05-23 15:35:35.946 711 793 D SystemServerInitThreadPool: Started executing Update app-ops uidState in case package com.android.cts.ctsshim changed
05-23 15:35:35.946 711 793 D SystemServerInitThreadPool: Finished executing Update app-ops uidState in case package com.android.cts.ctsshim changed
05-23 15:35:35.946 711 793 V SystemServerTimingAsync: InitThreadPoolExec:Update app-ops uidState in case package com.android.cts.ctsshim changed took to complete: 0ms
05-23 15:35:35.946 711 793 D SystemServerTimingAsync: InitThreadPoolExec:Update app-ops uidState in case package com.android.cts.priv.ctsshim changed
05-23 15:35:35.946 711 793 D SystemServerInitThreadPool: Started executing Update app-ops uidState in case package com.android.cts.priv.ctsshim changed
05-23 15:35:35.946 711 793 D SystemServerInitThreadPool: Finished executing Update app-ops uidState in case package com.android.cts.priv.ctsshim changed
05-23 15:35:35.946 711 793 V SystemServerTimingAsync: InitThreadPoolExec:Update app-ops uidState in case package com.android.cts.priv.ctsshim changed took to complete: 0ms
05-23 15:35:35.946 711 793 D SystemServerTimingAsync: InitThreadPoolExec:Update app-ops uidState in case package com.android.ondevicepersonalization.services changed
05-23 15:35:35.946 711 793 D SystemServerInitThreadPool: Started executing Update app-ops uidState in case package com.android.ondevicepersonalization.services changed
05-23 15:35:35.946 711 793 D SystemServerInitThreadPool: Finished executing Update app-ops uidState in case package com.android.ondevicepersonalization.services changed
05-23 15:35:35.946 711 793 V SystemServerTimingAsync: InitThreadPoolExec:Update app-ops uidState in case package com.android.ondevicepersonalization.services changed took to complete: 0ms
05-23 15:35:35.946 711 793 D SystemServerTimingAsync: InitThreadPoolExec:Update app-ops uidState in case package com.android.federatedcompute.services changed
05-23 15:35:35.946 711 793 D SystemServerInitThreadPool: Started executing Update app-ops uidState in case package com.android.federatedcompute.services changed
05-23 15:35:35.946 711 793 D SystemServerInitThreadPool: Finished executing Update app-ops uidState in case package com.android.federatedcompute.services changed
05-23 15:35:35.946 711 793 V SystemServerTimingAsync: InitThreadPoolExec:Update app-ops uidState in case package com.android.federatedcompute.services changed took to complete: 0ms
05-23 15:35:35.946 711 793 D SystemServerTimingAsync: InitThreadPoolExec:Update app-ops uidState in case package com.android.providers.media.module changed
05-23 15:35:35.946 711 793 D SystemServerInitThreadPool: Started executing Update app-ops uidState in case package com.android.providers.media.module changed
05-23 15:35:35.947 711 793 D SystemServerInitThreadPool: Finished executing Update app-ops uidState in case package com.android.providers.media.module changed
05-23 15:35:35.947 711 793 V SystemServerTimingAsync: InitThreadPoolExec:Update app-ops uidState in case package com.android.providers.media.module changed took to complete: 0ms
05-23 15:35:35.947 711 793 D SystemServerTimingAsync: InitThreadPoolExec:Update app-ops uidState in case package com.android.virtualmachine.res changed
05-23 15:35:35.947 711 793 D SystemServerInitThreadPool: Started executing Update app-ops uidState in case package com.android.virtualmachine.res changed
05-23 15:35:35.947 711 793 D SystemServerInitThreadPool: Finished executing Update app-ops uidState in case package com.android.virtualmachine.res changed
05-23 15:35:35.947 711 793 V SystemServerTimingAsync: InitThreadPoolExec:Update app-ops uidState in case package com.android.virtualmachine.res changed took to complete: 0ms
05-23 15:35:35.947 711 793 D SystemServerTimingAsync: InitThreadPoolExec:Update app-ops uidState in case package com.android.permissioncontroller changed
05-23 15:35:35.947 711 793 D SystemServerInitThreadPool: Started executing Update app-ops uidState in case package com.android.permissioncontroller changed
05-23 15:35:35.947 711 793 D SystemServerInitThreadPool: Finished executing Update app-ops uidState in case package com.android.permissioncontroller changed
05-23 15:35:35.947 711 793 V SystemServerTimingAsync: InitThreadPoolExec:Update app-ops uidState in case package com.android.permissioncontroller changed took to complete: 0ms
05-23 15:35:35.947 711 793 D SystemServerTimingAsync: InitThreadPoolExec:Update app-ops uidState in case package com.android.safetycenter.resources changed
05-23 15:35:35.947 711 793 D SystemServerInitThreadPool: Started executing Update app-ops uidState in case package com.android.safetycenter.resources changed
05-23 15:35:35.947 711 793 D SystemServerInitThreadPool: Finished executing Update app-ops uidState in case package com.android.safetycenter.resources changed
05-23 15:35:35.947 711 793 V SystemServerTimingAsync: InitThreadPoolExec:Update app-ops uidState in case package com.android.safetycenter.resources changed took to complete: 0ms
05-23 15:35:35.947 711 793 D SystemServerTimingAsync: InitThreadPoolExec:Update app-ops uidState in case package com.android.health.connect.backuprestore changed
05-23 15:35:35.947 711 793 D SystemServerInitThreadPool: Started executing Update app-ops uidState in case package com.android.health.connect.backuprestore changed
05-23 15:35:35.947 711 793 D SystemServerInitThreadPool: Finished executing Update app-ops uidState in case package com.android.health.connect.backuprestore changed
05-23 15:35:35.947 711 793 V SystemServerTimingAsync: InitThreadPoolExec:Update app-ops uidState in case package com.android.health.connect.backuprestore changed took to complete: 0ms
05-23 15:35:35.947 711 793 D SystemServerTimingAsync: InitThreadPoolExec:Update app-ops uidState in case package com.android.healthconnect.controller changed
05-23 15:35:35.947 711 793 D SystemServerInitThreadPool: Started executing Update app-ops uidState in case package com.android.healthconnect.controller changed
05-23 15:35:35.947 711 793 D SystemServerInitThreadPool: Finished executing Update app-ops uidState in case package com.android.healthconnect.controller changed
05-23 15:35:35.947 711 793 V SystemServerTimingAsync: InitThreadPoolExec:Update app-ops uidState in case package com.android.healthconnect.controller changed took to complete: 1ms
05-23 15:35:35.947 711 793 D SystemServerTimingAsync: InitThreadPoolExec:Update app-ops uidState in case package com.android.rkpdapp changed
05-23 15:35:35.947 711 793 D SystemServerInitThreadPool: Started executing Update app-ops uidState in case package com.android.rkpdapp changed
05-23 15:35:35.947 711 793 D SystemServerInitThreadPool: Finished executing Update app-ops uidState in case package com.android.rkpdapp changed
05-23 15:35:35.947 711 793 V SystemServerTimingAsync: InitThreadPoolExec:Update app-ops uidState in case package com.android.rkpdapp changed took to complete: 0ms
05-23 15:35:35.947 711 793 D SystemServerTimingAsync: InitThreadPoolExec:Update app-ops uidState in case package com.android.nearby.halfsheet changed
05-23 15:35:35.947 711 793 D SystemServerInitThreadPool: Started executing Update app-ops uidState in case package com.android.nearby.halfsheet changed
05-23 15:35:35.947 711 793 D SystemServerInitThreadPool: Finished executing Update app-ops uidState in case package com.android.nearby.halfsheet changed
05-23 15:35:35.947 711 793 V SystemServerTimingAsync: InitThreadPoolExec:Update app-ops uidState in case package com.android.nearby.halfsheet changed took to complete: 0ms
05-23 15:35:35.947 711 793 D SystemServerTimingAsync: InitThreadPoolExec:Update app-ops uidState in case package com.android.connectivity.resources changed
05-23 15:35:35.947 711 793 D SystemServerInitThreadPool: Started executing Update app-ops uidState in case package com.android.connectivity.resources changed
05-23 15:35:35.947 711 793 D SystemServerInitThreadPool: Finished executing Update app-ops uidState in case package com.android.connectivity.resources changed
05-23 15:35:35.947 711 793 V SystemServerTimingAsync: InitThreadPoolExec:Update app-ops uidState in case package com.android.connectivity.resources changed took to complete: 0ms
05-23 15:35:35.947 711 793 D SystemServerTimingAsync: InitThreadPoolExec:Update app-ops uidState in case package com.android.devicelockcontroller changed
05-23 15:35:35.947 711 793 D SystemServerInitThreadPool: Started executing Update app-ops uidState in case package com.android.devicelockcontroller changed
05-23 15:35:35.947 711 793 D SystemServerInitThreadPool: Finished executing Update app-ops uidState in case package com.android.devicelockcontroller changed
05-23 15:35:35.947 711 793 V SystemServerTimingAsync: InitThreadPoolExec:Update app-ops uidState in case package com.android.devicelockcontroller changed took to complete: 0ms
05-23 15:35:35.947 711 793 D SystemServerTimingAsync: InitThreadPoolExec:Update app-ops uidState in case package com.android.wifi.dialog changed
05-23 15:35:35.947 711 793 D SystemServerInitThreadPool: Started executing Update app-ops uidState in case package com.android.wifi.dialog changed
05-23 15:35:35.947 711 793 D SystemServerInitThreadPool: Finished executing Update app-ops uidState in case package com.android.wifi.dialog changed
05-23 15:35:35.947 711 793 V SystemServerTimingAsync: InitThreadPoolExec:Update app-ops uidState in case package com.android.wifi.dialog changed took to complete: 0ms
05-23 15:35:35.947 711 793 D SystemServerTimingAsync: InitThreadPoolExec:Update app-ops uidState in case package com.android.hotspot2.osulogin changed
05-23 15:35:35.947 711 793 D SystemServerInitThreadPool: Started executing Update app-ops uidState in case package com.android.hotspot2.osulogin changed
05-23 15:35:35.950 711 784 D SystemServerInitThreadPool: Finished executing Update app-ops uidState in case package com.dangbei.hqmedia changed
05-23 15:35:35.950 711 807 V SystemServerTimingAsync: InitThreadPoolExec:Update app-ops uidState in case package com.android.ext.adservices.api changed took to complete: 0ms
05-23 15:35:35.950 711 807 D SystemServerTimingAsync: InitThreadPoolExec:Update app-ops uidState in case package com.android.wifi.resources changed
05-23 15:35:35.950 711 807 D SystemServerInitThreadPool: Started executing Update app-ops uidState in case package com.android.wifi.resources changed
05-23 15:35:35.950 711 807 D SystemServerInitThreadPool: Finished executing Update app-ops uidState in case package com.android.wifi.resources changed
05-23 15:35:35.950 711 807 V SystemServerTimingAsync: InitThreadPoolExec:Update app-ops uidState in case package com.android.wifi.resources changed took to complete: 1ms
05-23 15:35:35.950 711 807 D SystemServerTimingAsync: InitThreadPoolExec:Update app-ops uidState in case package com.android.sdksandbox changed
05-23 15:35:35.950 711 740 D SystemServerInitThreadPool: Finished executing Update app-ops uidState in case package com.bestv.ott.baseservices.gw changed
05-23 15:35:35.950 711 740 V SystemServerTimingAsync: InitThreadPoolExec:Update app-ops uidState in case package com.bestv.ott.baseservices.gw changed took to complete: 6ms
05-23 15:35:35.950 711 740 D SystemServerTimingAsync: InitThreadPoolExec:Update app-ops uidState in case package com.android.adservices.api changed
05-23 15:35:35.950 711 740 D SystemServerInitThreadPool: Started executing Update app-ops uidState in case package com.android.adservices.api changed
05-23 15:35:35.950 711 740 D SystemServerInitThreadPool: Finished executing Update app-ops uidState in case package com.android.adservices.api changed
05-23 15:35:35.950 711 740 V SystemServerTimingAsync: InitThreadPoolExec:Update app-ops uidState in case package com.android.adservices.api changed took to complete: 0ms
05-23 15:35:35.950 711 740 D SystemServerTimingAsync: InitThreadPoolExec:Update app-ops uidState in case package com.android.systemui changed
05-23 15:35:35.950 711 740 D SystemServerInitThreadPool: Started executing Update app-ops uidState in case package com.android.systemui changed
05-23 15:35:35.950 711 740 D SystemServerInitThreadPool: Finished executing Update app-ops uidState in case package com.android.systemui changed
05-23 15:35:35.951 711 740 V SystemServerTimingAsync: InitThreadPoolExec:Update app-ops uidState in case package com.android.systemui changed took to complete: 0ms
05-23 15:35:35.951 711 784 V SystemServerTimingAsync: InitThreadPoolExec:Update app-ops uidState in case package com.dangbei.hqmedia changed took to complete: 5ms
05-23 15:35:35.951 711 784 D SystemServerTimingAsync: InitThreadPoolExec:Update app-ops uidState in case package com.android.deskclock changed
05-23 15:35:35.952 711 784 D SystemServerInitThreadPool: Started executing Update app-ops uidState in case package com.android.deskclock changed
05-23 15:35:35.952 711 784 D SystemServerInitThreadPool: Finished executing Update app-ops uidState in case package com.android.deskclock changed
05-23 15:35:35.952 711 784 V SystemServerTimingAsync: InitThreadPoolExec:Update app-ops uidState in case package com.android.deskclock changed took to complete: 0ms
05-23 15:35:35.952 711 784 D SystemServerTimingAsync: InitThreadPoolExec:Update app-ops uidState in case package com.android.music changed
05-23 15:35:35.952 711 784 D SystemServerInitThreadPool: Started executing Update app-ops uidState in case package com.android.music changed
05-23 15:35:35.952 711 784 D SystemServerInitThreadPool: Finished executing Update app-ops uidState in case package com.android.music changed
05-23 15:35:35.952 711 784 V SystemServerTimingAsync: InitThreadPoolExec:Update app-ops uidState in case package com.android.music changed took to complete: 1ms
05-23 15:35:35.952 711 784 D SystemServerTimingAsync: InitThreadPoolExec:Update app-ops uidState in case package com.android.camera2 changed
05-23 15:35:35.952 711 784 D SystemServerInitThreadPool: Started executing Update app-ops uidState in case package com.android.camera2 changed
05-23 15:35:35.953 711 807 D SystemServerInitThreadPool: Started executing Update app-ops uidState in case package com.android.sdksandbox changed
05-23 15:35:35.953 711 740 D SystemServerTimingAsync: InitThreadPoolExec:Update app-ops uidState in case package com.android.webview changed
05-23 15:35:35.953 711 740 D SystemServerInitThreadPool: Started executing Update app-ops uidState in case package com.android.webview changed
05-23 15:35:35.953 711 740 D SystemServerInitThreadPool: Finished executing Update app-ops uidState in case package com.android.webview changed
05-23 15:35:35.954 711 784 D SystemServerInitThreadPool: Finished executing Update app-ops uidState in case package com.android.camera2 changed
05-23 15:35:35.954 711 807 D SystemServerInitThreadPool: Finished executing Update app-ops uidState in case package com.android.sdksandbox changed
05-23 15:35:35.954 711 807 V SystemServerTimingAsync: InitThreadPoolExec:Update app-ops uidState in case package com.android.sdksandbox changed took to complete: 3ms
05-23 15:35:35.954 711 807 D SystemServerTimingAsync: InitThreadPoolExec:Update app-ops uidState in case package com.android.modulemetadata changed
05-23 15:35:35.954 711 807 D SystemServerInitThreadPool: Started executing Update app-ops uidState in case package com.android.modulemetadata changed
05-23 15:35:35.954 711 807 D SystemServerInitThreadPool: Finished executing Update app-ops uidState in case package com.android.modulemetadata changed
05-23 15:35:35.954 711 807 V SystemServerTimingAsync: InitThreadPoolExec:Update app-ops uidState in case package com.android.modulemetadata changed took to complete: 0ms
05-23 15:35:35.954 711 807 D SystemServerTimingAsync: InitThreadPoolExec:Update app-ops uidState in case package com.android.settings.intelligence changed
05-23 15:35:35.954 711 807 D SystemServerInitThreadPool: Started executing Update app-ops uidState in case package com.android.settings.intelligence changed
05-23 15:35:35.954 711 807 D SystemServerInitThreadPool: Finished executing Update app-ops uidState in case package com.android.settings.intelligence changed
05-23 15:35:35.954 711 807 V SystemServerTimingAsync: InitThreadPoolExec:Update app-ops uidState in case package com.android.settings.intelligence changed took to complete: 0ms
05-23 15:35:35.954 711 807 D SystemServerTimingAsync: InitThreadPoolExec:Update app-ops uidState in case package com.droidlogic.appinstall changed
05-23 15:35:35.954 711 807 D SystemServerInitThreadPool: Started executing Update app-ops uidState in case package com.droidlogic.appinstall changed
05-23 15:35:35.954 711 807 D SystemServerInitThreadPool: Finished executing Update app-ops uidState in case package com.droidlogic.appinstall changed
05-23 15:35:35.954 711 807 V SystemServerTimingAsync: InitThreadPoolExec:Update app-ops uidState in case package com.droidlogic.appinstall changed took to complete: 1ms
05-23 15:35:35.954 711 807 D SystemServerTimingAsync: InitThreadPoolExec:Update app-ops uidState in case package com.dangbei.lerad.screensaver changed
05-23 15:35:35.954 711 807 D SystemServerInitThreadPool: Started executing Update app-ops uidState in case package com.dangbei.lerad.screensaver changed
05-23 15:35:35.954 711 807 D SystemServerInitThreadPool: Finished executing Update app-ops uidState in case package com.dangbei.lerad.screensaver changed
05-23 15:35:35.954 711 807 V SystemServerTimingAsync: InitThreadPoolExec:Update app-ops uidState in case package com.dangbei.lerad.screensaver changed took to complete: 0ms
05-23 15:35:35.954 711 807 D SystemServerTimingAsync: InitThreadPoolExec:Update app-ops uidState in case package com.dangbei.screencast changed
05-23 15:35:35.954 711 807 D SystemServerInitThreadPool: Started executing Update app-ops uidState in case package com.dangbei.screencast changed
05-23 15:35:35.954 711 807 D SystemServerInitThreadPool: Finished executing Update app-ops uidState in case package com.dangbei.screencast changed
05-23 15:35:35.954 711 807 V SystemServerTimingAsync: InitThreadPoolExec:Update app-ops uidState in case package com.dangbei.screencast changed took to complete: 0ms
05-23 15:35:35.954 711 807 D SystemServerTimingAsync: InitThreadPoolExec:Update app-ops uidState in case package com.dangbei.lerad.videoposter changed
05-23 15:35:35.954 711 807 D SystemServerInitThreadPool: Started executing Update app-ops uidState in case package com.dangbei.lerad.videoposter changed
05-23 15:35:35.954 711 807 D SystemServerInitThreadPool: Finished executing Update app-ops uidState in case package com.dangbei.lerad.videoposter changed
05-23 15:35:35.954 711 807 V SystemServerTimingAsync: InitThreadPoolExec:Update app-ops uidState in case package com.dangbei.lerad.videoposter changed took to complete: 0ms
05-23 15:35:35.954 711 807 D SystemServerTimingAsync: InitThreadPoolExec:Update app-ops uidState in case package com.tv.filemanager.os changed
05-23 15:35:35.954 711 807 D SystemServerInitThreadPool: Started executing Update app-ops uidState in case package com.tv.filemanager.os changed
05-23 15:35:35.954 711 807 D SystemServerInitThreadPool: Finished executing Update app-ops uidState in case package com.tv.filemanager.os changed
05-23 15:35:35.954 711 807 V SystemServerTimingAsync: InitThreadPoolExec:Update app-ops uidState in case package com.tv.filemanager.os changed took to complete: 0ms
05-23 15:35:35.954 711 807 D SystemServerTimingAsync: InitThreadPoolExec:Update app-ops uidState in case package com.dangbei.lerad.leradwatcher changed
05-23 15:35:35.954 711 807 D SystemServerInitThreadPool: Started executing Update app-ops uidState in case package com.dangbei.lerad.leradwatcher changed
05-23 15:35:35.954 711 807 D SystemServerInitThreadPool: Finished executing Update app-ops uidState in case package com.dangbei.lerad.leradwatcher changed
05-23 15:35:35.955 711 807 V SystemServerTimingAsync: InitThreadPoolExec:Update app-ops uidState in case package com.dangbei.lerad.leradwatcher changed took to complete: 0ms
05-23 15:35:35.955 711 807 D SystemServerTimingAsync: InitThreadPoolExec:Update app-ops uidState in case package com.sohu.inputmethod.sogou.tv changed
05-23 15:35:35.955 711 807 D SystemServerInitThreadPool: Started executing Update app-ops uidState in case package com.sohu.inputmethod.sogou.tv changed
05-23 15:35:35.955 711 807 D SystemServerInitThreadPool: Finished executing Update app-ops uidState in case package com.sohu.inputmethod.sogou.tv changed
05-23 15:35:35.955 711 807 V SystemServerTimingAsync: InitThreadPoolExec:Update app-ops uidState in case package com.sohu.inputmethod.sogou.tv changed took to complete: 0ms
05-23 15:35:35.955 711 807 D SystemServerTimingAsync: InitThreadPoolExec:Update app-ops uidState in case package com.android.printspooler changed
05-23 15:35:35.955 711 807 D SystemServerInitThreadPool: Started executing Update app-ops uidState in case package com.android.printspooler changed
05-23 15:35:35.955 711 807 D SystemServerInitThreadPool: Finished executing Update app-ops uidState in case package com.android.printspooler changed
05-23 15:35:35.955 711 807 V SystemServerTimingAsync: InitThreadPoolExec:Update app-ops uidState in case package com.android.printspooler changed took to complete: 0ms
05-23 15:35:35.955 711 807 D SystemServerTimingAsync: InitThreadPoolExec:Update app-ops uidState in case package com.android.pacprocessor changed
05-23 15:35:35.955 711 807 D SystemServerInitThreadPool: Started executing Update app-ops uidState in case package com.android.pacprocessor changed
05-23 15:35:35.955 711 740 V SystemServerTimingAsync: InitThreadPoolExec:Update app-ops uidState in case package com.android.webview changed took to complete: 0ms
05-23 15:35:35.955 711 740 D SystemServerTimingAsync: InitThreadPoolExec:Update app-ops uidState in case package com.android.htmlviewer changed
05-23 15:35:35.955 711 740 D SystemServerInitThreadPool: Started executing Update app-ops uidState in case package com.android.htmlviewer changed
05-23 15:35:35.956 711 740 D SystemServerInitThreadPool: Finished executing Update app-ops uidState in case package com.android.htmlviewer changed
05-23 15:35:35.956 711 740 V SystemServerTimingAsync: InitThreadPoolExec:Update app-ops uidState in case package com.android.htmlviewer changed took to complete: 0ms
05-23 15:35:35.956 711 740 D SystemServerTimingAsync: InitThreadPoolExec:Update app-ops uidState in case package com.android.companiondevicemanager changed
05-23 15:35:35.956 711 740 D SystemServerInitThreadPool: Started executing Update app-ops uidState in case package com.android.companiondevicemanager changed
05-23 15:35:35.956 711 740 D SystemServerInitThreadPool: Finished executing Update app-ops uidState in case package com.android.companiondevicemanager changed
05-23 15:35:35.956 711 740 V SystemServerTimingAsync: InitThreadPoolExec:Update app-ops uidState in case package com.android.companiondevicemanager changed took to complete: 0ms
05-23 15:35:35.956 711 740 D SystemServerTimingAsync: InitThreadPoolExec:Update app-ops uidState in case package com.android.certinstaller changed
05-23 15:35:35.957 711 740 D SystemServerInitThreadPool: Started executing Update app-ops uidState in case package com.android.certinstaller changed
05-23 15:35:35.957 711 740 D SystemServerInitThreadPool: Finished executing Update app-ops uidState in case package com.android.certinstaller changed
05-23 15:35:35.957 711 740 V SystemServerTimingAsync: InitThreadPoolExec:Update app-ops uidState in case package com.android.certinstaller changed took to complete: 0ms
05-23 15:35:35.957 711 740 D SystemServerTimingAsync: InitThreadPoolExec:Update app-ops uidState in case package android.ext.shared changed
05-23 15:35:35.957 711 740 D SystemServerInitThreadPool: Started executing Update app-ops uidState in case package android.ext.shared changed
05-23 15:35:35.957 711 740 D SystemServerInitThreadPool: Finished executing Update app-ops uidState in case package android.ext.shared changed
05-23 15:35:35.957 711 740 V SystemServerTimingAsync: InitThreadPoolExec:Update app-ops uidState in case package android.ext.shared changed took to complete: 0ms
05-23 15:35:35.957 711 740 D SystemServerTimingAsync: InitThreadPoolExec:Update app-ops uidState in case package com.android.captiveportallogin changed
05-23 15:35:35.958 711 740 D SystemServerInitThreadPool: Started executing Update app-ops uidState in case package com.android.captiveportallogin changed
05-23 15:35:35.958 711 740 D SystemServerInitThreadPool: Finished executing Update app-ops uidState in case package com.android.captiveportallogin changed
05-23 15:35:35.958 711 740 V SystemServerTimingAsync: InitThreadPoolExec:Update app-ops uidState in case package com.android.captiveportallogin changed took to complete: 0ms
05-23 15:35:35.958 711 740 D SystemServerTimingAsync: InitThreadPoolExec:Update app-ops uidState in case package com.android.cameraextensions changed
05-23 15:35:35.958 711 740 D SystemServerInitThreadPool: Started executing Update app-ops uidState in case package com.android.cameraextensions changed
