05-23 15:35:44.771 711 733 V WindowManager: info={id=1 t=CLOSE f=0x0 trk=0 r=[0@Point(0, 0)] c=[{WCT{RemoteToken{c37a47f Task{d649783 #220 type=home A=1000:com.dangbei.leard.leradlauncher}}} m=OPEN f=MOVE_TO_TOP leash=Surface(name=Task=220)/@0xdeacb87 sb=Rect(0, 0 - 1920, 1080) eb=Rect(0, 0 - 1920, 1080) d=0},{WCT{RemoteToken{c683252 Task{48e6397 #3 type=home A=1000:com.android.tv.settings}}} m=CLOSE f=SHOW_WALLPAPER leash=Surface(name=Task=3)/@0x97ddfc6 sb=Rect(0, 0 - 1920, 1080) eb=Rect(0, 0 - 1920, 1080) d=0}]}
05-23 15:35:44.817 711 744 I ActivityManager: com.android.managedprovisioning is exempt from freezer
05-23 15:35:44.818 711 744 D CompatibilityChangeReporter: Compat change id reported: 135634846; UID 10021; state: DISABLED
05-23 15:35:44.818 711 744 D CompatibilityChangeReporter: Compat change id reported: 177438394; UID 10021; state: DISABLED
05-23 15:35:44.818 711 744 D CompatibilityChangeReporter: Compat change id reported: 135772972; UID 10021; state: DISABLED
05-23 15:35:44.818 711 744 D CompatibilityChangeReporter: Compat change id reported: 135754954; UID 10021; state: ENABLED
05-23 15:35:44.819 711 745 D CompatibilityChangeReporter: Compat change id reported: 143937733; UID 10021; state: ENABLED
05-23 15:35:44.826 711 711 D HDMI : [R]: 04:90:00
05-23 15:35:44.827 711 711 D HDMI : addCecDevice new:CEC: logical_address: 0x00 device_type: 0 cec_version: 5 vendor_id: 7173227 display_name: DBF7 Pro power_status: 0 physical_address: 0x0000 port_id: -1 old:CEC: logical_address: 0x00 device_type: 0 cec_version: 5 vendor_id: 7173227 display_name: DBF7 Pro power_status: 0 physical_address: 0x0000 port_id: -1
05-23 15:35:44.828 711 711 D HdmiControlService: Switching to full volume behavior
05-23 15:35:44.829 711 711 D HDMI : addCecDevice new:CEC: logical_address: 0x04 device_type: 4 cec_version: 5 vendor_id: 1877008 display_name: DBBOX-A3 power_status: 0 physical_address: 0x3000 port_id: 0 old:null
05-23 15:35:44.830 711 711 D HDMI : Hot-plug detection started.
05-23 15:35:44.832 711 1105 I ActivityManager: Background started FGS: Allowed [callingPackage: com.dangbei.screencast; callingUid: 10043; uidState: FGS ; uidBFSL: [BFSL]; intent: Intent { cmp=com.dangbei.screencast/.huaweicast.service.HuaweiCastService }; code:PROC_STATE_FGS; tempAllowListReason:; targetSdkVersion:28; callerTargetSdkVersion:28; startForegroundCount:0; bindFromPackage:null: isBindService:false]
05-23 15:35:44.837 711 1108 I ActivityManager: com.android.dynsystem is exempt from freezer
05-23 15:35:44.837 711 1108 D CompatibilityChangeReporter: Compat change id reported: 135634846; UID 1000; state: DISABLED
05-23 15:35:44.896 711 1105 D CompatibilityChangeReporter: Compat change id reported: 261072174; UID 10043; state: DISABLED
05-23 15:35:44.901 711 1525 W ActivityManager: Foreground service started from background can not have location/camera/microphone access: service com.dangbei.screencast/.huaweicast.service.HuaweiCastService
05-23 15:35:44.901 711 1525 W ForegroundServiceTypeLoggerModule: Foreground service start for UID: 10043 does not have any types
05-23 15:35:44.904 711 745 W ActivityManager: Slow operation: 87ms so far, now at startProcess: returned from zygote!
05-23 15:35:44.904 711 745 W ActivityManager: Slow operation: 87ms so far, now at startProcess: done updating battery stats
05-23 15:35:44.905 711 745 W ActivityManager: Slow operation: 87ms so far, now at startProcess: building log message
05-23 15:35:44.905 711 745 I ActivityManager: Start proc 1930:com.android.managedprovisioning/u0a21 for broadcast {com.android.managedprovisioning/com.android.managedprovisioning.BootReminder}
05-23 15:35:44.905 711 745 W ActivityManager: Slow operation: 87ms so far, now at startProcess: starting to update pids map
05-23 15:35:44.905 711 745 W ActivityManager: Slow operation: 87ms so far, now at startProcess: done updating pids map
05-23 15:35:44.905 711 745 W ActivityManager: Slow operation: 68ms so far, now at startProcess: asking zygote to start proc
05-23 15:35:44.965 711 789 D CompatibilityChangeReporter: Compat change id reported: 168419799; UID 10021; state: DISABLED
05-23 15:35:44.965 711 789 D CompatibilityChangeReporter: Compat change id reported: 273564678; UID 10021; state: DISABLED
05-23 15:35:44.968 711 796 D CompatibilityChangeReporter: Compat change id reported: 265195908; UID 10021; state: ENABLED
05-23 15:35:45.007 711 745 W ActivityManager: Slow operation: 171ms so far, now at startProcess: returned from zygote!
05-23 15:35:45.008 711 745 W ActivityManager: Slow operation: 171ms so far, now at startProcess: done updating battery stats
05-23 15:35:45.008 711 745 W ActivityManager: Slow operation: 171ms so far, now at startProcess: building log message
05-23 15:35:45.008 711 745 I ActivityManager: Start proc 1959:com.android.dynsystem:dynsystem/1000 for service {com.android.dynsystem/com.android.dynsystem.DynamicSystemInstallationService}
05-23 15:35:45.008 711 745 W ActivityManager: Slow operation: 171ms so far, now at startProcess: starting to update pids map
05-23 15:35:45.008 711 745 W ActivityManager: Slow operation: 172ms so far, now at startProcess: done updating pids map
05-23 15:35:45.018 711 726 D CompatibilityChangeReporter: Compat change id reported: 261072174; UID 1000; state: DISABLED
05-23 15:35:45.018 711 1107 D CompatibilityChangeReporter: Compat change id reported: 170503758; UID 10021; state: ENABLED
05-23 15:35:45.113 920 1063 V WindowManagerShell: Transition animation finished (aborted=false), notifying core (#1)android.os.BinderProxy@1fd7895@0
05-23 15:35:45.119 711 733 V WindowManager: Finish Transition #1: created at
05-23 15:35:42.348 collect-started=0.094ms request-sent=0.647ms started=114.475ms ready=412.671ms sent=2326.409ms finished=2766.401ms
05-23 15:35:45.124 920 1063 V WindowManagerShell: Track 0 became idle
05-23 15:35:45.125 920 1063 V WindowManagerShell: All active transition animations finished
05-23 15:35:45.203 711 744 I ActivityManager: com.android.packageinstaller is exempt from freezer
05-23 15:35:45.203 711 744 D CompatibilityChangeReporter: Compat change id reported: 135634846; UID 10025; state: DISABLED
05-23 15:35:45.203 711 744 D CompatibilityChangeReporter: Compat change id reported: 177438394; UID 10025; state: DISABLED
05-23 15:35:45.204 711 744 D CompatibilityChangeReporter: Compat change id reported: 135772972; UID 10025; state: DISABLED
05-23 15:35:45.204 711 744 D CompatibilityChangeReporter: Compat change id reported: 135754954; UID 10025; state: ENABLED
05-23 15:35:45.204 711 745 D CompatibilityChangeReporter: Compat change id reported: 143937733; UID 10025; state: ENABLED
05-23 15:35:45.266 711 745 W ActivityManager: Slow operation: 63ms so far, now at startProcess: returned from zygote!
05-23 15:35:45.266 711 745 W ActivityManager: Slow operation: 63ms so far, now at startProcess: done updating battery stats
05-23 15:35:45.266 711 745 W ActivityManager: Slow operation: 63ms so far, now at startProcess: building log message
05-23 15:35:45.266 711 745 I ActivityManager: Start proc 1998:com.android.packageinstaller/u0a25 for broadcast {com.android.packageinstaller/com.android.packageinstaller.TemporaryFileManager}
05-23 15:35:45.266 711 745 W ActivityManager: Slow operation: 64ms so far, now at startProcess: starting to update pids map
05-23 15:35:45.266 711 745 W ActivityManager: Slow operation: 64ms so far, now at startProcess: done updating pids map
05-23 15:35:45.291 711 1107 I DynamicSystemService: isInstalled(): false
05-23 15:35:45.390 711 1525 D CompatibilityChangeReporter: Compat change id reported: 168419799; UID 10025; state: DISABLED
05-23 15:35:45.390 711 1525 D CompatibilityChangeReporter: Compat change id reported: 273564678; UID 10025; state: DISABLED
05-23 15:35:45.403 711 796 D CompatibilityChangeReporter: Compat change id reported: 265195908; UID 10025; state: ENABLED
05-23 15:35:45.440 711 1471 I ActivityManager: com.android.localtransport is exempt from freezer
05-23 15:35:45.441 711 1471 D CompatibilityChangeReporter: Compat change id reported: 135634846; UID 1000; state: DISABLED
05-23 15:35:45.452 711 1525 D CompatibilityChangeReporter: Compat change id reported: 170503758; UID 10025; state: ENABLED
05-23 15:35:45.542 622 622 W wificond: Scan is not started. Ignore abort request
05-23 15:35:45.568 711 745 W ActivityManager: Slow operation: 128ms so far, now at startProcess: returned from zygote!
05-23 15:35:45.568 711 745 W ActivityManager: Slow operation: 129ms so far, now at startProcess: done updating battery stats
05-23 15:35:45.569 711 745 W ActivityManager: Slow operation: 129ms so far, now at startProcess: building log message
05-23 15:35:45.569 711 745 I ActivityManager: Start proc 2047:com.android.localtransport/1000 for service {com.android.localtransport/com.android.localtransport.LocalTransportService}
05-23 15:35:45.569 711 745 W ActivityManager: Slow operation: 129ms so far, now at startProcess: starting to update pids map
05-23 15:35:45.569 711 1107 D CompatibilityChangeReporter: Compat change id reported: 214016041; UID 1000; state: ENABLED
05-23 15:35:45.569 711 745 W ActivityManager: Slow operation: 129ms so far, now at startProcess: done updating pids map
05-23 15:35:45.569 711 1107 D CompatibilityChangeReporter: Compat change id reported: 214016041; UID 1000; state: DISABLED
05-23 15:35:45.608 711 744 D CompatibilityChangeReporter: Compat change id reported: 135634846; UID 10016; state: DISABLED
05-23 15:35:45.608 711 744 D CompatibilityChangeReporter: Compat change id reported: 177438394; UID 10016; state: DISABLED
05-23 15:35:45.609 711 744 D CompatibilityChangeReporter: Compat change id reported: 135772972; UID 10016; state: DISABLED
05-23 15:35:45.609 711 744 D CompatibilityChangeReporter: Compat change id reported: 135754954; UID 10016; state: ENABLED
05-23 15:35:45.612 711 745 D CompatibilityChangeReporter: Compat change id reported: 143937733; UID 10016; state: ENABLED
05-23 15:35:45.650 711 745 I ActivityManager: Start proc 2062:com.android.providers.calendar/u0a16 for broadcast {com.android.providers.calendar/com.android.providers.calendar.CalendarReceiver}
05-23 15:35:45.667 711 1525 D CompatibilityChangeReporter: Compat change id reported: 168419799; UID 1000; state: DISABLED
05-23 15:35:45.668 711 1525 D CompatibilityChangeReporter: Compat change id reported: 273564678; UID 1000; state: DISABLED
05-23 15:35:45.693 711 853 W ContextImpl: Calling a method in the system process without a qualified user: android.app.ContextImpl.sendStickyBroadcast:1626 com.android.server.wifi.ClientModeImpl.sendNetworkChangeBroadcast:3008 com.android.server.wifi.ClientModeImpl.lambda$sendNetworkChangeBroadcastWithCurrentState$14:2985 com.android.server.wifi.ClientModeImpl.$r8$lambda$q-j88Pjw4gROgoJFr8wBlBVbuJI:0 com.android.server.wifi.ClientModeImpl$$ExternalSyntheticLambda4.send:0
05-23 15:35:45.728 711 789 D CompatibilityChangeReporter: Compat change id reported: 168419799; UID 10016; state: DISABLED
05-23 15:35:45.728 711 789 D CompatibilityChangeReporter: Compat change id reported: 273564678; UID 10016; state: DISABLED
05-23 15:35:45.732 711 796 D CompatibilityChangeReporter: Compat change id reported: 265195908; UID 10016; state: ENABLED
05-23 15:35:45.778 711 1059 D CompatibilityChangeReporter: Compat change id reported: 170503758; UID 10016; state: ENABLED
05-23 15:35:45.868 711 711 I TransportConnection: LocalTransportService#0: Notifying [TransportManager.registerTransport()] transport = BackupTransportClient
05-23 15:35:45.891 711 789 I AppsFilter: Invalidating cache: grantImplicitAccess: 1000 -> 10016
05-23 15:35:45.896 711 769 I AppsFilter: Cache invalidated while building, retrying.
05-23 15:35:45.948 711 1059 D CompatibilityChangeReporter: Compat change id reported: 161145287; UID 10016; state: ENABLED
05-23 15:35:45.953 711 1471 D BackupTransportManager: [UserID:0] Transport com.android.localtransport/.LocalTransportService registered
05-23 15:35:45.954 711 1471 D BackupManagerService: [UserID:0] Transport com.android.localtransport/.LocalTransport registered 3651ms after first request (delay = 3000ms)
05-23 15:35:45.961 711 744 D CompatibilityChangeReporter: Compat change id reported: 135634846; UID 10026; state: DISABLED
05-23 15:35:45.961 711 744 D CompatibilityChangeReporter: Compat change id reported: 177438394; UID 10026; state: DISABLED
05-23 15:35:45.962 711 744 D CompatibilityChangeReporter: Compat change id reported: 135772972; UID 10026; state: DISABLED
05-23 15:35:45.962 711 744 D CompatibilityChangeReporter: Compat change id reported: 135754954; UID 10026; state: ENABLED
05-23 15:35:45.963 711 745 D CompatibilityChangeReporter: Compat change id reported: 143937733; UID 10026; state: ENABLED
05-23 15:35:45.991 711 1471 I BackupManagerService: [UserID:0] Found 62 stale backup journal(s), scheduling.
05-23 15:35:46.015 711 745 W ActivityManager: Slow operation: 55ms so far, now at startProcess: returned from zygote!
05-23 15:35:46.015 711 745 W ActivityManager: Slow operation: 55ms so far, now at startProcess: done updating battery stats
05-23 15:35:46.016 711 745 W ActivityManager: Slow operation: 55ms so far, now at startProcess: building log message
05-23 15:35:46.016 711 745 I ActivityManager: Start proc 2102:com.android.providers.tv/u0a26 for broadcast {com.android.providers.tv/com.android.providers.tv.BootCompletedReceiver}
05-23 15:35:46.016 711 745 W ActivityManager: Slow operation: 55ms so far, now at startProcess: starting to update pids map
05-23 15:35:46.016 711 745 W ActivityManager: Slow operation: 55ms so far, now at startProcess: done updating pids map
05-23 15:35:46.033 711 1525 D CompatibilityChangeReporter: Compat change id reported: 171306433; UID 10016; state: ENABLED
05-23 15:35:46.034 711 1525 D CompatibilityChangeReporter: Compat change id reported: 218533173; UID 10016; state: ENABLED
05-23 15:35:46.052 711 1525 D CompatibilityChangeReporter: Compat change id reported: 143231523; UID 10016; state: DISABLED
05-23 15:35:46.072 711 789 D CompatibilityChangeReporter: Compat change id reported: 168419799; UID 10026; state: DISABLED
05-23 15:35:46.073 711 789 D CompatibilityChangeReporter: Compat change id reported: 273564678; UID 10026; state: DISABLED
05-23 15:35:46.082 711 796 D CompatibilityChangeReporter: Compat change id reported: 265195908; UID 10026; state: ENABLED
05-23 15:35:46.111 711 1525 D CompatibilityChangeReporter: Compat change id reported: 170503758; UID 10026; state: ENABLED
05-23 15:35:46.227 711 744 D CompatibilityChangeReporter: Compat change id reported: 135634846; UID 10061; state: DISABLED
05-23 15:35:46.227 711 744 D CompatibilityChangeReporter: Compat change id reported: 177438394; UID 10061; state: DISABLED
05-23 15:35:46.227 711 744 D CompatibilityChangeReporter: Compat change id reported: 135772972; UID 10061; state: DISABLED
05-23 15:35:46.227 711 744 D CompatibilityChangeReporter: Compat change id reported: 135754954; UID 10061; state: ENABLED
05-23 15:35:46.228 711 745 D CompatibilityChangeReporter: Compat change id reported: 143937733; UID 10061; state: ENABLED
05-23 15:35:46.247 711 853 W ContextImpl: Calling a method in the system process without a qualified user: android.app.ContextImpl.sendStickyBroadcast:1626 com.android.server.wifi.ClientModeImpl.sendNetworkChangeBroadcast:3008 com.android.server.wifi.ClientModeImpl.lambda$sendNetworkChangeBroadcastWithCurrentState$14:2985 com.android.server.wifi.ClientModeImpl.$r8$lambda$q-j88Pjw4gROgoJFr8wBlBVbuJI:0 com.android.server.wifi.ClientModeImpl$$ExternalSyntheticLambda4.send:0
05-23 15:35:46.281 711 745 W ActivityManager: Slow operation: 55ms so far, now at startProcess: returned from zygote!
05-23 15:35:46.281 711 745 W ActivityManager: Slow operation: 56ms so far, now at startProcess: done updating battery stats
05-23 15:35:46.281 711 745 W ActivityManager: Slow operation: 56ms so far, now at startProcess: building log message
05-23 15:35:46.281 711 745 I ActivityManager: Start proc 2130:com.android.rkpdapp/u0a61 for broadcast {com.android.rkpdapp/com.android.rkpdapp.BootReceiver}
05-23 15:35:46.282 711 745 W ActivityManager: Slow operation: 56ms so far, now at startProcess: starting to update pids map
05-23 15:35:46.282 711 745 W ActivityManager: Slow operation: 56ms so far, now at startProcess: done updating pids map
05-23 15:35:46.319 711 853 W ContextImpl: Calling a method in the system process without a qualified user: android.app.ContextImpl.sendStickyBroadcast:1626 com.android.server.wifi.ClientModeImpl.sendNetworkChangeBroadcast:3008 com.android.server.wifi.ClientModeImpl.lambda$sendNetworkChangeBroadcastWithCurrentState$14:2985 com.android.server.wifi.ClientModeImpl.$r8$lambda$q-j88Pjw4gROgoJFr8wBlBVbuJI:0 com.android.server.wifi.ClientModeImpl$$ExternalSyntheticLambda4.send:0
05-23 15:35:46.351 711 1525 D CompatibilityChangeReporter: Compat change id reported: 168419799; UID 10061; state: DISABLED
05-23 15:35:46.352 711 1525 D CompatibilityChangeReporter: Compat change id reported: 273564678; UID 10061; state: DISABLED
05-23 15:35:46.360 711 796 D CompatibilityChangeReporter: Compat change id reported: 265195908; UID 10061; state: ENABLED
05-23 15:35:46.361 711 853 W ContextImpl: Calling a method in the system process without a qualified user: android.app.ContextImpl.sendStickyBroadcast:1626 com.android.server.wifi.ClientModeImpl.sendNetworkChangeBroadcast:3008 com.android.server.wifi.ClientModeImpl.lambda$sendNetworkChangeBroadcastWithCurrentState$14:2985 com.android.server.wifi.ClientModeImpl.$r8$lambda$q-j88Pjw4gROgoJFr8wBlBVbuJI:0 com.android.server.wifi.ClientModeImpl$$ExternalSyntheticLambda4.send:0
05-23 15:35:46.418 711 1107 D CompatibilityChangeReporter: Compat change id reported: 170503758; UID 10061; state: ENABLED
05-23 15:35:46.438 711 1059 D CompatibilityChangeReporter: Compat change id reported: 171306433; UID 1073; state: ENABLED
05-23 15:35:46.462 711 1471 I BackupManagerService: [UserID:0] Stale backup journals: Scheduled 6 package(s) total
05-23 15:35:46.590 711 744 I ActivityManager: com.android.shell is exempt from freezer
05-23 15:35:46.590 711 744 D CompatibilityChangeReporter: Compat change id reported: 135634846; UID 2000; state: DISABLED
05-23 15:35:46.590 711 744 D CompatibilityChangeReporter: Compat change id reported: 177438394; UID 2000; state: DISABLED
05-23 15:35:46.591 711 744 D CompatibilityChangeReporter: Compat change id reported: 135772972; UID 2000; state: DISABLED
05-23 15:35:46.591 711 744 D CompatibilityChangeReporter: Compat change id reported: 135754954; UID 2000; state: ENABLED
05-23 15:35:46.657 711 745 W ActivityManager: Slow operation: 69ms so far, now at startProcess: returned from zygote!
05-23 15:35:46.658 711 745 W ActivityManager: Slow operation: 69ms so far, now at startProcess: done updating battery stats
05-23 15:35:46.658 711 745 W ActivityManager: Slow operation: 69ms so far, now at startProcess: building log message
05-23 15:35:46.659 711 745 I ActivityManager: Start proc 2159:com.android.shell/2000 for broadcast {com.android.shell/com.android.shell.HeapDumpReceiver}
05-23 15:35:46.659 711 745 W ActivityManager: Slow operation: 70ms so far, now at startProcess: starting to update pids map
05-23 15:35:46.659 711 745 W ActivityManager: Slow operation: 70ms so far, now at startProcess: done updating pids map --------- beginning of kernel
05-23 15:35:46.698 0 0 W : [3 T1089 ..] [cmd_mgr_llind 329] cmd tkn[28] flags:001a result: -4 cmd:5139-ME_SET_PS_MODE_REQ - reqcfm(5140-ME_SET_PS_MODE_CFM)
05-23 15:35:46.700 0 0 W : [1 T1089 ..] [cmd_mgr_msgind 409] cmd tkn[28] flags:0012 result: -4 cmd:5139-ME_SET_PS_MODE_REQ - reqcfm(5140-ME_SET_PS_MODE_CFM)
05-23 15:35:46.701 0 0 W : [1 T1089 ..] [cmd_complete 65] cmd tkn[28] flags:0002 result: -4 cmd:5139-ME_SET_PS_MODE_REQ - reqcfm(5140-ME_SET_PS_MODE_CFM)
05-23 15:35:46.708 711 1059 D CompatibilityChangeReporter: Compat change id reported: 168419799; UID 2000; state: DISABLED
05-23 15:35:46.709 711 1059 D CompatibilityChangeReporter: Compat change id reported: 273564678; UID 2000; state: DISABLED
05-23 15:35:46.722 0 0 W : [1 T1267 ..] [SP FRAME TX] DHCP[1 0], vif_idx:0
05-23 15:35:46.714 711 796 D CompatibilityChangeReporter: Compat change id reported: 265195908; UID 2000; state: ENABLED
05-23 15:35:46.797 711 2156 D CompatibilityChangeReporter: Compat change id reported: 271850009; UID 10061; state: ENABLED
05-23 15:35:46.797 711 2156 D CompatibilityChangeReporter: Compat change id reported: 253665015; UID 10061; state: ENABLED
05-23 15:35:46.798 711 2156 D CompatibilityChangeReporter: Compat change id reported: 194532703; UID 10061; state: ENABLED
05-23 15:35:46.805 711 744 D CompatibilityChangeReporter: Compat change id reported: 135634846; UID 10028; state: DISABLED
05-23 15:35:46.805 711 744 D CompatibilityChangeReporter: Compat change id reported: 177438394; UID 10028; state: DISABLED
05-23 15:35:46.805 711 744 D CompatibilityChangeReporter: Compat change id reported: 135772972; UID 10028; state: DISABLED
05-23 15:35:46.805 711 744 D CompatibilityChangeReporter: Compat change id reported: 135754954; UID 10028; state: DISABLED
05-23 15:35:46.806 711 745 D CompatibilityChangeReporter: Compat change id reported: 143937733; UID 10028; state: DISABLED
05-23 15:35:46.827 0 0 W : [2 T1090 ..] [SP FRAME RX] DHCP[1 0], vif_idx:0
05-23 15:35:46.838 0 0 W : [1 T1127 ..] >>> aml_cfg80211_set_power_mgmt()
05-23 15:35:46.838 0 0 W : [1 T1127 ..] [aml_send_me_set_ps_mode 2111] set power save mode:0
05-23 15:35:46.838 0 0 W : [1 T1127 ..] >>> aml_send_msg()
05-23 15:35:46.842 0 0 W : [3 T548 ..] >>> aml_send_msg()
05-23 15:35:46.844 0 0 W : [1 T1089 ..] ipc_sdio_host_msgack_handler 00000000f8aff959
05-23 15:35:46.844 0 0 W : [1 T1089 ..] [aml_msgackind 2038] msg ack hostid=0xffffff8048fbfc00
05-23 15:35:46.845 0 0 W : [1 T1089 ..] [cmd_mgr_llind 329] cmd tkn[29] flags:001a result: -4 cmd:5139-ME_SET_PS_MODE_REQ - reqcfm(5140-ME_SET_PS_MODE_CFM)
05-23 15:35:46.847 0 0 W : [0 T1092 ..] >>> aml_msg_task()
05-23 15:35:46.848 0 0 W : [0 T1092 ..] [aml_msg_task 116] cmd tkn[30] flags:000c result: -4 cmd: 105-MM_SUB_NOTIFY_IP - reqcfm( 0-none)
05-23 15:35:46.840 711 745 I ActivityManager: Start proc 2178:com.android.statementservice/u0a28 for broadcast {com.android.statementservice/com.android.statementservice.domain.BootCompletedReceiver}
05-23 15:35:46.849 0 0 W : [1 T1089 ..] [cmd_mgr_msgind 409] cmd tkn[29] flags:0012 result: -4 cmd:5139-ME_SET_PS_MODE_REQ - reqcfm(5140-ME_SET_PS_MODE_CFM)
05-23 15:35:46.851 0 0 W : [1 T1089 ..] [cmd_mgr_msgind 426] next 0x22190580
05-23 15:35:46.852 0 0 W : [1 T1089 ..] [cmd_complete 65] cmd tkn[29] flags:0002 result: -4 cmd:5139-ME_SET_PS_MODE_REQ - reqcfm(5140-ME_SET_PS_MODE_CFM)
05-23 15:35:46.854 0 0 W : [1 T1089 ..] ipc_sdio_host_msgack_handler 0000000010d3c18c
05-23 15:35:46.854 0 0 W : [1 T1089 ..] [aml_msgackind 2038] msg ack hostid=0xffffff8022190580
05-23 15:35:46.850 711 853 W ContextImpl: Calling a method in the system process without a qualified user: android.app.ContextImpl.sendStickyBroadcast:1626 com.android.server.wifi.ClientModeImpl.sendNetworkChangeBroadcast:3008 com.android.server.wifi.ClientModeImpl.lambda$sendNetworkChangeBroadcastWithCurrentState$14:2985 com.android.server.wifi.ClientModeImpl.$r8$lambda$q-j88Pjw4gROgoJFr8wBlBVbuJI:0 com.android.server.wifi.ClientModeImpl$$ExternalSyntheticLambda4.send:0
05-23 15:35:46.855 0 0 W : [1 T1089 ..] [cmd_mgr_llind 329] cmd tkn[30] flags:0008 result: -4 cmd: 105-MM_SUB_NOTIFY_IP - reqcfm( 0-none)
05-23 15:35:46.857 0 0 W : [1 T1089 ..] [cmd_complete 65] cmd tkn[30] flags:0000 result: -4 cmd: 105-MM_SUB_NOTIFY_IP - reqcfm( 0-none)
05-23 15:35:46.859 0 0 W : [2 T1090 ..] [SP FRAME RX] arp req,vif_idx:0 sender:[2e:6a:3b:b3:ad:e6 192.168.3.15]receiver:[00:00:00:00:00:00 192.168.3.167]
05-23 15:35:46.859 0 0 W : [1 T548 ..] [aml_inetaddr_event 6139] dev wlan0 is up, comm:binder:472_3, pid:548, vif:0, ipv4:192.168.3.167
05-23 15:35:46.860 0 0 W : [2 T1090 ..] [SP FRAME TX] arp rsp,vif_idx:0 sender:[1c:79:2d:20:62:97 192.168.3.167]receiver:[2e:6a:3b:b3:ad:e6 192.168.3.15]
05-23 15:35:46.887 711 1059 D CompatibilityChangeReporter: Compat change id reported: 168419799; UID 10028; state: DISABLED
05-23 15:35:46.888 711 1059 D CompatibilityChangeReporter: Compat change id reported: 273564678; UID 10028; state: DISABLED
05-23 15:35:46.890 711 796 D CompatibilityChangeReporter: Compat change id reported: 265195908; UID 10028; state: ENABLED
05-23 15:35:46.896 711 853 W ContextImpl: Calling a method in the system process without a qualified user: android.app.ContextImpl.sendStickyBroadcast:1626 com.android.server.wifi.ClientModeImpl.sendNetworkChangeBroadcast:3008 com.android.server.wifi.ClientModeImpl.lambda$sendNetworkChangeBroadcastWithCurrentState$14:2985 com.android.server.wifi.ClientModeImpl.$r8$lambda$q-j88Pjw4gROgoJFr8wBlBVbuJI:0 com.android.server.wifi.ClientModeImpl$$ExternalSyntheticLambda4.send:0
05-23 15:35:46.900 711 862 W BroadcastLoopers: Found previously unknown looper Thread[ConnectivityServiceThread,5,main]
05-23 15:35:46.925 711 726 D CompatibilityChangeReporter: Compat change id reported: 170503758; UID 10028; state: DISABLED
05-23 15:35:46.978 0 0 W : [3 T2200 ..] [SP FRAME TX] arp req,vif_idx:0 sender:[1c:79:2d:20:62:97 192.168.3.167]receiver:[00:00:00:00:00:00 192.168.3.1]
05-23 15:35:46.987 0 0 W : [2 T1090 ..] [SP FRAME RX] arp rsp,vif_idx:0 sender:[70:3a:a6:36:a8:d7 192.168.3.1]receiver:[1c:79:2d:20:62:97 192.168.3.167]
05-23 15:35:46.977 711 726 W OverlayManager: service 'idmap' died
05-23 15:35:47.004 472 533 E NetlinkEvent: NetlinkEvent::FindParam(): Parameter 'INTERFACE' not found
05-23 15:35:47.004 472 533 E NetlinkEvent: NetlinkEvent::FindParam(): Parameter 'STATE' not found
05-23 15:35:47.004 472 533 E NetlinkEvent: NetlinkEvent::FindParam(): Parameter 'TIME_NS' not found
05-23 15:35:47.004 472 533 E NetlinkEvent: NetlinkEvent::FindParam(): Parameter 'UID' not found
05-23 15:35:47.053 0 0 W : [2 T1090 ..] [SP FRAME RX] arp req,vif_idx:0 sender:[32:d3:91:86:95:7c 192.168.3.134]receiver:[00:00:00:00:00:00 192.168.3.167]
05-23 15:35:47.054 0 0 W : [2 T1090 ..] [SP FRAME TX] arp rsp,vif_idx:0 sender:[1c:79:2d:20:62:97 192.168.3.167]receiver:[32:d3:91:86:95:7c 192.168.3.134]
05-23 15:35:47.117 0 0 W : [2 T1090 ..] [SP FRAME RX] arp req,vif_idx:0 sender:[42:f0:95:73:53:48 192.168.3.101]receiver:[00:00:00:00:00:00 192.168.3.167]
05-23 15:35:47.119 0 0 W : [2 T1090 ..] [SP FRAME TX] arp rsp,vif_idx:0 sender:[1c:79:2d:20:62:97 192.168.3.167]receiver:[42:f0:95:73:53:48 192.168.3.101]
05-23 15:35:47.123 711 862 W ContextImpl: Calling a method in the system process without a qualified user: android.app.ContextImpl.sendStickyBroadcast:1626 android.net.connectivity.com.android.server.ConnectivityService.sendStickyBroadcast:3280 android.net.connectivity.com.android.server.ConnectivityService.sendGeneralBroadcast:3250 android.net.connectivity.com.android.server.ConnectivityService.sendConnectedBroadcast:3223 android.net.connectivity.com.android.server.ConnectivityService.sendLegacyNetworkBroadcast:10138
05-23 15:35:47.166 711 744 D CompatibilityChangeReporter: Compat change id reported: 135634846; UID 10077; state: DISABLED
05-23 15:35:47.167 711 745 D CompatibilityChangeReporter: Compat change id reported: 143937733; UID 10077; state: DISABLED
05-23 15:35:47.193 0 0 W [2 T1493 ..] audit: audit_lost=116 audit_rate_limit=5 audit_backlog_limit=64
05-23 15:35:47.194 0 0 E [2 T1493 ..] audit: rate limit exceeded
05-23 15:35:47.243 711 745 W ActivityManager: Slow operation: 77ms so far, now at startProcess: returned from zygote!
05-23 15:35:47.243 711 745 W ActivityManager: Slow operation: 77ms so far, now at startProcess: done updating battery stats
05-23 15:35:47.243 711 745 W ActivityManager: Slow operation: 78ms so far, now at startProcess: building log message
05-23 15:35:47.243 711 745 I ActivityManager: Start proc 2220:com.ktcp.video/u0a77 for broadcast {com.ktcp.video/com.ktcp.msg.lib.BootCompletedReceiver}
05-23 15:35:47.243 711 745 W ActivityManager: Slow operation: 78ms so far, now at startProcess: starting to update pids map
05-23 15:35:47.243 711 745 W ActivityManager: Slow operation: 78ms so far, now at startProcess: done updating pids map
05-23 15:35:47.250 0 0 I [2 T1090 ..] nf_conntrack: default automatic helper assignment has been turned off for security reasons and CT-based firewall rule not found. Use the iptables CT target to attach helpers instead.
05-23 15:35:47.392 0 0 W : [2 T1090 ..] [SP FRAME RX] arp req,vif_idx:0 sender:[96:48:53:52:1f:54 192.168.3.142]receiver:[1c:79:2d:20:62:97 192.168.3.167]
05-23 15:35:47.393 0 0 W : [2 T1090 ..] [SP FRAME TX] arp rsp,vif_idx:0 sender:[1c:79:2d:20:62:97 192.168.3.167]receiver:[96:48:53:52:1f:54 192.168.3.142]
05-23 15:35:47.283 711 862 W ContextImpl: Calling a method in the system process without a qualified user: android.app.ContextImpl.sendStickyBroadcast:1626 android.net.connectivity.com.android.server.ConnectivityService.sendStickyBroadcast:3280 android.net.connectivity.com.android.server.ConnectivityService.sendGeneralBroadcast:3250 android.net.connectivity.com.android.server.ConnectivityService.sendInetConditionBroadcast:3227 android.net.connectivity.com.android.server.ConnectivityService.updateInetCondition:9819
05-23 15:35:47.288 711 788 D CompatibilityChangeReporter: Compat change id reported: 168419799; UID 10077; state: DISABLED
05-23 15:35:47.289 711 788 D CompatibilityChangeReporter: Compat change id reported: 273564678; UID 10077; state: DISABLED
05-23 15:35:47.294 711 796 D CompatibilityChangeReporter: Compat change id reported: 265195908; UID 10077; state: ENABLED
05-23 15:35:47.320 711 2156 D CompatibilityChangeReporter: Compat change id reported: 170503758; UID 10077; state: DISABLED
05-23 15:35:47.327 711 744 I ActivityManager: reportOnUserCompletedEvent(0): stored=10, eligible=111
05-23 15:35:47.327 711 744 D SystemServerTimingAsync: ssm.CompletedEventUser-0
05-23 15:35:47.327 711 744 I SystemServiceManager: Calling onCompletedEventUser 0
05-23 15:35:47.334 711 2243 D SystemServerTimingAsync: ssm.onCompletedEventUser-0_{|Unlocked|}_com.android.server.security.FileIntegrityService
05-23 15:35:47.334 711 2243 V SystemServerTimingAsync: ssm.onCompletedEventUser-0_{|Unlocked|}_com.android.server.security.FileIntegrityService took to complete: 0ms
05-23 15:35:47.334 711 2243 D SystemServerTimingAsync: ssm.onCompletedEventUser-0_{|Unlocked|}_com.android.server.flags.FeatureFlagsService
05-23 15:35:47.334 711 2243 V SystemServerTimingAsync: ssm.onCompletedEventUser-0_{|Unlocked|}_com.android.server.flags.FeatureFlagsService took to complete: 0ms
05-23 15:35:47.334 711 2243 D SystemServerTimingAsync: ssm.onCompletedEventUser-0_{|Unlocked|}_com.android.server.uri.UriGrantsManagerService$Lifecycle
05-23 15:35:47.334 711 2243 V SystemServerTimingAsync: ssm.onCompletedEventUser-0_{|Unlocked|}_com.android.server.uri.UriGrantsManagerService$Lifecycle took to complete: 0ms
05-23 15:35:47.334 711 2243 D SystemServerTimingAsync: ssm.onCompletedEventUser-0_{|Unlocked|}_com.android.server.powerstats.PowerStatsService
05-23 15:35:47.334 711 2243 V SystemServerTimingAsync: ssm.onCompletedEventUser-0_{|Unlocked|}_com.android.server.powerstats.PowerStatsService took to complete: 0ms
05-23 15:35:47.334 711 2243 D SystemServerTimingAsync: ssm.onCompletedEventUser-0_{|Unlocked|}_com.android.server.permission.access.AccessCheckingService
05-23 15:35:47.334 711 2243 V SystemServerTimingAsync: ssm.onCompletedEventUser-0_{|Unlocked|}_com.android.server.permission.access.AccessCheckingService took to complete: 0ms
05-23 15:35:47.334 711 2243 D SystemServerTimingAsync: ssm.onCompletedEventUser-0_{|Unlocked|}_com.android.server.wm.ActivityTaskManagerService$Lifecycle
05-23 15:35:47.334 711 2243 V SystemServerTimingAsync: ssm.onCompletedEventUser-0_{|Unlocked|}_com.android.server.wm.ActivityTaskManagerService$Lifecycle took to complete: 0ms
05-23 15:35:47.334 711 2243 D SystemServerTimingAsync: ssm.onCompletedEventUser-0_{|Unlocked|}_com.android.server.am.ActivityManagerService$Lifecycle
05-23 15:35:47.334 711 2243 V SystemServerTimingAsync: ssm.onCompletedEventUser-0_{|Unlocked|}_com.android.server.am.ActivityManagerService$Lifecycle took to complete: 0ms
05-23 15:35:47.334 711 2243 D SystemServerTimingAsync: ssm.onCompletedEventUser-0_{|Unlocked|}_com.android.server.pm.DataLoaderManagerService
05-23 15:35:47.334 711 2243 V SystemServerTimingAsync: ssm.onCompletedEventUser-0_{|Unlocked|}_com.android.server.pm.DataLoaderManagerService took to complete: 0ms
05-23 15:35:47.334 711 2243 D SystemServerTimingAsync: ssm.onCompletedEventUser-0_{|Unlocked|}_com.android.server.power.PowerManagerService
05-23 15:35:47.334 711 2243 V SystemServerTimingAsync: ssm.onCompletedEventUser-0_{|Unlocked|}_com.android.server.power.PowerManagerService took to complete: 0ms
05-23 15:35:47.334 711 2243 D SystemServerTimingAsync: ssm.onCompletedEventUser-0_{|Unlocked|}_com.android.server.power.ThermalManagerService
05-23 15:35:47.334 711 2243 V SystemServerTimingAsync: ssm.onCompletedEventUser-0_{|Unlocked|}_com.android.server.power.ThermalManagerService took to complete: 0ms
05-23 15:35:47.334 711 2243 D SystemServerTimingAsync: ssm.onCompletedEventUser-0_{|Unlocked|}_com.android.server.power.hint.HintManagerService
05-23 15:35:47.334 711 2243 V SystemServerTimingAsync: ssm.onCompletedEventUser-0_{|Unlocked|}_com.android.server.power.hint.HintManagerService took to complete: 0ms
05-23 15:35:47.334 711 2243 D SystemServerTimingAsync: ssm.onCompletedEventUser-0_{|Unlocked|}_com.android.server.recoverysystem.RecoverySystemService$Lifecycle
05-23 15:35:47.335 711 2244 D SystemServerTimingAsync: ssm.onCompletedEventUser-0_{|Unlocked|}_com.android.server.pm.Installer
05-23 15:35:47.335 711 2244 V SystemServerTimingAsync: ssm.onCompletedEventUser-0_{|Unlocked|}_com.android.server.pm.Installer took to complete: 0ms
05-23 15:35:47.335 711 2244 D SystemServerTimingAsync: ssm.onCompletedEventUser-0_{|Unlocked|}_com.android.server.lights.LightsService
05-23 15:35:47.335 711 2244 V SystemServerTimingAsync: ssm.onCompletedEventUser-0_{|Unlocked|}_com.android.server.lights.LightsService took to complete: 0ms
05-23 15:35:47.335 711 2244 D SystemServerTimingAsync: ssm.onCompletedEventUser-0_{|Unlocked|}_com.android.server.display.DisplayManagerService
05-23 15:35:47.335 711 2244 V SystemServerTimingAsync: ssm.onCompletedEventUser-0_{|Unlocked|}_com.android.server.display.DisplayManagerService took to complete: 0ms
05-23 15:35:47.335 711 2244 D SystemServerTimingAsync: ssm.onCompletedEventUser-0_{|Unlocked|}_com.android.server.pm.verify.domain.DomainVerificationService
05-23 15:35:47.335 711 2244 V SystemServerTimingAsync: ssm.onCompletedEventUser-0_{|Unlocked|}_com.android.server.pm.verify.domain.DomainVerificationService took to complete: 0ms
05-23 15:35:47.335 711 2244 D SystemServerTimingAsync: ssm.onCompletedEventUser-0_{|Unlocked|}_com.android.server.pm.PackageInstallerService$Lifecycle
05-23 15:35:47.335 711 2244 V SystemServerTimingAsync: ssm.onCompletedEventUser-0_{|Unlocked|}_com.android.server.pm.PackageInstallerService$Lifecycle took to complete: 0ms
05-23 15:35:47.335 711 2244 D SystemServerTimingAsync: ssm.onCompletedEventUser-0_{|Unlocked|}_com.android.server.pm.UserManagerService$LifeCycle
05-23 15:35:47.335 711 2244 V SystemServerTimingAsync: ssm.onCompletedEventUser-0_{|Unlocked|}_com.android.server.pm.UserManagerService$LifeCycle took to complete: 0ms
05-23 15:35:47.335 711 2244 D SystemServerTimingAsync: ssm.onCompletedEventUser-0_{|Unlocked|}_com.android.server.om.OverlayManagerService
05-23 15:35:47.335 711 2244 V SystemServerTimingAsync: ssm.onCompletedEventUser-0_{|Unlocked|}_com.android.server.om.OverlayManagerService took to complete: 0ms
05-23 15:35:47.335 711 2244 D SystemServerTimingAsync: ssm.onCompletedEventUser-0_{|Unlocked|}_com.android.server.resources.ResourcesManagerService
05-23 15:35:47.335 711 2244 V SystemServerTimingAsync: ssm.onCompletedEventUser-0_{|Unlocked|}_com.android.server.resources.ResourcesManagerService took to complete: 0ms
05-23 15:35:47.335 711 2244 D SystemServerTimingAsync: ssm.onCompletedEventUser-0_{|Unlocked|}_com.android.server.sensorprivacy.SensorPrivacyService
05-23 15:35:47.335 711 2244 V SystemServerTimingAsync: ssm.onCompletedEventUser-0_{|Unlocked|}_com.android.server.sensorprivacy.SensorPrivacyService took to complete: 0ms
05-23 15:35:47.335 711 2244 D SystemServerTimingAsync: ssm.onCompletedEventUser-0_{|Unlocked|}_com.android.server.sensors.SensorService
05-23 15:35:47.336 711 2244 V SystemServerTimingAsync: ssm.onCompletedEventUser-0_{|Unlocked|}_com.android.server.sensors.SensorService took to complete: 0ms
05-23 15:35:47.336 711 2244 D SystemServerTimingAsync: ssm.onCompletedEventUser-0_{|Unlocked|}_com.android.server.SystemConfigService
05-23 15:35:47.336 711 2244 V SystemServerTimingAsync: ssm.onCompletedEventUser-0_{|Unlocked|}_com.android.server.SystemConfigService took to complete: 0ms
05-23 15:35:47.336 711 2244 D SystemServerTimingAsync: ssm.onCompletedEventUser-0_{|Unlocked|}_com.android.server.BatteryService
05-23 15:35:47.336 711 2244 V SystemServerTimingAsync: ssm.onCompletedEventUser-0_{|Unlocked|}_com.android.server.BatteryService took to complete: 0ms
05-23 15:35:47.336 711 2244 D SystemServerTimingAsync: ssm.onCompletedEventUser-0_{|Unlocked|}_com.android.server.usage.UsageStatsService
05-23 15:35:47.336 711 2244 V SystemServerTimingAsync: ssm.onCompletedEventUser-0_{|Unlocked|}_com.android.server.usage.UsageStatsService took to complete: 0ms
05-23 15:35:47.336 711 2244 D SystemServerTimingAsync: ssm.onCompletedEventUser-0_{|Unlocked|}_com.android.server.webkit.WebViewUpdateService
05-23 15:35:47.336 711 2244 V SystemServerTimingAsync: ssm.onCompletedEventUser-0_{|Unlocked|}_com.android.server.webkit.WebViewUpdateService took to complete: 0ms
05-23 15:35:47.336 711 2244 D SystemServerTimingAsync: ssm.onCompletedEventUser-0_{|Unlocked|}_com.android.server.CachedDeviceStateService
05-23 15:35:47.336 711 2244 V SystemServerTimingAsync: ssm.onCompletedEventUser-0_{|Unlocked|}_com.android.server.CachedDeviceStateService took to complete: 0ms
05-23 15:35:47.336 711 2244 D SystemServerTimingAsync: ssm.onCompletedEventUser-0_{|Unlocked|}_com.android.server.BinderCallsStatsService$LifeCycle
05-23 15:35:47.336 711 2244 V SystemServerTimingAsync: ssm.onCompletedEventUser-0_{|Unlocked|}_com.android.server.BinderCallsStatsService$LifeCycle took to complete: 0ms
05-23 15:35:47.336 711 2244 D SystemServerTimingAsync: ssm.onCompletedEventUser-0_{|Unlocked|}_com.android.server.LooperStatsService$Lifecycle
05-23 15:35:47.336 711 2244 V SystemServerTimingAsync: ssm.onCompletedEventUser-0_{|Unlocked|}_com.android.server.LooperStatsService$Lifecycle took to complete: 0ms
05-23 15:35:47.336 711 2244 D SystemServerTimingAsync: ssm.onCompletedEventUser-0_{|Unlocked|}_com.android.server.rollback.RollbackManagerService
05-23 15:35:47.336 711 2244 V SystemServerTimingAsync: ssm.onCompletedEventUser-0_{|Unlocked|}_com.android.server.rollback.RollbackManagerService took to complete: 0ms
05-23 15:35:47.336 711 2244 D SystemServerTimingAsync: ssm.onCompletedEventUser-0_{|Unlocked|}_com.android.server.os.NativeTombstoneManagerService
05-23 15:35:47.336 711 2244 V SystemServerTimingAsync: ssm.onCompletedEventUser-0_{|Unlocked|}_com.android.server.os.NativeTombstoneManagerService took to complete: 0ms
05-23 15:35:47.336 711 2244 D SystemServerTimingAsync: ssm.onCompletedEventUser-0_{|Unlocked|}_com.android.server.os.BugreportManagerService
05-23 15:35:47.336 711 2244 V SystemServerTimingAsync: ssm.onCompletedEventUser-0_{|Unlocked|}_com.android.server.os.BugreportManagerService took to complete: 0ms
05-23 15:35:47.336 711 2244 D SystemServerTimingAsync: ssm.onCompletedEventUser-0_{|Unlocked|}_com.android.server.gpu.GpuService
05-23 15:35:47.336 711 2244 V SystemServerTimingAsync: ssm.onCompletedEventUser-0_{|Unlocked|}_com.android.server.gpu.GpuService took to complete: 0ms
05-23 15:35:47.336 711 2244 D SystemServerTimingAsync: ssm.onCompletedEventUser-0_{|Unlocked|}_com.android.server.security.rkp.RemoteProvisioningService
05-23 15:35:47.336 711 2244 V SystemServerTimingAsync: ssm.onCompletedEventUser-0_{|Unlocked|}_com.android.server.security.rkp.RemoteProvisioningService took to complete: 0ms
05-23 15:35:47.336 711 2244 D SystemServerTimingAsync: ssm.onCompletedEventUser-0_{|Unlocked|}_com.android.server.cpu.CpuMonitorService
05-23 15:35:47.336 711 2244 V SystemServerTimingAsync: ssm.onCompletedEventUser-0_{|Unlocked|}_com.android.server.cpu.CpuMonitorService took to complete: 0ms
05-23 15:35:47.336 711 2244 D SystemServerTimingAsync: ssm.onCompletedEventUser-0_{|Unlocked|}_com.android.server.security.KeyChainSystemService
05-23 15:35:47.336 711 2244 V SystemServerTimingAsync: ssm.onCompletedEventUser-0_{|Unlocked|}_com.android.server.security.KeyChainSystemService took to complete: 0ms
05-23 15:35:47.343 711 2243 V SystemServerTimingAsync: ssm.onCompletedEventUser-0_{|Unlocked|}_com.android.server.recoverysystem.RecoverySystemService$Lifecycle took to complete: 0ms
05-23 15:35:47.343 711 2243 D SystemServerTimingAsync: ssm.onCompletedEventUser-0_{|Unlocked|}_com.android.server.accounts.AccountManagerService$Lifecycle
05-23 15:35:47.343 711 2243 V SystemServerTimingAsync: ssm.onCompletedEventUser-0_{|Unlocked|}_com.android.server.accounts.AccountManagerService$Lifecycle took to complete: 0ms
05-23 15:35:47.343 711 2243 D SystemServerTimingAsync: ssm.onCompletedEventUser-0_{|Unlocked|}_com.android.server.content.ContentService$Lifecycle
05-23 15:35:47.343 711 2243 V SystemServerTimingAsync: ssm.onCompletedEventUser-0_{|Unlocked|}_com.android.server.content.ContentService$Lifecycle took to complete: 0ms
05-23 15:35:47.343 711 2243 D SystemServerTimingAsync: ssm.onCompletedEventUser-0_{|Unlocked|}_com.android.server.deviceconfig.DeviceConfigInit$Lifecycle
05-23 15:35:47.343 711 2243 V SystemServerTimingAsync: ssm.onCompletedEventUser-0_{|Unlocked|}_com.android.server.deviceconfig.DeviceConfigInit$Lifecycle took to complete: 0ms
05-23 15:35:47.343 711 2243 D SystemServerTimingAsync: ssm.onCompletedEventUser-0_{|Unlocked|}_com.android.server.DropBoxManagerService
05-23 15:35:47.343 711 2243 V SystemServerTimingAsync: ssm.onCompletedEventUser-0_{|Unlocked|}_com.android.server.DropBoxManagerService took to complete: 0ms
05-23 15:35:47.343 711 2243 D SystemServerTimingAsync: ssm.onCompletedEventUser-0_{|Unlocked|}_com.android.role.RoleService
05-23 15:35:47.343 711 2243 V SystemServerTimingAsync: ssm.onCompletedEventUser-0_{|Unlocked|}_com.android.role.RoleService took to complete: 0ms
05-23 15:35:47.343 711 2243 D SystemServerTimingAsync: ssm.onCompletedEventUser-0_{|Unlocked|}_com.android.server.vibrator.VibratorManagerService$Lifecycle
05-23 15:35:47.344 711 2243 V SystemServerTimingAsync: ssm.onCompletedEventUser-0_{|Unlocked|}_com.android.server.vibrator.VibratorManagerService$Lifecycle took to complete: 0ms
05-23 15:35:47.344 711 2243 D SystemServerTimingAsync: ssm.onCompletedEventUser-0_{|Unlocked|}_com.android.server.tare.InternalResourceService
05-23 15:35:47.344 711 2243 V SystemServerTimingAsync: ssm.onCompletedEventUser-0_{|Unlocked|}_com.android.server.tare.InternalResourceService took to complete: 0ms
05-23 15:35:47.344 711 2243 D SystemServerTimingAsync: ssm.onCompletedEventUser-0_{|Unlocked|}_com.android.server.alarm.AlarmManagerService
05-23 15:35:47.344 711 2243 V SystemServerTimingAsync: ssm.onCompletedEventUser-0_{|Unlocked|}_com.android.server.alarm.AlarmManagerService took to complete: 0ms
05-23 15:35:47.344 711 2243 D SystemServerTimingAsync: ssm.onCompletedEventUser-0_{|Unlocked|}_com.android.server.devicestate.DeviceStateManagerService
05-23 15:35:47.344 711 2243 V SystemServerTimingAsync: ssm.onCompletedEventUser-0_{|Unlocked|}_com.android.server.devicestate.DeviceStateManagerService took to complete: 0ms
05-23 15:35:47.344 711 2243 D SystemServerTimingAsync: ssm.onCompletedEventUser-0_{|Unlocked|}_com.android.server.camera.CameraServiceProxy
05-23 15:35:47.344 711 2243 V SystemServerTimingAsync: ssm.onCompletedEventUser-0_{|Unlocked|}_com.android.server.camera.CameraServiceProxy took to complete: 0ms
05-23 15:35:47.344 711 2243 D SystemServerTimingAsync: ssm.onCompletedEventUser-0_{|Unlocked|}_com.android.server.bluetooth.BluetoothService
05-23 15:35:47.344 711 2243 V SystemServerTimingAsync: ssm.onCompletedEventUser-0_{|Unlocked|}_com.android.server.bluetooth.BluetoothService took to complete: 0ms
05-23 15:35:47.344 711 2243 D SystemServerTimingAsync: ssm.onCompletedEventUser-0_{|Unlocked|}_com.android.server.connectivity.IpConnectivityMetrics
05-23 15:35:47.344 711 2243 V SystemServerTimingAsync: ssm.onCompletedEventUser-0_{|Unlocked|}_com.android.server.connectivity.IpConnectivityMetrics took to complete: 0ms
05-23 15:35:47.344 711 2243 D SystemServerTimingAsync: ssm.onCompletedEventUser-0_{|Unlocked|}_com.android.server.net.watchlist.NetworkWatchlistService$Lifecycle
05-23 15:35:47.344 711 2243 V SystemServerTimingAsync: ssm.onCompletedEventUser-0_{|Unlocked|}_com.android.server.net.watchlist.NetworkWatchlistService$Lifecycle took to complete: 0ms
05-23 15:35:47.344 711 2243 D SystemServerTimingAsync: ssm.onCompletedEventUser-0_{|Unlocked|}_com.android.server.PinnerService
05-23 15:35:47.344 711 2243 V SystemServerTimingAsync: ssm.onCompletedEventUser-0_{|Unlocked|}_com.android.server.PinnerService took to complete: 0ms
05-23 15:35:47.344 711 2243 D SystemServerTimingAsync: ssm.onCompletedEventUser-0_{|Unlocked|}_com.android.server.integrity.AppIntegrityManagerService
05-23 15:35:47.344 711 2243 V SystemServerTimingAsync: ssm.onCompletedEventUser-0_{|Unlocked|}_com.android.server.integrity.AppIntegrityManagerService took to complete: 0ms
05-23 15:35:47.344 711 2243 D SystemServerTimingAsync: ssm.onCompletedEventUser-0_{|Unlocked|}_com.android.server.logcat.LogcatManagerService
05-23 15:35:47.344 711 2243 V SystemServerTimingAsync: ssm.onCompletedEventUser-0_{|Unlocked|}_com.android.server.logcat.LogcatManagerService took to complete: 0ms
05-23 15:35:47.344 711 2243 D SystemServerTimingAsync: ssm.onCompletedEventUser-0_{|Unlocked|}_com.android.server.inputmethod.InputMethodManagerService$Lifecycle
05-23 15:35:47.344 711 2243 V SystemServerTimingAsync: ssm.onCompletedEventUser-0_{|Unlocked|}_com.android.server.inputmethod.InputMethodManagerService$Lifecycle took to complete: 0ms
05-23 15:35:47.344 711 2243 D SystemServerTimingAsync: ssm.onCompletedEventUser-0_{|Unlocked|}_com.android.server.accessibility.AccessibilityManagerService$Lifecycle
05-23 15:35:47.344 711 2243 V SystemServerTimingAsync: ssm.onCompletedEventUser-0_{|Unlocked|}_com.android.server.accessibility.AccessibilityManagerService$Lifecycle took to complete: 0ms
05-23 15:35:47.344 711 2243 D SystemServerTimingAsync: ssm.onCompletedEventUser-0_{|Unlocked|}_com.android.server.StorageManagerService$Lifecycle
05-23 15:35:47.344 711 2243 V SystemServerTimingAsync: ssm.onCompletedEventUser-0_{|Unlocked|}_com.android.server.StorageManagerService$Lifecycle took to complete: 0ms
05-23 15:35:47.344 711 2243 D SystemServerTimingAsync: ssm.onCompletedEventUser-0_{|Unlocked|}_com.android.server.usage.StorageStatsService$Lifecycle
05-23 15:35:47.344 711 2243 V SystemServerTimingAsync: ssm.onCompletedEventUser-0_{|Unlocked|}_com.android.server.usage.StorageStatsService$Lifecycle took to complete: 0ms
05-23 15:35:47.344 711 2243 D SystemServerTimingAsync: ssm.onCompletedEventUser-0_{|Unlocked|}_com.android.server.UiModeManagerService
05-23 15:35:47.344 711 2243 V SystemServerTimingAsync: ssm.onCompletedEventUser-0_{|Unlocked|}_com.android.server.UiModeManagerService took to complete: 0ms
05-23 15:35:47.344 711 2243 D SystemServerTimingAsync: ssm.onCompletedEventUser-0_{|Unlocked|}_com.android.server.locales.LocaleManagerService
05-23 15:35:47.344 711 2243 V SystemServerTimingAsync: ssm.onCompletedEventUser-0_{|Unlocked|}_com.android.server.locales.LocaleManagerService took to complete: 0ms
05-23 15:35:47.344 711 2243 D SystemServerTimingAsync: ssm.onCompletedEventUser-0_{|Unlocked|}_com.android.server.grammaticalinflection.GrammaticalInflectionService
05-23 15:35:47.344 711 2243 V SystemServerTimingAsync: ssm.onCompletedEventUser-0_{|Unlocked|}_com.android.server.grammaticalinflection.GrammaticalInflectionService took to complete: 0ms
05-23 15:35:47.344 711 2243 D SystemServerTimingAsync: ssm.onCompletedEventUser-0_{|Unlocked|}_com.android.server.apphibernation.AppHibernationService
05-23 15:35:47.344 711 2243 V SystemServerTimingAsync: ssm.onCompletedEventUser-0_{|Unlocked|}_com.android.server.apphibernation.AppHibernationService took to complete: 0ms
05-23 15:35:47.344 711 2243 D SystemServerTimingAsync: ssm.onCompletedEventUser-0_{|Unlocked|}_com.android.server.locksettings.LockSettingsService$Lifecycle
05-23 15:35:47.344 711 2243 V SystemServerTimingAsync: ssm.onCompletedEventUser-0_{|Unlocked|}_com.android.server.locksettings.LockSettingsService$Lifecycle took to complete: 0ms
05-23 15:35:47.344 711 2243 D SystemServerTimingAsync: ssm.onCompletedEventUser-0_{|Unlocked|}_com.android.server.PersistentDataBlockService
05-23 15:35:47.344 711 2243 V SystemServerTimingAsync: ssm.onCompletedEventUser-0_{|Unlocked|}_com.android.server.PersistentDataBlockService took to complete: 0ms
05-23 15:35:47.344 711 2243 D SystemServerTimingAsync: ssm.onCompletedEventUser-0_{|Unlocked|}_com.android.server.testharness.TestHarnessModeService
05-23 15:35:47.344 711 2243 V SystemServerTimingAsync: ssm.onCompletedEventUser-0_{|Unlocked|}_com.android.server.testharness.TestHarnessModeService took to complete: 0ms
05-23 15:35:47.344 711 2243 D SystemServerTimingAsync: ssm.onCompletedEventUser-0_{|Unlocked|}_com.android.server.oemlock.OemLockService
