05-23 15:35:35.995 711 711 D SystemServerTiming: OnBootPhase_550_com.android.server.power.hint.HintManagerService
05-23 15:35:35.995 711 711 V SystemServerTiming: OnBootPhase_550_com.android.server.power.hint.HintManagerService took to complete: 0ms
05-23 15:35:35.995 711 711 D SystemServerTiming: OnBootPhase_550_com.android.server.recoverysystem.RecoverySystemService$Lifecycle
05-23 15:35:35.995 711 711 V SystemServerTiming: OnBootPhase_550_com.android.server.recoverysystem.RecoverySystemService$Lifecycle took to complete: 0ms
05-23 15:35:35.995 711 711 D SystemServerTiming: OnBootPhase_550_com.android.server.lights.LightsService
05-23 15:35:35.995 711 711 V SystemServerTiming: OnBootPhase_550_com.android.server.lights.LightsService took to complete: 0ms
05-23 15:35:35.995 711 711 D SystemServerTiming: OnBootPhase_550_com.android.server.display.DisplayManagerService
05-23 15:35:35.995 711 711 V SystemServerTiming: OnBootPhase_550_com.android.server.display.DisplayManagerService took to complete: 0ms
05-23 15:35:35.995 711 711 D SystemServerTiming: OnBootPhase_550_com.android.server.pm.verify.domain.DomainVerificationService
05-23 15:35:35.995 711 711 V SystemServerTiming: OnBootPhase_550_com.android.server.pm.verify.domain.DomainVerificationService took to complete: 0ms
05-23 15:35:35.995 711 711 D SystemServerTiming: OnBootPhase_550_com.android.server.pm.PackageInstallerService$Lifecycle
05-23 15:35:35.995 711 711 V SystemServerTiming: OnBootPhase_550_com.android.server.pm.PackageInstallerService$Lifecycle took to complete: 0ms
05-23 15:35:35.995 711 711 D SystemServerTiming: OnBootPhase_550_com.android.server.pm.UserManagerService$LifeCycle
05-23 15:35:35.995 711 711 V SystemServerTiming: OnBootPhase_550_com.android.server.pm.UserManagerService$LifeCycle took to complete: 0ms
05-23 15:35:35.995 711 711 D SystemServerTiming: OnBootPhase_550_com.android.server.om.OverlayManagerService
05-23 15:35:35.995 711 711 V SystemServerTiming: OnBootPhase_550_com.android.server.om.OverlayManagerService took to complete: 0ms
05-23 15:35:35.995 711 711 D SystemServerTiming: OnBootPhase_550_com.android.server.resources.ResourcesManagerService
05-23 15:35:35.995 711 711 V SystemServerTiming: OnBootPhase_550_com.android.server.resources.ResourcesManagerService took to complete: 0ms
05-23 15:35:35.995 711 711 D SystemServerTiming: OnBootPhase_550_com.android.server.sensorprivacy.SensorPrivacyService
05-23 15:35:35.996 711 711 V SystemServerTiming: OnBootPhase_550_com.android.server.sensorprivacy.SensorPrivacyService took to complete: 0ms
05-23 15:35:35.996 711 711 D SystemServerTiming: OnBootPhase_550_com.android.server.sensors.SensorService
05-23 15:35:35.996 711 711 V SystemServerTiming: OnBootPhase_550_com.android.server.sensors.SensorService took to complete: 0ms
05-23 15:35:35.996 711 711 D SystemServerTiming: OnBootPhase_550_com.android.server.SystemConfigService
05-23 15:35:35.996 711 711 V SystemServerTiming: OnBootPhase_550_com.android.server.SystemConfigService took to complete: 0ms
05-23 15:35:35.996 711 711 D SystemServerTiming: OnBootPhase_550_com.android.server.BatteryService
05-23 15:35:35.997 711 711 V SystemServerTiming: OnBootPhase_550_com.android.server.BatteryService took to complete: 0ms
05-23 15:35:35.997 711 711 D SystemServerTiming: OnBootPhase_550_com.android.server.usage.UsageStatsService
05-23 15:35:35.997 711 711 V SystemServerTiming: OnBootPhase_550_com.android.server.usage.UsageStatsService took to complete: 0ms
05-23 15:35:35.997 711 711 D SystemServerTiming: OnBootPhase_550_com.android.server.webkit.WebViewUpdateService
05-23 15:35:35.997 711 711 V SystemServerTiming: OnBootPhase_550_com.android.server.webkit.WebViewUpdateService took to complete: 0ms
05-23 15:35:35.997 711 711 D SystemServerTiming: OnBootPhase_550_com.android.server.CachedDeviceStateService
05-23 15:35:35.997 711 711 V SystemServerTiming: OnBootPhase_550_com.android.server.CachedDeviceStateService took to complete: 0ms
05-23 15:35:35.997 711 711 D SystemServerTiming: OnBootPhase_550_com.android.server.BinderCallsStatsService$LifeCycle
05-23 15:35:35.997 711 711 V SystemServerTiming: OnBootPhase_550_com.android.server.BinderCallsStatsService$LifeCycle took to complete: 0ms
05-23 15:35:35.997 711 711 D SystemServerTiming: OnBootPhase_550_com.android.server.LooperStatsService$Lifecycle
05-23 15:35:35.997 711 711 V SystemServerTiming: OnBootPhase_550_com.android.server.LooperStatsService$Lifecycle took to complete: 0ms
05-23 15:35:35.997 711 711 D SystemServerTiming: OnBootPhase_550_com.android.server.rollback.RollbackManagerService
05-23 15:35:35.997 711 711 V SystemServerTiming: OnBootPhase_550_com.android.server.rollback.RollbackManagerService took to complete: 0ms
05-23 15:35:35.997 711 711 D SystemServerTiming: OnBootPhase_550_com.android.server.os.NativeTombstoneManagerService
05-23 15:35:35.998 711 711 V SystemServerTiming: OnBootPhase_550_com.android.server.os.NativeTombstoneManagerService took to complete: 1ms
05-23 15:35:35.998 711 711 D SystemServerTiming: OnBootPhase_550_com.android.server.os.BugreportManagerService
05-23 15:35:35.998 711 711 V SystemServerTiming: OnBootPhase_550_com.android.server.os.BugreportManagerService took to complete: 0ms
05-23 15:35:35.998 711 711 D SystemServerTiming: OnBootPhase_550_com.android.server.gpu.GpuService
05-23 15:35:35.998 711 711 V SystemServerTiming: OnBootPhase_550_com.android.server.gpu.GpuService took to complete: 0ms
05-23 15:35:35.998 711 711 D SystemServerTiming: OnBootPhase_550_com.android.server.security.rkp.RemoteProvisioningService
05-23 15:35:35.998 711 711 V SystemServerTiming: OnBootPhase_550_com.android.server.security.rkp.RemoteProvisioningService took to complete: 0ms
05-23 15:35:35.998 711 711 D SystemServerTiming: OnBootPhase_550_com.android.server.cpu.CpuMonitorService
05-23 15:35:35.998 711 711 V SystemServerTiming: OnBootPhase_550_com.android.server.cpu.CpuMonitorService took to complete: 0ms
05-23 15:35:35.998 711 711 D SystemServerTiming: OnBootPhase_550_com.android.server.security.KeyChainSystemService
05-23 15:35:35.998 711 711 V SystemServerTiming: OnBootPhase_550_com.android.server.security.KeyChainSystemService took to complete: 0ms
05-23 15:35:35.998 711 711 D SystemServerTiming: OnBootPhase_550_com.android.server.BinaryTransparencyService
05-23 15:35:35.998 711 711 V SystemServerTiming: OnBootPhase_550_com.android.server.BinaryTransparencyService took to complete: 0ms
05-23 15:35:35.998 711 711 D SystemServerTiming: OnBootPhase_550_com.android.server.accounts.AccountManagerService$Lifecycle
05-23 15:35:35.999 711 711 V SystemServerTiming: OnBootPhase_550_com.android.server.accounts.AccountManagerService$Lifecycle took to complete: 0ms
05-23 15:35:35.999 711 711 D SystemServerTiming: OnBootPhase_550_com.android.server.content.ContentService$Lifecycle
05-23 15:35:36.007 711 711 I SyncManager: No initial accounts
05-23 15:35:36.017 711 711 V SystemServerTiming: OnBootPhase_550_com.android.server.content.ContentService$Lifecycle took to complete: 19ms
05-23 15:35:36.017 711 711 D SystemServerTiming: OnBootPhase_550_com.android.server.deviceconfig.DeviceConfigInit$Lifecycle
05-23 15:35:36.017 711 711 V SystemServerTiming: OnBootPhase_550_com.android.server.deviceconfig.DeviceConfigInit$Lifecycle took to complete: 0ms
05-23 15:35:36.017 711 711 D SystemServerTiming: OnBootPhase_550_com.android.server.DropBoxManagerService
05-23 15:35:36.017 711 711 V SystemServerTiming: OnBootPhase_550_com.android.server.DropBoxManagerService took to complete: 0ms
05-23 15:35:36.017 711 711 D SystemServerTiming: OnBootPhase_550_com.android.role.RoleService
05-23 15:35:36.017 711 711 V SystemServerTiming: OnBootPhase_550_com.android.role.RoleService took to complete: 0ms
05-23 15:35:36.017 711 711 D SystemServerTiming: OnBootPhase_550_com.android.server.vibrator.VibratorManagerService$Lifecycle
05-23 15:35:36.017 711 711 V SystemServerTiming: OnBootPhase_550_com.android.server.vibrator.VibratorManagerService$Lifecycle took to complete: 0ms
05-23 15:35:36.017 711 711 D SystemServerTiming: OnBootPhase_550_com.android.server.tare.InternalResourceService
05-23 15:35:36.017 711 711 V SystemServerTiming: OnBootPhase_550_com.android.server.tare.InternalResourceService took to complete: 0ms
05-23 15:35:36.018 711 711 D SystemServerTiming: OnBootPhase_550_com.android.server.alarm.AlarmManagerService
05-23 15:35:36.018 711 711 V SystemServerTiming: OnBootPhase_550_com.android.server.alarm.AlarmManagerService took to complete: 0ms
05-23 15:35:36.018 711 711 D SystemServerTiming: OnBootPhase_550_com.android.server.devicestate.DeviceStateManagerService
05-23 15:35:36.018 711 711 V SystemServerTiming: OnBootPhase_550_com.android.server.devicestate.DeviceStateManagerService took to complete: 0ms
05-23 15:35:36.018 711 711 D SystemServerTiming: OnBootPhase_550_com.android.server.camera.CameraServiceProxy
05-23 15:35:36.018 711 711 V SystemServerTiming: OnBootPhase_550_com.android.server.camera.CameraServiceProxy took to complete: 0ms
05-23 15:35:36.018 711 711 D SystemServerTiming: OnBootPhase_550_com.android.server.bluetooth.BluetoothService
05-23 15:35:36.018 711 711 V SystemServerTiming: OnBootPhase_550_com.android.server.bluetooth.BluetoothService took to complete: 0ms
05-23 15:35:36.018 711 711 D SystemServerTiming: OnBootPhase_550_com.android.server.connectivity.IpConnectivityMetrics
05-23 15:35:36.018 711 711 V SystemServerTiming: OnBootPhase_550_com.android.server.connectivity.IpConnectivityMetrics took to complete: 0ms
05-23 15:35:36.018 711 711 D SystemServerTiming: OnBootPhase_550_com.android.server.net.watchlist.NetworkWatchlistService$Lifecycle
05-23 15:35:36.020 711 711 V SystemServerTiming: OnBootPhase_550_com.android.server.net.watchlist.NetworkWatchlistService$Lifecycle took to complete: 2ms
05-23 15:35:36.020 711 711 D SystemServerTiming: OnBootPhase_550_com.android.server.PinnerService
05-23 15:35:36.020 711 711 V SystemServerTiming: OnBootPhase_550_com.android.server.PinnerService took to complete: 0ms
05-23 15:35:36.020 711 711 D SystemServerTiming: OnBootPhase_550_com.android.server.integrity.AppIntegrityManagerService
05-23 15:35:36.020 711 711 V SystemServerTiming: OnBootPhase_550_com.android.server.integrity.AppIntegrityManagerService took to complete: 0ms
05-23 15:35:36.020 711 711 D SystemServerTiming: OnBootPhase_550_com.android.server.logcat.LogcatManagerService
05-23 15:35:36.020 711 711 V SystemServerTiming: OnBootPhase_550_com.android.server.logcat.LogcatManagerService took to complete: 0ms
05-23 15:35:36.020 711 711 D SystemServerTiming: OnBootPhase_550_com.android.server.inputmethod.InputMethodManagerService$Lifecycle
05-23 15:35:36.021 711 807 D SystemServerTimingAsync: InitThreadPoolExec:Lazily initialize IMMS#mImeDrawsImeNavBarRes
05-23 15:35:36.021 711 807 D SystemServerInitThreadPool: Started executing Lazily initialize IMMS#mImeDrawsImeNavBarRes
05-23 15:35:36.029 711 805 E NativeTombstoneManager: Tombstone's UID (1002) not an app, ignoring
05-23 15:35:36.036 711 805 E NativeTombstoneManager: Tombstone's UID (1002) not an app, ignoring
05-23 15:35:36.043 711 805 E NativeTombstoneManager: Tombstone's UID (1002) not an app, ignoring
05-23 15:35:36.052 711 805 E NativeTombstoneManager: Tombstone's UID (1002) not an app, ignoring
05-23 15:35:36.062 711 805 E NativeTombstoneManager: Tombstone's UID (1002) not an app, ignoring
05-23 15:35:36.069 711 805 E NativeTombstoneManager: Tombstone's UID (1002) not an app, ignoring
05-23 15:35:36.074 711 805 E NativeTombstoneManager: Tombstone's UID (1002) not an app, ignoring
05-23 15:35:36.076 711 711 W SystemServiceManager: Service com.android.server.inputmethod.InputMethodManagerService$Lifecycle took 56 ms in onBootPhase
05-23 15:35:36.076 711 711 V SystemServerTiming: OnBootPhase_550_com.android.server.inputmethod.InputMethodManagerService$Lifecycle took to complete: 56ms
05-23 15:35:36.076 711 711 D SystemServerTiming: OnBootPhase_550_com.android.server.accessibility.AccessibilityManagerService$Lifecycle
05-23 15:35:36.076 711 711 V SystemServerTiming: OnBootPhase_550_com.android.server.accessibility.AccessibilityManagerService$Lifecycle took to complete: 0ms
05-23 15:35:36.076 711 711 D SystemServerTiming: OnBootPhase_550_com.android.server.StorageManagerService$Lifecycle
05-23 15:35:36.077 711 711 V SystemServerTiming: OnBootPhase_550_com.android.server.StorageManagerService$Lifecycle took to complete: 0ms
05-23 15:35:36.077 711 711 D SystemServerTiming: OnBootPhase_550_com.android.server.usage.StorageStatsService$Lifecycle
05-23 15:35:36.077 711 711 V SystemServerTiming: OnBootPhase_550_com.android.server.usage.StorageStatsService$Lifecycle took to complete: 0ms
05-23 15:35:36.077 711 711 D SystemServerTiming: OnBootPhase_550_com.android.server.UiModeManagerService
05-23 15:35:36.077 711 711 V SystemServerTiming: OnBootPhase_550_com.android.server.UiModeManagerService took to complete: 0ms
05-23 15:35:36.077 711 711 D SystemServerTiming: OnBootPhase_550_com.android.server.locales.LocaleManagerService
05-23 15:35:36.077 711 711 V SystemServerTiming: OnBootPhase_550_com.android.server.locales.LocaleManagerService took to complete: 0ms
05-23 15:35:36.077 711 711 D SystemServerTiming: OnBootPhase_550_com.android.server.grammaticalinflection.GrammaticalInflectionService
05-23 15:35:36.077 711 711 V SystemServerTiming: OnBootPhase_550_com.android.server.grammaticalinflection.GrammaticalInflectionService took to complete: 0ms
05-23 15:35:36.077 711 711 D SystemServerTiming: OnBootPhase_550_com.android.server.apphibernation.AppHibernationService
05-23 15:35:36.077 711 711 V SystemServerTiming: OnBootPhase_550_com.android.server.apphibernation.AppHibernationService took to complete: 0ms
05-23 15:35:36.077 711 711 D SystemServerTiming: OnBootPhase_550_com.android.server.locksettings.LockSettingsService$Lifecycle
05-23 15:35:36.079 711 711 I RebootEscrowManager: No reboot escrow data found for users, skipping loading escrow data
05-23 15:35:36.079 711 805 E NativeTombstoneManager: Tombstone's UID (1002) not an app, ignoring
05-23 15:35:36.082 711 711 V SystemServerTiming: OnBootPhase_550_com.android.server.locksettings.LockSettingsService$Lifecycle took to complete: 6ms
05-23 15:35:36.082 711 711 D SystemServerTiming: OnBootPhase_550_com.android.server.PersistentDataBlockService
05-23 15:35:36.082 711 711 V SystemServerTiming: OnBootPhase_550_com.android.server.PersistentDataBlockService took to complete: 0ms
05-23 15:35:36.082 711 711 D SystemServerTiming: OnBootPhase_550_com.android.server.testharness.TestHarnessModeService
05-23 15:35:36.082 711 711 V SystemServerTiming: OnBootPhase_550_com.android.server.testharness.TestHarnessModeService took to complete: 0ms
05-23 15:35:36.082 711 711 D SystemServerTiming: OnBootPhase_550_com.android.server.oemlock.OemLockService
05-23 15:35:36.082 711 711 V SystemServerTiming: OnBootPhase_550_com.android.server.oemlock.OemLockService took to complete: 0ms
05-23 15:35:36.083 711 711 D SystemServerTiming: OnBootPhase_550_com.android.server.DeviceIdleController
05-23 15:35:36.083 711 711 V SystemServerTiming: OnBootPhase_550_com.android.server.DeviceIdleController took to complete: 0ms
05-23 15:35:36.083 711 711 D SystemServerTiming: OnBootPhase_550_com.android.server.devicepolicy.DevicePolicyManagerService$Lifecycle
05-23 15:35:36.083 711 711 V SystemServerTiming: OnBootPhase_550_com.android.server.devicepolicy.DevicePolicyManagerService$Lifecycle took to complete: 0ms
05-23 15:35:36.083 711 711 D SystemServerTiming: OnBootPhase_550_com.android.server.texttospeech.TextToSpeechManagerService
05-23 15:35:36.083 711 711 V SystemServerTiming: OnBootPhase_550_com.android.server.texttospeech.TextToSpeechManagerService took to complete: 0ms
05-23 15:35:36.083 711 711 D SystemServerTiming: OnBootPhase_550_com.android.server.ambientcontext.AmbientContextManagerService
05-23 15:35:36.083 711 711 V SystemServerTiming: OnBootPhase_550_com.android.server.ambientcontext.AmbientContextManagerService took to complete: 0ms
05-23 15:35:36.083 711 711 D SystemServerTiming: OnBootPhase_550_com.android.server.wearable.WearableSensingManagerService
05-23 15:35:36.083 711 711 V SystemServerTiming: OnBootPhase_550_com.android.server.wearable.WearableSensingManagerService took to complete: 0ms
05-23 15:35:36.083 711 711 D SystemServerTiming: OnBootPhase_550_com.android.server.speech.SpeechRecognitionManagerService
05-23 15:35:36.083 711 711 V SystemServerTiming: OnBootPhase_550_com.android.server.speech.SpeechRecognitionManagerService took to complete: 0ms
05-23 15:35:36.083 711 711 D SystemServerTiming: OnBootPhase_550_com.android.server.searchui.SearchUiManagerService
05-23 15:35:36.083 711 711 V SystemServerTiming: OnBootPhase_550_com.android.server.searchui.SearchUiManagerService took to complete: 0ms
05-23 15:35:36.083 711 711 D SystemServerTiming: OnBootPhase_550_com.android.server.smartspace.SmartspaceManagerService
05-23 15:35:36.083 711 711 V SystemServerTiming: OnBootPhase_550_com.android.server.smartspace.SmartspaceManagerService took to complete: 0ms
05-23 15:35:36.083 711 711 D SystemServerTiming: OnBootPhase_550_com.android.server.graphics.fonts.FontManagerService$Lifecycle
05-23 15:35:36.083 711 711 V SystemServerTiming: OnBootPhase_550_com.android.server.graphics.fonts.FontManagerService$Lifecycle took to complete: 0ms
05-23 15:35:36.083 711 711 D SystemServerTiming: OnBootPhase_550_com.android.server.textservices.TextServicesManagerService$Lifecycle
05-23 15:35:36.083 711 711 V SystemServerTiming: OnBootPhase_550_com.android.server.textservices.TextServicesManagerService$Lifecycle took to complete: 0ms
05-23 15:35:36.083 711 711 D SystemServerTiming: OnBootPhase_550_com.android.server.textclassifier.TextClassificationManagerService$Lifecycle
05-23 15:35:36.083 711 711 V SystemServerTiming: OnBootPhase_550_com.android.server.textclassifier.TextClassificationManagerService$Lifecycle took to complete: 0ms
05-23 15:35:36.083 711 711 D SystemServerTiming: OnBootPhase_550_com.android.server.NetworkScoreService$Lifecycle
05-23 15:35:36.083 711 711 V SystemServerTiming: OnBootPhase_550_com.android.server.NetworkScoreService$Lifecycle took to complete: 0ms
05-23 15:35:36.083 711 807 D SystemServerInitThreadPool: Finished executing Lazily initialize IMMS#mImeDrawsImeNavBarRes
05-23 15:35:36.083 711 807 V SystemServerTimingAsync: InitThreadPoolExec:Lazily initialize IMMS#mImeDrawsImeNavBarRes took to complete: 62ms
05-23 15:35:36.084 711 711 D SystemServerTiming: OnBootPhase_550_com.android.server.NetworkStatsServiceInitializer
05-23 15:35:36.095 711 805 E NativeTombstoneManager: Tombstone's UID (1002) not an app, ignoring
05-23 15:35:36.100 711 805 E NativeTombstoneManager: Tombstone's UID (1002) not an app, ignoring
05-23 15:35:36.119 711 711 V SystemServerTiming: OnBootPhase_550_com.android.server.NetworkStatsServiceInitializer took to complete: 35ms
05-23 15:35:36.119 711 711 D SystemServerTiming: OnBootPhase_550_com.android.server.wifi.WifiService
05-23 15:35:36.119 711 711 V SystemServerTiming: OnBootPhase_550_com.android.server.wifi.WifiService took to complete: 0ms
05-23 15:35:36.119 711 711 D SystemServerTiming: OnBootPhase_550_com.android.server.wifi.scanner.WifiScanningService
05-23 15:35:36.119 711 711 V SystemServerTiming: OnBootPhase_550_com.android.server.wifi.scanner.WifiScanningService took to complete: 0ms
05-23 15:35:36.119 711 711 D SystemServerTiming: OnBootPhase_550_com.android.server.wifi.p2p.WifiP2pService
05-23 15:35:36.119 711 711 V SystemServerTiming: OnBootPhase_550_com.android.server.wifi.p2p.WifiP2pService took to complete: 0ms
05-23 15:35:36.119 711 711 D SystemServerTiming: OnBootPhase_550_com.android.server.ConnectivityServiceInitializer
05-23 15:35:36.119 711 711 V SystemServerTiming: OnBootPhase_550_com.android.server.ConnectivityServiceInitializer took to complete: 0ms
05-23 15:35:36.119 711 711 D SystemServerTiming: OnBootPhase_550_com.android.server.notification.NotificationManagerService
05-23 15:35:36.119 711 711 V SystemServerTiming: OnBootPhase_550_com.android.server.notification.NotificationManagerService took to complete: 0ms
05-23 15:35:36.119 711 711 D SystemServerTiming: OnBootPhase_550_com.android.server.storage.DeviceStorageMonitorService
05-23 15:35:36.119 711 711 V SystemServerTiming: OnBootPhase_550_com.android.server.storage.DeviceStorageMonitorService took to complete: 0ms
05-23 15:35:36.119 711 711 D SystemServerTiming: OnBootPhase_550_com.android.server.timedetector.TimeDetectorService$Lifecycle
05-23 15:35:36.119 711 711 V SystemServerTiming: OnBootPhase_550_com.android.server.timedetector.TimeDetectorService$Lifecycle took to complete: 0ms
05-23 15:35:36.119 711 711 D SystemServerTiming: OnBootPhase_550_com.android.server.location.LocationManagerService$Lifecycle
05-23 15:35:36.119 711 711 V SystemServerTiming: OnBootPhase_550_com.android.server.location.LocationManagerService$Lifecycle took to complete: 0ms
05-23 15:35:36.119 711 711 D SystemServerTiming: OnBootPhase_550_com.android.server.timezonedetector.TimeZoneDetectorService$Lifecycle
05-23 15:35:36.119 711 711 V SystemServerTiming: OnBootPhase_550_com.android.server.timezonedetector.TimeZoneDetectorService$Lifecycle took to complete: 0ms
05-23 15:35:36.119 711 711 D SystemServerTiming: OnBootPhase_550_com.android.server.location.altitude.AltitudeService$Lifecycle
05-23 15:35:36.119 711 711 V SystemServerTiming: OnBootPhase_550_com.android.server.location.altitude.AltitudeService$Lifecycle took to complete: 0ms
05-23 15:35:36.119 711 711 D SystemServerTiming: OnBootPhase_550_com.android.server.timezonedetector.location.LocationTimeZoneManagerService$Lifecycle
05-23 15:35:36.119 711 711 V SystemServerTiming: OnBootPhase_550_com.android.server.timezonedetector.location.LocationTimeZoneManagerService$Lifecycle took to complete: 0ms
05-23 15:35:36.119 711 711 D SystemServerTiming: OnBootPhase_550_com.android.server.search.SearchManagerService$Lifecycle
05-23 15:35:36.119 711 711 V SystemServerTiming: OnBootPhase_550_com.android.server.search.SearchManagerService$Lifecycle took to complete: 0ms
05-23 15:35:36.119 711 711 D SystemServerTiming: OnBootPhase_550_com.android.server.wallpaper.WallpaperManagerService$Lifecycle
05-23 15:35:36.120 711 711 V WallpaperManagerService: bindWallpaperComponentLocked: componentName=ComponentInfo{com.android.systemui/com.android.systemui.wallpapers.ImageWallpaper}
05-23 15:35:36.120 711 711 D WallpaperManagerService: WPMS.bindWallpaperComponentLocked-ComponentInfo{com.android.systemui/com.android.systemui.wallpapers.ImageWallpaper}
05-23 15:35:36.133 711 711 D CompatibilityChangeReporter: Compat change id reported: 135634846; UID 10052; state: DISABLED
05-23 15:35:36.134 711 711 D CompatibilityChangeReporter: Compat change id reported: 177438394; UID 10052; state: DISABLED
05-23 15:35:36.134 711 711 D CompatibilityChangeReporter: Compat change id reported: 135772972; UID 10052; state: DISABLED
05-23 15:35:36.134 711 711 D CompatibilityChangeReporter: Compat change id reported: 135754954; UID 10052; state: ENABLED
05-23 15:35:36.136 711 711 V WallpaperManagerService: WPMS.bindWallpaperComponentLocked-ComponentInfo{com.android.systemui/com.android.systemui.wallpapers.ImageWallpaper} took to complete: 16ms
05-23 15:35:36.137 711 745 D CompatibilityChangeReporter: Compat change id reported: 143937733; UID 10052; state: ENABLED
05-23 15:35:36.138 711 711 I WallpaperDataParser: No static wallpaper imagery; defaults will be shown
05-23 15:35:36.142 711 711 D WallpaperCropper: WPMS.generateCrop
05-23 15:35:36.145 711 711 W WallpaperCropper: Invalid wallpaper data
05-23 15:35:36.145 711 711 E WallpaperCropper: Unable to apply new wallpaper
05-23 15:35:36.147 711 711 V WallpaperCropper: WPMS.generateCrop took to complete: 3ms
05-23 15:35:36.157 711 711 V SystemServerTiming: OnBootPhase_550_com.android.server.wallpaper.WallpaperManagerService$Lifecycle took to complete: 37ms
05-23 15:35:36.157 711 711 D SystemServerTiming: OnBootPhase_550_com.android.server.wallpapereffectsgeneration.WallpaperEffectsGenerationManagerService
05-23 15:35:36.158 711 711 V SystemServerTiming: OnBootPhase_550_com.android.server.wallpapereffectsgeneration.WallpaperEffectsGenerationManagerService took to complete: 0ms
05-23 15:35:36.159 711 745 I ActivityManager: Start proc 920:com.android.systemui/u0a52 for service {com.android.systemui/com.android.systemui.wallpapers.ImageWallpaper}
05-23 15:35:36.160 711 711 D SystemServerTiming: OnBootPhase_550_com.android.server.audio.AudioService$Lifecycle
05-23 15:35:36.162 711 711 V SystemServerTiming: OnBootPhase_550_com.android.server.audio.AudioService$Lifecycle took to complete: 1ms
05-23 15:35:36.163 711 711 D SystemServerTiming: OnBootPhase_550_com.android.server.soundtrigger_middleware.SoundTriggerMiddlewareService$Lifecycle
05-23 15:35:36.163 711 711 V SystemServerTiming: OnBootPhase_550_com.android.server.soundtrigger_middleware.SoundTriggerMiddlewareService$Lifecycle took to complete: 0ms
05-23 15:35:36.164 711 711 D SystemServerTiming: OnBootPhase_550_com.android.server.adb.AdbService$Lifecycle
05-23 15:35:36.169 711 875 D HDMI : Process pid:711 is calling addHotplugEventListener
05-23 15:35:36.171 711 872 W BroadcastLoopers: Found previously unknown looper Thread[AudioDeviceBroker,5,main]
05-23 15:35:36.173 711 711 V SystemServerTiming: OnBootPhase_550_com.android.server.adb.AdbService$Lifecycle took to complete: 8ms
05-23 15:35:36.173 711 711 D SystemServerTiming: OnBootPhase_550_com.android.server.usb.UsbService$Lifecycle
05-23 15:35:36.176 711 711 V SystemServerTiming: OnBootPhase_550_com.android.server.usb.UsbService$Lifecycle took to complete: 3ms
05-23 15:35:36.177 711 711 D SystemServerTiming: OnBootPhase_550_com.android.server.twilight.TwilightService
05-23 15:35:36.178 711 793 D SystemServerTimingAsync: InitThreadPoolExec:UsbService$Lifecycle#onBootPhase
05-23 15:35:36.178 711 793 D SystemServerInitThreadPool: Started executing UsbService$Lifecycle#onBootPhase
05-23 15:35:36.178 711 711 V SystemServerTiming: OnBootPhase_550_com.android.server.twilight.TwilightService took to complete: 0ms
05-23 15:35:36.178 711 711 D SystemServerTiming: OnBootPhase_550_com.android.server.display.color.ColorDisplayService
05-23 15:35:36.178 711 711 V SystemServerTiming: OnBootPhase_550_com.android.server.display.color.ColorDisplayService took to complete: 0ms
05-23 15:35:36.179 711 711 D SystemServerTiming: OnBootPhase_550_com.android.server.job.JobSchedulerService
05-23 15:35:36.183 711 793 D SystemServerInitThreadPool: Finished executing UsbService$Lifecycle#onBootPhase
05-23 15:35:36.183 711 793 V SystemServerTimingAsync: InitThreadPoolExec:UsbService$Lifecycle#onBootPhase took to complete: 5ms
05-23 15:35:36.183 711 805 E NativeTombstoneManager: Tombstone's UID (0) not an app, ignoring
05-23 15:35:36.186 711 788 I UsbPortManager: all: opID:1 successful
05-23 15:35:36.187 711 711 V SystemServerTiming: OnBootPhase_550_com.android.server.job.JobSchedulerService took to complete: 0ms
05-23 15:35:36.190 711 711 D SystemServerTiming: OnBootPhase_550_com.android.server.soundtrigger.SoundTriggerService
05-23 15:35:36.192 711 711 D SoundTriggerService: onBootPhase: 550 : false
05-23 15:35:36.193 711 711 V SystemServerTiming: OnBootPhase_550_com.android.server.soundtrigger.SoundTriggerService took to complete: 3ms
05-23 15:35:36.193 711 711 D SystemServerTiming: OnBootPhase_550_com.android.server.trust.TrustManagerService
05-23 15:35:36.193 711 711 V SystemServerTiming: OnBootPhase_550_com.android.server.trust.TrustManagerService took to complete: 0ms
05-23 15:35:36.193 711 711 D SystemServerTiming: OnBootPhase_550_com.android.server.backup.BackupManagerService$Lifecycle
05-23 15:35:36.193 711 711 V SystemServerTiming: OnBootPhase_550_com.android.server.backup.BackupManagerService$Lifecycle took to complete: 0ms
05-23 15:35:36.193 711 711 D SystemServerTiming: OnBootPhase_550_com.android.server.appwidget.AppWidgetService
05-23 15:35:36.193 711 711 V SystemServerTiming: OnBootPhase_550_com.android.server.appwidget.AppWidgetService took to complete: 0ms
05-23 15:35:36.193 711 711 D SystemServerTiming: OnBootPhase_550_com.android.server.voiceinteraction.VoiceInteractionManagerService
05-23 15:35:36.194 711 711 V SystemServerTiming: OnBootPhase_550_com.android.server.voiceinteraction.VoiceInteractionManagerService took to complete: 0ms
05-23 15:35:36.194 711 711 D SystemServerTiming: OnBootPhase_550_com.android.server.GestureLauncherService
05-23 15:35:36.194 711 711 V SystemServerTiming: OnBootPhase_550_com.android.server.GestureLauncherService took to complete: 0ms
05-23 15:35:36.194 711 711 D SystemServerTiming: OnBootPhase_550_com.android.server.SensorNotificationService
05-23 15:35:36.194 711 711 V SystemServerTiming: OnBootPhase_550_com.android.server.SensorNotificationService took to complete: 0ms
05-23 15:35:36.194 711 711 D SystemServerTiming: OnBootPhase_550_com.android.server.emergency.EmergencyAffordanceService
05-23 15:35:36.194 711 711 V SystemServerTiming: OnBootPhase_550_com.android.server.emergency.EmergencyAffordanceService took to complete: 0ms
05-23 15:35:36.194 711 711 D SystemServerTiming: OnBootPhase_550_com.android.server.blob.BlobStoreManagerService
05-23 15:35:36.196 711 711 V SystemServerTiming: OnBootPhase_550_com.android.server.blob.BlobStoreManagerService took to complete: 2ms
05-23 15:35:36.196 711 711 D SystemServerTiming: OnBootPhase_550_com.android.server.dreams.DreamManagerService
05-23 15:35:36.196 711 711 V SystemServerTiming: OnBootPhase_550_com.android.server.dreams.DreamManagerService took to complete: 0ms
05-23 15:35:36.196 711 711 D SystemServerTiming: OnBootPhase_550_com.android.server.security.AttestationVerificationManagerService
05-23 15:35:36.196 711 711 V SystemServerTiming: OnBootPhase_550_com.android.server.security.AttestationVerificationManagerService took to complete: 0ms
05-23 15:35:36.196 711 711 D SystemServerTiming: OnBootPhase_550_com.android.server.restrictions.RestrictionsManagerService
05-23 15:35:36.196 711 711 V SystemServerTiming: OnBootPhase_550_com.android.server.restrictions.RestrictionsManagerService took to complete: 0ms
05-23 15:35:36.196 711 711 D SystemServerTiming: OnBootPhase_550_com.android.server.media.MediaSessionService
05-23 15:35:36.197 711 711 V SystemServerTiming: OnBootPhase_550_com.android.server.media.MediaSessionService took to complete: 2ms
05-23 15:35:36.198 711 711 D SystemServerTiming: OnBootPhase_550_com.android.server.hdmi.HdmiControlService
05-23 15:35:36.198 711 711 V SystemServerTiming: OnBootPhase_550_com.android.server.hdmi.HdmiControlService took to complete: 0ms
05-23 15:35:36.198 711 711 D SystemServerTiming: OnBootPhase_550_com.android.server.tv.interactive.TvInteractiveAppManagerService
05-23 15:35:36.198 711 711 V SystemServerTiming: OnBootPhase_550_com.android.server.tv.interactive.TvInteractiveAppManagerService took to complete: 0ms
05-23 15:35:36.198 711 711 D SystemServerTiming: OnBootPhase_550_com.android.server.tv.TvInputManagerService
05-23 15:35:36.198 711 711 V SystemServerTiming: OnBootPhase_550_com.android.server.tv.TvInputManagerService took to complete: 0ms
05-23 15:35:36.198 711 711 D SystemServerTiming: OnBootPhase_550_com.android.server.media.MediaResourceMonitorService
05-23 15:35:36.198 711 711 V SystemServerTiming: OnBootPhase_550_com.android.server.media.MediaResourceMonitorService took to complete: 0ms
05-23 15:35:36.198 711 711 D SystemServerTiming: OnBootPhase_550_com.android.server.tv.TvRemoteService
05-23 15:35:36.198 711 711 V SystemServerTiming: OnBootPhase_550_com.android.server.tv.TvRemoteService took to complete: 0ms
05-23 15:35:36.198 711 711 D SystemServerTiming: OnBootPhase_550_com.android.server.biometrics.BiometricService
05-23 15:35:36.198 711 711 V SystemServerTiming: OnBootPhase_550_com.android.server.biometrics.BiometricService took to complete: 0ms
05-23 15:35:36.198 711 711 D SystemServerTiming: OnBootPhase_550_com.android.server.biometrics.AuthService
05-23 15:35:36.198 711 711 V SystemServerTiming: OnBootPhase_550_com.android.server.biometrics.AuthService took to complete: 0ms
05-23 15:35:36.198 711 711 D SystemServerTiming: OnBootPhase_550_com.android.server.pm.ShortcutService$Lifecycle
05-23 15:35:36.198 711 711 V SystemServerTiming: OnBootPhase_550_com.android.server.pm.ShortcutService$Lifecycle took to complete: 0ms
05-23 15:35:36.198 711 711 D SystemServerTiming: OnBootPhase_550_com.android.server.pm.LauncherAppsService
05-23 15:35:36.198 711 711 V SystemServerTiming: OnBootPhase_550_com.android.server.pm.LauncherAppsService took to complete: 0ms
05-23 15:35:36.198 711 711 D SystemServerTiming: OnBootPhase_550_com.android.server.pm.CrossProfileAppsService
05-23 15:35:36.198 711 711 V SystemServerTiming: OnBootPhase_550_com.android.server.pm.CrossProfileAppsService took to complete: 0ms
05-23 15:35:36.198 711 711 D SystemServerTiming: OnBootPhase_550_com.android.server.people.PeopleService
05-23 15:35:36.198 711 711 V SystemServerTiming: OnBootPhase_550_com.android.server.people.PeopleService took to complete: 0ms
05-23 15:35:36.198 711 711 D SystemServerTiming: OnBootPhase_550_com.android.server.media.metrics.MediaMetricsManagerService
05-23 15:35:36.198 711 711 V SystemServerTiming: OnBootPhase_550_com.android.server.media.metrics.MediaMetricsManagerService took to complete: 0ms
05-23 15:35:36.198 711 711 D SystemServerTiming: OnBootPhase_550_com.android.server.pm.BackgroundInstallControlService
05-23 15:35:36.198 711 711 V SystemServerTiming: OnBootPhase_550_com.android.server.pm.BackgroundInstallControlService took to complete: 0ms
05-23 15:35:36.198 711 711 D SystemServerTiming: OnBootPhase_550_com.android.server.media.projection.MediaProjectionManagerService
05-23 15:35:36.198 711 711 V SystemServerTiming: OnBootPhase_550_com.android.server.media.projection.MediaProjectionManagerService took to complete: 0ms
05-23 15:35:36.198 711 711 D SystemServerTiming: OnBootPhase_550_com.android.server.slice.SliceManagerService$Lifecycle
05-23 15:35:36.198 711 711 V SystemServerTiming: OnBootPhase_550_com.android.server.slice.SliceManagerService$Lifecycle took to complete: 0ms
05-23 15:35:36.198 711 711 D SystemServerTiming: OnBootPhase_550_com.android.server.stats.StatsCompanion$Lifecycle
05-23 15:35:36.198 711 711 V SystemServerTiming: OnBootPhase_550_com.android.server.stats.StatsCompanion$Lifecycle took to complete: 0ms
05-23 15:35:36.198 711 711 D SystemServerTiming: OnBootPhase_550_com.android.server.scheduling.RebootReadinessManagerService$Lifecycle
05-23 15:35:36.198 711 711 V SystemServerTiming: OnBootPhase_550_com.android.server.scheduling.RebootReadinessManagerService$Lifecycle took to complete: 0ms
05-23 15:35:36.198 711 711 D SystemServerTiming: OnBootPhase_550_com.android.server.stats.pull.StatsPullAtomService
05-23 15:35:36.198 711 711 V SystemServerTiming: OnBootPhase_550_com.android.server.stats.pull.StatsPullAtomService took to complete: 0ms
05-23 15:35:36.198 711 711 D SystemServerTiming: OnBootPhase_550_com.android.server.stats.bootstrap.StatsBootstrapAtomService$Lifecycle
05-23 15:35:36.198 711 711 V SystemServerTiming: OnBootPhase_550_com.android.server.stats.bootstrap.StatsBootstrapAtomService$Lifecycle took to complete: 0ms
05-23 15:35:36.198 711 711 D SystemServerTiming: OnBootPhase_550_com.android.server.incident.IncidentCompanionService
05-23 15:35:36.198 711 711 V SystemServerTiming: OnBootPhase_550_com.android.server.incident.IncidentCompanionService took to complete: 0ms
05-23 15:35:36.198 711 711 D SystemServerTiming: OnBootPhase_550_com.android.server.sdksandbox.SdkSandboxManagerService$Lifecycle
05-23 15:35:36.198 711 711 V SystemServerTiming: OnBootPhase_550_com.android.server.sdksandbox.SdkSandboxManagerService$Lifecycle took to complete: 0ms
05-23 15:35:36.198 711 711 D SystemServerTiming: OnBootPhase_550_com.android.server.adservices.AdServicesManagerService$Lifecycle
05-23 15:35:36.198 711 711 V SystemServerTiming: OnBootPhase_550_com.android.server.adservices.AdServicesManagerService$Lifecycle took to complete: 0ms
05-23 15:35:36.198 711 711 D SystemServerTiming: OnBootPhase_550_com.android.server.ondevicepersonalization.OnDevicePersonalizationSystemService$Lifecycle
05-23 15:35:36.198 711 711 V SystemServerTiming: OnBootPhase_550_com.android.server.ondevicepersonalization.OnDevicePersonalizationSystemService$Lifecycle took to complete: 0ms
05-23 15:35:36.198 711 711 D SystemServerTiming: OnBootPhase_550_com.android.server.autofill.AutofillManagerService
05-23 15:35:36.198 711 711 V SystemServerTiming: OnBootPhase_550_com.android.server.autofill.AutofillManagerService took to complete: 0ms
05-23 15:35:36.198 711 711 D SystemServerTiming: OnBootPhase_550_com.android.server.clipboard.ClipboardService
05-23 15:35:36.198 711 711 V SystemServerTiming: OnBootPhase_550_com.android.server.clipboard.ClipboardService took to complete: 0ms
05-23 15:35:36.198 711 711 D SystemServerTiming: OnBootPhase_550_com.android.server.appbinding.AppBindingService$Lifecycle
05-23 15:35:36.202 711 711 I AppBindingService: Updating constants with: null
05-23 15:35:36.202 711 711 V SystemServerTiming: OnBootPhase_550_com.android.server.appbinding.AppBindingService$Lifecycle took to complete: 4ms
05-23 15:35:36.202 711 711 D SystemServerTiming: OnBootPhase_550_com.android.server.tracing.TracingServiceProxy
05-23 15:35:36.202 711 711 V SystemServerTiming: OnBootPhase_550_com.android.server.tracing.TracingServiceProxy took to complete: 0ms
05-23 15:35:36.202 711 711 D SystemServerTiming: OnBootPhase_550_com.android.server.policy.PermissionPolicyService
05-23 15:35:36.203 711 711 D SystemServerTiming: Permission_grant_default_permissions-0
05-23 15:35:36.203 711 711 V SystemServerTiming: Permission_grant_default_permissions-0 took to complete: 0ms
05-23 15:35:36.203 711 711 D SystemServerTiming: Permission_synchronize_permissions-0
05-23 15:35:36.204 711 711 D SystemServerTiming: Permission_synchronize_addPackages-0
05-23 15:35:36.248 711 711 V SystemServerTiming: Permission_synchronize_addPackages-0 took to complete: 44ms
05-23 15:35:36.248 711 711 D SystemServerTiming: Permission_syncPackages-0
05-23 15:35:36.249 711 711 V SystemServerTiming: Permission_syncPackages-0 took to complete: 0ms
05-23 15:35:36.249 711 711 V SystemServerTiming: Permission_synchronize_permissions-0 took to complete: 46ms
05-23 15:35:36.249 711 711 D SystemServerTiming: Permission_onInitialized-0
05-23 15:35:36.249 711 711 I PermissionManager: Permission ownership changed. Updating all permissions.
05-23 15:35:36.250 711 711 W PermissionManager: Package com.android.adservices.api is an APK in APEX, but has permission allowlist on the system image. Please bundle the allowlist in the com.android.adservices APEX instead.
05-23 15:35:36.256 292 309 I keystore2: system/security/keystore2/src/watchdog.rs:319 - Watchdog thread idle -> terminating. Have a great day.
05-23 15:35:36.272 711 875 D AudioService: No vibrator found
05-23 15:35:36.301 711 805 E NativeTombstoneManager: Tombstone's UID (0) not an app, ignoring
05-23 15:35:36.370 711 788 D GameManagerService: User ID '0' does not have a Game Mode selected for package: 'com.android.systemui'
05-23 15:35:36.378 711 788 D CompatibilityChangeReporter: Compat change id reported: 168419799; UID 10052; state: DISABLED
05-23 15:35:36.378 711 788 D CompatibilityChangeReporter: Compat change id reported: 273564678; UID 10052; state: DISABLED
05-23 15:35:36.379 711 711 W PermissionManager: Package com.android.providers.media.module is an APK in APEX, but has permission allowlist on the system image. Please bundle the allowlist in the com.android.mediaprovider APEX instead.
05-23 15:35:36.379 711 711 W PermissionManager: Package com.android.providers.media.module is an APK in APEX, but has permission allowlist on the system image. Please bundle the allowlist in the com.android.mediaprovider APEX instead.
05-23 15:35:36.379 711 711 W PermissionManager: Package com.android.providers.media.module is an APK in APEX, but has permission allowlist on the system image. Please bundle the allowlist in the com.android.mediaprovider APEX instead.
05-23 15:35:36.379 711 711 W PermissionManager: Package com.android.providers.media.module is an APK in APEX, but has permission allowlist on the system image. Please bundle the allowlist in the com.android.mediaprovider APEX instead.
05-23 15:35:36.379 711 711 W PermissionManager: Package com.android.providers.media.module is an APK in APEX, but has permission allowlist on the system image. Please bundle the allowlist in the com.android.mediaprovider APEX instead.
05-23 15:35:36.379 711 711 W PermissionManager: Package com.android.providers.media.module is an APK in APEX, but has permission allowlist on the system image. Please bundle the allowlist in the com.android.mediaprovider APEX instead.
05-23 15:35:36.379 711 711 W PermissionManager: Package com.android.providers.media.module is an APK in APEX, but has permission allowlist on the system image. Please bundle the allowlist in the com.android.mediaprovider APEX instead.
05-23 15:35:36.379 711 711 W PermissionManager: Package com.android.providers.media.module is an APK in APEX, but has permission allowlist on the system image. Please bundle the allowlist in the com.android.mediaprovider APEX instead.
05-23 15:35:36.379 711 711 W PermissionManager: Package com.android.providers.media.module is an APK in APEX, but has permission allowlist on the system image. Please bundle the allowlist in the com.android.mediaprovider APEX instead.
05-23 15:35:36.379 711 711 W PermissionManager: Package com.android.providers.media.module is an APK in APEX, but has permission allowlist on the system image. Please bundle the allowlist in the com.android.mediaprovider APEX instead.
05-23 15:35:36.380 711 711 W PermissionManager: Package com.android.providers.media.module is an APK in APEX, but has permission allowlist on the system image. Please bundle the allowlist in the com.android.mediaprovider APEX instead.
05-23 15:35:36.380 711 711 W PermissionManager: Package com.android.providers.media.module is an APK in APEX, but has permission allowlist on the system image. Please bundle the allowlist in the com.android.mediaprovider APEX instead.
05-23 15:35:36.380 711 711 W PermissionManager: Package com.android.providers.media.module is an APK in APEX, but has permission allowlist on the system image. Please bundle the allowlist in the com.android.mediaprovider APEX instead.
05-23 15:35:36.400 711 711 V SystemServerTiming: Permission_onInitialized-0 took to complete: 152ms
05-23 15:35:36.401 711 711 W SystemServiceManager: Service com.android.server.policy.PermissionPolicyService took 198 ms in onBootPhase
05-23 15:35:36.401 711 711 V SystemServerTiming: OnBootPhase_550_com.android.server.policy.PermissionPolicyService took to complete: 198ms
05-23 15:35:36.401 711 711 D SystemServerTiming: OnBootPhase_550_com.android.server.pm.StagingManager$Lifecycle
05-23 15:35:36.401 711 711 V SystemServerTiming: OnBootPhase_550_com.android.server.pm.StagingManager$Lifecycle took to complete: 0ms
05-23 15:35:36.401 711 711 D SystemServerTiming: OnBootPhase_550_com.android.server.app.GameManagerService$Lifecycle
05-23 15:35:36.401 711 711 V SystemServerTiming: OnBootPhase_550_com.android.server.app.GameManagerService$Lifecycle took to complete: 0ms
05-23 15:35:36.401 711 711 D SystemServerTiming: OnBootPhase_550_com.android.safetycenter.SafetyCenterService
05-23 15:35:36.401 711 711 V SystemServerTiming: OnBootPhase_550_com.android.safetycenter.SafetyCenterService took to complete: 0ms
05-23 15:35:36.401 711 711 D SystemServerTiming: OnBootPhase_550_com.android.server.appsearch.AppSearchModule$Lifecycle
05-23 15:35:36.401 711 711 V SystemServerTiming: OnBootPhase_550_com.android.server.appsearch.AppSearchModule$Lifecycle took to complete: 0ms
05-23 15:35:36.401 711 711 D SystemServerTiming: OnBootPhase_550_com.android.server.media.MediaCommunicationService
05-23 15:35:36.401 711 711 V SystemServerTiming: OnBootPhase_550_com.android.server.media.MediaCommunicationService took to complete: 0ms
05-23 15:35:36.401 711 711 D SystemServerTiming: OnBootPhase_550_com.android.server.compat.overrides.AppCompatOverridesService$Lifecycle
05-23 15:35:36.401 711 711 V SystemServerTiming: OnBootPhase_550_com.android.server.compat.overrides.AppCompatOverridesService$Lifecycle took to complete: 0ms
05-23 15:35:36.401 711 711 D SystemServerTiming: OnBootPhase_550_com.android.server.healthconnect.HealthConnectManagerService
05-23 15:35:36.401 711 711 V SystemServerTiming: OnBootPhase_550_com.android.server.healthconnect.HealthConnectManagerService took to complete: 0ms
05-23 15:35:36.401 711 711 D SystemServerTiming: OnBootPhase_550_com.android.server.devicelock.DeviceLockService
05-23 15:35:36.401 711 711 D DeviceLockService: onBootPhase: 550
05-23 15:35:36.401 711 711 V SystemServerTiming: OnBootPhase_550_com.android.server.devicelock.DeviceLockService took to complete: 0ms
05-23 15:35:36.401 711 711 V SystemServerTiming: OnBootPhase_550 took to complete: 417ms
05-23 15:35:36.401 711 711 V SystemServerTiming: StartActivityManagerReadyPhase took to complete: 417ms
05-23 15:35:36.402 711 711 D SystemServerTiming: StartObservingNativeCrashes
05-23 15:35:36.402 711 711 V SystemServerTiming: StartObservingNativeCrashes took to complete: 1ms
05-23 15:35:36.403 711 711 D SystemServerTiming: RegisterAppOpsPolicy
05-23 15:35:36.404 711 788 W ActivityManager: Slow operation: 59ms so far, now at attachApplicationLocked: immediately after bindApplication
05-23 15:35:36.404 711 788 W ActivityManager: Slow operation: 59ms so far, now at attachApplicationLocked: after updateLruProcessLocked
05-23 15:35:36.406 711 788 W ActivityManager: Slow operation: 60ms so far, now at attachApplicationLocked: after updateOomAdjLocked
05-23 15:35:36.406 711 796 D CompatibilityChangeReporter: Compat change id reported: 265195908; UID 10052; state: ENABLED
05-23 15:35:36.408 711 711 V SystemServerTiming: RegisterAppOpsPolicy took to complete: 4ms
05-23 15:35:36.408 711 740 D SystemServerTimingAsync: InitThreadPoolExec:WebViewFactoryPreparation
05-23 15:35:36.408 711 740 D SystemServerInitThreadPool: Started executing WebViewFactoryPreparation
05-23 15:35:36.408 711 740 I SystemServer: WebViewFactoryPreparation
05-23 15:35:36.408 711 740 D SystemServerTimingAsync: WebViewFactoryPreparation
05-23 15:35:36.411 711 711 D SystemServerTiming: MakeNetworkManagementServiceReady
05-23 15:35:36.414 711 711 V SystemServerTiming: MakeNetworkManagementServiceReady took to complete: 3ms
05-23 15:35:36.414 711 711 D SystemServerTiming: MakeConnectivityServiceReady
05-23 15:35:36.417 711 751 W BatteryExternalStatsWorker: error reading modem stats:ERROR_PHONE_NOT_AVAILABLE
05-23 15:35:36.419 711 740 E AppOps : Bad call made by uid 1000. Package "android" does not belong to uid 1037.
05-23 15:35:36.420 711 740 E AppOps : Cannot checkOperation
05-23 15:35:36.420 711 740 E AppOps : java.lang.SecurityException: Specified package "android" under uid 1037 but it is not
05-23 15:35:36.420 711 740 E AppOps : at com.android.server.appop.AppOpsService.verifyAndGetBypass(AppOpsService.java:3894)
05-23 15:35:36.420 711 740 E AppOps : at com.android.server.appop.AppOpsService.verifyAndGetBypass(AppOpsService.java:3754)
05-23 15:35:36.420 711 740 E AppOps : at com.android.server.appop.AppOpsService.verifyAndGetBypass(AppOpsService.java:3746)
05-23 15:35:36.420 711 740 E AppOps : at com.android.server.appop.AppOpsService.checkOperationUnchecked(AppOpsService.java:2417)
05-23 15:35:36.420 711 740 E AppOps : at com.android.server.appop.AppOpsService.checkOperationImpl(AppOpsService.java:2400)
05-23 15:35:36.420 711 740 E AppOps : at com.android.server.appop.AppOpsService.-$$Nest$mcheckOperationImpl(AppOpsService.java:0)
05-23 15:35:36.420 711 740 E AppOps : at com.android.server.appop.AppOpsService$CheckOpsDelegateDispatcher.$r8$lambda$fx57Sum-uA3sXo7NCFwrI3iq4WM(AppOpsService.java:0)
05-23 15:35:36.420 711 740 E AppOps : at com.android.server.appop.AppOpsService$CheckOpsDelegateDispatcher$$ExternalSyntheticLambda9.apply(R8$$SyntheticClass:0)
05-23 15:35:36.420 711 740 E AppOps : at com.android.server.policy.AppOpsPolicy.checkOperation(AppOpsPolicy.java:221)
05-23 15:35:36.420 711 740 E AppOps : at com.android.server.appop.AppOpsService$CheckOpsDelegateDispatcher.checkOperation(AppOpsService.java:6427)
05-23 15:35:36.420 711 740 E AppOps : at com.android.server.appop.AppOpsService.checkOperation(AppOpsService.java:2385)
05-23 15:35:36.420 711 740 E AppOps : at com.android.server.StorageManagerService$StorageManagerInternalImpl.hasExternalStorageAccess(StorageManagerService.java:4728)
05-23 15:35:36.420 711 740 E AppOps : at com.android.server.am.ProcessList.startProcessLocked(ProcessList.java:1778)
05-23 15:35:36.420 711 740 E AppOps : at com.android.server.am.ProcessList.startProcessLocked(ProcessList.java:2484)
05-23 15:35:36.420 711 740 E AppOps : at com.android.server.am.ProcessList.startProcessLocked(ProcessList.java:2629)
05-23 15:35:36.420 711 740 E AppOps : at com.android.server.am.ActivityManagerService.startIsolatedProcess(ActivityManagerService.java:2949)
05-23 15:35:36.420 711 740 E AppOps : at com.android.server.am.ActivityManagerService$LocalService.startIsolatedProcess(ActivityManagerService.java:17521)
05-23 15:35:36.420 711 740 E AppOps : at android.webkit.WebViewLibraryLoader.createRelroFile(WebViewLibraryLoader.java:126)
05-23 15:35:36.420 711 740 E AppOps : at android.webkit.WebViewLibraryLoader.createRelros(WebViewLibraryLoader.java:164)
05-23 15:35:36.420 711 740 E AppOps : at android.webkit.WebViewLibraryLoader.prepareNativeLibraries(WebViewLibraryLoader.java:152)
05-23 15:35:36.420 711 740 E AppOps : at android.webkit.WebViewFactory.onWebViewProviderChanged(WebViewFactory.java:555)
