05-23 15:35:47.344 711 2243 V SystemServerTimingAsync: ssm.onCompletedEventUser-0_{|Unlocked|}_com.android.server.oemlock.OemLockService took to complete: 0ms
05-23 15:35:47.344 711 2243 D SystemServerTimingAsync: ssm.onCompletedEventUser-0_{|Unlocked|}_com.android.server.DeviceIdleController
05-23 15:35:47.345 711 2243 V SystemServerTimingAsync: ssm.onCompletedEventUser-0_{|Unlocked|}_com.android.server.DeviceIdleController took to complete: 0ms
05-23 15:35:47.345 711 2243 D SystemServerTimingAsync: ssm.onCompletedEventUser-0_{|Unlocked|}_com.android.server.devicepolicy.DevicePolicyManagerService$Lifecycle
05-23 15:35:47.345 711 2243 V SystemServerTimingAsync: ssm.onCompletedEventUser-0_{|Unlocked|}_com.android.server.devicepolicy.DevicePolicyManagerService$Lifecycle took to complete: 0ms
05-23 15:35:47.345 711 2243 D SystemServerTimingAsync: ssm.onCompletedEventUser-0_{|Unlocked|}_com.android.server.texttospeech.TextToSpeechManagerService
05-23 15:35:47.345 711 2243 V SystemServerTimingAsync: ssm.onCompletedEventUser-0_{|Unlocked|}_com.android.server.texttospeech.TextToSpeechManagerService took to complete: 0ms
05-23 15:35:47.345 711 2243 D SystemServerTimingAsync: ssm.onCompletedEventUser-0_{|Unlocked|}_com.android.server.ambientcontext.AmbientContextManagerService
05-23 15:35:47.345 711 2243 V SystemServerTimingAsync: ssm.onCompletedEventUser-0_{|Unlocked|}_com.android.server.ambientcontext.AmbientContextManagerService took to complete: 0ms
05-23 15:35:47.345 711 2243 D SystemServerTimingAsync: ssm.onCompletedEventUser-0_{|Unlocked|}_com.android.server.wearable.WearableSensingManagerService
05-23 15:35:47.345 711 2243 V SystemServerTimingAsync: ssm.onCompletedEventUser-0_{|Unlocked|}_com.android.server.wearable.WearableSensingManagerService took to complete: 0ms
05-23 15:35:47.345 711 2243 D SystemServerTimingAsync: ssm.onCompletedEventUser-0_{|Unlocked|}_com.android.server.speech.SpeechRecognitionManagerService
05-23 15:35:47.345 711 2243 V SystemServerTimingAsync: ssm.onCompletedEventUser-0_{|Unlocked|}_com.android.server.speech.SpeechRecognitionManagerService took to complete: 0ms
05-23 15:35:47.345 711 2243 D SystemServerTimingAsync: ssm.onCompletedEventUser-0_{|Unlocked|}_com.android.server.searchui.SearchUiManagerService
05-23 15:35:47.345 711 2243 V SystemServerTimingAsync: ssm.onCompletedEventUser-0_{|Unlocked|}_com.android.server.searchui.SearchUiManagerService took to complete: 0ms
05-23 15:35:47.345 711 2243 D SystemServerTimingAsync: ssm.onCompletedEventUser-0_{|Unlocked|}_com.android.server.smartspace.SmartspaceManagerService
05-23 15:35:47.345 711 2243 V SystemServerTimingAsync: ssm.onCompletedEventUser-0_{|Unlocked|}_com.android.server.smartspace.SmartspaceManagerService took to complete: 0ms
05-23 15:35:47.345 711 2243 D SystemServerTimingAsync: ssm.onCompletedEventUser-0_{|Unlocked|}_com.android.server.graphics.fonts.FontManagerService$Lifecycle
05-23 15:35:47.345 711 2243 V SystemServerTimingAsync: ssm.onCompletedEventUser-0_{|Unlocked|}_com.android.server.graphics.fonts.FontManagerService$Lifecycle took to complete: 0ms
05-23 15:35:47.345 711 2243 D SystemServerTimingAsync: ssm.onCompletedEventUser-0_{|Unlocked|}_com.android.server.textservices.TextServicesManagerService$Lifecycle
05-23 15:35:47.345 711 2243 V SystemServerTimingAsync: ssm.onCompletedEventUser-0_{|Unlocked|}_com.android.server.textservices.TextServicesManagerService$Lifecycle took to complete: 0ms
05-23 15:35:47.345 711 2243 D SystemServerTimingAsync: ssm.onCompletedEventUser-0_{|Unlocked|}_com.android.server.textclassifier.TextClassificationManagerService$Lifecycle
05-23 15:35:47.345 711 2243 V SystemServerTimingAsync: ssm.onCompletedEventUser-0_{|Unlocked|}_com.android.server.textclassifier.TextClassificationManagerService$Lifecycle took to complete: 0ms
05-23 15:35:47.345 711 2243 D SystemServerTimingAsync: ssm.onCompletedEventUser-0_{|Unlocked|}_com.android.server.NetworkScoreService$Lifecycle
05-23 15:35:47.345 711 2243 V SystemServerTimingAsync: ssm.onCompletedEventUser-0_{|Unlocked|}_com.android.server.NetworkScoreService$Lifecycle took to complete: 0ms
05-23 15:35:47.345 711 2243 D SystemServerTimingAsync: ssm.onCompletedEventUser-0_{|Unlocked|}_com.android.server.NetworkStatsServiceInitializer
05-23 15:35:47.345 711 2243 V SystemServerTimingAsync: ssm.onCompletedEventUser-0_{|Unlocked|}_com.android.server.NetworkStatsServiceInitializer took to complete: 0ms
05-23 15:35:47.345 711 2243 D SystemServerTimingAsync: ssm.onCompletedEventUser-0_{|Unlocked|}_com.android.server.wifi.WifiService
05-23 15:35:47.345 711 2243 V SystemServerTimingAsync: ssm.onCompletedEventUser-0_{|Unlocked|}_com.android.server.wifi.WifiService took to complete: 0ms
05-23 15:35:47.345 711 2243 D SystemServerTimingAsync: ssm.onCompletedEventUser-0_{|Unlocked|}_com.android.server.wifi.scanner.WifiScanningService
05-23 15:35:47.345 711 2243 V SystemServerTimingAsync: ssm.onCompletedEventUser-0_{|Unlocked|}_com.android.server.wifi.scanner.WifiScanningService took to complete: 0ms
05-23 15:35:47.345 711 2243 D SystemServerTimingAsync: ssm.onCompletedEventUser-0_{|Unlocked|}_com.android.server.wifi.p2p.WifiP2pService
05-23 15:35:47.345 711 2243 V SystemServerTimingAsync: ssm.onCompletedEventUser-0_{|Unlocked|}_com.android.server.wifi.p2p.WifiP2pService took to complete: 0ms
05-23 15:35:47.345 711 2243 D SystemServerTimingAsync: ssm.onCompletedEventUser-0_{|Unlocked|}_com.android.server.ConnectivityServiceInitializer
05-23 15:35:47.345 711 2243 V SystemServerTimingAsync: ssm.onCompletedEventUser-0_{|Unlocked|}_com.android.server.ConnectivityServiceInitializer took to complete: 0ms
05-23 15:35:47.345 711 2243 D SystemServerTimingAsync: ssm.onCompletedEventUser-0_{|Unlocked|}_com.android.server.notification.NotificationManagerService
05-23 15:35:47.345 711 2243 V SystemServerTimingAsync: ssm.onCompletedEventUser-0_{|Unlocked|}_com.android.server.notification.NotificationManagerService took to complete: 0ms
05-23 15:35:47.345 711 2243 D SystemServerTimingAsync: ssm.onCompletedEventUser-0_{|Unlocked|}_com.android.server.storage.DeviceStorageMonitorService
05-23 15:35:47.345 711 2243 V SystemServerTimingAsync: ssm.onCompletedEventUser-0_{|Unlocked|}_com.android.server.storage.DeviceStorageMonitorService took to complete: 0ms
05-23 15:35:47.345 711 2243 D SystemServerTimingAsync: ssm.onCompletedEventUser-0_{|Unlocked|}_com.android.server.timedetector.TimeDetectorService$Lifecycle
05-23 15:35:47.345 711 2243 V SystemServerTimingAsync: ssm.onCompletedEventUser-0_{|Unlocked|}_com.android.server.timedetector.TimeDetectorService$Lifecycle took to complete: 0ms
05-23 15:35:47.345 711 2243 D SystemServerTimingAsync: ssm.onCompletedEventUser-0_{|Unlocked|}_com.android.server.location.LocationManagerService$Lifecycle
05-23 15:35:47.345 711 2243 V SystemServerTimingAsync: ssm.onCompletedEventUser-0_{|Unlocked|}_com.android.server.location.LocationManagerService$Lifecycle took to complete: 0ms
05-23 15:35:47.345 711 2243 D SystemServerTimingAsync: ssm.onCompletedEventUser-0_{|Unlocked|}_com.android.server.timezonedetector.TimeZoneDetectorService$Lifecycle
05-23 15:35:47.345 711 2243 V SystemServerTimingAsync: ssm.onCompletedEventUser-0_{|Unlocked|}_com.android.server.timezonedetector.TimeZoneDetectorService$Lifecycle took to complete: 0ms
05-23 15:35:47.346 711 2243 D SystemServerTimingAsync: ssm.onCompletedEventUser-0_{|Unlocked|}_com.android.server.location.altitude.AltitudeService$Lifecycle
05-23 15:35:47.346 711 2243 V SystemServerTimingAsync: ssm.onCompletedEventUser-0_{|Unlocked|}_com.android.server.location.altitude.AltitudeService$Lifecycle took to complete: 0ms
05-23 15:35:47.346 711 2243 D SystemServerTimingAsync: ssm.onCompletedEventUser-0_{|Unlocked|}_com.android.server.timezonedetector.location.LocationTimeZoneManagerService$Lifecycle
05-23 15:35:47.346 711 2243 V SystemServerTimingAsync: ssm.onCompletedEventUser-0_{|Unlocked|}_com.android.server.timezonedetector.location.LocationTimeZoneManagerService$Lifecycle took to complete: 0ms
05-23 15:35:47.346 711 2243 D SystemServerTimingAsync: ssm.onCompletedEventUser-0_{|Unlocked|}_com.android.server.search.SearchManagerService$Lifecycle
05-23 15:35:47.346 711 2243 V SystemServerTimingAsync: ssm.onCompletedEventUser-0_{|Unlocked|}_com.android.server.search.SearchManagerService$Lifecycle took to complete: 0ms
05-23 15:35:47.346 711 2243 D SystemServerTimingAsync: ssm.onCompletedEventUser-0_{|Unlocked|}_com.android.server.wallpaper.WallpaperManagerService$Lifecycle
05-23 15:35:47.346 711 2243 V SystemServerTimingAsync: ssm.onCompletedEventUser-0_{|Unlocked|}_com.android.server.wallpaper.WallpaperManagerService$Lifecycle took to complete: 0ms
05-23 15:35:47.346 711 2243 D SystemServerTimingAsync: ssm.onCompletedEventUser-0_{|Unlocked|}_com.android.server.wallpapereffectsgeneration.WallpaperEffectsGenerationManagerService
05-23 15:35:47.346 711 2243 V SystemServerTimingAsync: ssm.onCompletedEventUser-0_{|Unlocked|}_com.android.server.wallpapereffectsgeneration.WallpaperEffectsGenerationManagerService took to complete: 0ms
05-23 15:35:47.346 711 2243 D SystemServerTimingAsync: ssm.onCompletedEventUser-0_{|Unlocked|}_com.android.server.audio.AudioService$Lifecycle
05-23 15:35:47.346 711 2243 V SystemServerTimingAsync: ssm.onCompletedEventUser-0_{|Unlocked|}_com.android.server.audio.AudioService$Lifecycle took to complete: 0ms
05-23 15:35:47.346 711 2243 D SystemServerTimingAsync: ssm.onCompletedEventUser-0_{|Unlocked|}_com.android.server.soundtrigger_middleware.SoundTriggerMiddlewareService$Lifecycle
05-23 15:35:47.346 711 2243 V SystemServerTimingAsync: ssm.onCompletedEventUser-0_{|Unlocked|}_com.android.server.soundtrigger_middleware.SoundTriggerMiddlewareService$Lifecycle took to complete: 0ms
05-23 15:35:47.346 711 2243 D SystemServerTimingAsync: ssm.onCompletedEventUser-0_{|Unlocked|}_com.android.server.adb.AdbService$Lifecycle
05-23 15:35:47.346 711 2243 V SystemServerTimingAsync: ssm.onCompletedEventUser-0_{|Unlocked|}_com.android.server.adb.AdbService$Lifecycle took to complete: 0ms
05-23 15:35:47.346 711 2243 D SystemServerTimingAsync: ssm.onCompletedEventUser-0_{|Unlocked|}_com.android.server.usb.UsbService$Lifecycle
05-23 15:35:47.346 711 2243 V SystemServerTimingAsync: ssm.onCompletedEventUser-0_{|Unlocked|}_com.android.server.usb.UsbService$Lifecycle took to complete: 0ms
05-23 15:35:47.555 0 0 W : [2 T1090 ..] [SP FRAME RX] arp req,vif_idx:0 sender:[de:90:cb:50:92:8f 192.168.3.252]receiver:[00:00:00:00:00:00 192.168.3.167]
05-23 15:35:47.556 0 0 W : [2 T1090 ..] [SP FRAME TX] arp rsp,vif_idx:0 sender:[1c:79:2d:20:62:97 192.168.3.167]receiver:[de:90:cb:50:92:8f 192.168.3.252]
05-23 15:35:47.582 0 0 W : [1 T1090 ..] [SP FRAME RX] arp req,vif_idx:0 sender:[16:d0:ac:cd:07:4e 192.168.3.103]receiver:[00:00:00:00:00:00 192.168.3.167]
05-23 15:35:47.583 0 0 W : [1 T1090 ..] [SP FRAME TX] arp rsp,vif_idx:0 sender:[1c:79:2d:20:62:97 192.168.3.167]receiver:[16:d0:ac:cd:07:4e 192.168.3.103]
05-23 15:35:47.571 1405 1779 E TaskWorkerFactory: Cannot create worker: com.android.devicelockcontroller.provision.worker.DeviceCheckInWorker
05-23 15:35:47.571 1405 1779 E TaskWorkerFactory: java.lang.NoSuchMethodException: com.android.devicelockcontroller.provision.worker.DeviceCheckInWorker. [class android.content.Context, class androidx.work.WorkerParameters, interface com.google.common.util.concurrent.ListeningExecutorService]
05-23 15:35:47.571 1405 1779 E TaskWorkerFactory: at java.lang.Class.getConstructor0(Class.java:3325)
05-23 15:35:47.571 1405 1779 E TaskWorkerFactory: at java.lang.Class.getDeclaredConstructor(Class.java:3063)
05-23 15:35:47.571 1405 1779 E TaskWorkerFactory: at com.android.devicelockcontroller.policy.TaskWorkerFactory.createWorker(TaskWorkerFactory.java:53)
05-23 15:35:47.571 1405 1779 E TaskWorkerFactory: at androidx.work.DelegatingWorkerFactory.createWorker(DelegatingWorkerFactory.java:71)
05-23 15:35:47.571 1405 1779 E TaskWorkerFactory: at androidx.work.WorkerFactory.createWorkerWithDefaultFallback(WorkerFactory.java:82)
05-23 15:35:47.571 1405 1779 E TaskWorkerFactory: at androidx.work.impl.WorkerWrapper.runWorker(WorkerWrapper.java:240)
05-23 15:35:47.571 1405 1779 E TaskWorkerFactory: at androidx.work.impl.WorkerWrapper.run(WorkerWrapper.java:142)
05-23 15:35:47.571 1405 1779 E TaskWorkerFactory: at androidx.work.impl.utils.SerialExecutorImpl$Task.run(SerialExecutorImpl.java:96)
05-23 15:35:47.571 1405 1779 E TaskWorkerFactory: at java.util.concurrent.ThreadPoolExecutor.runWorker(ThreadPoolExecutor.java:1145)
05-23 15:35:47.571 1405 1779 E TaskWorkerFactory: at java.util.concurrent.ThreadPoolExecutor$Worker.run(ThreadPoolExecutor.java:644)
05-23 15:35:47.571 1405 1779 E TaskWorkerFactory: at java.lang.Thread.run(Thread.java:1012)
05-23 15:35:47.590 1405 1773 D DeviceCheckInClient: Creating instance for com.android.devicelockcontroller.debug.DeviceCheckInClientDebug
05-23 15:35:47.687 1405 2271 I CheckInWorker: perform check-in request
05-23 15:35:47.721 1405 2271 W CheckInWorker: CheckIn failed. No device identifier available!
05-23 15:35:47.731 711 1059 D PackageManager: Instant App installer not found with android.intent.action.INSTALL_INSTANT_APP_PACKAGE
05-23 15:35:47.731 711 1059 D PackageManager: Clear ephemeral installer activity
05-23 15:35:47.741 711 2248 D CompatibilityChangeReporter: Compat change id reported: 149924527; UID 10077; state: ENABLED
05-23 15:35:47.743 711 2248 D CompatibilityChangeReporter: Compat change id reported: 132649864; UID 10077; state: DISABLED
05-23 15:35:47.751 711 2248 D OomAdjuster: Not killing cached processes
05-23 15:35:47.835 0 0 W : [1 T1090 ..] [SP FRAME RX] arp req,vif_idx:0 sender:[22:2b:f8:c2:9b:dc 192.168.3.215]receiver:[00:00:00:00:00:00 192.168.3.167]
05-23 15:35:47.836 0 0 W : [1 T1090 ..] [SP FRAME TX] arp rsp,vif_idx:0 sender:[1c:79:2d:20:62:97 192.168.3.167]receiver:[22:2b:f8:c2:9b:dc 192.168.3.215]
05-23 15:35:47.835 711 726 D CompatibilityChangeReporter: Compat change id reported: 161145287; UID 10077; state: DISABLED
05-23 15:35:47.862 0 0 W : [1 T1090 ..] [SP FRAME RX] arp req,vif_idx:0 sender:[32:08:ae:4d:23:4b 192.168.3.154]receiver:[00:00:00:00:00:00 192.168.3.167]
05-23 15:35:47.863 0 0 W : [1 T1090 ..] [SP FRAME TX] arp rsp,vif_idx:0 sender:[1c:79:2d:20:62:97 192.168.3.167]receiver:[32:08:ae:4d:23:4b 192.168.3.154]
05-23 15:35:47.892 0 0 W : [1 T1090 ..] [SP FRAME TX] arp req,vif_idx:0 sender:[1c:79:2d:20:62:97 192.168.3.167]receiver:[00:00:00:00:00:00 192.168.3.11]
05-23 15:35:47.897 0 0 W : [1 T1090 ..] [SP FRAME RX] arp rsp,vif_idx:0 sender:[b4:2f:03:15:e9:0b 192.168.3.11]receiver:[1c:79:2d:20:62:97 192.168.3.167]
05-23 15:35:47.908 0 0 W : [1 T1090 ..] [SP FRAME TX] arp req,vif_idx:0 sender:[1c:79:2d:20:62:97 192.168.3.167]receiver:[00:00:00:00:00:00 192.168.3.86]
05-23 15:35:47.914 0 0 W : [1 T1090 ..] [SP FRAME RX] arp rsp,vif_idx:0 sender:[2e:18:a1:71:f0:39 192.168.3.86]receiver:[1c:79:2d:20:62:97 192.168.3.167]
05-23 15:35:47.926 711 726 D CompatibilityChangeReporter: Compat change id reported: 271850009; UID 10028; state: DISABLED
05-23 15:35:47.926 711 726 D CompatibilityChangeReporter: Compat change id reported: 253665015; UID 10028; state: DISABLED
05-23 15:35:47.926 711 726 D CompatibilityChangeReporter: Compat change id reported: 194532703; UID 10028; state: DISABLED
05-23 15:35:48.352 2220 2220 E ActivityThread: Failed to find provider info for com.tcl.xian.StartandroidService.MyContentProvider
05-23 15:35:48.820 711 1105 D CompatibilityChangeReporter: Compat change id reported: 261072174; UID 10077; state: DISABLED
05-23 15:35:48.826 711 744 D CompatibilityChangeReporter: Compat change id reported: 135634846; UID 10019; state: DISABLED
05-23 15:35:48.826 711 744 D CompatibilityChangeReporter: Compat change id reported: 177438394; UID 10019; state: DISABLED
05-23 15:35:48.828 711 744 D CompatibilityChangeReporter: Compat change id reported: 135772972; UID 10019; state: DISABLED
05-23 15:35:48.828 711 744 D CompatibilityChangeReporter: Compat change id reported: 135754954; UID 10019; state: ENABLED
05-23 15:35:48.830 711 745 D CompatibilityChangeReporter: Compat change id reported: 143937733; UID 10019; state: ENABLED
05-23 15:35:48.846 711 745 I ActivityManager: Start proc 2383:com.android.externalstorage/u0a19 for broadcast {com.android.externalstorage/com.android.externalstorage.MountReceiver}
05-23 15:35:48.917 711 1040 D CompatibilityChangeReporter: Compat change id reported: 135634846; UID 10077; state: DISABLED
05-23 15:35:48.919 711 745 D CompatibilityChangeReporter: Compat change id reported: 143937733; UID 10077; state: DISABLED
05-23 15:35:48.935 711 1059 I BroadcastQueue: BOOT_COMPLETED_BROADCAST_COMPLETION_LATENCY_REPORTED action:android.intent.action.BOOT_COMPLETED dispatchLatency:-23482 completeLatency:6640 dispatchRealLatency:-23482 completeRealLatency:6640 receiversSize:43 userId:0 userType:android.os.usertype.full.SYSTEM
05-23 15:35:48.936 711 733 I ActivityManager: Finished processing BOOT_COMPLETED for u0
05-23 15:35:48.966 711 1059 D CompatibilityChangeReporter: Compat change id reported: 168419799; UID 10019; state: DISABLED
05-23 15:35:48.967 711 1059 D CompatibilityChangeReporter: Compat change id reported: 273564678; UID 10019; state: DISABLED
05-23 15:35:48.970 711 796 D CompatibilityChangeReporter: Compat change id reported: 265195908; UID 10019; state: ENABLED
05-23 15:35:48.981 711 745 W ActivityManager: Slow operation: 64ms so far, now at startProcess: returned from zygote!
05-23 15:35:48.981 711 745 W ActivityManager: Slow operation: 65ms so far, now at startProcess: done updating battery stats
05-23 15:35:48.982 711 745 W ActivityManager: Slow operation: 65ms so far, now at startProcess: building log message
05-23 15:35:48.982 711 745 I ActivityManager: Start proc 2400:com.ktcp.video:daemon/u0a77 for service {com.ktcp.video/com.tencent.qqlivetv.keeplive.proc.DaemonService}
05-23 15:35:48.982 711 745 W ActivityManager: Slow operation: 65ms so far, now at startProcess: starting to update pids map
05-23 15:35:48.982 711 745 W ActivityManager: Slow operation: 65ms so far, now at startProcess: done updating pids map
05-23 15:35:49.075 711 1059 D CompatibilityChangeReporter: Compat change id reported: 170503758; UID 10019; state: ENABLED
05-23 15:35:49.164 711 744 I ActivityManager: com.tv.filemanager.os is exempt from freezer
05-23 15:35:49.165 711 744 D CompatibilityChangeReporter: Compat change id reported: 135634846; UID 10041; state: DISABLED
05-23 15:35:49.165 711 744 D CompatibilityChangeReporter: Compat change id reported: 177438394; UID 10041; state: DISABLED
05-23 15:35:49.165 711 744 D CompatibilityChangeReporter: Compat change id reported: 135772972; UID 10041; state: DISABLED
05-23 15:35:49.165 711 744 D CompatibilityChangeReporter: Compat change id reported: 135754954; UID 10041; state: DISABLED
05-23 15:35:49.166 711 745 D CompatibilityChangeReporter: Compat change id reported: 143937733; UID 10041; state: DISABLED
05-23 15:35:49.229 711 745 W ActivityManager: Slow operation: 65ms so far, now at startProcess: returned from zygote!
05-23 15:35:49.229 711 745 W ActivityManager: Slow operation: 66ms so far, now at startProcess: done updating battery stats
05-23 15:35:49.229 711 745 W ActivityManager: Slow operation: 66ms so far, now at startProcess: building log message
05-23 15:35:49.229 711 745 I ActivityManager: Start proc 2424:com.tv.filemanager.os/u0a41 for broadcast {com.tv.filemanager.os/com.dangbei.lerad.filemanager.receives.USBReceiver}
05-23 15:35:49.229 711 745 W ActivityManager: Slow operation: 66ms so far, now at startProcess: starting to update pids map
05-23 15:35:49.229 711 745 W ActivityManager: Slow operation: 66ms so far, now at startProcess: done updating pids map
05-23 15:35:49.303 711 1059 D CompatibilityChangeReporter: Compat change id reported: 168419799; UID 10041; state: DISABLED
05-23 15:35:49.303 711 1059 D CompatibilityChangeReporter: Compat change id reported: 273564678; UID 10041; state: DISABLED
05-23 15:35:49.306 711 796 D CompatibilityChangeReporter: Compat change id reported: 265195908; UID 10041; state: ENABLED
05-23 15:35:49.327 711 1105 D CompatibilityChangeReporter: Compat change id reported: 170503758; UID 10041; state: DISABLED
05-23 15:35:49.364 0 0 W : [3 T1089 ..] traffic busy!!
05-23 15:35:49.368 711 1105 W ProcessStats: Tracking association SourceState{cf430e8 com.ktcp.video:daemon/10077 Service #358} whose proc state 8 is better than process ProcessState{eccf830 com.ktcp.video/10077 pkg=com.ktcp.video} proc state 10 (0 skipped)
05-23 15:35:49.404 711 1040 D CompatibilityChangeReporter: Compat change id reported: 271850009; UID 10077; state: DISABLED
05-23 15:35:49.404 711 1040 D CompatibilityChangeReporter: Compat change id reported: 253665015; UID 10077; state: DISABLED
05-23 15:35:49.405 711 1040 D CompatibilityChangeReporter: Compat change id reported: 194532703; UID 10077; state: DISABLED
05-23 15:35:49.435 711 1105 W ActivityManager: Permission Denial: get/set setting for user asks to run as user -2 but is calling from uid u0a77; this requires android.permission.INTERACT_ACROSS_USERS_FULL
05-23 15:35:49.444 711 1105 D CompatibilityChangeReporter: Compat change id reported: 170668199; UID 10077; state: DISABLED
05-23 15:35:49.444 711 1105 W ActivityManager: Foreground service started from background can not have location/camera/microphone access: service com.ktcp.video/com.tencent.qqlivetv.keeplive.proc.DaemonService
05-23 15:35:49.444 711 1105 I ActivityManager: Background started FGS: Allowed [callingPackage: com.ktcp.video; callingUid: 10077; uidState: RCVR; uidBFSL: n/a; intent: Intent { cmp=com.ktcp.video/com.tencent.qqlivetv.keeplive.proc.DaemonService (has extras) }; code:SYSTEM_ALERT_WINDOW_PERMISSION; tempAllowListReason:; targetSdkVersion:23; callerTargetSdkVersion:23; startForegroundCount:0; bindFromPackage:null: isBindService:false]
05-23 15:35:49.445 711 1105 D CompatibilityChangeReporter: Compat change id reported: 255038118; UID 10077; state: DISABLED
05-23 15:35:49.445 711 1105 D CompatibilityChangeReporter: Compat change id reported: 255042465; UID 10077; state: DISABLED
05-23 15:35:49.447 711 1105 W ForegroundServiceTypeLoggerModule: Foreground service start for UID: 10077 does not have any types
05-23 15:35:49.453 711 744 I ActivityManager: Deferring FGS notification in legacy app com.ktcp.video/u0a77 : Notification(channel=recommendation_channel shortcut=null contentView=com.ktcp.video/0x10900b9 vibrate=null sound=null defaults=0x0 flags=0x40 color=0x00000000 vis=PRIVATE)
05-23 15:35:49.456 711 1105 W ActivityManager: Foreground service started from background can not have location/camera/microphone access: service com.ktcp.video/com.tencent.qqlivetv.keeplive.proc.DaemonService$SubService
05-23 15:35:49.456 711 1105 I ActivityManager: Background started FGS: Allowed [callingPackage: com.ktcp.video; callingUid: 10077; uidState: SVC ; uidBFSL: n/a; intent: Intent { cmp=com.ktcp.video/com.tencent.qqlivetv.keeplive.proc.DaemonService$SubService }; code:SYSTEM_ALERT_WINDOW_PERMISSION; tempAllowListReason:; targetSdkVersion:23; callerTargetSdkVersion:23; startForegroundCount:0; bindFromPackage:null: isBindService:false]
05-23 15:35:49.457 711 1105 W ForegroundServiceTypeLoggerModule: Foreground service start for UID: 10077 does not have any types
05-23 15:35:49.462 711 726 W ForegroundServiceTypeLoggerModule: FGS stop call for: 10077 has no types!
05-23 15:35:49.546 711 726 D CompatibilityChangeReporter: Compat change id reported: 161145287; UID 10041; state: DISABLED
05-23 15:35:49.601 2424 2424 E ActivityThread: Failed to find provider info for lerad.provider.etna
05-23 15:35:49.634 711 744 I ActivityManager: com.oranth.usbopenft is exempt from freezer
05-23 15:35:49.635 711 744 D CompatibilityChangeReporter: Compat change id reported: 135634846; UID 1000; state: DISABLED
05-23 15:35:49.672 711 711 W NotificationHistory: Attempted to add notif for locked/gone/disabled user 0
05-23 15:35:49.672 711 745 I ActivityManager: Start proc 2466:com.oranth.usbopenft/1000 for broadcast {com.oranth.usbopenft/com.oranth.usbopenft.UsbReceiver}
05-23 15:35:49.703 711 1108 D CompatibilityChangeReporter: Compat change id reported: 168419799; UID 1000; state: DISABLED
05-23 15:35:49.703 711 1108 D CompatibilityChangeReporter: Compat change id reported: 273564678; UID 1000; state: DISABLED
05-23 15:35:49.777 0 0 W : [2 T1090 ..] [SP FRAME RX] arp req,vif_idx:0 sender:[ee:78:83:8f:63:7e 192.168.3.58]receiver:[00:00:00:00:00:00 192.168.3.167]
05-23 15:35:49.778 0 0 W : [2 T1090 ..] [SP FRAME TX] arp rsp,vif_idx:0 sender:[1c:79:2d:20:62:97 192.168.3.167]receiver:[ee:78:83:8f:63:7e 192.168.3.58]
05-23 15:35:49.862 711 1059 D CompatibilityChangeReporter: Compat change id reported: 135634846; UID 10043; state: DISABLED
05-23 15:35:49.863 711 745 D CompatibilityChangeReporter: Compat change id reported: 143937733; UID 10043; state: DISABLED
05-23 15:35:49.879 711 745 I ActivityManager: Start proc 2485:com.huawei.connection/u0a43 for service {com.dangbei.screencast/com.huawei.connection.service.NearFieldManagerService}
05-23 15:35:49.910 711 1059 D CompatibilityChangeReporter: Compat change id reported: 168419799; UID 10043; state: DISABLED
05-23 15:35:49.910 711 1059 D CompatibilityChangeReporter: Compat change id reported: 273564678; UID 10043; state: DISABLED
05-23 15:35:49.933 711 1108 D CompatibilityChangeReporter: Compat change id reported: 170503758; UID 10043; state: DISABLED
05-23 15:35:50.010 0 0 W [2 T2485 ..] audit: audit_lost=154 audit_rate_limit=5 audit_backlog_limit=64
05-23 15:35:50.010 0 0 E [2 T2485 ..] audit: rate limit exceeded
05-23 15:35:50.043 711 2248 D CompatibilityChangeReporter: Compat change id reported: 261072174; UID 10043; state: DISABLED
05-23 15:35:50.075 0 0 W : [2 T2533 ..] [SP FRAME TX] arp req,vif_idx:0 sender:[1c:79:2d:20:62:97 192.168.3.167]receiver:[00:00:00:00:00:00 192.168.3.2]
05-23 15:35:50.076 0 0 W : [2 T2533 ..] [SP FRAME TX] arp req,vif_idx:0 sender:[1c:79:2d:20:62:97 192.168.3.167]receiver:[00:00:00:00:00:00 192.168.3.3]
05-23 15:35:50.079 0 0 W : [2 T2533 ..] [SP FRAME TX] arp req,vif_idx:0 sender:[1c:79:2d:20:62:97 192.168.3.167]receiver:[00:00:00:00:00:00 192.168.3.4]
05-23 15:35:50.080 0 0 W : [2 T2533 ..] [SP FRAME TX] arp req,vif_idx:0 sender:[1c:79:2d:20:62:97 192.168.3.167]receiver:[00:00:00:00:00:00 192.168.3.5]
05-23 15:35:50.082 0 0 W : [2 T2533 ..] [SP FRAME TX] arp req,vif_idx:0 sender:[1c:79:2d:20:62:97 192.168.3.167]receiver:[00:00:00:00:00:00 192.168.3.6]
05-23 15:35:50.083 0 0 W : [2 T2533 ..] [SP FRAME TX] arp req,vif_idx:0 sender:[1c:79:2d:20:62:97 192.168.3.167]receiver:[00:00:00:00:00:00 192.168.3.7]
05-23 15:35:50.085 0 0 W : [2 T2533 ..] [SP FRAME TX] arp req,vif_idx:0 sender:[1c:79:2d:20:62:97 192.168.3.167]receiver:[00:00:00:00:00:00 192.168.3.8]
05-23 15:35:50.087 0 0 W : [2 T2533 ..] [SP FRAME TX] arp req,vif_idx:0 sender:[1c:79:2d:20:62:97 192.168.3.167]receiver:[00:00:00:00:00:00 192.168.3.9]
05-23 15:35:50.089 0 0 W : [2 T2533 ..] [SP FRAME TX] arp req,vif_idx:0 sender:[1c:79:2d:20:62:97 192.168.3.167]receiver:[00:00:00:00:00:00 192.168.3.10]
05-23 15:35:50.090 0 0 W : [2 T2533 ..] [SP FRAME TX] arp req,vif_idx:0 sender:[1c:79:2d:20:62:97 192.168.3.167]receiver:[00:00:00:00:00:00 192.168.3.12]
05-23 15:35:50.092 0 0 W : [2 T2533 ..] [SP FRAME TX] arp req,vif_idx:0 sender:[1c:79:2d:20:62:97 192.168.3.167]receiver:[00:00:00:00:00:00 192.168.3.13]
05-23 15:35:50.094 0 0 W : [2 T2533 ..] [SP FRAME TX] arp req,vif_idx:0 sender:[1c:79:2d:20:62:97 192.168.3.167]receiver:[00:00:00:00:00:00 192.168.3.14]
05-23 15:35:50.096 0 0 W : [2 T2533 ..] [SP FRAME TX] arp req,vif_idx:0 sender:[1c:79:2d:20:62:97 192.168.3.167]receiver:[00:00:00:00:00:00 192.168.3.16]
05-23 15:35:50.098 0 0 W : [2 T2533 ..] [SP FRAME TX] arp req,vif_idx:0 sender:[1c:79:2d:20:62:97 192.168.3.167]receiver:[00:00:00:00:00:00 192.168.3.17]
05-23 15:35:50.099 0 0 W : [2 T2533 ..] [SP FRAME TX] arp req,vif_idx:0 sender:[1c:79:2d:20:62:97 192.168.3.167]receiver:[00:00:00:00:00:00 192.168.3.18]
05-23 15:35:50.101 0 0 W : [2 T2533 ..] [SP FRAME TX] arp req,vif_idx:0 sender:[1c:79:2d:20:62:97 192.168.3.167]receiver:[00:00:00:00:00:00 192.168.3.19]
05-23 15:35:50.103 0 0 W : [2 T2533 ..] [SP FRAME TX] arp req,vif_idx:0 sender:[1c:79:2d:20:62:97 192.168.3.167]receiver:[00:00:00:00:00:00 192.168.3.20]
05-23 15:35:50.104 0 0 W : [2 T2533 ..] [SP FRAME TX] arp req,vif_idx:0 sender:[1c:79:2d:20:62:97 192.168.3.167]receiver:[00:00:00:00:00:00 192.168.3.21]
05-23 15:35:50.105 0 0 W : [2 T2533 ..] [SP FRAME TX] arp req,vif_idx:0 sender:[1c:79:2d:20:62:97 192.168.3.167]receiver:[00:00:00:00:00:00 192.168.3.22]
05-23 15:35:50.107 0 0 W : [2 T1090 ..] [SP FRAME RX] arp rsp,vif_idx:0 sender:[fe:45:26:ad:ad:e7 192.168.3.3]receiver:[1c:79:2d:20:62:97 192.168.3.167]
05-23 15:35:50.108 0 0 W : [2 T1090 ..] [SP FRAME RX] arp rsp,vif_idx:0 sender:[b0:dc:ef:39:56:8e 192.168.3.5]receiver:[1c:79:2d:20:62:97 192.168.3.167]
05-23 15:35:50.110 0 0 W : [2 T2533 ..] [SP FRAME TX] arp req,vif_idx:0 sender:[1c:79:2d:20:62:97 192.168.3.167]receiver:[00:00:00:00:00:00 192.168.3.23]
05-23 15:35:50.112 0 0 W : [2 T2533 ..] [SP FRAME TX] arp req,vif_idx:0 sender:[1c:79:2d:20:62:97 192.168.3.167]receiver:[00:00:00:00:00:00 192.168.3.24]
05-23 15:35:50.113 0 0 W : [2 T2533 ..] [SP FRAME TX] arp req,vif_idx:0 sender:[1c:79:2d:20:62:97 192.168.3.167]receiver:[00:00:00:00:00:00 192.168.3.25]
05-23 15:35:50.115 0 0 W : [2 T2533 ..] [SP FRAME TX] arp req,vif_idx:0 sender:[1c:79:2d:20:62:97 192.168.3.167]receiver:[00:00:00:00:00:00 192.168.3.26]
05-23 15:35:50.116 0 0 W : [2 T1090 ..] [SP FRAME RX] arp rsp,vif_idx:0 sender:[e8:bf:b8:f2:16:ba 192.168.3.8]receiver:[1c:79:2d:20:62:97 192.168.3.167]
05-23 15:35:50.118 0 0 W : [2 T1090 ..] [SP FRAME RX] arp rsp,vif_idx:0 sender:[fa:ff:42:eb:c0:04 192.168.3.9]receiver:[1c:79:2d:20:62:97 192.168.3.167]
05-23 15:35:50.119 0 0 W : [3 T2533 ..] [SP FRAME TX] arp req,vif_idx:0 sender:[1c:79:2d:20:62:97 192.168.3.167]receiver:[00:00:00:00:00:00 192.168.3.27]
05-23 15:35:50.119 0 0 W : [2 T1090 ..] [SP FRAME RX] arp rsp,vif_idx:0 sender:[64:6c:80:34:4c:fd 192.168.3.12]receiver:[1c:79:2d:20:62:97 192.168.3.167]
05-23 15:35:50.121 0 0 W : [3 T2533 ..] [SP FRAME TX] arp req,vif_idx:0 sender:[1c:79:2d:20:62:97 192.168.3.167]receiver:[00:00:00:00:00:00 192.168.3.28]
05-23 15:35:50.122 0 0 W : [2 T1090 ..] [SP FRAME RX] arp rsp,vif_idx:0 sender:[76:4b:54:58:65:26 192.168.3.13]receiver:[1c:79:2d:20:62:97 192.168.3.167]
05-23 15:35:50.124 0 0 W : [3 T2533 ..] [SP FRAME TX] arp req,vif_idx:0 sender:[1c:79:2d:20:62:97 192.168.3.167]receiver:[00:00:00:00:00:00 192.168.3.29]
05-23 15:35:50.125 0 0 W : [2 T1090 ..] [SP FRAME RX] arp rsp,vif_idx:0 sender:[92:db:66:cf:2c:a6 192.168.3.16]receiver:[1c:79:2d:20:62:97 192.168.3.167]
05-23 15:35:50.127 0 0 W : [3 T2533 ..] [SP FRAME TX] arp req,vif_idx:0 sender:[1c:79:2d:20:62:97 192.168.3.167]receiver:[00:00:00:00:00:00 192.168.3.30]
05-23 15:35:50.128 0 0 W : [2 T1090 ..] [SP FRAME RX] arp rsp,vif_idx:0 sender:[de:5e:e1:c0:9b:62 192.168.3.18]receiver:[1c:79:2d:20:62:97 192.168.3.167]
05-23 15:35:50.130 0 0 W : [3 T2533 ..] [SP FRAME TX] arp req,vif_idx:0 sender:[1c:79:2d:20:62:97 192.168.3.167]receiver:[00:00:00:00:00:00 192.168.3.31]
05-23 15:35:50.132 0 0 W : [2 T1090 ..] [SP FRAME RX] arp rsp,vif_idx:0 sender:[02:18:5d:1c:ad:fa 192.168.3.19]receiver:[1c:79:2d:20:62:97 192.168.3.167]
05-23 15:35:50.134 0 0 W : [3 T2533 ..] [SP FRAME TX] arp req,vif_idx:0 sender:[1c:79:2d:20:62:97 192.168.3.167]receiver:[00:00:00:00:00:00 192.168.3.32]
05-23 15:35:50.135 0 0 W : [2 T1090 ..] [SP FRAME RX] arp rsp,vif_idx:0 sender:[8a:01:82:2c:28:ed 192.168.3.20]receiver:[1c:79:2d:20:62:97 192.168.3.167]
05-23 15:35:50.137 0 0 W : [3 T2533 ..] [SP FRAME TX] arp req,vif_idx:0 sender:[1c:79:2d:20:62:97 192.168.3.167]receiver:[00:00:00:00:00:00 192.168.3.33]
05-23 15:35:50.138 0 0 W : [2 T1090 ..] [SP FRAME RX] arp rsp,vif_idx:0 sender:[38:d5:7a:df:34:e7 192.168.3.22]receiver:[1c:79:2d:20:62:97 192.168.3.167]
05-23 15:35:50.140 0 0 W : [3 T2533 ..] [SP FRAME TX] arp req,vif_idx:0 sender:[1c:79:2d:20:62:97 192.168.3.167]receiver:[00:00:00:00:00:00 192.168.3.34]
05-23 15:35:50.141 0 0 W : [2 T1090 ..] [SP FRAME RX] arp rsp,vif_idx:0 sender:[e6:72:09:aa:bc:19 192.168.3.24]receiver:[1c:79:2d:20:62:97 192.168.3.167]
05-23 15:35:50.143 0 0 W : [3 T2533 ..] [SP FRAME TX] arp req,vif_idx:0 sender:[1c:79:2d:20:62:97 192.168.3.167]receiver:[00:00:00:00:00:00 192.168.3.35]
05-23 15:35:50.144 0 0 W : [2 T1090 ..] [SP FRAME RX] arp rsp,vif_idx:0 sender:[62:e6:cb:ad:3a:47 192.168.3.25]receiver:[1c:79:2d:20:62:97 192.168.3.167]
05-23 15:35:50.146 0 0 W : [3 T2533 ..] [SP FRAME TX] arp req,vif_idx:0 sender:[1c:79:2d:20:62:97 192.168.3.167]receiver:[00:00:00:00:00:00 192.168.3.36]
05-23 15:35:50.147 0 0 W : [2 T1090 ..] [SP FRAME RX] arp rsp,vif_idx:0 sender:[1e:f5:81:2b:fe:f8 192.168.3.27]receiver:[1c:79:2d:20:62:97 192.168.3.167]
05-23 15:35:50.149 0 0 W : [3 T2533 ..] [SP FRAME TX] arp req,vif_idx:0 sender:[1c:79:2d:20:62:97 192.168.3.167]receiver:[00:00:00:00:00:00 192.168.3.37]
05-23 15:35:50.150 0 0 W : [2 T1090 ..] [SP FRAME RX] arp rsp,vif_idx:0 sender:[10:91:d1:cb:3e:be 192.168.3.31]receiver:[1c:79:2d:20:62:97 192.168.3.167]
05-23 15:35:50.152 0 0 W : [3 T2533 ..] [SP FRAME TX] arp req,vif_idx:0 sender:[1c:79:2d:20:62:97 192.168.3.167]receiver:[00:00:00:00:00:00 192.168.3.38]
05-23 15:35:50.153 0 0 W : [2 T1090 ..] [SP FRAME RX] arp rsp,vif_idx:0 sender:[b0:c9:52:89:2f:af 192.168.3.32]receiver:[1c:79:2d:20:62:97 192.168.3.167]
05-23 15:35:50.155 0 0 W : [3 T2533 ..] [SP FRAME TX] arp req,vif_idx:0 sender:[1c:79:2d:20:62:97 192.168.3.167]receiver:[00:00:00:00:00:00 192.168.3.39]
05-23 15:35:50.156 0 0 W : [2 T1090 ..] [SP FRAME RX] arp rsp,vif_idx:0 sender:[62:65:d0:09:43:23 192.168.3.35]receiver:[1c:79:2d:20:62:97 192.168.3.167]
05-23 15:35:50.158 0 0 W : [3 T2533 ..] [SP FRAME TX] arp req,vif_idx:0 sender:[1c:79:2d:20:62:97 192.168.3.167]receiver:[00:00:00:00:00:00 192.168.3.40]
05-23 15:35:50.159 0 0 W : [2 T1090 ..] [SP FRAME RX] arp rsp,vif_idx:0 sender:[56:c2:36:ea:4a:c8 192.168.3.37]receiver:[1c:79:2d:20:62:97 192.168.3.167]
05-23 15:35:50.161 0 0 W : [1 T2533 ..] [SP FRAME TX] arp req,vif_idx:0 sender:[1c:79:2d:20:62:97 192.168.3.167]receiver:[00:00:00:00:00:00 192.168.3.41]
05-23 15:35:50.163 0 0 W : [2 T1090 ..] [SP FRAME RX] arp req,vif_idx:0 sender:[76:4b:54:58:65:26 192.168.3.13]receiver:[1c:79:2d:20:62:97 192.168.3.167]
05-23 15:35:50.164 0 0 W : [1 T2533 ..] [SP FRAME TX] arp req,vif_idx:0 sender:[1c:79:2d:20:62:97 192.168.3.167]receiver:[00:00:00:00:00:00 192.168.3.42]
05-23 15:35:50.166 0 0 W : [2 T1090 ..] [SP FRAME RX] arp rsp,vif_idx:0 sender:[c8:5e:a9:75:e2:f2 192.168.3.39]receiver:[1c:79:2d:20:62:97 192.168.3.167]
05-23 15:35:50.167 0 0 W : [1 T2533 ..] [SP FRAME TX] arp rsp,vif_idx:0 sender:[1c:79:2d:20:62:97 192.168.3.167]receiver:[76:4b:54:58:65:26 192.168.3.13]
05-23 15:35:50.169 0 0 W : [2 T1090 ..] [SP FRAME RX] arp rsp,vif_idx:0 sender:[66:23:07:61:21:45 192.168.3.40]receiver:[1c:79:2d:20:62:97 192.168.3.167]
05-23 15:35:50.171 0 0 W : [1 T2533 ..] [SP FRAME TX] arp req,vif_idx:0 sender:[1c:79:2d:20:62:97 192.168.3.167]receiver:[00:00:00:00:00:00 192.168.3.43]
05-23 15:35:50.172 0 0 W : [2 T1090 ..] [SP FRAME RX] arp rsp,vif_idx:0 sender:[ac:74:b1:0c:ff:f8 192.168.3.41]receiver:[1c:79:2d:20:62:97 192.168.3.167]
05-23 15:35:50.174 0 0 W : [1 T2533 ..] [SP FRAME TX] arp req,vif_idx:0 sender:[1c:79:2d:20:62:97 192.168.3.167]receiver:[00:00:00:00:00:00 192.168.3.44]
05-23 15:35:50.175 0 0 W : [2 T1090 ..] [SP FRAME RX] arp rsp,vif_idx:0 sender:[78:46:5c:63:f5:35 192.168.3.42]receiver:[1c:79:2d:20:62:97 192.168.3.167]
05-23 15:35:50.177 0 0 W : [1 T2533 ..] [SP FRAME TX] arp req,vif_idx:0 sender:[1c:79:2d:20:62:97 192.168.3.167]receiver:[00:00:00:00:00:00 192.168.3.45]
05-23 15:35:50.178 0 0 W : [2 T1090 ..] [SP FRAME RX] arp rsp,vif_idx:0 sender:[1a:8c:ec:ac:60:cb 192.168.3.43]receiver:[1c:79:2d:20:62:97 192.168.3.167]
05-23 15:35:50.180 0 0 W : [1 T2533 ..] [SP FRAME TX] arp req,vif_idx:0 sender:[1c:79:2d:20:62:97 192.168.3.167]receiver:[00:00:00:00:00:00 192.168.3.46]
05-23 15:35:50.181 0 0 W : [2 T1090 ..] [SP FRAME RX] arp rsp,vif_idx:0 sender:[9c:56:36:75:31:67 192.168.3.44]receiver:[1c:79:2d:20:62:97 192.168.3.167]
05-23 15:35:50.183 0 0 W : [1 T2533 ..] [SP FRAME TX] arp req,vif_idx:0 sender:[1c:79:2d:20:62:97 192.168.3.167]receiver:[00:00:00:00:00:00 192.168.3.47]
05-23 15:35:50.184 0 0 W : [2 T1090 ..] [SP FRAME RX] arp rsp,vif_idx:0 sender:[e2:03:00:92:54:eb 192.168.3.45]receiver:[1c:79:2d:20:62:97 192.168.3.167]
05-23 15:35:50.186 0 0 W : [1 T2533 ..] [SP FRAME TX] arp req,vif_idx:0 sender:[1c:79:2d:20:62:97 192.168.3.167]receiver:[00:00:00:00:00:00 192.168.3.48]
05-23 15:35:50.187 0 0 W : [2 T1090 ..] [SP FRAME RX] arp rsp,vif_idx:0 sender:[a8:59:5f:1a:94:92 192.168.3.46]receiver:[1c:79:2d:20:62:97 192.168.3.167]
05-23 15:35:50.189 0 0 W : [1 T2533 ..] [SP FRAME TX] arp req,vif_idx:0 sender:[1c:79:2d:20:62:97 192.168.3.167]receiver:[00:00:00:00:00:00 192.168.3.49]
05-23 15:35:50.191 0 0 W : [2 T1090 ..] [SP FRAME RX] arp rsp,vif_idx:0 sender:[42:82:27:7d:bd:b5 192.168.3.47]receiver:[1c:79:2d:20:62:97 192.168.3.167]
05-23 15:35:50.193 0 0 W : [0 T2533 ..] [SP FRAME TX] arp req,vif_idx:0 sender:[1c:79:2d:20:62:97 192.168.3.167]receiver:[00:00:00:00:00:00 192.168.3.50]
05-23 15:35:50.196 0 0 W : [2 T1090 ..] [SP FRAME RX] arp rsp,vif_idx:0 sender:[ea:e6:74:53:1a:30 192.168.3.48]receiver:[1c:79:2d:20:62:97 192.168.3.167]
05-23 15:35:50.196 0 0 W : [0 T2533 ..] [SP FRAME TX] arp req,vif_idx:0 sender:[1c:79:2d:20:62:97 192.168.3.167]receiver:[00:00:00:00:00:00 192.168.3.51]
05-23 15:35:50.199 0 0 W : [1 T2533 ..] [SP FRAME TX] arp req,vif_idx:0 sender:[1c:79:2d:20:62:97 192.168.3.167]receiver:[00:00:00:00:00:00 192.168.3.52]
05-23 15:35:50.200 0 0 W : [1 T2533 ..] [SP FRAME TX] arp req,vif_idx:0 sender:[1c:79:2d:20:62:97 192.168.3.167]receiver:[00:00:00:00:00:00 192.168.3.53]
05-23 15:35:50.201 0 0 W : [2 T1090 ..] [SP FRAME RX] arp rsp,vif_idx:0 sender:[e8:4a:54:14:69:48 192.168.3.50]receiver:[1c:79:2d:20:62:97 192.168.3.167]
05-23 15:35:50.202 0 0 W : [1 T2533 ..] [SP FRAME TX] arp req,vif_idx:0 sender:[1c:79:2d:20:62:97 192.168.3.167]receiver:[00:00:00:00:00:00 192.168.3.54]
05-23 15:35:50.205 0 0 W : [1 T2533 ..] [SP FRAME TX] arp req,vif_idx:0 sender:[1c:79:2d:20:62:97 192.168.3.167]receiver:[00:00:00:00:00:00 192.168.3.55]
05-23 15:35:50.206 0 0 W : [1 T2533 ..] [SP FRAME TX] arp req,vif_idx:0 sender:[1c:79:2d:20:62:97 192.168.3.167]receiver:[00:00:00:00:00:00 192.168.3.56]
05-23 15:35:50.208 0 0 W : [1 T2533 ..] [SP FRAME TX] arp req,vif_idx:0 sender:[1c:79:2d:20:62:97 192.168.3.167]receiver:[00:00:00:00:00:00 192.168.3.57]
05-23 15:35:50.210 0 0 W : [1 T2533 ..] [SP FRAME TX] arp req,vif_idx:0 sender:[1c:79:2d:20:62:97 192.168.3.167]receiver:[00:00:00:00:00:00 192.168.3.59]
05-23 15:35:50.211 0 0 W : [1 T2533 ..] [SP FRAME TX] arp req,vif_idx:0 sender:[1c:79:2d:20:62:97 192.168.3.167]receiver:[00:00:00:00:00:00 192.168.3.60]
05-23 15:35:50.213 0 0 W : [1 T2533 ..] [SP FRAME TX] arp req,vif_idx:0 sender:[1c:79:2d:20:62:97 192.168.3.167]receiver:[00:00:00:00:00:00 192.168.3.61]
05-23 15:35:50.214 0 0 W : [1 T2533 ..] [SP FRAME TX] arp req,vif_idx:0 sender:[1c:79:2d:20:62:97 192.168.3.167]receiver:[00:00:00:00:00:00 192.168.3.62]
05-23 15:35:50.216 0 0 W : [1 T2533 ..] [SP FRAME TX] arp req,vif_idx:0 sender:[1c:79:2d:20:62:97 192.168.3.167]receiver:[00:00:00:00:00:00 192.168.3.63]
05-23 15:35:50.217 0 0 W : [1 T2533 ..] [SP FRAME TX] arp req,vif_idx:0 sender:[1c:79:2d:20:62:97 192.168.3.167]receiver:[00:00:00:00:00:00 192.168.3.64]
05-23 15:35:50.219 0 0 W : [1 T2533 ..] [SP FRAME TX] arp req,vif_idx:0 sender:[1c:79:2d:20:62:97 192.168.3.167]receiver:[00:00:00:00:00:00 192.168.3.65]
05-23 15:35:50.220 0 0 W : [1 T2533 ..] [SP FRAME TX] arp req,vif_idx:0 sender:[1c:79:2d:20:62:97 192.168.3.167]receiver:[00:00:00:00:00:00 192.168.3.66]
05-23 15:35:50.222 0 0 W : [1 T2533 ..] [SP FRAME TX] arp req,vif_idx:0 sender:[1c:79:2d:20:62:97 192.168.3.167]receiver:[00:00:00:00:00:00 192.168.3.67]
05-23 15:35:50.224 0 0 W : [1 T2533 ..] [SP FRAME TX] arp req,vif_idx:0 sender:[1c:79:2d:20:62:97 192.168.3.167]receiver:[00:00:00:00:00:00 192.168.3.68]
05-23 15:35:50.225 0 0 W : [1 T2533 ..] [SP FRAME TX] arp req,vif_idx:0 sender:[1c:79:2d:20:62:97 192.168.3.167]receiver:[00:00:00:00:00:00 192.168.3.69]
05-23 15:35:50.227 0 0 W : [1 T2533 ..] [SP FRAME TX] arp req,vif_idx:0 sender:[1c:79:2d:20:62:97 192.168.3.167]receiver:[00:00:00:00:00:00 192.168.3.70]
05-23 15:35:50.228 0 0 W : [1 T2533 ..] [SP FRAME TX] arp req,vif_idx:0 sender:[1c:79:2d:20:62:97 192.168.3.167]receiver:[00:00:00:00:00:00 192.168.3.71]
05-23 15:35:50.230 0 0 W : [1 T2533 ..] [SP FRAME TX] arp req,vif_idx:0 sender:[1c:79:2d:20:62:97 192.168.3.167]receiver:[00:00:00:00:00:00 192.168.3.72]
05-23 15:35:50.231 0 0 W : [1 T2533 ..] [SP FRAME TX] arp req,vif_idx:0 sender:[1c:79:2d:20:62:97 192.168.3.167]receiver:[00:00:00:00:00:00 192.168.3.73]
05-23 15:35:50.233 0 0 W : [1 T2533 ..] [SP FRAME TX] arp req,vif_idx:0 sender:[1c:79:2d:20:62:97 192.168.3.167]receiver:[00:00:00:00:00:00 192.168.3.74]
05-23 15:35:50.234 0 0 W : [1 T2533 ..] [SP FRAME TX] arp req,vif_idx:0 sender:[1c:79:2d:20:62:97 192.168.3.167]receiver:[00:00:00:00:00:00 192.168.3.75]
05-23 15:35:50.236 0 0 W : [1 T2533 ..] [SP FRAME TX] arp req,vif_idx:0 sender:[1c:79:2d:20:62:97 192.168.3.167]receiver:[00:00:00:00:00:00 192.168.3.76]
05-23 15:35:50.237 0 0 W : [1 T2533 ..] [SP FRAME TX] arp req,vif_idx:0 sender:[1c:79:2d:20:62:97 192.168.3.167]receiver:[00:00:00:00:00:00 192.168.3.77]
05-23 15:35:50.239 0 0 W : [1 T2533 ..] [SP FRAME TX] arp req,vif_idx:0 sender:[1c:79:2d:20:62:97 192.168.3.167]receiver:[00:00:00:00:00:00 192.168.3.78]
05-23 15:35:50.241 0 0 W : [1 T2533 ..] [SP FRAME TX] arp req,vif_idx:0 sender:[1c:79:2d:20:62:97 192.168.3.167]receiver:[00:00:00:00:00:00 192.168.3.79]
05-23 15:35:50.242 0 0 W : [1 T2533 ..] [SP FRAME TX] arp req,vif_idx:0 sender:[1c:79:2d:20:62:97 192.168.3.167]receiver:[00:00:00:00:00:00 192.168.3.80]
05-23 15:35:50.244 0 0 W : [1 T2533 ..] [SP FRAME TX] arp req,vif_idx:0 sender:[1c:79:2d:20:62:97 192.168.3.167]receiver:[00:00:00:00:00:00 192.168.3.81]
05-23 15:35:50.245 0 0 W : [1 T2533 ..] [SP FRAME TX] arp req,vif_idx:0 sender:[1c:79:2d:20:62:97 192.168.3.167]receiver:[00:00:00:00:00:00 192.168.3.82]
05-23 15:35:50.247 0 0 W : [1 T2533 ..] [SP FRAME TX] arp req,vif_idx:0 sender:[1c:79:2d:20:62:97 192.168.3.167]receiver:[00:00:00:00:00:00 192.168.3.83]
05-23 15:35:50.248 0 0 W : [1 T2533 ..] [SP FRAME TX] arp req,vif_idx:0 sender:[1c:79:2d:20:62:97 192.168.3.167]receiver:[00:00:00:00:00:00 192.168.3.84]
05-23 15:35:50.250 0 0 W : [1 T2533 ..] [SP FRAME TX] arp req,vif_idx:0 sender:[1c:79:2d:20:62:97 192.168.3.167]receiver:[00:00:00:00:00:00 192.168.3.85]
05-23 15:35:50.252 0 0 W : [1 T2533 ..] [SP FRAME TX] arp req,vif_idx:0 sender:[1c:79:2d:20:62:97 192.168.3.167]receiver:[00:00:00:00:00:00 192.168.3.87]
05-23 15:35:50.253 0 0 W : [1 T2533 ..] [SP FRAME TX] arp req,vif_idx:0 sender:[1c:79:2d:20:62:97 192.168.3.167]receiver:[00:00:00:00:00:00 192.168.3.88]
05-23 15:35:50.254 0 0 W : [1 T2533 ..] [SP FRAME TX] arp req,vif_idx:0 sender:[1c:79:2d:20:62:97 192.168.3.167]receiver:[00:00:00:00:00:00 192.168.3.89]
05-23 15:35:50.256 0 0 W : [1 T2533 ..] [SP FRAME TX] arp req,vif_idx:0 sender:[1c:79:2d:20:62:97 192.168.3.167]receiver:[00:00:00:00:00:00 192.168.3.90]
05-23 15:35:50.257 0 0 W : [2 T1090 ..] [SP FRAME RX] arp rsp,vif_idx:0 sender:[b2:22:60:60:20:0c 192.168.3.52]receiver:[1c:79:2d:20:62:97 192.168.3.167]
05-23 15:35:50.257 0 0 W : [1 T2533 ..] [SP FRAME TX] arp req,vif_idx:0 sender:[1c:79:2d:20:62:97 192.168.3.167]receiver:[00:00:00:00:00:00 192.168.3.91]
05-23 15:35:50.259 0 0 W : [2 T1090 ..] [SP FRAME RX] arp rsp,vif_idx:0 sender:[28:7b:11:70:68:8f 192.168.3.53]receiver:[1c:79:2d:20:62:97 192.168.3.167]
05-23 15:35:50.261 0 0 W : [1 T2533 ..] [SP FRAME TX] arp req,vif_idx:0 sender:[1c:79:2d:20:62:97 192.168.3.167]receiver:[00:00:00:00:00:00 192.168.3.92]
05-23 15:35:50.262 0 0 W : [2 T1090 ..] [SP FRAME RX] arp rsp,vif_idx:0 sender:[80:38:fb:64:b6:30 192.168.3.56]receiver:[1c:79:2d:20:62:97 192.168.3.167]
05-23 15:35:50.264 0 0 W : [1 T2533 ..] [SP FRAME TX] arp req,vif_idx:0 sender:[1c:79:2d:20:62:97 192.168.3.167]receiver:[00:00:00:00:00:00 192.168.3.93]
05-23 15:35:50.265 0 0 W : [2 T1090 ..] [SP FRAME RX] arp rsp,vif_idx:0 sender:[74:3a:f4:ec:bc:b5 192.168.3.57]receiver:[1c:79:2d:20:62:97 192.168.3.167]
05-23 15:35:50.267 0 0 W : [1 T2533 ..] [SP FRAME TX] arp req,vif_idx:0 sender:[1c:79:2d:20:62:97 192.168.3.167]receiver:[00:00:00:00:00:00 192.168.3.94]
05-23 15:35:50.268 0 0 W : [2 T1090 ..] [SP FRAME RX] arp rsp,vif_idx:0 sender:[b0:dc:ef:33:76:83 192.168.3.59]receiver:[1c:79:2d:20:62:97 192.168.3.167]
05-23 15:35:50.270 0 0 W : [1 T2533 ..] [SP FRAME TX] arp req,vif_idx:0 sender:[1c:79:2d:20:62:97 192.168.3.167]receiver:[00:00:00:00:00:00 192.168.3.95]
05-23 15:35:50.271 0 0 W : [2 T1090 ..] [SP FRAME RX] arp rsp,vif_idx:0 sender:[c8:5e:a9:79:2b:6f 192.168.3.60]receiver:[1c:79:2d:20:62:97 192.168.3.167]
05-23 15:35:50.273 0 0 W : [1 T2533 ..] [SP FRAME TX] arp req,vif_idx:0 sender:[1c:79:2d:20:62:97 192.168.3.167]receiver:[00:00:00:00:00:00 192.168.3.96]
05-23 15:35:50.274 0 0 W : [2 T1090 ..] [SP FRAME RX] arp rsp,vif_idx:0 sender:[0a:5b:8b:eb:41:ed 192.168.3.63]receiver:[1c:79:2d:20:62:97 192.168.3.167]
05-23 15:35:50.276 0 0 W : [1 T2533 ..] [SP FRAME TX] arp req,vif_idx:0 sender:[1c:79:2d:20:62:97 192.168.3.167]receiver:[00:00:00:00:00:00 192.168.3.97]
05-23 15:35:50.278 0 0 W : [2 T1090 ..] [SP FRAME RX] arp rsp,vif_idx:0 sender:[26:3b:39:2a:ea:db 192.168.3.69]receiver:[1c:79:2d:20:62:97 192.168.3.167]
05-23 15:35:50.279 0 0 W : [1 T2533 ..] [SP FRAME TX] arp req,vif_idx:0 sender:[1c:79:2d:20:62:97 192.168.3.167]receiver:[00:00:00:00:00:00 192.168.3.98]
05-23 15:35:50.281 0 0 W : [2 T1090 ..] [SP FRAME RX] arp rsp,vif_idx:0 sender:[b0:be:83:7e:54:6d 192.168.3.65]receiver:[1c:79:2d:20:62:97 192.168.3.167]
05-23 15:35:50.282 0 0 W : [1 T2533 ..] [SP FRAME TX] arp req,vif_idx:0 sender:[1c:79:2d:20:62:97 192.168.3.167]receiver:[00:00:00:00:00:00 192.168.3.99]
05-23 15:35:50.284 0 0 W : [2 T1090 ..] [SP FRAME RX] arp rsp,vif_idx:0 sender:[e0:2b:e9:8a:0e:17 192.168.3.75]receiver:[1c:79:2d:20:62:97 192.168.3.167]
05-23 15:35:50.286 0 0 W : [1 T2533 ..] [SP FRAME TX] arp req,vif_idx:0 sender:[1c:79:2d:20:62:97 192.168.3.167]receiver:[00:00:00:00:00:00 192.168.3.100]
05-23 15:35:50.287 0 0 W : [2 T1090 ..] [SP FRAME RX] arp rsp,vif_idx:0 sender:[e0:ba:ad:3a:be:9a 192.168.3.66]receiver:[1c:79:2d:20:62:97 192.168.3.167]
05-23 15:35:50.289 0 0 W : [1 T2533 ..] [SP FRAME TX] arp req,vif_idx:0 sender:[1c:79:2d:20:62:97 192.168.3.167]receiver:[00:00:00:00:00:00 192.168.3.102]
05-23 15:35:50.290 0 0 W : [2 T1090 ..] [SP FRAME RX] arp rsp,vif_idx:0 sender:[4c:6b:b8:99:ce:34 192.168.3.68]receiver:[1c:79:2d:20:62:97 192.168.3.167]
05-23 15:35:50.292 0 0 W : [1 T2533 ..] [SP FRAME TX] arp req,vif_idx:0 sender:[1c:79:2d:20:62:97 192.168.3.167]receiver:[00:00:00:00:00:00 192.168.3.104]
05-23 15:35:50.293 0 0 W : [2 T1090 ..] [SP FRAME RX] arp rsp,vif_idx:0 sender:[a4:cf:99:78:f4:bf 192.168.3.73]receiver:[1c:79:2d:20:62:97 192.168.3.167]
05-23 15:35:50.295 0 0 W : [1 T2533 ..] [SP FRAME TX] arp req,vif_idx:0 sender:[1c:79:2d:20:62:97 192.168.3.167]receiver:[00:00:00:00:00:00 192.168.3.105]
05-23 15:35:50.296 0 0 W : [2 T1090 ..] [SP FRAME RX] arp rsp,vif_idx:0 sender:[22:37:89:bd:91:59 192.168.3.74]receiver:[1c:79:2d:20:62:97 192.168.3.167]
05-23 15:35:50.298 0 0 W : [1 T2533 ..] [SP FRAME TX] arp req,vif_idx:0 sender:[1c:79:2d:20:62:97 192.168.3.167]receiver:[00:00:00:00:00:00 192.168.3.106]
05-23 15:35:50.299 0 0 W : [2 T1090 ..] [SP FRAME RX] arp rsp,vif_idx:0 sender:[e6:6e:3e:02:16:7f 192.168.3.76]receiver:[1c:79:2d:20:62:97 192.168.3.167]
05-23 15:35:50.301 0 0 W : [1 T2533 ..] [SP FRAME TX] arp req,vif_idx:0 sender:[1c:79:2d:20:62:97 192.168.3.167]receiver:[00:00:00:00:00:00 192.168.3.107]
05-23 15:35:50.302 0 0 W : [2 T1090 ..] [SP FRAME RX] arp rsp,vif_idx:0 sender:[7c:2c:67:8b:02:64 192.168.3.78]receiver:[1c:79:2d:20:62:97 192.168.3.167]
05-23 15:35:50.304 0 0 W : [1 T2533 ..] [SP FRAME TX] arp req,vif_idx:0 sender:[1c:79:2d:20:62:97 192.168.3.167]receiver:[00:00:00:00:00:00 192.168.3.108]
05-23 15:35:50.305 0 0 W : [2 T1090 ..] [SP FRAME RX] arp rsp,vif_idx:0 sender:[42:ce:b4:af:a6:d3 192.168.3.79]receiver:[1c:79:2d:20:62:97 192.168.3.167]
05-23 15:35:50.307 0 0 W : [1 T2533 ..] [SP FRAME TX] arp req,vif_idx:0 sender:[1c:79:2d:20:62:97 192.168.3.167]receiver:[00:00:00:00:00:00 192.168.3.109]
05-23 15:35:50.308 0 0 W : [2 T1090 ..] [SP FRAME RX] arp rsp,vif_idx:0 sender:[ca:9c:d9:c3:26:8e 192.168.3.81]receiver:[1c:79:2d:20:62:97 192.168.3.167]
05-23 15:35:50.310 0 0 W : [1 T2533 ..] [SP FRAME TX] arp req,vif_idx:0 sender:[1c:79:2d:20:62:97 192.168.3.167]receiver:[00:00:00:00:00:00 192.168.3.110]
05-23 15:35:50.312 0 0 W : [2 T1090 ..] [SP FRAME RX] arp rsp,vif_idx:0 sender:[b6:b0:0e:25:f7:84 192.168.3.82]receiver:[1c:79:2d:20:62:97 192.168.3.167]
05-23 15:35:50.313 0 0 W : [1 T2533 ..] [SP FRAME TX] arp req,vif_idx:0 sender:[1c:79:2d:20:62:97 192.168.3.167]receiver:[00:00:00:00:00:00 192.168.3.111]
05-23 15:35:50.315 0 0 W : [2 T1090 ..] [SP FRAME RX] arp rsp,vif_idx:0 sender:[54:d6:0d:ac:40:f5 192.168.3.83]receiver:[1c:79:2d:20:62:97 192.168.3.167]
05-23 15:35:50.317 0 0 W : [1 T2533 ..] [SP FRAME TX] arp req,vif_idx:0 sender:[1c:79:2d:20:62:97 192.168.3.167]receiver:[00:00:00:00:00:00 192.168.3.112]
