05-23 15:35:36.931 711 711 V SystemServerTimingAsync: ssm.onStartUser-0_com.android.server.security.FileIntegrityService took to complete: 0ms
05-23 15:35:36.931 711 711 D SystemServerTimingAsync: ssm.onStartUser-0_com.android.server.pm.Installer
05-23 15:35:36.931 711 711 V SystemServerTimingAsync: ssm.onStartUser-0_com.android.server.pm.Installer took to complete: 0ms
05-23 15:35:36.931 711 711 D SystemServerTimingAsync: ssm.onStartUser-0_com.android.server.os.DeviceIdentifiersPolicyService
05-23 15:35:36.931 711 711 V SystemServerTimingAsync: ssm.onStartUser-0_com.android.server.os.DeviceIdentifiersPolicyService took to complete: 0ms
05-23 15:35:36.931 711 711 D SystemServerTimingAsync: ssm.onStartUser-0_com.android.server.flags.FeatureFlagsService
05-23 15:35:36.931 711 711 V SystemServerTimingAsync: ssm.onStartUser-0_com.android.server.flags.FeatureFlagsService took to complete: 0ms
05-23 15:35:36.931 711 711 D SystemServerTimingAsync: ssm.onStartUser-0_com.android.server.uri.UriGrantsManagerService$Lifecycle
05-23 15:35:36.931 711 711 V SystemServerTimingAsync: ssm.onStartUser-0_com.android.server.uri.UriGrantsManagerService$Lifecycle took to complete: 0ms
05-23 15:35:36.931 711 711 D SystemServerTimingAsync: ssm.onStartUser-0_com.android.server.powerstats.PowerStatsService
05-23 15:35:36.931 711 711 V SystemServerTimingAsync: ssm.onStartUser-0_com.android.server.powerstats.PowerStatsService took to complete: 0ms
05-23 15:35:36.931 711 711 D SystemServerTimingAsync: ssm.onStartUser-0_com.android.server.permission.access.AccessCheckingService
05-23 15:35:36.931 711 711 V SystemServerTimingAsync: ssm.onStartUser-0_com.android.server.permission.access.AccessCheckingService took to complete: 0ms
05-23 15:35:36.931 711 711 D SystemServerTimingAsync: ssm.onStartUser-0_com.android.server.wm.ActivityTaskManagerService$Lifecycle
05-23 15:35:36.931 711 711 V SystemServerTimingAsync: ssm.onStartUser-0_com.android.server.wm.ActivityTaskManagerService$Lifecycle took to complete: 0ms
05-23 15:35:36.931 711 711 D SystemServerTimingAsync: ssm.onStartUser-0_com.android.server.am.ActivityManagerService$Lifecycle
05-23 15:35:36.931 711 711 V SystemServerTimingAsync: ssm.onStartUser-0_com.android.server.am.ActivityManagerService$Lifecycle took to complete: 0ms
05-23 15:35:36.931 711 711 D SystemServerTimingAsync: ssm.onStartUser-0_com.android.server.pm.DataLoaderManagerService
05-23 15:35:36.931 711 711 V SystemServerTimingAsync: ssm.onStartUser-0_com.android.server.pm.DataLoaderManagerService took to complete: 0ms
05-23 15:35:36.931 711 711 D SystemServerTimingAsync: ssm.onStartUser-0_com.android.server.power.PowerManagerService
05-23 15:35:36.931 711 711 V SystemServerTimingAsync: ssm.onStartUser-0_com.android.server.power.PowerManagerService took to complete: 0ms
05-23 15:35:36.931 711 711 D SystemServerTimingAsync: ssm.onStartUser-0_com.android.server.power.ThermalManagerService
05-23 15:35:36.931 711 711 V SystemServerTimingAsync: ssm.onStartUser-0_com.android.server.power.ThermalManagerService took to complete: 0ms
05-23 15:35:36.931 711 711 D SystemServerTimingAsync: ssm.onStartUser-0_com.android.server.power.hint.HintManagerService
05-23 15:35:36.931 711 711 V SystemServerTimingAsync: ssm.onStartUser-0_com.android.server.power.hint.HintManagerService took to complete: 0ms
05-23 15:35:36.931 711 711 D SystemServerTimingAsync: ssm.onStartUser-0_com.android.server.recoverysystem.RecoverySystemService$Lifecycle
05-23 15:35:36.931 711 711 V SystemServerTimingAsync: ssm.onStartUser-0_com.android.server.recoverysystem.RecoverySystemService$Lifecycle took to complete: 0ms
05-23 15:35:36.931 711 711 D SystemServerTimingAsync: ssm.onStartUser-0_com.android.server.lights.LightsService
05-23 15:35:36.931 711 711 V SystemServerTimingAsync: ssm.onStartUser-0_com.android.server.lights.LightsService took to complete: 0ms
05-23 15:35:36.931 711 711 D SystemServerTimingAsync: ssm.onStartUser-0_com.android.server.display.DisplayManagerService
05-23 15:35:36.932 711 711 V SystemServerTimingAsync: ssm.onStartUser-0_com.android.server.display.DisplayManagerService took to complete: 0ms
05-23 15:35:36.932 711 711 D SystemServerTimingAsync: ssm.onStartUser-0_com.android.server.pm.verify.domain.DomainVerificationService
05-23 15:35:36.932 711 711 V SystemServerTimingAsync: ssm.onStartUser-0_com.android.server.pm.verify.domain.DomainVerificationService took to complete: 0ms
05-23 15:35:36.932 711 711 D SystemServerTimingAsync: ssm.onStartUser-0_com.android.server.pm.PackageInstallerService$Lifecycle
05-23 15:35:36.932 711 711 V SystemServerTimingAsync: ssm.onStartUser-0_com.android.server.pm.PackageInstallerService$Lifecycle took to complete: 0ms
05-23 15:35:36.933 711 711 D SystemServerTimingAsync: ssm.onStartUser-0_com.android.server.pm.UserManagerService$LifeCycle
05-23 15:35:36.933 711 711 V SystemServerTimingAsync: ssm.onStartUser-0_com.android.server.pm.UserManagerService$LifeCycle took to complete: 0ms
05-23 15:35:36.933 711 711 D SystemServerTimingAsync: ssm.onStartUser-0_com.android.server.om.OverlayManagerService
05-23 15:35:36.953 711 745 W ActivityManager: Slow operation: 63ms so far, now at startProcess: returned from zygote!
05-23 15:35:36.964 711 745 W ActivityManager: Slow operation: 74ms so far, now at startProcess: done updating battery stats
05-23 15:35:36.964 711 745 W ActivityManager: Slow operation: 75ms so far, now at startProcess: building log message
05-23 15:35:36.964 711 745 I ActivityManager: Start proc 1042:com.android.networkstack.process/1073 for service {com.android.networkstack/com.android.server.NetworkStackService}
05-23 15:35:36.964 711 745 W ActivityManager: Slow operation: 75ms so far, now at startProcess: starting to update pids map
05-23 15:35:36.966 711 745 W ActivityManager: Slow operation: 76ms so far, now at startProcess: done updating pids map
05-23 15:35:36.978 711 711 V SystemServerTimingAsync: ssm.onStartUser-0_com.android.server.om.OverlayManagerService took to complete: 46ms
05-23 15:35:36.978 711 711 D SystemServerTimingAsync: ssm.onStartUser-0_com.android.server.resources.ResourcesManagerService
05-23 15:35:36.978 711 711 V SystemServerTimingAsync: ssm.onStartUser-0_com.android.server.resources.ResourcesManagerService took to complete: 0ms
05-23 15:35:36.978 711 711 D SystemServerTimingAsync: ssm.onStartUser-0_com.android.server.sensorprivacy.SensorPrivacyService
05-23 15:35:37.001 711 711 D CompatibilityChangeReporter: Compat change id reported: 265464455; UID 10052; state: DISABLED
05-23 15:35:37.001 711 711 D CompatibilityChangeReporter: Compat change id reported: 265452344; UID 10052; state: DISABLED
05-23 15:35:37.002 711 711 D CompatibilityChangeReporter: Compat change id reported: 266124927; UID 10052; state: DISABLED
05-23 15:35:37.003 711 711 D CompatibilityChangeReporter: Compat change id reported: 265451093; UID 10052; state: DISABLED
05-23 15:35:37.004 711 711 D CompatibilityChangeReporter: Compat change id reported: 265456536; UID 10052; state: DISABLED
05-23 15:35:37.004 711 711 D CompatibilityChangeReporter: Compat change id reported: 255940284; UID 10052; state: DISABLED
05-23 15:35:37.005 711 711 D CompatibilityChangeReporter: Compat change id reported: 236283604; UID 10052; state: DISABLED
05-23 15:35:37.005 711 711 D CompatibilityChangeReporter: Compat change id reported: 263959004; UID 10052; state: DISABLED
05-23 15:35:37.005 711 711 D CompatibilityChangeReporter: Compat change id reported: 264304459; UID 10052; state: DISABLED
05-23 15:35:37.006 711 711 D CompatibilityChangeReporter: Compat change id reported: 264301586; UID 10052; state: DISABLED
05-23 15:35:37.006 711 711 D CompatibilityChangeReporter: Compat change id reported: 254631730; UID 10052; state: DISABLED
05-23 15:35:37.008 711 711 D CompatibilityChangeReporter: Compat change id reported: 273509367; UID 10052; state: DISABLED
05-23 15:35:37.009 711 711 D CompatibilityChangeReporter: Compat change id reported: 263259275; UID 10052; state: DISABLED
05-23 15:35:37.009 711 711 D CompatibilityChangeReporter: Compat change id reported: 174042980; UID 10052; state: DISABLED
05-23 15:35:37.010 711 711 D CompatibilityChangeReporter: Compat change id reported: 174042936; UID 10052; state: DISABLED
05-23 15:35:37.010 711 711 D CompatibilityChangeReporter: Compat change id reported: 181136395; UID 10052; state: DISABLED
05-23 15:35:37.024 711 711 D CompatibilityChangeReporter: Compat change id reported: 194480991; UID 10052; state: ENABLED
05-23 15:35:37.027 711 711 W ActivityTaskManager: startActivity called from non-Activity context; forcing Intent.FLAG_ACTIVITY_NEW_TASK for: Intent { flg=0x840000 cmp=com.android.systemui/.sensorprivacy.television.TvSensorPrivacyChangedActivity (has extras) }
05-23 15:35:37.035 711 711 D CompatibilityChangeReporter: Compat change id reported: 184838306; UID 10052; state: DISABLED
05-23 15:35:37.036 711 711 D CompatibilityChangeReporter: Compat change id reported: 185004937; UID 10052; state: DISABLED
05-23 15:35:37.038 711 711 D CompatibilityChangeReporter: Compat change id reported: 197654537; UID 10052; state: ENABLED
05-23 15:35:37.050 711 711 I ActivityTaskManager: START u0 {flg=0x840000 cmp=com.android.systemui/.sensorprivacy.television.TvSensorPrivacyChangedActivity (has extras)} with LAUNCH_SINGLE_TOP from uid 1000 (BAL_ALLOW_ALLOWLISTED_UID) result code=0
05-23 15:35:37.052 711 789 D GameManagerService: User ID '0' does not have a Game Mode selected for package: 'com.android.networkstack'
05-23 15:35:37.052 711 789 D CompatibilityChangeReporter: Compat change id reported: 168419799; UID 1073; state: DISABLED
05-23 15:35:37.053 711 789 D CompatibilityChangeReporter: Compat change id reported: 273564678; UID 1073; state: DISABLED
05-23 15:35:37.053 711 789 W ActivityManager: Slow operation: 52ms so far, now at attachApplicationLocked: immediately before bindApplication
05-23 15:35:37.058 711 711 W ActivityTaskManager: startActivity called from non-Activity context; forcing Intent.FLAG_ACTIVITY_NEW_TASK for: Intent { flg=0x840000 cmp=com.android.systemui/.sensorprivacy.television.TvSensorPrivacyChangedActivity (has extras) }
05-23 15:35:37.065 711 711 I ActivityTaskManager: START u0 {flg=0x840000 cmp=com.android.systemui/.sensorprivacy.television.TvSensorPrivacyChangedActivity (has extras)} with LAUNCH_SINGLE_TOP from uid 1000 (BAL_ALLOW_ALLOWLISTED_UID) result code=3
05-23 15:35:37.065 711 789 W ActivityManager: Slow operation: 65ms so far, now at attachApplicationLocked: immediately after bindApplication
05-23 15:35:37.066 711 789 W ActivityManager: Slow operation: 65ms so far, now at attachApplicationLocked: after updateLruProcessLocked
05-23 15:35:37.067 711 789 W ActivityManager: Slow operation: 66ms so far, now at attachApplicationLocked: after updateOomAdjLocked
05-23 15:35:37.068 711 788 I ActivityManager: Process WebViewLoader-armeabi-v7a (pid 942) has died: psvc PER
05-23 15:35:37.069 711 711 W ActivityTaskManager: startActivity called from non-Activity context; forcing Intent.FLAG_ACTIVITY_NEW_TASK for: Intent { flg=0x840000 cmp=com.android.systemui/.sensorprivacy.television.TvSensorPrivacyChangedActivity (has extras) }
05-23 15:35:37.071 711 711 I ActivityTaskManager: START u0 {flg=0x840000 cmp=com.android.systemui/.sensorprivacy.television.TvSensorPrivacyChangedActivity (has extras)} with LAUNCH_SINGLE_TOP from uid 1000 (BAL_ALLOW_ALLOWLISTED_UID) result code=3
05-23 15:35:37.074 711 796 D CompatibilityChangeReporter: Compat change id reported: 265195908; UID 1073; state: ENABLED
05-23 15:35:37.074 711 711 W ActivityTaskManager: startActivity called from non-Activity context; forcing Intent.FLAG_ACTIVITY_NEW_TASK for: Intent { flg=0x840000 cmp=com.android.systemui/.sensorprivacy.television.TvSensorPrivacyChangedActivity (has extras) }
05-23 15:35:37.076 711 711 I ActivityTaskManager: START u0 {flg=0x840000 cmp=com.android.systemui/.sensorprivacy.television.TvSensorPrivacyChangedActivity (has extras)} with LAUNCH_SINGLE_TOP from uid 1000 (BAL_ALLOW_ALLOWLISTED_UID) result code=3
05-23 15:35:37.076 711 711 W SystemServiceManager: Service com.android.server.sensorprivacy.SensorPrivacyService took 98 ms in onStartUser-0
05-23 15:35:37.076 711 711 V SystemServerTimingAsync: ssm.onStartUser-0_com.android.server.sensorprivacy.SensorPrivacyService took to complete: 98ms
05-23 15:35:37.076 711 711 D SystemServerTimingAsync: ssm.onStartUser-0_com.android.server.sensors.SensorService
05-23 15:35:37.076 711 711 V SystemServerTimingAsync: ssm.onStartUser-0_com.android.server.sensors.SensorService took to complete: 0ms
05-23 15:35:37.076 711 711 D SystemServerTimingAsync: ssm.onStartUser-0_com.android.server.SystemConfigService
05-23 15:35:37.076 711 711 V SystemServerTimingAsync: ssm.onStartUser-0_com.android.server.SystemConfigService took to complete: 0ms
05-23 15:35:37.076 711 711 D SystemServerTimingAsync: ssm.onStartUser-0_com.android.server.BatteryService
05-23 15:35:37.076 711 711 V SystemServerTimingAsync: ssm.onStartUser-0_com.android.server.BatteryService took to complete: 0ms
05-23 15:35:37.076 711 711 D SystemServerTimingAsync: ssm.onStartUser-0_com.android.server.usage.UsageStatsService
05-23 15:35:37.076 711 711 V SystemServerTimingAsync: ssm.onStartUser-0_com.android.server.usage.UsageStatsService took to complete: 0ms
05-23 15:35:37.076 711 711 D SystemServerTimingAsync: ssm.onStartUser-0_com.android.server.webkit.WebViewUpdateService
05-23 15:35:37.076 711 711 V SystemServerTimingAsync: ssm.onStartUser-0_com.android.server.webkit.WebViewUpdateService took to complete: 0ms
05-23 15:35:37.076 711 711 D SystemServerTimingAsync: ssm.onStartUser-0_com.android.server.CachedDeviceStateService
05-23 15:35:37.076 711 711 V SystemServerTimingAsync: ssm.onStartUser-0_com.android.server.CachedDeviceStateService took to complete: 0ms
05-23 15:35:37.076 711 711 D SystemServerTimingAsync: ssm.onStartUser-0_com.android.server.BinderCallsStatsService$LifeCycle
05-23 15:35:37.076 711 711 V SystemServerTimingAsync: ssm.onStartUser-0_com.android.server.BinderCallsStatsService$LifeCycle took to complete: 0ms
05-23 15:35:37.076 711 711 D SystemServerTimingAsync: ssm.onStartUser-0_com.android.server.LooperStatsService$Lifecycle
05-23 15:35:37.077 711 711 V SystemServerTimingAsync: ssm.onStartUser-0_com.android.server.LooperStatsService$Lifecycle took to complete: 0ms
05-23 15:35:37.077 711 711 D SystemServerTimingAsync: ssm.onStartUser-0_com.android.server.rollback.RollbackManagerService
05-23 15:35:37.077 711 711 V SystemServerTimingAsync: ssm.onStartUser-0_com.android.server.rollback.RollbackManagerService took to complete: 0ms
05-23 15:35:37.077 711 711 D SystemServerTimingAsync: ssm.onStartUser-0_com.android.server.os.NativeTombstoneManagerService
05-23 15:35:37.077 711 711 V SystemServerTimingAsync: ssm.onStartUser-0_com.android.server.os.NativeTombstoneManagerService took to complete: 0ms
05-23 15:35:37.077 711 711 D SystemServerTimingAsync: ssm.onStartUser-0_com.android.server.os.BugreportManagerService
05-23 15:35:37.077 711 711 V SystemServerTimingAsync: ssm.onStartUser-0_com.android.server.os.BugreportManagerService took to complete: 0ms
05-23 15:35:37.077 711 711 D SystemServerTimingAsync: ssm.onStartUser-0_com.android.server.gpu.GpuService
05-23 15:35:37.077 711 711 V SystemServerTimingAsync: ssm.onStartUser-0_com.android.server.gpu.GpuService took to complete: 0ms
05-23 15:35:37.077 711 711 D SystemServerTimingAsync: ssm.onStartUser-0_com.android.server.security.rkp.RemoteProvisioningService
05-23 15:35:37.077 711 711 V SystemServerTimingAsync: ssm.onStartUser-0_com.android.server.security.rkp.RemoteProvisioningService took to complete: 0ms
05-23 15:35:37.077 711 711 D SystemServerTimingAsync: ssm.onStartUser-0_com.android.server.cpu.CpuMonitorService
05-23 15:35:37.077 711 711 V SystemServerTimingAsync: ssm.onStartUser-0_com.android.server.cpu.CpuMonitorService took to complete: 0ms
05-23 15:35:37.077 711 711 D SystemServerTimingAsync: ssm.onStartUser-0_com.android.server.security.KeyChainSystemService
05-23 15:35:37.077 711 711 V SystemServerTimingAsync: ssm.onStartUser-0_com.android.server.security.KeyChainSystemService took to complete: 0ms
05-23 15:35:37.077 711 711 D SystemServerTimingAsync: ssm.onStartUser-0_com.android.server.BinaryTransparencyService
05-23 15:35:37.077 711 711 V SystemServerTimingAsync: ssm.onStartUser-0_com.android.server.BinaryTransparencyService took to complete: 0ms
05-23 15:35:37.077 711 711 D SystemServerTimingAsync: ssm.onStartUser-0_com.android.server.accounts.AccountManagerService$Lifecycle
05-23 15:35:37.077 711 711 V SystemServerTimingAsync: ssm.onStartUser-0_com.android.server.accounts.AccountManagerService$Lifecycle took to complete: 0ms
05-23 15:35:37.077 711 711 D SystemServerTimingAsync: ssm.onStartUser-0_com.android.server.content.ContentService$Lifecycle
05-23 15:35:37.077 711 711 V SystemServerTimingAsync: ssm.onStartUser-0_com.android.server.content.ContentService$Lifecycle took to complete: 1ms
05-23 15:35:37.077 711 711 D SystemServerTimingAsync: ssm.onStartUser-0_com.android.server.deviceconfig.DeviceConfigInit$Lifecycle
05-23 15:35:37.077 711 711 V SystemServerTimingAsync: ssm.onStartUser-0_com.android.server.deviceconfig.DeviceConfigInit$Lifecycle took to complete: 0ms
05-23 15:35:37.077 711 711 D SystemServerTimingAsync: ssm.onStartUser-0_com.android.server.DropBoxManagerService
05-23 15:35:37.077 711 711 V SystemServerTimingAsync: ssm.onStartUser-0_com.android.server.DropBoxManagerService took to complete: 0ms
05-23 15:35:37.077 711 711 D SystemServerTimingAsync: ssm.onStartUser-0_com.android.role.RoleService
05-23 15:35:37.078 711 788 D OomAdjuster: Not killing cached processes
05-23 15:35:37.078 711 734 D DisplayManagerService: Drop pending events for gone uid 1037
05-23 15:35:37.095 711 811 D CompatibilityChangeReporter: Compat change id reported: 135634846; UID 10065; state: DISABLED
05-23 15:35:37.095 711 811 D CompatibilityChangeReporter: Compat change id reported: 177438394; UID 10065; state: DISABLED
05-23 15:35:37.095 711 811 D CompatibilityChangeReporter: Compat change id reported: 135772972; UID 10065; state: DISABLED
05-23 15:35:37.096 711 811 D CompatibilityChangeReporter: Compat change id reported: 135754954; UID 10065; state: ENABLED
05-23 15:35:37.096 711 745 D CompatibilityChangeReporter: Compat change id reported: 143937733; UID 10065; state: ENABLED
05-23 15:35:37.107 920 920 V WindowManagerShell: Adding init callback for DisplayChangeController
05-23 15:35:37.108 920 920 V WindowManagerShell: Adding init callback for DisplayController
05-23 15:35:37.108 920 920 V WindowManagerShell: Adding init callback for DisplayInsetsController
05-23 15:35:37.108 711 745 I ActivityManager: Start proc 1066:com.android.permissioncontroller/u0a65 for service {com.android.permissioncontroller/com.android.permissioncontroller.role.service.RoleControllerServiceImpl}
05-23 15:35:37.108 920 920 V WindowManagerShell: Adding init callback for DisplayImeController
05-23 15:35:37.108 920 920 V WindowManagerShell: Adding init callback for ShellController
05-23 15:35:37.111 920 920 V WindowManagerShell: Adding init callback for DragAndDropController
05-23 15:35:37.145 711 789 D GameManagerService: User ID '0' does not have a Game Mode selected for package: 'com.android.permissioncontroller'
05-23 15:35:37.147 711 789 D CompatibilityChangeReporter: Compat change id reported: 168419799; UID 10065; state: DISABLED
05-23 15:35:37.147 711 789 D CompatibilityChangeReporter: Compat change id reported: 273564678; UID 10065; state: DISABLED
05-23 15:35:37.152 711 796 D CompatibilityChangeReporter: Compat change id reported: 265195908; UID 10065; state: ENABLED
05-23 15:35:37.165 711 789 D CompatibilityChangeReporter: Compat change id reported: 170503758; UID 10065; state: ENABLED
05-23 15:35:37.168 920 920 V WindowManagerShell: Adding init callback for CompatUIController
05-23 15:35:37.188 920 920 V WindowManagerShell: Adding init callback for ShellTaskOrganizer
05-23 15:35:37.204 920 920 V WindowManagerShell: Adding init callback for DefaultTransitionHandler
05-23 15:35:37.204 920 920 V WindowManagerShell: addHandler: Default
05-23 15:35:37.204 920 920 V WindowManagerShell: addHandler: Remote
05-23 15:35:37.204 920 920 V WindowManagerShell: Adding init callback for Transitions
05-23 15:35:37.207 920 920 V WindowManagerShell: Adding init callback for FullscreenTaskListener
05-23 15:35:37.208 711 788 D CompatibilityChangeReporter: Compat change id reported: 253665015; UID 1073; state: ENABLED
05-23 15:35:37.210 711 788 D CompatibilityChangeReporter: Compat change id reported: 194532703; UID 1073; state: ENABLED
05-23 15:35:37.212 920 920 V WindowManagerShell: Adding init callback for ActivityEmbeddingController
05-23 15:35:37.219 711 788 D CompatibilityChangeReporter: Compat change id reported: 161145287; UID 10052; state: ENABLED
05-23 15:35:37.220 711 743 D CountryDetector: Using custom country detector class: com.android.server.location.ComprehensiveCountryDetector
05-23 15:35:37.221 920 920 V WindowManagerShell: Adding init callback for StartingWindowController
05-23 15:35:37.221 920 920 V WindowManagerShell: Adding init callback for ProtoLogController
05-23 15:35:37.221 711 743 E CountryDetector: Could not instantiate the custom country detector class
05-23 15:35:37.221 711 743 D CountryDetector: Using default country detector
05-23 15:35:37.228 920 920 V WindowManagerShell: Adding init callback for TvPipTransition
05-23 15:35:37.245 920 920 D WindowManagerShell: TvPipActionsProvider: onMediaActionsChanged()
05-23 15:35:37.246 920 920 D WindowManagerShell: TvPipActionsProvider: replaceCustomActions, count: 0
05-23 15:35:37.246 920 920 D WindowManagerShell: TvPipMenuController: setDelegate(), delegate=com.android.wm.shell.pip.tv.TvPipController@ff44912
05-23 15:35:37.246 920 920 V WindowManagerShell: Adding init callback for TvPipController
05-23 15:35:37.246 920 920 V WindowManagerShell: Adding init callback for KeyguardTransitionHandler
05-23 15:35:37.254 920 920 V WindowManagerShell: Adding init callback for BackAnimationController
05-23 15:35:37.256 920 1063 V WindowManagerShell: Initializing Shell Components: 18
05-23 15:35:37.258 920 1063 V WindowManagerShell: DisplayChangeController init took 2ms
05-23 15:35:37.260 920 1063 V WindowManagerShell: DisplayController init took 2ms
05-23 15:35:37.266 920 1063 V WindowManagerShell: DisplayInsetsController init took 4ms
05-23 15:35:37.266 920 1063 V WindowManagerShell: DisplayImeController init took 0ms
05-23 15:35:37.266 920 1063 V WindowManagerShell: Adding dump callback for ShellController
05-23 15:35:37.266 920 1063 V WindowManagerShell: ShellController init took 0ms
05-23 15:35:37.266 920 1063 V WindowManagerShell: Adding external interface from DragAndDropController with key extra_shell_drag_and_drop
05-23 15:35:37.266 920 1063 V WindowManagerShell: Adding dump callback for DragAndDropController
05-23 15:35:37.266 920 1063 V WindowManagerShell: DragAndDropController init took 1ms
05-23 15:35:37.266 920 1063 V WindowManagerShell: Adding command class compatui for CompatUIShellCommandHandler
05-23 15:35:37.266 920 1063 V WindowManagerShell: CompatUIController init took 0ms
05-23 15:35:37.266 920 1063 V WindowManagerShell: Adding dump callback for ShellTaskOrganizer
05-23 15:35:37.274 920 1063 V WindowManagerShell: ShellTaskOrganizer init took 7ms
05-23 15:35:37.281 920 1063 V WindowManagerShell: DefaultTransitionHandler init took 7ms
05-23 15:35:37.282 920 1063 V WindowManagerShell: Adding external interface from Transitions with key extra_shell_shell_transitions
05-23 15:35:37.288 920 1063 V WindowManagerShell: Adding command class transitions for Transitions
05-23 15:35:37.288 920 1063 V WindowManagerShell: Transitions init took 8ms
05-23 15:35:37.288 920 1063 V WindowManagerShell: FullscreenTaskListener init took 0ms
05-23 15:35:37.288 920 1063 V WindowManagerShell: addHandler: ActivityEmbeddingController
05-23 15:35:37.288 920 1063 V WindowManagerShell: ActivityEmbeddingController init took 0ms
05-23 15:35:37.288 920 1063 V WindowManagerShell: Adding external interface from StartingWindowController with key extra_shell_starting_window
05-23 15:35:37.288 920 1063 V WindowManagerShell: StartingWindowController init took 0ms
05-23 15:35:37.288 920 1063 V WindowManagerShell: Adding command class protolog for ProtoLogController
05-23 15:35:37.289 920 1063 V WindowManagerShell: ProtoLogController init took 0ms
05-23 15:35:37.289 920 1063 V WindowManagerShell: addHandler: TvPipTransition
05-23 15:35:37.289 920 1063 V WindowManagerShell: TvPipTransition init took 0ms
05-23 15:35:37.301 920 1063 V WindowManagerShell: TvPipController init took 12ms
05-23 15:35:37.301 920 1063 V WindowManagerShell: addHandler: KeyguardTransitionHandler
05-23 15:35:37.301 920 1063 V WindowManagerShell: KeyguardTransitionHandler init took 0ms
05-23 15:35:37.305 920 1063 D ShellBackPreview: Back animation enabled=false
05-23 15:35:37.312 920 1063 V WindowManagerShell: Adding external interface from BackAnimationController with key extra_shell_back_animation
05-23 15:35:37.317 920 1063 V WindowManagerShell: BackAnimationController init took 16ms
05-23 15:35:37.317 920 1063 W Looper : Slow dispatch took 63ms wmshell.main h=android.os.Handler c=com.android.wm.shell.common.ShellExecutor$$ExternalSyntheticLambda0@548c837 m=0
05-23 15:35:37.317 920 1063 V ShellDragAndDrop: Display added: 0
05-23 15:35:37.350 711 788 D CompatibilityChangeReporter: Compat change id reported: 171306433; UID 1000; state: ENABLED
05-23 15:35:37.353 711 788 W WindowManager: [addWindow] title:ShellDropTarget
05-23 15:35:37.355 711 788 D GameManagerService: User ID '0' does not have a Game Mode selected for package: 'com.android.systemui'
05-23 15:35:37.371 920 1063 W Looper : Slow delivery took 52ms wmshell.main h=android.os.Handler c=com.android.wm.shell.draganddrop.DragAndDropController$$ExternalSyntheticLambda0@3cc055f m=0
05-23 15:35:37.371 920 1063 W Looper : Slow dispatch took 54ms wmshell.main h=android.os.Handler c=com.android.wm.shell.draganddrop.DragAndDropController$$ExternalSyntheticLambda0@3cc055f m=0
05-23 15:35:37.372 920 1063 D WindowManagerShell: TvPipController: onImeVisibilityChanged(), visible=false, height=0
05-23 15:35:37.459 711 1040 D CoreBackPreview: Window{765e074 u0 ShellDropTarget}: Setting back callback OnBackInvokedCallbackInfo{mCallback=android.window.IOnBackInvokedCallback$Stub$Proxy@6e47c5, mPriority=0, mIsAnimationCallback=false}
05-23 15:35:37.471 920 1063 W Looper : Slow dispatch took 75ms wmshell.main h=android.view.Choreographer$FrameHandler c=android.view.Choreographer$FrameDisplayEventReceiver@ff90412 m=0
05-23 15:35:37.496 920 1063 W Looper : Drained
05-23 15:35:37.501 711 788 D CompatibilityChangeReporter: Compat change id reported: 161145287; UID 1073; state: ENABLED
05-23 15:35:37.554 513 553 I android.hardware.wifi-service.droidlogic: check loading wifi driver is ok...
05-23 15:35:37.554 513 553 W android.hardware.wifi-service.droidlogic: driver loaded
05-23 15:35:37.558 513 553 I android.hardware.wifi-service.droidlogic: After driver loaded, wifi_name:aml_w2_s
05-23 15:35:37.559 513 553 I android.hardware.wifi-service.droidlogic: Even /data/vendor/wifi/wpa/wpa_supplicant.conf exists, still overwrite it.
05-23 15:35:37.559 513 553 I android.hardware.wifi-service.droidlogic: Migrated conf file from /vendor/etc/wifi/unbcm_supplicant.conf to /data/vendor/wifi/wpa/wpa_supplicant.conf: Operation not permitted
05-23 15:35:37.560 513 553 I android.hardware.wifi-service.droidlogic: Even /data/vendor/wifi/wpa/p2p_supplicant.conf exists, still overwrite it.
05-23 15:35:37.560 513 553 I android.hardware.wifi-service.droidlogic: Migrated conf file from /vendor/etc/wifi/p2p_supplicant.conf to /data/vendor/wifi/wpa/p2p_supplicant.conf: Read-only file system
05-23 15:35:37.560 513 553 I android.hardware.wifi-service.droidlogic: no bcm and uwe wifi ,need use p2p0 with p2p interface
05-23 15:35:37.561 513 553 I android.hardware.wifi-service.droidlogic: Wifi HAL started
05-23 15:35:37.616 513 553 W android.hardware.wifi-service.droidlogic: No active wlan interfaces in use! Using default
05-23 15:35:37.617 513 553 E android.hardware.wifi-service.droidlogic: Unknown iface name: wlan0
05-23 15:35:37.617 513 553 E android.hardware.wifi-service.droidlogic: Unknown iface name: wlan0
05-23 15:35:37.654 513 553 W android.hardware.wifi-service.droidlogic: No active wlan interfaces in use! Using default
05-23 15:35:37.654 513 553 E android.hardware.wifi-service.droidlogic: Unknown iface name: wlan0
05-23 15:35:37.654 513 553 E android.hardware.wifi-service.droidlogic: Unknown iface name: wlan0
05-23 15:35:37.762 711 1040 D CompatibilityChangeReporter: Compat change id reported: 157233955; UID 10052; state: ENABLED
05-23 15:35:37.794 513 553 I android.hardware.wifi-service.droidlogic: Adding interface handle for p2p0
05-23 15:35:37.794 513 553 I android.hardware.wifi-service.droidlogic: Adding interface handle for ap0
05-23 15:35:37.794 513 553 I android.hardware.wifi-service.droidlogic: Adding interface handle for wlan0
05-23 15:35:37.794 513 553 W android.hardware.wifi-service.droidlogic: No active wlan interfaces in use! Using default
05-23 15:35:37.794 513 553 E android.hardware.wifi-service.droidlogic: Failed to register radio mode change callback
05-23 15:35:37.794 513 553 W android.hardware.wifi-service.droidlogic: No active wlan interfaces in use! Using default
05-23 15:35:37.795 513 553 E android.hardware.wifi-service.droidlogic: Failed to get SupportedIfaceCombinations matrix from legacy HAL: NOT_SUPPORTED
05-23 15:35:37.795 513 553 I android.hardware.wifi-service.droidlogic: Configured chip in mode 3
05-23 15:35:37.795 513 553 W android.hardware.wifi-service.droidlogic: No active wlan interfaces in use! Using default
05-23 15:35:37.797 513 553 W android.hardware.wifi-service.droidlogic: No active wlan interfaces in use! Using default
05-23 15:35:37.802 711 1107 D CompatibilityChangeReporter: Compat change id reported: 182478738; UID 1073; state: ENABLED
05-23 15:35:37.809 513 553 I android.hardware.wifi-service.droidlogic: Adding interface handle for p2p0
05-23 15:35:37.809 513 553 I android.hardware.wifi-service.droidlogic: Adding interface handle for ap0
05-23 15:35:37.809 513 553 I android.hardware.wifi-service.droidlogic: Adding interface handle for wlan0
05-23 15:35:37.809 513 553 E android.hardware.wifi-service.droidlogic: Failed to set DFS flag; DFS channels may be unavailable.
05-23 15:35:37.851 513 553 E android.hardware.wifi-service.droidlogic: Failed to get chip capabilities from legacy HAL: NOT_SUPPORTED
05-23 15:35:37.868 622 622 I wificond: createClientInterface: wiphy_index 0 iface_name wlan0
05-23 15:35:37.870 622 622 I wificond: create scanner for interface with index: 16
05-23 15:35:37.872 622 622 I wificond: subscribe scan result for interface with index: 16
05-23 15:35:37.874 622 622 I wificond: add channel type 0 support at wiphy index: 0
05-23 15:35:37.874 622 622 I wificond: add channel type 1 support at wiphy index: 0
05-23 15:35:38.018 711 1059 I MR2ServiceImpl: registerManager | uid: 10052, pid: 920, package: com.android.systemui, user: 0
05-23 15:35:38.041 513 553 E android.hardware.wifi-service.droidlogic: Failed to get SupportedRadioCombinations matrix from legacy HAL: NOT_SUPPORTED
05-23 15:35:38.211 920 920 V SystemUIBootTiming: DependencyInjection took to complete: 0ms
05-23 15:35:38.545 920 1063 D WindowManagerShell: TvPipController: onTaskStackChanged()
05-23 15:35:38.546 622 622 I wificond: Regulatory domain changed to country: 00 on wiphy_index: 0
05-23 15:35:38.546 622 622 I wificond: UpdateBandInfo
05-23 15:35:38.560 622 622 I wificond: 2.4Ghz frequencies: 2412 2417 2422 2427 2432 2437 2442 2447 2452 2457 2462
05-23 15:35:38.560 622 622 I wificond: 5Ghz non-DFS frequencies: 5180 5200 5220 5240 5745 5765 5785 5805 5825
05-23 15:35:38.560 622 622 I wificond: 5Ghz DFS frequencies: 5260 5280 5300 5320 5500 5520 5540 5560 5580 5600 5620 5640 5660 5680 5700 5720
05-23 15:35:38.560 622 622 I wificond: 6Ghz frequencies:
05-23 15:35:38.560 622 622 I wificond: 60Ghz frequencies:
05-23 15:35:38.561 622 622 I wificond: Regulatory domain changed to country: US on wiphy_index: 0
05-23 15:35:38.561 622 622 I wificond: UpdateBandInfo
05-23 15:35:38.565 622 622 I wificond: 2.4Ghz frequencies: 2412 2417 2422 2427 2432 2437 2442 2447 2452 2457 2462
05-23 15:35:38.565 622 622 I wificond: 5Ghz non-DFS frequencies: 5180 5200 5220 5240 5745 5765 5785 5805 5825
05-23 15:35:38.565 622 622 I wificond: 5Ghz DFS frequencies: 5260 5280 5300 5320 5500 5520 5540 5560 5580 5600 5620 5640 5660 5680 5700 5720
05-23 15:35:38.565 622 622 I wificond: 6Ghz frequencies:
05-23 15:35:38.565 622 622 I wificond: 60Ghz frequencies:
05-23 15:35:38.565 622 622 I wificond: Receive notifyCountryCodeChanged
05-23 15:35:38.565 622 622 I wificond: UpdateBandInfo
05-23 15:35:38.570 622 622 I wificond: 2.4Ghz frequencies: 2412 2417 2422 2427 2432 2437 2442 2447 2452 2457 2462
05-23 15:35:38.570 622 622 I wificond: 5Ghz non-DFS frequencies: 5180 5200 5220 5240 5745 5765 5785 5805 5825
05-23 15:35:38.570 622 622 I wificond: 5Ghz DFS frequencies: 5260 5280 5300 5320 5500 5520 5540 5560 5580 5600 5620 5640 5660 5680 5700 5720
05-23 15:35:38.570 622 622 I wificond: 6Ghz frequencies:
05-23 15:35:38.570 622 622 I wificond: 60Ghz frequencies:
05-23 15:35:39.136 711 711 W SystemServiceManager: Service com.android.role.RoleService took 2059 ms in onStartUser-0
05-23 15:35:39.136 711 711 V SystemServerTimingAsync: ssm.onStartUser-0_com.android.role.RoleService took to complete: 2059ms
05-23 15:35:39.136 711 711 D SystemServerTimingAsync: ssm.onStartUser-0_com.android.server.vibrator.VibratorManagerService$Lifecycle
05-23 15:35:39.136 711 711 V SystemServerTimingAsync: ssm.onStartUser-0_com.android.server.vibrator.VibratorManagerService$Lifecycle took to complete: 0ms
05-23 15:35:39.136 711 711 D SystemServerTimingAsync: ssm.onStartUser-0_com.android.server.tare.InternalResourceService
05-23 15:35:39.136 711 711 V SystemServerTimingAsync: ssm.onStartUser-0_com.android.server.tare.InternalResourceService took to complete: 0ms
05-23 15:35:39.136 711 711 D SystemServerTimingAsync: ssm.onStartUser-0_com.android.server.alarm.AlarmManagerService
05-23 15:35:39.137 711 711 V SystemServerTimingAsync: ssm.onStartUser-0_com.android.server.alarm.AlarmManagerService took to complete: 0ms
05-23 15:35:39.137 711 711 D SystemServerTimingAsync: ssm.onStartUser-0_com.android.server.devicestate.DeviceStateManagerService
05-23 15:35:39.137 711 711 V SystemServerTimingAsync: ssm.onStartUser-0_com.android.server.devicestate.DeviceStateManagerService took to complete: 0ms
05-23 15:35:39.137 711 711 D SystemServerTimingAsync: ssm.onStartUser-0_com.android.server.camera.CameraServiceProxy
05-23 15:35:39.138 711 711 V SystemServerTimingAsync: ssm.onStartUser-0_com.android.server.camera.CameraServiceProxy took to complete: 1ms
05-23 15:35:39.138 711 711 D SystemServerTimingAsync: ssm.onStartUser-0_com.android.server.bluetooth.BluetoothService
05-23 15:35:39.145 711 823 D CompatibilityChangeReporter: Compat change id reported: 135634846; UID 1002; state: DISABLED
05-23 15:35:39.164 711 745 I ActivityManager: Start proc 1158:com.android.bluetooth/1002 for service {com.android.bluetooth/com.android.bluetooth.btservice.AdapterService}
05-23 15:35:39.168 711 711 V SystemServerTimingAsync: ssm.onStartUser-0_com.android.server.bluetooth.BluetoothService took to complete: 31ms
05-23 15:35:39.168 711 711 D SystemServerTimingAsync: ssm.onStartUser-0_com.android.server.connectivity.IpConnectivityMetrics
05-23 15:35:39.168 711 711 V SystemServerTimingAsync: ssm.onStartUser-0_com.android.server.connectivity.IpConnectivityMetrics took to complete: 0ms
05-23 15:35:39.168 711 711 D SystemServerTimingAsync: ssm.onStartUser-0_com.android.server.net.watchlist.NetworkWatchlistService$Lifecycle
05-23 15:35:39.168 711 711 V SystemServerTimingAsync: ssm.onStartUser-0_com.android.server.net.watchlist.NetworkWatchlistService$Lifecycle took to complete: 0ms
05-23 15:35:39.169 711 711 D SystemServerTimingAsync: ssm.onStartUser-0_com.android.server.PinnerService
05-23 15:35:39.169 711 711 V SystemServerTimingAsync: ssm.onStartUser-0_com.android.server.PinnerService took to complete: 0ms
05-23 15:35:39.169 711 711 D SystemServerTimingAsync: ssm.onStartUser-0_com.android.server.integrity.AppIntegrityManagerService
05-23 15:35:39.169 711 711 V SystemServerTimingAsync: ssm.onStartUser-0_com.android.server.integrity.AppIntegrityManagerService took to complete: 0ms
05-23 15:35:39.169 711 711 D SystemServerTimingAsync: ssm.onStartUser-0_com.android.server.logcat.LogcatManagerService
05-23 15:35:39.169 711 711 V SystemServerTimingAsync: ssm.onStartUser-0_com.android.server.logcat.LogcatManagerService took to complete: 0ms
05-23 15:35:39.169 711 711 D SystemServerTimingAsync: ssm.onStartUser-0_com.android.server.inputmethod.InputMethodManagerService$Lifecycle
05-23 15:35:39.169 711 711 V SystemServerTimingAsync: ssm.onStartUser-0_com.android.server.inputmethod.InputMethodManagerService$Lifecycle took to complete: 0ms
05-23 15:35:39.169 711 711 D SystemServerTimingAsync: ssm.onStartUser-0_com.android.server.accessibility.AccessibilityManagerService$Lifecycle
05-23 15:35:39.169 711 711 V SystemServerTimingAsync: ssm.onStartUser-0_com.android.server.accessibility.AccessibilityManagerService$Lifecycle took to complete: 0ms
05-23 15:35:39.169 711 711 D SystemServerTimingAsync: ssm.onStartUser-0_com.android.server.StorageManagerService$Lifecycle
05-23 15:35:39.172 711 711 V StorageManagerService: Package com.dangbei.lerad.leradwatcher has legacy storage
05-23 15:35:39.172 711 711 V StorageManagerService: Package com.android.cts.priv.ctsshim does not have legacy storage
05-23 15:35:39.172 711 711 V StorageManagerService: Package com.android.uwb.resources does not have legacy storage
05-23 15:35:39.172 711 711 V StorageManagerService: Package com.android.adservices.api does not have legacy storage
05-23 15:35:39.172 711 711 V StorageManagerService: Package com.android.dynsystem does not have legacy storage
05-23 15:35:39.172 711 711 V StorageManagerService: Package com.dangbei.lerad.rocky does not have legacy storage
05-23 15:35:39.173 711 711 V StorageManagerService: Package com.android.healthconnect.controller does not have legacy storage
05-23 15:35:39.173 711 711 V StorageManagerService: Package com.android.providers.calendar does not have legacy storage
05-23 15:35:39.173 711 711 V StorageManagerService: Package com.android.tv.settings does not have legacy storage
05-23 15:35:39.173 711 711 V StorageManagerService: Package com.android.providers.media does not have legacy storage
05-23 15:35:39.173 711 711 V StorageManagerService: Package com.android.health.connect.backuprestore does not have legacy storage
05-23 15:35:39.174 711 711 V StorageManagerService: Package com.android.virtualmachine.res does not have legacy storage
05-23 15:35:39.174 711 711 V StorageManagerService: Package com.dangbei.zhushou.os does not have legacy storage
05-23 15:35:39.174 711 711 V StorageManagerService: Package com.sohu.inputmethod.sogou.tv has legacy storage
05-23 15:35:39.174 711 711 V StorageManagerService: Package com.droidlogic.tvprovider.overlay does not have legacy storage
05-23 15:35:39.174 711 711 V StorageManagerService: Package com.android.externalstorage does not have legacy storage
05-23 15:35:39.174 711 711 V StorageManagerService: Package com.android.htmlviewer does not have legacy storage
05-23 15:35:39.174 711 711 V StorageManagerService: Package com.android.companiondevicemanager does not have legacy storage
05-23 15:35:39.174 711 711 V StorageManagerService: Package com.android.providers.downloads does not have legacy storage
05-23 15:35:39.174 711 711 V StorageManagerService: Package com.android.providers.tv does not have legacy storage
05-23 15:35:39.174 711 711 V StorageManagerService: Package com.droidlogic.mediacenter does not have legacy storage
05-23 15:35:39.174 711 711 V StorageManagerService: Package com.android.federatedcompute.services does not have legacy storage
05-23 15:35:39.175 711 711 V StorageManagerService: Package com.droidlogic does not have legacy storage
05-23 15:35:39.175 711 711 V StorageManagerService: Package com.droidlogic.tv.settings does not have legacy storage
05-23 15:35:39.175 711 711 V StorageManagerService: Package com.oranth.ledstatus does not have legacy storage
05-23 15:35:39.175 711 711 V StorageManagerService: Package com.android.tv.overlay.lps.disabled does not have legacy storage
05-23 15:35:39.175 711 711 V StorageManagerService: Package com.ktcp.video has legacy storage
05-23 15:35:39.175 711 711 V StorageManagerService: Package com.dangbei.lerad.videoposter has legacy storage
05-23 15:35:39.175 711 711 V StorageManagerService: Package com.android.tv.overlay.settingsprovider does not have legacy storage
05-23 15:35:39.175 711 711 V StorageManagerService: Package com.android.safetycenter.resources does not have legacy storage
05-23 15:35:39.175 711 711 V StorageManagerService: Package com.android.pacprocessor does not have legacy storage
05-23 15:35:39.175 711 711 V StorageManagerService: Package com.android.networkstack does not have legacy storage
05-23 15:35:39.175 711 711 V StorageManagerService: Package com.android.connectivity.resources does not have legacy storage
05-23 15:35:39.175 711 711 V StorageManagerService: Package com.android.modulemetadata does not have legacy storage
05-23 15:35:39.175 711 711 V StorageManagerService: Package com.android.certinstaller does not have legacy storage
05-23 15:35:39.175 711 711 V StorageManagerService: Package com.android.wifi.dialog does not have legacy storage
05-23 15:35:39.175 711 711 V StorageManagerService: Package android does not have legacy storage
05-23 15:35:39.175 711 711 V StorageManagerService: Package com.android.camera2 does not have legacy storage
05-23 15:35:39.175 711 711 V StorageManagerService: Package com.android.mtp does not have legacy storage
05-23 15:35:39.175 711 711 V StorageManagerService: Package com.android.backupconfirm does not have legacy storage
05-23 15:35:39.175 711 711 V StorageManagerService: Package com.android.systemui.auto_generated_rro_vendor__ does not have legacy storage
05-23 15:35:39.175 711 711 V StorageManagerService: Package com.android.tv.overlay.networkstack does not have legacy storage
05-23 15:35:39.175 711 711 V StorageManagerService: Package com.android.statementservice does not have legacy storage
05-23 15:35:39.176 711 711 V StorageManagerService: Package com.dangbei.screencast has legacy storage
05-23 15:35:39.176 711 711 V StorageManagerService: Package com.android.settings.intelligence does not have legacy storage
05-23 15:35:39.176 711 711 V StorageManagerService: Package com.bestv.ott.baseservices.gw has legacy storage
05-23 15:35:39.176 711 711 V StorageManagerService: Package com.dangbei.leard.leradlauncher does not have legacy storage
05-23 15:35:39.176 711 711 V StorageManagerService: Package com.android.providers.settings does not have legacy storage
05-23 15:35:39.176 711 711 V StorageManagerService: Package com.android.sharedstoragebackup does not have legacy storage
05-23 15:35:39.176 711 711 V StorageManagerService: Package com.android.printspooler does not have legacy storage
05-23 15:35:39.176 711 711 V StorageManagerService: Package com.android.dreams.basic does not have legacy storage
05-23 15:35:39.176 711 711 V StorageManagerService: Package com.android.webview does not have legacy storage
05-23 15:35:39.176 711 711 V StorageManagerService: Package com.android.se does not have legacy storage
05-23 15:35:39.176 711 711 V StorageManagerService: Package com.android.inputdevices does not have legacy storage
05-23 15:35:39.176 711 711 V StorageManagerService: Package com.android.rkpdapp does not have legacy storage
05-23 15:35:39.176 711 711 V StorageManagerService: Package com.android.tv.overlay.wifi.resources does not have legacy storage
05-23 15:35:39.176 711 711 V StorageManagerService: Package com.oranth.inputmacsn does not have legacy storage
05-23 15:35:39.176 711 711 V StorageManagerService: Package com.android.musicfx does not have legacy storage
05-23 15:35:39.176 711 711 V StorageManagerService: Package com.dangbei.hqguide does not have legacy storage
05-23 15:35:39.176 711 711 V StorageManagerService: Package com.dangbei.hqmedia does not have legacy storage
05-23 15:35:39.176 711 711 V StorageManagerService: Package com.droidlogic.systemui.overlay does not have legacy storage
05-23 15:35:39.177 711 711 V StorageManagerService: Package android.ext.shared does not have legacy storage
05-23 15:35:39.177 711 711 V StorageManagerService: Package com.android.keychain does not have legacy storage
05-23 15:35:39.177 711 711 V StorageManagerService: Package com.dlg.framework.overlay does not have legacy storage
05-23 15:35:39.177 711 711 V StorageManagerService: Package android.ext.services does not have legacy storage
05-23 15:35:39.177 711 711 V StorageManagerService: Package com.android.wifi.resources does not have legacy storage
05-23 15:35:39.177 711 711 V StorageManagerService: Package com.android.cameraextensions does not have legacy storage
05-23 15:35:39.177 711 711 V StorageManagerService: Package com.android.localtransport does not have legacy storage
05-23 15:35:39.177 711 711 V StorageManagerService: Package com.android.networkstack.tethering.droidlogic does not have legacy storage
05-23 15:35:39.177 711 711 V StorageManagerService: Package com.droidlogic.mictoggle does not have legacy storage
05-23 15:35:39.178 711 711 V StorageManagerService: Package com.android.packageinstaller does not have legacy storage
05-23 15:35:39.178 711 711 V StorageManagerService: Package com.cskj.factorytest does not have legacy storage
05-23 15:35:39.178 711 711 V StorageManagerService: Package com.android.proxyhandler does not have legacy storage
05-23 15:35:39.178 711 711 V StorageManagerService: Package com.android.intentresolver does not have legacy storage
05-23 15:35:39.178 711 711 V StorageManagerService: Package com.android.nearby.halfsheet does not have legacy storage
05-23 15:35:39.178 711 711 V StorageManagerService: Package com.android.managedprovisioning does not have legacy storage
05-23 15:35:39.178 711 711 V StorageManagerService: Package com.oranth.usbopenft does not have legacy storage
05-23 15:35:39.179 711 711 V StorageManagerService: Package com.android.networkstack.tethering does not have legacy storage
05-23 15:35:39.179 711 711 V StorageManagerService: Package com.android.soundpicker does not have legacy storage
05-23 15:35:39.179 711 711 V StorageManagerService: Package com.dangbei.lerad.etna.haqu does not have legacy storage
05-23 15:35:39.179 711 711 V StorageManagerService: Package com.droidlogic.miracast does not have legacy storage
05-23 15:35:39.179 711 711 V StorageManagerService: Package com.amlogic.tv.overlay.matchcontent does not have legacy storage
05-23 15:35:39.179 711 711 V StorageManagerService: Package com.droidlogic.wifitetheringoverlay does not have legacy storage
05-23 15:35:39.179 711 711 V StorageManagerService: Package com.tv.filemanager.os has legacy storage
05-23 15:35:39.179 711 711 V StorageManagerService: Package com.oranth.powerwindow does not have legacy storage
05-23 15:35:39.179 711 711 V StorageManagerService: Package com.android.cts.ctsshim does not have legacy storage
05-23 15:35:39.179 711 711 V StorageManagerService: Package com.dangbei.lerad.screensaver does not have legacy storage
05-23 15:35:39.179 711 711 V StorageManagerService: Package com.droidlogic.wifion does not have legacy storage
05-23 15:35:39.179 711 711 V StorageManagerService: Package com.android.vpndialogs does not have legacy storage
05-23 15:35:39.179 711 711 V StorageManagerService: Package com.android.music does not have legacy storage
05-23 15:35:39.179 711 711 V StorageManagerService: Package com.android.shell does not have legacy storage
05-23 15:35:39.179 711 711 V StorageManagerService: Package com.android.sdksandbox does not have legacy storage
05-23 15:35:39.179 711 711 V StorageManagerService: Package com.android.wallpaperbackup does not have legacy storage
05-23 15:35:39.180 711 711 V StorageManagerService: Package com.android.providers.userdictionary does not have legacy storage
05-23 15:35:39.180 711 711 V StorageManagerService: Package com.android.providers.media.module does not have legacy storage
05-23 15:35:39.180 711 711 V StorageManagerService: Package com.oranth.storage does not have legacy storage
05-23 15:35:39.180 711 711 V StorageManagerService: Package com.android.hotspot2.osulogin does not have legacy storage
05-23 15:35:39.180 711 711 V StorageManagerService: Package com.android.location.fused does not have legacy storage
05-23 15:35:39.180 711 711 V StorageManagerService: Package com.android.deskclock does not have legacy storage
05-23 15:35:39.180 711 711 V StorageManagerService: Package com.android.systemui does not have legacy storage
05-23 15:35:39.180 711 711 V StorageManagerService: Package com.dangbei.haqusetting does not have legacy storage
05-23 15:35:39.180 711 711 V StorageManagerService: Package com.android.tv.overlay.framework does not have legacy storage
05-23 15:35:39.180 711 711 V StorageManagerService: Package com.android.permissioncontroller does not have legacy storage
05-23 15:35:39.180 711 711 V StorageManagerService: Package com.droidlogic.appinstall does not have legacy storage
05-23 15:35:39.180 711 711 V StorageManagerService: Package com.android.ondevicepersonalization.services does not have legacy storage
05-23 15:35:39.180 711 711 V StorageManagerService: Package com.android.bluetooth does not have legacy storage
