05-23 15:38:25.682 0 0 W : [3 T1090 ..] [SP FRAME RX] arp rsp,vif_idx:0 sender:[c2:cc:66:a5:97:10 192.168.3.153]receiver:[1c:79:2d:20:62:97 192.168.3.167]
05-23 15:38:26.623 0 0 W : [3 T1090 ..] [SP FRAME RX] arp req,vif_idx:0 sender:[02:91:37:fc:9e:f6 192.168.3.105]receiver:[00:00:00:00:00:00 192.168.3.167]
05-23 15:38:26.624 0 0 W : [3 T1090 ..] [SP FRAME TX] arp rsp,vif_idx:0 sender:[1c:79:2d:20:62:97 192.168.3.167]receiver:[02:91:37:fc:9e:f6 192.168.3.105]
05-23 15:38:26.694 0 0 W : [3 T0 .s] [SP FRAME TX] arp req,vif_idx:0 sender:[1c:79:2d:20:62:97 192.168.3.167]receiver:[00:00:00:00:00:00 192.168.3.105]
05-23 15:38:26.806 0 0 W : [3 T1090 ..] [SP FRAME RX] arp rsp,vif_idx:0 sender:[02:91:37:fc:9e:f6 192.168.3.105]receiver:[1c:79:2d:20:62:97 192.168.3.167]
05-23 15:38:27.183 0 0 I [0 T1004 ..] [hdmitx: ] UTC+0 2025-05-23 07:38:50 HPD LOW
05-23 15:38:27.183 0 0 I [0 T339 ..] [hdmitx: ] system: plugout
05-23 15:38:27.184 0 0 I [0 T339 ..] resman: notify error info = {"subModule":11,"level":2,"logType":1,"errorType":6,"msg":"HDMITX_HPD_PLUGOUT"}
05-23 15:38:27.185 0 0 I [0 T339 ..] [hdmitx: ] plug out sequence id: 0
05-23 15:38:27.186 0 0 W : [0 T339 ..] [RX]-up_phy_addr = 0
05-23 15:38:27.186 0 0 I [0 T339 d.] [hdmitx: ] hdmitx_set_drm_pkt: disable drm pkt
05-23 15:38:27.187 0 0 I [0 T339 d.] [hdmitx: ] TV not support DV, clr dv_vsif
05-23 15:38:27.188 0 0 I [0 T339 d.] [hdmitx: ] DV H14b VSIF, switching signal to SDR
05-23 15:38:27.189 0 0 I [0 T339 ..] [hdmitx: ] hdmitx_set_hdr10plus_pkt: null vsif
05-23 15:38:27.190 0 0 I [0 T339 ..] [hdmitx: ] hdmitx21_video_mute_op: VID_UNMUTE path=0x4000000
05-23 15:38:27.190 0 0 I [0 T339 ..] [hdmitx: ] hdmitx21_audio_mute_op: AUD_UNMUTE path=0x2000000
05-23 15:38:27.192 0 0 I : [0 T339 ..] [drm] drm hdmitx hpd notify
05-23 15:38:27.631 0 0 I [0 T1004 ..] [hdmitx: ] UTC+0 2025-05-23 07:38:51 HPD HIGH
05-23 15:38:28.109 0 0 W : [3 T1090 ..] [SP FRAME RX] arp req,vif_idx:0 sender:[3a:fd:3d:ee:5f:54 192.168.3.118]receiver:[00:00:00:00:00:00 192.168.3.167]
05-23 15:38:28.110 0 0 W : [3 T1090 ..] [SP FRAME TX] arp rsp,vif_idx:0 sender:[1c:79:2d:20:62:97 192.168.3.167]receiver:[3a:fd:3d:ee:5f:54 192.168.3.118]
05-23 15:38:28.138 0 0 I [0 T339 ..] [hdmitx: ] system: plugin
05-23 15:38:28.138 0 0 I [0 T339 ..] [hdmitx: ] plugin sequence id: 4294939625
05-23 15:38:28.175 0 0 I [1 T339 ..] cec: [hdmitx_notify_callback] unsupported notify:3
05-23 15:38:28.175 0 0 W : [1 T339 ..] [RX]-up_phy_addr = 3
05-23 15:38:28.176 0 0 I [1 T339 ..] [hdmitx: ] edid: blk0 raw data
05-23 15:38:28.177 0 0 I [1 T339 ..] [hdmitx: ] 00ffffffffffff0010503000010000000a180103807341780acf74a3574cb02309484c000000010101ff01ffff01010101010101012008e80030f2705a80b058
05-23 15:38:28.177 0 0 I : [1 T339 ..] 8a00c48e2100001e08e8801871382d40582c4500c48e2100001e000000fc0044616e67626569202020202020000000fd003b461f8c3c000a202020202020016a
05-23 15:38:28.180 0 0 I [1 T339 ..] [hdmitx: ] edid: blk1 raw data
05-23 15:38:28.181 0 0 I [1 T339 ..] [hdmitx: ] 020367f25f0584030112131407901f20225d5f6061626465665e630206217576dadb3f4029097f0715075051060083010000e200ff72030c003000f84420c084
05-23 15:38:28.181 0 0 I : [1 T339 ..] 01020304014100006ad85dc401788067123078e305ff01e50f00801900e3060f01e5018b84900100000000000000000000000000000000000000000000000080
05-23 15:38:28.185 0 0 I : [1 T339 ..] [drm] drm hdmitx hpd notify
05-23 15:38:28.234 0 0 W : [3 T0 .s] [SP FRAME TX] arp req,vif_idx:0 sender:[1c:79:2d:20:62:97 192.168.3.167]receiver:[00:00:00:00:00:00 192.168.3.118]
05-23 15:38:28.246 0 0 W : [3 T1090 ..] [SP FRAME RX] arp rsp,vif_idx:0 sender:[3a:fd:3d:ee:5f:54 192.168.3.118]receiver:[1c:79:2d:20:62:97 192.168.3.167]
05-23 15:38:28.652 0 0 W : [3 T1090 ..] [SP FRAME RX] arp req,vif_idx:0 sender:[a6:8b:d2:cd:fe:9a 192.168.3.162]receiver:[00:00:00:00:00:00 192.168.3.167]
05-23 15:38:28.653 0 0 W : [3 T1090 ..] [SP FRAME TX] arp rsp,vif_idx:0 sender:[1c:79:2d:20:62:97 192.168.3.167]receiver:[a6:8b:d2:cd:fe:9a 192.168.3.162]
05-23 15:38:28.742 0 0 W : [3 T0 .s] [SP FRAME TX] arp req,vif_idx:0 sender:[1c:79:2d:20:62:97 192.168.3.167]receiver:[00:00:00:00:00:00 192.168.3.162]
05-23 15:38:28.748 0 0 W : [3 T1090 ..] [SP FRAME RX] arp rsp,vif_idx:0 sender:[a6:8b:d2:cd:fe:9a 192.168.3.162]receiver:[1c:79:2d:20:62:97 192.168.3.167]
05-23 15:38:30.022 0 0 W : [3 T0 .s] [SP FRAME TX] arp req,vif_idx:0 sender:[1c:79:2d:20:62:97 192.168.3.167]receiver:[00:00:00:00:00:00 192.168.3.221]
05-23 15:38:30.033 0 0 W : [3 T1090 ..] [SP FRAME RX] arp rsp,vif_idx:0 sender:[0c:91:60:12:cd:da 192.168.3.221]receiver:[1c:79:2d:20:62:97 192.168.3.167]
05-23 15:38:30.207 0 0 W : [3 T1090 ..] [SP FRAME RX] arp req,vif_idx:0 sender:[0c:91:60:12:cd:da 192.168.3.221]receiver:[00:00:00:00:00:00 192.168.3.167]
05-23 15:38:30.208 0 0 W : [3 T1090 ..] [SP FRAME TX] arp rsp,vif_idx:0 sender:[1c:79:2d:20:62:97 192.168.3.167]receiver:[0c:91:60:12:cd:da 192.168.3.221]
05-23 15:38:30.534 0 0 I [3 T2669 ..] PM: suspend entry (deep)
05-23 15:38:30.550 0 0 I : [3 T2669 ..] Filesystems sync: 0.016 seconds
05-23 15:38:30.550 0 0 I [3 T2669 ..] [pm]: reboot_pm_cb called. pm_event:3.
05-23 15:38:30.551 0 0 I : [3 T2669 ..] Freezing user space processes ... (elapsed 0.004 seconds) done.
05-23 15:38:30.556 0 0 I : [3 T2669 ..] OOM killer disabled.
05-23 15:38:30.557 0 0 I : [3 T2669 ..] Freezing remaining freezable tasks ... (elapsed 0.003 seconds) done.
05-23 15:38:30.561 0 0 I [3 T2669 ..] cec: aml_cec_pm_prepare
05-23 15:38:30.564 0 0 W : [0 T2701 ..] aml_cfg80211_suspend enter 5314
05-23 15:38:30.564 0 0 W : [0 T2701 ..] >>> aml_cfg80211_suspend()
05-23 15:38:30.565 0 0 W : [0 T2701 ..] >>> aml_ps_wow_suspend()
05-23 15:38:30.565 0 0 I [3 T2669 ..] BTI: amlbt_sdio_suspend RG_AON_A52:0x44000006
05-23 15:38:30.565 0 0 W : [0 T2701 ..] set_scan_hang, flag:1, [aml_cancel_scan 4851]
05-23 15:38:30.567 0 0 W : [0 T2701 ..] >>> aml_send_scanu_cancel_req()
05-23 15:38:30.567 0 0 W : [0 T2701 ..] >>> aml_send_msg()
05-23 15:38:30.568 0 0 I [3 T2669 ..] BTI: RG_AON_A52:0x44000006
05-23 15:38:30.568 0 0 I [3 T2669 ..] BTI: amlbt_sdio_suspend
05-23 15:38:30.568 0 0 W : [2 T1089 ..] ipc_sdio_host_msgack_handler 00000000337cea4f
05-23 15:38:30.569 0 0 I [3 T2669 ..] [snd-soc]: it is card_pre_suspend
05-23 15:38:30.569 0 0 W : [2 T1089 ..] [aml_msgackind 2038] msg ack hostid=0xffffff8084ad4580
05-23 15:38:30.571 0 0 I [1 T2753 ..] [snd-codec-t9015]: aml_T9015_audio_set_bias_level
05-23 15:38:30.571 0 0 W : [2 T1089 ..] [cmd_mgr_llind 329] cmd tkn[119] flags:001a result: -4 cmd: 105-MM_SUB_SCANU_CANCEL_REQ - reqcfm(16385-unknown)
05-23 15:38:30.572 0 0 I [1 T2753 ..] [snd-codec-t9015]: aml_T9015_audio_set_bias_level
05-23 15:38:30.573 0 0 W : [2 T1089 ..] [cmd_mgr_msgind 409] cmd tkn[119] flags:0012 result: -4 cmd: 105-MM_SUB_SCANU_CANCEL_REQ - reqcfm(16385-unknown)
05-23 15:38:30.574 0 0 I [3 T2669 ..] [snd-codec-t9015]: aml_T9015_audio_suspend!
05-23 15:38:30.575 0 0 W : [2 T1089 ..] aml_scanu_cancel_cfm 2046: status:1, vif_id=0
05-23 15:38:30.577 0 0 I [3 T2669 ..] [snd-codec-t9015]: aml_T9015_audio_set_bias_level
05-23 15:38:30.579 0 0 W : [2 T1089 ..] [cmd_complete 65] cmd tkn[119] flags:0002 result: -4 cmd: 105-MM_SUB_SCANU_CANCEL_REQ - reqcfm(16385-unknown)
05-23 15:38:30.581 0 0 W : [0 T2701 ..] >>> aml_send_arp_agent_req()
05-23 15:38:30.581 0 0 W : [0 T2701 ..] >>> aml_send_msg()
05-23 15:38:30.582 0 0 W : [2 T1089 ..] ipc_sdio_host_msgack_handler 00000000221ae21f
05-23 15:38:30.583 0 0 W : [2 T1089 ..] [aml_msgackind 2038] msg ack hostid=0xffffff8084ad4700
05-23 15:38:30.584 0 0 W : [2 T1089 ..] [cmd_mgr_llind 329] cmd tkn[120] flags:0008 result: -4 cmd: 105-MM_SUB_ARP_AGENT_REQ - reqcfm( 0-none)
05-23 15:38:30.585 0 0 W : [2 T1089 ..] [cmd_complete 65] cmd tkn[120] flags:0000 result: -4 cmd: 105-MM_SUB_ARP_AGENT_REQ - reqcfm( 0-none)
05-23 15:38:30.587 0 0 W : [0 T2701 ..] >>> aml_send_msg()
05-23 15:38:30.587 0 0 W : [2 T1089 ..] ipc_sdio_host_msgack_handler 00000000221ae21f
05-23 15:38:30.588 0 0 W : [2 T1089 ..] [aml_msgackind 2038] msg ack hostid=0xffffff8084ad4700
05-23 15:38:30.589 0 0 W : [2 T1089 ..] [cmd_mgr_llind 329] cmd tkn[121] flags:0008 result: -4 cmd: 105-MM_SUB_TKO_ACTIVATE_REQ - reqcfm( 0-none)
05-23 15:38:30.591 0 0 W : [2 T1089 ..] [cmd_complete 65] cmd tkn[121] flags:0000 result: -4 cmd: 105-MM_SUB_TKO_ACTIVATE_REQ - reqcfm( 0-none)
05-23 15:38:30.592 0 0 W : [0 T2701 ..] >>> aml_send_dhcp_req()
05-23 15:38:30.593 0 0 W : [0 T2701 ..] >>> aml_send_msg()
05-23 15:38:30.593 0 0 W : [2 T1089 ..] ipc_sdio_host_msgack_handler 00000000221ae21f
05-23 15:38:30.594 0 0 W : [2 T1089 ..] [aml_msgackind 2038] msg ack hostid=0xffffff8084ad4700
05-23 15:38:30.595 0 0 W : [2 T1089 ..] [cmd_mgr_llind 329] cmd tkn[122] flags:0008 result: -4 cmd: 105-MM_SUB_DHCP_REQ - reqcfm( 0-none)
05-23 15:38:30.597 0 0 W : [2 T1089 ..] [cmd_complete 65] cmd tkn[122] flags:0000 result: -4 cmd: 105-MM_SUB_DHCP_REQ - reqcfm( 0-none)
05-23 15:38:30.598 0 0 W : [0 T2701 ..] [aml_send_me_set_ps_mode 2111] set power save mode:1
05-23 15:38:30.598 0 0 W : [0 T2701 ..] >>> aml_send_msg()
05-23 15:38:30.600 0 0 W : [2 T1089 ..] ipc_sdio_host_msgack_handler 00000000221ae21f
05-23 15:38:30.600 0 0 W : [2 T1089 ..] [aml_msgackind 2038] msg ack hostid=0xffffff8084ad4700
05-23 15:38:30.601 0 0 W : [2 T1089 ..] [cmd_mgr_llind 329] cmd tkn[123] flags:001a result: -4 cmd:5139-ME_SET_PS_MODE_REQ - reqcfm(5140-ME_SET_PS_MODE_CFM)
05-23 15:38:30.603 0 0 W : [2 T1089 ..] [cmd_mgr_msgind 409] cmd tkn[123] flags:0012 result: -4 cmd:5139-ME_SET_PS_MODE_REQ - reqcfm(5140-ME_SET_PS_MODE_CFM)
05-23 15:38:30.605 0 0 W : [2 T1089 ..] [cmd_complete 65] cmd tkn[123] flags:0002 result: -4 cmd:5139-ME_SET_PS_MODE_REQ - reqcfm(5140-ME_SET_PS_MODE_CFM)
05-23 15:38:30.607 0 0 W : [0 T2701 ..] >>> aml_send_suspend_req()
05-23 15:38:30.607 0 0 W : [0 T2701 ..] >>> aml_send_msg()
05-23 15:38:30.608 0 0 W : [2 T1089 ..] ipc_sdio_host_msgack_handler 00000000221ae21f
05-23 15:38:30.609 0 0 W : [2 T1089 ..] [aml_msgackind 2038] msg ack hostid=0xffffff8084ad4700
05-23 15:38:30.610 0 0 W : [2 T1089 ..] [cmd_mgr_llind 329] cmd tkn[124] flags:0008 result: -4 cmd: 105-MM_SUB_SET_SUSPEND_REQ - reqcfm(1023-none)
05-23 15:38:30.611 0 0 W : [2 T1089 ..] [cmd_complete 65] cmd tkn[124] flags:0000 result: -4 cmd: 105-MM_SUB_SET_SUSPEND_REQ - reqcfm(1023-none)
05-23 15:38:30.613 0 0 W : [2 T1089 ..] aml_suspend_ind 2103
05-23 15:38:30.634 0 0 W : [0 T2701 ..] [aml_ps_wow_suspend 5274] after suspend cmd:0
05-23 15:38:30.634 0 0 W : [0 T2701 ..] aml_cfg80211_suspend ok exit 5337
05-23 15:38:30.794 0 0 I : [3 T2669 ..] meson_uart fe078000.serial: pull up rts
05-23 15:38:30.795 0 0 I : [3 T2669 ..] amlvideo2.1 suspend ok
05-23 15:38:30.795 0 0 I : [3 T2669 ..] amlvideo2.0 suspend ok
05-23 15:38:30.796 0 0 I : [3 T2669 ..] [drm] am_meson_crtc_atomic_disable-[0]:in
05-23 15:38:30.796 0 0 I : [3 T2669 ..] dummy_encl_disable finished
05-23 15:38:30.797 0 0 I : [3 T2669 ..] [drm] am_meson_drm_pm_suspend: done
05-23 15:38:30.798 0 0 I [3 T2669 ..] [hdmitx: ] hdmitx_s7d_clock_gate 0
05-23 15:38:30.798 0 0 I [3 T2669 ..] [hdmitx: ] amhdmitx: suspend
05-23 15:38:30.799 0 0 I : [3 T2669 ..] vdin_self_stop_dec(1) decoder in state stopped flags=0x0
05-23 15:38:30.800 0 0 I : [3 T2669 ..] vdin_drv_suspend vdin-id:1 ok.
05-23 15:38:30.800 0 0 I [3 T2669 ..] amvdac_drv_suspend: private_flag:0x0
05-23 15:38:30.801 0 0 I [3 T2669 ..] amvecm: suspend module
05-23 15:38:30.802 0 0 E [3 T2669 ..] vpu: vpu: error: vapb_clk_switch: vapb_clk
05-23 15:38:30.803 0 0 I [3 T2669 ..] vpu: set vpu clk: 25000000Hz(0), readback: 25000000Hz(0x50f)
05-23 15:38:30.803 0 0 I [3 T2669 ..] vpu: vpu: suspend clk: 25000000Hz(0x50f)
05-23 15:38:30.804 0 0 I [3 T2669 ..] [snd-soc]: vad_platform_suspend
05-23 15:38:30.805 0 0 I [3 T2669 ..] [snd-soc]: aml_tdm_platform_suspend tdm:(2)
05-23 15:38:30.806 0 0 I [3 T2669 ..] [snd-soc]: aml_tdm_platform_suspend tdm:(1)
05-23 15:38:30.806 0 0 I [3 T2669 ..] [snd-soc]: aml_tdm_platform_suspend tdm:(0)
05-23 15:38:30.807 0 0 I : [3 T2669 ..] wzh exphy wol
05-23 15:38:30.809 0 0 I : [3 T2669 ..] mali fd000000.valhall: Scheduler PM suspend
05-23 15:38:30.810 0 0 I : [3 T2669 ..] mali fd000000.valhall: pm_callback_suspend in
05-23 15:38:30.810 0 0 I : [3 T2669 ..] mali fd000000.valhall: pm_callback_suspend out
05-23 15:38:30.811 0 0 I : [3 T2669 ..] meson-vrtc fe010288.rtc: alarm_time = 282s, local_time=191s
05-23 15:38:30.813 0 0 I : [3 T2669 ..] di_clear_for_suspend
05-23 15:38:30.813 0 0 I : [3 T2669 ..] di_clear_for_suspend end
05-23 15:38:30.814 0 0 I [3 T2669 ..] dim: di_suspend finish
05-23 15:38:30.816 0 0 I : [3 T2669 ..] Disabling non-boot CPUs ...
05-23 15:38:30.818 0 0 I [3 T2669 ..] psci: CPU1 killed (polled 4 ms)
05-23 15:38:30.821 0 0 I [3 T2669 ..] psci: CPU2 killed (polled 0 ms)
05-23 15:38:30.823 0 0 I [0 T2669 ..] psci: CPU3 killed (polled 0 ms)
05-23 15:38:30.824 0 0 I : [0 T2669 ..] Enabling non-boot CPUs ...
05-23 15:38:30.825 0 0 I : [0 T0 ..] Detected VIPT I-cache on CPU1
05-23 15:38:30.825 0 0 I [0 T0 ..] CPU1: Booted secondary processor 0x0000000100 [0x412fd050]
05-23 15:38:30.826 0 0 I : [0 T2669 ..] CPU1 is up
05-23 15:38:30.826 0 0 I : [0 T0 ..] Detected VIPT I-cache on CPU2
05-23 15:38:30.826 0 0 I [0 T0 ..] CPU2: Booted secondary processor 0x0000000200 [0x412fd050]
05-23 15:38:30.827 0 0 I : [0 T2669 ..] CPU2 is up
05-23 15:38:30.828 0 0 I : [0 T0 ..] Detected VIPT I-cache on CPU3
05-23 15:38:30.828 0 0 I [0 T0 ..] CPU3: Booted secondary processor 0x0000000300 [0x412fd050]
05-23 15:38:30.829 0 0 I : [0 T2669 ..] CPU3 is up
05-23 15:38:30.829 0 0 I [0 T2669 ..] cec: cec resume noirq!
05-23 15:38:30.829 0 0 I [0 T2669 ..] cec: wakeup_reason:0x8
05-23 15:38:30.831 0 0 I [0 T2669 ..] dim: di_resume
05-23 15:38:30.831 0 0 I [0 T2669 ..] dim: vpu clkb =25000000.
05-23 15:38:30.832 0 0 I [0 T2669 ..] dim: di_resume finish
05-23 15:38:30.833 0 0 I : [0 T2669 ..] meson-vrtc fe010288.rtc: meson_vrtc_adjust_alarm: remaining alarm time = 274 s
05-23 15:38:30.833 0 0 I : [0 T2669 ..] mali fd000000.valhall: pm_callback_resume in
05-23 15:38:30.834 0 0 I : [0 T2669 ..] mali fd000000.valhall: pm_callback_resume out
05-23 15:38:30.835 0 0 I : [0 T2669 ..] mali fd000000.valhall: Scheduler PM resume
05-23 15:38:30.836 0 0 I : [1 T2669 ..] amlogic-crg-drd-usb2 fe358000.usbphy20: phy trim value= 0x000000ff
05-23 15:38:30.837 0 0 I : [1 T2669 ..] amlogic-crg-drd-usb2 fe358000.usbphy20: usb2 pll init done, val: 0x8f549540
05-23 15:38:30.838 0 0 E [1 T2669 ..] [usb]: amlogic_crg_drd_usb2_set_usb_vbus_power 1.
05-23 15:38:30.839 0 0 I : [1 T2669 ..] amlogic-crg-drd-usb2 fe348000.usbphy21: phy trim value= 0x000000ff
05-23 15:38:30.840 0 0 I : [1 T2669 ..] amlogic-crg-drd-usb2 fe348000.usbphy21: usb2 pll init done, val: 0x8f549540
05-23 15:38:30.841 0 0 I : [1 T2669 ..] exeth hold wakelock 5s
05-23 15:38:30.842 0 0 E : [1 T2669 ..] snd_tdm fe330000.audiobus:tdm@0: aml_set_tdm_mclk_2(), clk 0 err
05-23 15:38:30.843 0 0 I [1 T2669 ..] [snd-soc]: aml_tdm_platform_resume tdm:(0)
05-23 15:38:30.843 0 0 E : [1 T2669 ..] snd_tdm fe330000.audiobus:tdm@1: aml_set_tdm_mclk_2(), clk 0 err
05-23 15:38:30.844 0 0 I [1 T2669 ..] [snd-soc]: aml_tdm_platform_resume tdm:(1)
05-23 15:38:30.845 0 0 I [1 T2669 ..] [snd-soc]: aml_tdm_platform_resume tdm:(2)
05-23 15:38:30.846 0 0 I [1 T2669 ..] [snd-soc]: new_resample_init: Start init new resample 0 parameters!
05-23 15:38:30.847 0 0 E : [1 T2669 ..] Codec io: No support bus type 2 to write.
05-23 15:38:30.848 0 0 I [1 T2669 ..] [snd-soc]: resample_clk_set:set hifi pll
05-23 15:38:30.848 0 0 I [1 T2669 ..] [snd-soc]: resample_clk_set, resample_pll:491520000, sclk:12288000, clk:12288000
05-23 15:38:30.850 0 0 I [1 T2669 ..] [snd-soc]: new_resample_set_ratio(), id = 0, phase_step = 0x10000000, input_sr = 48000, output_sr = 48000
05-23 15:38:30.850 0 0 I [1 T2669 ..] [snd-soc]: resample_clk_set:set hifi pll
05-23 15:38:30.852 0 0 I [1 T2669 ..] [snd-soc]: resample_clk_set, resample_pll:491520000, sclk:12288000, clk:12288000
05-23 15:38:30.853 0 0 I [1 T2669 ..] [snd-soc]: vad_platform_resume
05-23 15:38:30.854 0 0 I : [1 T2669 ..] AMFC VLSI version:100, feature:1, clk:666666656
05-23 15:38:30.855 0 0 E [1 T2669 ..] vpu: vpu: error: vapb_clk_switch: vapb_clk
05-23 15:38:30.856 0 0 I [1 T2669 ..] vpu: set vpu clk: 666666667Hz(8), readback: 666666656Hz(0x100)
05-23 15:38:30.856 0 0 I [1 T2669 ..] vpu: vpu: resume clk: 666666656Hz(0x100)
05-23 15:38:30.857 0 0 I [1 T2669 ..] amvecm: resume module
05-23 15:38:30.858 0 0 I [1 T2669 ..] amvdac_drv_resume: private_flag:0x0
05-23 15:38:30.874 0 0 I : [1 T2669 ..] vdin_drv_resume id:1 ok.
05-23 15:38:30.874 0 0 I [1 T2669 ..] [mmc]: sdio vendor is 0x1b8e
05-23 15:38:30.874 0 0 I [1 T2669 ..] [wireless]: vendor_id = 0x1b8e
05-23 15:38:30.875 0 0 I [1 T2669 ..] [hdmitx: ] amhdmitx: resume
05-23 15:38:30.875 0 0 I [1 T2669 ..] [hdmitx: ] hdmitx_s7d_clock_gate 1
05-23 15:38:30.876 0 0 I [1 T2669 ..] [hdmitx: ] hdmi_hwp_init497
05-23 15:38:30.877 0 0 I [1 T2669 ..] [hdmitx: ] plugin sequence id: 4294940309
05-23 15:38:30.915 0 0 I [1 T2669 ..] cec: [hdmitx_notify_callback] unsupported notify:3
05-23 15:38:30.915 0 0 W : [1 T2669 ..] [RX]-up_phy_addr = 3
05-23 15:38:30.916 0 0 I [1 T2669 ..] [hdmitx: ] edid: blk0 raw data
05-23 15:38:30.917 0 0 I [1 T2669 ..] [hdmitx: ] 00ffffffffffff0010503000010000000a180103807341780acf74a3574cb02309484c000000010101ff01ffff01010101010101012008e80030f2705a80b058
05-23 15:38:30.917 0 0 I : [1 T2669 ..] 8a00c48e2100001e08e8801871382d40582c4500c48e2100001e000000fc0044616e67626569202020202020000000fd003b461f8c3c000a202020202020016a
05-23 15:38:30.920 0 0 I [1 T2669 ..] [hdmitx: ] edid: blk1 raw data
05-23 15:38:30.921 0 0 I [1 T2669 ..] [hdmitx: ] 020367f25f0584030112131407901f20225d5f6061626465665e630206217576dadb3f4029097f0715075051060083010000e200ff72030c003000f84420c084
05-23 15:38:30.921 0 0 I : [1 T2669 ..] 01020304014100006ad85dc401788067123078e305ff01e50f00801900e3060f01e5018b84900100000000000000000000000000000000000000000000000080
05-23 15:38:30.924 0 0 I : [1 T2669 ..] [drm] drm hdmitx hpd notify
05-23 15:38:30.925 0 0 I : [1 T2669 ..] [drm] am_meson_crtc_atomic_enable-[0] in: new[dummy_l], old[], vmode[7-4], uboot[0]
05-23 15:38:30.926 0 0 I : [1 T2669 ..] [drm] am_meson_crtc_atomic_enable-[0]: enable mode dummy_l final vmode 7
05-23 15:38:30.927 0 0 I : [1 T2669 ..] dummy_encl_set_current_vmode finished
05-23 15:38:30.928 0 0 I : [1 T2669 ..] [drm] meson_vout_update_mode_name: dummy update vout 1 name dummy_l.
05-23 15:38:30.929 0 0 I : [1 T2669 ..] [drm] meson_dummyl_encoder_atomic_enable: vmode:7 skip atomic enable!
05-23 15:38:30.944 0 0 I : [1 T2669 ..] [drm] am_meson_drm_pm_resume: done
05-23 15:38:30.944 0 0 I : [1 T2669 ..] amlvideo2.0 resume ok
05-23 15:38:30.945 0 0 I : [1 T2669 ..] amlvideo2.1 resume ok
05-23 15:38:30.946 0 0 I : [2 T2704 d.] usb usb1: root hub lost power or was reset
05-23 15:38:30.946 0 0 I [1 T114 ..] [snd-codec-t9015]: no call standard reset interface
05-23 15:38:30.946 0 0 I : [2 T2704 d.] usb usb2: root hub lost power or was reset
05-23 15:38:30.946 0 0 I : [0 T79 d.] usb usb3: root hub lost power or was reset
05-23 15:38:30.946 0 0 I : [0 T79 d.] usb usb4: root hub lost power or was reset
05-23 15:38:30.947 0 0 I [0 T2669 ..] BTI: amlbt_sdio_resume
05-23 15:38:30.947 0 0 W : [3 T2712 ..] >>> aml_cfg80211_resume()
05-23 15:38:30.947 0 0 W : [3 T2712 ..] >>> aml_ps_wow_resume()
05-23 15:38:30.970 0 0 W : [3 T2712 ..] >>> aml_send_suspend_req()
05-23 15:38:30.970 0 0 W : [3 T2712 ..] >>> aml_send_msg()
05-23 15:38:30.971 0 0 W : [2 T1089 ..] ipc_sdio_host_msgack_handler 000000004c83832e
05-23 15:38:30.971 0 0 W : [2 T1089 ..] [aml_msgackind 2038] msg ack hostid=0xffffff804a0d9480
05-23 15:38:30.972 0 0 W : [2 T1089 ..] [cmd_mgr_llind 329] cmd tkn[125] flags:0008 result: -4 cmd: 105-MM_SUB_SET_SUSPEND_REQ - reqcfm(1023-none)
05-23 15:38:30.974 0 0 W : [2 T1089 ..] [cmd_complete 65] cmd tkn[125] flags:0000 result: -4 cmd: 105-MM_SUB_SET_SUSPEND_REQ - reqcfm(1023-none)
05-23 15:38:30.976 0 0 W : [3 T2712 ..] [aml_send_me_set_ps_mode 2111] set power save mode:0
05-23 15:38:30.976 0 0 W : [3 T2712 ..] >>> aml_send_msg()
05-23 15:38:30.992 0 0 W : [2 T1089 ..] ipc_sdio_host_msgack_handler 000000004c83832e
05-23 15:38:30.992 0 0 W : [2 T1089 ..] [aml_msgackind 2038] msg ack hostid=0xffffff804a0d9480
05-23 15:38:30.993 0 0 W : [2 T1089 ..] [cmd_mgr_llind 329] cmd tkn[126] flags:001a result: -4 cmd:5139-ME_SET_PS_MODE_REQ - reqcfm(5140-ME_SET_PS_MODE_CFM)
05-23 15:38:30.995 0 0 W : [2 T1089 ..] [cmd_mgr_msgind 409] cmd tkn[126] flags:0012 result: -4 cmd:5139-ME_SET_PS_MODE_REQ - reqcfm(5140-ME_SET_PS_MODE_CFM)
05-23 15:38:30.997 0 0 W : [2 T1089 ..] [cmd_complete 65] cmd tkn[126] flags:0002 result: -4 cmd:5139-ME_SET_PS_MODE_REQ - reqcfm(5140-ME_SET_PS_MODE_CFM)
05-23 15:38:30.999 0 0 W : [3 T2712 ..] >>> aml_send_arp_agent_req()
05-23 15:38:30.999 0 0 W : [3 T2712 ..] >>> aml_send_msg()
05-23 15:38:31.000 0 0 W : [2 T1089 ..] ipc_sdio_host_msgack_handler 000000004907a583
05-23 15:38:31.001 0 0 W : [2 T1089 ..] [aml_msgackind 2038] msg ack hostid=0xffffff805a743800
05-23 15:38:31.002 0 0 W : [2 T1089 ..] [cmd_mgr_llind 329] cmd tkn[127] flags:0008 result: -4 cmd: 105-MM_SUB_ARP_AGENT_REQ - reqcfm( 0-none)
05-23 15:38:31.003 0 0 W : [2 T1089 ..] [cmd_complete 65] cmd tkn[127] flags:0000 result: -4 cmd: 105-MM_SUB_ARP_AGENT_REQ - reqcfm( 0-none)
05-23 15:38:31.005 0 0 W : [3 T2712 ..] >>> aml_send_msg()
05-23 15:38:31.005 0 0 W : [2 T1089 ..] ipc_sdio_host_msgack_handler 000000004907a583
05-23 15:38:31.006 0 0 W : [0 T1090 ..] [SP FRAME RX] arp req,vif_idx:0 sender:[42:87:91:b7:6d:20 192.168.3.226]receiver:[00:00:00:00:00:00 192.168.3.167]
05-23 15:38:31.006 0 0 W : [2 T1089 ..] [aml_msgackind 2038] msg ack hostid=0xffffff805a743800
05-23 15:38:31.008 0 0 W : [0 T1090 ..] [SP FRAME RX] arp req,vif_idx:0 sender:[32:08:ae:4d:23:4b 192.168.3.154]receiver:[00:00:00:00:00:00 192.168.3.167]
05-23 15:38:31.009 0 0 W : [2 T1089 ..] [cmd_mgr_llind 329] cmd tkn[128] flags:0008 result: -4 cmd: 105-MM_SUB_TKO_ACTIVATE_REQ - reqcfm( 0-none)
05-23 15:38:31.010 0 0 W : [0 T1090 ..] [SP FRAME RX] arp req,vif_idx:0 sender:[4c:6b:b8:99:cd:e4 192.168.3.205]receiver:[00:00:00:00:00:00 192.168.3.167]
05-23 15:38:31.012 0 0 W : [2 T1089 ..] [cmd_complete 65] cmd tkn[128] flags:0000 result: -4 cmd: 105-MM_SUB_TKO_ACTIVATE_REQ - reqcfm( 0-none)
05-23 15:38:31.012 0 0 W : [3 T2712 ..] >>> aml_send_dhcp_req()
05-23 15:38:31.012 0 0 W : [3 T2712 ..] >>> aml_send_msg()
05-23 15:38:31.016 0 0 W : [0 T1090 ..] [SP FRAME RX] arp req,vif_idx:0 sender:[42:87:91:b7:6d:20 192.168.3.226]receiver:[00:00:00:00:00:00 192.168.3.167]
05-23 15:38:31.018 0 0 W : [0 T1090 ..] [SP FRAME RX] arp req,vif_idx:0 sender:[26:3b:39:2a:ea:db 192.168.3.69]receiver:[00:00:00:00:00:00 192.168.3.167]
05-23 15:38:31.019 0 0 W : [0 T1090 ..] [SP FRAME RX] arp req,vif_idx:0 sender:[32:08:ae:4d:23:4b 192.168.3.154]receiver:[00:00:00:00:00:00 192.168.3.167]
05-23 15:38:31.021 0 0 W : [2 T1089 ..] ipc_sdio_host_msgack_handler 000000004907a583
05-23 15:38:31.021 0 0 W : [0 T1090 ..] [SP FRAME RX] arp req,vif_idx:0 sender:[4c:6b:b8:99:cd:e4 192.168.3.205]receiver:[00:00:00:00:00:00 192.168.3.167]
05-23 15:38:31.022 0 0 W : [2 T1089 ..] [aml_msgackind 2038] msg ack hostid=0xffffff805a743800
05-23 15:38:31.023 0 0 W : [0 T1090 ..] [SP FRAME RX] arp req,vif_idx:0 sender:[c2:07:3d:a6:ee:3e 192.168.3.116]receiver:[00:00:00:00:00:00 192.168.3.167]
05-23 15:38:31.024 0 0 W : [2 T1089 ..] [cmd_mgr_llind 329] cmd tkn[129] flags:0008 result: -4 cmd: 105-MM_SUB_DHCP_REQ - reqcfm( 0-none)
05-23 15:38:31.026 0 0 W : [0 T1090 ..] [SP FRAME RX] arp req,vif_idx:0 sender:[42:87:91:b7:6d:20 192.168.3.226]receiver:[00:00:00:00:00:00 192.168.3.167]
05-23 15:38:31.027 0 0 W : [2 T1089 ..] [cmd_complete 65] cmd tkn[129] flags:0000 result: -4 cmd: 105-MM_SUB_DHCP_REQ - reqcfm( 0-none)
05-23 15:38:31.029 0 0 W : [0 T1090 ..] [SP FRAME RX] arp req,vif_idx:0 sender:[26:3b:39:2a:ea:db 192.168.3.69]receiver:[00:00:00:00:00:00 192.168.3.167]
05-23 15:38:31.030 0 0 W : [3 T2712 ..] >>> aml_send_msg()
05-23 15:38:31.032 0 0 W : [0 T1090 ..] [SP FRAME RX] arp req,vif_idx:0 sender:[c2:07:3d:a6:ee:3e 192.168.3.116]receiver:[00:00:00:00:00:00 192.168.3.167]
05-23 15:38:31.034 0 0 W : [0 T1090 ..] [SP FRAME RX] arp req,vif_idx:0 sender:[32:08:ae:4d:23:4b 192.168.3.154]receiver:[00:00:00:00:00:00 192.168.3.167]
05-23 15:38:31.036 0 0 W : [0 T1090 ..] [SP FRAME RX] arp req,vif_idx:0 sender:[42:87:91:b7:6d:20 192.168.3.226]receiver:[00:00:00:00:00:00 192.168.3.167]
05-23 15:38:31.037 0 0 W : [0 T1090 ..] [SP FRAME RX] arp req,vif_idx:0 sender:[4c:6b:b8:99:cd:e4 192.168.3.205]receiver:[00:00:00:00:00:00 192.168.3.167]
05-23 15:38:31.039 0 0 W : [0 T1090 ..] [SP FRAME RX] arp req,vif_idx:0 sender:[26:3b:39:2a:ea:db 192.168.3.69]receiver:[00:00:00:00:00:00 192.168.3.167]
05-23 15:38:31.040 0 0 W : [0 T1090 ..] [SP FRAME RX] arp req,vif_idx:0 sender:[c2:07:3d:a6:ee:3e 192.168.3.116]receiver:[00:00:00:00:00:00 192.168.3.167]
05-23 15:38:31.042 0 0 W : [0 T1090 ..] [SP FRAME RX] arp req,vif_idx:0 sender:[42:87:91:b7:6d:20 192.168.3.226]receiver:[00:00:00:00:00:00 192.168.3.167]
05-23 15:38:31.042 0 0 W : [2 T1089 ..] ipc_sdio_host_msgack_handler 000000004907a583
05-23 15:38:31.043 0 0 W : [0 T1090 ..] [SP FRAME RX] arp req,vif_idx:0 sender:[26:3b:39:2a:ea:db 192.168.3.69]receiver:[00:00:00:00:00:00 192.168.3.167]
05-23 15:38:31.044 0 0 W : [2 T1089 ..] [aml_msgackind 2038] msg ack hostid=0xffffff805a743800
05-23 15:38:31.046 0 0 W : [0 T1090 ..] [SP FRAME RX] arp req,vif_idx:0 sender:[32:08:ae:4d:23:4b 192.168.3.154]receiver:[00:00:00:00:00:00 192.168.3.167]
05-23 15:38:31.047 0 0 W : [2 T1089 ..] [cmd_mgr_llind 329] cmd tkn[130] flags:0008 result: -4 cmd: 105-MM_SCAN_HANG - reqcfm( 0-none)
05-23 15:38:31.048 0 0 W : [0 T1090 ..] [SP FRAME RX] arp req,vif_idx:0 sender:[2e:6a:3b:b3:ad:e6 192.168.3.15]receiver:[00:00:00:00:00:00 192.168.3.167]
05-23 15:38:31.050 0 0 W : [2 T1089 ..] [cmd_complete 65] cmd tkn[130] flags:0000 result: -4 cmd: 105-MM_SCAN_HANG - reqcfm( 0-none)
05-23 15:38:31.051 0 0 W : [0 T1090 ..] [SP FRAME RX] arp req,vif_idx:0 sender:[4e:df:ee:48:4b:63 192.168.3.151]receiver:[00:00:00:00:00:00 192.168.3.167]
05-23 15:38:31.053 0 0 W : [3 T2712 ..] set_scan_hang, flag:0, [aml_ps_wow_resume 5095]
05-23 15:38:31.055 0 0 W : [2 T1089 ..] fmac scan_hang state:0
05-23 15:38:31.055 0 0 W : [3 T2712 ..] aml_cfg80211_resume,5397, resume is ok
05-23 15:38:31.107 0 0 I [0 T2669 ..] cec: wakeup_reason:0x8
05-23 15:38:31.107 0 0 I [0 T2669 ..] cec: aml_cec_pm_complete
05-23 15:38:31.107 0 0 I : [0 T2669 ..] OOM killer enabled.
05-23 15:38:31.108 0 0 I : [0 T2669 ..] Restarting tasks ... done.
05-23 15:38:31.117 0 0 I : [0 T2669 d.] Resume cause unknown
05-23 15:38:31.118 0 0 I [0 T2669 ..] [pm]: reboot_pm_cb called. pm_event:4.
05-23 15:38:31.118 0 0 I : [1 T2753 ..] [TEE] E/TC:1 INFO: BL3-2: Secure Timer Initialized.
05-23 15:38:31.118 0 0 I [0 T2669 ..] PM: suspend exit
05-23 15:39:02.174 711 822 I PowerGroup: Waking up power group from Asleep (groupId=0, uid=1000, reason=WAKE_REASON_POWER_BUTTON, details=android.policy:POWER)...
05-23 15:39:02.175 711 822 I PowerManagerService: Waking up from Asleep (uid=1000, reason=WAKE_REASON_POWER_BUTTON, details=android.policy:POWER)...
05-23 15:39:02.179 711 711 D WindowManager: updateCecScreenStatus 0
05-23 15:39:02.180 711 711 D HDMI : setCecSettingIntValue name:cec_screen_state, value:0
05-23 15:39:02.180 711 711 E ActivityManager: Cancel pending or running compactions as system is awake
05-23 15:39:02.180 711 734 D CompatibilityChangeReporter: Compat change id reported: 173031413; UID 1000; state: ENABLED
05-23 15:39:02.180 711 734 D CompatibilityChangeReporter: Compat change id reported: 173031413; UID 1000; state: DISABLED
05-23 15:39:02.181 711 711 D OomAdjuster: Not killing cached processes
05-23 15:39:02.181 711 711 W ProcessStats: Tracking association SourceState{217e179 com.ktcp.video:daemon/10077 Fgs #649} whose proc state 3 is better than process ProcessState{eccf830 com.ktcp.video/10077 pkg=com.ktcp.video} proc state 10 (1 skipped)
05-23 15:39:02.183 711 711 I HDMI : screen state is changing to 0
05-23 15:39:02.183 711 711 D HDMI : onWakeUp action:0, current power status:1
05-23 15:39:02.183 711 734 D WindowManager: powerPress: eventTime=192281 interactive=true count=1 beganFromNonInteractive=true mShortPressOnPowerBehavior=8
05-23 15:39:02.183 711 734 D WindowManager: definedPowerKey=8,ddrWindow=false
05-23 15:39:02.184 711 711 D HDMI : enableSystemCecControl: true
05-23 15:39:02.185 711 761 I DisplayPowerController2[0]: Blocking screen on until initial contents have been drawn.
05-23 15:39:02.186 711 761 D ActivityTaskManager: Top Process State changed to PROCESS_STATE_TOP
05-23 15:39:02.187 711 761 E TransitionController: Set visible without transition ActivityRecord{1e9463d u0 com.dangbei.leard.leradlauncher/com.dangbei.launcher.home.LauncherActivity t220} playing=false caller=com.android.server.wm.TaskFragment.resumeTopActivity:1413
05-23 15:39:02.192 711 761 V WindowManager: app ------------- force_land :0
05-23 15:39:02.193 711 761 I DisplayBrightnessStrategySelector: Changing the DisplayBrightnessStrategy from ScreenOffBrightnessStrategy toInvalidBrightnessStrategy for display 0
05-23 15:38:31.163 0 0 W : [3 T3482 ..] [SP FRAME TX] arp rsp,vif_idx:0 sender:[1c:79:2d:20:62:97 192.168.3.167]receiver:[42:87:91:b7:6d:20 192.168.3.226]
05-23 15:38:31.164 0 0 W : [3 T3482 ..] [SP FRAME TX] arp rsp,vif_idx:0 sender:[1c:79:2d:20:62:97 192.168.3.167]receiver:[32:08:ae:4d:23:4b 192.168.3.154]
05-23 15:38:31.166 0 0 W : [3 T3482 ..] [SP FRAME TX] arp rsp,vif_idx:0 sender:[1c:79:2d:20:62:97 192.168.3.167]receiver:[4c:6b:b8:99:cd:e4 192.168.3.205]
05-23 15:38:31.167 0 0 W : [3 T3482 ..] [SP FRAME TX] arp rsp,vif_idx:0 sender:[1c:79:2d:20:62:97 192.168.3.167]receiver:[42:87:91:b7:6d:20 192.168.3.226]
05-23 15:38:31.169 0 0 W : [3 T3482 ..] [SP FRAME TX] arp rsp,vif_idx:0 sender:[1c:79:2d:20:62:97 192.168.3.167]receiver:[26:3b:39:2a:ea:db 192.168.3.69]
05-23 15:38:31.171 0 0 W : [3 T3482 ..] [SP FRAME TX] arp rsp,vif_idx:0 sender:[1c:79:2d:20:62:97 192.168.3.167]receiver:[32:08:ae:4d:23:4b 192.168.3.154]
05-23 15:38:31.172 0 0 W : [3 T3482 ..] [SP FRAME TX] arp rsp,vif_idx:0 sender:[1c:79:2d:20:62:97 192.168.3.167]receiver:[4c:6b:b8:99:cd:e4 192.168.3.205]
05-23 15:38:31.174 0 0 W : [3 T3482 ..] [SP FRAME TX] arp rsp,vif_idx:0 sender:[1c:79:2d:20:62:97 192.168.3.167]receiver:[c2:07:3d:a6:ee:3e 192.168.3.116]
05-23 15:38:31.175 0 0 W : [3 T3482 ..] [SP FRAME TX] arp rsp,vif_idx:0 sender:[1c:79:2d:20:62:97 192.168.3.167]receiver:[42:87:91:b7:6d:20 192.168.3.226]
05-23 15:38:31.177 0 0 W : [3 T3482 ..] [SP FRAME TX] arp rsp,vif_idx:0 sender:[1c:79:2d:20:62:97 192.168.3.167]receiver:[26:3b:39:2a:ea:db 192.168.3.69]
05-23 15:38:31.178 0 0 W : [3 T3482 ..] [SP FRAME TX] arp rsp,vif_idx:0 sender:[1c:79:2d:20:62:97 192.168.3.167]receiver:[c2:07:3d:a6:ee:3e 192.168.3.116]
05-23 15:38:31.180 0 0 W : [3 T3482 ..] [SP FRAME TX] arp rsp,vif_idx:0 sender:[1c:79:2d:20:62:97 192.168.3.167]receiver:[32:08:ae:4d:23:4b 192.168.3.154]
05-23 15:38:31.181 0 0 W : [3 T3482 ..] [SP FRAME TX] arp rsp,vif_idx:0 sender:[1c:79:2d:20:62:97 192.168.3.167]receiver:[42:87:91:b7:6d:20 192.168.3.226]
05-23 15:38:31.183 0 0 W : [3 T3482 ..] [SP FRAME TX] arp rsp,vif_idx:0 sender:[1c:79:2d:20:62:97 192.168.3.167]receiver:[4c:6b:b8:99:cd:e4 192.168.3.205]
05-23 15:38:31.185 0 0 W : [3 T3482 ..] [SP FRAME TX] arp rsp,vif_idx:0 sender:[1c:79:2d:20:62:97 192.168.3.167]receiver:[26:3b:39:2a:ea:db 192.168.3.69]
05-23 15:38:31.186 0 0 W : [3 T3482 ..] [SP FRAME TX] arp rsp,vif_idx:0 sender:[1c:79:2d:20:62:97 192.168.3.167]receiver:[c2:07:3d:a6:ee:3e 192.168.3.116]
05-23 15:38:31.188 0 0 W : [3 T3482 ..] [SP FRAME TX] arp rsp,vif_idx:0 sender:[1c:79:2d:20:62:97 192.168.3.167]receiver:[42:87:91:b7:6d:20 192.168.3.226]
05-23 15:38:31.189 0 0 W : [3 T3482 ..] [SP FRAME TX] arp rsp,vif_idx:0 sender:[1c:79:2d:20:62:97 192.168.3.167]receiver:[26:3b:39:2a:ea:db 192.168.3.69]
05-23 15:38:31.191 0 0 W : [3 T3482 ..] [SP FRAME TX] arp rsp,vif_idx:0 sender:[1c:79:2d:20:62:97 192.168.3.167]receiver:[32:08:ae:4d:23:4b 192.168.3.154]
05-23 15:38:31.192 0 0 W : [3 T3482 ..] [SP FRAME TX] arp rsp,vif_idx:0 sender:[1c:79:2d:20:62:97 192.168.3.167]receiver:[2e:6a:3b:b3:ad:e6 192.168.3.15]
05-23 15:38:31.194 0 0 W : [3 T3482 ..] [SP FRAME TX] arp rsp,vif_idx:0 sender:[1c:79:2d:20:62:97 192.168.3.167]receiver:[4e:df:ee:48:4b:63 192.168.3.151]
05-23 15:38:31.215 0 0 I [1 T114 ..] [snd-codec-t9015]: aml_T9015_audio_set_bias_level
05-23 15:38:31.215 0 0 I [1 T114 ..] [snd-soc]: it is card_post_resume
05-23 15:38:31.216 0 0 I [0 T2753 ..] [snd-codec-t9015]: aml_T9015_audio_set_bias_level
05-23 15:38:31.217 0 0 I [0 T2753 ..] [snd-codec-t9015]: aml_T9015_audio_set_bias_level
05-23 15:38:31.217 0 0 I [3 T669 ..] [snd-soc]: aml_audio_reset, reg 0xa, shift 9, use_vadtop 0
05-23 15:38:31.218 0 0 I [2 T669 ..] [snd-soc]: aml_audio_reset, reg 0xa, shift 14, use_vadtop 0
05-23 15:38:31.220 0 0 I [2 T669 ..] [hdmitx: ] hdmitx_audio_notify_callback[804] type:1 rate:0 size:0 chs:0 i2s_ch_mask:0 aud_src_if:0
05-23 15:38:31.221 0 0 E [3 T669 ..] [hdmitx: ] *HDMITX_ERROR* audio chn setting, must be 2, 4, 6 or 8, Rst as def
05-23 15:38:31.222 0 0 I [2 T669 ..] [hdmitx: ] aout notify format CT_PCM
05-23 15:38:31.223 0 0 I [3 T669 ..] [hdmitx: ] set audio
05-23 15:38:31.223 0 0 I [3 T669 ..] [hdmitx: ] audio_param->chs = -1
05-23 15:38:31.224 0 0 I [2 T669 ..] [hdmitx: ] aud_src_if = 0
05-23 15:38:31.224 0 0 I [3 T669 ..] [hdmitx: ] set audio param
05-23 15:38:31.225 0 0 I [2 T669 ..] [hdmitx: ] hdmitx_audio_notify_callback[804] type:2 rate:3 size:1 chs:2 i2s_ch_mask:1 aud_src_if:0
05-23 15:38:31.226 0 0 I [2 T669 ..] [hdmitx: ] aout notify format CT_AC_3
05-23 15:38:31.227 0 0 I [2 T669 ..] [hdmitx: ] set audio
05-23 15:38:31.228 0 0 I [2 T669 ..] [hdmitx: ] audio_param->chs = 1
05-23 15:38:31.228 0 0 I [3 T669 ..] [hdmitx: ] aud_src_if = 0
05-23 15:38:31.229 0 0 I [2 T669 ..] [hdmitx: ] set audio param
05-23 15:38:31.229 0 0 D [2 T669 ..] [snd-soc]: aml_spdif_fifo_ctrl, bit depth:16, frddr type:1, toddr:type:1
05-23 15:38:31.235 0 0 I [2 T669 ..] [snd-soc]: aml_audio_reset, reg 0xa, shift 9, use_vadtop 0
05-23 15:38:31.235 0 0 I [2 T669 ..] [snd-soc]: aml_audio_reset, reg 0xa, shift 14, use_vadtop 0
05-23 15:38:31.236 0 0 I [2 T669 ..] [hdmitx: ] hdmitx_audio_notify_callback[804] type:1 rate:0 size:0 chs:0 i2s_ch_mask:0 aud_src_if:0
05-23 15:38:31.237 0 0 E [3 T669 ..] [hdmitx: ] *HDMITX_ERROR* audio chn setting, must be 2, 4, 6 or 8, Rst as def
05-23 15:38:31.238 0 0 I [2 T669 ..] [hdmitx: ] aout notify format CT_PCM
05-23 15:38:31.239 0 0 I [2 T669 ..] [hdmitx: ] set audio
05-23 15:38:31.240 0 0 I [2 T669 ..] [hdmitx: ] audio_param->chs = -1
05-23 15:38:31.240 0 0 I [2 T669 ..] [hdmitx: ] aud_src_if = 0
05-23 15:38:31.241 0 0 I [2 T669 ..] [hdmitx: ] set audio param
05-23 15:38:31.241 0 0 I [2 T669 ..] [hdmitx: ] hdmitx_audio_notify_callback[804] type:2 rate:3 size:1 chs:2 i2s_ch_mask:1 aud_src_if:0
05-23 15:38:31.243 0 0 I [3 T669 ..] [hdmitx: ] aout notify format CT_AC_3
05-23 15:38:31.244 0 0 I [3 T669 ..] [hdmitx: ] set audio
05-23 15:38:31.244 0 0 I [3 T669 ..] [hdmitx: ] audio_param->chs = 1
05-23 15:38:31.245 0 0 I [3 T669 ..] [hdmitx: ] aud_src_if = 0
05-23 15:38:31.245 0 0 I [3 T669 ..] [hdmitx: ] set audio param
05-23 15:38:31.246 0 0 D [3 T669 ..] [snd-soc]: aml_spdif_fifo_ctrl, bit depth:16, frddr type:1, toddr:type:1
05-23 15:38:31.257 0 0 I [0 T168 ..] [mmc]: tuning-c:4, tuning-s:5
05-23 15:38:31.257 0 0 I [0 T168 ..] [mmc]: mmc0: clk= 0x10000206, adj = 0x42000, dly1 = 0, dly2 = 0
05-23 15:38:31.259 0 0 I [1 T168 ..] [mmc]: aml_sd_emmc_clktest [864] clktest : 7680, delay_cell: 83, count: 30
05-23 15:38:31.260 0 0 I [1 T168 ..] [mmc]: [set_emmc_nwr_clks], delay1: 0x0, delay2: 0x0
05-23 15:38:31.367 0 0 I [1 T168 ..] [mmc]: cmd-best-c:17, cmd-best-size:31
05-23 15:38:31.399 0 0 W : [2 T3070 ..] [SP FRAME TX] arp req,vif_idx:0 sender:[1c:79:2d:20:62:97 192.168.3.167]receiver:[00:00:00:00:00:00 192.168.3.25]
05-23 15:38:31.402 0 0 W : [1 T1090 ..] [SP FRAME RX] arp rsp,vif_idx:0 sender:[62:e6:cb:ad:3a:47 192.168.3.25]receiver:[1c:79:2d:20:62:97 192.168.3.167]
05-23 15:39:02.523 711 761 V DisplayPowerController2[0]: Brightness [0.39763778] reason changing to: 'manual', previous reason: 'screen_off'.
05-23 15:39:02.523 711 761 I DisplayPowerController2[0]: BrightnessEvent: disp=0, physDisp=local:4616277992360486155, brt=0.39763778, initBrt=0.0, rcmdBrt=NaN, preBrt=NaN, lux=0.0, preLux=0.0, hbmMax=1.0, hbmMode=off, rbcStrength=0, thrmMax=1.0, powerFactor=1.0, wasShortTermModelActive=false, flags=, reason=manual, autoBrightness=false, strategy=InvalidBrightnessStrategy
05-23 15:39:02.524 711 711 W Looper : Slow dispatch took 342ms main h=android.os.Handler c=com.android.server.hdmi.WorkSourceUidPreservingRunnable@dc48513 m=0
05-23 15:39:02.524 711 761 I DisplayPowerController2[0]: Unblocked screen on after 339 ms
05-23 15:39:02.527 711 711 W Looper : Slow delivery took 341ms main h=com.android.server.power.Notifier$NotifierHandler c=null m=1
05-23 15:39:02.533 711 736 I DisplayDeviceRepository: Display device changed state: "内置屏幕", ON
05-23 15:38:31.469 0 0 I [1 T168 ..] [mmc]: ds_sht:15, window:24, intf3:0x40f008, clock:0x100e0003, adjust:0x0
05-23 15:38:31.488 0 0 I [3 T518 ..] [pm]: early_suspend_state=0
05-23 15:38:31.489 0 0 I [3 T518 ..] vpu: vpu: late_resume clk: 666666656Hz(0x100)
05-23 15:38:31.491 0 0 I [3 T518 ..] BTI: bt_lateresume RG_AON_A52:0x44000006
05-23 15:38:31.491 0 0 I [3 T518 ..] BTI: RG_AON_A52:0x40000006
05-23 15:38:31.492 0 0 I [3 T518 ..] [hdmitx: ] Late Resume
05-23 15:38:31.492 0 0 I : [3 T518 ..] [drm] drm hdmitx hpd notify
05-23 15:38:31.499 0 0 I [0 T353 ..] [hdmitx: ] qms 0 qms_tfr_min/max 0 0 gaming_vrr_min/max 48 120
05-23 15:38:31.499 0 0 I [0 T353 ..] [hdmitx: ] BRR VIC 16 width/height 1920 1080 QMS min/max 0 0 GAME min/max 48 120
05-23 15:38:31.500 0 0 I [0 T353 ..] [hdmitx: ] BRR/VIC group
05-23 15:38:31.501 0 0 I [0 T353 ..] [hdmitx: ] BRR VIC 4 width/height 1280 720 QMS min/max 0 0 GAME min/max 48 120
05-23 15:38:31.502 0 0 I [0 T353 ..] [hdmitx: ] BRR/VIC group
05-23 15:38:31.502 0 0 I [0 T353 ..] [hdmitx: ] BRR VIC 97 width/height 3840 2160 QMS min/max 0 0 GAME min/max 48 120
05-23 15:38:31.504 0 0 I [0 T353 ..] [hdmitx: ] BRR/VIC group
05-23 15:38:31.504 0 0 I [0 T353 ..] [hdmitx: ] BRR VIC 102 width/height 4096 2160 QMS min/max 0 0 GAME min/max 48 120
05-23 15:38:31.510 0 0 I : [3 T518 ..] video_late_resume ok
05-23 15:38:31.516 0 0 I [0 T3613 dh] amvecm: resume recovery vsync
05-23 15:39:02.540 711 711 W PowerManagerService: Screen on took 385 ms
05-23 15:39:02.540 711 737 I DisplayDevice: [0] Layerstack set to 0 for local:4616277992360486155
05-23 15:39:02.542 711 711 D HDMI : [R]: 0B:44
05-23 15:39:02.543 711 736 I DisplayDeviceRepository: Display device changed state: "内置屏幕", ON
05-23 15:39:02.544 711 711 D HDMI : addCecDevice new:CEC: logical_address: 0x00 device_type: 0 cec_version: 5 vendor_id: 16777215 display_name: TV power_status: -1 physical_address: 0xFFFF port_id: -1 old:null
05-23 15:39:02.547 711 711 W HDMI : [1]:Unhandled cec command: 0B:44
05-23 15:39:02.560 711 711 W Looper : Drained
05-23 15:39:02.611 711 711 D HDMI : receive android.intent.action.SCREEN_ON
05-23 15:39:02.624 711 734 W ContextImpl: Calling a method in the system process without a qualified user: android.app.ContextImpl.startService:1899 com.android.server.wm.DisplayPolicy.lambda$focusChangedLw$5:2126 com.android.server.wm.DisplayPolicy.$r8$lambda$Znxk63oh-WzVnzo_WQefN7uxV48:0 com.android.server.wm.DisplayPolicy$$ExternalSyntheticLambda13.run:0 android.os.Handler.handleCallback:958
05-23 15:38:31.582 0 0 I [0 T353 ..] [hdmitx: ] BRR/VIC group
05-23 15:38:31.582 0 0 I [0 T353 ..] [hdmitx: ] qms 0 qms_tfr_min/max 0 0 gaming_vrr_min/max 48 120
05-23 15:38:31.589 0 0 I [0 T353 ..] [hdmitx: ] qms 0 qms_tfr_min/max 0 0 gaming_vrr_min/max 48 120
05-23 15:38:31.589 0 0 I [0 T353 ..] [hdmitx: ] BRR VIC 16 width/height 1920 1080 QMS min/max 0 0 GAME min/max 48 120
05-23 15:38:31.590 0 0 I [0 T353 ..] [hdmitx: ] BRR/VIC group
05-23 15:38:31.591 0 0 I [0 T353 ..] [hdmitx: ] BRR VIC 4 width/height 1280 720 QMS min/max 0 0 GAME min/max 48 120
05-23 15:38:31.604 0 0 W : [3 T1127 ..] [aml_android_priv_ioctl 128] vif idx=0 cmd=SETSUSPENDMODE 0
05-23 15:38:31.604 0 0 W : [3 T1127 ..] [aml_android_set_suspend_mode 77] set google_cast 0
05-23 15:38:31.610 0 0 I [3 T353 ..] [hdmitx: ] BRR/VIC group
05-23 15:38:31.610 0 0 I [3 T353 ..] [hdmitx: ] BRR VIC 97 width/height 3840 2160 QMS min/max 0 0 GAME min/max 48 120
05-23 15:38:31.611 0 0 I [3 T353 ..] [hdmitx: ] BRR/VIC group
05-23 15:38:31.612 0 0 I [3 T353 ..] [hdmitx: ] BRR VIC 102 width/height 4096 2160 QMS min/max 0 0 GAME min/max 48 120
05-23 15:38:31.613 0 0 I [3 T353 ..] [hdmitx: ] BRR/VIC group
05-23 15:38:31.614 0 0 I [3 T353 ..] [hdmitx: ] qms 0 qms_tfr_min/max 0 0 gaming_vrr_min/max 48 120
05-23 15:38:31.618 0 0 I [2 T353 ..] [hdmitx: ] qms 0 qms_tfr_min/max 0 0 gaming_vrr_min/max 48 120
05-23 15:38:31.618 0 0 I [2 T353 ..] [hdmitx: ] BRR VIC 16 width/height 1920 1080 QMS min/max 0 0 GAME min/max 48 120
05-23 15:38:31.620 0 0 I [2 T353 ..] [hdmitx: ] BRR/VIC group
05-23 15:38:31.623 0 0 I [2 T353 ..] [hdmitx: ] BRR VIC 4 width/height 1280 720 QMS min/max 0 0 GAME min/max 48 120
05-23 15:38:31.624 0 0 I [2 T353 ..] [hdmitx: ] BRR/VIC group
05-23 15:38:31.625 0 0 I [2 T353 ..] [hdmitx: ] BRR VIC 97 width/height 3840 2160 QMS min/max 0 0 GAME min/max 48 120
05-23 15:38:31.626 0 0 I [2 T353 ..] [hdmitx: ] BRR/VIC group
05-23 15:38:31.627 0 0 I [2 T353 ..] [hdmitx: ] BRR VIC 102 width/height 4096 2160 QMS min/max 0 0 GAME min/max 48 120
05-23 15:38:31.628 0 0 I [2 T353 ..] [hdmitx: ] BRR/VIC group
05-23 15:38:31.628 0 0 I [2 T353 ..] [hdmitx: ] qms 0 qms_tfr_min/max 0 0 gaming_vrr_min/max 48 120
05-23 15:38:31.632 0 0 I [2 T353 ..] vc: [0]get capability: min 64 64; max 4096 2160
05-23 15:38:31.632 0 0 I [2 T353 ..] vc: [1]get capability: min 64 64; max 2048 1080
05-23 15:38:31.636 0 0 W [3 T3616 ..] audit: audit_lost=208 audit_rate_limit=5 audit_backlog_limit=64
05-23 15:38:31.636 0 0 E [3 T3616 ..] audit: rate limit exceeded
05-23 15:38:31.641 0 0 I [0 T353 ..] [hdmitx: ] avmute_store 1
05-23 15:39:02.707 711 891 D HDMI : New logical address for device [4]: [preferred:4, assigned:4]
05-23 15:39:02.707 711 891 D HDMI : [S]: B0:00:44:00
05-23 15:39:02.709 711 711 D HDMI : addCecDevice new:CEC: logical_address: 0x04 device_type: 4 cec_version: 5 vendor_id: 1877008 display_name: DBBOX-A3 power_status: 0 physical_address: 0x3000 port_id: 0 old:null
05-23 15:39:02.718 711 711 D HDMI : onInitializeCecComplete 2
05-23 15:39:02.718 711 711 D HDMI : oneTouchPlay com.android.server.hdmi.OneTouchPlayAction@7af8c68
05-23 15:39:02.719 711 711 I HDMI : Not ready to start action. Queued for deferred start:com.android.server.hdmi.OneTouchPlayAction@7af8c68
05-23 15:39:02.719 711 711 D HdmiControlService: Local device is under address allocation. Queue display callback for later process.
05-23 15:39:02.719 711 711 D HDMI : onAddressAllocated address:4 reason:2
05-23 15:39:02.721 711 711 D HDMI : DeviceDiscoveryAction start com.android.server.hdmi.DeviceDiscoveryAction@2f6a881
05-23 15:39:02.721 711 711 I HdmiCecLocalDevice: Starting queued action:com.android.server.hdmi.OneTouchPlayAction@7af8c68
05-23 15:39:02.721 711 711 D HDMI : setActiveSource logical:0x04 physical:0x3000 OneTouchPlayAction#broadcastActiveSource()
05-23 15:39:02.722 711 711 D HDMI : ActiveSourceHistoryRecord active source=(0x04, 0x3000) isActiveSource=true from=OneTouchPlayAction#broadcastActiveSource()
05-23 15:39:02.723 711 711 D HDMI : setActiveSource logical:0x04 physical:0x3000 ActiveSourceAction
05-23 15:39:02.723 711 711 D HDMI : ActiveSourceHistoryRecord active source=(0x04, 0x3000) isActiveSource=true from=ActiveSourceAction
05-23 15:39:02.727 711 711 D HdmiControlService: Switching to full volume behavior
05-23 15:39:02.728 711 711 D HdmiControlService: Switching to full volume behavior
05-23 15:38:31.700 0 0 I : [1 T353 ..] [drm] build_hdmitx_attr_str:420,10bit = 3+10
05-23 15:38:31.701 0 0 I : [1 T353 ..] [drm] am_meson_crtc_atomic_disable-[0]:in
05-23 15:38:31.701 0 0 I : [1 T353 ..] dummy_encl_disable finished
05-23 15:38:31.702 0 0 I : [1 T353 ..] [drm] am_meson_crtc_atomic_enable-[0] in: new[smpte60hz], old[dummy_l], vmode[4-4], uboot[0]
05-23 15:38:31.703 0 0 I : [1 T353 ..] [drm] am_meson_crtc_atomic_enable-[0]: enable mode smpte60hz final vmode 0
05-23 15:38:31.705 0 0 I [1 T353 ..] [hdmitx: ] set21_s7d_htxpll_clk_out[96] htxpll vco 3712500 div 1
05-23 15:38:31.706 0 0 I [3 T353 ..] [hdmitx: ] pll_od0 = 0, pll_od2 = 0, pll_od1 = 1
05-23 15:38:31.706 0 0 I [3 T353 ..] [hdmitx: ] clocks_set_vid_clk_div_for_hdmi[402] div = 8
05-23 15:38:31.707 0 0 I [3 T353 ..] [hdmitx: ] configure venc
05-23 15:38:31.708 0 0 I [3 T353 ..] [hdmitx: ] config_tv_enc_calc[63] vic = 102
05-23 15:38:31.708 0 0 I [3 T353 ..] [hdmitx: ] hdmitx_soft_reset[1261]
05-23 15:38:31.709 0 0 I [3 T353 ..] [hdmitx: ] config hdmitx IP vic = 102 cd:5 cs: 3
05-23 15:38:31.710 0 0 I [3 T353 ..] [hdmitx: ] configure hdmitx21
05-23 15:38:31.712 0 0 I [3 T353 ..] [hdmitx: ] hdmitx_set_dispmode[1527] frl_rate 0 htotal 4400 cs 3 cd 5 h_unstable 0
05-23 15:38:31.712 0 0 I [0 T0 dh] [hdmitx: ] hdmitx_set_drm_pkt: tf=1, cf=1, colormetry=0
05-23 15:38:31.714 0 0 I [0 T0 dh] [hdmitx: ] hdmitx_set_drm_pkt: hdr.sdr pkt sent
05-23 15:38:31.754 0 0 I [3 T353 ..] [hdmitx: ] set21_phy_by_mode_s7d[188] rterm = 7
05-23 15:38:31.755 0 0 I [3 T353 ..] [hdmitx: ] Sink is HDMI device
05-23 15:38:31.755 0 0 I [3 T353 ..] [hdmitx: ] clear vsif for non-4k mode.
05-23 15:38:31.756 0 0 I [3 T353 d.] [hdmitx: ] hdmitx_set_drm_pkt: hdr.sdr pkt sent
05-23 15:38:31.757 0 0 I [3 T353 ..] [hdmitx: ] set audio
05-23 15:38:31.757 0 0 I [3 T353 ..] [hdmitx: ] audio_param->chs = 1
05-23 15:38:31.758 0 0 I [3 T353 ..] [hdmitx: ] aud_src_if = 0
05-23 15:38:31.758 0 0 I [3 T353 ..] [hdmitx: ] aud_n_para = 5120
05-23 15:38:31.759 0 0 I [3 T353 ..] [hdmitx: ] vinfo: set cur_enc_ppc as 1, vpp color: 0
05-23 15:38:31.761 0 0 I [3 T353 ..] DOLBY: vout_notify_callback: VOUT_EVENT_MODE_CHANGE
05-23 15:38:31.761 0 0 I : [3 T353 ..] vsync_pts_inc 1500 1/60
05-23 15:38:31.762 0 0 I : [3 T353 ..] [drm] meson_vout_update_mode_name: hdmitx update vout 1 name smpte60hz.
05-23 15:38:31.762 0 0 I [0 T222 dh] [hdmitx: ] hdmitx_set_drm_pkt: tf=16, cf=9, colormetry=0
05-23 15:39:02.837 711 891 D HDMI : [S]: 4F:84:30:00:04
05-23 15:38:31.792 0 0 I [3 T669 ..] [snd-soc]: aml_audio_reset, reg 0xa, shift 9, use_vadtop 0
05-23 15:38:31.792 0 0 I [3 T669 ..] [snd-soc]: aml_audio_reset, reg 0xa, shift 14, use_vadtop 0
05-23 15:38:31.794 0 0 I [3 T669 ..] [hdmitx: ] hdmitx_audio_notify_callback[804] type:1 rate:0 size:0 chs:0 i2s_ch_mask:0 aud_src_if:0
05-23 15:38:31.795 0 0 E [3 T669 ..] [hdmitx: ] *HDMITX_ERROR* audio chn setting, must be 2, 4, 6 or 8, Rst as def
05-23 15:38:31.796 0 0 I [3 T669 ..] [hdmitx: ] aout notify format CT_PCM
05-23 15:38:31.796 0 0 I [3 T669 ..] [hdmitx: ] set audio
05-23 15:38:31.797 0 0 I [3 T669 ..] [hdmitx: ] audio_param->chs = -1
05-23 15:38:31.798 0 0 I [3 T669 ..] [hdmitx: ] aud_src_if = 0
05-23 15:38:31.798 0 0 I [3 T669 ..] [hdmitx: ] aud_n_para = 5120
05-23 15:38:31.799 0 0 I [3 T669 ..] [hdmitx: ] set audio param
05-23 15:38:31.799 0 0 I [3 T669 ..] [hdmitx: ] hdmitx_audio_notify_callback[804] type:2 rate:3 size:1 chs:2 i2s_ch_mask:1 aud_src_if:0
05-23 15:38:31.801 0 0 I [3 T669 ..] [hdmitx: ] aout notify format CT_AC_3
05-23 15:38:31.802 0 0 I [3 T669 ..] [hdmitx: ] set audio
05-23 15:38:31.802 0 0 I [3 T669 ..] [hdmitx: ] audio_param->chs = 1
05-23 15:38:31.803 0 0 I [3 T669 ..] [hdmitx: ] aud_src_if = 0
05-23 15:38:31.803 0 0 I [3 T669 ..] [hdmitx: ] aud_n_para = 5120
05-23 15:38:31.804 0 0 I [3 T669 ..] [hdmitx: ] set audio param
05-23 15:38:31.804 0 0 I [1 T353 ..] [hdmitx: ] avmute_store -1
05-23 15:38:31.805 0 0 D [3 T669 ..] [snd-soc]: aml_spdif_fifo_ctrl, bit depth:16, frddr type:1, toddr:type:1
05-23 15:38:31.812 0 0 I [1 T353 ..] [hdmitx: ] qms 0 qms_tfr_min/max 0 0 gaming_vrr_min/max 48 120
05-23 15:38:31.812 0 0 I [1 T353 ..] [hdmitx: ] BRR VIC 16 width/height 1920 1080 QMS min/max 0 0 GAME min/max 48 120
05-23 15:38:31.813 0 0 I [1 T353 ..] [hdmitx: ] BRR/VIC group
05-23 15:38:31.814 0 0 I [1 T353 ..] [hdmitx: ] BRR VIC 4 width/height 1280 720 QMS min/max 0 0 GAME min/max 48 120
05-23 15:38:31.815 0 0 I [1 T353 ..] [hdmitx: ] BRR/VIC group
05-23 15:38:31.816 0 0 I [1 T353 ..] [hdmitx: ] BRR VIC 97 width/height 3840 2160 QMS min/max 0 0 GAME min/max 48 120
05-23 15:38:31.817 0 0 I [1 T353 ..] [hdmitx: ] BRR/VIC group
05-23 15:38:31.817 0 0 I [1 T353 ..] [hdmitx: ] BRR VIC 102 width/height 4096 2160 QMS min/max 0 0 GAME min/max 48 120
05-23 15:38:31.819 0 0 I [1 T353 ..] [hdmitx: ] BRR/VIC group
05-23 15:38:31.819 0 0 I [1 T353 ..] [hdmitx: ] qms 0 qms_tfr_min/max 0 0 gaming_vrr_min/max 48 120
05-23 15:39:02.914 711 736 D LocalDisplayAdapter: The active mode was changed from SurfaceFlinger or the display device to {id=103, width=4096, height=2160, fps=60.000004, alternativeRefreshRates=[], supportedHdrTypes=[2, 3]}
05-23 15:39:02.915 711 736 D LocalDisplayAdapter: New display modes are added and the active mode has changed, use active mode as default mode.
05-23 15:39:02.915 711 736 W LocalDisplayAdapter: DisplayModeSpecs base mode no longer available, using currently active mode.
