05-23 15:36:56.943 0 0 W : [1 T2917 .s] [SP FRAME TX] arp req,vif_idx:0 sender:[1c:79:2d:20:62:97 192.168.3.167]receiver:[00:00:00:00:00:00 192.168.3.146]
05-23 15:36:56.945 0 0 W : [1 T2917 .s] [SP FRAME TX] arp req,vif_idx:0 sender:[1c:79:2d:20:62:97 192.168.3.167]receiver:[00:00:00:00:00:00 192.168.3.149]
05-23 15:36:56.947 0 0 W : [1 T2917 .s] [SP FRAME TX] arp req,vif_idx:0 sender:[1c:79:2d:20:62:97 192.168.3.167]receiver:[00:00:00:00:00:00 192.168.3.152]
05-23 15:36:56.948 0 0 W : [1 T2917 .s] [SP FRAME TX] arp req,vif_idx:0 sender:[1c:79:2d:20:62:97 192.168.3.167]receiver:[00:00:00:00:00:00 192.168.3.156]
05-23 15:36:56.950 0 0 W : [1 T2917 .s] [SP FRAME TX] arp req,vif_idx:0 sender:[1c:79:2d:20:62:97 192.168.3.167]receiver:[00:00:00:00:00:00 192.168.3.158]
05-23 15:36:56.951 0 0 W : [1 T2917 .s] [SP FRAME TX] arp req,vif_idx:0 sender:[1c:79:2d:20:62:97 192.168.3.167]receiver:[00:00:00:00:00:00 192.168.3.163]
05-23 15:36:56.953 0 0 W : [1 T2917 .s] [SP FRAME TX] arp req,vif_idx:0 sender:[1c:79:2d:20:62:97 192.168.3.167]receiver:[00:00:00:00:00:00 192.168.3.164]
05-23 15:36:56.954 0 0 W : [1 T2917 .s] [SP FRAME TX] arp req,vif_idx:0 sender:[1c:79:2d:20:62:97 192.168.3.167]receiver:[00:00:00:00:00:00 192.168.3.168]
05-23 15:36:56.956 0 0 W : [1 T2917 .s] [SP FRAME TX] arp req,vif_idx:0 sender:[1c:79:2d:20:62:97 192.168.3.167]receiver:[00:00:00:00:00:00 192.168.3.169]
05-23 15:36:56.958 0 0 W : [1 T2917 .s] [SP FRAME TX] arp req,vif_idx:0 sender:[1c:79:2d:20:62:97 192.168.3.167]receiver:[00:00:00:00:00:00 192.168.3.171]
05-23 15:36:56.959 0 0 W : [1 T2917 .s] [SP FRAME TX] arp req,vif_idx:0 sender:[1c:79:2d:20:62:97 192.168.3.167]receiver:[00:00:00:00:00:00 192.168.3.174]
05-23 15:36:56.961 0 0 W : [1 T2917 .s] [SP FRAME TX] arp req,vif_idx:0 sender:[1c:79:2d:20:62:97 192.168.3.167]receiver:[00:00:00:00:00:00 192.168.3.175]
05-23 15:36:56.962 0 0 W : [1 T2917 .s] [SP FRAME TX] arp req,vif_idx:0 sender:[1c:79:2d:20:62:97 192.168.3.167]receiver:[00:00:00:00:00:00 192.168.3.64]
05-23 15:36:56.964 0 0 W : [1 T2917 .s] [SP FRAME TX] arp req,vif_idx:0 sender:[1c:79:2d:20:62:97 192.168.3.167]receiver:[00:00:00:00:00:00 192.168.3.67]
05-23 15:36:56.965 0 0 W : [1 T2917 .s] [SP FRAME TX] arp req,vif_idx:0 sender:[1c:79:2d:20:62:97 192.168.3.167]receiver:[00:00:00:00:00:00 192.168.3.70]
05-23 15:36:56.967 0 0 W : [1 T2917 .s] [SP FRAME TX] arp req,vif_idx:0 sender:[1c:79:2d:20:62:97 192.168.3.167]receiver:[00:00:00:00:00:00 192.168.3.185]
05-23 15:36:56.968 0 0 W : [1 T2917 .s] [SP FRAME TX] arp req,vif_idx:0 sender:[1c:79:2d:20:62:97 192.168.3.167]receiver:[00:00:00:00:00:00 192.168.3.186]
05-23 15:36:56.970 0 0 W : [1 T2917 .s] [SP FRAME TX] arp req,vif_idx:0 sender:[1c:79:2d:20:62:97 192.168.3.167]receiver:[00:00:00:00:00:00 192.168.3.192]
05-23 15:36:56.972 0 0 W : [1 T2917 .s] [SP FRAME TX] arp req,vif_idx:0 sender:[1c:79:2d:20:62:97 192.168.3.167]receiver:[00:00:00:00:00:00 192.168.3.193]
05-23 15:36:56.973 0 0 W : [1 T2917 .s] [SP FRAME TX] arp req,vif_idx:0 sender:[1c:79:2d:20:62:97 192.168.3.167]receiver:[00:00:00:00:00:00 192.168.3.196]
05-23 15:36:56.975 0 0 W : [1 T2917 .s] [SP FRAME TX] arp req,vif_idx:0 sender:[1c:79:2d:20:62:97 192.168.3.167]receiver:[00:00:00:00:00:00 192.168.3.199]
05-23 15:36:56.976 0 0 W : [1 T2917 .s] [SP FRAME TX] arp req,vif_idx:0 sender:[1c:79:2d:20:62:97 192.168.3.167]receiver:[00:00:00:00:00:00 192.168.3.200]
05-23 15:36:56.978 0 0 W : [1 T2917 .s] [SP FRAME TX] arp req,vif_idx:0 sender:[1c:79:2d:20:62:97 192.168.3.167]receiver:[00:00:00:00:00:00 192.168.3.203]
05-23 15:36:56.979 0 0 W : [1 T2917 .s] [SP FRAME TX] arp req,vif_idx:0 sender:[1c:79:2d:20:62:97 192.168.3.167]receiver:[00:00:00:00:00:00 192.168.3.204]
05-23 15:36:56.981 0 0 W : [1 T2917 .s] [SP FRAME TX] arp req,vif_idx:0 sender:[1c:79:2d:20:62:97 192.168.3.167]receiver:[00:00:00:00:00:00 192.168.3.206]
05-23 15:36:56.982 0 0 W : [1 T2917 .s] [SP FRAME TX] arp req,vif_idx:0 sender:[1c:79:2d:20:62:97 192.168.3.167]receiver:[00:00:00:00:00:00 192.168.3.208]
05-23 15:36:56.984 0 0 W : [1 T2917 .s] [SP FRAME TX] arp req,vif_idx:0 sender:[1c:79:2d:20:62:97 192.168.3.167]receiver:[00:00:00:00:00:00 192.168.3.209]
05-23 15:36:56.986 0 0 W : [1 T2917 .s] [SP FRAME TX] arp req,vif_idx:0 sender:[1c:79:2d:20:62:97 192.168.3.167]receiver:[00:00:00:00:00:00 192.168.3.214]
05-23 15:36:56.987 0 0 W : [1 T2917 .s] [SP FRAME TX] arp req,vif_idx:0 sender:[1c:79:2d:20:62:97 192.168.3.167]receiver:[00:00:00:00:00:00 192.168.3.216]
05-23 15:36:56.989 0 0 W : [1 T2917 .s] [SP FRAME TX] arp req,vif_idx:0 sender:[1c:79:2d:20:62:97 192.168.3.167]receiver:[00:00:00:00:00:00 192.168.3.218]
05-23 15:36:56.990 0 0 W : [1 T2917 .s] [SP FRAME TX] arp req,vif_idx:0 sender:[1c:79:2d:20:62:97 192.168.3.167]receiver:[00:00:00:00:00:00 192.168.3.219]
05-23 15:36:56.992 0 0 W : [1 T2917 .s] [SP FRAME TX] arp req,vif_idx:0 sender:[1c:79:2d:20:62:97 192.168.3.167]receiver:[00:00:00:00:00:00 192.168.3.127]
05-23 15:36:56.993 0 0 W : [1 T2917 .s] [SP FRAME TX] arp req,vif_idx:0 sender:[1c:79:2d:20:62:97 192.168.3.167]receiver:[00:00:00:00:00:00 192.168.3.129]
05-23 15:36:56.995 0 0 W : [1 T2917 .s] [SP FRAME TX] arp req,vif_idx:0 sender:[1c:79:2d:20:62:97 192.168.3.167]receiver:[00:00:00:00:00:00 192.168.3.132]
05-23 15:36:56.996 0 0 W : [1 T2917 .s] [SP FRAME TX] arp req,vif_idx:0 sender:[1c:79:2d:20:62:97 192.168.3.167]receiver:[00:00:00:00:00:00 192.168.3.133]
05-23 15:36:56.998 0 0 W : [1 T2917 .s] [SP FRAME TX] arp req,vif_idx:0 sender:[1c:79:2d:20:62:97 192.168.3.167]receiver:[00:00:00:00:00:00 192.168.3.228]
05-23 15:36:57.000 0 0 W : [1 T2917 .s] [SP FRAME TX] arp req,vif_idx:0 sender:[1c:79:2d:20:62:97 192.168.3.167]receiver:[00:00:00:00:00:00 192.168.3.231]
05-23 15:36:57.001 0 0 W : [1 T2917 .s] [SP FRAME TX] arp req,vif_idx:0 sender:[1c:79:2d:20:62:97 192.168.3.167]receiver:[00:00:00:00:00:00 192.168.3.232]
05-23 15:36:57.003 0 0 W : [1 T2917 .s] [SP FRAME TX] arp req,vif_idx:0 sender:[1c:79:2d:20:62:97 192.168.3.167]receiver:[00:00:00:00:00:00 192.168.3.235]
05-23 15:36:57.004 0 0 W : [1 T2917 .s] [SP FRAME TX] arp req,vif_idx:0 sender:[1c:79:2d:20:62:97 192.168.3.167]receiver:[00:00:00:00:00:00 192.168.3.238]
05-23 15:36:57.006 0 0 W : [1 T2917 .s] [SP FRAME TX] arp req,vif_idx:0 sender:[1c:79:2d:20:62:97 192.168.3.167]receiver:[00:00:00:00:00:00 192.168.3.241]
05-23 15:36:57.007 0 0 W : [1 T2917 .s] [SP FRAME TX] arp req,vif_idx:0 sender:[1c:79:2d:20:62:97 192.168.3.167]receiver:[00:00:00:00:00:00 192.168.3.242]
05-23 15:36:57.009 0 0 W : [1 T2917 .s] [SP FRAME TX] arp req,vif_idx:0 sender:[1c:79:2d:20:62:97 192.168.3.167]receiver:[00:00:00:00:00:00 192.168.3.251]
05-23 15:36:57.011 0 0 W : [1 T2917 .s] [SP FRAME TX] arp req,vif_idx:0 sender:[1c:79:2d:20:62:97 192.168.3.167]receiver:[00:00:00:00:00:00 192.168.3.178]
05-23 15:36:57.012 0 0 W : [1 T2917 .s] [SP FRAME TX] arp req,vif_idx:0 sender:[1c:79:2d:20:62:97 192.168.3.167]receiver:[00:00:00:00:00:00 192.168.3.180]
05-23 15:36:57.014 0 0 W : [1 T2917 .s] [SP FRAME TX] arp req,vif_idx:0 sender:[1c:79:2d:20:62:97 192.168.3.167]receiver:[00:00:00:00:00:00 192.168.3.181]
05-23 15:36:57.015 0 0 W : [1 T2917 .s] [SP FRAME TX] arp req,vif_idx:0 sender:[1c:79:2d:20:62:97 192.168.3.167]receiver:[00:00:00:00:00:00 192.168.3.182]
05-23 15:36:57.034 0 0 W : [0 T1090 ..] [SP FRAME RX] arp req,vif_idx:0 sender:[a6:8b:d2:cd:fe:9a 192.168.3.162]receiver:[00:00:00:00:00:00 192.168.3.167]
05-23 15:36:57.035 0 0 W : [0 T1090 ..] [SP FRAME TX] arp rsp,vif_idx:0 sender:[1c:79:2d:20:62:97 192.168.3.167]receiver:[a6:8b:d2:cd:fe:9a 192.168.3.162]
05-23 15:36:57.126 0 0 W : [0 T0 .s] [SP FRAME TX] arp req,vif_idx:0 sender:[1c:79:2d:20:62:97 192.168.3.167]receiver:[00:00:00:00:00:00 192.168.3.217]
05-23 15:36:57.127 0 0 W : [0 T0 .s] [SP FRAME TX] arp req,vif_idx:0 sender:[1c:79:2d:20:62:97 192.168.3.167]receiver:[00:00:00:00:00:00 192.168.3.224]
05-23 15:36:57.128 0 0 W : [0 T0 .s] [SP FRAME TX] arp req,vif_idx:0 sender:[1c:79:2d:20:62:97 192.168.3.167]receiver:[00:00:00:00:00:00 192.168.3.229]
05-23 15:36:57.158 0 0 W : [0 T0 .s] [SP FRAME TX] arp req,vif_idx:0 sender:[1c:79:2d:20:62:97 192.168.3.167]receiver:[00:00:00:00:00:00 192.168.3.165]
05-23 15:36:57.159 0 0 W : [0 T0 .s] [SP FRAME TX] arp req,vif_idx:0 sender:[1c:79:2d:20:62:97 192.168.3.167]receiver:[00:00:00:00:00:00 192.168.3.183]
05-23 15:36:57.160 0 0 W : [0 T0 .s] [SP FRAME TX] arp req,vif_idx:0 sender:[1c:79:2d:20:62:97 192.168.3.167]receiver:[00:00:00:00:00:00 192.168.3.190]
05-23 15:36:57.194 0 0 W : [0 T0 .s] [SP FRAME TX] arp req,vif_idx:0 sender:[1c:79:2d:20:62:97 192.168.3.167]receiver:[00:00:00:00:00:00 192.168.3.137]
05-23 15:36:57.222 0 0 W : [0 T0 .s] [SP FRAME TX] arp req,vif_idx:0 sender:[1c:79:2d:20:62:97 192.168.3.167]receiver:[00:00:00:00:00:00 192.168.3.92]
05-23 15:36:57.254 0 0 W : [0 T0 .s] [SP FRAME TX] arp req,vif_idx:0 sender:[1c:79:2d:20:62:97 192.168.3.167]receiver:[00:00:00:00:00:00 192.168.3.76]
05-23 15:36:57.255 0 0 W : [0 T0 .s] [SP FRAME TX] arp req,vif_idx:0 sender:[1c:79:2d:20:62:97 192.168.3.167]receiver:[00:00:00:00:00:00 192.168.3.81]
05-23 15:36:57.286 0 0 W : [0 T0 .s] [SP FRAME TX] arp req,vif_idx:0 sender:[1c:79:2d:20:62:97 192.168.3.167]receiver:[00:00:00:00:00:00 192.168.3.35]
05-23 15:36:57.287 0 0 W : [0 T0 .s] [SP FRAME TX] arp req,vif_idx:0 sender:[1c:79:2d:20:62:97 192.168.3.167]receiver:[00:00:00:00:00:00 192.168.3.44]
05-23 15:36:57.289 0 0 W : [0 T0 .s] [SP FRAME TX] arp req,vif_idx:0 sender:[1c:79:2d:20:62:97 192.168.3.167]receiver:[00:00:00:00:00:00 192.168.3.53]
05-23 15:36:57.318 0 0 W : [0 T0 .s] [SP FRAME TX] arp req,vif_idx:0 sender:[1c:79:2d:20:62:97 192.168.3.167]receiver:[00:00:00:00:00:00 192.168.3.3]
05-23 15:36:57.772 0 0 W : [0 T1090 ..] [SP FRAME RX] arp rsp,vif_idx:0 sender:[56:c2:36:ea:4a:c8 192.168.3.37]receiver:[1c:79:2d:20:62:97 192.168.3.167]
05-23 15:36:57.862 0 0 W : [0 T0 .s] [SP FRAME TX] arp req,vif_idx:0 sender:[1c:79:2d:20:62:97 192.168.3.167]receiver:[00:00:00:00:00:00 192.168.3.105]
05-23 15:36:57.896 0 0 W : [0 T1090 ..] [SP FRAME RX] arp rsp,vif_idx:0 sender:[02:91:37:fc:9e:f6 192.168.3.105]receiver:[1c:79:2d:20:62:97 192.168.3.167]
05-23 15:36:58.150 0 0 W : [0 T0 .s] [SP FRAME TX] arp req,vif_idx:0 sender:[1c:79:2d:20:62:97 192.168.3.167]receiver:[00:00:00:00:00:00 192.168.3.229]
05-23 15:36:58.151 0 0 W : [0 T0 .s] [SP FRAME TX] arp req,vif_idx:0 sender:[1c:79:2d:20:62:97 192.168.3.167]receiver:[00:00:00:00:00:00 192.168.3.224]
05-23 15:36:58.152 0 0 W : [0 T0 .s] [SP FRAME TX] arp req,vif_idx:0 sender:[1c:79:2d:20:62:97 192.168.3.167]receiver:[00:00:00:00:00:00 192.168.3.217]
05-23 15:36:58.186 0 0 W : [0 T0 .s] [SP FRAME TX] arp req,vif_idx:0 sender:[1c:79:2d:20:62:97 192.168.3.167]receiver:[00:00:00:00:00:00 192.168.3.190]
05-23 15:36:58.187 0 0 W : [0 T0 .s] [SP FRAME TX] arp req,vif_idx:0 sender:[1c:79:2d:20:62:97 192.168.3.167]receiver:[00:00:00:00:00:00 192.168.3.183]
05-23 15:36:58.188 0 0 W : [0 T0 .s] [SP FRAME TX] arp req,vif_idx:0 sender:[1c:79:2d:20:62:97 192.168.3.167]receiver:[00:00:00:00:00:00 192.168.3.165]
05-23 15:36:58.214 0 0 W : [0 T0 .s] [SP FRAME TX] arp req,vif_idx:0 sender:[1c:79:2d:20:62:97 192.168.3.167]receiver:[00:00:00:00:00:00 192.168.3.137]
05-23 15:36:58.246 0 0 W : [0 T0 .s] [SP FRAME TX] arp req,vif_idx:0 sender:[1c:79:2d:20:62:97 192.168.3.167]receiver:[00:00:00:00:00:00 192.168.3.92]
05-23 15:36:58.278 0 0 W : [0 T0 .s] [SP FRAME TX] arp req,vif_idx:0 sender:[1c:79:2d:20:62:97 192.168.3.167]receiver:[00:00:00:00:00:00 192.168.3.81]
05-23 15:36:58.279 0 0 W : [0 T0 .s] [SP FRAME TX] arp req,vif_idx:0 sender:[1c:79:2d:20:62:97 192.168.3.167]receiver:[00:00:00:00:00:00 192.168.3.76]
05-23 15:36:58.310 0 0 W : [0 T0 .s] [SP FRAME TX] arp req,vif_idx:0 sender:[1c:79:2d:20:62:97 192.168.3.167]receiver:[00:00:00:00:00:00 192.168.3.53]
05-23 15:36:58.311 0 0 W : [0 T0 .s] [SP FRAME TX] arp req,vif_idx:0 sender:[1c:79:2d:20:62:97 192.168.3.167]receiver:[00:00:00:00:00:00 192.168.3.44]
05-23 15:36:58.312 0 0 W : [0 T0 .s] [SP FRAME TX] arp req,vif_idx:0 sender:[1c:79:2d:20:62:97 192.168.3.167]receiver:[00:00:00:00:00:00 192.168.3.35]
05-23 15:36:58.346 0 0 W : [0 T0 .s] [SP FRAME TX] arp req,vif_idx:0 sender:[1c:79:2d:20:62:97 192.168.3.167]receiver:[00:00:00:00:00:00 192.168.3.3]
05-23 15:36:58.374 0 0 I [2 T8 ..] rx_pkt_counter: 0
05-23 15:36:58.374 0 0 E : [2 T8 ..] meson8b-dwmac fe368000.ethernet eth0: Reset adapter.
05-23 15:36:58.498 0 0 I : [2 T8 ..] meson8b-dwmac fe368000.ethernet eth0: PHY [0.0:00] driver [Generic PHY] (irq=POLL)
05-23 15:36:58.503 0 0 I : [2 T8 ..] meson8b-dwmac fe368000.ethernet eth0: Register MEM_TYPE_PAGE_POOL RxQ-0
05-23 15:36:58.553 0 0 W : [0 T1090 ..] [SP FRAME RX] DHCP[0 1], vif_idx:0
05-23 15:36:59.174 0 0 W : [0 T0 .s] [SP FRAME TX] arp req,vif_idx:0 sender:[1c:79:2d:20:62:97 192.168.3.167]receiver:[00:00:00:00:00:00 192.168.3.217]
05-23 15:36:59.175 0 0 W : [0 T0 .s] [SP FRAME TX] arp req,vif_idx:0 sender:[1c:79:2d:20:62:97 192.168.3.167]receiver:[00:00:00:00:00:00 192.168.3.224]
05-23 15:36:59.176 0 0 W : [0 T0 .s] [SP FRAME TX] arp req,vif_idx:0 sender:[1c:79:2d:20:62:97 192.168.3.167]receiver:[00:00:00:00:00:00 192.168.3.229]
05-23 15:36:59.206 0 0 W : [0 T0 .s] [SP FRAME TX] arp req,vif_idx:0 sender:[1c:79:2d:20:62:97 192.168.3.167]receiver:[00:00:00:00:00:00 192.168.3.165]
05-23 15:36:59.207 0 0 W : [0 T0 .s] [SP FRAME TX] arp req,vif_idx:0 sender:[1c:79:2d:20:62:97 192.168.3.167]receiver:[00:00:00:00:00:00 192.168.3.183]
05-23 15:36:59.208 0 0 W : [0 T0 .s] [SP FRAME TX] arp req,vif_idx:0 sender:[1c:79:2d:20:62:97 192.168.3.167]receiver:[00:00:00:00:00:00 192.168.3.190]
05-23 15:36:59.238 0 0 W : [0 T0 .s] [SP FRAME TX] arp req,vif_idx:0 sender:[1c:79:2d:20:62:97 192.168.3.167]receiver:[00:00:00:00:00:00 192.168.3.137]
05-23 15:36:59.270 0 0 W : [0 T0 .s] [SP FRAME TX] arp req,vif_idx:0 sender:[1c:79:2d:20:62:97 192.168.3.167]receiver:[00:00:00:00:00:00 192.168.3.92]
05-23 15:36:59.302 0 0 W : [0 T0 .s] [SP FRAME TX] arp req,vif_idx:0 sender:[1c:79:2d:20:62:97 192.168.3.167]receiver:[00:00:00:00:00:00 192.168.3.76]
05-23 15:36:59.303 0 0 W : [0 T0 .s] [SP FRAME TX] arp req,vif_idx:0 sender:[1c:79:2d:20:62:97 192.168.3.167]receiver:[00:00:00:00:00:00 192.168.3.81]
05-23 15:36:59.334 0 0 W : [0 T0 .s] [SP FRAME TX] arp req,vif_idx:0 sender:[1c:79:2d:20:62:97 192.168.3.167]receiver:[00:00:00:00:00:00 192.168.3.35]
05-23 15:36:59.335 0 0 W : [0 T0 .s] [SP FRAME TX] arp req,vif_idx:0 sender:[1c:79:2d:20:62:97 192.168.3.167]receiver:[00:00:00:00:00:00 192.168.3.44]
05-23 15:36:59.336 0 0 W : [0 T0 .s] [SP FRAME TX] arp req,vif_idx:0 sender:[1c:79:2d:20:62:97 192.168.3.167]receiver:[00:00:00:00:00:00 192.168.3.53]
05-23 15:36:59.366 0 0 W : [0 T0 .s] [SP FRAME TX] arp req,vif_idx:0 sender:[1c:79:2d:20:62:97 192.168.3.167]receiver:[00:00:00:00:00:00 192.168.3.3]
05-23 15:36:59.506 0 0 E : [0 T8 ..] meson8b-dwmac fe368000.ethernet: Failed to reset the dma
05-23 15:36:59.506 0 0 E : [0 T8 ..] meson8b-dwmac fe368000.ethernet eth0: stmmac_hw_setup: DMA engine initialization failed
05-23 15:36:59.507 0 0 E : [0 T8 ..] meson8b-dwmac fe368000.ethernet eth0: stmmac_open: Hw setup failed
05-23 15:36:59.529 0 0 W : [3 T1090 ..] [SP FRAME RX] arp rsp,vif_idx:0 sender:[28:7b:11:70:68:8f 192.168.3.53]receiver:[1c:79:2d:20:62:97 192.168.3.167]
05-23 15:37:18.847 711 711 D HDMI : [R]: 04:8F
05-23 15:37:18.848 711 891 D HDMI : [S]: 40:90:01
05-23 15:36:59.654 0 0 W : [3 T2956 .s] [SP FRAME TX] arp req,vif_idx:0 sender:[1c:79:2d:20:62:97 192.168.3.167]receiver:[00:00:00:00:00:00 192.168.3.221]
05-23 15:36:59.655 0 0 W : [3 T2956 .s] [SP FRAME TX] arp req,vif_idx:0 sender:[1c:79:2d:20:62:97 192.168.3.167]receiver:[00:00:00:00:00:00 192.168.3.162]
05-23 15:36:59.670 0 0 W : [3 T1090 ..] [SP FRAME RX] arp rsp,vif_idx:0 sender:[a6:8b:d2:cd:fe:9a 192.168.3.162]receiver:[1c:79:2d:20:62:97 192.168.3.167]
05-23 15:36:59.716 0 0 W : [3 T1090 ..] [SP FRAME RX] arp rsp,vif_idx:0 sender:[0c:91:60:12:cd:da 192.168.3.221]receiver:[1c:79:2d:20:62:97 192.168.3.167]
05-23 15:37:19.056 711 711 D HDMI : [R]: 04:44
05-23 15:37:19.057 711 711 D HDMI : oneTouchPlay com.android.server.hdmi.OneTouchPlayAction@f50a34f
05-23 15:37:19.057 711 711 I HDMI : Not ready to start action. Queued for deferred start:com.android.server.hdmi.OneTouchPlayAction@f50a34f
05-23 15:37:19.057 711 711 I HDMI : Hdmi cec wake up
05-23 15:37:19.058 711 711 I PowerGroup: Waking up power group from Asleep (groupId=0, uid=1000, reason=WAKE_REASON_HDMI, details=android.server.hdmi:WAKE)...
05-23 15:37:19.059 711 711 I PowerManagerService: Waking up from Asleep (uid=1000, reason=WAKE_REASON_HDMI, details=android.server.hdmi:WAKE)...
05-23 15:37:19.063 711 711 D WindowManager: updateCecScreenStatus 0
05-23 15:37:19.063 711 761 I DisplayPowerController2[0]: Blocking screen on until initial contents have been drawn.
05-23 15:37:19.063 711 711 D HDMI : setCecSettingIntValue name:cec_screen_state, value:0
05-23 15:37:19.064 711 711 E ActivityManager: Cancel pending or running compactions as system is awake
05-23 15:37:19.064 711 761 D ActivityTaskManager: Top Process State changed to PROCESS_STATE_TOP
05-23 15:37:19.064 711 711 D OomAdjuster: Not killing cached processes
05-23 15:37:19.065 711 761 E TransitionController: Set visible without transition ActivityRecord{1e9463d u0 com.dangbei.leard.leradlauncher/com.dangbei.launcher.home.LauncherActivity t220} playing=false caller=com.android.server.wm.TaskFragment.resumeTopActivity:1413
05-23 15:37:19.065 711 711 I ActivityManager: updateOomAdj start time is before than pendingPid added, don't delete it
05-23 15:37:19.071 711 761 V WindowManager: app ------------- force_land :0
05-23 15:37:19.071 711 711 I HDMI : screen state is changing to 0
05-23 15:37:19.072 711 711 D HDMI : onWakeUp action:0, current power status:1
05-23 15:37:19.072 711 761 I DisplayBrightnessStrategySelector: Changing the DisplayBrightnessStrategy from ScreenOffBrightnessStrategy toInvalidBrightnessStrategy for display 0
05-23 15:37:19.073 711 711 D HDMI : enableSystemCecControl: true
05-23 15:37:19.078 711 761 V DisplayPowerController2[0]: Brightness [0.39763778] reason changing to: 'manual', previous reason: 'screen_off'.
05-23 15:37:19.078 711 761 I DisplayPowerController2[0]: BrightnessEvent: disp=0, physDisp=local:4616277992360486155, brt=0.39763778, initBrt=0.0, rcmdBrt=NaN, preBrt=NaN, lux=0.0, preLux=0.0, hbmMax=1.0, hbmMode=off, rbcStrength=0, thrmMax=1.0, powerFactor=1.0, wasShortTermModelActive=false, flags=, reason=manual, autoBrightness=false, strategy=InvalidBrightnessStrategy
05-23 15:37:19.079 711 761 I DisplayPowerController2[0]: Unblocked screen on after 15 ms
05-23 15:37:19.081 711 736 I DisplayDeviceRepository: Display device changed state: "内置屏幕", ON
05-23 15:36:59.855 0 0 I [0 T518 ..] [pm]: early_suspend_state=0
05-23 15:36:59.855 0 0 I [0 T518 ..] vpu: vpu: late_resume clk: 666666656Hz(0x100)
05-23 15:36:59.856 0 0 I [0 T518 ..] BTI: bt_lateresume RG_AON_A52:0x4000006
05-23 15:36:59.856 0 0 I [0 T518 ..] BTI: RG_AON_A52:0x6
05-23 15:36:59.857 0 0 I [0 T518 ..] [hdmitx: ] Late Resume
05-23 15:36:59.858 0 0 I : [0 T518 ..] [drm] drm hdmitx hpd notify
05-23 15:36:59.859 0 0 I [2 T353 ..] [hdmitx: ] qms 0 qms_tfr_min/max 0 0 gaming_vrr_min/max 48 120
05-23 15:36:59.860 0 0 I [2 T353 ..] [hdmitx: ] BRR VIC 16 width/height 1920 1080 QMS min/max 0 0 GAME min/max 48 120
05-23 15:36:59.862 0 0 I [2 T353 ..] [hdmitx: ] BRR/VIC group
05-23 15:36:59.862 0 0 I : [0 T518 ..] video_late_resume ok
05-23 15:36:59.863 0 0 I [2 T353 ..] [hdmitx: ] BRR VIC 4 width/height 1280 720 QMS min/max 0 0 GAME min/max 48 120
05-23 15:36:59.864 0 0 I [2 T353 ..] [hdmitx: ] BRR/VIC group
05-23 15:36:59.867 0 0 I [0 T1792 dh] amvecm: resume recovery vsync
05-23 15:37:19.102 711 751 W KernelCpuProcStringReader: File not found. It's normal if not implemented: /proc/uid_concurrent_policy_time
05-23 15:36:59.872 0 0 I [2 T353 ..] [hdmitx: ] BRR VIC 97 width/height 3840 2160 QMS min/max 0 0 GAME min/max 48 120
05-23 15:36:59.873 0 0 I [2 T353 ..] [hdmitx: ] BRR/VIC group
05-23 15:36:59.873 0 0 I [2 T353 ..] [hdmitx: ] BRR VIC 102 width/height 4096 2160 QMS min/max 0 0 GAME min/max 48 120
05-23 15:36:59.876 0 0 I [2 T353 ..] [hdmitx: ] BRR/VIC group
05-23 15:36:59.876 0 0 I [2 T353 ..] [hdmitx: ] qms 0 qms_tfr_min/max 0 0 gaming_vrr_min/max 48 120
05-23 15:37:19.119 711 1040 I DisplayDevice: [0] Layerstack set to 0 for local:4616277992360486155
05-23 15:37:19.125 711 736 I DisplayDeviceRepository: Display device changed state: "内置屏幕", ON
05-23 15:36:59.909 0 0 W : [3 T1090 ..] [SP FRAME RX] arp req,vif_idx:0 sender:[2e:6a:3b:b3:ad:e6 192.168.3.15]receiver:[00:00:00:00:00:00 192.168.3.167]
05-23 15:36:59.910 0 0 W : [1 T743 .s] [SP FRAME TX] arp req,vif_idx:0 sender:[1c:79:2d:20:62:97 192.168.3.167]receiver:[00:00:00:00:00:00 192.168.3.148]
05-23 15:36:59.912 0 0 W : [1 T743 .s] [SP FRAME TX] arp rsp,vif_idx:0 sender:[1c:79:2d:20:62:97 192.168.3.167]receiver:[2e:6a:3b:b3:ad:e6 192.168.3.15]
05-23 15:36:59.913 0 0 W : [1 T743 .s] [SP FRAME TX] arp req,vif_idx:0 sender:[1c:79:2d:20:62:97 192.168.3.167]receiver:[00:00:00:00:00:00 192.168.3.118]
05-23 15:36:59.916 0 0 I [2 T353 ..] [hdmitx: ] qms 0 qms_tfr_min/max 0 0 gaming_vrr_min/max 48 120
05-23 15:36:59.916 0 0 I [2 T353 ..] [hdmitx: ] BRR VIC 16 width/height 1920 1080 QMS min/max 0 0 GAME min/max 48 120
05-23 15:36:59.920 0 0 I [2 T353 ..] [hdmitx: ] BRR/VIC group
05-23 15:36:59.920 0 0 I [2 T353 ..] [hdmitx: ] BRR VIC 4 width/height 1280 720 QMS min/max 0 0 GAME min/max 48 120
05-23 15:36:59.922 0 0 W : [3 T1090 ..] [SP FRAME RX] arp req,vif_idx:0 sender:[42:f0:95:73:53:48 192.168.3.101]receiver:[00:00:00:00:00:00 192.168.3.167]
05-23 15:36:59.923 0 0 W : [3 T1090 ..] [SP FRAME TX] arp rsp,vif_idx:0 sender:[1c:79:2d:20:62:97 192.168.3.167]receiver:[42:f0:95:73:53:48 192.168.3.101]
05-23 15:36:59.923 0 0 I [2 T353 ..] [hdmitx: ] BRR/VIC group
05-23 15:36:59.925 0 0 W : [3 T1090 ..] [SP FRAME RX] arp req,vif_idx:0 sender:[4e:df:ee:48:4b:63 192.168.3.151]receiver:[00:00:00:00:00:00 192.168.3.167]
05-23 15:36:59.927 0 0 W : [3 T1090 ..] [SP FRAME TX] arp rsp,vif_idx:0 sender:[1c:79:2d:20:62:97 192.168.3.167]receiver:[4e:df:ee:48:4b:63 192.168.3.151]
05-23 15:36:59.928 0 0 I [2 T353 ..] [hdmitx: ] BRR VIC 97 width/height 3840 2160 QMS min/max 0 0 GAME min/max 48 120
05-23 15:36:59.928 0 0 W : [3 T1090 ..] [SP FRAME RX] arp rsp,vif_idx:0 sender:[28:7b:11:70:75:f3 192.168.3.148]receiver:[1c:79:2d:20:62:97 192.168.3.167]
05-23 15:36:59.932 0 0 I [2 T353 ..] [hdmitx: ] BRR/VIC group
05-23 15:36:59.932 0 0 I [2 T353 ..] [hdmitx: ] BRR VIC 102 width/height 4096 2160 QMS min/max 0 0 GAME min/max 48 120
05-23 15:36:59.933 0 0 I [2 T353 ..] [hdmitx: ] BRR/VIC group
05-23 15:36:59.933 0 0 W : [3 T1090 ..] [SP FRAME RX] arp rsp,vif_idx:0 sender:[3a:fd:3d:ee:5f:54 192.168.3.118]receiver:[1c:79:2d:20:62:97 192.168.3.167]
05-23 15:36:59.935 0 0 I [2 T353 ..] [hdmitx: ] qms 0 qms_tfr_min/max 0 0 gaming_vrr_min/max 48 120
05-23 15:36:59.943 0 0 I [2 T353 ..] [hdmitx: ] qms 0 qms_tfr_min/max 0 0 gaming_vrr_min/max 48 120
05-23 15:36:59.944 0 0 I [2 T353 ..] [hdmitx: ] BRR VIC 16 width/height 1920 1080 QMS min/max 0 0 GAME min/max 48 120
05-23 15:36:59.945 0 0 I [2 T353 ..] [hdmitx: ] BRR/VIC group
05-23 15:36:59.946 0 0 I [2 T353 ..] [hdmitx: ] BRR VIC 4 width/height 1280 720 QMS min/max 0 0 GAME min/max 48 120
05-23 15:36:59.946 0 0 I [2 T353 ..] [hdmitx: ] BRR/VIC group
05-23 15:36:59.948 0 0 I [2 T353 ..] [hdmitx: ] BRR VIC 97 width/height 3840 2160 QMS min/max 0 0 GAME min/max 48 120
05-23 15:36:59.949 0 0 I [2 T353 ..] [hdmitx: ] BRR/VIC group
05-23 15:36:59.949 0 0 I [2 T353 ..] [hdmitx: ] BRR VIC 102 width/height 4096 2160 QMS min/max 0 0 GAME min/max 48 120
05-23 15:36:59.951 0 0 I [2 T353 ..] [hdmitx: ] BRR/VIC group
05-23 15:36:59.951 0 0 I [2 T353 ..] [hdmitx: ] qms 0 qms_tfr_min/max 0 0 gaming_vrr_min/max 48 120
05-23 15:37:19.185 711 711 D HDMI : receive android.intent.action.SCREEN_ON
05-23 15:36:59.956 0 0 I [2 T353 ..] vc: [0]get capability: min 64 64; max 4096 2160
05-23 15:36:59.956 0 0 I [2 T353 ..] vc: [1]get capability: min 64 64; max 2048 1080
05-23 15:36:59.962 0 0 W : [3 T1090 ..] [SP FRAME RX] arp req,vif_idx:0 sender:[32:08:ae:4d:23:4b 192.168.3.154]receiver:[00:00:00:00:00:00 192.168.3.167]
05-23 15:36:59.963 0 0 W : [3 T1090 ..] [SP FRAME TX] arp rsp,vif_idx:0 sender:[1c:79:2d:20:62:97 192.168.3.167]receiver:[32:08:ae:4d:23:4b 192.168.3.154]
05-23 15:37:19.223 711 734 W ContextImpl: Calling a method in the system process without a qualified user: android.app.ContextImpl.startService:1899 com.android.server.wm.DisplayPolicy.lambda$focusChangedLw$5:2126 com.android.server.wm.DisplayPolicy.$r8$lambda$Znxk63oh-WzVnzo_WQefN7uxV48:0 com.android.server.wm.DisplayPolicy$$ExternalSyntheticLambda13.run:0 android.os.Handler.handleCallback:958
05-23 15:37:00.002 0 0 I [2 T353 ..] [hdmitx: ] avmute_store 1
05-23 15:37:00.017 0 0 W : [3 T1090 ..] [SP FRAME RX] arp req,vif_idx:0 sender:[42:87:91:b7:6d:20 192.168.3.226]receiver:[00:00:00:00:00:00 192.168.3.167]
05-23 15:37:00.018 0 0 W : [3 T1090 ..] [SP FRAME TX] arp rsp,vif_idx:0 sender:[1c:79:2d:20:62:97 192.168.3.167]receiver:[42:87:91:b7:6d:20 192.168.3.226]
05-23 15:37:00.028 0 0 W : [3 T1090 ..] [SP FRAME RX] arp req,vif_idx:0 sender:[9a:da:f3:3d:bb:2f 192.168.3.111]receiver:[00:00:00:00:00:00 192.168.3.167]
05-23 15:37:00.029 0 0 W : [3 T1090 ..] [SP FRAME TX] arp rsp,vif_idx:0 sender:[1c:79:2d:20:62:97 192.168.3.167]receiver:[9a:da:f3:3d:bb:2f 192.168.3.111]
05-23 15:37:00.033 0 0 W [0 T3117 ..] audit: audit_lost=179 audit_rate_limit=5 audit_backlog_limit=64
05-23 15:37:00.033 0 0 E [0 T3117 ..] audit: rate limit exceeded
05-23 15:37:00.053 0 0 W : [1 T1127 ..] [aml_android_priv_ioctl 128] vif idx=0 cmd=SETSUSPENDMODE 0
05-23 15:37:00.053 0 0 W : [1 T1127 ..] [aml_android_set_suspend_mode 77] set google_cast 0
05-23 15:37:19.296 711 1059 I MediaSessionStack: removeSession | record: com.android.bluetooth/BluetoothMediaBrowserService (userId=0)
05-23 15:37:19.297 711 1107 I ActivityManager: Process com.android.bluetooth (pid 1158) has died: psvc PER
05-23 15:37:19.298 711 1107 W ActivityManager: Scheduling restart of crashed service com.android.bluetooth/.btservice.AdapterService in 1000ms for connection
05-23 15:37:19.298 711 1107 W ActivityManager: Scheduling restart of crashed service com.android.bluetooth/.gatt.GattService in 11000ms for connection
05-23 15:37:19.300 711 734 D DisplayManagerService: Drop pending events for gone uid 1002
05-23 15:37:00.069 0 0 I : [2 T353 ..] [drm] build_hdmitx_attr_str:420,10bit = 3+10
05-23 15:37:00.069 0 0 I : [2 T353 ..] [drm] am_meson_crtc_atomic_disable-[0]:in
05-23 15:37:00.070 0 0 I : [2 T353 ..] dummy_encl_disable finished
05-23 15:37:00.070 0 0 I : [2 T353 ..] [drm] am_meson_crtc_atomic_enable-[0] in: new[smpte60hz], old[dummy_l], vmode[4-4], uboot[0]
05-23 15:37:00.072 0 0 I : [2 T353 ..] [drm] am_meson_crtc_atomic_enable-[0]: enable mode smpte60hz final vmode 0
05-23 15:37:00.074 0 0 I [2 T353 ..] [hdmitx: ] set21_s7d_htxpll_clk_out[96] htxpll vco 3712500 div 1
05-23 15:37:00.075 0 0 I [2 T353 ..] [hdmitx: ] pll_od0 = 0, pll_od2 = 0, pll_od1 = 1
05-23 15:37:00.076 0 0 I [2 T353 ..] [hdmitx: ] clocks_set_vid_clk_div_for_hdmi[402] div = 8
05-23 15:37:00.076 0 0 I [2 T353 ..] [hdmitx: ] configure venc
05-23 15:37:00.077 0 0 I [2 T353 ..] [hdmitx: ] config_tv_enc_calc[63] vic = 102
05-23 15:37:00.078 0 0 I [2 T353 ..] [hdmitx: ] hdmitx_soft_reset[1261]
05-23 15:37:00.078 0 0 I [2 T353 ..] [hdmitx: ] config hdmitx IP vic = 102 cd:5 cs: 3
05-23 15:37:00.079 0 0 I [2 T353 ..] [hdmitx: ] configure hdmitx21
05-23 15:37:00.091 0 0 E [2 T353 ..] [hdmitx: ] *HDMITX_ERROR* hdmitx21_poll_reg addr:0x8 exp_data:0x0 rd_data:0x10 poll time-out!
05-23 15:37:00.093 0 0 I [2 T353 ..] [hdmitx: ] hdmitx_set_dispmode[1527] frl_rate 0 htotal 4400 cs 3 cd 5 h_unstable 0
05-23 15:37:00.093 0 0 I [0 T3058 dh] [hdmitx: ] hdmitx_set_drm_pkt: tf=1, cf=1, colormetry=0
05-23 15:37:00.094 0 0 I [0 T3058 dh] [hdmitx: ] hdmitx_set_drm_pkt: hdr.sdr pkt sent
05-23 15:37:00.096 0 0 W : [3 T1090 ..] [SP FRAME RX] arp req,vif_idx:0 sender:[de:90:cb:50:92:8f 192.168.3.252]receiver:[00:00:00:00:00:00 192.168.3.167]
05-23 15:37:00.097 0 0 W : [3 T1090 ..] [SP FRAME TX] arp rsp,vif_idx:0 sender:[1c:79:2d:20:62:97 192.168.3.167]receiver:[de:90:cb:50:92:8f 192.168.3.252]
05-23 15:37:00.110 0 0 W : [3 T1090 ..] [SP FRAME RX] arp req,vif_idx:0 sender:[32:d3:91:86:95:7c 192.168.3.134]receiver:[00:00:00:00:00:00 192.168.3.167]
05-23 15:37:00.111 0 0 W : [3 T1090 ..] [SP FRAME TX] arp rsp,vif_idx:0 sender:[1c:79:2d:20:62:97 192.168.3.167]receiver:[32:d3:91:86:95:7c 192.168.3.134]
05-23 15:37:19.306 711 2604 I MediaSessionStack: removeSession | record: com.android.bluetooth/BluetoothMediaBrowserService (userId=0)
05-23 15:37:00.134 0 0 W : [3 T1090 ..] [SP FRAME RX] arp req,vif_idx:0 sender:[c2:07:3d:a6:ee:3e 192.168.3.116]receiver:[00:00:00:00:00:00 192.168.3.167]
05-23 15:37:00.135 0 0 W : [3 T1090 ..] [SP FRAME TX] arp rsp,vif_idx:0 sender:[1c:79:2d:20:62:97 192.168.3.167]receiver:[c2:07:3d:a6:ee:3e 192.168.3.116]
05-23 15:37:00.136 0 0 W : [3 T1090 ..] [SP FRAME RX] arp req,vif_idx:0 sender:[4c:6b:b8:99:cd:e4 192.168.3.205]receiver:[00:00:00:00:00:00 192.168.3.167]
05-23 15:37:00.138 0 0 W : [3 T1090 ..] [SP FRAME TX] arp rsp,vif_idx:0 sender:[1c:79:2d:20:62:97 192.168.3.167]receiver:[4c:6b:b8:99:cd:e4 192.168.3.205]
05-23 15:37:00.138 0 0 I [2 T353 ..] [hdmitx: ] set21_phy_by_mode_s7d[188] rterm = 7
05-23 15:37:00.139 0 0 W : [3 T1090 ..] [SP FRAME RX] arp req,vif_idx:0 sender:[26:3b:39:2a:ea:db 192.168.3.69]receiver:[00:00:00:00:00:00 192.168.3.167]
05-23 15:37:00.142 0 0 W : [3 T1090 ..] [SP FRAME TX] arp rsp,vif_idx:0 sender:[1c:79:2d:20:62:97 192.168.3.167]receiver:[26:3b:39:2a:ea:db 192.168.3.69]
05-23 15:37:00.151 0 0 I [2 T353 ..] [hdmitx: ] Sink is HDMI device
05-23 15:37:00.151 0 0 I [2 T353 ..] [hdmitx: ] clear vsif for non-4k mode.
05-23 15:37:00.152 0 0 I [2 T353 d.] [hdmitx: ] hdmitx_set_drm_pkt: hdr.sdr pkt sent
05-23 15:37:00.152 0 0 I [2 T353 ..] [hdmitx: ] set audio
05-23 15:37:00.153 0 0 I [2 T353 ..] [hdmitx: ] audio_param->chs = 1
05-23 15:37:00.154 0 0 I [2 T353 ..] [hdmitx: ] aud_src_if = 0
05-23 15:37:00.154 0 0 I [2 T353 ..] [hdmitx: ] aud_n_para = 5120
05-23 15:37:00.155 0 0 I [2 T353 ..] [hdmitx: ] vinfo: set cur_enc_ppc as 1, vpp color: 0
05-23 15:37:00.160 0 0 I [0 T1105 dh] [hdmitx: ] hdmitx_set_drm_pkt: tf=16, cf=9, colormetry=0
05-23 15:37:00.167 0 0 I [2 T353 ..] DOLBY: vout_notify_callback: VOUT_EVENT_MODE_CHANGE
05-23 15:37:00.184 0 0 I : [2 T353 ..] vsync_pts_inc 1500 1/60
05-23 15:37:00.186 0 0 I [2 T669 ..] [snd-soc]: aml_audio_reset, reg 0xa, shift 9, use_vadtop 0
05-23 15:37:00.186 0 0 I [2 T669 ..] [snd-soc]: aml_audio_reset, reg 0xa, shift 14, use_vadtop 0
05-23 15:37:00.188 0 0 I [2 T669 ..] [hdmitx: ] hdmitx_audio_notify_callback[804] type:1 rate:0 size:0 chs:0 i2s_ch_mask:0 aud_src_if:0
05-23 15:37:00.189 0 0 E [2 T669 ..] [hdmitx: ] *HDMITX_ERROR* audio chn setting, must be 2, 4, 6 or 8, Rst as def
05-23 15:37:00.190 0 0 I [2 T669 ..] [hdmitx: ] aout notify format CT_PCM
05-23 15:37:00.190 0 0 I [2 T669 ..] [hdmitx: ] set audio
05-23 15:37:00.191 0 0 I [2 T669 ..] [hdmitx: ] audio_param->chs = -1
05-23 15:37:00.192 0 0 I [2 T669 ..] [hdmitx: ] aud_src_if = 0
05-23 15:37:00.192 0 0 I [2 T669 ..] [hdmitx: ] aud_n_para = 5120
05-23 15:37:00.193 0 0 I [2 T669 ..] [hdmitx: ] set audio param
05-23 15:37:00.193 0 0 I [2 T669 ..] [hdmitx: ] hdmitx_audio_notify_callback[804] type:2 rate:3 size:1 chs:2 i2s_ch_mask:1 aud_src_if:0
05-23 15:37:00.195 0 0 I [2 T669 ..] [hdmitx: ] aout notify format CT_AC_3
05-23 15:37:00.196 0 0 I [3 T669 ..] [hdmitx: ] set audio
05-23 15:37:00.196 0 0 I [2 T669 ..] [hdmitx: ] audio_param->chs = 1
05-23 15:37:00.197 0 0 I [2 T669 ..] [hdmitx: ] aud_src_if = 0
05-23 15:37:00.197 0 0 I [3 T669 ..] [hdmitx: ] aud_n_para = 5120
05-23 15:37:00.198 0 0 W : [0 T1792 .s] [SP FRAME TX] arp req,vif_idx:0 sender:[1c:79:2d:20:62:97 192.168.3.167]receiver:[00:00:00:00:00:00 192.168.3.229]
05-23 15:37:00.198 0 0 I [3 T669 ..] [hdmitx: ] set audio param
05-23 15:37:00.200 0 0 W : [0 T1792 .s] [SP FRAME TX] arp req,vif_idx:0 sender:[1c:79:2d:20:62:97 192.168.3.167]receiver:[00:00:00:00:00:00 192.168.3.224]
05-23 15:37:00.200 0 0 D [2 T669 ..] [snd-soc]: aml_spdif_fifo_ctrl, bit depth:16, frddr type:1, toddr:type:1
05-23 15:37:00.202 0 0 W : [0 T1792 .s] [SP FRAME TX] arp req,vif_idx:0 sender:[1c:79:2d:20:62:97 192.168.3.167]receiver:[00:00:00:00:00:00 192.168.3.217]
05-23 15:37:00.203 0 0 I : [2 T353 ..] [drm] meson_vout_update_mode_name: hdmitx update vout 1 name smpte60hz.
05-23 15:37:00.230 0 0 W : [0 T1792 .s] [SP FRAME TX] arp req,vif_idx:0 sender:[1c:79:2d:20:62:97 192.168.3.167]receiver:[00:00:00:00:00:00 192.168.3.190]
05-23 15:37:00.231 0 0 W : [0 T1792 .s] [SP FRAME TX] arp req,vif_idx:0 sender:[1c:79:2d:20:62:97 192.168.3.167]receiver:[00:00:00:00:00:00 192.168.3.183]
05-23 15:37:00.232 0 0 W : [0 T1792 .s] [SP FRAME TX] arp req,vif_idx:0 sender:[1c:79:2d:20:62:97 192.168.3.167]receiver:[00:00:00:00:00:00 192.168.3.165]
05-23 15:37:00.262 0 0 W : [0 T0 .s] [SP FRAME TX] arp req,vif_idx:0 sender:[1c:79:2d:20:62:97 192.168.3.167]receiver:[00:00:00:00:00:00 192.168.3.137]
05-23 15:37:00.270 0 0 I [2 T353 ..] [hdmitx: ] avmute_store -1
05-23 15:37:00.278 0 0 I [2 T353 ..] [hdmitx: ] qms 0 qms_tfr_min/max 0 0 gaming_vrr_min/max 48 120
05-23 15:37:00.278 0 0 I [2 T353 ..] [hdmitx: ] BRR VIC 16 width/height 1920 1080 QMS min/max 0 0 GAME min/max 48 120
05-23 15:37:00.279 0 0 I [2 T353 ..] [hdmitx: ] BRR/VIC group
05-23 15:37:00.280 0 0 I [2 T353 ..] [hdmitx: ] BRR VIC 4 width/height 1280 720 QMS min/max 0 0 GAME min/max 48 120
05-23 15:37:00.281 0 0 I [2 T353 ..] [hdmitx: ] BRR/VIC group
05-23 15:37:00.282 0 0 I [2 T353 ..] [hdmitx: ] BRR VIC 97 width/height 3840 2160 QMS min/max 0 0 GAME min/max 48 120
05-23 15:37:00.283 0 0 I [2 T353 ..] [hdmitx: ] BRR/VIC group
05-23 15:37:00.283 0 0 I [2 T353 ..] [hdmitx: ] BRR VIC 102 width/height 4096 2160 QMS min/max 0 0 GAME min/max 48 120
05-23 15:37:00.285 0 0 I [2 T353 ..] [hdmitx: ] BRR/VIC group
05-23 15:37:00.285 0 0 I [2 T353 ..] [hdmitx: ] qms 0 qms_tfr_min/max 0 0 gaming_vrr_min/max 48 120
05-23 15:37:00.294 0 0 W : [0 T272 .s] [SP FRAME TX] arp req,vif_idx:0 sender:[1c:79:2d:20:62:97 192.168.3.167]receiver:[00:00:00:00:00:00 192.168.3.92]
05-23 15:37:00.326 0 0 W : [0 T0 .s] [SP FRAME TX] arp req,vif_idx:0 sender:[1c:79:2d:20:62:97 192.168.3.167]receiver:[00:00:00:00:00:00 192.168.3.81]
05-23 15:37:00.327 0 0 W : [0 T0 .s] [SP FRAME TX] arp req,vif_idx:0 sender:[1c:79:2d:20:62:97 192.168.3.167]receiver:[00:00:00:00:00:00 192.168.3.76]
05-23 15:37:19.566 711 736 D LocalDisplayAdapter: The active mode was changed from SurfaceFlinger or the display device to {id=37, width=4096, height=2160, fps=60.000004, alternativeRefreshRates=[], supportedHdrTypes=[2, 3]}
05-23 15:37:19.566 711 736 D LocalDisplayAdapter: New display modes are added and the active mode has changed, use active mode as default mode.
05-23 15:37:19.566 711 736 W LocalDisplayAdapter: DisplayModeSpecs base mode no longer available, using currently active mode.
05-23 15:37:19.567 711 736 I DisplayDeviceRepository: Display device changed: DisplayDeviceInfo{"内置屏幕": uniqueId="local:4616277992360486155", 4096 x 2160, modeId 33, renderFrameRate 60.000004, defaultModeId 33, supportedModes [{id=33, width=4096, height=2160, fps=60.000004, alternativeRefreshRates=[], supportedHdrTypes=[]}], colorMode 0, supportedColorModes [0], hdrCapabilities HdrCapabilities{mSupportedHdrTypes=[], mMaxLuminance=500.0, mMaxAverageLuminance=500.0, mMinLuminance=0.0}, allmSupported false, gameContentTypeSupported false, density 480, 90.468 x 84.406 dpi, appVsyncOff 2000000, presDeadline 13666666, touch INTERNAL, rotation 0, type INTERNAL, address {port=11, model=0x401050603f19a5}, deviceProductInfo DeviceProductInfo{name=Linux FHD, manufacturerPnpId=LNX, productId=0, modelYear=null, manufactureDate=ManufactureDate{week=5, year=2012}, connectionToSinkType=0}, state ON, committedState ON, frameRateOverride , brightnessMinimum 0.0, brightnessMaximum 1.0, brightnessDefault 0.39763778, hdrSdrRatio NaN, FLAG_ALLOWED_TO_BE_DEFAULT_DISPLAY, FLAG_ROTATES_WITH_CONTENT, FLAG_SECURE, FLAG_SUPPORTS_PROTECTED_BUFFERS, FLAG_TRUSTED, installOrientation 0, displayShape DisplayShape{ spec=215504843 displayWidth=4096 displayHeight=2160 physicalPixelDisplaySizeRatio=1.0 rotation=0 offsetX=0 offsetY=0 scale=1.0}}
05-23 15:37:19.570 711 737 W LocalDisplayAdapter: Ignoring request for invalid base mode id 33
05-23 15:37:19.572 711 736 I DisplayDeviceRepository: Display device changed: DisplayDeviceInfo{"内置屏幕": uniqueId="local:4616277992360486155", 4096 x 2160, modeId 37, renderFrameRate 60.000004, defaultModeId 37, supportedModes [{id=34, width=1920, height=1080, fps=119.88013, alternativeRefreshRates=[], supportedHdrTypes=[2, 3]}, {id=35, width=1920, height=1080, fps=120.00001, alternativeRefreshRates=[], supportedHdrTypes=[2, 3]}, {id=36, width=4096, height=2160, fps=59.94006, alternativeRefreshRates=[], supportedHdrTypes=[2, 3]}, {id=37, width=4096, height=2160, fps=60.000004, alternativeRefreshRates=[], supportedHdrTypes=[2, 3]}, {id=38, width=4096, height=2160, fps=50.0, alternativeRefreshRates=[], supportedHdrTypes=[2, 3]}, {id=39, width=4096, height=2160, fps=29.97003, alternativeRefreshRates=[], supportedHdrTypes=[2, 3]}, {id=40, width=4096, height=2160, fps=30.000002, alternativeRefreshRates=[], supportedHdrTypes=[2, 3]}, {id=41, width=4096, height=2160, fps=23.976025, alternativeRefreshRates=[], supportedHdrTypes=[2, 3]}, {id=42, width=4096, height=2160, fps=24.000002, alternativeRefreshRates=[], supportedHdrTypes=[2, 3]}, {id=43, width=3840, height=2160, fps=59.94006, alternativeRefreshRates=[], supportedHdrTypes=[2, 3]}, {id=44, width=3840, height=2160, fps=60.000004, alternativeRefreshRates=[], supportedHdrTypes=[2, 3]}, {id=45, width=3840, height=2160, fps=50.0, alternativeRefreshRates=[], supportedHdrTypes=[2, 3]}, {id=46, width=3840, height=2160, fps=29.97003, alternativeRefreshRates=[], supportedHdrTypes=[2, 3]}, {id=47, width=3840, height=2160, fps=30.000002, alternativeRefreshRates=[], supportedHdrTypes=[2, 3]}, {id=48, width=3840, height=2160, fps=25.0, alternativeRefreshRates=[], supportedHdrTypes=[2, 3]}, {id=49, width=3840, height=2160, fps=23.976025, alternativeRefreshRates=[], supportedHdrTypes=[2, 3]}, {id=50, width=3840, height=2160, fps=24.000002, alternativeRefreshRates=[], supportedHdrTypes=[2, 3]}, {id=51, width=1920, height=1080, fps=100.0, alternativeRefreshRates=[], supportedHdrTypes=[2, 3]}, {id=52, width=1920, height=1080, fps=59.94006, alternativeRefreshRates=[], supportedHdrTypes=[2, 3]}, {id=53, width=1920, height=1080, fps=60.000004, alternativeRefreshRates=[], supportedHdrTypes=[2, 3]}, {id=54, width=1920, height=1080, fps=50.0, alternativeRefreshRates=[], supportedHdrTypes=[2, 3]}, {id=55, width=1920, height=1080, fps=29.97003, alternativeRefreshRates=[], supportedHdrTypes=[2, 3]}, {id=56, width=1920, height=1080, fps=30.000002, alternativeRefreshRates=[], supportedHdrTypes=[2, 3]}, {id=57, width=1920, height=1080, fps=25.0, alternativeRefreshRates=[], supportedHdrTypes=[2, 3]}, {id=58, width=1920, height=1080, fps=23.976025, alternativeRefreshRates=[], supportedHdrTypes=[2, 3]}, {id=59, width=1920, height=1080, fps=24.000002, alternativeRefreshRates=[], supportedHdrTypes=[2, 3]}, {id=60, width=1280, height=720, fps=59.94006, alternativeRefreshRates=[], supportedHdrTypes=[2, 3]}, {id=61, width=1280, height=720, fps=60.000004, alternativeRefreshRates=[], supportedHdrTypes=[2, 3]}, {id=62, width=1280, height=720, fps=50.0, alternativeRefreshRates=[], supportedHdrTypes=[2, 3]}, {id=63, width=720, height=576, fps=50.0, alternativeRefreshRates=[], supportedHdrTypes=[2, 3]}, {id=64, width=720, height=480, fps=59.94006, alternativeRefreshRates=[], supportedHdrTypes=[2, 3]}, {id=65, width=720, height=480, fps=60.000004, alternativeRefreshRates=[], supportedHdrTypes=[2, 3]}], colorMode 0, supportedColorModes [0], hdrCapabilities HdrCapabilities{mSupportedHdrTypes=[2, 3], mMaxLuminance=500.0, mMaxAverageLuminance=500.0, mMinLuminance=0.0}, allmSupported true, gameContentTypeSupported false, density 480, 90.468 x 84.406 dpi, appVsyncOff 2000000, presDeadline 13666666, touch INTERNAL, rotation 0, type INTERNAL, address {port=11, model=0x401050603f19a5}, deviceProductInfo DeviceProductInfo{name=Dangbei , manufacturerPnpId=DBP, productId=48, modelYear=null, manufactureDate=ManufactureDate{week=10, year=2014}, connectionToSinkType=2}, state ON, committedState ON, frameRateOverride , br
05-23 15:37:00.351 0 0 I [3 T486 ..] [wireless]: BT_RADIO going: off
05-23 15:37:00.351 0 0 I [3 T486 ..] [wireless]: AML_BT: going OFF,btpower_evt=0
05-23 15:37:00.351 0 0 I [3 T486 ..] [mmc]: sdio vendor is 0x1b8e
05-23 15:37:00.362 0 0 W : [0 T0 .s] [SP FRAME TX] arp req,vif_idx:0 sender:[1c:79:2d:20:62:97 192.168.3.167]receiver:[00:00:00:00:00:00 192.168.3.44]
05-23 15:37:00.363 0 0 W : [0 T0 .s] [SP FRAME TX] arp req,vif_idx:0 sender:[1c:79:2d:20:62:97 192.168.3.167]receiver:[00:00:00:00:00:00 192.168.3.35]
05-23 15:37:00.394 0 0 W : [0 T0 .s] [SP FRAME TX] arp req,vif_idx:0 sender:[1c:79:2d:20:62:97 192.168.3.167]receiver:[00:00:00:00:00:00 192.168.3.3]
05-23 15:37:19.724 711 823 D CompatibilityChangeReporter: Compat change id reported: 135634846; UID 1002; state: DISABLED
05-23 15:37:19.736 711 745 I ActivityManager: Start proc 3140:com.android.bluetooth/1002 for service {com.android.bluetooth/com.android.bluetooth.btservice.AdapterService}
05-23 15:37:19.761 711 2156 D CompatibilityChangeReporter: Compat change id reported: 168419799; UID 1002; state: DISABLED
05-23 15:37:19.762 711 2156 D CompatibilityChangeReporter: Compat change id reported: 273564678; UID 1002; state: DISABLED
05-23 15:37:19.764 711 796 D CompatibilityChangeReporter: Compat change id reported: 265195908; UID 1002; state: ENABLED
05-23 15:37:19.843 711 891 D HDMI : New logical address for device [4]: [preferred:4, assigned:4]
05-23 15:37:19.845 711 711 D HDMI : addCecDevice new:CEC: logical_address: 0x04 device_type: 4 cec_version: 5 vendor_id: 1877008 display_name: DBBOX-A3 power_status: 0 physical_address: 0x3000 port_id: 0 old:null
05-23 15:37:19.852 3140 3140 E ActivityThread: Failed to find provider info for bluetooth_legacy.provider
05-23 15:37:19.854 711 711 D HDMI : onInitializeCecComplete 3
05-23 15:37:19.854 711 711 D HdmiControlService: Local device is under address allocation. Queue display callback for later process.
05-23 15:37:19.854 711 711 D HDMI : onAddressAllocated address:4 reason:3
05-23 15:37:19.855 711 891 D HDMI : [S]: 4F:84:30:00:04
05-23 15:37:19.856 711 711 D HDMI : DeviceDiscoveryAction start com.android.server.hdmi.DeviceDiscoveryAction@1186319
05-23 15:37:19.856 711 711 I HdmiCecLocalDevice: Starting queued action:com.android.server.hdmi.OneTouchPlayAction@f50a34f
05-23 15:37:19.856 711 711 D HDMI : setActiveSource logical:0x04 physical:0x3000 OneTouchPlayAction#broadcastActiveSource()
05-23 15:37:19.857 711 711 D HDMI : ActiveSourceHistoryRecord active source=(0x04, 0x3000) isActiveSource=true from=OneTouchPlayAction#broadcastActiveSource()
05-23 15:37:19.857 711 711 D HDMI : setActiveSource logical:0x04 physical:0x3000 ActiveSourceAction
05-23 15:37:19.858 711 711 D HDMI : ActiveSourceHistoryRecord active source=(0x04, 0x3000) isActiveSource=true from=ActiveSourceAction
05-23 15:37:19.864 711 711 D HdmiControlService: Switching to full volume behavior
05-23 15:37:19.864 711 711 D HdmiControlService: Switching to full volume behavior
05-23 15:37:19.879 711 2156 D CompatibilityChangeReporter: Compat change id reported: 161145287; UID 1002; state: ENABLED
05-23 15:37:00.667 0 0 E [3 T240 ..] servicemanager: VINTF HALs require names in the format type/instance (e.g. some.package.foo.IFoo/default) but got: suspend_control
05-23 15:37:00.668 0 0 I [3 T240 ..] servicemanager: Could not find android.hardware.bluetooth.IBluetoothHci/default in the VINTF manifest.
05-23 15:37:00.673 0 0 I [3 T486 ..] [wireless]: [wifi_power_ioctl] aml module chip is aml_w2_s
05-23 15:37:00.680 0 0 I [3 T486 ..] [wireless]: BT_RADIO going: on
05-23 15:37:00.681 0 0 I [3 T486 ..] [wireless]: AML_BT: going ON,btpower_evt=0
05-23 15:37:20.009 711 891 D HDMI : [S]: 4F:87:1C:A4:10
05-23 15:37:20.078 711 711 D HDMI : [R]: 04:46
05-23 15:37:20.079 711 711 D HDMI : addCecDevice new:CEC: logical_address: 0x00 device_type: 0 cec_version: 5 vendor_id: 16777215 display_name: TV power_status: -1 physical_address: 0xFFFF port_id: -1 old:null
05-23 15:37:20.080 711 711 D HdmiControlService: Switching to full volume behavior
05-23 15:37:00.985 0 0 W : [3 T1090 ..] [SP FRAME RX] arp rsp,vif_idx:0 sender:[28:48:e7:f0:76:bd 192.168.3.210]receiver:[1c:79:2d:20:62:97 192.168.3.167]
05-23 15:37:00.988 0 0 W : [3 T1090 ..] [SP FRAME RX] arp rsp,vif_idx:0 sender:[28:48:e7:f0:76:bd 192.168.3.210]receiver:[1c:79:2d:20:62:97 192.168.3.167]
05-23 15:37:20.297 711 891 D HDMI : [S]: 40:8C
05-23 15:37:01.098 0 0 I [3 T486 ..] [wireless]: [usb_power_control] Set BT power on !
05-23 15:37:01.133 0 0 I [2 T3174 ..] BTI: amlbt_sdio_fops_open bt opened rf num:0x2
05-23 15:37:01.133 0 0 I [2 T3174 ..] BTI: amlbt_sdio_fops_open, 0x20240820
05-23 15:37:01.134 0 0 I [2 T3174 ..] BTI: iccm start dw_state 0x1
05-23 15:37:01.134 0 0 I [2 T3174 ..] BTI: amlbt_sdio_char_write BT_fwICCM 0x11765000, BT_fwDCCM 0x117a6000
05-23 15:37:01.141 0 0 I [0 T3174 ..] BTI: dccm start
05-23 15:37:20.375 711 891 D HDMI : [S]: 40:47
05-23 15:37:01.172 0 0 I [0 T3174 ..] BTI: download finished!
05-23 15:37:01.172 0 0 I [0 T3174 ..] BTI: W E 0x40000,0x20000
05-23 15:37:01.172 0 0 I [0 T3174 ..] BTI: amlbt_sdio_char_read end
05-23 15:37:01.175 0 0 I [0 T3174 ..] BTI: BT set rf succeed!
05-23 15:37:01.175 0 0 I [0 T3174 ..] BTI: amlbt_sdio_char_write set rf num 0x2
05-23 15:37:01.175 0 0 I [0 T3174 ..] BTI: amlbt_sdio_fops_close BT closed
05-23 15:37:01.222 0 0 W : [0 T0 .s] [SP FRAME TX] arp req,vif_idx:0 sender:[1c:79:2d:20:62:97 192.168.3.167]receiver:[00:00:00:00:00:00 192.168.3.217]
05-23 15:37:01.223 0 0 W : [0 T0 .s] [SP FRAME TX] arp req,vif_idx:0 sender:[1c:79:2d:20:62:97 192.168.3.167]receiver:[00:00:00:00:00:00 192.168.3.224]
05-23 15:37:01.224 0 0 W : [0 T0 .s] [SP FRAME TX] arp req,vif_idx:0 sender:[1c:79:2d:20:62:97 192.168.3.167]receiver:[00:00:00:00:00:00 192.168.3.229]
05-23 15:37:01.254 0 0 W : [0 T0 .s] [SP FRAME TX] arp req,vif_idx:0 sender:[1c:79:2d:20:62:97 192.168.3.167]receiver:[00:00:00:00:00:00 192.168.3.165]
05-23 15:37:01.255 0 0 W : [0 T0 .s] [SP FRAME TX] arp req,vif_idx:0 sender:[1c:79:2d:20:62:97 192.168.3.167]receiver:[00:00:00:00:00:00 192.168.3.183]
05-23 15:37:01.256 0 0 W : [0 T0 .s] [SP FRAME TX] arp req,vif_idx:0 sender:[1c:79:2d:20:62:97 192.168.3.167]receiver:[00:00:00:00:00:00 192.168.3.190]
05-23 15:37:20.516 711 711 D HDMI : [R]: 0F:87:6D:74:6B
05-23 15:37:01.286 0 0 W : [0 T223 .s] [SP FRAME TX] arp req,vif_idx:0 sender:[1c:79:2d:20:62:97 192.168.3.167]receiver:[00:00:00:00:00:00 192.168.3.137]
05-23 15:37:01.318 0 0 W : [0 T223 .s] [SP FRAME TX] arp req,vif_idx:0 sender:[1c:79:2d:20:62:97 192.168.3.167]receiver:[00:00:00:00:00:00 192.168.3.92]
05-23 15:37:01.350 0 0 W : [0 T0 .s] [SP FRAME TX] arp req,vif_idx:0 sender:[1c:79:2d:20:62:97 192.168.3.167]receiver:[00:00:00:00:00:00 192.168.3.76]
05-23 15:37:01.351 0 0 W : [0 T0 .s] [SP FRAME TX] arp req,vif_idx:0 sender:[1c:79:2d:20:62:97 192.168.3.167]receiver:[00:00:00:00:00:00 192.168.3.81]
05-23 15:37:01.382 0 0 W : [0 T0 .s] [SP FRAME TX] arp req,vif_idx:0 sender:[1c:79:2d:20:62:97 192.168.3.167]receiver:[00:00:00:00:00:00 192.168.3.35]
05-23 15:37:01.383 0 0 W : [0 T0 .s] [SP FRAME TX] arp req,vif_idx:0 sender:[1c:79:2d:20:62:97 192.168.3.167]receiver:[00:00:00:00:00:00 192.168.3.44]
05-23 15:37:01.414 0 0 W : [0 T3164 .s] [SP FRAME TX] arp req,vif_idx:0 sender:[1c:79:2d:20:62:97 192.168.3.167]receiver:[00:00:00:00:00:00 192.168.3.3]
05-23 15:37:01.592 0 0 I [0 T240 ..] servicemanager: Found android.hardware.bluetooth.audio.IBluetoothAudioProviderFactory/default in device VINTF manifest.
05-23 15:37:01.593 0 0 I [0 T240 ..] servicemanager: Found android.hardware.bluetooth.audio.IBluetoothAudioProviderFactory/default in device VINTF manifest.
05-23 15:37:20.831 711 891 D HDMI : [S]: 45:7D
05-23 15:37:20.842 711 1112 D CompatibilityChangeReporter: Compat change id reported: 261072174; UID 1002; state: ENABLED
05-23 15:37:20.844 711 1112 D CompatibilityChangeReporter: Compat change id reported: 161252188; UID 10049; state: DISABLED
05-23 15:37:20.847 711 1112 D ActivityManager: sync unfroze 1557 com.android.music for 6
05-23 15:37:20.854 711 3126 I MediaSessionStack: addSession to bottom of stack | record: com.android.music/MediaPlaybackService (userId=0)
05-23 15:37:20.874 711 2156 I MediaSessionStack: addSession to bottom of stack | record: com.android.bluetooth/BluetoothMediaBrowserService (userId=0)
05-23 15:37:20.888 711 3126 W ActivityManager: Receiver with filter android.content.IntentFilter@47de11a already registered for pid 920, callerPackage is com.android.systemui
05-23 15:37:20.903 711 1112 D CompatibilityChangeReporter: Compat change id reported: 161145287; UID 1000; state: ENABLED
05-23 15:37:20.903 711 1112 D CompatibilityChangeReporter: Compat change id reported: 161145287; UID 1000; state: DISABLED
05-23 15:37:20.904 711 1112 W ActivityManager: Receiver with filter android.content.IntentFilter@b5b0e28 already registered for pid 1176, callerPackage is com.droidlogic
05-23 15:37:20.920 711 1112 I MediaSessionStack: addSession to bottom of stack | record: com.android.bluetooth/BluetoothMediaBrowserService (userId=0)
