05-23 15:39:38.372 3753 3753 F DEBUG : r8 00000000 r9 ffffffff r10 b88bdbc8 r11 00000000
05-23 15:39:38.372 3753 3753 F DEBUG : ip 00000e69 sp b88bdba8 lr e3f5e603 pc e3f5e616
05-23 15:39:38.372 3753 3753 F DEBUG : 24 total frames
05-23 15:39:38.372 3753 3753 F DEBUG : backtrace:
05-23 15:39:38.372 3753 3753 F DEBUG : #00 pc 0004a616 /apex/com.android.runtime/lib/bionic/libc.so (abort+138) (BuildId: 8e93a972dad1c40fabed7c4c768acf47)
05-23 15:39:38.372 3753 3753 F DEBUG : #01 pc 0004b993 /apex/com.android.runtime/lib/bionic/libc.so (__fortify_fatal(char const*, ...)+26) (BuildId: 8e93a972dad1c40fabed7c4c768acf47)
05-23 15:39:38.372 3753 3753 F DEBUG : #02 pc 00095839 /apex/com.android.runtime/lib/bionic/libc.so (HandleUsingDestroyedMutex(pthread_mutex_t*, char const*)+24) (BuildId: 8e93a972dad1c40fabed7c4c768acf47)
05-23 15:39:38.372 3753 3753 F DEBUG : #03 pc 0009570f /apex/com.android.runtime/lib/bionic/libc.so (pthread_mutex_lock+130) (BuildId: 8e93a972dad1c40fabed7c4c768acf47)
05-23 15:39:38.372 3753 3753 F DEBUG : #04 pc 0007689b /apex/com.android.btservices/lib/libc++.so (std::__1::recursive_mutex::lock()+2) (BuildId: bb7ef8480d9bad4568ac88a33cf6544c)
05-23 15:39:38.372 3753 3753 F DEBUG : #05 pc 0083de51 /apex/com.android.btservices/lib/libbluetooth_jni.so (bluetooth::os::WakelockManager::Release()+20) (BuildId: 74669df6f64f9e437a5dacef5200f0bd)
05-23 15:39:38.372 3753 3753 F DEBUG : #06 pc 0083bb0b /apex/com.android.btservices/lib/libbluetooth_jni.so (bluetooth::StackManager::StartUp(bluetooth::ModuleList*, bluetooth::os::Thread*)+246) (BuildId: 74669df6f64f9e437a5dacef5200f0bd)
05-23 15:39:38.372 3753 3753 F DEBUG : #07 pc 002e07b7 /apex/com.android.btservices/lib/libbluetooth_jni.so (bluetooth::shim::Stack::Start(bluetooth::ModuleList*)+142) (BuildId: 74669df6f64f9e437a5dacef5200f0bd)
05-23 15:39:38.373 3753 3753 F DEBUG : #08 pc 002e057b /apex/com.android.btservices/lib/libbluetooth_jni.so (bluetooth::shim::Stack::StartEverything()+1070) (BuildId: 74669df6f64f9e437a5dacef5200f0bd)
05-23 15:39:38.373 3753 3753 F DEBUG : #09 pc 002e7007 /apex/com.android.btservices/lib/libbluetooth_jni.so (ShimModuleStartUp()+6) (BuildId: 74669df6f64f9e437a5dacef5200f0bd)
05-23 15:39:38.373 3753 3753 F DEBUG : #10 pc 00466371 /apex/com.android.btservices/lib/libbluetooth_jni.so (module_start_up(module_t const*)+112) (BuildId: 74669df6f64f9e437a5dacef5200f0bd)
05-23 15:39:38.373 3753 3753 F DEBUG : #11 pc 00465519 /apex/com.android.btservices/lib/libbluetooth_jni.so (init_stack_internal(bluetooth::core::CoreInterface*)+52) (BuildId: 74669df6f64f9e437a5dacef5200f0bd)
05-23 15:39:38.373 3753 3753 F DEBUG : #12 pc 0046542f /apex/com.android.btservices/lib/libbluetooth_jni.so (event_init_stack(std::__1::promise, bluetooth::core::CoreInterface*)+78) (BuildId: 74669df6f64f9e437a5dacef5200f0bd)
05-23 15:39:38.373 3753 3753 F DEBUG : #13 pc 004654a3 /apex/com.android.btservices/lib/libbluetooth_jni.so (base::internal::Invoker, bluetooth::core::CoreInterface*), std::__1::promise, base::internal::UnretainedWrapper >, void ()>::RunOnce(base::internal::BindStateBase*)+30) (BuildId: 74669df6f64f9e437a5dacef5200f0bd)
05-23 15:39:38.373 3753 3753 F DEBUG : #14 pc 00884d47 /apex/com.android.btservices/lib/libbluetooth_jni.so (base::debug::TaskAnnotator::RunTask(char const*, base::PendingTask*)+134) (BuildId: 74669df6f64f9e437a5dacef5200f0bd)
05-23 15:39:38.373 3753 3753 F DEBUG : #15 pc 00884307 /apex/com.android.btservices/lib/libbluetooth_jni.so (base::MessageLoop::RunTask(base::PendingTask*)+138) (BuildId: 74669df6f64f9e437a5dacef5200f0bd)
05-23 15:39:38.373 3753 3753 F DEBUG : #16 pc 00884695 /apex/com.android.btservices/lib/libbluetooth_jni.so (base::MessageLoop::DoWork()+372) (BuildId: 74669df6f64f9e437a5dacef5200f0bd)
05-23 15:39:38.373 3753 3753 F DEBUG : #17 pc 008864cd /apex/com.android.btservices/lib/libbluetooth_jni.so (base::MessagePumpDefault::Run(base::MessagePump::Delegate*)+50) (BuildId: 74669df6f64f9e437a5dacef5200f0bd)
05-23 15:39:38.373 3753 3753 F DEBUG : #18 pc 008a0835 /apex/com.android.btservices/lib/libbluetooth_jni.so (base::RunLoop::Run()+50) (BuildId: 74669df6f64f9e437a5dacef5200f0bd)
05-23 15:39:38.373 3753 3753 F DEBUG : #19 pc 0049d0a3 /apex/com.android.btservices/lib/libbluetooth_jni.so (bluetooth::common::MessageLoopThread::Run(std::__1::promise)+190) (BuildId: 74669df6f64f9e437a5dacef5200f0bd)
05-23 15:39:38.373 3753 3753 F DEBUG : #20 pc 0049cd83 /apex/com.android.btservices/lib/libbluetooth_jni.so (bluetooth::common::MessageLoopThread::RunThread(bluetooth::common::MessageLoopThread*, std::__1::promise)+26) (BuildId: 74669df6f64f9e437a5dacef5200f0bd)
05-23 15:39:38.373 3753 3753 F DEBUG : #21 pc 0049d463 /apex/com.android.btservices/lib/libbluetooth_jni.so (void* std::__1::__thread_proxy >, void (*)(bluetooth::common::MessageLoopThread*, std::__1::promise), bluetooth::common::MessageLoopThread*, std::__1::promise > >(void*)+50) (BuildId: 74669df6f64f9e437a5dacef5200f0bd)
05-23 15:39:38.373 3753 3753 F DEBUG : #22 pc 00094b4f /apex/com.android.runtime/lib/bionic/libc.so (__pthread_start(void*)+40) (BuildId: 8e93a972dad1c40fabed7c4c768acf47)
05-23 15:39:38.373 3753 3753 F DEBUG : #23 pc 0004b613 /apex/com.android.runtime/lib/bionic/libc.so (__start_thread+30) (BuildId: 8e93a972dad1c40fabed7c4c768acf47)
05-23 15:39:38.428 711 891 D HDMI : [S]: 40:8F
05-23 15:39:38.430 711 3759 I DropBoxManagerService: add tag=system_app_native_crash isTagEnabled=true flags=0x2
05-23 15:39:38.430 711 805 E NativeTombstoneManager: Tombstone's UID (1002) not an app, ignoring
05-23 15:39:38.432 711 805 E NativeTombstoneManager: Tombstone's UID (1002) not an app, ignoring
05-23 15:39:38.456 711 2248 I ActivityManager: Process com.android.bluetooth (pid 3663) has died: psvc PER
05-23 15:39:38.457 711 2248 W ActivityManager: Scheduling restart of crashed service com.android.bluetooth/.btservice.AdapterService in 1000ms for connection
05-23 15:39:38.457 711 2248 W ActivityManager: Scheduling restart of crashed service com.android.bluetooth/.gatt.GattService in 3600000ms for connection
05-23 15:38:48.583 0 0 I [3 T643 ..] binder: undelivered death notification, 00000000e8516cc0
05-23 15:39:38.458 711 734 D DisplayManagerService: Drop pending events for gone uid 1002
05-23 15:39:38.508 711 891 D HDMI : [S]: 40:47
05-23 15:39:38.626 711 711 D HDMI : one touch play retry:1
05-23 15:39:38.783 711 891 D HDMI : [S]: 4F:87:1C:A4:10
05-23 15:39:39.040 711 711 D HDMI : [R]: 04:90:00
05-23 15:39:39.042 711 711 D HDMI : One touch play is done for TV's power is ready
05-23 15:39:39.042 711 711 D HDMI : setActiveSource logical:0x04 physical:0x3000 ActiveSourceAction
05-23 15:39:39.044 711 711 D HDMI : ActiveSourceHistoryRecord active source=(0x04, 0x3000) isActiveSource=true from=ActiveSourceAction
05-23 15:39:39.044 711 711 D HDMI : queryDisplayStatus status=0
05-23 15:39:39.044 711 711 D AudioService: onStatusChange cecEnabled:true available:true
05-23 15:39:39.045 711 711 D HdmiControlService: Switching to full volume behavior
05-23 15:39:39.165 711 711 D HDMI : [R]: 04:90:00
05-23 15:39:39.263 711 711 D HDMI : [R]: 04:8F
05-23 15:38:49.436 0 0 W : [3 T1090 ..] [SP FRAME RX] DHCP[0 1], vif_idx:0
05-23 15:39:39.315 711 891 D HDMI : [S]: 40:0D
05-23 15:39:39.396 711 891 D HDMI : [S]: 40:8F
05-23 15:39:39.458 711 744 D CompatibilityChangeReporter: Compat change id reported: 135634846; UID 1002; state: DISABLED
05-23 15:39:39.478 711 745 I ActivityManager: Start proc 3762:com.android.bluetooth/1002 for service {com.android.bluetooth/com.android.bluetooth.btservice.AdapterService}
05-23 15:38:49.620 0 0 W : [3 T1090 ..] [SP FRAME RX] arp req,vif_idx:0 sender:[9a:da:f3:3d:bb:2f 192.168.3.111]receiver:[00:00:00:00:00:00 192.168.3.167]
05-23 15:38:49.621 0 0 W : [3 T1090 ..] [SP FRAME TX] arp rsp,vif_idx:0 sender:[1c:79:2d:20:62:97 192.168.3.167]receiver:[9a:da:f3:3d:bb:2f 192.168.3.111]
05-23 15:39:39.496 711 1107 I ActivityTaskManager: START u0 {flg=0x14000000 cmp=com.dangbei.leard.leradlauncher/com.dangbei.launcher.home.LauncherActivity (has extras)} with LAUNCH_SINGLE_TASK from uid 1000 (BAL_ALLOW_ALLOWLISTED_UID) result code=3
05-23 15:39:39.532 711 891 D HDMI : [S]: 40:8F
05-23 15:39:39.616 3762 3762 E ActivityThread: Failed to find provider info for bluetooth_legacy.provider
05-23 15:39:39.624 711 711 D HDMI : [R]: 04:90:00
05-23 15:38:49.820 0 0 E [0 T240 ..] servicemanager: VINTF HALs require names in the format type/instance (e.g. some.package.foo.IFoo/default) but got: suspend_control
05-23 15:38:49.821 0 0 I [0 T240 ..] servicemanager: Could not find android.hardware.bluetooth.IBluetoothHci/default in the VINTF manifest.
05-23 15:39:39.808 711 891 D HDMI : [S]: 4F:82:30:00
05-23 15:38:49.836 0 0 I [1 T3707 ..] [wireless]: [wifi_power_ioctl] aml module chip is aml_w2_s
05-23 15:38:49.990 0 0 I [2 T8 ..] rx_pkt_counter: 0
05-23 15:38:49.990 0 0 E : [2 T8 ..] meson8b-dwmac fe368000.ethernet eth0: Reset adapter.
05-23 15:38:50.050 0 0 W [3 T1992 ..] audit: audit_lost=240 audit_rate_limit=5 audit_backlog_limit=64
05-23 15:38:50.050 0 0 E [3 T1992 ..] audit: rate limit exceeded
05-23 15:38:50.114 0 0 I : [2 T8 ..] meson8b-dwmac fe368000.ethernet eth0: PHY [0.0:00] driver [Generic PHY] (irq=POLL)
05-23 15:39:39.993 711 891 D HDMI : [S]: 40:8E:00
05-23 15:38:50.118 0 0 I : [0 T8 ..] meson8b-dwmac fe368000.ethernet eth0: Register MEM_TYPE_PAGE_POOL RxQ-0
05-23 15:39:40.088 3707 3806 F libc : Fatal signal 6 (SIGABRT), code -1 (SI_QUEUE) in tid 3806 (bluetooth@1.1-s), pid 3707 (bluetooth@1.1-s)
05-23 15:39:40.096 711 891 D HDMI : [S]: 40:90:00
05-23 15:39:40.203 3809 3809 F DEBUG : *** *** *** *** *** *** *** *** *** *** *** *** *** *** *** ***
05-23 15:39:40.203 3809 3809 F DEBUG : Build fingerprint: 'Amlogic/ross/Dangbei:14/UD2A.240505.001.W1/eng.server.20250523.093142:userdebug/test-keys'
05-23 15:39:40.203 3809 3809 F DEBUG : Revision: '0'
05-23 15:39:40.203 3809 3809 F DEBUG : ABI: 'arm'
05-23 15:39:40.204 3809 3809 F DEBUG : Timestamp: 2025-05-23 15:39:40.124974842+0800
05-23 15:39:40.204 3809 3809 F DEBUG : Process uptime: 0s
05-23 15:39:40.204 3809 3809 F DEBUG : Cmdline: /vendor/bin/hw/android.hardware.bluetooth@1.1-service-droidlogic
05-23 15:39:40.204 3809 3809 F DEBUG : pid: 3707, tid: 3806, name: bluetooth@1.1-s >>> /vendor/bin/hw/android.hardware.bluetooth@1.1-service-droidlogic <<<
05-23 15:39:40.204 3809 3809 F DEBUG : uid: 1002
05-23 15:39:40.204 3809 3809 F DEBUG : signal 6 (SIGABRT), code -1 (SI_QUEUE), fault addr --------
05-23 15:39:40.204 3809 3809 F DEBUG : Abort message: 'OnDataReady: Unimplemented packet type 193'
05-23 15:39:40.204 3809 3809 F DEBUG : r0 00000000 r1 00000ede r2 00000006 r3 e83c0b80
05-23 15:39:40.204 3809 3809 F DEBUG : r4 e83c0b90 r5 e83c0b78 r6 00000e7b r7 0000016b
05-23 15:39:40.204 3809 3809 F DEBUG : r8 00000000 r9 ffffffff r10 e83c0b80 r11 0000000b
05-23 15:39:40.204 3809 3809 F DEBUG : ip 00000ede sp e83c0b60 lr e93e4603 pc e93e4616
05-23 15:39:40.204 3809 3809 F DEBUG : 8 total frames
05-23 15:39:40.204 3809 3809 F DEBUG : backtrace:
05-23 15:39:40.204 3809 3809 F DEBUG : #00 pc 0004a616 /apex/com.android.runtime/lib/bionic/libc.so (abort+138) (BuildId: 8e93a972dad1c40fabed7c4c768acf47)
05-23 15:39:40.204 3809 3809 F DEBUG : #01 pc 000139d7 /system/lib/liblog.so (__android_log_default_aborter+6) (BuildId: a850141b22f25b8f12256b0c7982ea67)
05-23 15:39:40.204 3809 3809 F DEBUG : #02 pc 000141a9 /system/lib/liblog.so (__android_log_assert+168) (BuildId: a850141b22f25b8f12256b0c7982ea67)
05-23 15:39:40.204 3809 3809 F DEBUG : #03 pc 00023493 /vendor/bin/hw/android.hardware.bluetooth@1.1-service-droidlogic (android::hardware::bluetooth::hci::H4Protocol::OnDataReady(int)+238) (BuildId: f7269b2005303839322eb47d67c12d4c)
05-23 15:39:40.205 3809 3809 F DEBUG : #04 pc 00022fad /vendor/bin/hw/android.hardware.bluetooth@1.1-service-droidlogic (android::hardware::bluetooth::async::AsyncFdWatcher::ThreadRoutine()+504) (BuildId: f7269b2005303839322eb47d67c12d4c)
05-23 15:39:40.205 3809 3809 F DEBUG : #05 pc 000231f1 /vendor/bin/hw/android.hardware.bluetooth@1.1-service-droidlogic (void* std::__1::__thread_proxy >, android::hardware::bluetooth::async::AsyncFdWatcher::tryStartThread()::$_0> >(void*)+22) (BuildId: f7269b2005303839322eb47d67c12d4c)
05-23 15:39:40.205 3809 3809 F DEBUG : #06 pc 00094b4f /apex/com.android.runtime/lib/bionic/libc.so (__pthread_start(void*)+40) (BuildId: 8e93a972dad1c40fabed7c4c768acf47)
05-23 15:39:40.205 3809 3809 F DEBUG : #07 pc 0004b613 /apex/com.android.runtime/lib/bionic/libc.so (__start_thread+30) (BuildId: 8e93a972dad1c40fabed7c4c768acf47)
05-23 15:39:40.211 711 939 W NativeCrashListener: Couldn't find ProcessRecord for pid 3707
05-23 15:39:40.213 711 805 W NativeTombstoneManager: failed to open /data/tombstones/tombstone_04.pb
05-23 15:39:40.213 711 805 W NativeTombstoneManager: java.io.FileNotFoundException: open failed: ENOENT (No such file or directory)
05-23 15:39:40.213 711 805 W NativeTombstoneManager: at android.os.ParcelFileDescriptor.openInternal(ParcelFileDescriptor.java:351)
05-23 15:39:40.213 711 805 W NativeTombstoneManager: at android.os.ParcelFileDescriptor.open(ParcelFileDescriptor.java:230)
05-23 15:39:40.213 711 805 W NativeTombstoneManager: at com.android.server.os.NativeTombstoneManager.handleProtoTombstone(NativeTombstoneManager.java:158)
05-23 15:39:40.213 711 805 W NativeTombstoneManager: at com.android.server.os.NativeTombstoneManager.handleTombstone(NativeTombstoneManager.java:127)
05-23 15:39:40.213 711 805 W NativeTombstoneManager: at com.android.server.os.NativeTombstoneManager.-$$Nest$mhandleTombstone(NativeTombstoneManager.java:0)
05-23 15:39:40.213 711 805 W NativeTombstoneManager: at com.android.server.os.NativeTombstoneManager$TombstoneWatcher.lambda$onEvent$0(NativeTombstoneManager.java:575)
05-23 15:39:40.213 711 805 W NativeTombstoneManager: at com.android.server.os.NativeTombstoneManager$TombstoneWatcher.$r8$lambda$tfJ_q07NaI9c6UYttszi4EdMJ7Y(NativeTombstoneManager.java:0)
05-23 15:39:40.213 711 805 W NativeTombstoneManager: at com.android.server.os.NativeTombstoneManager$TombstoneWatcher$$ExternalSyntheticLambda0.run(R8$$SyntheticClass:0)
05-23 15:39:40.213 711 805 W NativeTombstoneManager: at android.os.Handler.handleCallback(Handler.java:958)
05-23 15:39:40.213 711 805 W NativeTombstoneManager: at android.os.Handler.dispatchMessage(Handler.java:99)
05-23 15:39:40.213 711 805 W NativeTombstoneManager: at android.os.Looper.loopOnce(Looper.java:205)
05-23 15:39:40.213 711 805 W NativeTombstoneManager: at android.os.Looper.loop(Looper.java:294)
05-23 15:39:40.213 711 805 W NativeTombstoneManager: at android.os.HandlerThread.run(HandlerThread.java:67)
05-23 15:39:40.213 711 805 W NativeTombstoneManager: at com.android.server.ServiceThread.run(ServiceThread.java:46)
05-23 15:39:40.213 711 805 E NativeTombstoneManager: Tombstone's UID (1002) not an app, ignoring
05-23 15:39:40.408 711 711 D HDMI : [R]: 04:90:00
05-23 15:39:40.555 711 711 D HDMI : [R]: 0F:86:30:00
05-23 15:39:40.556 711 711 D HDMI : setActiveSource logical:0x04 physical:0x3000 HdmiCecLocalDeviceSource#handleSetStreamPath()
05-23 15:39:40.558 711 711 D HDMI : ActiveSourceHistoryRecord active source=(0x04, 0x3000) isActiveSource=true from=HdmiCecLocalDeviceSource#handleSetStreamPath()
05-23 15:39:40.558 711 711 D HDMI : setActiveSource logical:0x04 physical:0x3000 ActiveSourceAction
05-23 15:39:40.560 711 711 D HDMI : ActiveSourceHistoryRecord active source=(0x04, 0x3000) isActiveSource=true from=ActiveSourceAction
05-23 15:39:40.560 711 711 D HdmiControlService: Switching to full volume behavior
05-23 15:39:40.561 711 711 D HdmiControlService: Switching to full volume behavior
05-23 15:39:40.736 711 891 D HDMI : [S]: 4F:82:30:00
05-23 15:39:40.865 711 891 D HDMI : [S]: 40:8E:00
05-23 15:38:51.078 0 0 W : [3 T1090 ..] [SP FRAME RX] DHCP[0 1], vif_idx:0
05-23 15:38:51.126 0 0 E : [3 T8 ..] meson8b-dwmac fe368000.ethernet: Failed to reset the dma
05-23 15:38:51.126 0 0 E : [3 T8 ..] meson8b-dwmac fe368000.ethernet eth0: stmmac_hw_setup: DMA engine initialization failed
05-23 15:38:51.127 0 0 E : [3 T8 ..] meson8b-dwmac fe368000.ethernet eth0: stmmac_open: Hw setup failed
05-23 15:39:41.084 711 711 D HdmiCecController: [P]:AllocatedAddress=[0]
05-23 15:39:41.085 711 891 D HDMI : [S]: 40:8F
05-23 15:38:51.270 0 0 W : [3 T0 .s] [SP FRAME TX] arp req,vif_idx:0 sender:[1c:79:2d:20:62:97 192.168.3.167]receiver:[00:00:00:00:00:00 192.168.3.111]
05-23 15:38:51.337 0 0 W : [3 T1090 ..] [SP FRAME RX] arp rsp,vif_idx:0 sender:[9a:da:f3:3d:bb:2f 192.168.3.111]receiver:[1c:79:2d:20:62:97 192.168.3.167]
05-23 15:39:41.294 711 711 D HDMI : [R]: 04:90:00
05-23 15:39:41.296 711 711 D HDMI : addCecDevice new:CEC: logical_address: 0x00 device_type: 0 cec_version: 5 vendor_id: 7173227 display_name: DBF7 Pro power_status: 0 physical_address: 0x0000 port_id: -1 old:CEC: logical_address: 0x00 device_type: 0 cec_version: 5 vendor_id: 7173227 display_name: TV power_status: 0 physical_address: 0xFFFF port_id: -1
05-23 15:39:41.297 711 711 D HdmiControlService: Switching to full volume behavior
05-23 15:39:41.298 711 711 D HDMI : addCecDevice new:CEC: logical_address: 0x04 device_type: 4 cec_version: 5 vendor_id: 1877008 display_name: DBBOX-A3 power_status: 0 physical_address: 0x3000 port_id: 0 old:null
05-23 15:39:41.298 711 711 D HDMI : Hot-plug detection started.
05-23 15:38:52.521 0 0 W : [3 T1090 ..] [SP FRAME RX] DHCP[0 1], vif_idx:0
05-23 15:39:42.691 3762 3797 F libc : FORTIFY: pthread_mutex_lock called on a destroyed mutex (0xb98cf168)
05-23 15:39:42.692 3762 3797 F libc : Fatal signal 6 (SIGABRT), code -1 (SI_QUEUE) in tid 3797 (bt_stack_manage), pid 3762 (droid.bluetooth)
05-23 15:38:53.325 0 0 I [2 T248 ..] logd: logdr: UID=1002 GID=1002 PID=3831 n tail=500 logMask=8 pid=3762 start=0ns deadline=0ns
05-23 15:38:53.339 0 0 I [2 T248 ..] logd: logdr: UID=1002 GID=1002 PID=3831 n tail=500 logMask=1 pid=3762 start=0ns deadline=0ns
05-23 15:39:43.229 3831 3831 F DEBUG : *** *** *** *** *** *** *** *** *** *** *** *** *** *** *** ***
05-23 15:39:43.229 3831 3831 F DEBUG : Build fingerprint: 'Amlogic/ross/Dangbei:14/UD2A.240505.001.W1/eng.server.20250523.093142:userdebug/test-keys'
05-23 15:39:43.229 3831 3831 F DEBUG : Revision: '0'
05-23 15:39:43.229 3831 3831 F DEBUG : ABI: 'arm'
05-23 15:39:43.229 3831 3831 F DEBUG : Timestamp: 2025-05-23 15:39:42.787910885+0800
05-23 15:39:43.229 3831 3831 F DEBUG : Process uptime: 0s
05-23 15:39:43.229 3831 3831 F DEBUG : Cmdline: com.android.bluetooth
05-23 15:39:43.229 3831 3831 F DEBUG : pid: 3762, tid: 3797, name: bt_stack_manage >>> com.android.bluetooth <<<
05-23 15:39:43.229 3831 3831 F DEBUG : uid: 1002
05-23 15:39:43.229 3831 3831 F DEBUG : signal 6 (SIGABRT), code -1 (SI_QUEUE), fault addr --------
05-23 15:39:43.229 3831 3831 F DEBUG : Abort message: 'FORTIFY: pthread_mutex_lock called on a destroyed mutex (0xb98cf168)'
05-23 15:39:43.229 3831 3831 F DEBUG : r0 00000000 r1 00000ed5 r2 00000006 r3 b86d1bc8
05-23 15:39:43.229 3831 3831 F DEBUG : r4 b86d1bd8 r5 b86d1bc0 r6 00000eb2 r7 0000016b
05-23 15:39:43.229 3831 3831 F DEBUG : r8 00000000 r9 ffffffff r10 b86d1bc8 r11 00000000
05-23 15:39:43.229 3831 3831 F DEBUG : ip 00000ed5 sp b86d1ba8 lr e3f5e603 pc e3f5e616
05-23 15:39:43.229 3831 3831 F DEBUG : 24 total frames
05-23 15:39:43.229 3831 3831 F DEBUG : backtrace:
05-23 15:39:43.229 3831 3831 F DEBUG : #00 pc 0004a616 /apex/com.android.runtime/lib/bionic/libc.so (abort+138) (BuildId: 8e93a972dad1c40fabed7c4c768acf47)
05-23 15:39:43.229 3831 3831 F DEBUG : #01 pc 0004b993 /apex/com.android.runtime/lib/bionic/libc.so (__fortify_fatal(char const*, ...)+26) (BuildId: 8e93a972dad1c40fabed7c4c768acf47)
05-23 15:39:43.229 3831 3831 F DEBUG : #02 pc 00095839 /apex/com.android.runtime/lib/bionic/libc.so (HandleUsingDestroyedMutex(pthread_mutex_t*, char const*)+24) (BuildId: 8e93a972dad1c40fabed7c4c768acf47)
05-23 15:39:43.229 3831 3831 F DEBUG : #03 pc 0009570f /apex/com.android.runtime/lib/bionic/libc.so (pthread_mutex_lock+130) (BuildId: 8e93a972dad1c40fabed7c4c768acf47)
05-23 15:39:43.229 3831 3831 F DEBUG : #04 pc 0007689b /apex/com.android.btservices/lib/libc++.so (std::__1::recursive_mutex::lock()+2) (BuildId: bb7ef8480d9bad4568ac88a33cf6544c)
05-23 15:39:43.229 3831 3831 F DEBUG : #05 pc 0083de51 /apex/com.android.btservices/lib/libbluetooth_jni.so (bluetooth::os::WakelockManager::Release()+20) (BuildId: 74669df6f64f9e437a5dacef5200f0bd)
05-23 15:39:43.229 3831 3831 F DEBUG : #06 pc 0083bb0b /apex/com.android.btservices/lib/libbluetooth_jni.so (bluetooth::StackManager::StartUp(bluetooth::ModuleList*, bluetooth::os::Thread*)+246) (BuildId: 74669df6f64f9e437a5dacef5200f0bd)
05-23 15:39:43.230 3831 3831 F DEBUG : #07 pc 002e07b7 /apex/com.android.btservices/lib/libbluetooth_jni.so (bluetooth::shim::Stack::Start(bluetooth::ModuleList*)+142) (BuildId: 74669df6f64f9e437a5dacef5200f0bd)
05-23 15:39:43.230 3831 3831 F DEBUG : #08 pc 002e057b /apex/com.android.btservices/lib/libbluetooth_jni.so (bluetooth::shim::Stack::StartEverything()+1070) (BuildId: 74669df6f64f9e437a5dacef5200f0bd)
05-23 15:39:43.230 3831 3831 F DEBUG : #09 pc 002e7007 /apex/com.android.btservices/lib/libbluetooth_jni.so (ShimModuleStartUp()+6) (BuildId: 74669df6f64f9e437a5dacef5200f0bd)
05-23 15:39:43.230 3831 3831 F DEBUG : #10 pc 00466371 /apex/com.android.btservices/lib/libbluetooth_jni.so (module_start_up(module_t const*)+112) (BuildId: 74669df6f64f9e437a5dacef5200f0bd)
05-23 15:39:43.230 3831 3831 F DEBUG : #11 pc 00465519 /apex/com.android.btservices/lib/libbluetooth_jni.so (init_stack_internal(bluetooth::core::CoreInterface*)+52) (BuildId: 74669df6f64f9e437a5dacef5200f0bd)
05-23 15:39:43.230 3831 3831 F DEBUG : #12 pc 0046542f /apex/com.android.btservices/lib/libbluetooth_jni.so (event_init_stack(std::__1::promise, bluetooth::core::CoreInterface*)+78) (BuildId: 74669df6f64f9e437a5dacef5200f0bd)
05-23 15:39:43.230 3831 3831 F DEBUG : #13 pc 004654a3 /apex/com.android.btservices/lib/libbluetooth_jni.so (base::internal::Invoker, bluetooth::core::CoreInterface*), std::__1::promise, base::internal::UnretainedWrapper >, void ()>::RunOnce(base::internal::BindStateBase*)+30) (BuildId: 74669df6f64f9e437a5dacef5200f0bd)
05-23 15:39:43.230 3831 3831 F DEBUG : #14 pc 00884d47 /apex/com.android.btservices/lib/libbluetooth_jni.so (base::debug::TaskAnnotator::RunTask(char const*, base::PendingTask*)+134) (BuildId: 74669df6f64f9e437a5dacef5200f0bd)
05-23 15:39:43.230 3831 3831 F DEBUG : #15 pc 00884307 /apex/com.android.btservices/lib/libbluetooth_jni.so (base::MessageLoop::RunTask(base::PendingTask*)+138) (BuildId: 74669df6f64f9e437a5dacef5200f0bd)
05-23 15:39:43.230 3831 3831 F DEBUG : #16 pc 00884695 /apex/com.android.btservices/lib/libbluetooth_jni.so (base::MessageLoop::DoWork()+372) (BuildId: 74669df6f64f9e437a5dacef5200f0bd)
05-23 15:39:43.230 3831 3831 F DEBUG : #17 pc 008864cd /apex/com.android.btservices/lib/libbluetooth_jni.so (base::MessagePumpDefault::Run(base::MessagePump::Delegate*)+50) (BuildId: 74669df6f64f9e437a5dacef5200f0bd)
05-23 15:39:43.230 3831 3831 F DEBUG : #18 pc 008a0835 /apex/com.android.btservices/lib/libbluetooth_jni.so (base::RunLoop::Run()+50) (BuildId: 74669df6f64f9e437a5dacef5200f0bd)
05-23 15:39:43.230 3831 3831 F DEBUG : #19 pc 0049d0a3 /apex/com.android.btservices/lib/libbluetooth_jni.so (bluetooth::common::MessageLoopThread::Run(std::__1::promise)+190) (BuildId: 74669df6f64f9e437a5dacef5200f0bd)
05-23 15:39:43.230 3831 3831 F DEBUG : #20 pc 0049cd83 /apex/com.android.btservices/lib/libbluetooth_jni.so (bluetooth::common::MessageLoopThread::RunThread(bluetooth::common::MessageLoopThread*, std::__1::promise)+26) (BuildId: 74669df6f64f9e437a5dacef5200f0bd)
05-23 15:39:43.230 3831 3831 F DEBUG : #21 pc 0049d463 /apex/com.android.btservices/lib/libbluetooth_jni.so (void* std::__1::__thread_proxy >, void (*)(bluetooth::common::MessageLoopThread*, std::__1::promise), bluetooth::common::MessageLoopThread*, std::__1::promise > >(void*)+50) (BuildId: 74669df6f64f9e437a5dacef5200f0bd)
05-23 15:39:43.230 3831 3831 F DEBUG : #22 pc 00094b4f /apex/com.android.runtime/lib/bionic/libc.so (__pthread_start(void*)+40) (BuildId: 8e93a972dad1c40fabed7c4c768acf47)
05-23 15:39:43.230 3831 3831 F DEBUG : #23 pc 0004b613 /apex/com.android.runtime/lib/bionic/libc.so (__start_thread+30) (BuildId: 8e93a972dad1c40fabed7c4c768acf47)
05-23 15:39:43.278 711 805 E NativeTombstoneManager: Tombstone's UID (1002) not an app, ignoring
05-23 15:39:43.279 711 3838 I DropBoxManagerService: add tag=system_app_native_crash isTagEnabled=true flags=0x2
05-23 15:39:43.281 711 805 E NativeTombstoneManager: Tombstone's UID (1002) not an app, ignoring
05-23 15:38:53.432 0 0 I [3 T643 ..] binder: undelivered death notification, 00000000e8516ae0
05-23 15:39:43.305 711 2248 I ActivityManager: Process com.android.bluetooth (pid 3762) has died: psvc PER
05-23 15:39:43.307 711 2248 W ActivityManager: Scheduling restart of crashed service com.android.bluetooth/.btservice.AdapterService in 5400000ms for connection
05-23 15:39:43.307 711 2248 W ActivityManager: Scheduling restart of crashed service com.android.bluetooth/.gatt.GattService in 5410000ms for connection
05-23 15:39:43.308 711 2248 D OomAdjuster: Not killing cached processes
05-23 15:39:43.309 711 2248 W ProcessStats: Tracking association SourceState{217e179 com.ktcp.video:daemon/10077 Fgs #713} whose proc state 3 is better than process ProcessState{eccf830 com.ktcp.video/10077 pkg=com.ktcp.video} proc state 10 (18 skipped)
05-23 15:39:43.309 711 734 D DisplayManagerService: Drop pending events for gone uid 1002
05-23 15:38:53.681 0 0 W : [3 T1090 ..] [SP FRAME RX] arp req,vif_idx:0 sender:[26:3b:39:2a:ea:db 192.168.3.69]receiver:[00:00:00:00:00:00 192.168.3.167]
05-23 15:38:53.682 0 0 W : [3 T1090 ..] [SP FRAME TX] arp rsp,vif_idx:0 sender:[1c:79:2d:20:62:97 192.168.3.167]receiver:[26:3b:39:2a:ea:db 192.168.3.69]
05-23 15:39:44.589 711 711 D HDMI : [R]: 0F:36
05-23 15:39:44.589 711 711 I HDMI : Hdmi cec standby
05-23 15:39:44.590 711 711 I PowerGroup: Powering off display group due to hdmi (groupId= 0, uid= 1000, millisSinceLastUserActivity=8548, lastUserActivityEvent=other)...
05-23 15:39:44.590 711 711 I PowerManagerService: Going to sleep due to hdmi (uid 1000, screenOffTimeout=300000, activityTimeoutWM=-1, maxDimRatio=0.20000005, maxDimDur=7000)...
05-23 15:39:44.592 711 711 D WindowManager: updateCecScreenStatus 1
05-23 15:39:44.592 711 711 D HDMI : setCecSettingIntValue name:cec_screen_state, value:1
05-23 15:39:44.593 711 2248 D CompatibilityChangeReporter: Compat change id reported: 214016041; UID 1000; state: ENABLED
05-23 15:39:44.594 711 2248 D CompatibilityChangeReporter: Compat change id reported: 214016041; UID 1000; state: DISABLED
05-23 15:39:44.594 711 711 I HDMI : screen state is changing to 1
05-23 15:39:44.595 711 711 D HDMI : onStandby action:0, current power:0 initiatedByCec:true
05-23 15:39:44.595 711 711 D HDMI : standby acquireWakeLock 0
05-23 15:39:44.595 711 711 D HDMI : standby releaseWakeLock
05-23 15:39:44.602 711 711 V HdmiControlService: On standby-action cleared:4
05-23 15:39:44.603 711 711 V HdmiControlService: onPendingActionsCleared
05-23 15:39:44.603 711 711 D HDMI : setActiveSource logical:0xffffffff physical:0xffff HdmiCecLocalDevicePlayback#onStandby()
05-23 15:39:44.604 711 711 D HDMI : ActiveSourceHistoryRecord active source=(invalid, invalid) isActiveSource=false from=HdmiCecLocalDevicePlayback#onStandby()
05-23 15:39:44.604 711 711 D HDMI : onStandby sendStandbyNoneActive:false, wasActiveSource:true
05-23 15:39:44.604 711 711 D HDMI : onStandby sendStandbyNoneActive:false, wasActiveSource:true
05-23 15:39:44.604 711 711 I HDMI : onStandby finally completed
05-23 15:39:44.604 711 711 D HDMI : enableSystemCecControl: false
05-23 15:39:44.616 711 711 D HdmiControlService: Switching to full volume behavior
05-23 15:39:44.617 711 711 D HdmiControlService: Switching to full volume behavior
05-23 15:39:44.617 711 891 D HDMI : standby releaseWakeLock
05-23 15:38:55.066 0 0 W : [3 T1090 ..] [SP FRAME RX] DHCP[0 1], vif_idx:0
05-23 15:39:45.033 711 761 I DisplayPowerController2[0]: Blocking screen off
05-23 15:39:45.034 711 761 I DisplayPowerController2[0]: Unblocked screen off after 0 ms
05-23 15:39:45.037 711 761 D ActivityTaskManager: Top Process State changed to PROCESS_STATE_TOP_SLEEPING
05-23 15:39:45.039 920 1063 V WindowManagerShell: Transition requested: android.os.BinderProxy@18b5670 TransitionRequestInfo { type = 12, triggerTask = null, remoteTransition = null, displayChange = null, flags = 0 }
05-23 15:39:45.041 711 1112 W Transition: Transition already started id=11 state=2
05-23 15:39:45.043 711 733 V WindowManager: Sent Transition #11 createdAt=05-23 15:39:45.038 via request=TransitionRequestInfo { type = 12, triggerTask = null, remoteTransition = null, displayChange = null, flags = 0 }
05-23 15:39:45.043 711 733 V WindowManager: startWCT=WindowContainerTransaction { changes = {} hops = [] errorCallbackToken=null taskFragmentOrganizer=null }
05-23 15:39:45.043 711 733 V WindowManager: info={id=11 t=SLEEP f=0x0 trk=0 r=[] c=[]}
05-23 15:39:45.043 920 1063 V WindowManagerShell: onTransitionReady android.os.BinderProxy@18b5670: {id=11 t=SLEEP f=0x0 trk=0 r=[] c=[]}
05-23 15:39:45.043 920 1063 V WindowManagerShell: No transition roots in (#11)android.os.BinderProxy@18b5670@0 so abort
05-23 15:39:45.045 920 1063 V WindowManagerShell: Transition animation finished (aborted=true), notifying core (#11)android.os.BinderProxy@18b5670@0
05-23 15:39:45.047 711 733 V WindowManager: Finish Transition #11: created at
05-23 15:39:45.038 collect-started=0.077ms request-sent=0.192ms started=0.521ms ready=0.514ms sent=0.882ms finished=8.106ms
05-23 15:39:45.049 920 1063 V WindowManagerShell: Track 0 became idle
05-23 15:39:45.049 711 761 I DisplayBrightnessStrategySelector: Changing the DisplayBrightnessStrategy from InvalidBrightnessStrategy toScreenOffBrightnessStrategy for display 0
05-23 15:39:45.049 920 1063 V WindowManagerShell: All active transition animations finished
05-23 15:39:45.051 711 761 V DisplayPowerController2[0]: Brightness [0.0] reason changing to: 'screen_off', previous reason: 'manual'.
05-23 15:39:45.051 711 761 I DisplayPowerController2[0]: BrightnessEvent: disp=0, physDisp=local:4616277992360486155, brt=0.0, initBrt=0.39763778, rcmdBrt=NaN, preBrt=NaN, lux=0.0, preLux=0.0, hbmMax=1.0, hbmMode=off, rbcStrength=0, thrmMax=1.0, powerFactor=1.0, wasShortTermModelActive=false, flags=, reason=screen_off, autoBrightness=false, strategy=ScreenOffBrightnessStrategy
05-23 15:39:45.052 711 736 I DisplayDeviceRepository: Display device changed state: "内置屏幕", OFF
05-23 15:39:45.057 711 2248 I DisplayDevice: [0] Layerstack set to -1 for local:4616277992360486155
05-23 15:38:55.193 0 0 I [1 T367 ..] [hdmitx: ] qms 0 qms_tfr_min/max 0 0 gaming_vrr_min/max 48 120
05-23 15:38:55.194 0 0 I [1 T367 ..] [hdmitx: ] BRR VIC 16 width/height 1920 1080 QMS min/max 0 0 GAME min/max 48 120
05-23 15:38:55.195 0 0 I [1 T367 ..] [hdmitx: ] BRR/VIC group
05-23 15:38:55.195 0 0 I [1 T367 ..] [hdmitx: ] BRR VIC 4 width/height 1280 720 QMS min/max 0 0 GAME min/max 48 120
05-23 15:38:55.196 0 0 I [1 T367 ..] [hdmitx: ] BRR/VIC group
05-23 15:38:55.197 0 0 I [1 T367 ..] [hdmitx: ] BRR VIC 97 width/height 3840 2160 QMS min/max 0 0 GAME min/max 48 120
05-23 15:38:55.199 0 0 I [1 T367 ..] [hdmitx: ] BRR/VIC group
05-23 15:38:55.199 0 0 I [1 T367 ..] [hdmitx: ] BRR VIC 102 width/height 4096 2160 QMS min/max 0 0 GAME min/max 48 120
05-23 15:38:55.200 0 0 I [1 T367 ..] [hdmitx: ] BRR/VIC group
05-23 15:38:55.201 0 0 I [1 T367 ..] [hdmitx: ] qms 0 qms_tfr_min/max 0 0 gaming_vrr_min/max 48 120
05-23 15:38:55.206 0 0 I [1 T367 ..] vc: [0]get capability: min 64 64; max 4096 2160
05-23 15:38:55.206 0 0 I [1 T367 ..] vc: [1]get capability: min 64 64; max 2048 1080
05-23 15:38:55.207 0 0 I [1 T367 ..] [hdmitx: ] avmute_store 1
05-23 15:39:45.157 920 1063 D WindowManagerShell: TvPipController: onTaskStackChanged()
05-23 15:38:55.309 0 0 I : [1 T367 ..] [drm] [meson_hdmitx_encoder_atomic_disable]
05-23 15:38:55.309 0 0 I : [1 T367 ..] [drm] am_meson_crtc_atomic_disable-[0]:in
05-23 15:38:55.310 0 0 I [1 T367 d.] [hdmitx: ] hdmitx_set_drm_pkt: disable drm pkt
05-23 15:38:55.311 0 0 I [1 T367 d.] [hdmitx: ] TV not support DV, clr dv_vsif
05-23 15:38:55.311 0 0 I [1 T367 d.] [hdmitx: ] DV H14b VSIF, switching signal to SDR
05-23 15:38:55.312 0 0 I [1 T367 ..] [hdmitx: ] hdmitx_set_hdr10plus_pkt: null vsif
05-23 15:38:55.313 0 0 I [1 T367 ..] [hdmitx: ] hdmitx_unregister_vrr ret = 0
05-23 15:38:55.315 0 0 I : [1 T367 ..] [drm] am_meson_crtc_atomic_enable-[0] in: new[dummy_l], old[smpte60hz], vmode[4-4], uboot[0]
05-23 15:38:55.315 0 0 I : [1 T367 ..] [drm] am_meson_crtc_atomic_enable-[0]: enable mode dummy_l final vmode 7
05-23 15:38:55.317 0 0 I : [1 T367 ..] dummy_encl_set_current_vmode finished
05-23 15:38:55.317 0 0 I : [1 T367 ..] [drm] meson_vout_update_mode_name: dummy update vout 1 name dummy_l.
05-23 15:38:55.318 0 0 I : [1 T367 ..] [drm] meson_dummyl_encoder_atomic_enable: vmode:7 skip atomic enable!
05-23 15:39:45.225 711 736 I DisplayDeviceRepository: Display device changed state: "内置屏幕", OFF
05-23 15:38:55.355 0 0 I [0 T518 ..] [pm]: early_suspend_state=1
05-23 15:39:45.230 711 761 I PowerGroup: Sleeping power group (groupId=0, uid=1000, reason=timeout)...
05-23 15:39:45.230 711 761 I PowerManagerService: Sleeping (uid 1000)...
05-23 15:39:45.263 711 736 D LocalDisplayAdapter: The active mode was changed from SurfaceFlinger or the display device to {id=165, width=4096, height=2160, fps=60.000004, alternativeRefreshRates=[], supportedHdrTypes=[]}
05-23 15:39:45.264 711 736 D LocalDisplayAdapter: New display modes are added and the active mode has changed, use active mode as default mode.
05-23 15:39:45.264 711 736 W LocalDisplayAdapter: DisplayModeSpecs base mode no longer available, using currently active mode.
05-23 15:39:45.267 711 736 I DisplayDeviceRepository: Display device changed: DisplayDeviceInfo{"内置屏幕": uniqueId="local:4616277992360486155", 4096 x 2160, modeId 136, renderFrameRate 60.000004, defaultModeId 136, supportedModes [{id=133, width=1920, height=1080, fps=119.88013, alternativeRefreshRates=[], supportedHdrTypes=[2, 3]}, {id=134, width=1920, height=1080, fps=120.00001, alternativeRefreshRates=[], supportedHdrTypes=[2, 3]}, {id=135, width=4096, height=2160, fps=59.94006, alternativeRefreshRates=[], supportedHdrTypes=[2, 3]}, {id=136, width=4096, height=2160, fps=60.000004, alternativeRefreshRates=[], supportedHdrTypes=[2, 3]}, {id=137, width=4096, height=2160, fps=50.0, alternativeRefreshRates=[], supportedHdrTypes=[2, 3]}, {id=138, width=4096, height=2160, fps=29.97003, alternativeRefreshRates=[], supportedHdrTypes=[2, 3]}, {id=139, width=4096, height=2160, fps=30.000002, alternativeRefreshRates=[], supportedHdrTypes=[2, 3]}, {id=140, width=4096, height=2160, fps=23.976025, alternativeRefreshRates=[], supportedHdrTypes=[2, 3]}, {id=141, width=4096, height=2160, fps=24.000002, alternativeRefreshRates=[], supportedHdrTypes=[2, 3]}, {id=142, width=3840, height=2160, fps=59.94006, alternativeRefreshRates=[], supportedHdrTypes=[2, 3]}, {id=143, width=3840, height=2160, fps=60.000004, alternativeRefreshRates=[], supportedHdrTypes=[2, 3]}, {id=144, width=3840, height=2160, fps=50.0, alternativeRefreshRates=[], supportedHdrTypes=[2, 3]}, {id=145, width=3840, height=2160, fps=29.97003, alternativeRefreshRates=[], supportedHdrTypes=[2, 3]}, {id=146, width=3840, height=2160, fps=30.000002, alternativeRefreshRates=[], supportedHdrTypes=[2, 3]}, {id=147, width=3840, height=2160, fps=25.0, alternativeRefreshRates=[], supportedHdrTypes=[2, 3]}, {id=148, width=3840, height=2160, fps=23.976025, alternativeRefreshRates=[], supportedHdrTypes=[2, 3]}, {id=149, width=3840, height=2160, fps=24.000002, alternativeRefreshRates=[], supportedHdrTypes=[2, 3]}, {id=150, width=1920, height=1080, fps=100.0, alternativeRefreshRates=[], supportedHdrTypes=[2, 3]}, {id=151, width=1920, height=1080, fps=59.94006, alternativeRefreshRates=[], supportedHdrTypes=[2, 3]}, {id=152, width=1920, height=1080, fps=60.000004, alternativeRefreshRates=[], supportedHdrTypes=[2, 3]}, {id=153, width=1920, height=1080, fps=50.0, alternativeRefreshRates=[], supportedHdrTypes=[2, 3]}, {id=154, width=1920, height=1080, fps=29.97003, alternativeRefreshRates=[], supportedHdrTypes=[2, 3]}, {id=155, width=1920, height=1080, fps=30.000002, alternativeRefreshRates=[], supportedHdrTypes=[2, 3]}, {id=156, width=1920, height=1080, fps=25.0, alternativeRefreshRates=[], supportedHdrTypes=[2, 3]}, {id=157, width=1920, height=1080, fps=23.976025, alternativeRefreshRates=[], supportedHdrTypes=[2, 3]}, {id=158, width=1920, height=1080, fps=24.000002, alternativeRefreshRates=[], supportedHdrTypes=[2, 3]}, {id=159, width=1280, height=720, fps=59.94006, alternativeRefreshRates=[], supportedHdrTypes=[2, 3]}, {id=160, width=1280, height=720, fps=60.000004, alternativeRefreshRates=[], supportedHdrTypes=[2, 3]}, {id=161, width=1280, height=720, fps=50.0, alternativeRefreshRates=[], supportedHdrTypes=[2, 3]}, {id=162, width=720, height=576, fps=50.0, alternativeRefreshRates=[], supportedHdrTypes=[2, 3]}, {id=163, width=720, height=480, fps=59.94006, alternativeRefreshRates=[], supportedHdrTypes=[2, 3]}, {id=164, width=720, height=480, fps=60.000004, alternativeRefreshRates=[], supportedHdrTypes=[2, 3]}], colorMode 0, supportedColorModes [0], hdrCapabilities HdrCapabilities{mSupportedHdrTypes=[2, 3], mMaxLuminance=500.0, mMaxAverageLuminance=500.0, mMinLuminance=0.0}, allmSupported true, gameContentTypeSupported false, density 480, 90.468 x 84.406 dpi, appVsyncOff 2000000, presDeadline 13666666, touch INTERNAL, rotation 0, type INTERNAL, address {port=11, model=0x401050603f19a5}, deviceProductInfo DeviceProductInfo{name=Dangbei , manufacturerPnpId=DBP, productId=48, modelYear=null, manufactureDate=ManufactureDate{week=10, year=2014}, connectionToSinkType=2}, state OFF, commit
05-23 15:39:45.269 711 711 I PowerManagerService: onFlip(): Face up.
05-23 15:39:45.270 711 737 W LocalDisplayAdapter: Ignoring request for invalid base mode id 136
05-23 15:39:45.275 711 736 I DisplayDeviceRepository: Display device changed: DisplayDeviceInfo{"内置屏幕": uniqueId="local:4616277992360486155", 4096 x 2160, modeId 165, renderFrameRate 60.000004, defaultModeId 165, supportedModes [{id=165, width=4096, height=2160, fps=60.000004, alternativeRefreshRates=[], supportedHdrTypes=[]}], colorMode 0, supportedColorModes [0], hdrCapabilities HdrCapabilities{mSupportedHdrTypes=[], mMaxLuminance=500.0, mMaxAverageLuminance=500.0, mMinLuminance=0.0}, allmSupported false, gameContentTypeSupported false, density 480, 90.468 x 84.406 dpi, appVsyncOff 2000000, presDeadline 13666666, touch INTERNAL, rotation 0, type INTERNAL, address {port=11, model=0x401050603f19a5}, deviceProductInfo DeviceProductInfo{name=Linux FHD, manufacturerPnpId=LNX, productId=0, modelYear=null, manufactureDate=ManufactureDate{week=5, year=2012}, connectionToSinkType=0}, state OFF, committedState OFF, frameRateOverride , brightnessMinimum 0.0, brightnessMaximum 1.0, brightnessDefault 0.39763778, hdrSdrRatio NaN, FLAG_ALLOWED_TO_BE_DEFAULT_DISPLAY, FLAG_ROTATES_WITH_CONTENT, FLAG_SECURE, FLAG_SUPPORTS_PROTECTED_BUFFERS, FLAG_TRUSTED, installOrientation 0, displayShape DisplayShape{ spec=215504843 displayWidth=4096 displayHeight=2160 physicalPixelDisplaySizeRatio=1.0 rotation=0 offsetX=0 offsetY=0 scale=1.0}}
05-23 15:38:55.398 0 0 I : [3 T518 ..] video_early_suspend ok
05-23 15:38:55.398 0 0 I [3 T518 ..] [hdmitx: ] Early Suspend
05-23 15:38:55.398 0 0 I [3 T518 d.] [hdmitx: ] hdmitx_set_drm_pkt: disable drm pkt
05-23 15:38:55.400 0 0 I [3 T518 d.] [hdmitx: ] TV not support DV, clr dv_vsif
05-23 15:38:55.400 0 0 I [3 T518 d.] [hdmitx: ] DV H14b VSIF, switching signal to SDR
05-23 15:38:55.401 0 0 I [3 T518 ..] [hdmitx: ] hdmitx_set_hdr10plus_pkt: null vsif
05-23 15:38:55.402 0 0 I [3 T518 ..] [hdmitx: ] hdmitx21_video_mute_op: VID_UNMUTE path=0x4000000
05-23 15:38:55.403 0 0 I [3 T518 ..] [hdmitx: ] hdmitx21_audio_mute_op: AUD_UNMUTE path=0x2000000
05-23 15:38:55.404 0 0 I [3 T518 ..] BTI: bt_earlysuspend
05-23 15:38:55.404 0 0 I [3 T518 ..] vpu: vpu: early_suspend clk: 666666656Hz(0x100)
05-23 15:39:45.312 711 711 D HDMI : receive android.intent.action.SCREEN_OFF
05-23 15:38:55.452 0 0 W : [3 T1127 ..] [aml_android_priv_ioctl 128] vif idx=0 cmd=SETSUSPENDMODE 1
05-23 15:38:55.452 0 0 W : [3 T1127 ..] [aml_android_set_suspend_mode 77] set google_cast 1
05-23 15:38:55.505 0 0 W [3 T3847 ..] audit: audit_lost=245 audit_rate_limit=5 audit_backlog_limit=64
05-23 15:38:55.506 0 0 E [3 T3847 ..] audit: rate limit exceeded
05-23 15:38:55.577 0 0 W : [3 T1090 ..] [SP FRAME RX] DHCP[0 1], vif_idx:0
05-23 15:38:55.593 0 0 W : [3 T1090 ..] [SP FRAME RX] arp req,vif_idx:0 sender:[e2:03:00:92:54:eb 192.168.3.45]receiver:[00:00:00:00:00:00 192.168.3.167]
05-23 15:38:55.594 0 0 W : [3 T1090 ..] [SP FRAME TX] arp rsp,vif_idx:0 sender:[1c:79:2d:20:62:97 192.168.3.167]receiver:[e2:03:00:92:54:eb 192.168.3.45]
05-23 15:38:59.575 0 0 W : [0 T1090 ..] [SP FRAME RX] DHCP[0 1], vif_idx:0
05-23 15:39:49.680 292 3687 I keystore2: system/security/keystore2/src/watchdog.rs:319 - Watchdog thread idle -> terminating. Have a great day.
05-23 15:39:00.230 0 0 I [3 T2669 ..] PM: suspend entry (deep)
05-23 15:39:00.256 0 0 I : [3 T2669 ..] Filesystems sync: 0.026 seconds
05-23 15:39:00.256 0 0 I [3 T2669 ..] [pm]: reboot_pm_cb called. pm_event:3.
05-23 15:39:00.257 0 0 I : [3 T2669 ..] Freezing user space processes ... (elapsed 0.003 seconds) done.
05-23 15:39:00.261 0 0 I : [3 T2669 ..] OOM killer disabled.
05-23 15:39:00.261 0 0 I : [3 T2669 ..] Freezing remaining freezable tasks ... (elapsed 0.003 seconds) done.
05-23 15:39:00.265 0 0 I [3 T2669 ..] cec: aml_cec_pm_prepare
05-23 15:39:00.269 0 0 W : [2 T2705 ..] aml_cfg80211_suspend enter 5314
05-23 15:39:00.269 0 0 W : [2 T2705 ..] >>> aml_cfg80211_suspend()
05-23 15:39:00.269 0 0 I [3 T2669 ..] BTI: amlbt_sdio_suspend RG_AON_A52:0x6
05-23 15:39:00.270 0 0 W : [2 T2705 ..] >>> aml_ps_wow_suspend()
05-23 15:39:00.271 0 0 W : [2 T2705 ..] set_scan_hang, flag:1, [aml_cancel_scan 4851]
05-23 15:39:00.271 0 0 I [3 T2669 ..] BTI: RG_AON_A52:0x4000006
05-23 15:39:00.272 0 0 W : [2 T2705 ..] >>> aml_send_scanu_cancel_req()
05-23 15:39:00.272 0 0 I [3 T2669 ..] BTI: amlbt_sdio_suspend
05-23 15:39:00.272 0 0 I [3 T2669 ..] [snd-soc]: it is card_pre_suspend
05-23 15:39:00.272 0 0 W : [2 T2705 ..] >>> aml_send_msg()
05-23 15:39:00.273 0 0 I [1 T2704 ..] [snd-codec-t9015]: aml_T9015_audio_set_bias_level
05-23 15:39:00.274 0 0 W : [2 T1089 ..] ipc_sdio_host_msgack_handler 000000000e5872d1
05-23 15:39:00.274 0 0 I [0 T2704 ..] [snd-codec-t9015]: aml_T9015_audio_set_bias_level
05-23 15:39:00.275 0 0 W : [2 T1089 ..] [aml_msgackind 2038] msg ack hostid=0xffffff805a743b80
05-23 15:39:00.276 0 0 I [3 T2669 ..] [snd-codec-t9015]: aml_T9015_audio_suspend!
05-23 15:39:00.276 0 0 W : [2 T1089 ..] [cmd_mgr_llind 329] cmd tkn[144] flags:001a result: -4 cmd: 105-MM_SUB_SCANU_CANCEL_REQ - reqcfm(16385-unknown)
05-23 15:39:00.277 0 0 I [3 T2669 ..] [snd-codec-t9015]: aml_T9015_audio_set_bias_level
05-23 15:39:00.278 0 0 W : [2 T1089 ..] [cmd_mgr_msgind 409] cmd tkn[144] flags:0012 result: -4 cmd: 105-MM_SUB_SCANU_CANCEL_REQ - reqcfm(16385-unknown)
05-23 15:39:00.283 0 0 W : [2 T1089 ..] aml_scanu_cancel_cfm 2046: status:1, vif_id=0
05-23 15:39:00.284 0 0 W : [2 T1089 ..] [cmd_complete 65] cmd tkn[144] flags:0002 result: -4 cmd: 105-MM_SUB_SCANU_CANCEL_REQ - reqcfm(16385-unknown)
05-23 15:39:00.286 0 0 W : [1 T2705 ..] >>> aml_send_arp_agent_req()
05-23 15:39:00.286 0 0 W : [1 T2705 ..] >>> aml_send_msg()
05-23 15:39:00.287 0 0 W : [2 T1089 ..] ipc_sdio_host_msgack_handler 0000000010cdde75
05-23 15:39:00.287 0 0 W : [2 T1089 ..] [aml_msgackind 2038] msg ack hostid=0xffffff8084935200
05-23 15:39:00.288 0 0 W : [2 T1089 ..] [cmd_mgr_llind 329] cmd tkn[145] flags:0008 result: -4 cmd: 105-MM_SUB_ARP_AGENT_REQ - reqcfm( 0-none)
05-23 15:39:00.290 0 0 W : [2 T1089 ..] [cmd_complete 65] cmd tkn[145] flags:0000 result: -4 cmd: 105-MM_SUB_ARP_AGENT_REQ - reqcfm( 0-none)
05-23 15:39:00.292 0 0 W : [1 T2705 ..] >>> aml_send_msg()
05-23 15:39:00.292 0 0 W : [2 T1089 ..] ipc_sdio_host_msgack_handler 0000000010cdde75
05-23 15:39:00.293 0 0 W : [2 T1089 ..] [aml_msgackind 2038] msg ack hostid=0xffffff8084935200
05-23 15:39:00.294 0 0 W : [2 T1089 ..] [cmd_mgr_llind 329] cmd tkn[146] flags:0008 result: -4 cmd: 105-MM_SUB_TKO_ACTIVATE_REQ - reqcfm( 0-none)
05-23 15:39:00.295 0 0 W : [2 T1089 ..] [cmd_complete 65] cmd tkn[146] flags:0000 result: -4 cmd: 105-MM_SUB_TKO_ACTIVATE_REQ - reqcfm( 0-none)
05-23 15:39:00.297 0 0 W : [1 T2705 ..] >>> aml_send_dhcp_req()
05-23 15:39:00.298 0 0 W : [1 T2705 ..] >>> aml_send_msg()
05-23 15:39:00.298 0 0 W : [2 T1089 ..] ipc_sdio_host_msgack_handler 0000000010cdde75
05-23 15:39:00.299 0 0 W : [2 T1089 ..] [aml_msgackind 2038] msg ack hostid=0xffffff8084935200
05-23 15:39:00.300 0 0 W : [2 T1089 ..] [cmd_mgr_llind 329] cmd tkn[147] flags:0008 result: -4 cmd: 105-MM_SUB_DHCP_REQ - reqcfm( 0-none)
05-23 15:39:00.302 0 0 W : [2 T1089 ..] [cmd_complete 65] cmd tkn[147] flags:0000 result: -4 cmd: 105-MM_SUB_DHCP_REQ - reqcfm( 0-none)
05-23 15:39:00.303 0 0 W : [1 T2705 ..] [aml_send_me_set_ps_mode 2111] set power save mode:1
05-23 15:39:00.303 0 0 W : [1 T2705 ..] >>> aml_send_msg()
05-23 15:39:00.305 0 0 W : [2 T1089 ..] ipc_sdio_host_msgack_handler 0000000010cdde75
05-23 15:39:00.305 0 0 W : [2 T1089 ..] [aml_msgackind 2038] msg ack hostid=0xffffff8084935200
05-23 15:39:00.306 0 0 W : [2 T1089 ..] [cmd_mgr_llind 329] cmd tkn[148] flags:001a result: -4 cmd:5139-ME_SET_PS_MODE_REQ - reqcfm(5140-ME_SET_PS_MODE_CFM)
05-23 15:39:00.308 0 0 W : [2 T1089 ..] [cmd_mgr_msgind 409] cmd tkn[148] flags:0012 result: -4 cmd:5139-ME_SET_PS_MODE_REQ - reqcfm(5140-ME_SET_PS_MODE_CFM)
05-23 15:39:00.310 0 0 W : [2 T1089 ..] [cmd_complete 65] cmd tkn[148] flags:0002 result: -4 cmd:5139-ME_SET_PS_MODE_REQ - reqcfm(5140-ME_SET_PS_MODE_CFM)
05-23 15:39:00.312 0 0 W : [1 T2705 ..] >>> aml_send_suspend_req()
05-23 15:39:00.312 0 0 W : [1 T2705 ..] >>> aml_send_msg()
05-23 15:39:00.313 0 0 W : [2 T1089 ..] ipc_sdio_host_msgack_handler 0000000010cdde75
05-23 15:39:00.313 0 0 W : [2 T1089 ..] [aml_msgackind 2038] msg ack hostid=0xffffff8084935200
05-23 15:39:00.314 0 0 W : [2 T1089 ..] [cmd_mgr_llind 329] cmd tkn[149] flags:0008 result: -4 cmd: 105-MM_SUB_SET_SUSPEND_REQ - reqcfm(1023-none)
05-23 15:39:00.316 0 0 W : [2 T1089 ..] [cmd_complete 65] cmd tkn[149] flags:0000 result: -4 cmd: 105-MM_SUB_SET_SUSPEND_REQ - reqcfm(1023-none)
05-23 15:39:00.318 0 0 W : [2 T1089 ..] aml_suspend_ind 2103
05-23 15:39:00.338 0 0 W : [1 T2705 ..] [aml_ps_wow_suspend 5274] after suspend cmd:0
05-23 15:39:00.338 0 0 W : [1 T2705 ..] aml_cfg80211_suspend ok exit 5337
05-23 15:39:00.498 0 0 I : [3 T2669 ..] meson_uart fe078000.serial: pull up rts
05-23 15:39:00.499 0 0 I : [3 T2669 ..] amlvideo2.1 suspend ok
05-23 15:39:00.499 0 0 I : [3 T2669 ..] amlvideo2.0 suspend ok
05-23 15:39:00.500 0 0 I : [3 T2669 ..] [drm] am_meson_crtc_atomic_disable-[0]:in
05-23 15:39:00.500 0 0 I : [3 T2669 ..] dummy_encl_disable finished
05-23 15:39:00.501 0 0 I : [3 T2669 ..] [drm] am_meson_drm_pm_suspend: done
05-23 15:39:00.502 0 0 I [3 T2669 ..] [hdmitx: ] hdmitx_s7d_clock_gate 0
05-23 15:39:00.502 0 0 I [3 T2669 ..] [hdmitx: ] amhdmitx: suspend
05-23 15:39:00.503 0 0 I : [3 T2669 ..] vdin_self_stop_dec(1) decoder in state stopped flags=0x0
05-23 15:39:00.504 0 0 I : [3 T2669 ..] vdin_drv_suspend vdin-id:1 ok.
05-23 15:39:00.504 0 0 I [3 T2669 ..] amvdac_drv_suspend: private_flag:0x0
05-23 15:39:00.505 0 0 I [3 T2669 ..] amvecm: suspend module
05-23 15:39:00.506 0 0 E [3 T2669 ..] vpu: vpu: error: vapb_clk_switch: vapb_clk
05-23 15:39:00.507 0 0 I [3 T2669 ..] vpu: set vpu clk: 25000000Hz(0), readback: 25000000Hz(0x50f)
05-23 15:39:00.507 0 0 I [3 T2669 ..] vpu: vpu: suspend clk: 25000000Hz(0x50f)
05-23 15:39:00.508 0 0 I [3 T2669 ..] [snd-soc]: vad_platform_suspend
05-23 15:39:00.509 0 0 I [3 T2669 ..] [snd-soc]: aml_tdm_platform_suspend tdm:(2)
05-23 15:39:00.510 0 0 I [3 T2669 ..] [snd-soc]: aml_tdm_platform_suspend tdm:(1)
05-23 15:39:00.510 0 0 I [3 T2669 ..] [snd-soc]: aml_tdm_platform_suspend tdm:(0)
05-23 15:39:00.511 0 0 I : [3 T2669 ..] wzh exphy wol
05-23 15:39:00.513 0 0 I : [3 T2669 ..] mali fd000000.valhall: Scheduler PM suspend
05-23 15:39:00.514 0 0 I : [3 T2669 ..] mali fd000000.valhall: pm_callback_suspend in
05-23 15:39:00.514 0 0 I : [3 T2669 ..] mali fd000000.valhall: pm_callback_suspend out
05-23 15:39:00.515 0 0 I : [3 T2669 ..] meson-vrtc fe010288.rtc: alarm_time = 295s, local_time=221s
05-23 15:39:00.517 0 0 I : [3 T2669 ..] di_clear_for_suspend
05-23 15:39:00.517 0 0 I : [3 T2669 ..] di_clear_for_suspend end
05-23 15:39:00.519 0 0 I [3 T2669 ..] dim: di_suspend finish
05-23 15:39:00.520 0 0 I : [3 T2669 ..] Disabling non-boot CPUs ...
05-23 15:39:00.523 0 0 I [3 T2669 ..] psci: CPU1 killed (polled 4 ms)
05-23 15:39:00.524 0 0 I [3 T2669 ..] psci: CPU2 killed (polled 0 ms)
05-23 15:39:00.527 0 0 I [0 T2669 ..] psci: CPU3 killed (polled 0 ms)
05-23 15:39:00.528 0 0 I : [0 T2669 ..] Enabling non-boot CPUs ...
05-23 15:39:00.529 0 0 I : [0 T0 ..] Detected VIPT I-cache on CPU1
05-23 15:39:00.529 0 0 I [0 T0 ..] CPU1: Booted secondary processor 0x0000000100 [0x412fd050]
05-23 15:39:00.530 0 0 I : [0 T2669 ..] CPU1 is up
05-23 15:39:00.530 0 0 I : [0 T0 ..] Detected VIPT I-cache on CPU2
05-23 15:39:00.530 0 0 I [0 T0 ..] CPU2: Booted secondary processor 0x0000000200 [0x412fd050]
05-23 15:39:00.532 0 0 I : [0 T2669 ..] CPU2 is up
05-23 15:39:00.532 0 0 I : [0 T0 ..] Detected VIPT I-cache on CPU3
