05-23 15:39:30.583 0 0 W : [3 T1089 ..] [cmd_complete 65] cmd tkn[175] flags:0002 result: -4 cmd:5139-ME_SET_PS_MODE_REQ - reqcfm(5140-ME_SET_PS_MODE_CFM)
05-23 15:39:30.585 0 0 W : [0 T2701 ..] >>> aml_send_arp_agent_req()
05-23 15:39:30.585 0 0 W : [0 T2701 ..] >>> aml_send_msg()
05-23 15:39:30.587 0 0 W : [3 T1089 ..] ipc_sdio_host_msgack_handler 00000000d218f5c3
05-23 15:39:30.587 0 0 W : [3 T1089 ..] [aml_msgackind 2038] msg ack hostid=0xffffff807c107800
05-23 15:39:30.588 0 0 W : [3 T1089 ..] [cmd_mgr_llind 329] cmd tkn[176] flags:0008 result: -4 cmd: 105-MM_SUB_ARP_AGENT_REQ - reqcfm( 0-none)
05-23 15:39:30.589 0 0 W : [3 T1089 ..] [cmd_complete 65] cmd tkn[176] flags:0000 result: -4 cmd: 105-MM_SUB_ARP_AGENT_REQ - reqcfm( 0-none)
05-23 15:39:30.591 0 0 W : [0 T2701 ..] >>> aml_send_msg()
05-23 15:39:30.592 0 0 W : [3 T1089 ..] ipc_sdio_host_msgack_handler 00000000d218f5c3
05-23 15:39:30.592 0 0 W : [3 T1089 ..] [aml_msgackind 2038] msg ack hostid=0xffffff807c107800
05-23 15:39:30.593 0 0 W : [3 T1089 ..] [cmd_mgr_llind 329] cmd tkn[177] flags:0008 result: -4 cmd: 105-MM_SUB_TKO_ACTIVATE_REQ - reqcfm( 0-none)
05-23 15:39:30.595 0 0 W : [3 T1089 ..] [cmd_complete 65] cmd tkn[177] flags:0000 result: -4 cmd: 105-MM_SUB_TKO_ACTIVATE_REQ - reqcfm( 0-none)
05-23 15:39:30.596 0 0 W : [0 T2701 ..] >>> aml_send_dhcp_req()
05-23 15:39:30.597 0 0 W : [0 T2701 ..] >>> aml_send_msg()
05-23 15:39:30.598 0 0 W : [3 T1089 ..] ipc_sdio_host_msgack_handler 00000000d218f5c3
05-23 15:39:30.598 0 0 W : [3 T1089 ..] [aml_msgackind 2038] msg ack hostid=0xffffff807c107800
05-23 15:39:30.599 0 0 W : [3 T1089 ..] [cmd_mgr_llind 329] cmd tkn[178] flags:0008 result: -4 cmd: 105-MM_SUB_DHCP_REQ - reqcfm( 0-none)
05-23 15:39:30.601 0 0 W : [3 T1089 ..] [cmd_complete 65] cmd tkn[178] flags:0000 result: -4 cmd: 105-MM_SUB_DHCP_REQ - reqcfm( 0-none)
05-23 15:39:30.603 0 0 W : [0 T2701 ..] >>> aml_send_msg()
05-23 15:39:30.603 0 0 W : [3 T1089 ..] ipc_sdio_host_msgack_handler 00000000d218f5c3
05-23 15:39:30.604 0 0 W : [3 T1089 ..] [aml_msgackind 2038] msg ack hostid=0xffffff807c107800
05-23 15:39:30.605 0 0 W : [3 T1089 ..] [cmd_mgr_llind 329] cmd tkn[179] flags:0008 result: -4 cmd: 105-MM_SCAN_HANG - reqcfm( 0-none)
05-23 15:39:30.606 0 0 W : [3 T1089 ..] [cmd_complete 65] cmd tkn[179] flags:0000 result: -4 cmd: 105-MM_SCAN_HANG - reqcfm( 0-none)
05-23 15:39:30.608 0 0 W : [0 T2701 ..] set_scan_hang, flag:0, [aml_ps_wow_resume 5095]
05-23 15:39:30.609 0 0 W : [0 T2701 ..] aml_cfg80211_resume,5397, resume is ok
05-23 15:39:30.610 0 0 W : [3 T1089 ..] fmac scan_hang state:0
05-23 15:39:30.612 0 0 I [1 T2669 ..] cec: wakeup_reason:0x5
05-23 15:39:30.612 0 0 I [1 T2669 ..] cec: aml_cec_pm_complete
05-23 15:39:30.613 0 0 I : [1 T2669 ..] OOM killer enabled.
05-23 15:39:30.613 0 0 I : [1 T2669 ..] Restarting tasks ...
05-23 15:39:30.618 0 0 W : [0 T2669 ..] done.
05-23 15:39:30.619 0 0 I [0 T2669 d.] Abort: Pending Wakeup Sources: NETLINK
05-23 15:40:35.214 711 711 D HDMI : [R]: 04:83
05-23 15:40:35.216 711 891 D HDMI : [S]: 4F:84:30:00:04
05-23 15:39:30.623 0 0 I [0 T2669 ..] [pm]: reboot_pm_cb called. pm_event:4.
05-23 15:39:30.623 0 0 I [0 T2669 ..] PM: suspend exit
05-23 15:39:30.799 0 0 I [1 T114 ..] [snd-codec-t9015]: aml_T9015_audio_set_bias_level
05-23 15:39:30.799 0 0 I [1 T114 ..] [snd-soc]: it is card_post_resume
05-23 15:39:30.800 0 0 I [0 T2701 ..] [snd-codec-t9015]: aml_T9015_audio_set_bias_level
05-23 15:39:30.801 0 0 I [2 T2701 ..] [snd-codec-t9015]: aml_T9015_audio_set_bias_level
05-23 15:39:30.801 0 0 I [2 T669 ..] [snd-soc]: aml_audio_reset, reg 0xa, shift 9, use_vadtop 0
05-23 15:39:30.802 0 0 I [2 T669 ..] [snd-soc]: aml_audio_reset, reg 0xa, shift 14, use_vadtop 0
05-23 15:39:30.804 0 0 I [2 T669 ..] [hdmitx: ] hdmitx_audio_notify_callback[804] type:1 rate:0 size:0 chs:0 i2s_ch_mask:0 aud_src_if:0
05-23 15:39:30.805 0 0 E [2 T669 ..] [hdmitx: ] *HDMITX_ERROR* audio chn setting, must be 2, 4, 6 or 8, Rst as def
05-23 15:39:30.806 0 0 I [2 T669 ..] [hdmitx: ] aout notify format CT_PCM
05-23 15:39:30.806 0 0 I [2 T669 ..] [hdmitx: ] set audio
05-23 15:39:30.807 0 0 I [2 T669 ..] [hdmitx: ] audio_param->chs = -1
05-23 15:39:30.808 0 0 I [2 T669 ..] [hdmitx: ] aud_src_if = 0
05-23 15:39:30.808 0 0 I [2 T669 ..] [hdmitx: ] set audio param
05-23 15:39:30.809 0 0 I [2 T669 ..] [hdmitx: ] hdmitx_audio_notify_callback[804] type:2 rate:3 size:1 chs:2 i2s_ch_mask:1 aud_src_if:0
05-23 15:39:30.810 0 0 I [2 T669 ..] [hdmitx: ] aout notify format CT_AC_3
05-23 15:39:30.811 0 0 I [2 T669 ..] [hdmitx: ] set audio
05-23 15:39:30.811 0 0 I [2 T669 ..] [hdmitx: ] audio_param->chs = 1
05-23 15:39:30.812 0 0 I [2 T669 ..] [hdmitx: ] aud_src_if = 0
05-23 15:39:30.813 0 0 I [2 T669 ..] [hdmitx: ] set audio param
05-23 15:39:30.813 0 0 D [2 T669 ..] [snd-soc]: aml_spdif_fifo_ctrl, bit depth:16, frddr type:1, toddr:type:1
05-23 15:39:30.818 0 0 I [2 T669 ..] [snd-soc]: aml_audio_reset, reg 0xa, shift 9, use_vadtop 0
05-23 15:39:30.819 0 0 I [2 T669 ..] [snd-soc]: aml_audio_reset, reg 0xa, shift 14, use_vadtop 0
05-23 15:39:30.820 0 0 I [2 T669 ..] [hdmitx: ] hdmitx_audio_notify_callback[804] type:1 rate:0 size:0 chs:0 i2s_ch_mask:0 aud_src_if:0
05-23 15:39:30.821 0 0 E [2 T669 ..] [hdmitx: ] *HDMITX_ERROR* audio chn setting, must be 2, 4, 6 or 8, Rst as def
05-23 15:39:30.822 0 0 I [2 T669 ..] [hdmitx: ] aout notify format CT_PCM
05-23 15:39:30.823 0 0 I [2 T669 ..] [hdmitx: ] set audio
05-23 15:39:30.823 0 0 I [2 T669 ..] [hdmitx: ] audio_param->chs = -1
05-23 15:39:30.824 0 0 I [2 T669 ..] [hdmitx: ] aud_src_if = 0
05-23 15:39:30.824 0 0 I [3 T2669 ..] PM: suspend entry (deep)
05-23 15:39:30.825 0 0 I [2 T669 ..] [hdmitx: ] set audio param
05-23 15:39:30.826 0 0 I [2 T669 ..] [hdmitx: ] hdmitx_audio_notify_callback[804] type:2 rate:3 size:1 chs:2 i2s_ch_mask:1 aud_src_if:0
05-23 15:39:30.827 0 0 I [2 T669 ..] [hdmitx: ] aout notify format CT_AC_3
05-23 15:39:30.828 0 0 I [2 T669 ..] [hdmitx: ] set audio
05-23 15:39:30.829 0 0 I [2 T669 ..] [hdmitx: ] audio_param->chs = 1
05-23 15:39:30.829 0 0 I [2 T669 ..] [hdmitx: ] aud_src_if = 0
05-23 15:39:30.830 0 0 I [2 T669 ..] [hdmitx: ] set audio param
05-23 15:39:30.830 0 0 D [2 T669 ..] [snd-soc]: aml_spdif_fifo_ctrl, bit depth:16, frddr type:1, toddr:type:1
05-23 15:40:35.742 711 711 D HDMI : [R]: 04:46
05-23 15:40:35.742 711 891 D HDMI : [S]: 40:47
05-23 15:39:30.834 0 0 I : [2 T2669 ..] Filesystems sync: 0.008 seconds
05-23 15:39:30.834 0 0 I [2 T2669 ..] [pm]: reboot_pm_cb called. pm_event:3.
05-23 15:39:30.835 0 0 I : [2 T2669 ..] Freezing user space processes ... (elapsed 0.003 seconds) done.
05-23 15:39:30.839 0 0 I : [2 T2669 ..] OOM killer disabled.
05-23 15:39:30.839 0 0 I : [2 T2669 ..] Freezing remaining freezable tasks ... (elapsed 0.003 seconds) done.
05-23 15:39:30.843 0 0 I [2 T2669 ..] cec: aml_cec_pm_prepare
05-23 15:39:30.846 0 0 W : [1 T2701 ..] aml_cfg80211_suspend enter 5314
05-23 15:39:30.846 0 0 W : [1 T2701 ..] >>> aml_cfg80211_suspend()
05-23 15:39:30.846 0 0 I [3 T2669 ..] BTI: amlbt_sdio_suspend RG_AON_A52:0x4000006
05-23 15:39:30.847 0 0 W : [1 T2701 ..] >>> aml_ps_wow_suspend()
05-23 15:39:30.847 0 0 W : [1 T2701 ..] set_scan_hang, flag:1, [aml_cancel_scan 4851]
05-23 15:39:30.848 0 0 I [3 T2669 ..] BTI: RG_AON_A52:0x4000006
05-23 15:39:30.848 0 0 W : [1 T2701 ..] >>> aml_send_scanu_cancel_req()
05-23 15:39:30.848 0 0 W : [1 T2701 ..] >>> aml_send_msg()
05-23 15:39:30.849 0 0 I [3 T2669 ..] BTI: amlbt_sdio_suspend
05-23 15:39:30.852 0 0 I [3 T2669 ..] [snd-soc]: it is card_pre_suspend
05-23 15:39:30.852 0 0 W : [3 T1089 ..] ipc_sdio_host_msgack_handler 000000008fa305cb
05-23 15:39:30.852 0 0 I [1 T2712 ..] [snd-codec-t9015]: aml_T9015_audio_set_bias_level
05-23 15:39:30.853 0 0 W : [3 T1089 ..] [aml_msgackind 2038] msg ack hostid=0xffffff8025687880
05-23 15:39:30.854 0 0 I [1 T2712 ..] [snd-codec-t9015]: aml_T9015_audio_set_bias_level
05-23 15:39:30.855 0 0 W : [3 T1089 ..] [cmd_mgr_llind 329] cmd tkn[180] flags:001a result: -4 cmd: 105-MM_SUB_SCANU_CANCEL_REQ - reqcfm(16385-unknown)
05-23 15:39:30.856 0 0 I [2 T2669 ..] [snd-codec-t9015]: aml_T9015_audio_suspend!
05-23 15:39:30.857 0 0 W : [3 T1089 ..] [cmd_mgr_msgind 409] cmd tkn[180] flags:0012 result: -4 cmd: 105-MM_SUB_SCANU_CANCEL_REQ - reqcfm(16385-unknown)
05-23 15:39:30.858 0 0 I [2 T2669 ..] [snd-codec-t9015]: aml_T9015_audio_set_bias_level
05-23 15:39:30.860 0 0 W : [3 T1089 ..] aml_scanu_cancel_cfm 2046: status:1, vif_id=0
05-23 15:39:30.861 0 0 W : [3 T1089 ..] [cmd_complete 65] cmd tkn[180] flags:0002 result: -4 cmd: 105-MM_SUB_SCANU_CANCEL_REQ - reqcfm(16385-unknown)
05-23 15:39:30.863 0 0 W : [1 T2701 ..] >>> aml_send_arp_agent_req()
05-23 15:39:30.864 0 0 W : [1 T2701 ..] >>> aml_send_msg()
05-23 15:39:30.864 0 0 W : [3 T1089 ..] ipc_sdio_host_msgack_handler 0000000031c15269
05-23 15:39:30.865 0 0 W : [3 T1089 ..] [aml_msgackind 2038] msg ack hostid=0xffffff807a227980
05-23 15:39:30.866 0 0 W : [3 T1089 ..] [cmd_mgr_llind 329] cmd tkn[181] flags:0008 result: -4 cmd: 105-MM_SUB_ARP_AGENT_REQ - reqcfm( 0-none)
05-23 15:39:30.867 0 0 W : [3 T1089 ..] [cmd_complete 65] cmd tkn[181] flags:0000 result: -4 cmd: 105-MM_SUB_ARP_AGENT_REQ - reqcfm( 0-none)
05-23 15:39:30.869 0 0 W : [1 T2701 ..] >>> aml_send_msg()
05-23 15:39:30.870 0 0 W : [3 T1089 ..] ipc_sdio_host_msgack_handler 0000000031c15269
05-23 15:39:30.870 0 0 W : [3 T1089 ..] [aml_msgackind 2038] msg ack hostid=0xffffff807a227980
05-23 15:39:30.871 0 0 W : [3 T1089 ..] [cmd_mgr_llind 329] cmd tkn[182] flags:0008 result: -4 cmd: 105-MM_SUB_TKO_ACTIVATE_REQ - reqcfm( 0-none)
05-23 15:39:30.873 0 0 W : [3 T1089 ..] [cmd_complete 65] cmd tkn[182] flags:0000 result: -4 cmd: 105-MM_SUB_TKO_ACTIVATE_REQ - reqcfm( 0-none)
05-23 15:39:30.875 0 0 W : [1 T2701 ..] >>> aml_send_dhcp_req()
05-23 15:39:30.875 0 0 W : [1 T2701 ..] >>> aml_send_msg()
05-23 15:39:30.876 0 0 W : [3 T1089 ..] ipc_sdio_host_msgack_handler 0000000031c15269
05-23 15:39:30.876 0 0 W : [3 T1089 ..] [aml_msgackind 2038] msg ack hostid=0xffffff807a227980
05-23 15:39:30.877 0 0 W : [3 T1089 ..] [cmd_mgr_llind 329] cmd tkn[183] flags:0008 result: -4 cmd: 105-MM_SUB_DHCP_REQ - reqcfm( 0-none)
05-23 15:39:30.879 0 0 W : [3 T1089 ..] [cmd_complete 65] cmd tkn[183] flags:0000 result: -4 cmd: 105-MM_SUB_DHCP_REQ - reqcfm( 0-none)
05-23 15:39:30.881 0 0 W : [1 T2701 ..] [aml_send_me_set_ps_mode 2111] set power save mode:1
05-23 15:39:30.881 0 0 W : [1 T2701 ..] >>> aml_send_msg()
05-23 15:39:30.882 0 0 W : [3 T1089 ..] ipc_sdio_host_msgack_handler 0000000031c15269
05-23 15:39:30.883 0 0 W : [3 T1089 ..] [aml_msgackind 2038] msg ack hostid=0xffffff807a227980
05-23 15:39:30.884 0 0 W : [3 T1089 ..] [cmd_mgr_llind 329] cmd tkn[184] flags:001a result: -4 cmd:5139-ME_SET_PS_MODE_REQ - reqcfm(5140-ME_SET_PS_MODE_CFM)
05-23 15:39:30.886 0 0 W : [3 T1089 ..] [cmd_mgr_msgind 409] cmd tkn[184] flags:0012 result: -4 cmd:5139-ME_SET_PS_MODE_REQ - reqcfm(5140-ME_SET_PS_MODE_CFM)
05-23 15:39:30.887 0 0 W : [3 T1089 ..] [cmd_complete 65] cmd tkn[184] flags:0002 result: -4 cmd:5139-ME_SET_PS_MODE_REQ - reqcfm(5140-ME_SET_PS_MODE_CFM)
05-23 15:39:30.889 0 0 W : [1 T2701 ..] >>> aml_send_suspend_req()
05-23 15:39:30.890 0 0 W : [1 T2701 ..] >>> aml_send_msg()
05-23 15:39:30.891 0 0 W : [3 T1089 ..] ipc_sdio_host_msgack_handler 0000000031c15269
05-23 15:39:30.891 0 0 W : [3 T1089 ..] [aml_msgackind 2038] msg ack hostid=0xffffff807a227980
05-23 15:39:30.892 0 0 W : [3 T1089 ..] [cmd_mgr_llind 329] cmd tkn[185] flags:0008 result: -4 cmd: 105-MM_SUB_SET_SUSPEND_REQ - reqcfm(1023-none)
05-23 15:39:30.894 0 0 W : [3 T1089 ..] [cmd_complete 65] cmd tkn[185] flags:0000 result: -4 cmd: 105-MM_SUB_SET_SUSPEND_REQ - reqcfm(1023-none)
05-23 15:39:30.895 0 0 W : [3 T1089 ..] aml_suspend_ind 2103
05-23 15:39:30.913 0 0 W : [1 T2701 ..] [aml_ps_wow_suspend 5274] after suspend cmd:0
05-23 15:39:30.914 0 0 W : [1 T2701 ..] aml_cfg80211_suspend ok exit 5337
05-23 15:39:30.914 0 0 I [2 T8 ..] PM: PM: Pending Wakeup Sources: NETLINK
05-23 15:39:31.078 0 0 E [2 T2669 ..] PM: Some devices failed to suspend, or early wake event detected
05-23 15:39:31.078 0 0 I [2 T71 ..] [snd-codec-t9015]: no call standard reset interface
05-23 15:39:31.079 0 0 I [2 T2669 ..] BTI: amlbt_sdio_resume
05-23 15:39:31.079 0 0 W : [0 T2753 ..] >>> aml_cfg80211_resume()
05-23 15:39:31.080 0 0 W : [0 T2753 ..] >>> aml_ps_wow_resume()
05-23 15:39:31.081 0 0 W : [0 T2753 ..] >>> aml_send_suspend_req()
05-23 15:39:31.081 0 0 W : [0 T2753 ..] >>> aml_send_msg()
05-23 15:39:31.082 0 0 W : [3 T1089 ..] ipc_sdio_host_msgack_handler 00000000c6f1f928
05-23 15:39:31.083 0 0 W : [3 T1089 ..] [aml_msgackind 2038] msg ack hostid=0xffffff807c107600
05-23 15:39:31.083 0 0 W : [3 T1089 ..] [cmd_mgr_llind 329] cmd tkn[186] flags:0008 result: -4 cmd: 105-MM_SUB_SET_SUSPEND_REQ - reqcfm(1023-none)
05-23 15:39:31.085 0 0 W : [3 T1089 ..] [cmd_complete 65] cmd tkn[186] flags:0000 result: -4 cmd: 105-MM_SUB_SET_SUSPEND_REQ - reqcfm(1023-none)
05-23 15:39:31.087 0 0 W : [0 T2753 ..] [aml_send_me_set_ps_mode 2111] set power save mode:0
05-23 15:39:31.087 0 0 W : [0 T2753 ..] >>> aml_send_msg()
05-23 15:39:31.108 0 0 W : [3 T1089 ..] ipc_sdio_host_msgack_handler 00000000c6f1f928
05-23 15:39:31.108 0 0 W : [3 T1089 ..] [aml_msgackind 2038] msg ack hostid=0xffffff807c107600
05-23 15:39:31.109 0 0 W : [3 T1089 ..] [cmd_mgr_llind 329] cmd tkn[187] flags:001a result: -4 cmd:5139-ME_SET_PS_MODE_REQ - reqcfm(5140-ME_SET_PS_MODE_CFM)
05-23 15:39:31.111 0 0 W : [3 T1089 ..] [cmd_mgr_msgind 409] cmd tkn[187] flags:0012 result: -4 cmd:5139-ME_SET_PS_MODE_REQ - reqcfm(5140-ME_SET_PS_MODE_CFM)
05-23 15:39:31.113 0 0 W : [3 T1089 ..] [cmd_complete 65] cmd tkn[187] flags:0002 result: -4 cmd:5139-ME_SET_PS_MODE_REQ - reqcfm(5140-ME_SET_PS_MODE_CFM)
05-23 15:39:31.114 0 0 W : [0 T2753 ..] >>> aml_send_arp_agent_req()
05-23 15:39:31.115 0 0 W : [0 T2753 ..] >>> aml_send_msg()
05-23 15:39:31.116 0 0 W : [3 T1089 ..] ipc_sdio_host_msgack_handler 00000000f3b9e6f5
05-23 15:39:31.116 0 0 W : [3 T1089 ..] [aml_msgackind 2038] msg ack hostid=0xffffff807c107d00
05-23 15:39:31.117 0 0 W : [3 T1089 ..] [cmd_mgr_llind 329] cmd tkn[188] flags:0008 result: -4 cmd: 105-MM_SUB_ARP_AGENT_REQ - reqcfm( 0-none)
05-23 15:39:31.119 0 0 W : [3 T1089 ..] [cmd_complete 65] cmd tkn[188] flags:0000 result: -4 cmd: 105-MM_SUB_ARP_AGENT_REQ - reqcfm( 0-none)
05-23 15:39:31.120 0 0 W : [0 T2753 ..] >>> aml_send_msg()
05-23 15:39:31.121 0 0 W : [3 T1089 ..] ipc_sdio_host_msgack_handler 00000000f3b9e6f5
05-23 15:39:31.122 0 0 W : [3 T1089 ..] [aml_msgackind 2038] msg ack hostid=0xffffff807c107d00
05-23 15:39:31.123 0 0 W : [3 T1089 ..] [cmd_mgr_llind 329] cmd tkn[189] flags:0008 result: -4 cmd: 105-MM_SUB_TKO_ACTIVATE_REQ - reqcfm( 0-none)
05-23 15:39:31.124 0 0 W : [3 T1089 ..] [cmd_complete 65] cmd tkn[189] flags:0000 result: -4 cmd: 105-MM_SUB_TKO_ACTIVATE_REQ - reqcfm( 0-none)
05-23 15:39:31.126 0 0 W : [0 T2753 ..] >>> aml_send_dhcp_req()
05-23 15:39:31.126 0 0 W : [0 T2753 ..] >>> aml_send_msg()
05-23 15:39:31.127 0 0 W : [3 T1089 ..] ipc_sdio_host_msgack_handler 00000000f3b9e6f5
05-23 15:39:31.128 0 0 W : [3 T1089 ..] [aml_msgackind 2038] msg ack hostid=0xffffff807c107d00
05-23 15:39:31.129 0 0 W : [3 T1089 ..] [cmd_mgr_llind 329] cmd tkn[190] flags:0008 result: -4 cmd: 105-MM_SUB_DHCP_REQ - reqcfm( 0-none)
05-23 15:39:31.130 0 0 W : [3 T1089 ..] [cmd_complete 65] cmd tkn[190] flags:0000 result: -4 cmd: 105-MM_SUB_DHCP_REQ - reqcfm( 0-none)
05-23 15:39:31.132 0 0 W : [0 T2753 ..] >>> aml_send_msg()
05-23 15:39:31.133 0 0 W : [3 T1089 ..] ipc_sdio_host_msgack_handler 00000000f3b9e6f5
05-23 15:39:31.133 0 0 W : [3 T1089 ..] [aml_msgackind 2038] msg ack hostid=0xffffff807c107d00
05-23 15:39:31.134 0 0 W : [3 T1089 ..] [cmd_mgr_llind 329] cmd tkn[191] flags:0008 result: -4 cmd: 105-MM_SCAN_HANG - reqcfm( 0-none)
05-23 15:39:31.136 0 0 W : [3 T1089 ..] [cmd_complete 65] cmd tkn[191] flags:0000 result: -4 cmd: 105-MM_SCAN_HANG - reqcfm( 0-none)
05-23 15:39:31.137 0 0 W : [0 T2753 ..] set_scan_hang, flag:0, [aml_ps_wow_resume 5095]
05-23 15:39:31.138 0 0 W : [0 T2753 ..] aml_cfg80211_resume,5397, resume is ok
05-23 15:39:31.139 0 0 W : [3 T1089 ..] fmac scan_hang state:0
05-23 15:39:31.140 0 0 I [2 T2669 ..] cec: wakeup_reason:0x5
05-23 15:39:31.141 0 0 I [2 T2669 ..] cec: aml_cec_pm_complete
05-23 15:39:31.142 0 0 I : [2 T2669 ..] OOM killer enabled.
05-23 15:39:31.142 0 0 I : [2 T2669 ..] Restarting tasks ... done.
05-23 15:39:31.146 0 0 I [2 T2669 d.] Abort: Pending Wakeup Sources: NETLINK
05-23 15:39:31.146 0 0 I [2 T2669 ..] [pm]: reboot_pm_cb called. pm_event:4.
05-23 15:39:31.147 0 0 I [2 T2669 ..] PM: suspend exit
05-23 15:39:31.351 0 0 I [2 T71 ..] [snd-codec-t9015]: aml_T9015_audio_set_bias_level
05-23 15:39:31.351 0 0 I [2 T71 ..] [snd-soc]: it is card_post_resume
05-23 15:39:31.352 0 0 I [0 T2753 ..] [snd-codec-t9015]: aml_T9015_audio_set_bias_level
05-23 15:39:31.352 0 0 I [0 T2753 ..] [snd-codec-t9015]: aml_T9015_audio_set_bias_level
05-23 15:39:31.353 0 0 I [2 T669 ..] [snd-soc]: aml_audio_reset, reg 0xa, shift 9, use_vadtop 0
05-23 15:39:31.354 0 0 I [2 T669 ..] [snd-soc]: aml_audio_reset, reg 0xa, shift 14, use_vadtop 0
05-23 15:39:31.356 0 0 I [2 T669 ..] [hdmitx: ] hdmitx_audio_notify_callback[804] type:1 rate:0 size:0 chs:0 i2s_ch_mask:0 aud_src_if:0
05-23 15:39:31.356 0 0 E [2 T669 ..] [hdmitx: ] *HDMITX_ERROR* audio chn setting, must be 2, 4, 6 or 8, Rst as def
05-23 15:39:31.358 0 0 I [2 T669 ..] [hdmitx: ] aout notify format CT_PCM
05-23 15:39:31.358 0 0 I [2 T669 ..] [hdmitx: ] set audio
05-23 15:39:31.359 0 0 I [2 T669 ..] [hdmitx: ] audio_param->chs = -1
05-23 15:39:31.360 0 0 I [2 T669 ..] [hdmitx: ] aud_src_if = 0
05-23 15:39:31.360 0 0 I [2 T669 ..] [hdmitx: ] set audio param
05-23 15:39:31.361 0 0 I [2 T669 ..] [hdmitx: ] hdmitx_audio_notify_callback[804] type:2 rate:3 size:1 chs:2 i2s_ch_mask:1 aud_src_if:0
05-23 15:39:31.362 0 0 I [2 T669 ..] [hdmitx: ] aout notify format CT_AC_3
05-23 15:39:31.363 0 0 I [2 T669 ..] [hdmitx: ] set audio
05-23 15:39:31.363 0 0 I [2 T669 ..] [hdmitx: ] audio_param->chs = 1
05-23 15:39:31.364 0 0 I [2 T669 ..] [hdmitx: ] aud_src_if = 0
05-23 15:39:31.365 0 0 I [2 T669 ..] [hdmitx: ] set audio param
05-23 15:39:31.365 0 0 D [2 T669 ..] [snd-soc]: aml_spdif_fifo_ctrl, bit depth:16, frddr type:1, toddr:type:1
05-23 15:39:31.370 0 0 I [2 T669 ..] [snd-soc]: aml_audio_reset, reg 0xa, shift 9, use_vadtop 0
05-23 15:39:31.371 0 0 I [2 T669 ..] [snd-soc]: aml_audio_reset, reg 0xa, shift 14, use_vadtop 0
05-23 15:39:31.372 0 0 I [2 T669 ..] [hdmitx: ] hdmitx_audio_notify_callback[804] type:1 rate:0 size:0 chs:0 i2s_ch_mask:0 aud_src_if:0
05-23 15:39:31.373 0 0 E [2 T669 ..] [hdmitx: ] *HDMITX_ERROR* audio chn setting, must be 2, 4, 6 or 8, Rst as def
05-23 15:39:31.374 0 0 I [2 T669 ..] [hdmitx: ] aout notify format CT_PCM
05-23 15:39:31.375 0 0 I [2 T669 ..] [hdmitx: ] set audio
05-23 15:39:31.375 0 0 I [2 T669 ..] [hdmitx: ] audio_param->chs = -1
05-23 15:39:31.376 0 0 I [2 T669 ..] [hdmitx: ] aud_src_if = 0
05-23 15:39:31.377 0 0 I [2 T669 ..] [hdmitx: ] set audio param
05-23 15:39:31.377 0 0 I [2 T669 ..] [hdmitx: ] hdmitx_audio_notify_callback[804] type:2 rate:3 size:1 chs:2 i2s_ch_mask:1 aud_src_if:0
05-23 15:39:31.379 0 0 I [2 T669 ..] [hdmitx: ] aout notify format CT_AC_3
05-23 15:39:31.379 0 0 I [2 T669 ..] [hdmitx: ] set audio
05-23 15:39:31.380 0 0 I [2 T669 ..] [hdmitx: ] audio_param->chs = 1
05-23 15:39:31.381 0 0 I [2 T669 ..] [hdmitx: ] aud_src_if = 0
05-23 15:39:31.381 0 0 I [2 T669 ..] [hdmitx: ] set audio param
05-23 15:39:31.382 0 0 D [2 T669 ..] [snd-soc]: aml_spdif_fifo_ctrl, bit depth:16, frddr type:1, toddr:type:1
05-23 15:39:31.552 0 0 I [2 T2669 ..] PM: suspend entry (deep)
05-23 15:39:31.559 0 0 I : [2 T2669 ..] Filesystems sync: 0.007 seconds
05-23 15:39:31.560 0 0 I [2 T2669 ..] [pm]: reboot_pm_cb called. pm_event:3.
05-23 15:39:31.560 0 0 I : [2 T2669 ..] Freezing user space processes ... (elapsed 0.003 seconds) done.
05-23 15:39:31.564 0 0 I : [2 T2669 ..] OOM killer disabled.
05-23 15:39:31.565 0 0 I : [2 T2669 ..] Freezing remaining freezable tasks ... (elapsed 0.003 seconds) done.
05-23 15:39:31.569 0 0 I [2 T2669 ..] cec: aml_cec_pm_prepare
05-23 15:39:31.572 0 0 W : [0 T2753 ..] aml_cfg80211_suspend enter 5314
05-23 15:39:31.573 0 0 W : [0 T2753 ..] >>> aml_cfg80211_suspend()
05-23 15:39:31.573 0 0 W : [0 T2753 ..] >>> aml_ps_wow_suspend()
05-23 15:39:31.574 0 0 W : [0 T2753 ..] set_scan_hang, flag:1, [aml_cancel_scan 4851]
05-23 15:39:31.574 0 0 I [2 T2669 ..] BTI: amlbt_sdio_suspend RG_AON_A52:0x44000006
05-23 15:39:31.574 0 0 W : [0 T2753 ..] >>> aml_send_scanu_cancel_req()
05-23 15:39:31.574 0 0 W : [0 T2753 ..] >>> aml_send_msg()
05-23 15:39:31.577 0 0 I [2 T2669 ..] BTI: RG_AON_A52:0x44000006
05-23 15:39:31.577 0 0 I [2 T2669 ..] BTI: amlbt_sdio_suspend
05-23 15:39:31.577 0 0 W : [3 T1089 ..] ipc_sdio_host_msgack_handler 000000005962851b
05-23 15:39:31.577 0 0 I [2 T2669 ..] [snd-soc]: it is card_pre_suspend
05-23 15:39:31.578 0 0 W : [3 T1089 ..] [aml_msgackind 2038] msg ack hostid=0xffffff807c107680
05-23 15:39:31.578 0 0 W : [3 T1089 ..] [cmd_mgr_llind 329] cmd tkn[192] flags:001a result: -4 cmd: 105-MM_SUB_SCANU_CANCEL_REQ - reqcfm(16385-unknown)
05-23 15:39:31.579 0 0 I [1 T2712 ..] [snd-codec-t9015]: aml_T9015_audio_set_bias_level
05-23 15:39:31.579 0 0 W : [3 T1089 ..] [cmd_mgr_msgind 409] cmd tkn[192] flags:0012 result: -4 cmd: 105-MM_SUB_SCANU_CANCEL_REQ - reqcfm(16385-unknown)
05-23 15:39:31.580 0 0 I [1 T2712 ..] [snd-codec-t9015]: aml_T9015_audio_set_bias_level
05-23 15:39:31.582 0 0 W : [3 T1089 ..] aml_scanu_cancel_cfm 2046: status:1, vif_id=0
05-23 15:39:31.582 0 0 W : [3 T1089 ..] [cmd_complete 65] cmd tkn[192] flags:0002 result: -4 cmd: 105-MM_SUB_SCANU_CANCEL_REQ - reqcfm(16385-unknown)
05-23 15:39:31.583 0 0 I [2 T2669 ..] [snd-codec-t9015]: aml_T9015_audio_suspend!
05-23 15:39:31.584 0 0 W : [1 T2753 ..] >>> aml_send_arp_agent_req()
05-23 15:39:31.585 0 0 I [2 T2669 ..] [snd-codec-t9015]: aml_T9015_audio_set_bias_level
05-23 15:39:31.590 0 0 W : [1 T2753 ..] >>> aml_send_msg()
05-23 15:39:31.591 0 0 W : [3 T1089 ..] ipc_sdio_host_msgack_handler 000000001f5a94a4
05-23 15:39:31.591 0 0 W : [3 T1089 ..] [aml_msgackind 2038] msg ack hostid=0xffffff807a227d80
05-23 15:39:31.592 0 0 W : [3 T1089 ..] [cmd_mgr_llind 329] cmd tkn[193] flags:0008 result: -4 cmd: 105-MM_SUB_ARP_AGENT_REQ - reqcfm( 0-none)
05-23 15:39:31.594 0 0 W : [3 T1089 ..] [cmd_complete 65] cmd tkn[193] flags:0000 result: -4 cmd: 105-MM_SUB_ARP_AGENT_REQ - reqcfm( 0-none)
05-23 15:39:31.595 0 0 W : [1 T2753 ..] >>> aml_send_msg()
05-23 15:39:31.596 0 0 W : [3 T1089 ..] ipc_sdio_host_msgack_handler 000000001f5a94a4
05-23 15:39:31.597 0 0 W : [3 T1089 ..] [aml_msgackind 2038] msg ack hostid=0xffffff807a227d80
05-23 15:39:31.598 0 0 W : [3 T1089 ..] [cmd_mgr_llind 329] cmd tkn[194] flags:0008 result: -4 cmd: 105-MM_SUB_TKO_ACTIVATE_REQ - reqcfm( 0-none)
05-23 15:39:31.599 0 0 W : [3 T1089 ..] [cmd_complete 65] cmd tkn[194] flags:0000 result: -4 cmd: 105-MM_SUB_TKO_ACTIVATE_REQ - reqcfm( 0-none)
05-23 15:39:31.601 0 0 W : [1 T2753 ..] >>> aml_send_dhcp_req()
05-23 15:39:31.601 0 0 W : [1 T2753 ..] >>> aml_send_msg()
05-23 15:39:31.602 0 0 W : [3 T1089 ..] ipc_sdio_host_msgack_handler 000000001f5a94a4
05-23 15:39:31.603 0 0 W : [3 T1089 ..] [aml_msgackind 2038] msg ack hostid=0xffffff807a227d80
05-23 15:39:31.604 0 0 W : [3 T1089 ..] [cmd_mgr_llind 329] cmd tkn[195] flags:0008 result: -4 cmd: 105-MM_SUB_DHCP_REQ - reqcfm( 0-none)
05-23 15:39:31.605 0 0 W : [3 T1089 ..] [cmd_complete 65] cmd tkn[195] flags:0000 result: -4 cmd: 105-MM_SUB_DHCP_REQ - reqcfm( 0-none)
05-23 15:39:31.607 0 0 W : [1 T2753 ..] [aml_send_me_set_ps_mode 2111] set power save mode:1
05-23 15:39:31.607 0 0 W : [1 T2753 ..] >>> aml_send_msg()
05-23 15:39:31.608 0 0 W : [3 T1089 ..] ipc_sdio_host_msgack_handler 000000001f5a94a4
05-23 15:39:31.609 0 0 W : [3 T1089 ..] [aml_msgackind 2038] msg ack hostid=0xffffff807a227d80
05-23 15:39:31.610 0 0 W : [3 T1089 ..] [cmd_mgr_llind 329] cmd tkn[196] flags:001a result: -4 cmd:5139-ME_SET_PS_MODE_REQ - reqcfm(5140-ME_SET_PS_MODE_CFM)
05-23 15:39:31.612 0 0 W : [3 T1089 ..] [cmd_mgr_msgind 409] cmd tkn[196] flags:0012 result: -4 cmd:5139-ME_SET_PS_MODE_REQ - reqcfm(5140-ME_SET_PS_MODE_CFM)
05-23 15:40:43.921 711 711 W Looper : Slow delivery took 275ms main h=android.os.Handler c=com.android.internal.os.BinderCallsStats$1@21348f5 m=0
05-23 15:40:43.924 711 711 W Looper : Drained
05-23 15:39:31.613 0 0 W : [3 T1089 ..] [cmd_complete 65] cmd tkn[196] flags:0002 result: -4 cmd:5139-ME_SET_PS_MODE_REQ - reqcfm(5140-ME_SET_PS_MODE_CFM)
05-23 15:39:31.615 0 0 W : [1 T2753 ..] >>> aml_send_suspend_req()
05-23 15:39:31.616 0 0 W : [1 T2753 ..] >>> aml_send_msg()
05-23 15:39:31.616 0 0 W : [3 T1089 ..] ipc_sdio_host_msgack_handler 000000001f5a94a4
05-23 15:39:31.617 0 0 W : [3 T1089 ..] [aml_msgackind 2038] msg ack hostid=0xffffff807a227d80
05-23 15:39:31.618 0 0 W : [3 T1089 ..] [cmd_mgr_llind 329] cmd tkn[197] flags:0008 result: -4 cmd: 105-MM_SUB_SET_SUSPEND_REQ - reqcfm(1023-none)
05-23 15:39:31.620 0 0 W : [3 T1089 ..] [cmd_complete 65] cmd tkn[197] flags:0000 result: -4 cmd: 105-MM_SUB_SET_SUSPEND_REQ - reqcfm(1023-none)
05-23 15:39:31.621 0 0 W : [3 T1089 ..] aml_suspend_ind 2103
05-23 15:39:31.637 0 0 W : [1 T2753 ..] [aml_ps_wow_suspend 5274] after suspend cmd:0
05-23 15:39:31.638 0 0 W : [1 T2753 ..] aml_cfg80211_suspend ok exit 5337
05-23 15:39:31.806 0 0 I : [2 T2669 ..] meson_uart fe078000.serial: pull up rts
05-23 15:39:31.806 0 0 I : [2 T2669 ..] amlvideo2.1 suspend ok
05-23 15:39:31.807 0 0 I : [2 T2669 ..] amlvideo2.0 suspend ok
05-23 15:39:31.807 0 0 I : [2 T2669 ..] [drm] am_meson_crtc_atomic_disable-[0]:in
05-23 15:39:31.808 0 0 I : [2 T2669 ..] dummy_encl_disable finished
05-23 15:39:31.809 0 0 I : [2 T2669 ..] [drm] am_meson_drm_pm_suspend: done
05-23 15:39:31.809 0 0 I [2 T2669 ..] [hdmitx: ] hdmitx_s7d_clock_gate 0
05-23 15:39:31.810 0 0 I [2 T2669 ..] [hdmitx: ] amhdmitx: suspend
05-23 15:39:31.811 0 0 I : [2 T2669 ..] vdin_self_stop_dec(1) decoder in state stopped flags=0x0
05-23 15:39:31.812 0 0 I : [2 T2669 ..] vdin_drv_suspend vdin-id:1 ok.
05-23 15:39:31.812 0 0 I [2 T2669 ..] amvdac_drv_suspend: private_flag:0x0
05-23 15:39:31.813 0 0 I [2 T2669 ..] amvecm: suspend module
05-23 15:39:31.814 0 0 E [2 T2669 ..] vpu: vpu: error: vapb_clk_switch: vapb_clk
05-23 15:39:31.814 0 0 I [2 T2669 ..] vpu: set vpu clk: 25000000Hz(0), readback: 25000000Hz(0x50f)
05-23 15:39:31.815 0 0 I [2 T2669 ..] vpu: vpu: suspend clk: 25000000Hz(0x50f)
05-23 15:39:31.816 0 0 I [2 T2669 ..] [snd-soc]: vad_platform_suspend
05-23 15:39:31.817 0 0 I [2 T2669 ..] [snd-soc]: aml_tdm_platform_suspend tdm:(2)
05-23 15:39:31.817 0 0 I [2 T2669 ..] [snd-soc]: aml_tdm_platform_suspend tdm:(1)
05-23 15:39:31.818 0 0 I [2 T2669 ..] [snd-soc]: aml_tdm_platform_suspend tdm:(0)
05-23 15:39:31.819 0 0 I : [2 T2669 ..] wzh exphy wol
05-23 15:39:31.821 0 0 I : [2 T2669 ..] mali fd000000.valhall: Scheduler PM suspend
05-23 15:39:31.822 0 0 I : [2 T2669 ..] mali fd000000.valhall: pm_callback_suspend in
05-23 15:39:31.822 0 0 I : [2 T2669 ..] mali fd000000.valhall: pm_callback_suspend out
05-23 15:39:31.823 0 0 I : [2 T2669 ..] meson-vrtc fe010288.rtc: alarm_time = 249s, local_time=252s
05-23 15:39:31.825 0 0 I : [2 T2669 ..] di_clear_for_suspend
05-23 15:39:31.825 0 0 I : [2 T2669 ..] di_clear_for_suspend end
05-23 15:39:31.827 0 0 I [2 T2669 ..] dim: di_suspend finish
05-23 15:39:31.828 0 0 I : [2 T2669 ..] Disabling non-boot CPUs ...
05-23 15:39:31.829 0 0 I [2 T2669 ..] psci: CPU1 killed (polled 4 ms)
05-23 15:39:31.832 0 0 I [0 T2669 ..] psci: CPU2 killed (polled 0 ms)
05-23 15:39:31.835 0 0 I [0 T2669 ..] psci: CPU3 killed (polled 0 ms)
05-23 15:39:31.836 0 0 I : [0 T2669 ..] Enabling non-boot CPUs ...
05-23 15:39:31.836 0 0 I : [0 T0 ..] Detected VIPT I-cache on CPU1
05-23 15:39:31.836 0 0 I [0 T0 ..] CPU1: Booted secondary processor 0x0000000100 [0x412fd050]
05-23 15:39:31.837 0 0 I : [0 T2669 ..] CPU1 is up
05-23 15:39:31.838 0 0 I : [0 T0 ..] Detected VIPT I-cache on CPU2
05-23 15:39:31.838 0 0 I [0 T0 ..] CPU2: Booted secondary processor 0x0000000200 [0x412fd050]
05-23 15:39:31.839 0 0 I : [0 T2669 ..] CPU2 is up
05-23 15:39:31.839 0 0 I : [0 T0 ..] Detected VIPT I-cache on CPU3
05-23 15:39:31.839 0 0 I [0 T0 ..] CPU3: Booted secondary processor 0x0000000300 [0x412fd050]
05-23 15:39:31.840 0 0 I : [0 T2669 ..] CPU3 is up
05-23 15:39:31.841 0 0 I [0 T2669 ..] cec: cec resume noirq!
05-23 15:39:31.841 0 0 I [0 T2669 ..] cec: wakeup_reason:0x8
05-23 15:39:31.843 0 0 I [0 T2669 ..] dim: di_resume
05-23 15:39:31.843 0 0 I [0 T2669 ..] dim: vpu clkb =25000000.
05-23 15:39:31.843 0 0 I [0 T2669 ..] dim: di_resume finish
05-23 15:39:31.845 0 0 I : [0 T2669 ..] meson-vrtc fe010288.rtc: meson_vrtc_adjust_alarm: remaining alarm time = 241 s
05-23 15:39:31.845 0 0 I : [0 T2669 ..] mali fd000000.valhall: pm_callback_resume in
05-23 15:39:31.846 0 0 I : [0 T2669 ..] mali fd000000.valhall: pm_callback_resume out
05-23 15:39:31.847 0 0 I : [0 T2669 ..] mali fd000000.valhall: Scheduler PM resume
05-23 15:39:31.848 0 0 I : [0 T2669 ..] amlogic-crg-drd-usb2 fe358000.usbphy20: phy trim value= 0x000000ff
05-23 15:39:31.849 0 0 I : [0 T2669 ..] amlogic-crg-drd-usb2 fe358000.usbphy20: usb2 pll init done, val: 0x8f549540
05-23 15:39:31.850 0 0 E [0 T2669 ..] [usb]: amlogic_crg_drd_usb2_set_usb_vbus_power 1.
05-23 15:39:31.851 0 0 I : [1 T2669 ..] amlogic-crg-drd-usb2 fe348000.usbphy21: phy trim value= 0x000000ff
05-23 15:39:31.852 0 0 I : [1 T2669 ..] amlogic-crg-drd-usb2 fe348000.usbphy21: usb2 pll init done, val: 0x8f549540
05-23 15:39:31.853 0 0 I : [1 T2669 ..] exeth hold wakelock 5s
05-23 15:39:31.854 0 0 E : [1 T2669 ..] snd_tdm fe330000.audiobus:tdm@0: aml_set_tdm_mclk_2(), clk 0 err
05-23 15:39:31.854 0 0 I [1 T2669 ..] [snd-soc]: aml_tdm_platform_resume tdm:(0)
05-23 15:39:31.855 0 0 E : [1 T2669 ..] snd_tdm fe330000.audiobus:tdm@1: aml_set_tdm_mclk_2(), clk 0 err
05-23 15:39:31.856 0 0 I [1 T2669 ..] [snd-soc]: aml_tdm_platform_resume tdm:(1)
05-23 15:39:31.857 0 0 I [1 T2669 ..] [snd-soc]: aml_tdm_platform_resume tdm:(2)
05-23 15:39:31.858 0 0 I [1 T2669 ..] [snd-soc]: new_resample_init: Start init new resample 0 parameters!
05-23 15:39:31.859 0 0 E : [1 T2669 ..] Codec io: No support bus type 2 to write.
05-23 15:39:31.860 0 0 I [1 T2669 ..] [snd-soc]: resample_clk_set:set hifi pll
05-23 15:39:31.860 0 0 I [1 T2669 ..] [snd-soc]: resample_clk_set, resample_pll:491520000, sclk:12288000, clk:12288000
05-23 15:39:31.862 0 0 I [1 T2669 ..] [snd-soc]: new_resample_set_ratio(), id = 0, phase_step = 0x10000000, input_sr = 48000, output_sr = 48000
05-23 15:39:31.862 0 0 I [1 T2669 ..] [snd-soc]: resample_clk_set:set hifi pll
05-23 15:39:31.864 0 0 I [1 T2669 ..] [snd-soc]: resample_clk_set, resample_pll:491520000, sclk:12288000, clk:12288000
05-23 15:39:31.865 0 0 I [1 T2669 ..] [snd-soc]: vad_platform_resume
05-23 15:39:31.866 0 0 I : [1 T2669 ..] AMFC VLSI version:100, feature:1, clk:666666656
05-23 15:39:31.867 0 0 E [1 T2669 ..] vpu: vpu: error: vapb_clk_switch: vapb_clk
05-23 15:39:31.867 0 0 I [1 T2669 ..] vpu: set vpu clk: 666666667Hz(8), readback: 666666656Hz(0x100)
05-23 15:39:31.868 0 0 I [1 T2669 ..] vpu: vpu: resume clk: 666666656Hz(0x100)
05-23 15:39:31.869 0 0 I [1 T2669 ..] amvecm: resume module
05-23 15:39:31.870 0 0 I [1 T2669 ..] amvdac_drv_resume: private_flag:0x0
05-23 15:39:31.889 0 0 I : [1 T2669 ..] vdin_drv_resume id:1 ok.
05-23 15:39:31.889 0 0 I [1 T2669 ..] [mmc]: sdio vendor is 0x1b8e
05-23 15:39:31.890 0 0 I [1 T2669 ..] [wireless]: vendor_id = 0x1b8e
05-23 15:39:31.891 0 0 I [1 T2669 ..] [hdmitx: ] amhdmitx: resume
05-23 15:39:31.891 0 0 I [1 T2669 ..] [hdmitx: ] hdmitx_s7d_clock_gate 1
05-23 15:39:31.892 0 0 I [1 T2669 ..] [hdmitx: ] hdmi_hwp_init497
05-23 15:39:31.893 0 0 I [1 T2669 ..] [hdmitx: ] plugin sequence id: 4294955563
05-23 15:39:31.931 0 0 I [1 T2669 ..] cec: [hdmitx_notify_callback] unsupported notify:3
05-23 15:39:31.931 0 0 W : [1 T2669 ..] [RX]-up_phy_addr = 3
05-23 15:39:31.932 0 0 I [1 T2669 ..] [hdmitx: ] edid: blk0 raw data
05-23 15:39:31.932 0 0 I [1 T2669 ..] [hdmitx: ] 00ffffffffffff0010503000010000000a180103807341780acf74a3574cb02309484c000000010101ff01ffff01010101010101012008e80030f2705a80b058
05-23 15:39:31.932 0 0 I : [1 T2669 ..] 8a00c48e2100001e08e8801871382d40582c4500c48e2100001e000000fc0044616e67626569202020202020000000fd003b461f8c3c000a202020202020016a
05-23 15:39:31.936 0 0 I [1 T2669 ..] [hdmitx: ] edid: blk1 raw data
05-23 15:39:31.936 0 0 I [1 T2669 ..] [hdmitx: ] 020367f25f0584030112131407901f20225d5f6061626465665e630206217576dadb3f4029097f0715075051060083010000e200ff72030c003000f84420c084
05-23 15:39:31.936 0 0 I : [1 T2669 ..] 01020304014100006ad85dc401788067123078e305ff01e50f00801900e3060f01e5018b84900100000000000000000000000000000000000000000000000080
05-23 15:39:31.940 0 0 I : [1 T2669 ..] [drm] drm hdmitx hpd notify
05-23 15:39:31.941 0 0 I : [1 T2669 ..] [drm] am_meson_crtc_atomic_enable-[0] in: new[dummy_l], old[], vmode[7-4], uboot[0]
05-23 15:39:31.942 0 0 I : [1 T2669 ..] [drm] am_meson_crtc_atomic_enable-[0]: enable mode dummy_l final vmode 7
05-23 15:39:31.943 0 0 I : [1 T2669 ..] dummy_encl_set_current_vmode finished
05-23 15:39:31.944 0 0 I : [1 T2669 ..] [drm] meson_vout_update_mode_name: dummy update vout 1 name dummy_l.
05-23 15:39:31.945 0 0 I : [1 T2669 ..] [drm] meson_dummyl_encoder_atomic_enable: vmode:7 skip atomic enable!
05-23 15:39:31.960 0 0 I : [1 T2669 ..] [drm] am_meson_drm_pm_resume: done
05-23 15:39:31.960 0 0 I : [1 T2669 ..] amlvideo2.0 resume ok
05-23 15:39:31.961 0 0 I : [1 T2669 ..] amlvideo2.1 resume ok
05-23 15:39:31.961 0 0 I : [0 T8 d.] usb usb1: root hub lost power or was reset
05-23 15:39:31.962 0 0 I [1 T114 ..] [snd-codec-t9015]: no call standard reset interface
05-23 15:39:31.962 0 0 I : [0 T8 d.] usb usb2: root hub lost power or was reset
05-23 15:39:31.962 0 0 I : [3 T79 d.] usb usb3: root hub lost power or was reset
05-23 15:39:31.962 0 0 I : [3 T79 d.] usb usb4: root hub lost power or was reset
05-23 15:39:31.962 0 0 I [2 T2669 ..] BTI: amlbt_sdio_resume
05-23 15:39:31.962 0 0 W : [2 T10 ..] >>> aml_cfg80211_resume()
05-23 15:39:31.962 0 0 W : [2 T10 ..] >>> aml_ps_wow_resume()
05-23 15:39:31.997 0 0 W : [2 T10 ..] >>> aml_send_suspend_req()
05-23 15:39:31.997 0 0 W : [2 T10 ..] >>> aml_send_msg()
05-23 15:39:31.997 0 0 W : [3 T1089 ..] ipc_sdio_host_msgack_handler 0000000027a9f68e
05-23 15:39:31.998 0 0 W : [3 T1089 ..] [aml_msgackind 2038] msg ack hostid=0xffffff804e8ae880
05-23 15:39:31.999 0 0 W : [3 T1089 ..] [cmd_mgr_llind 329] cmd tkn[198] flags:0008 result: -4 cmd: 105-MM_SUB_SET_SUSPEND_REQ - reqcfm(1023-none)
05-23 15:39:32.000 0 0 W : [3 T1089 ..] [cmd_complete 65] cmd tkn[198] flags:0000 result: -4 cmd: 105-MM_SUB_SET_SUSPEND_REQ - reqcfm(1023-none)
05-23 15:39:32.002 0 0 W : [2 T10 ..] [aml_send_me_set_ps_mode 2111] set power save mode:0
05-23 15:39:32.002 0 0 W : [2 T10 ..] >>> aml_send_msg()
05-23 15:39:32.019 0 0 W : [3 T1089 ..] ipc_sdio_host_msgack_handler 0000000027a9f68e
05-23 15:39:32.019 0 0 W : [3 T1089 ..] [aml_msgackind 2038] msg ack hostid=0xffffff804e8ae880
05-23 15:39:32.020 0 0 W : [3 T1089 ..] [cmd_mgr_llind 329] cmd tkn[199] flags:001a result: -4 cmd:5139-ME_SET_PS_MODE_REQ - reqcfm(5140-ME_SET_PS_MODE_CFM)
05-23 15:39:32.022 0 0 W : [3 T1089 ..] [cmd_mgr_msgind 409] cmd tkn[199] flags:0012 result: -4 cmd:5139-ME_SET_PS_MODE_REQ - reqcfm(5140-ME_SET_PS_MODE_CFM)
05-23 15:39:32.023 0 0 W : [3 T1089 ..] [cmd_complete 65] cmd tkn[199] flags:0002 result: -4 cmd:5139-ME_SET_PS_MODE_REQ - reqcfm(5140-ME_SET_PS_MODE_CFM)
05-23 15:39:32.025 0 0 W : [2 T10 ..] >>> aml_send_arp_agent_req()
05-23 15:39:32.026 0 0 W : [2 T10 ..] >>> aml_send_msg()
05-23 15:39:32.026 0 0 W : [3 T1089 ..] ipc_sdio_host_msgack_handler 000000003bb01630
05-23 15:39:32.027 0 0 W : [3 T1089 ..] [aml_msgackind 2038] msg ack hostid=0xffffff803b928a80
05-23 15:39:32.028 0 0 W : [3 T1089 ..] [cmd_mgr_llind 329] cmd tkn[200] flags:0008 result: -4 cmd: 105-MM_SUB_ARP_AGENT_REQ - reqcfm( 0-none)
05-23 15:39:32.029 0 0 W : [3 T1089 ..] [cmd_complete 65] cmd tkn[200] flags:0000 result: -4 cmd: 105-MM_SUB_ARP_AGENT_REQ - reqcfm( 0-none)
05-23 15:39:32.031 0 0 W : [2 T10 ..] >>> aml_send_msg()
05-23 15:39:32.032 0 0 W : [3 T1089 ..] ipc_sdio_host_msgack_handler 000000003bb01630
05-23 15:39:32.032 0 0 W : [3 T1089 ..] [aml_msgackind 2038] msg ack hostid=0xffffff803b928a80
05-23 15:39:32.033 0 0 W : [3 T1089 ..] [cmd_mgr_llind 329] cmd tkn[201] flags:0008 result: -4 cmd: 105-MM_SUB_TKO_ACTIVATE_REQ - reqcfm( 0-none)
05-23 15:39:32.035 0 0 W : [3 T1089 ..] [cmd_complete 65] cmd tkn[201] flags:0000 result: -4 cmd: 105-MM_SUB_TKO_ACTIVATE_REQ - reqcfm( 0-none)
05-23 15:39:32.037 0 0 W : [2 T10 ..] >>> aml_send_dhcp_req()
05-23 15:39:32.037 0 0 W : [2 T10 ..] >>> aml_send_msg()
05-23 15:39:32.038 0 0 W : [3 T1089 ..] ipc_sdio_host_msgack_handler 000000003bb01630
05-23 15:39:32.038 0 0 W : [3 T1089 ..] [aml_msgackind 2038] msg ack hostid=0xffffff803b928a80
05-23 15:39:32.039 0 0 W : [3 T1089 ..] [cmd_mgr_llind 329] cmd tkn[202] flags:0008 result: -4 cmd: 105-MM_SUB_DHCP_REQ - reqcfm( 0-none)
05-23 15:39:32.041 0 0 W : [3 T1089 ..] [cmd_complete 65] cmd tkn[202] flags:0000 result: -4 cmd: 105-MM_SUB_DHCP_REQ - reqcfm( 0-none)
05-23 15:39:32.043 0 0 W : [2 T10 ..] >>> aml_send_msg()
05-23 15:39:32.043 0 0 W : [3 T1089 ..] ipc_sdio_host_msgack_handler 000000003bb01630
05-23 15:39:32.044 0 0 W : [3 T1089 ..] [aml_msgackind 2038] msg ack hostid=0xffffff803b928a80
05-23 15:39:32.045 0 0 W : [3 T1089 ..] [cmd_mgr_llind 329] cmd tkn[203] flags:0008 result: -4 cmd: 105-MM_SCAN_HANG - reqcfm( 0-none)
05-23 15:39:32.046 0 0 W : [3 T1089 ..] [cmd_complete 65] cmd tkn[203] flags:0000 result: -4 cmd: 105-MM_SCAN_HANG - reqcfm( 0-none)
05-23 15:39:32.048 0 0 W : [2 T10 ..] set_scan_hang, flag:0, [aml_ps_wow_resume 5095]
05-23 15:39:32.048 0 0 W : [3 T1089 ..] fmac scan_hang state:0
05-23 15:39:32.049 0 0 W : [2 T10 ..] aml_cfg80211_resume,5397, resume is ok
05-23 15:39:32.122 0 0 I [2 T2669 ..] cec: wakeup_reason:0x8
05-23 15:39:32.123 0 0 I [2 T2669 ..] cec: aml_cec_pm_complete
05-23 15:39:32.123 0 0 I : [2 T2669 ..] OOM killer enabled.
05-23 15:39:32.124 0 0 I : [2 T2669 ..] Restarting tasks ...
05-23 15:39:32.134 0 0 W : [3 T2669 ..] done.
05-23 15:39:32.135 0 0 I : [3 T2669 d.] Resume cause unknown
05-23 15:39:32.135 0 0 I [3 T2669 ..] [pm]: reboot_pm_cb called. pm_event:4.
05-23 15:39:32.136 0 0 I [3 T2669 ..] PM: suspend exit
05-23 15:40:43.935 711 822 I PowerGroup: Waking up power group from Asleep (groupId=0, uid=1000, reason=WAKE_REASON_POWER_BUTTON, details=android.policy:POWER)...
05-23 15:40:43.936 711 822 I PowerManagerService: Waking up from Asleep (uid=1000, reason=WAKE_REASON_POWER_BUTTON, details=android.policy:POWER)...
05-23 15:40:43.937 711 711 D WindowManager: updateCecScreenStatus 0
05-23 15:40:43.938 711 711 D HDMI : setCecSettingIntValue name:cec_screen_state, value:0
05-23 15:40:43.939 711 711 E ActivityManager: Cancel pending or running compactions as system is awake
05-23 15:40:43.940 711 711 D OomAdjuster: Not killing cached processes
05-23 15:40:43.940 711 711 W ProcessStats: Tracking association SourceState{217e179 com.ktcp.video:daemon/10077 Fgs #728} whose proc state 3 is better than process ProcessState{eccf830 com.ktcp.video/10077 pkg=com.ktcp.video} proc state 10 (8 skipped)
05-23 15:40:43.941 711 734 D WindowManager: powerPress: eventTime=253297 interactive=true count=1 beganFromNonInteractive=true mShortPressOnPowerBehavior=8
05-23 15:40:43.941 711 734 D WindowManager: definedPowerKey=8,ddrWindow=false
05-23 15:40:43.942 711 761 I DisplayPowerController2[0]: Blocking screen on until initial contents have been drawn.
05-23 15:40:43.943 711 711 I HDMI : screen state is changing to 0
05-23 15:40:43.943 711 711 D HDMI : onWakeUp action:0, current power status:1
05-23 15:40:43.943 711 761 D ActivityTaskManager: Top Process State changed to PROCESS_STATE_TOP
05-23 15:40:43.944 711 761 E TransitionController: Set visible without transition ActivityRecord{1e9463d u0 com.dangbei.leard.leradlauncher/com.dangbei.launcher.home.LauncherActivity t220} playing=false caller=com.android.server.wm.TaskFragment.resumeTopActivity:1413
05-23 15:40:43.945 711 711 D HDMI : enableSystemCecControl: true
05-23 15:40:43.950 711 761 V WindowManager: app ------------- force_land :0
05-23 15:40:43.951 711 761 I DisplayBrightnessStrategySelector: Changing the DisplayBrightnessStrategy from ScreenOffBrightnessStrategy toInvalidBrightnessStrategy for display 0
05-23 15:39:32.231 0 0 I [1 T114 ..] [snd-codec-t9015]: aml_T9015_audio_set_bias_level
05-23 15:39:32.231 0 0 I [1 T114 ..] [snd-soc]: it is card_post_resume
05-23 15:39:32.232 0 0 I [0 T2712 ..] [snd-codec-t9015]: aml_T9015_audio_set_bias_level
05-23 15:39:32.232 0 0 I [0 T2712 ..] [snd-codec-t9015]: aml_T9015_audio_set_bias_level
05-23 15:39:32.233 0 0 I [3 T669 ..] [snd-soc]: aml_audio_reset, reg 0xa, shift 9, use_vadtop 0
05-23 15:39:32.234 0 0 I [2 T669 ..] [snd-soc]: aml_audio_reset, reg 0xa, shift 14, use_vadtop 0
05-23 15:39:32.235 0 0 I [2 T669 ..] [hdmitx: ] hdmitx_audio_notify_callback[804] type:1 rate:0 size:0 chs:0 i2s_ch_mask:0 aud_src_if:0
05-23 15:39:32.236 0 0 E [2 T669 ..] [hdmitx: ] *HDMITX_ERROR* audio chn setting, must be 2, 4, 6 or 8, Rst as def
05-23 15:39:32.238 0 0 I [2 T669 ..] [hdmitx: ] aout notify format CT_PCM
05-23 15:39:32.238 0 0 I [2 T669 ..] [hdmitx: ] set audio
05-23 15:39:32.239 0 0 I [2 T669 ..] [hdmitx: ] audio_param->chs = -1
05-23 15:39:32.239 0 0 I [2 T669 ..] [hdmitx: ] aud_src_if = 0
05-23 15:39:32.240 0 0 I [2 T669 ..] [hdmitx: ] set audio param
05-23 15:39:32.241 0 0 I [2 T669 ..] [hdmitx: ] hdmitx_audio_notify_callback[804] type:2 rate:3 size:1 chs:2 i2s_ch_mask:1 aud_src_if:0
05-23 15:39:32.242 0 0 I [2 T669 ..] [hdmitx: ] aout notify format CT_AC_3
05-23 15:39:32.243 0 0 I [2 T669 ..] [hdmitx: ] set audio
05-23 15:39:32.243 0 0 I [2 T669 ..] [hdmitx: ] audio_param->chs = 1
05-23 15:39:32.244 0 0 I [2 T669 ..] [hdmitx: ] aud_src_if = 0
05-23 15:39:32.245 0 0 I [2 T669 ..] [hdmitx: ] set audio param
05-23 15:39:32.245 0 0 D [2 T669 ..] [snd-soc]: aml_spdif_fifo_ctrl, bit depth:16, frddr type:1, toddr:type:1
05-23 15:39:32.250 0 0 I [2 T669 ..] [snd-soc]: aml_audio_reset, reg 0xa, shift 9, use_vadtop 0
05-23 15:39:32.251 0 0 I [3 T669 ..] [snd-soc]: aml_audio_reset, reg 0xa, shift 14, use_vadtop 0
05-23 15:39:32.252 0 0 I [3 T669 ..] [hdmitx: ] hdmitx_audio_notify_callback[804] type:1 rate:0 size:0 chs:0 i2s_ch_mask:0 aud_src_if:0
05-23 15:39:32.253 0 0 E [3 T669 ..] [hdmitx: ] *HDMITX_ERROR* audio chn setting, must be 2, 4, 6 or 8, Rst as def
05-23 15:39:32.254 0 0 I [3 T669 ..] [hdmitx: ] aout notify format CT_PCM
05-23 15:39:32.255 0 0 I [2 T669 ..] [hdmitx: ] set audio
05-23 15:39:32.255 0 0 I [2 T669 ..] [hdmitx: ] audio_param->chs = -1
05-23 15:39:32.256 0 0 I [2 T669 ..] [hdmitx: ] aud_src_if = 0
05-23 15:39:32.257 0 0 I [2 T669 ..] [hdmitx: ] set audio param
05-23 15:39:32.257 0 0 I [2 T669 ..] [hdmitx: ] hdmitx_audio_notify_callback[804] type:2 rate:3 size:1 chs:2 i2s_ch_mask:1 aud_src_if:0
05-23 15:39:32.259 0 0 I [2 T669 ..] [hdmitx: ] aout notify format CT_AC_3
05-23 15:39:32.259 0 0 I [2 T669 ..] [hdmitx: ] set audio
05-23 15:39:32.260 0 0 I [2 T669 ..] [hdmitx: ] audio_param->chs = 1
05-23 15:39:32.260 0 0 I [2 T669 ..] [hdmitx: ] aud_src_if = 0
05-23 15:39:32.261 0 0 I [2 T669 ..] [hdmitx: ] set audio param
05-23 15:39:32.262 0 0 D [2 T669 ..] [snd-soc]: aml_spdif_fifo_ctrl, bit depth:16, frddr type:1, toddr:type:1
05-23 15:39:32.267 0 0 I [3 T168 ..] [mmc]: tuning-c:4, tuning-s:5
05-23 15:39:32.267 0 0 I [3 T168 ..] [mmc]: mmc0: clk= 0x10000206, adj = 0x42000, dly1 = 0, dly2 = 0
05-23 15:39:32.269 0 0 I [3 T168 ..] [mmc]: aml_sd_emmc_clktest [864] clktest : 7680, delay_cell: 83, count: 30
05-23 15:39:32.270 0 0 I [3 T168 ..] [mmc]: [set_emmc_nwr_clks], delay1: 0x0, delay2: 0x0
05-23 15:39:32.385 0 0 I [2 T168 ..] [mmc]: cmd-best-c:17, cmd-best-size:31
05-23 15:40:44.288 711 761 V DisplayPowerController2[0]: Brightness [0.39763778] reason changing to: 'manual', previous reason: 'screen_off'.
05-23 15:40:44.288 711 761 I DisplayPowerController2[0]: BrightnessEvent: disp=0, physDisp=local:4616277992360486155, brt=0.39763778, initBrt=0.0, rcmdBrt=NaN, preBrt=NaN, lux=0.0, preLux=0.0, hbmMax=1.0, hbmMode=off, rbcStrength=0, thrmMax=1.0, powerFactor=1.0, wasShortTermModelActive=false, flags=, reason=manual, autoBrightness=false, strategy=InvalidBrightnessStrategy
05-23 15:40:44.289 711 761 I DisplayPowerController2[0]: Unblocked screen on after 347 ms
05-23 15:40:44.290 711 711 W Looper : Slow dispatch took 347ms main h=android.os.Handler c=com.android.server.hdmi.WorkSourceUidPreservingRunnable@7dba918 m=0
05-23 15:40:44.290 711 711 W Looper : Slow delivery took 351ms main h=com.android.server.power.Notifier$NotifierHandler c=null m=7
05-23 15:40:44.295 711 736 I DisplayDeviceRepository: Display device changed state: "内置屏幕", ON
05-23 15:40:44.301 711 737 I DisplayDevice: [0] Layerstack set to 0 for local:4616277992360486155
05-23 15:39:32.487 0 0 I [0 T168 ..] [mmc]: ds_sht:15, window:24, intf3:0x40f008, clock:0x100e0003, adjust:0x0
05-23 15:39:32.500 0 0 I [0 T518 ..] [pm]: early_suspend_state=0
05-23 15:39:32.502 0 0 I [0 T518 ..] vpu: vpu: late_resume clk: 666666656Hz(0x100)
05-23 15:39:32.502 0 0 I [0 T518 ..] BTI: bt_lateresume RG_AON_A52:0x4000006
05-23 15:39:32.504 0 0 I [0 T518 ..] BTI: RG_AON_A52:0x6
05-23 15:39:32.506 0 0 I [0 T518 ..] [hdmitx: ] Late Resume
05-23 15:39:32.509 0 0 I : [3 T518 ..] [drm] drm hdmitx hpd notify
05-23 15:39:32.512 0 0 I : [3 T518 ..] video_late_resume ok
05-23 15:39:32.514 0 0 I [0 T734 dh] amvecm: resume recovery vsync
05-23 15:40:44.307 711 761 W PowerManagerService: Screen on took 388 ms
05-23 15:40:44.308 711 736 I DisplayDeviceRepository: Display device changed state: "内置屏幕", ON
05-23 15:40:44.312 711 711 D HDMI : [R]: 04:44
05-23 15:39:32.523 0 0 I [2 T353 ..] [hdmitx: ] qms 0 qms_tfr_min/max 0 0 gaming_vrr_min/max 48 120
05-23 15:39:32.523 0 0 I [2 T353 ..] [hdmitx: ] BRR VIC 16 width/height 1920 1080 QMS min/max 0 0 GAME min/max 48 120
05-23 15:39:32.525 0 0 I [2 T353 ..] [hdmitx: ] BRR/VIC group
05-23 15:39:32.525 0 0 I [2 T353 ..] [hdmitx: ] BRR VIC 4 width/height 1280 720 QMS min/max 0 0 GAME min/max 48 120
05-23 15:40:44.317 711 711 D HDMI : addCecDevice new:CEC: logical_address: 0x00 device_type: 0 cec_version: 5 vendor_id: 16777215 display_name: TV power_status: -1 physical_address: 0xFFFF port_id: -1 old:null
05-23 15:40:44.317 711 711 W HDMI : [1]:Unhandled cec command: 04:44
05-23 15:40:44.319 711 711 W Looper : Drained
05-23 15:39:32.527 0 0 I [2 T353 ..] [hdmitx: ] BRR/VIC group
05-23 15:39:32.527 0 0 I [2 T353 ..] [hdmitx: ] BRR VIC 97 width/height 3840 2160 QMS min/max 0 0 GAME min/max 48 120
05-23 15:39:32.528 0 0 I [2 T353 ..] [hdmitx: ] BRR/VIC group
05-23 15:39:32.529 0 0 I [2 T353 ..] [hdmitx: ] BRR VIC 102 width/height 4096 2160 QMS min/max 0 0 GAME min/max 48 120
05-23 15:39:32.534 0 0 I [2 T353 ..] [hdmitx: ] BRR/VIC group
05-23 15:39:32.534 0 0 I [2 T353 ..] [hdmitx: ] qms 0 qms_tfr_min/max 0 0 gaming_vrr_min/max 48 120
05-23 15:39:32.549 0 0 I : [0 T2712 ..] [TEE] E/TC:1 INFO: BL3-2: Secure Timer Initialized.
05-23 15:40:44.366 711 711 D HDMI : receive android.intent.action.SCREEN_ON
05-23 15:39:32.568 0 0 I [1 T353 ..] [hdmitx: ] qms 0 qms_tfr_min/max 0 0 gaming_vrr_min/max 48 120
05-23 15:39:32.570 0 0 I [1 T353 ..] [hdmitx: ] BRR VIC 16 width/height 1920 1080 QMS min/max 0 0 GAME min/max 48 120
05-23 15:39:32.580 0 0 I [1 T353 ..] [hdmitx: ] BRR/VIC group
05-23 15:39:32.580 0 0 I [1 T353 ..] [hdmitx: ] BRR VIC 4 width/height 1280 720 QMS min/max 0 0 GAME min/max 48 120
05-23 15:39:32.584 0 0 I [1 T353 ..] [hdmitx: ] BRR/VIC group
05-23 15:39:32.584 0 0 I [1 T353 ..] [hdmitx: ] BRR VIC 97 width/height 3840 2160 QMS min/max 0 0 GAME min/max 48 120
05-23 15:39:32.587 0 0 I [1 T353 ..] [hdmitx: ] BRR/VIC group
05-23 15:39:32.587 0 0 I [1 T353 ..] [hdmitx: ] BRR VIC 102 width/height 4096 2160 QMS min/max 0 0 GAME min/max 48 120
05-23 15:39:32.588 0 0 I [1 T353 ..] [hdmitx: ] BRR/VIC group
05-23 15:39:32.589 0 0 I [1 T353 ..] [hdmitx: ] qms 0 qms_tfr_min/max 0 0 gaming_vrr_min/max 48 120
05-23 15:40:44.389 711 734 W ContextImpl: Calling a method in the system process without a qualified user: android.app.ContextImpl.startService:1899 com.android.server.wm.DisplayPolicy.lambda$focusChangedLw$5:2126 com.android.server.wm.DisplayPolicy.$r8$lambda$Znxk63oh-WzVnzo_WQefN7uxV48:0 com.android.server.wm.DisplayPolicy$$ExternalSyntheticLambda13.run:0 android.os.Handler.handleCallback:958
05-23 15:39:32.593 0 0 I [1 T353 ..] [hdmitx: ] qms 0 qms_tfr_min/max 0 0 gaming_vrr_min/max 48 120
05-23 15:39:32.597 0 0 I [1 T353 ..] [hdmitx: ] BRR VIC 16 width/height 1920 1080 QMS min/max 0 0 GAME min/max 48 120
05-23 15:39:32.597 0 0 I [1 T353 ..] [hdmitx: ] BRR/VIC group
05-23 15:39:32.599 0 0 I [1 T353 ..] [hdmitx: ] BRR VIC 4 width/height 1280 720 QMS min/max 0 0 GAME min/max 48 120
05-23 15:39:32.600 0 0 I [1 T353 ..] [hdmitx: ] BRR/VIC group
05-23 15:39:32.600 0 0 I [1 T353 ..] [hdmitx: ] BRR VIC 97 width/height 3840 2160 QMS min/max 0 0 GAME min/max 48 120
05-23 15:39:32.602 0 0 I [1 T353 ..] [hdmitx: ] BRR/VIC group
05-23 15:39:32.602 0 0 I [1 T353 ..] [hdmitx: ] BRR VIC 102 width/height 4096 2160 QMS min/max 0 0 GAME min/max 48 120
05-23 15:39:32.603 0 0 I [1 T353 ..] [hdmitx: ] BRR/VIC group
05-23 15:39:32.604 0 0 I [1 T353 ..] [hdmitx: ] qms 0 qms_tfr_min/max 0 0 gaming_vrr_min/max 48 120
