05-23 15:35:42.274 711 744 V SystemServerTimingAsync: ssm.onUnlockedUser-0_com.android.server.CachedDeviceStateService took to complete: 0ms
05-23 15:35:42.274 711 744 D SystemServerTimingAsync: ssm.onUnlockedUser-0_com.android.server.BinderCallsStatsService$LifeCycle
05-23 15:35:42.274 711 744 V SystemServerTimingAsync: ssm.onUnlockedUser-0_com.android.server.BinderCallsStatsService$LifeCycle took to complete: 0ms
05-23 15:35:42.274 711 744 D SystemServerTimingAsync: ssm.onUnlockedUser-0_com.android.server.LooperStatsService$Lifecycle
05-23 15:35:42.274 711 744 V SystemServerTimingAsync: ssm.onUnlockedUser-0_com.android.server.LooperStatsService$Lifecycle took to complete: 0ms
05-23 15:35:42.274 711 744 D SystemServerTimingAsync: ssm.onUnlockedUser-0_com.android.server.rollback.RollbackManagerService
05-23 15:35:42.274 711 744 V SystemServerTimingAsync: ssm.onUnlockedUser-0_com.android.server.rollback.RollbackManagerService took to complete: 0ms
05-23 15:35:42.274 711 744 D SystemServerTimingAsync: ssm.onUnlockedUser-0_com.android.server.os.NativeTombstoneManagerService
05-23 15:35:42.274 711 744 V SystemServerTimingAsync: ssm.onUnlockedUser-0_com.android.server.os.NativeTombstoneManagerService took to complete: 0ms
05-23 15:35:42.274 711 744 D SystemServerTimingAsync: ssm.onUnlockedUser-0_com.android.server.os.BugreportManagerService
05-23 15:35:42.274 711 744 V SystemServerTimingAsync: ssm.onUnlockedUser-0_com.android.server.os.BugreportManagerService took to complete: 0ms
05-23 15:35:42.274 711 744 D SystemServerTimingAsync: ssm.onUnlockedUser-0_com.android.server.gpu.GpuService
05-23 15:35:42.274 711 744 V SystemServerTimingAsync: ssm.onUnlockedUser-0_com.android.server.gpu.GpuService took to complete: 0ms
05-23 15:35:42.274 711 744 D SystemServerTimingAsync: ssm.onUnlockedUser-0_com.android.server.security.rkp.RemoteProvisioningService
05-23 15:35:42.274 711 744 V SystemServerTimingAsync: ssm.onUnlockedUser-0_com.android.server.security.rkp.RemoteProvisioningService took to complete: 0ms
05-23 15:35:42.275 711 744 D SystemServerTimingAsync: ssm.onUnlockedUser-0_com.android.server.cpu.CpuMonitorService
05-23 15:35:42.275 711 744 V SystemServerTimingAsync: ssm.onUnlockedUser-0_com.android.server.cpu.CpuMonitorService took to complete: 0ms
05-23 15:35:42.275 711 744 D SystemServerTimingAsync: ssm.onUnlockedUser-0_com.android.server.security.KeyChainSystemService
05-23 15:35:42.275 711 744 V SystemServerTimingAsync: ssm.onUnlockedUser-0_com.android.server.security.KeyChainSystemService took to complete: 0ms
05-23 15:35:42.275 711 744 D SystemServerTimingAsync: ssm.onUnlockedUser-0_com.android.server.BinaryTransparencyService
05-23 15:35:42.275 711 744 V SystemServerTimingAsync: ssm.onUnlockedUser-0_com.android.server.BinaryTransparencyService took to complete: 0ms
05-23 15:35:42.275 711 744 D SystemServerTimingAsync: ssm.onUnlockedUser-0_com.android.server.accounts.AccountManagerService$Lifecycle
05-23 15:35:42.275 711 744 V SystemServerTimingAsync: ssm.onUnlockedUser-0_com.android.server.accounts.AccountManagerService$Lifecycle took to complete: 0ms
05-23 15:35:42.275 711 744 D SystemServerTimingAsync: ssm.onUnlockedUser-0_com.android.server.content.ContentService$Lifecycle
05-23 15:35:42.275 711 744 V SystemServerTimingAsync: ssm.onUnlockedUser-0_com.android.server.content.ContentService$Lifecycle took to complete: 0ms
05-23 15:35:42.275 711 744 D SystemServerTimingAsync: ssm.onUnlockedUser-0_com.android.server.deviceconfig.DeviceConfigInit$Lifecycle
05-23 15:35:42.275 711 744 V SystemServerTimingAsync: ssm.onUnlockedUser-0_com.android.server.deviceconfig.DeviceConfigInit$Lifecycle took to complete: 0ms
05-23 15:35:42.275 711 744 D SystemServerTimingAsync: ssm.onUnlockedUser-0_com.android.server.DropBoxManagerService
05-23 15:35:42.275 711 744 V SystemServerTimingAsync: ssm.onUnlockedUser-0_com.android.server.DropBoxManagerService took to complete: 0ms
05-23 15:35:42.275 711 744 D SystemServerTimingAsync: ssm.onUnlockedUser-0_com.android.role.RoleService
05-23 15:35:42.275 711 744 V SystemServerTimingAsync: ssm.onUnlockedUser-0_com.android.role.RoleService took to complete: 0ms
05-23 15:35:42.275 711 744 D SystemServerTimingAsync: ssm.onUnlockedUser-0_com.android.server.vibrator.VibratorManagerService$Lifecycle
05-23 15:35:42.275 711 744 V SystemServerTimingAsync: ssm.onUnlockedUser-0_com.android.server.vibrator.VibratorManagerService$Lifecycle took to complete: 0ms
05-23 15:35:42.275 711 744 D SystemServerTimingAsync: ssm.onUnlockedUser-0_com.android.server.tare.InternalResourceService
05-23 15:35:42.275 711 744 V SystemServerTimingAsync: ssm.onUnlockedUser-0_com.android.server.tare.InternalResourceService took to complete: 0ms
05-23 15:35:42.275 711 744 D SystemServerTimingAsync: ssm.onUnlockedUser-0_com.android.server.alarm.AlarmManagerService
05-23 15:35:42.275 711 744 V SystemServerTimingAsync: ssm.onUnlockedUser-0_com.android.server.alarm.AlarmManagerService took to complete: 0ms
05-23 15:35:42.275 711 744 D SystemServerTimingAsync: ssm.onUnlockedUser-0_com.android.server.devicestate.DeviceStateManagerService
05-23 15:35:42.275 711 744 V SystemServerTimingAsync: ssm.onUnlockedUser-0_com.android.server.devicestate.DeviceStateManagerService took to complete: 0ms
05-23 15:35:42.276 711 744 D SystemServerTimingAsync: ssm.onUnlockedUser-0_com.android.server.camera.CameraServiceProxy
05-23 15:35:42.277 711 744 V SystemServerTimingAsync: ssm.onUnlockedUser-0_com.android.server.camera.CameraServiceProxy took to complete: 0ms
05-23 15:35:42.277 711 744 D SystemServerTimingAsync: ssm.onUnlockedUser-0_com.android.server.bluetooth.BluetoothService
05-23 15:35:42.277 711 744 V SystemServerTimingAsync: ssm.onUnlockedUser-0_com.android.server.bluetooth.BluetoothService took to complete: 0ms
05-23 15:35:42.277 711 744 D SystemServerTimingAsync: ssm.onUnlockedUser-0_com.android.server.connectivity.IpConnectivityMetrics
05-23 15:35:42.277 711 744 V SystemServerTimingAsync: ssm.onUnlockedUser-0_com.android.server.connectivity.IpConnectivityMetrics took to complete: 0ms
05-23 15:35:42.277 711 744 D SystemServerTimingAsync: ssm.onUnlockedUser-0_com.android.server.net.watchlist.NetworkWatchlistService$Lifecycle
05-23 15:35:42.277 711 744 V SystemServerTimingAsync: ssm.onUnlockedUser-0_com.android.server.net.watchlist.NetworkWatchlistService$Lifecycle took to complete: 0ms
05-23 15:35:42.277 711 744 D SystemServerTimingAsync: ssm.onUnlockedUser-0_com.android.server.PinnerService
05-23 15:35:42.277 711 744 V SystemServerTimingAsync: ssm.onUnlockedUser-0_com.android.server.PinnerService took to complete: 0ms
05-23 15:35:42.277 711 744 D SystemServerTimingAsync: ssm.onUnlockedUser-0_com.android.server.integrity.AppIntegrityManagerService
05-23 15:35:42.277 711 744 V SystemServerTimingAsync: ssm.onUnlockedUser-0_com.android.server.integrity.AppIntegrityManagerService took to complete: 0ms
05-23 15:35:42.277 711 744 D SystemServerTimingAsync: ssm.onUnlockedUser-0_com.android.server.logcat.LogcatManagerService
05-23 15:35:42.277 711 744 V SystemServerTimingAsync: ssm.onUnlockedUser-0_com.android.server.logcat.LogcatManagerService took to complete: 0ms
05-23 15:35:42.277 711 744 D SystemServerTimingAsync: ssm.onUnlockedUser-0_com.android.server.inputmethod.InputMethodManagerService$Lifecycle
05-23 15:35:42.277 711 744 V SystemServerTimingAsync: ssm.onUnlockedUser-0_com.android.server.inputmethod.InputMethodManagerService$Lifecycle took to complete: 0ms
05-23 15:35:42.277 711 744 D SystemServerTimingAsync: ssm.onUnlockedUser-0_com.android.server.accessibility.AccessibilityManagerService$Lifecycle
05-23 15:35:42.277 711 744 V SystemServerTimingAsync: ssm.onUnlockedUser-0_com.android.server.accessibility.AccessibilityManagerService$Lifecycle took to complete: 0ms
05-23 15:35:42.277 711 744 D SystemServerTimingAsync: ssm.onUnlockedUser-0_com.android.server.StorageManagerService$Lifecycle
05-23 15:35:42.277 711 744 V SystemServerTimingAsync: ssm.onUnlockedUser-0_com.android.server.StorageManagerService$Lifecycle took to complete: 0ms
05-23 15:35:42.277 711 744 D SystemServerTimingAsync: ssm.onUnlockedUser-0_com.android.server.usage.StorageStatsService$Lifecycle
05-23 15:35:42.277 711 744 V SystemServerTimingAsync: ssm.onUnlockedUser-0_com.android.server.usage.StorageStatsService$Lifecycle took to complete: 0ms
05-23 15:35:42.277 711 744 D SystemServerTimingAsync: ssm.onUnlockedUser-0_com.android.server.UiModeManagerService
05-23 15:35:42.277 711 744 V SystemServerTimingAsync: ssm.onUnlockedUser-0_com.android.server.UiModeManagerService took to complete: 0ms
05-23 15:35:42.277 711 744 D SystemServerTimingAsync: ssm.onUnlockedUser-0_com.android.server.locales.LocaleManagerService
05-23 15:35:42.277 711 744 V SystemServerTimingAsync: ssm.onUnlockedUser-0_com.android.server.locales.LocaleManagerService took to complete: 0ms
05-23 15:35:42.277 711 744 D SystemServerTimingAsync: ssm.onUnlockedUser-0_com.android.server.grammaticalinflection.GrammaticalInflectionService
05-23 15:35:42.277 711 744 V SystemServerTimingAsync: ssm.onUnlockedUser-0_com.android.server.grammaticalinflection.GrammaticalInflectionService took to complete: 0ms
05-23 15:35:42.277 711 744 D SystemServerTimingAsync: ssm.onUnlockedUser-0_com.android.server.apphibernation.AppHibernationService
05-23 15:35:42.277 711 744 V SystemServerTimingAsync: ssm.onUnlockedUser-0_com.android.server.apphibernation.AppHibernationService took to complete: 0ms
05-23 15:35:42.277 711 744 D SystemServerTimingAsync: ssm.onUnlockedUser-0_com.android.server.locksettings.LockSettingsService$Lifecycle
05-23 15:35:42.277 711 744 V SystemServerTimingAsync: ssm.onUnlockedUser-0_com.android.server.locksettings.LockSettingsService$Lifecycle took to complete: 0ms
05-23 15:35:42.277 711 744 D SystemServerTimingAsync: ssm.onUnlockedUser-0_com.android.server.PersistentDataBlockService
05-23 15:35:42.277 711 744 V SystemServerTimingAsync: ssm.onUnlockedUser-0_com.android.server.PersistentDataBlockService took to complete: 0ms
05-23 15:35:42.277 711 744 D SystemServerTimingAsync: ssm.onUnlockedUser-0_com.android.server.testharness.TestHarnessModeService
05-23 15:35:42.277 711 744 V SystemServerTimingAsync: ssm.onUnlockedUser-0_com.android.server.testharness.TestHarnessModeService took to complete: 0ms
05-23 15:35:42.277 711 744 D SystemServerTimingAsync: ssm.onUnlockedUser-0_com.android.server.oemlock.OemLockService
05-23 15:35:42.277 711 744 V SystemServerTimingAsync: ssm.onUnlockedUser-0_com.android.server.oemlock.OemLockService took to complete: 0ms
05-23 15:35:42.277 711 744 D SystemServerTimingAsync: ssm.onUnlockedUser-0_com.android.server.DeviceIdleController
05-23 15:35:42.277 711 744 V SystemServerTimingAsync: ssm.onUnlockedUser-0_com.android.server.DeviceIdleController took to complete: 0ms
05-23 15:35:42.277 711 744 D SystemServerTimingAsync: ssm.onUnlockedUser-0_com.android.server.devicepolicy.DevicePolicyManagerService$Lifecycle
05-23 15:35:42.279 711 744 V SystemServerTimingAsync: ssm.onUnlockedUser-0_com.android.server.devicepolicy.DevicePolicyManagerService$Lifecycle took to complete: 1ms
05-23 15:35:42.279 711 744 D SystemServerTimingAsync: ssm.onUnlockedUser-0_com.android.server.texttospeech.TextToSpeechManagerService
05-23 15:35:42.279 711 744 V SystemServerTimingAsync: ssm.onUnlockedUser-0_com.android.server.texttospeech.TextToSpeechManagerService took to complete: 0ms
05-23 15:35:42.279 711 744 D SystemServerTimingAsync: ssm.onUnlockedUser-0_com.android.server.ambientcontext.AmbientContextManagerService
05-23 15:35:42.279 711 744 V SystemServerTimingAsync: ssm.onUnlockedUser-0_com.android.server.ambientcontext.AmbientContextManagerService took to complete: 0ms
05-23 15:35:42.279 711 744 D SystemServerTimingAsync: ssm.onUnlockedUser-0_com.android.server.wearable.WearableSensingManagerService
05-23 15:35:42.279 711 744 V SystemServerTimingAsync: ssm.onUnlockedUser-0_com.android.server.wearable.WearableSensingManagerService took to complete: 0ms
05-23 15:35:42.279 711 744 D SystemServerTimingAsync: ssm.onUnlockedUser-0_com.android.server.speech.SpeechRecognitionManagerService
05-23 15:35:42.279 711 744 V SystemServerTimingAsync: ssm.onUnlockedUser-0_com.android.server.speech.SpeechRecognitionManagerService took to complete: 0ms
05-23 15:35:42.279 711 744 D SystemServerTimingAsync: ssm.onUnlockedUser-0_com.android.server.searchui.SearchUiManagerService
05-23 15:35:42.279 711 744 V SystemServerTimingAsync: ssm.onUnlockedUser-0_com.android.server.searchui.SearchUiManagerService took to complete: 0ms
05-23 15:35:42.279 711 744 D SystemServerTimingAsync: ssm.onUnlockedUser-0_com.android.server.smartspace.SmartspaceManagerService
05-23 15:35:42.279 711 744 V SystemServerTimingAsync: ssm.onUnlockedUser-0_com.android.server.smartspace.SmartspaceManagerService took to complete: 0ms
05-23 15:35:42.279 711 744 D SystemServerTimingAsync: ssm.onUnlockedUser-0_com.android.server.graphics.fonts.FontManagerService$Lifecycle
05-23 15:35:42.279 711 744 V SystemServerTimingAsync: ssm.onUnlockedUser-0_com.android.server.graphics.fonts.FontManagerService$Lifecycle took to complete: 0ms
05-23 15:35:42.279 711 744 D SystemServerTimingAsync: ssm.onUnlockedUser-0_com.android.server.textservices.TextServicesManagerService$Lifecycle
05-23 15:35:42.279 711 744 V SystemServerTimingAsync: ssm.onUnlockedUser-0_com.android.server.textservices.TextServicesManagerService$Lifecycle took to complete: 0ms
05-23 15:35:42.279 711 744 D SystemServerTimingAsync: ssm.onUnlockedUser-0_com.android.server.textclassifier.TextClassificationManagerService$Lifecycle
05-23 15:35:42.279 711 744 V SystemServerTimingAsync: ssm.onUnlockedUser-0_com.android.server.textclassifier.TextClassificationManagerService$Lifecycle took to complete: 0ms
05-23 15:35:42.279 711 744 D SystemServerTimingAsync: ssm.onUnlockedUser-0_com.android.server.NetworkScoreService$Lifecycle
05-23 15:35:42.279 711 744 V SystemServerTimingAsync: ssm.onUnlockedUser-0_com.android.server.NetworkScoreService$Lifecycle took to complete: 0ms
05-23 15:35:42.279 711 744 D SystemServerTimingAsync: ssm.onUnlockedUser-0_com.android.server.NetworkStatsServiceInitializer
05-23 15:35:42.279 711 744 V SystemServerTimingAsync: ssm.onUnlockedUser-0_com.android.server.NetworkStatsServiceInitializer took to complete: 0ms
05-23 15:35:42.279 711 744 D SystemServerTimingAsync: ssm.onUnlockedUser-0_com.android.server.wifi.WifiService
05-23 15:35:42.279 711 744 V SystemServerTimingAsync: ssm.onUnlockedUser-0_com.android.server.wifi.WifiService took to complete: 0ms
05-23 15:35:42.279 711 744 D SystemServerTimingAsync: ssm.onUnlockedUser-0_com.android.server.wifi.scanner.WifiScanningService
05-23 15:35:42.279 711 744 V SystemServerTimingAsync: ssm.onUnlockedUser-0_com.android.server.wifi.scanner.WifiScanningService took to complete: 0ms
05-23 15:35:42.279 711 744 D SystemServerTimingAsync: ssm.onUnlockedUser-0_com.android.server.wifi.p2p.WifiP2pService
05-23 15:35:42.279 711 744 V SystemServerTimingAsync: ssm.onUnlockedUser-0_com.android.server.wifi.p2p.WifiP2pService took to complete: 0ms
05-23 15:35:42.279 711 744 D SystemServerTimingAsync: ssm.onUnlockedUser-0_com.android.server.ConnectivityServiceInitializer
05-23 15:35:42.279 711 744 V SystemServerTimingAsync: ssm.onUnlockedUser-0_com.android.server.ConnectivityServiceInitializer took to complete: 0ms
05-23 15:35:42.279 711 744 D SystemServerTimingAsync: ssm.onUnlockedUser-0_com.android.server.notification.NotificationManagerService
05-23 15:35:42.279 711 744 V SystemServerTimingAsync: ssm.onUnlockedUser-0_com.android.server.notification.NotificationManagerService took to complete: 0ms
05-23 15:35:42.279 711 744 D SystemServerTimingAsync: ssm.onUnlockedUser-0_com.android.server.storage.DeviceStorageMonitorService
05-23 15:35:42.279 711 744 V SystemServerTimingAsync: ssm.onUnlockedUser-0_com.android.server.storage.DeviceStorageMonitorService took to complete: 0ms
05-23 15:35:42.279 711 744 D SystemServerTimingAsync: ssm.onUnlockedUser-0_com.android.server.timedetector.TimeDetectorService$Lifecycle
05-23 15:35:42.279 711 744 V SystemServerTimingAsync: ssm.onUnlockedUser-0_com.android.server.timedetector.TimeDetectorService$Lifecycle took to complete: 0ms
05-23 15:35:42.279 711 744 D SystemServerTimingAsync: ssm.onUnlockedUser-0_com.android.server.location.LocationManagerService$Lifecycle
05-23 15:35:42.280 711 744 V SystemServerTimingAsync: ssm.onUnlockedUser-0_com.android.server.location.LocationManagerService$Lifecycle took to complete: 0ms
05-23 15:35:42.280 711 744 D SystemServerTimingAsync: ssm.onUnlockedUser-0_com.android.server.timezonedetector.TimeZoneDetectorService$Lifecycle
05-23 15:35:42.280 711 744 V SystemServerTimingAsync: ssm.onUnlockedUser-0_com.android.server.timezonedetector.TimeZoneDetectorService$Lifecycle took to complete: 0ms
05-23 15:35:42.280 711 744 D SystemServerTimingAsync: ssm.onUnlockedUser-0_com.android.server.location.altitude.AltitudeService$Lifecycle
05-23 15:35:42.280 711 744 V SystemServerTimingAsync: ssm.onUnlockedUser-0_com.android.server.location.altitude.AltitudeService$Lifecycle took to complete: 0ms
05-23 15:35:42.280 711 744 D SystemServerTimingAsync: ssm.onUnlockedUser-0_com.android.server.timezonedetector.location.LocationTimeZoneManagerService$Lifecycle
05-23 15:35:42.280 711 744 V SystemServerTimingAsync: ssm.onUnlockedUser-0_com.android.server.timezonedetector.location.LocationTimeZoneManagerService$Lifecycle took to complete: 0ms
05-23 15:35:42.280 711 744 D SystemServerTimingAsync: ssm.onUnlockedUser-0_com.android.server.search.SearchManagerService$Lifecycle
05-23 15:35:42.280 711 744 V SystemServerTimingAsync: ssm.onUnlockedUser-0_com.android.server.search.SearchManagerService$Lifecycle took to complete: 0ms
05-23 15:35:42.280 711 744 D SystemServerTimingAsync: ssm.onUnlockedUser-0_com.android.server.wallpaper.WallpaperManagerService$Lifecycle
05-23 15:35:42.280 711 744 V SystemServerTimingAsync: ssm.onUnlockedUser-0_com.android.server.wallpaper.WallpaperManagerService$Lifecycle took to complete: 0ms
05-23 15:35:42.280 711 744 D SystemServerTimingAsync: ssm.onUnlockedUser-0_com.android.server.wallpapereffectsgeneration.WallpaperEffectsGenerationManagerService
05-23 15:35:42.280 711 744 V SystemServerTimingAsync: ssm.onUnlockedUser-0_com.android.server.wallpapereffectsgeneration.WallpaperEffectsGenerationManagerService took to complete: 0ms
05-23 15:35:42.280 711 744 D SystemServerTimingAsync: ssm.onUnlockedUser-0_com.android.server.audio.AudioService$Lifecycle
05-23 15:35:42.280 711 744 V SystemServerTimingAsync: ssm.onUnlockedUser-0_com.android.server.audio.AudioService$Lifecycle took to complete: 0ms
05-23 15:35:42.280 711 744 D SystemServerTimingAsync: ssm.onUnlockedUser-0_com.android.server.soundtrigger_middleware.SoundTriggerMiddlewareService$Lifecycle
05-23 15:35:42.280 711 744 V SystemServerTimingAsync: ssm.onUnlockedUser-0_com.android.server.soundtrigger_middleware.SoundTriggerMiddlewareService$Lifecycle took to complete: 0ms
05-23 15:35:42.280 711 744 D SystemServerTimingAsync: ssm.onUnlockedUser-0_com.android.server.adb.AdbService$Lifecycle
05-23 15:35:42.280 711 744 V SystemServerTimingAsync: ssm.onUnlockedUser-0_com.android.server.adb.AdbService$Lifecycle took to complete: 0ms
05-23 15:35:42.280 711 744 D SystemServerTimingAsync: ssm.onUnlockedUser-0_com.android.server.usb.UsbService$Lifecycle
05-23 15:35:42.280 711 744 V SystemServerTimingAsync: ssm.onUnlockedUser-0_com.android.server.usb.UsbService$Lifecycle took to complete: 0ms
05-23 15:35:42.280 711 744 D SystemServerTimingAsync: ssm.onUnlockedUser-0_com.android.server.twilight.TwilightService
05-23 15:35:42.280 711 744 V SystemServerTimingAsync: ssm.onUnlockedUser-0_com.android.server.twilight.TwilightService took to complete: 0ms
05-23 15:35:42.280 711 744 D SystemServerTimingAsync: ssm.onUnlockedUser-0_com.android.server.display.color.ColorDisplayService
05-23 15:35:42.280 711 744 V SystemServerTimingAsync: ssm.onUnlockedUser-0_com.android.server.display.color.ColorDisplayService took to complete: 0ms
05-23 15:35:42.280 711 744 D SystemServerTimingAsync: ssm.onUnlockedUser-0_com.android.server.job.JobSchedulerService
05-23 15:35:42.280 711 744 V SystemServerTimingAsync: ssm.onUnlockedUser-0_com.android.server.job.JobSchedulerService took to complete: 0ms
05-23 15:35:42.280 711 744 D SystemServerTimingAsync: ssm.onUnlockedUser-0_com.android.server.soundtrigger.SoundTriggerService
05-23 15:35:42.280 711 744 V SystemServerTimingAsync: ssm.onUnlockedUser-0_com.android.server.soundtrigger.SoundTriggerService took to complete: 0ms
05-23 15:35:42.280 711 744 D SystemServerTimingAsync: ssm.onUnlockedUser-0_com.android.server.trust.TrustManagerService
05-23 15:35:42.280 711 744 V SystemServerTimingAsync: ssm.onUnlockedUser-0_com.android.server.trust.TrustManagerService took to complete: 0ms
05-23 15:35:42.280 711 744 D SystemServerTimingAsync: ssm.onUnlockedUser-0_com.android.server.backup.BackupManagerService$Lifecycle
05-23 15:35:42.280 711 744 V SystemServerTimingAsync: ssm.onUnlockedUser-0_com.android.server.backup.BackupManagerService$Lifecycle took to complete: 0ms
05-23 15:35:42.280 711 744 D SystemServerTimingAsync: ssm.onUnlockedUser-0_com.android.server.appwidget.AppWidgetService
05-23 15:35:42.280 711 744 V SystemServerTimingAsync: ssm.onUnlockedUser-0_com.android.server.appwidget.AppWidgetService took to complete: 0ms
05-23 15:35:42.280 711 744 D SystemServerTimingAsync: ssm.onUnlockedUser-0_com.android.server.voiceinteraction.VoiceInteractionManagerService
05-23 15:35:42.280 711 744 V SystemServerTimingAsync: ssm.onUnlockedUser-0_com.android.server.voiceinteraction.VoiceInteractionManagerService took to complete: 0ms
05-23 15:35:42.280 711 744 D SystemServerTimingAsync: ssm.onUnlockedUser-0_com.android.server.GestureLauncherService
05-23 15:35:42.280 711 744 V SystemServerTimingAsync: ssm.onUnlockedUser-0_com.android.server.GestureLauncherService took to complete: 0ms
05-23 15:35:42.280 711 744 D SystemServerTimingAsync: ssm.onUnlockedUser-0_com.android.server.SensorNotificationService
05-23 15:35:42.280 711 744 V SystemServerTimingAsync: ssm.onUnlockedUser-0_com.android.server.SensorNotificationService took to complete: 0ms
05-23 15:35:42.280 711 744 D SystemServerTimingAsync: ssm.onUnlockedUser-0_com.android.server.emergency.EmergencyAffordanceService
05-23 15:35:42.280 711 744 V SystemServerTimingAsync: ssm.onUnlockedUser-0_com.android.server.emergency.EmergencyAffordanceService took to complete: 0ms
05-23 15:35:42.280 711 744 D SystemServerTimingAsync: ssm.onUnlockedUser-0_com.android.server.blob.BlobStoreManagerService
05-23 15:35:42.280 711 744 V SystemServerTimingAsync: ssm.onUnlockedUser-0_com.android.server.blob.BlobStoreManagerService took to complete: 0ms
05-23 15:35:42.280 711 744 D SystemServerTimingAsync: ssm.onUnlockedUser-0_com.android.server.dreams.DreamManagerService
05-23 15:35:42.280 711 744 V SystemServerTimingAsync: ssm.onUnlockedUser-0_com.android.server.dreams.DreamManagerService took to complete: 0ms
05-23 15:35:42.280 711 744 D SystemServerTimingAsync: ssm.onUnlockedUser-0_com.android.server.security.AttestationVerificationManagerService
05-23 15:35:42.280 711 744 V SystemServerTimingAsync: ssm.onUnlockedUser-0_com.android.server.security.AttestationVerificationManagerService took to complete: 0ms
05-23 15:35:42.280 711 744 D SystemServerTimingAsync: ssm.onUnlockedUser-0_com.android.server.restrictions.RestrictionsManagerService
05-23 15:35:42.280 711 744 V SystemServerTimingAsync: ssm.onUnlockedUser-0_com.android.server.restrictions.RestrictionsManagerService took to complete: 0ms
05-23 15:35:42.280 711 744 D SystemServerTimingAsync: ssm.onUnlockedUser-0_com.android.server.media.MediaSessionService
05-23 15:35:42.280 711 744 V SystemServerTimingAsync: ssm.onUnlockedUser-0_com.android.server.media.MediaSessionService took to complete: 0ms
05-23 15:35:42.281 711 744 D SystemServerTimingAsync: ssm.onUnlockedUser-0_com.android.server.hdmi.HdmiControlService
05-23 15:35:42.281 711 744 V SystemServerTimingAsync: ssm.onUnlockedUser-0_com.android.server.hdmi.HdmiControlService took to complete: 0ms
05-23 15:35:42.281 711 744 D SystemServerTimingAsync: ssm.onUnlockedUser-0_com.android.server.tv.interactive.TvInteractiveAppManagerService
05-23 15:35:42.281 711 744 V SystemServerTimingAsync: ssm.onUnlockedUser-0_com.android.server.tv.interactive.TvInteractiveAppManagerService took to complete: 0ms
05-23 15:35:42.281 711 744 D SystemServerTimingAsync: ssm.onUnlockedUser-0_com.android.server.tv.TvInputManagerService
05-23 15:35:42.281 711 744 V SystemServerTimingAsync: ssm.onUnlockedUser-0_com.android.server.tv.TvInputManagerService took to complete: 0ms
05-23 15:35:42.281 711 744 D SystemServerTimingAsync: ssm.onUnlockedUser-0_com.android.server.media.MediaResourceMonitorService
05-23 15:35:42.281 711 744 V SystemServerTimingAsync: ssm.onUnlockedUser-0_com.android.server.media.MediaResourceMonitorService took to complete: 0ms
05-23 15:35:42.281 711 744 D SystemServerTimingAsync: ssm.onUnlockedUser-0_com.android.server.tv.TvRemoteService
05-23 15:35:42.281 711 744 V SystemServerTimingAsync: ssm.onUnlockedUser-0_com.android.server.tv.TvRemoteService took to complete: 0ms
05-23 15:35:42.281 711 744 D SystemServerTimingAsync: ssm.onUnlockedUser-0_com.android.server.biometrics.BiometricService
05-23 15:35:42.281 711 744 V SystemServerTimingAsync: ssm.onUnlockedUser-0_com.android.server.biometrics.BiometricService took to complete: 0ms
05-23 15:35:42.281 711 744 D SystemServerTimingAsync: ssm.onUnlockedUser-0_com.android.server.biometrics.AuthService
05-23 15:35:42.281 711 744 V SystemServerTimingAsync: ssm.onUnlockedUser-0_com.android.server.biometrics.AuthService took to complete: 0ms
05-23 15:35:42.281 711 744 D SystemServerTimingAsync: ssm.onUnlockedUser-0_com.android.server.pm.ShortcutService$Lifecycle
05-23 15:35:42.281 711 744 V SystemServerTimingAsync: ssm.onUnlockedUser-0_com.android.server.pm.ShortcutService$Lifecycle took to complete: 0ms
05-23 15:35:42.282 711 733 D AppWidgetServiceImpl: Unable to load widget provider info from xml for ComponentInfo{com.android.deskclock/com.android.alarmclock.AnalogAppWidgetProvider}
05-23 15:35:42.283 711 733 D AppWidgetServiceImpl: Unable to load widget provider info from xml for ComponentInfo{com.android.deskclock/com.android.alarmclock.DigitalAppWidgetProvider}
05-23 15:35:42.283 711 733 D AppWidgetServiceImpl: Unable to load widget provider info from xml for ComponentInfo{com.android.systemui/com.android.systemui.people.widget.PeopleSpaceWidgetProvider}
05-23 15:35:42.284 711 745 I ActivityManager: Start proc 1493:com.dangbei.lerad.etna.haqu/1000 for added application com.dangbei.lerad.etna.haqu
05-23 15:35:42.284 711 733 I AppWidgetServiceImpl: Processing of handleUserUnlocked u0 took 20 ms
05-23 15:35:42.284 711 745 D CompatibilityChangeReporter: Compat change id reported: 143937733; UID 10039; state: DISABLED
05-23 15:35:42.289 711 744 D SystemServerTimingAsync: ssm.onUnlockedUser-0_com.android.server.pm.LauncherAppsService
05-23 15:35:42.289 711 744 V SystemServerTimingAsync: ssm.onUnlockedUser-0_com.android.server.pm.LauncherAppsService took to complete: 0ms
05-23 15:35:42.289 711 744 D SystemServerTimingAsync: ssm.onUnlockedUser-0_com.android.server.pm.CrossProfileAppsService
05-23 15:35:42.289 711 744 V SystemServerTimingAsync: ssm.onUnlockedUser-0_com.android.server.pm.CrossProfileAppsService took to complete: 0ms
05-23 15:35:42.289 711 744 D SystemServerTimingAsync: ssm.onUnlockedUser-0_com.android.server.people.PeopleService
05-23 15:35:42.292 711 1059 D CompatibilityChangeReporter: Compat change id reported: 170503758; UID 10067; state: ENABLED
05-23 15:35:42.302 711 744 V SystemServerTimingAsync: ssm.onUnlockedUser-0_com.android.server.people.PeopleService took to complete: 14ms
05-23 15:35:42.302 711 744 D SystemServerTimingAsync: ssm.onUnlockedUser-0_com.android.server.media.metrics.MediaMetricsManagerService
05-23 15:35:42.302 711 744 V SystemServerTimingAsync: ssm.onUnlockedUser-0_com.android.server.media.metrics.MediaMetricsManagerService took to complete: 0ms
05-23 15:35:42.302 711 744 D SystemServerTimingAsync: ssm.onUnlockedUser-0_com.android.server.pm.BackgroundInstallControlService
05-23 15:35:42.302 711 744 V SystemServerTimingAsync: ssm.onUnlockedUser-0_com.android.server.pm.BackgroundInstallControlService took to complete: 0ms
05-23 15:35:42.302 711 744 D SystemServerTimingAsync: ssm.onUnlockedUser-0_com.android.server.media.projection.MediaProjectionManagerService
05-23 15:35:42.303 711 744 V SystemServerTimingAsync: ssm.onUnlockedUser-0_com.android.server.media.projection.MediaProjectionManagerService took to complete: 0ms
05-23 15:35:42.303 711 744 D SystemServerTimingAsync: ssm.onUnlockedUser-0_com.android.server.slice.SliceManagerService$Lifecycle
05-23 15:35:42.303 711 744 V SystemServerTimingAsync: ssm.onUnlockedUser-0_com.android.server.slice.SliceManagerService$Lifecycle took to complete: 0ms
05-23 15:35:42.303 711 744 D SystemServerTimingAsync: ssm.onUnlockedUser-0_com.android.server.stats.StatsCompanion$Lifecycle
05-23 15:35:42.303 711 744 V SystemServerTimingAsync: ssm.onUnlockedUser-0_com.android.server.stats.StatsCompanion$Lifecycle took to complete: 0ms
05-23 15:35:42.303 711 744 D SystemServerTimingAsync: ssm.onUnlockedUser-0_com.android.server.scheduling.RebootReadinessManagerService$Lifecycle
05-23 15:35:42.303 711 744 V SystemServerTimingAsync: ssm.onUnlockedUser-0_com.android.server.scheduling.RebootReadinessManagerService$Lifecycle took to complete: 0ms
05-23 15:35:42.303 711 744 D SystemServerTimingAsync: ssm.onUnlockedUser-0_com.android.server.stats.pull.StatsPullAtomService
05-23 15:35:42.303 711 744 V SystemServerTimingAsync: ssm.onUnlockedUser-0_com.android.server.stats.pull.StatsPullAtomService took to complete: 0ms
05-23 15:35:42.303 711 744 D SystemServerTimingAsync: ssm.onUnlockedUser-0_com.android.server.stats.bootstrap.StatsBootstrapAtomService$Lifecycle
05-23 15:35:42.303 711 744 V SystemServerTimingAsync: ssm.onUnlockedUser-0_com.android.server.stats.bootstrap.StatsBootstrapAtomService$Lifecycle took to complete: 0ms
05-23 15:35:42.303 711 744 D SystemServerTimingAsync: ssm.onUnlockedUser-0_com.android.server.incident.IncidentCompanionService
05-23 15:35:42.303 711 744 V SystemServerTimingAsync: ssm.onUnlockedUser-0_com.android.server.incident.IncidentCompanionService took to complete: 0ms
05-23 15:35:42.303 711 744 D SystemServerTimingAsync: ssm.onUnlockedUser-0_com.android.server.sdksandbox.SdkSandboxManagerService$Lifecycle
05-23 15:35:42.303 711 744 V SystemServerTimingAsync: ssm.onUnlockedUser-0_com.android.server.sdksandbox.SdkSandboxManagerService$Lifecycle took to complete: 0ms
05-23 15:35:42.303 711 744 D SystemServerTimingAsync: ssm.onUnlockedUser-0_com.android.server.adservices.AdServicesManagerService$Lifecycle
05-23 15:35:42.303 711 744 V SystemServerTimingAsync: ssm.onUnlockedUser-0_com.android.server.adservices.AdServicesManagerService$Lifecycle took to complete: 0ms
05-23 15:35:42.303 711 744 D SystemServerTimingAsync: ssm.onUnlockedUser-0_com.android.server.ondevicepersonalization.OnDevicePersonalizationSystemService$Lifecycle
05-23 15:35:42.303 711 744 V SystemServerTimingAsync: ssm.onUnlockedUser-0_com.android.server.ondevicepersonalization.OnDevicePersonalizationSystemService$Lifecycle took to complete: 0ms
05-23 15:35:42.303 711 744 D SystemServerTimingAsync: ssm.onUnlockedUser-0_com.android.server.autofill.AutofillManagerService
05-23 15:35:42.303 711 744 V SystemServerTimingAsync: ssm.onUnlockedUser-0_com.android.server.autofill.AutofillManagerService took to complete: 0ms
05-23 15:35:42.303 711 744 D SystemServerTimingAsync: ssm.onUnlockedUser-0_com.android.server.clipboard.ClipboardService
05-23 15:35:42.303 711 744 V SystemServerTimingAsync: ssm.onUnlockedUser-0_com.android.server.clipboard.ClipboardService took to complete: 0ms
05-23 15:35:42.303 711 744 D SystemServerTimingAsync: ssm.onUnlockedUser-0_com.android.server.appbinding.AppBindingService$Lifecycle
05-23 15:35:42.303 711 744 V SystemServerTimingAsync: ssm.onUnlockedUser-0_com.android.server.appbinding.AppBindingService$Lifecycle took to complete: 0ms
05-23 15:35:42.303 711 744 D SystemServerTimingAsync: ssm.onUnlockedUser-0_com.android.server.tracing.TracingServiceProxy
05-23 15:35:42.303 711 744 V SystemServerTimingAsync: ssm.onUnlockedUser-0_com.android.server.tracing.TracingServiceProxy took to complete: 0ms
05-23 15:35:42.303 711 744 D SystemServerTimingAsync: ssm.onUnlockedUser-0_com.android.server.policy.PermissionPolicyService
05-23 15:35:42.303 711 744 V SystemServerTimingAsync: ssm.onUnlockedUser-0_com.android.server.policy.PermissionPolicyService took to complete: 0ms
05-23 15:35:42.303 711 744 D SystemServerTimingAsync: ssm.onUnlockedUser-0_com.android.server.pm.StagingManager$Lifecycle
05-23 15:35:42.304 711 744 V SystemServerTimingAsync: ssm.onUnlockedUser-0_com.android.server.pm.StagingManager$Lifecycle took to complete: 0ms
05-23 15:35:42.312 711 891 E HDMI : [1]:Failed to send 4E:8E:00 with errorCode=1
05-23 15:35:42.313 711 1492 E TaskPersister: File error accessing recents directory (directory doesn't exist?).
05-23 15:35:42.313 711 891 D HDMI : [S]: 40:47
05-23 15:35:42.314 711 711 D OomAdjuster: Not killing cached processes
05-23 15:35:42.315 711 744 D SystemServerTimingAsync: ssm.onUnlockedUser-0_com.android.server.app.GameManagerService$Lifecycle
05-23 15:35:42.315 711 744 V SystemServerTimingAsync: ssm.onUnlockedUser-0_com.android.server.app.GameManagerService$Lifecycle took to complete: 0ms
05-23 15:35:42.315 711 744 D SystemServerTimingAsync: ssm.onUnlockedUser-0_com.android.safetycenter.SafetyCenterService
05-23 15:35:42.315 711 744 V SystemServerTimingAsync: ssm.onUnlockedUser-0_com.android.safetycenter.SafetyCenterService took to complete: 0ms
05-23 15:35:42.315 711 744 D SystemServerTimingAsync: ssm.onUnlockedUser-0_com.android.server.appsearch.AppSearchModule$Lifecycle
05-23 15:35:42.315 711 744 V SystemServerTimingAsync: ssm.onUnlockedUser-0_com.android.server.appsearch.AppSearchModule$Lifecycle took to complete: 0ms
05-23 15:35:42.315 711 744 D SystemServerTimingAsync: ssm.onUnlockedUser-0_com.android.server.media.MediaCommunicationService
05-23 15:35:42.315 711 744 V SystemServerTimingAsync: ssm.onUnlockedUser-0_com.android.server.media.MediaCommunicationService took to complete: 0ms
05-23 15:35:42.315 711 744 D SystemServerTimingAsync: ssm.onUnlockedUser-0_com.android.server.compat.overrides.AppCompatOverridesService$Lifecycle
05-23 15:35:42.315 711 744 V SystemServerTimingAsync: ssm.onUnlockedUser-0_com.android.server.compat.overrides.AppCompatOverridesService$Lifecycle took to complete: 0ms
05-23 15:35:42.315 711 744 D SystemServerTimingAsync: ssm.onUnlockedUser-0_com.android.server.healthconnect.HealthConnectManagerService
05-23 15:35:42.315 711 744 D HealthConnectManagerService: switchToSetupForUser: UserHandle{0}
05-23 15:35:42.315 711 744 D HealthConnectBackupRestore: Performing user switch operations.
05-23 15:35:42.318 711 711 I NotificationHistory: Attempted to unlock gone/disabled user 0
05-23 15:35:42.319 711 745 W ActivityManager: Slow operation: 51ms so far, now at startProcess: done updating battery stats
05-23 15:35:42.319 711 745 W ActivityManager: Slow operation: 51ms so far, now at startProcess: building log message
05-23 15:35:42.319 711 745 I ActivityManager: Start proc 1495:com.sohu.inputmethod.sogou.tv/u0a39 for service {com.sohu.inputmethod.sogou.tv/com.sohu.inputmethod.sogou.tv.SogouIME}
05-23 15:35:42.319 711 745 W ActivityManager: Slow operation: 51ms so far, now at startProcess: starting to update pids map
05-23 15:35:42.319 711 745 W ActivityManager: Slow operation: 51ms so far, now at startProcess: done updating pids map
05-23 15:35:42.325 711 883 V BackupManagerService: [UserID:0] No ancestral data
05-23 15:35:42.326 711 744 V SystemServerTimingAsync: ssm.onUnlockedUser-0_com.android.server.healthconnect.HealthConnectManagerService took to complete: 11ms
05-23 15:35:42.326 711 744 D SystemServerTimingAsync: ssm.onUnlockedUser-0_com.android.server.devicelock.DeviceLockService
05-23 15:35:42.326 711 744 V SystemServerTimingAsync: ssm.onUnlockedUser-0_com.android.server.devicelock.DeviceLockService took to complete: 0ms
05-23 15:35:42.326 711 744 V SystemServerTimingAsync: ssm.UnlockedUser-0 took to complete: 61ms
05-23 15:35:42.334 711 1471 V BackupManagerConstants: getKeyValueBackupIntervalMilliseconds(...) returns 14400000
05-23 15:35:42.334 711 1471 V BackupManagerConstants: getKeyValueBackupFuzzMilliseconds(...) returns 600000
05-23 15:35:42.334 711 1471 V BackupManagerConstants: getKeyValueBackupRequiredNetworkType(...) returns 1
05-23 15:35:42.334 711 1471 V BackupManagerConstants: getKeyValueBackupRequireCharging(...) returns true
05-23 15:35:42.334 711 1471 V KeyValueBackupJob: Scheduling k/v pass in 245 minutes
05-23 15:35:42.335 711 1471 D CompatibilityChangeReporter: Compat change id reported: 271850009; UID 1000; state: ENABLED
05-23 15:35:42.335 711 1471 D CompatibilityChangeReporter: Compat change id reported: 271850009; UID 1000; state: DISABLED
05-23 15:35:42.343 711 711 V NotificationAssistants: disabling notification assistant for user 0: ComponentInfo{android.ext.services/android.ext.services.notification.Assistant}
05-23 15:35:42.343 711 711 D NotificationListeners: Removing active service ComponentInfo{android.ext.services/android.ext.services.notification.Assistant}
05-23 15:35:42.356 920 1063 V WindowManagerShell: Transition requested: android.os.BinderProxy@1fd7895 TransitionRequestInfo { type = 2, triggerTask = TaskInfo{userId=0 taskId=3 displayId=0 isRunning=false baseIntent=Intent { act=android.intent.action.MAIN cat=[android.intent.category.HOME] flg=0x10800100 cmp=com.android.tv.settings/.system.FallbackHome } baseActivity=null topActivity=null origActivity=null realActivity=ComponentInfo{com.android.tv.settings/com.android.tv.settings.system.FallbackHome} numActivities=0 lastActiveTime=22145 supportsMultiWindow=true resizeMode=0 isResizeable=false minWidth=-1 minHeight=-1 defaultMinSize=220 token=WCT{android.window.IWindowContainerToken$Stub$Proxy@be7edaa} topActivityType=2 pictureInPictureParams=null shouldDockBigOverlays=false launchIntoPipHostTaskId=-1 lastParentTaskIdBeforePip=-1 displayCutoutSafeInsets=null topActivityInfo=null launchCookies=[] positionInParent=Point(0, 0) parentTaskId=-1 isFocused=true isVisible=true isVisibleRequested=true isSleeping=false topActivityInSizeCompat=false topActivityEligibleForLetterboxEducation= false isLetterboxDoubleTapEnabled= false topActivityEligibleForUserAspectRatioButton= false topActivityBoundsLetterboxed= false isFromLetterboxDoubleTap= false topActivityLetterboxVerticalPosition= -1 topActivityLetterboxHorizontalPosition= -1 topActivityLetterboxWidth=-1 topActivityLetterboxHeight=-1 isUserFullscreenOverrideEnabled=false isTopActivityTransparent=false locusId=null displayAreaFeatureId=1 cameraCompatControlState=hidden}, remoteTransition = null, displayChange = null, flags = 0 }
05-23 15:35:42.405 711 1502 I HealthConnectBackupRestore: Attempt to schedule download timeout job with state: 0
05-23 15:35:42.405 711 1502 I HealthConnectBackupRestore: Attempt to schedule staging timeout job with state: 0
05-23 15:35:42.406 711 1502 I HealthConnectBackupRestore: Attempt to schedule merging timeout job with state: 0
05-23 15:35:42.423 711 1040 D CompatibilityChangeReporter: Compat change id reported: 265464455; UID 1000; state: DISABLED
05-23 15:35:42.424 711 1040 D CompatibilityChangeReporter: Compat change id reported: 265452344; UID 1000; state: DISABLED
05-23 15:35:42.424 711 1040 D CompatibilityChangeReporter: Compat change id reported: 266124927; UID 1000; state: DISABLED
05-23 15:35:42.424 711 1040 D CompatibilityChangeReporter: Compat change id reported: 265451093; UID 1000; state: DISABLED
05-23 15:35:42.425 711 1040 D CompatibilityChangeReporter: Compat change id reported: 265456536; UID 1000; state: DISABLED
05-23 15:35:42.425 711 1040 D CompatibilityChangeReporter: Compat change id reported: 255940284; UID 1000; state: DISABLED
05-23 15:35:42.425 711 1040 D CompatibilityChangeReporter: Compat change id reported: 236283604; UID 1000; state: DISABLED
05-23 15:35:42.425 711 1040 D CompatibilityChangeReporter: Compat change id reported: 263959004; UID 1000; state: DISABLED
05-23 15:35:42.426 711 1040 D CompatibilityChangeReporter: Compat change id reported: 264304459; UID 1000; state: DISABLED
05-23 15:35:42.426 711 1040 D CompatibilityChangeReporter: Compat change id reported: 264301586; UID 1000; state: DISABLED
05-23 15:35:42.427 711 1040 D CompatibilityChangeReporter: Compat change id reported: 254631730; UID 1000; state: DISABLED
05-23 15:35:42.427 711 1040 D CompatibilityChangeReporter: Compat change id reported: 273509367; UID 1000; state: DISABLED
05-23 15:35:42.427 711 1040 D CompatibilityChangeReporter: Compat change id reported: 263259275; UID 1000; state: DISABLED
05-23 15:35:42.427 711 1040 D CompatibilityChangeReporter: Compat change id reported: 174042980; UID 1000; state: DISABLED
05-23 15:35:42.428 711 1040 D CompatibilityChangeReporter: Compat change id reported: 174042936; UID 1000; state: DISABLED
05-23 15:35:42.430 711 1040 D CompatibilityChangeReporter: Compat change id reported: 181136395; UID 1000; state: DISABLED
05-23 15:35:42.436 1176 1176 W ContextImpl: Calling a method in the system process without a qualified user: android.app.ContextImpl.startService:1899 android.content.ContextWrapper.startService:825 android.content.ContextWrapper.startService:825 com.droidlogic.btpair.FastBootComplete.onReceive:20 android.app.ActivityThread.handleReceiver:4494
05-23 15:35:42.447 711 789 D SystemServerTiming: getUserSwitchability-0
05-23 15:35:42.447 711 789 D SystemServerTiming: TM.isInCall
05-23 15:35:42.447 711 789 V SystemServerTiming: TM.isInCall took to complete: 1ms
05-23 15:35:42.447 711 789 D SystemServerTiming: hasUserRestriction-DISALLOW_USER_SWITCH
05-23 15:35:42.447 711 789 V SystemServerTiming: hasUserRestriction-DISALLOW_USER_SWITCH took to complete: 0ms
05-23 15:35:42.447 711 789 D SystemServerTiming: getInt-ALLOW_USER_SWITCHING_WHEN_SYSTEM_USER_LOCKED
05-23 15:35:42.447 711 789 V SystemServerTiming: getInt-ALLOW_USER_SWITCHING_WHEN_SYSTEM_USER_LOCKED took to complete: 0ms
05-23 15:35:42.447 711 789 D SystemServerTiming: isUserUnlocked-USER_SYSTEM
05-23 15:35:42.447 711 789 V SystemServerTiming: isUserUnlocked-USER_SYSTEM took to complete: 0ms
05-23 15:35:42.447 711 789 V SystemServerTiming: getUserSwitchability-0 took to complete: 1ms
05-23 15:35:42.448 711 1040 D CompatibilityChangeReporter: Compat change id reported: 194480991; UID 1000; state: ENABLED
05-23 15:35:42.449 711 788 D SystemServerTiming: getUserSwitchability-0
05-23 15:35:42.449 711 788 D SystemServerTiming: TM.isInCall
05-23 15:35:42.449 711 788 V SystemServerTiming: TM.isInCall took to complete: 0ms
05-23 15:35:42.449 711 788 D SystemServerTiming: hasUserRestriction-DISALLOW_USER_SWITCH
05-23 15:35:42.449 711 788 V SystemServerTiming: hasUserRestriction-DISALLOW_USER_SWITCH took to complete: 0ms
05-23 15:35:42.449 711 788 D SystemServerTiming: getInt-ALLOW_USER_SWITCHING_WHEN_SYSTEM_USER_LOCKED
05-23 15:35:42.449 711 788 V SystemServerTiming: getInt-ALLOW_USER_SWITCHING_WHEN_SYSTEM_USER_LOCKED took to complete: 0ms
05-23 15:35:42.449 711 788 D SystemServerTiming: isUserUnlocked-USER_SYSTEM
05-23 15:35:42.450 711 788 V SystemServerTiming: isUserUnlocked-USER_SYSTEM took to complete: 0ms
05-23 15:35:42.450 711 788 V SystemServerTiming: getUserSwitchability-0 took to complete: 1ms
05-23 15:35:42.453 711 788 D SystemServerTiming: getUserSwitchability-0
05-23 15:35:42.453 711 788 D SystemServerTiming: TM.isInCall
05-23 15:35:42.454 711 788 V SystemServerTiming: TM.isInCall took to complete: 0ms
05-23 15:35:42.454 711 788 D SystemServerTiming: hasUserRestriction-DISALLOW_USER_SWITCH
05-23 15:35:42.454 711 788 V SystemServerTiming: hasUserRestriction-DISALLOW_USER_SWITCH took to complete: 0ms
05-23 15:35:42.454 711 788 D SystemServerTiming: getInt-ALLOW_USER_SWITCHING_WHEN_SYSTEM_USER_LOCKED
05-23 15:35:42.454 711 788 V SystemServerTiming: getInt-ALLOW_USER_SWITCHING_WHEN_SYSTEM_USER_LOCKED took to complete: 1ms
05-23 15:35:42.454 711 788 D SystemServerTiming: isUserUnlocked-USER_SYSTEM
05-23 15:35:42.454 711 788 V SystemServerTiming: isUserUnlocked-USER_SYSTEM took to complete: 0ms
05-23 15:35:42.454 711 788 V SystemServerTiming: getUserSwitchability-0 took to complete: 1ms
05-23 15:35:42.455 711 788 D SystemServerTiming: getUserSwitchability-0
05-23 15:35:42.455 711 788 D SystemServerTiming: TM.isInCall
05-23 15:35:42.456 711 1040 D CompatibilityChangeReporter: Compat change id reported: 197654537; UID 1000; state: DISABLED
05-23 15:35:42.456 711 788 V SystemServerTiming: TM.isInCall took to complete: 0ms
05-23 15:35:42.456 711 788 D SystemServerTiming: hasUserRestriction-DISALLOW_USER_SWITCH
05-23 15:35:42.456 711 788 V SystemServerTiming: hasUserRestriction-DISALLOW_USER_SWITCH took to complete: 0ms
05-23 15:35:42.456 711 788 D SystemServerTiming: getInt-ALLOW_USER_SWITCHING_WHEN_SYSTEM_USER_LOCKED
05-23 15:35:42.456 711 788 V SystemServerTiming: getInt-ALLOW_USER_SWITCHING_WHEN_SYSTEM_USER_LOCKED took to complete: 1ms
05-23 15:35:42.456 711 788 D SystemServerTiming: isUserUnlocked-USER_SYSTEM
05-23 15:35:42.456 711 788 V SystemServerTiming: isUserUnlocked-USER_SYSTEM took to complete: 0ms
05-23 15:35:42.456 711 788 V SystemServerTiming: getUserSwitchability-0 took to complete: 1ms
05-23 15:35:42.459 711 1040 I ActivityTaskManager: START u0 {act=android.intent.action.MAIN cat=[android.intent.category.HOME] flg=0x10000100 cmp=com.dangbei.leard.leradlauncher/com.dangbei.launcher.home.LauncherActivity (has extras)} with LAUNCH_SINGLE_TASK from uid 0 (BAL_ALLOW_ALLOWLISTED_UID) result code=0
05-23 15:35:42.460 711 788 D SystemServerTiming: getUserSwitchability-0
05-23 15:35:42.460 711 788 D SystemServerTiming: TM.isInCall
05-23 15:35:42.463 920 1063 W Looper : Slow dispatch took 108ms wmshell.main h=android.os.Handler c=com.android.wm.shell.transition.Transitions$TransitionPlayerImpl$$ExternalSyntheticLambda1@488d538 m=0
05-23 15:35:42.463 711 1107 D CompatibilityChangeReporter: Compat change id reported: 168419799; UID 10039; state: DISABLED
05-23 15:35:42.463 711 1107 D CompatibilityChangeReporter: Compat change id reported: 273564678; UID 10039; state: DISABLED
05-23 15:35:42.469 711 1108 D CompatibilityChangeReporter: Compat change id reported: 168419799; UID 1000; state: DISABLED
05-23 15:35:42.470 711 1108 D CompatibilityChangeReporter: Compat change id reported: 273564678; UID 1000; state: DISABLED
05-23 15:35:42.472 711 788 V SystemServerTiming: TM.isInCall took to complete: 12ms
05-23 15:35:42.472 711 788 D SystemServerTiming: hasUserRestriction-DISALLOW_USER_SWITCH
05-23 15:35:42.472 711 788 V SystemServerTiming: hasUserRestriction-DISALLOW_USER_SWITCH took to complete: 0ms
05-23 15:35:42.472 711 788 D SystemServerTiming: getInt-ALLOW_USER_SWITCHING_WHEN_SYSTEM_USER_LOCKED
05-23 15:35:42.472 711 788 V SystemServerTiming: getInt-ALLOW_USER_SWITCHING_WHEN_SYSTEM_USER_LOCKED took to complete: 0ms
05-23 15:35:42.472 711 788 D SystemServerTiming: isUserUnlocked-USER_SYSTEM
05-23 15:35:42.472 711 788 V SystemServerTiming: isUserUnlocked-USER_SYSTEM took to complete: 0ms
05-23 15:35:42.472 711 788 V SystemServerTiming: getUserSwitchability-0 took to complete: 12ms
05-23 15:35:42.474 711 711 V NotificationAssistants: enabling notification assistant for 0: ComponentInfo{android.ext.services/android.ext.services.notification.Assistant}
05-23 15:35:42.474 711 711 V NotificationAssistants: binding: Intent { act=android.service.notification.NotificationAssistantService cmp=android.ext.services/.notification.Assistant (has extras) }
05-23 15:35:42.476 711 736 I ActivityManager: com.dangbei.leard.leradlauncher is exempt from freezer
05-23 15:35:42.478 711 1107 D SystemServerTiming: getUserSwitchability-0
05-23 15:35:42.479 711 1107 D SystemServerTiming: TM.isInCall
05-23 15:35:42.480 711 1107 V SystemServerTiming: TM.isInCall took to complete: 0ms
05-23 15:35:42.480 711 1107 D SystemServerTiming: hasUserRestriction-DISALLOW_USER_SWITCH
05-23 15:35:42.480 711 1107 V SystemServerTiming: hasUserRestriction-DISALLOW_USER_SWITCH took to complete: 0ms
05-23 15:35:42.480 711 1107 D SystemServerTiming: getInt-ALLOW_USER_SWITCHING_WHEN_SYSTEM_USER_LOCKED
05-23 15:35:42.480 711 1107 V SystemServerTiming: getInt-ALLOW_USER_SWITCHING_WHEN_SYSTEM_USER_LOCKED took to complete: 0ms
05-23 15:35:42.480 711 1107 D SystemServerTiming: isUserUnlocked-USER_SYSTEM
05-23 15:35:42.480 711 1107 V SystemServerTiming: isUserUnlocked-USER_SYSTEM took to complete: 0ms
05-23 15:35:42.480 711 1107 V SystemServerTiming: getUserSwitchability-0 took to complete: 0ms
05-23 15:35:42.480 711 736 D CompatibilityChangeReporter: Compat change id reported: 135634846; UID 1000; state: DISABLED
05-23 15:35:42.484 711 796 D CompatibilityChangeReporter: Compat change id reported: 265195908; UID 10039; state: ENABLED
05-23 15:35:42.491 711 1107 D SystemServerTiming: getUserSwitchability-0
05-23 15:35:42.491 711 1107 D SystemServerTiming: TM.isInCall
05-23 15:35:42.491 711 1107 V SystemServerTiming: TM.isInCall took to complete: 1ms
05-23 15:35:42.491 711 1107 D SystemServerTiming: hasUserRestriction-DISALLOW_USER_SWITCH
05-23 15:35:42.491 711 1107 V SystemServerTiming: hasUserRestriction-DISALLOW_USER_SWITCH took to complete: 0ms
05-23 15:35:42.491 711 1107 D SystemServerTiming: getInt-ALLOW_USER_SWITCHING_WHEN_SYSTEM_USER_LOCKED
05-23 15:35:42.491 711 1107 V SystemServerTiming: getInt-ALLOW_USER_SWITCHING_WHEN_SYSTEM_USER_LOCKED took to complete: 0ms
05-23 15:35:42.491 711 1107 D SystemServerTiming: isUserUnlocked-USER_SYSTEM
