05-23 15:43:02.012 300 353 D MesonHwc: received Uevent: DEVPATH=/devices/virtual/amhdmitx/amhdmitx0
05-23 15:43:02.012 300 353 D MesonHwc: received Uevent: SUBSYSTEM=amhdmitx
05-23 15:43:02.012 300 353 D MesonHwc: received Uevent: hdmitx_current_status=113
05-23 15:43:02.013 300 353 D MesonHwc: received Uevent: MAJOR=492
05-23 15:43:02.013 300 353 D MesonHwc: received Uevent: MINOR=0
05-23 15:43:02.013 300 353 D MesonHwc: received Uevent: DEVNAME=amhdmitx0
05-23 15:43:02.013 300 353 D MesonHwc: received Uevent: SEQNUM=4102
05-23 15:43:02.013 300 353 D MesonHwc: received Uevent: ic, aocec-s7d
05-23 15:43:02.013 300 353 D MesonHwc: received Uevent: OF_COMPATIBLE_N=1
05-23 15:43:02.013 300 353 D MesonHwc: received Uevent: MODALIAS=of:NaocecT(null)Camlogic,_aocec-s7d
05-23 15:43:02.013 300 353 D MesonHwc: received Uevent: SEQNUM=4100
05-23 15:43:02.013 300 353 D MesonHwc: received Uevent: ltiplexer@360000/mdio@0/ethernet-phy@0
05-23 15:43:02.013 300 353 D MesonHwc: received Uevent: OF_COMPATIBLE_N=0
05-23 15:43:02.013 300 353 D MesonHwc: received Uevent: SEQNUM=4077
05-23 15:43:02.013 300 353 D MesonHwc: received Uevent: =0
05-23 15:43:02.013 300 353 D MesonHwc: received Uevent: MODALIAS=of:Nethernet-phyT(null)
05-23 15:43:02.013 300 353 D MesonHwc: received Uevent: SEQNUM=4074
05-23 15:43:02.013 300 353 D MesonHwc: received Uevent: change@/devices/platform/vout
05-23 15:43:02.013 300 353 D MesonHwc: received Uevent: ACTION=change
05-23 15:43:02.013 300 353 D MesonHwc: received Uevent: DEVPATH=/devices/platform/vout
05-23 15:43:02.013 300 353 D MesonHwc: received Uevent: SUBSYSTEM=platform
05-23 15:43:02.013 300 353 D MesonHwc: received Uevent: vout_setmode=1
05-23 15:43:02.013 300 353 D MesonHwc: ModeChange state: [Begin to change]
05-23 15:43:02.013 300 353 D MesonHwc: On mode change state: [Begin to change]
05-23 15:43:02.013 300 353 D MesonHwc: received Uevent: change@/devices/virtual/amhdmitx/amhdmitx0
05-23 15:43:02.013 300 353 D MesonHwc: received Uevent: ACTION=change
05-23 15:43:02.013 300 353 D MesonHwc: received Uevent: DEVPATH=/devices/virtual/amhdmitx/amhdmitx0
05-23 15:43:02.013 300 353 D MesonHwc: received Uevent: SUBSYSTEM=amhdmitx
05-23 15:43:02.013 300 353 D MesonHwc: received Uevent: hdmitx_vmode_audio=1
05-23 15:43:02.013 300 353 D MesonHwc: received Uevent: MAJOR=492
05-23 15:43:02.013 300 353 D MesonHwc: received Uevent: MINOR=0
05-23 15:43:02.013 300 353 D MesonHwc: received Uevent: DEVNAME=amhdmitx0
05-23 15:43:02.013 300 353 D MesonHwc: received Uevent: SEQNUM=4104
05-23 15:43:02.013 300 353 D MesonHwc: received Uevent: ATIBLE_N=1
05-23 15:43:02.013 300 353 D MesonHwc: received Uevent: MODALIAS=of:NvoutT(null)Camlogic,_vout
05-23 15:43:02.013 300 353 D MesonHwc: received Uevent: SEQNUM=4103
05-23 15:43:02.013 300 353 D MesonHwc: received Uevent: Camlogic,_aocec-s7d
05-23 15:43:02.013 300 353 D MesonHwc: received Uevent: SEQNUM=4100
05-23 15:43:02.013 300 353 D MesonHwc: received Uevent: ltiplexer@360000/mdio@0/ethernet-phy@0
05-23 15:43:02.013 300 353 D MesonHwc: received Uevent: OF_COMPATIBLE_N=0
05-23 15:43:02.013 300 353 D MesonHwc: received Uevent: SEQNUM=4077
05-23 15:43:02.013 300 353 D MesonHwc: received Uevent: =0
05-23 15:43:02.013 300 353 D MesonHwc: received Uevent: MODALIAS=of:Nethernet-phyT(null)
05-23 15:43:02.013 300 353 D MesonHwc: received Uevent: SEQNUM=4074
05-23 15:43:02.013 300 353 D MesonHwc: received Uevent: change@/devices/virtual/amhdmitx/amhdmitx0
05-23 15:43:02.013 300 353 D MesonHwc: received Uevent: ACTION=change
05-23 15:43:02.013 300 353 D MesonHwc: received Uevent: DEVPATH=/devices/virtual/amhdmitx/amhdmitx0
05-23 15:43:02.013 300 353 D MesonHwc: received Uevent: SUBSYSTEM=amhdmitx
05-23 15:43:02.013 300 353 D MesonHwc: received Uevent: hdmitx_vmode_audio=1
05-23 15:43:02.013 300 353 D MesonHwc: received Uevent: MAJOR=492
05-23 15:43:02.013 300 353 D MesonHwc: received Uevent: MINOR=0
05-23 15:43:02.013 300 353 D MesonHwc: received Uevent: DEVNAME=amhdmitx0
05-23 15:43:02.013 300 353 D MesonHwc: received Uevent: SEQNUM=4104
05-23 15:43:02.013 300 353 D MesonHwc: received Uevent: ATIBLE_N=1
05-23 15:43:02.013 300 353 D MesonHwc: received Uevent: MODALIAS=of:NvoutT(null)Camlogic,_vout
05-23 15:43:02.013 300 353 D MesonHwc: received Uevent: SEQNUM=4103
05-23 15:43:02.013 300 353 D MesonHwc: received Uevent: Camlogic,_aocec-s7d
05-23 15:43:02.013 300 353 D MesonHwc: received Uevent: SEQNUM=4100
05-23 15:43:02.013 300 353 D MesonHwc: received Uevent: ltiplexer@360000/mdio@0/ethernet-phy@0
05-23 15:43:02.013 300 353 D MesonHwc: received Uevent: OF_COMPATIBLE_N=0
05-23 15:43:02.013 300 353 D MesonHwc: received Uevent: SEQNUM=4077
05-23 15:43:02.013 300 353 D MesonHwc: received Uevent: =0
05-23 15:43:02.013 300 353 D MesonHwc: received Uevent: MODALIAS=of:Nethernet-phyT(null)
05-23 15:43:02.013 300 353 D MesonHwc: received Uevent: SEQNUM=4074
05-23 15:43:02.013 300 353 D MesonHwc: received Uevent: change@/devices/virtual/amhdmitx/amhdmitx0
05-23 15:43:02.013 300 353 D MesonHwc: received Uevent: ACTION=change
05-23 15:43:02.013 300 353 D MesonHwc: received Uevent: DEVPATH=/devices/virtual/amhdmitx/amhdmitx0
05-23 15:43:02.013 300 353 D MesonHwc: received Uevent: SUBSYSTEM=amhdmitx
05-23 15:43:02.013 300 353 D MesonHwc: received Uevent: hdmitx_current_status=114
05-23 15:43:02.013 300 353 D MesonHwc: received Uevent: MAJOR=492
05-23 15:43:02.013 300 353 D MesonHwc: received Uevent: MINOR=0
05-23 15:43:02.013 300 353 D MesonHwc: received Uevent: DEVNAME=amhdmitx0
05-23 15:43:02.013 300 353 D MesonHwc: received Uevent: SEQNUM=4105
05-23 15:43:02.013 300 353 D MesonHwc: received Uevent: E_N=1
05-23 15:43:02.013 300 353 D MesonHwc: received Uevent: MODALIAS=of:NvoutT(null)Camlogic,_vout
05-23 15:43:02.013 300 353 D MesonHwc: received Uevent: SEQNUM=4103
05-23 15:43:02.013 300 353 D MesonHwc: received Uevent: Camlogic,_aocec-s7d
05-23 15:43:02.013 300 353 D MesonHwc: received Uevent: SEQNUM=4100
05-23 15:43:02.013 300 353 D MesonHwc: received Uevent: ltiplexer@360000/mdio@0/ethernet-phy@0
05-23 15:43:02.013 300 353 D MesonHwc: received Uevent: OF_COMPATIBLE_N=0
05-23 15:43:02.013 300 353 D MesonHwc: received Uevent: SEQNUM=4077
05-23 15:43:02.013 300 353 D MesonHwc: received Uevent: =0
05-23 15:43:02.013 300 353 D MesonHwc: received Uevent: MODALIAS=of:Nethernet-phyT(null)
05-23 15:43:02.013 300 353 D MesonHwc: received Uevent: SEQNUM=4074
05-23 15:43:02.013 300 353 D MesonHwc: received Uevent: change@/devices/virtual/amhdmitx/amhdmitx0
05-23 15:43:02.013 300 353 D MesonHwc: received Uevent: ACTION=change
05-23 15:43:02.013 300 353 D MesonHwc: received Uevent: DEVPATH=/devices/virtual/amhdmitx/amhdmitx0
05-23 15:43:02.013 300 353 D MesonHwc: received Uevent: SUBSYSTEM=amhdmitx
05-23 15:43:02.013 300 353 D MesonHwc: received Uevent: hdmitx_current_status=114
05-23 15:43:02.013 300 353 D MesonHwc: received Uevent: MAJOR=492
05-23 15:43:02.013 300 353 D MesonHwc: received Uevent: MINOR=0
05-23 15:43:02.013 300 353 D MesonHwc: received Uevent: DEVNAME=amhdmitx0
05-23 15:43:02.014 300 353 D MesonHwc: received Uevent: SEQNUM=4105
05-23 15:43:02.014 300 353 D MesonHwc: received Uevent: E_N=1
05-23 15:43:02.014 300 353 D MesonHwc: received Uevent: MODALIAS=of:NvoutT(null)Camlogic,_vout
05-23 15:43:02.014 300 353 D MesonHwc: received Uevent: SEQNUM=4103
05-23 15:43:02.014 300 353 D MesonHwc: received Uevent: Camlogic,_aocec-s7d
05-23 15:43:02.014 300 353 D MesonHwc: received Uevent: SEQNUM=4100
05-23 15:43:02.014 300 353 D MesonHwc: received Uevent: ltiplexer@360000/mdio@0/ethernet-phy@0
05-23 15:43:02.014 300 353 D MesonHwc: received Uevent: OF_COMPATIBLE_N=0
05-23 15:43:02.014 300 353 D MesonHwc: received Uevent: SEQNUM=4077
05-23 15:43:02.014 300 353 D MesonHwc: received Uevent: =0
05-23 15:43:02.014 300 353 D MesonHwc: received Uevent: MODALIAS=of:Nethernet-phyT(null)
05-23 15:43:02.014 300 353 D MesonHwc: received Uevent: SEQNUM=4074
05-23 15:43:02.014 300 353 D MesonHwc: received Uevent: change@/devices/platform/vout
05-23 15:43:02.014 300 353 D MesonHwc: received Uevent: ACTION=change
05-23 15:43:02.014 300 353 D MesonHwc: received Uevent: DEVPATH=/devices/platform/vout
05-23 15:43:02.014 300 353 D MesonHwc: received Uevent: SUBSYSTEM=platform
05-23 15:43:02.014 504 504 D hdmicecd: [CEC]:printCecMessage, [4 -> 4] len: 0, body:, result:no ack
05-23 15:43:02.014 300 353 D MesonHwc: received Uevent: vout_setmode=0
05-23 15:43:02.014 300 353 D MesonHwc: ModeChange state: [Complete]
05-23 15:43:02.014 711 891 D HDMI : New logical address for device [4]: [preferred:4, assigned:4]
05-23 15:43:02.014 711 891 D HDMI : [S]: 40:00:44:00
05-23 15:43:02.015 504 504 D hdmicecd: [HdmiCecControl]:getPhysicalAddress, physical addr: 3000, last pa: 3000, ret = 0
05-23 15:43:02.015 504 504 D hdmicecd: [HdmiCecControl]:getPhysicalAddress, physical addr: 3000, last pa: 3000, ret = 0
05-23 15:43:02.015 504 504 D hdmicecd: [HdmiCecControl]:getPhysicalAddress, physical addr: 3000, last pa: 3000, ret = 0
05-23 15:43:02.015 504 504 D hdmicecd: [HdmiCecControl]:getVendorId, vendorId: 0x1CA410
05-23 15:43:02.015 504 504 D hdmicecd: [HdmiCecControl]:getPhysicalAddress, physical addr: 3000, last pa: 3000, ret = 0
05-23 15:43:02.015 711 711 D HDMI : addCecDevice new:CEC: logical_address: 0x04 device_type: 4 cec_version: 5 vendor_id: 1877008 display_name: DBBOX-A3 power_status: 0 physical_address: 0x3000 port_id: 0 old:null
05-23 15:43:02.016 504 504 I hdmicecd: [HdmiCecControl]:addr:4, allocate result:0
05-23 15:41:05.785 0 0 I [3 T353 ..] [hdmitx: ] BRR/VIC group
05-23 15:41:05.785 0 0 I [3 T353 ..] [hdmitx: ] BRR VIC 4 width/height 1280 720 QMS min/max 0 0 GAME min/max 48 120
05-23 15:41:05.786 0 0 I [3 T353 ..] [hdmitx: ] BRR/VIC group
05-23 15:41:05.786 0 0 I [3 T353 ..] [hdmitx: ] BRR VIC 97 width/height 3840 2160 QMS min/max 0 0 GAME min/max 48 120
05-23 15:41:05.787 0 0 I [3 T353 ..] [hdmitx: ] BRR/VIC group
05-23 15:41:05.788 0 0 I [3 T353 ..] [hdmitx: ] BRR VIC 102 width/height 4096 2160 QMS min/max 0 0 GAME min/max 48 120
05-23 15:41:05.791 0 0 I [3 T353 ..] [hdmitx: ] BRR/VIC group
05-23 15:41:05.791 0 0 I [3 T353 ..] [hdmitx: ] qms 0 qms_tfr_min/max 0 0 gaming_vrr_min/max 48 120
05-23 15:43:02.025 300 353 D MesonHwc: DrmProperty: EDID (1), value [112]
05-23 15:43:02.026 300 353 D MesonHwc: DrmProperty: content type (77), value [0]
05-23 15:43:02.026 300 353 D MesonHwc: DrmProperty: vrr_capable (78), value [0]
05-23 15:43:02.026 300 353 D MesonHwc: DrmProperty: UPDATE (79), value [0]
05-23 15:43:02.026 300 353 D MesonHwc: DrmProperty: color_depth (80), value [10]
05-23 15:43:02.026 300 353 D MesonHwc: DrmProperty: color_space (81), value [3]
05-23 15:43:02.026 300 353 D MesonHwc: DrmProperty: MESON_DRM_HDMITX_PROP_AVMUTE (82), value [0]
05-23 15:43:02.026 300 353 D MesonHwc: DrmProperty: hdmi_hdr_status (83), value [3]
05-23 15:43:02.026 300 353 D MesonHwc: DrmProperty: dv_cap (85), value [0]
05-23 15:43:02.026 300 353 D MesonHwc: DrmProperty: contenttype_cap (89), value [1]
05-23 15:43:02.026 300 353 D MesonHwc: DrmProperty: hdr_priority (91), value [268435472]
05-23 15:43:02.026 300 353 D MesonHwc: DrmProperty: ready (92), value [1]
05-23 15:43:02.026 300 353 D MesonHwc: DrmProperty: allm_cap (95), value [1]
05-23 15:43:02.026 300 353 D MesonHwc: DrmProperty: dc_cap (96), value [1023]
05-23 15:43:02.026 300 353 E MesonHwc: dolby vision driver is not ready
05-23 15:43:02.027 300 353 I MesonHwc: hdr_preference (dolby_vision)
05-23 15:43:02.027 300 353 E MesonHwc: dolby vision driver is not ready
05-23 15:43:02.027 504 504 D hdmicecd: [HdmiCecControl]:onAddressAllocated:4
05-23 15:43:02.028 300 353 D MesonHwc: dolby version:0, dv3:0, hlg:1, hdr10:1, hdr10+:0 max:0, avg:0, min:0
05-23 15:43:02.028 300 353 D MesonHwc: dolby version 4k30:0
05-23 15:43:02.028 711 711 D HDMI : onInitializeCecComplete 2
05-23 15:43:02.028 300 353 D MesonHwc: Connector HDMI-A loadDisplayModes get 24 modes
05-23 15:43:02.028 300 353 D MesonHwc: add fraction display mode (1920x1080p120hz)
05-23 15:43:02.028 300 353 I MesonHwc: add display mode (1920x1080p120hz-1920x1080p120hz-110, 1920x1080, 120.000000) dpi(42406,42203), hskew(1)
05-23 15:43:02.028 300 353 D MesonHwc: add fraction display mode (smpte60hz)
05-23 15:43:02.028 300 353 I MesonHwc: add display mode (smpte60hz-smpte60hz-114, 4096x2160, 60.000000) dpi(90468,84406), hskew(1)
05-23 15:43:02.028 300 353 I MesonHwc: add display mode (smpte50hz-smpte50hz-115, 4096x2160, 50.000000) dpi(90468,84406), hskew(1)
05-23 15:43:02.028 300 353 D MesonHwc: add fraction display mode (smpte30hz)
05-23 15:43:02.028 300 353 I MesonHwc: add display mode (smpte30hz-smpte30hz-116, 4096x2160, 30.000000) dpi(90468,84406), hskew(1)
05-23 15:43:02.028 300 353 I MesonHwc: add display mode (smpte25hz-smpte25hz-117, 4096x2160, 25.000000) dpi(90468,84406), hskew(1)
05-23 15:43:02.028 300 353 D MesonHwc: add fraction display mode (smpte24hz)
05-23 15:43:02.028 300 353 I MesonHwc: add display mode (smpte24hz-smpte24hz-118, 4096x2160, 24.000000) dpi(90468,84406), hskew(1)
05-23 15:43:02.028 300 353 D MesonHwc: add fraction display mode (2160p60hz)
05-23 15:43:02.028 300 353 I MesonHwc: add display mode (2160p60hz-2160p60hz-119, 3840x2160, 60.000000) dpi(84813,84406), hskew(1)
05-23 15:43:02.028 300 353 I MesonHwc: add display mode (2160p50hz-2160p50hz-120, 3840x2160, 50.000000) dpi(84813,84406), hskew(1)
05-23 15:43:02.028 300 353 D MesonHwc: add fraction display mode (2160p30hz)
05-23 15:43:02.028 300 353 I MesonHwc: add display mode (2160p30hz-2160p30hz-121, 3840x2160, 30.000000) dpi(84813,84406), hskew(1)
05-23 15:43:02.028 300 353 I MesonHwc: add display mode (2160p25hz-2160p25hz-122, 3840x2160, 25.000000) dpi(84813,84406), hskew(1)
05-23 15:43:02.028 300 353 D MesonHwc: add fraction display mode (2160p24hz)
05-23 15:43:02.028 300 353 I MesonHwc: add display mode (2160p24hz-2160p24hz-123, 3840x2160, 24.000000) dpi(84813,84406), hskew(1)
05-23 15:43:02.028 300 353 I MesonHwc: add display mode (1920x1080p100hz-1920x1080p100hz-124, 1920x1080, 100.000000) dpi(42406,42203), hskew(1)
05-23 15:43:02.028 711 711 D HDMI : oneTouchPlay com.android.server.hdmi.OneTouchPlayAction@68872ce
05-23 15:43:02.028 300 353 D MesonHwc: add fraction display mode (1080p60hz)
05-23 15:43:02.028 300 353 I MesonHwc: add display mode (1080p60hz-1080p60hz-125, 1920x1080, 60.000000) dpi(42406,42203), hskew(1)
05-23 15:43:02.028 300 353 D MesonHwc: add fraction display mode (1080i60hz)
05-23 15:43:02.028 300 353 I MesonHwc: add display mode (1080i60hz-1080i60hz-126, 1920x1080, 60.000000) dpi(42406,42203), hskew(1)
05-23 15:43:02.028 711 711 I HDMI : Not ready to start action. Queued for deferred start:com.android.server.hdmi.OneTouchPlayAction@68872ce
05-23 15:43:02.028 300 353 I MesonHwc: add display mode (1080p50hz-1080p50hz-127, 1920x1080, 50.000000) dpi(42406,42203), hskew(1)
05-23 15:43:02.028 300 353 I MesonHwc: add display mode (1080i50hz-1080i50hz-128, 1920x1080, 50.000000) dpi(42406,42203), hskew(1)
05-23 15:43:02.028 300 353 D MesonHwc: add fraction display mode (1080p30hz)
05-23 15:43:02.028 300 353 I MesonHwc: add display mode (1080p30hz-1080p30hz-129, 1920x1080, 30.000000) dpi(42406,42203), hskew(1)
05-23 15:43:02.028 300 353 I MesonHwc: add display mode (1080p25hz-1080p25hz-130, 1920x1080, 25.000000) dpi(42406,42203), hskew(1)
05-23 15:43:02.028 300 353 D MesonHwc: add fraction display mode (1080p24hz)
05-23 15:43:02.028 300 353 I MesonHwc: add display mode (1080p24hz-1080p24hz-131, 1920x1080, 24.000000) dpi(42406,42203), hskew(1)
05-23 15:43:02.028 300 353 D MesonHwc: add fraction display mode (720p60hz)
05-23 15:43:02.028 300 353 I MesonHwc: add display mode (720p60hz-720p60hz-132, 1280x720, 60.000000) dpi(28271,28135), hskew(1)
05-23 15:43:02.028 300 353 I MesonHwc: add display mode (720p50hz-720p50hz-133, 1280x720, 50.000000) dpi(28271,28135), hskew(1)
05-23 15:43:02.028 300 353 I MesonHwc: add display mode (576p50hz-576p50hz-134, 720x576, 50.000000) dpi(15902,22508), hskew(1)
05-23 15:43:02.028 300 353 D MesonHwc: add fraction display mode (480p60hz)
05-23 15:43:02.028 300 353 I MesonHwc: add display mode (480p60hz-480p60hz-135, 720x480, 60.000000) dpi(15902,18756), hskew(1)
05-23 15:43:02.028 711 711 D HdmiControlService: Local device is under address allocation. Queue display callback for later process.
05-23 15:43:02.028 300 353 D MesonHwc: add fraction display mode (480i60hz)
05-23 15:43:02.028 300 353 I MesonHwc: add display mode (480i60hz-480i60hz-136, 720x480, 60.000000) dpi(15902,18756), hskew(1)
05-23 15:43:02.028 300 353 I MesonHwc: loadDisplayModes (38) end
05-23 15:43:02.029 300 353 D MesonHwc: ERR: PLEASE FIX NON-IMPLEMENT FUN(update).
05-23 15:43:02.029 300 353 D MesonHwc: RealModeMgr::update: nextModeId:280
05-23 15:43:02.029 300 353 D MesonHwc: RealModeMgr::update get current mode:smpte60hz
05-23 15:43:02.029 300 353 D MesonHwc: RealModeMgr::update use current mode (4096x2160-60.00)
05-23 15:43:02.029 300 353 D MesonHwc: On mode change state: [Complete]
05-23 15:43:02.029 711 711 D HDMI : onAddressAllocated address:4 reason:2
05-23 15:43:02.029 300 353 D MesonHwc: Hwc2Display::onModeChanged getDisplayMode [smpte60hz]
05-23 15:43:02.029 300 353 D MesonHwc: [setConnectorStatus]: power mode 1
05-23 15:43:02.029 300 353 I MesonHwc: HwcConfig::default frame buffer size (1920 x 1080)
05-23 15:43:02.029 300 353 D MesonHwc: onModeChanged mObserver->onHotplug(true) hdrCapsChanged:0
05-23 15:43:02.029 300 353 D MesonHwc: drmplane clear drm bo caches
05-23 15:43:02.029 300 353 D MesonHwc: drmplane clear drm bo caches
05-23 15:43:02.029 300 353 D MesonHwc: cleanupBeforeDestroy displayId:0, clear layers
05-23 15:43:02.029 504 504 D hdmicecd: [HdmiCecControl]:getPhysicalAddress, physical addr: 3000, last pa: 3000, ret = 0
05-23 15:43:02.029 300 353 D MesonHwc: On hotplug, Fn: 0x1fab931, Data: 0xee343490, display: 0, connection: 1
05-23 15:43:02.029 300 353 D MesonComposer3: halEventcallback onHotplug client3.0
05-23 15:43:02.029 504 504 D hdmicecd: [HdmiCecControl]:getVendorId, vendorId: 0x1CA410
05-23 15:43:02.029 300 368 E MesonHwc: getPort 11
05-23 15:43:02.029 300 368 E MesonHwc: getPort 11
05-23 15:43:02.030 504 504 D hdmicecd: [HdmiCecControl]:getPhysicalAddress, physical addr: 3000, last pa: 3000, ret = 0
05-23 15:43:02.030 504 504 D hdmicecd: [HdmiCecControl]:getPhysicalAddress, physical addr: 3000, last pa: 3000, ret = 0
05-23 15:43:02.030 711 711 D HDMI : DeviceDiscoveryAction start com.android.server.hdmi.DeviceDiscoveryAction@467d5ef
05-23 15:43:02.030 711 711 I HdmiCecLocalDevice: Starting queued action:com.android.server.hdmi.OneTouchPlayAction@68872ce
05-23 15:43:02.031 711 711 D HDMI : setActiveSource logical:0x04 physical:0x3000 OneTouchPlayAction#broadcastActiveSource()
05-23 15:43:02.031 504 504 D hdmicecd: [HdmiCecControl]:getPhysicalAddress, physical addr: 3000, last pa: 3000, ret = 0
05-23 15:43:02.031 504 504 D hdmicecd: [HdmiCecControl]:getPhysicalAddress, physical addr: 3000, last pa: 3000, ret = 0
05-23 15:43:02.031 711 711 D HDMI : ActiveSourceHistoryRecord active source=(0x04, 0x3000) isActiveSource=true from=OneTouchPlayAction#broadcastActiveSource()
05-23 15:43:02.032 711 711 D HDMI : setActiveSource logical:0x04 physical:0x3000 ActiveSourceAction
05-23 15:43:02.032 504 504 D hdmicecd: [HdmiCecControl]:getPhysicalAddress, physical addr: 3000, last pa: 3000, ret = 0
05-23 15:43:02.032 504 504 D hdmicecd: [HdmiCecControl]:getPhysicalAddress, physical addr: 3000, last pa: 3000, ret = 0
05-23 15:43:02.032 711 711 D HDMI : ActiveSourceHistoryRecord active source=(0x04, 0x3000) isActiveSource=true from=ActiveSourceAction
05-23 15:43:02.038 4262 4262 D CompatibilityChangeReporter: Compat change id reported: 171979766; UID 1000; state: DISABLED
05-23 15:43:02.039 330 359 I SystemControl: notify plugin
05-23 15:43:02.039 330 359 I SystemControl: [/SystemControlHal.cpp, onEvent, 72] onEvent event:3, client size:5
05-23 15:43:02.039 496 511 I SystemControlClient: notifyCallback event type:3
05-23 15:43:02.039 496 511 I SystemControlClient: notifyCallback: listener is NULL.
05-23 15:43:02.039 503 515 I SystemControlClient: notifyCallback event type:3
05-23 15:43:02.039 1176 1275 I SystemControlEvent: system control callback event: 3
05-23 15:43:02.039 503 515 I SystemControlClient: notifyCallback: listener is NULL.
05-23 15:43:02.040 251 797 I SystemControlClient: notifyCallback event type:3
05-23 15:43:02.040 251 797 I SystemControlClient: notifyCallback: listener is NULL.
05-23 15:43:02.040 490 588 I SystemControlClient: notifyCallback event type:3
05-23 15:43:02.040 490 588 I SystemControlClient: notifyCallback: listener is NULL.
05-23 15:43:02.041 4262 4262 D CompatibilityChangeReporter: Compat change id reported: 242716250; UID 1000; state: DISABLED
05-23 15:43:02.035 330 330 I HwBinder:330_6: type=1400 audit(0.0:1230): avc: denied { call } for scontext=u:r:system_control:s0 tcontext=u:r:hal_oemlock_default:s0 tclass=binder permissive=1
05-23 15:43:02.042 272 272 I SurfaceFlinger: Reconnecting display 4616277992360486155 (HAL ID 0)
05-23 15:43:02.043 300 368 E MesonComposer3: destroyLayer: display:0 failed to destroy layer:28
05-23 15:43:02.044 272 272 E HwcComposer: destroyLayer failed Status(-8, EX_SERVICE_SPECIFIC): '3: '
05-23 15:43:02.044 272 272 E HWC2 : destroyLayer(0, 28) failed: BadLayer (3)
05-23 15:43:02.044 272 272 E HwcComposer: setClientTargetSlotCount failed Status(-8, EX_SERVICE_SPECIFIC): '4: '
05-23 15:43:02.044 272 272 I FramebufferSurface: Framebuffer size has been limited to [1920x1012] from [4096x2160]
05-23 15:43:02.044 1531 1531 E xxxxxxxxxxxxxxx: onReceive:mIsHDMIPlugged = true
05-23 15:43:02.035 330 330 I HwBinder:330_6: type=1400 audit(0.0:1231): avc: denied { call } for scontext=u:r:system_control:s0 tcontext=u:r:hal_power_default:s0 tclass=binder permissive=1
05-23 15:43:02.047 300 353 D MesonHwc: Display (0) ask for refresh.
05-23 15:43:02.048 300 353 D MesonHwc: Update period fe502a->1107a76
05-23 15:43:02.048 300 353 D MesonHwc: Update period fe502a->1107a76
05-23 15:43:02.049 300 353 D MesonHwc: Update period fe502a->1107a76
05-23 15:43:02.049 300 353 D MesonHwc: received Uevent: change@/devices/virtual/amhdmitx/amhdmitx0
05-23 15:43:02.049 300 353 D MesonHwc: received Uevent: ACTION=change
05-23 15:43:02.049 300 353 D MesonHwc: received Uevent: DEVPATH=/devices/virtual/amhdmitx/amhdmitx0
05-23 15:43:02.049 300 353 D MesonHwc: received Uevent: SUBSYSTEM=amhdmitx
05-23 15:43:02.049 300 353 D MesonHwc: received Uevent: hdmitx_current_status=115
05-23 15:43:02.049 300 353 D MesonHwc: received Uevent: MAJOR=492
05-23 15:43:02.049 300 353 D MesonHwc: received Uevent: MINOR=0
05-23 15:43:02.049 300 353 D MesonHwc: received Uevent: DEVNAME=amhdmitx0
05-23 15:43:02.049 711 711 D HdmiControlService: Switching to full volume behavior
05-23 15:43:02.050 300 353 D MesonHwc: received Uevent: SEQNUM=4107
05-23 15:43:02.050 711 711 D HdmiControlService: Switching to full volume behavior
05-23 15:43:02.050 300 353 D MesonHwc: received Uevent: E_N=1
05-23 15:43:02.050 300 353 D MesonHwc: received Uevent: MODALIAS=of:NvoutT(null)Camlogic,_vout
05-23 15:43:02.050 300 353 D MesonHwc: received Uevent: SEQNUM=4106
05-23 15:43:02.050 300 353 D MesonHwc: received Uevent: Camlogic,_aocec-s7d
05-23 15:43:02.050 300 353 D MesonHwc: received Uevent: SEQNUM=4100
05-23 15:43:02.050 300 353 D MesonHwc: received Uevent: ltiplexer@360000/mdio@0/ethernet-phy@0
05-23 15:43:02.050 300 353 D MesonHwc: received Uevent: OF_COMPATIBLE_N=0
05-23 15:43:02.050 300 353 D MesonHwc: received Uevent: SEQNUM=4077
05-23 15:43:02.050 300 353 D MesonHwc: received Uevent: =0
05-23 15:43:02.050 300 353 D MesonHwc: received Uevent: MODALIAS=of:Nethernet-phyT(null)
05-23 15:43:02.050 300 353 D MesonHwc: received Uevent: SEQNUM=4074
05-23 15:43:02.050 300 353 D MesonHwc: received Uevent: change@/devices/virtual/amhdmitx/amhdmitx0
05-23 15:43:02.050 300 353 D MesonHwc: received Uevent: ACTION=change
05-23 15:43:02.050 300 353 D MesonHwc: received Uevent: DEVPATH=/devices/virtual/amhdmitx/amhdmitx0
05-23 15:43:02.050 300 353 D MesonHwc: received Uevent: SUBSYSTEM=amhdmitx
05-23 15:43:02.050 300 353 D MesonHwc: received Uevent: hdmitx_current_status=115
05-23 15:43:02.050 300 353 D MesonHwc: received Uevent: MAJOR=492
05-23 15:43:02.051 300 353 D MesonHwc: received Uevent: MINOR=0
05-23 15:43:02.051 300 353 D MesonHwc: received Uevent: DEVNAME=amhdmitx0
05-23 15:43:02.051 300 353 D MesonHwc: received Uevent: SEQNUM=4107
05-23 15:43:02.051 300 353 D MesonHwc: received Uevent: E_N=1
05-23 15:43:02.051 300 353 D MesonHwc: received Uevent: MODALIAS=of:NvoutT(null)Camlogic,_vout
05-23 15:43:02.051 300 353 D MesonHwc: received Uevent: SEQNUM=4106
05-23 15:43:02.051 300 353 D MesonHwc: received Uevent: Camlogic,_aocec-s7d
05-23 15:43:02.051 300 353 D MesonHwc: received Uevent: SEQNUM=4100
05-23 15:43:02.051 300 353 D MesonHwc: received Uevent: ltiplexer@360000/mdio@0/ethernet-phy@0
05-23 15:43:02.051 300 353 D MesonHwc: received Uevent: OF_COMPATIBLE_N=0
05-23 15:43:02.051 300 353 D MesonHwc: received Uevent: SEQNUM=4077
05-23 15:43:02.051 300 353 D MesonHwc: received Uevent: =0
05-23 15:43:02.051 300 353 D MesonHwc: received Uevent: MODALIAS=of:Nethernet-phyT(null)
05-23 15:43:02.051 300 353 D MesonHwc: received Uevent: SEQNUM=4074
05-23 15:43:02.051 300 353 D MesonHwc: received Uevent: change@/devices/virtual/amhdmitx/amhdmitx0
05-23 15:43:02.051 300 353 D MesonHwc: received Uevent: ACTION=change
05-23 15:43:02.051 300 353 D MesonHwc: received Uevent: DEVPATH=/devices/virtual/amhdmitx/amhdmitx0
05-23 15:43:02.051 300 353 D MesonHwc: received Uevent: SUBSYSTEM=amhdmitx
05-23 15:43:02.051 300 353 D MesonHwc: received Uevent: hdmitx_current_status=116
05-23 15:43:02.051 300 353 D MesonHwc: received Uevent: MAJOR=492
05-23 15:43:02.051 300 353 D MesonHwc: received Uevent: MINOR=0
05-23 15:43:02.052 300 353 D MesonHwc: received Uevent: DEVNAME=amhdmitx0
05-23 15:43:02.052 300 353 D MesonHwc: received Uevent: SEQNUM=4108
05-23 15:43:02.052 300 353 D MesonHwc: received Uevent: E_N=1
05-23 15:43:02.052 300 353 D MesonHwc: received Uevent: MODALIAS=of:NvoutT(null)Camlogic,_vout
05-23 15:43:02.052 300 353 D MesonHwc: received Uevent: SEQNUM=4106
05-23 15:43:02.052 300 353 D MesonHwc: received Uevent: Camlogic,_aocec-s7d
05-23 15:43:02.052 300 353 D MesonHwc: received Uevent: SEQNUM=4100
05-23 15:43:02.052 300 353 D MesonHwc: received Uevent: ltiplexer@360000/mdio@0/ethernet-phy@0
05-23 15:43:02.052 300 353 D MesonHwc: received Uevent: OF_COMPATIBLE_N=0
05-23 15:43:02.052 300 353 D MesonHwc: received Uevent: SEQNUM=4077
05-23 15:43:02.052 300 353 D MesonHwc: received Uevent: =0
05-23 15:43:02.052 300 353 D MesonHwc: received Uevent: MODALIAS=of:Nethernet-phyT(null)
05-23 15:43:02.052 300 353 D MesonHwc: received Uevent: SEQNUM=4074
05-23 15:43:02.052 300 353 D MesonHwc: received Uevent: change@/devices/virtual/amhdmitx/amhdmitx0
05-23 15:43:02.052 300 353 D MesonHwc: received Uevent: ACTION=change
05-23 15:43:02.052 300 353 D MesonHwc: received Uevent: DEVPATH=/devices/virtual/amhdmitx/amhdmitx0
05-23 15:43:02.052 300 353 D MesonHwc: received Uevent: SUBSYSTEM=amhdmitx
05-23 15:43:02.052 300 353 D MesonHwc: received Uevent: hdmitx_current_status=116
05-23 15:43:02.052 300 353 D MesonHwc: received Uevent: MAJOR=492
05-23 15:43:02.052 300 353 D MesonHwc: received Uevent: MINOR=0
05-23 15:43:02.052 300 353 D MesonHwc: received Uevent: DEVNAME=amhdmitx0
05-23 15:43:02.052 300 353 D MesonHwc: received Uevent: SEQNUM=4108
05-23 15:43:02.052 300 353 D MesonHwc: received Uevent: E_N=1
05-23 15:43:02.052 300 353 D MesonHwc: received Uevent: MODALIAS=of:NvoutT(null)Camlogic,_vout
05-23 15:43:02.052 300 353 D MesonHwc: received Uevent: SEQNUM=4106
05-23 15:43:02.052 300 353 D MesonHwc: received Uevent: Camlogic,_aocec-s7d
05-23 15:43:02.052 300 353 D MesonHwc: received Uevent: SEQNUM=4100
05-23 15:43:02.052 300 353 D MesonHwc: received Uevent: ltiplexer@360000/mdio@0/ethernet-phy@0
05-23 15:43:02.052 300 353 D MesonHwc: received Uevent: OF_COMPATIBLE_N=0
05-23 15:43:02.052 300 353 D MesonHwc: received Uevent: SEQNUM=4077
05-23 15:43:02.052 300 353 D MesonHwc: received Uevent: =0
05-23 15:43:02.052 300 353 D MesonHwc: received Uevent: MODALIAS=of:Nethernet-phyT(null)
05-23 15:43:02.052 300 353 D MesonHwc: received Uevent: SEQNUM=4074
05-23 15:43:02.035 330 330 I HwBinder:330_6: type=1400 audit(0.0:1232): avc: denied { call } for scontext=u:r:system_control:s0 tcontext=u:r:mediacodec:s0 tclass=binder permissive=1
05-23 15:43:02.060 272 272 I Scheduler: Display 4616277992360486155 is the pacesetter
05-23 15:43:02.060 272 4237 E SchedulerTimer: Terminated
05-23 15:43:02.061 272 272 D SurfaceFlinger: Setting power mode 2 on display 4616277992360486155
05-23 15:43:02.061 272 374 W EventThread: Failed dispatching Hotplug{displayId=4616277992360486155, connected} for Connection{0xe9042810, VSyncRequest::None}
05-23 15:43:02.061 272 373 W EventThread: Failed dispatching Hotplug{displayId=4616277992360486155, connected} for Connection{0xe9042590, VSyncRequest::None}
05-23 15:43:02.061 300 368 D MesonHwc: setPowerMode 2
05-23 15:43:02.061 272 272 D SurfaceFlinger: Finished setting power mode 2 on display 4616277992360486155
05-23 15:43:02.068 300 368 I MesonDisplay: [/mode_policy.c, meson_mode_set_policy, 1177] connector:0 to policy:0
05-23 15:43:02.068 300 368 I MesonDisplay: [/mode_policy.c, is_dv_prefer, 66] not prefer dv, hdr_priority:10000010
05-23 15:43:02.068 300 368 I MesonDisplay: [/mode_policy.c, is_dv_prefer, 66] not prefer dv, hdr_priority:10000010
05-23 15:43:02.068 300 368 I MesonDisplay: [/mode_policy.c, hdr_scene_process, 724] policy:0 is_bestcolorspace:1 state:0
05-23 15:43:02.068 300 368 I MesonDisplay: [/mode_policy_parser.c, is_support_hdmimode, 110] is_support_hdmimode mode: smpte60hz
05-23 15:43:02.068 300 368 I MesonDisplay: [/mode_policy_parser.c, is_support_hdmimode, 110] is_support_hdmimode mode: 2160p60hz
05-23 15:43:02.068 300 368 D MesonDisplay: meson_write /sys/class/amhdmitx/amhdmitx0/valid_mode, outputmode:2160p60hz420,10bit
05-23 15:43:02.068 300 368 D MesonDisplay: valid mode is true!
05-23 15:43:02.069 300 368 I MesonDisplay: [/mode_policy.c, is_support_4kHDR, 499] is_support_4kHDR mode:[420,10bit], deep color:[2160p60hz]
05-23 15:43:02.069 300 368 I MesonDisplay: [/mode_policy.c, meson_mode_get_policy_output, 1289] final_displaymode:2160p60hz, final_deepcolor:420,10bit, amdv_type:0
05-23 15:43:02.069 300 368 I MesonHwc: getPreferredDisplayConfig [2160p60hz]
05-23 15:43:02.069 300 368 I MesonDisplay: [/mode_policy.c, meson_mode_set_policy, 1177] connector:0 to policy:8
05-23 15:43:02.069 300 368 D MesonHwc: getPreferredBootConfig outConfig = 289 (3840x2160@59.940060)
05-23 15:43:02.070 711 736 D LocalDisplayAdapter: The active mode was changed from SurfaceFlinger or the display device to {id=268, width=4096, height=2160, fps=60.000004, alternativeRefreshRates=[], supportedHdrTypes=[2, 3]}
05-23 15:43:02.070 711 736 D LocalDisplayAdapter: New display modes are added and the active mode has changed, use active mode as default mode.
05-23 15:43:02.071 711 736 W LocalDisplayAdapter: DisplayModeSpecs base mode no longer available, using currently active mode.
05-23 15:43:02.071 711 736 I DisplayDeviceRepository: Display device changed: DisplayDeviceInfo{"内置屏幕": uniqueId="local:4616277992360486155", 4096 x 2160, modeId 264, renderFrameRate 60.000004, defaultModeId 264, supportedModes [{id=264, width=4096, height=2160, fps=60.000004, alternativeRefreshRates=[], supportedHdrTypes=[]}], colorMode 0, supportedColorModes [0], hdrCapabilities HdrCapabilities{mSupportedHdrTypes=[], mMaxLuminance=500.0, mMaxAverageLuminance=500.0, mMinLuminance=0.0}, allmSupported false, gameContentTypeSupported false, density 480, 90.468 x 84.406 dpi, appVsyncOff 2000000, presDeadline 13666666, touch INTERNAL, rotation 0, type INTERNAL, address {port=11, model=0x401050603f19a5}, deviceProductInfo DeviceProductInfo{name=Linux FHD, manufacturerPnpId=LNX, productId=0, modelYear=null, manufactureDate=ManufactureDate{week=5, year=2012}, connectionToSinkType=0}, state ON, committedState ON, frameRateOverride , brightnessMinimum 0.0, brightnessMaximum 1.0, brightnessDefault 0.39763778, hdrSdrRatio NaN, FLAG_ALLOWED_TO_BE_DEFAULT_DISPLAY, FLAG_ROTATES_WITH_CONTENT, FLAG_SECURE, FLAG_SUPPORTS_PROTECTED_BUFFERS, FLAG_TRUSTED, installOrientation 0, displayShape DisplayShape{ spec=215504843 displayWidth=4096 displayHeight=2160 physicalPixelDisplaySizeRatio=1.0 rotation=0 offsetX=0 offsetY=0 scale=1.0}}
05-23 15:43:02.074 711 737 W LocalDisplayAdapter: Ignoring request for invalid base mode id 264
05-23 15:43:02.076 711 736 I DisplayDeviceRepository: Display device changed: DisplayDeviceInfo{"内置屏幕": uniqueId="local:4616277992360486155", 4096 x 2160, modeId 268, renderFrameRate 60.000004, defaultModeId 268, supportedModes [{id=265, width=1920, height=1080, fps=119.88013, alternativeRefreshRates=[], supportedHdrTypes=[2, 3]}, {id=266, width=1920, height=1080, fps=120.00001, alternativeRefreshRates=[], supportedHdrTypes=[2, 3]}, {id=267, width=4096, height=2160, fps=59.94006, alternativeRefreshRates=[], supportedHdrTypes=[2, 3]}, {id=268, width=4096, height=2160, fps=60.000004, alternativeRefreshRates=[], supportedHdrTypes=[2, 3]}, {id=269, width=4096, height=2160, fps=50.0, alternativeRefreshRates=[], supportedHdrTypes=[2, 3]}, {id=270, width=4096, height=2160, fps=29.97003, alternativeRefreshRates=[], supportedHdrTypes=[2, 3]}, {id=271, width=4096, height=2160, fps=30.000002, alternativeRefreshRates=[], supportedHdrTypes=[2, 3]}, {id=272, width=4096, height=2160, fps=23.976025, alternativeRefreshRates=[], supportedHdrTypes=[2, 3]}, {id=273, width=4096, height=2160, fps=24.000002, alternativeRefreshRates=[], supportedHdrTypes=[2, 3]}, {id=274, width=3840, height=2160, fps=59.94006, alternativeRefreshRates=[], supportedHdrTypes=[2, 3]}, {id=275, width=3840, height=2160, fps=60.000004, alternativeRefreshRates=[], supportedHdrTypes=[2, 3]}, {id=276, width=3840, height=2160, fps=50.0, alternativeRefreshRates=[], supportedHdrTypes=[2, 3]}, {id=277, width=3840, height=2160, fps=29.97003, alternativeRefreshRates=[], supportedHdrTypes=[2, 3]}, {id=278, width=3840, height=2160, fps=30.000002, alternativeRefreshRates=[], supportedHdrTypes=[2, 3]}, {id=279, width=3840, height=2160, fps=25.0, alternativeRefreshRates=[], supportedHdrTypes=[2, 3]}, {id=280, width=3840, height=2160, fps=23.976025, alternativeRefreshRates=[], supportedHdrTypes=[2, 3]}, {id=281, width=3840, height=2160, fps=24.000002, alternativeRefreshRates=[], supportedHdrTypes=[2, 3]}, {id=282, width=1920, height=1080, fps=100.0, alternativeRefreshRates=[], supportedHdrTypes=[2, 3]}, {id=283, width=1920, height=1080, fps=59.94006, alternativeRefreshRates=[], supportedHdrTypes=[2, 3]}, {id=284, width=1920, height=1080, fps=60.000004, alternativeRefreshRates=[], supportedHdrTypes=[2, 3]}, {id=285, width=1920, height=1080, fps=50.0, alternativeRefreshRates=[], supportedHdrTypes=[2, 3]}, {id=286, width=1920, height=1080, fps=29.97003, alternativeRefreshRates=[], supportedHdrTypes=[2, 3]}, {id=287, width=1920, height=1080, fps=30.000002, alternativeRefreshRates=[], supportedHdrTypes=[2, 3]}, {id=288, width=1920, height=1080, fps=25.0, alternativeRefreshRates=[], supportedHdrTypes=[2, 3]}, {id=289, width=1920, height=1080, fps=23.976025, alternativeRefreshRates=[], supportedHdrTypes=[2, 3]}, {id=290, width=1920, height=1080, fps=24.000002, alternativeRefreshRates=[], supportedHdrTypes=[2, 3]}, {id=291, width=1280, height=720, fps=59.94006, alternativeRefreshRates=[], supportedHdrTypes=[2, 3]}, {id=292, width=1280, height=720, fps=60.000004, alternativeRefreshRates=[], supportedHdrTypes=[2, 3]}, {id=293, width=1280, height=720, fps=50.0, alternativeRefreshRates=[], supportedHdrTypes=[2, 3]}, {id=294, width=720, height=576, fps=50.0, alternativeRefreshRates=[], supportedHdrTypes=[2, 3]}, {id=295, width=720, height=480, fps=59.94006, alternativeRefreshRates=[], supportedHdrTypes=[2, 3]}, {id=296, width=720, height=480, fps=60.000004, alternativeRefreshRates=[], supportedHdrTypes=[2, 3]}], colorMode 0, supportedColorModes [0], hdrCapabilities HdrCapabilities{mSupportedHdrTypes=[2, 3], mMaxLuminance=500.0, mMaxAverageLuminance=500.0, mMinLuminance=0.0}, allmSupported true, gameContentTypeSupported false, density 480, 90.468 x 84.406 dpi, appVsyncOff 2000000, presDeadline 13666666, touch INTERNAL, rotation 0, type INTERNAL, address {port=11, model=0x401050603f19a5}, deviceProductInfo DeviceProductInfo{name=Dangbei , manufacturerPnpId=DBP, productId=48, modelYear=null, manufactureDate=ManufactureDate{week=10, year=2014}, connectionToSinkType=2}, state ON, committ
05-23 15:43:02.080 272 272 I RefreshRateSelector: Display 4616277992360486155 policy changed
05-23 15:43:02.080 272 272 I RefreshRateSelector: Previous: {defaultModeId=267, allowGroupSwitching=false, primaryRanges={physical=[0.00 Hz, 340282346638528859811704183484516925440.00 Hz], render=[0.00 Hz, 340282346638528859811704183484516925440.00 Hz]}, appRequestRanges={physical=[0.00 Hz, 340282346638528859811704183484516925440.00 Hz], render=[0.00 Hz, 340282346638528859811704183484516925440.00 Hz]}}
05-23 15:43:02.080 272 272 I RefreshRateSelector: Current: DisplayManagerPolicy{defaultModeId=267, allowGroupSwitching=false, primaryRanges={physical=[0.00 Hz, inf Hz], render=[0.00 Hz, 120.00 Hz]}, appRequestRanges={physical=[0.00 Hz, inf Hz], render=[0.00 Hz, inf Hz]}}
05-23 15:43:02.080 272 272 I RefreshRateSelector: 0 mode changes were performed under the previous policy
05-23 15:43:02.080 4262 4262 D ApplicationLoaders: Returning zygote-cached class loader: /system/framework/android.test.base.jar
05-23 15:43:02.081 4262 4262 D ApplicationLoaders: Returning zygote-cached class loader: /system/framework/android.hidl.manager-V1.0-java.jar
05-23 15:43:02.081 4262 4262 D ApplicationLoaders: Returning zygote-cached class loader: /system/framework/android.hidl.base-V1.0-java.jar
05-23 15:43:02.088 4262 4262 D nativeloader: Configuring clns-shared-4 for other apk /system/framework/org.apache.http.legacy.jar. target_sdk_version=1, uses_libraries=ALL, library_path=/system/app/LedCtrl/lib/arm:/system/fake-libs:/system/app/LedCtrl/LedCtrl.apk!/lib/armeabi-v7a:/system/lib:/system_ext/lib, permitted_path=/data:/mnt/expand:/data/user/0/com.oranth.ledstatus:/system/app/LedCtrl:/system/lib:/system_ext/lib
05-23 15:43:02.092 4262 4262 W ranth.ledstatus: ClassLoaderContext shared library size mismatch. Expected=0, found=4 (PCL[] | PCL[]{PCL[/system/framework/android.test.base.jar*1004523826]#PCL[/system/framework/android.hidl.manager-V1.0-java.jar*1860506820]#PCL[/system/framework/android.hidl.base-V1.0-java.jar*741655320]#PCL[/system/framework/org.apache.http.legacy.jar*2889266191]})
05-23 15:43:02.096 4262 4262 D nativeloader: Configuring clns-shared-5 for other apk /system/app/LedCtrl/LedCtrl.apk. target_sdk_version=1, uses_libraries=, library_path=/system/app/LedCtrl/lib/arm:/system/fake-libs:/system/app/LedCtrl/LedCtrl.apk!/lib/armeabi-v7a:/system/lib:/system_ext/lib, permitted_path=/data:/mnt/expand:/data/user/0/com.oranth.ledstatus:/system/app/LedCtrl:/system/lib:/system_ext/lib
05-23 15:43:02.123 4262 4262 V GraphicsEnvironment: Currently set values for:
05-23 15:43:02.123 4262 4262 V GraphicsEnvironment: angle_gl_driver_selection_pkgs=[]
05-23 15:43:02.124 4262 4262 V GraphicsEnvironment: angle_gl_driver_selection_values=[]
05-23 15:43:02.124 4262 4262 V GraphicsEnvironment: ANGLE GameManagerService for com.oranth.ledstatus: false
05-23 15:43:02.125 4262 4262 V GraphicsEnvironment: com.oranth.ledstatus is not listed in per-application setting
05-23 15:43:02.125 4262 4262 V GraphicsEnvironment: Neither updatable production driver nor prerelease driver is supported.
05-23 15:43:02.146 4262 4262 D aaa : onCreate()
05-23 15:43:02.149 504 524 D hdmicecd: [CEC]:printCecMessage, [4 -> 0] len: 3, body: 00 44 00, result:success
05-23 15:43:02.149 504 524 E IPCThreadState: binder thread pool (1 threads) starved for 134 ms
05-23 15:43:02.149 711 891 D HDMI : [S]: 4F:84:30:00:04
05-23 15:43:02.161 4262 4262 D aaa : LedStatusService onStartCommand begin
05-23 15:43:02.164 4262 4262 D aaa : action:android.net.conn.CONNECTIVITY_CHANGE
05-23 15:43:02.164 4262 4284 D aaa : topPkg is -------------- :com.dangbei.leard.leradlauncher
05-23 15:43:02.167 4262 4284 D aaa : WiFi is connect
05-23 15:43:02.163 4262 4262 I Thread-2: type=1400 audit(0.0:1233): avc: denied { open } for path="/dev/__properties__/u:object_r:vendor_default_prop:s0" dev="tmpfs" ino=378 scontext=u:r:system_app:s0 tcontext=u:object_r:vendor_default_prop:s0 tclass=file permissive=1
05-23 15:43:02.163 4262 4262 I Thread-2: type=1400 audit(0.0:1234): avc: denied { getattr } for path="/dev/__properties__/u:object_r:vendor_default_prop:s0" dev="tmpfs" ino=378 scontext=u:r:system_app:s0 tcontext=u:object_r:vendor_default_prop:s0 tclass=file permissive=1
05-23 15:43:02.163 4262 4262 I Thread-2: type=1400 audit(0.0:1235): avc: denied { map } for path="/dev/__properties__/u:object_r:vendor_default_prop:s0" dev="tmpfs" ino=378 scontext=u:r:system_app:s0 tcontext=u:object_r:vendor_default_prop:s0 tclass=file permissive=1
05-23 15:41:05.940 0 0 W [1 T4286 ..] audit: audit_lost=255 audit_rate_limit=5 audit_backlog_limit=64
05-23 15:41:05.940 0 0 E [1 T4286 ..] audit: rate limit exceeded
05-23 15:43:02.208 504 524 D hdmicecd: [CEC]:printCecMessage, [4 -> f] len: 4, body: 84 30 00 04, result:no ack
05-23 15:43:02.361 504 524 D hdmicecd: [CEC]:printCecMessage, [4 -> f] len: 4, body: 84 30 00 04, result:success
05-23 15:43:02.361 504 524 E IPCThreadState: binder thread pool (1 threads) starved for 153 ms
05-23 15:43:02.362 711 891 D HDMI : [S]: 4F:87:1C:A4:10
05-23 15:43:02.419 504 524 D hdmicecd: [CEC]:printCecMessage, [4 -> f] len: 4, body: 87 1c a4 10, result:no ack
05-23 15:43:02.479 504 524 D hdmicecd: [CEC]:printCecMessage, [4 -> f] len: 4, body: 87 1c a4 10, result:no ack
05-23 15:43:02.480 711 891 E HDMI : [2]:Failed to send 4F:87:1C:A4:10 with errorCode=1
05-23 15:43:02.480 711 891 D HDMI : [S]: 40:8C
05-23 15:43:02.560 504 524 D hdmicecd: [CEC]:printCecMessage, [4 -> 0] len: 1, body: 8c, result:success
05-23 15:43:02.560 711 891 D HDMI : [S]: 40:47
05-23 15:43:02.666 4262 4262 D aaa : WiFi is connect
05-23 15:43:02.667 4262 4262 D aaa : WiFi is connect
05-23 15:43:02.839 504 524 D hdmicecd: [CEC]:printCecMessage, [4 -> 0] len: 9, body: 47 44 42 42 4f 58 2d 41 33, result:success
05-23 15:43:02.839 504 524 E IPCThreadState: binder thread pool (1 threads) starved for 279 ms
05-23 15:43:02.840 711 891 D HDMI : [S]: 45:7D
05-23 15:43:02.895 504 524 D hdmicecd: [CEC]:printCecMessage, [4 -> 5] len: 1, body: 7d, result:no ack
05-23 15:43:02.955 504 524 D hdmicecd: [CEC]:printCecMessage, [4 -> 5] len: 1, body: 7d, result:no ack
05-23 15:43:02.956 711 711 D HDMI : AVR did not respond to
05-23 15:43:02.957 711 711 D HdmiControlService: Switching to full volume behavior
05-23 15:43:03.010 300 4276 D MesonDisplay: read /sys/class/amhdmitx/amhdmitx0/hdcp_lstore, result length:0, val:
05-23 15:43:03.024 2584 2585 D uninstall: isAllowStart last_delay 0, current_time 1747986183
05-23 15:43:03.024 2584 2585 I uninstall: enable_service com.ktcp.video/com.tencent.qqlivetv.keeplive.proc.DaemonService com.ktcp.video/(null)
05-23 15:43:03.025 2584 2585 D uninstall: enable_service waitpid
05-23 15:43:03.025 4290 4290 D uninstall: enable_service pid == 0
05-23 15:43:03.025 4290 4290 D uninstall: enable_service version >= 17 || version == 0 version == 34
05-23 15:43:03.058 504 525 D hdmicecd: [CEC]:printCecMsgBuf, msg: 04 46
05-23 15:43:03.058 504 525 D hdmicecd: [CMsgQueue]:sendmsg now = 347999 msg[0] when = 348999
05-23 15:43:03.051 1957 1957 I xm_hidread: type=1400 audit(0.0:1249): avc: denied { read } for scontext=u:r:init:s0 tcontext=u:r:init:s0 tclass=netlink_kobject_uevent_socket permissive=1
05-23 15:43:03.067 2584 2585 I uninstall: watchdaemon process_name = com.ktcp.video:daemon has gone, start it
05-23 15:43:03.067 711 711 D HDMI : [R]: 04:46
05-23 15:43:03.067 2584 2585 D uninstall: watchdaemon waitpid
05-23 15:43:03.068 504 504 D hdmicecd: [HdmiCecControl]:getPhysicalAddress, physical addr: 3000, last pa: 3000, ret = 0
05-23 15:43:03.068 4294 4294 D uninstall: watchdaemon pid == 0
05-23 15:43:03.068 4294 4294 D uninstall: watchdaemon version >= 17 || version == 0 version == 34
05-23 15:43:03.068 711 711 D HDMI : addCecDevice new:CEC: logical_address: 0x00 device_type: 0 cec_version: 5 vendor_id: 16777215 display_name: TV power_status: -1 physical_address: 0xFFFF port_id: -1 old:null
05-23 15:43:03.068 711 711 D HdmiControlService: Switching to full volume behavior
05-23 15:43:03.259 504 525 D hdmicecd: [CEC]:printCecMsgBuf, msg: 0f 87 6d 74 6b
05-23 15:43:03.259 711 711 D HDMI : [R]: 0F:87:6D:74:6B
05-23 15:43:03.260 504 504 D hdmicecd: [HdmiCecControl]:getPhysicalAddress, physical addr: 3000, last pa: 3000, ret = 0
05-23 15:43:03.357 504 525 D hdmicecd: [CEC]:printCecMsgBuf, msg: 04 8c
05-23 15:43:03.357 711 711 D HDMI : [R]: 04:8C
05-23 15:43:03.358 504 504 D hdmicecd: [HdmiCecControl]:getVendorId, vendorId: 0x1CA410
05-23 15:43:03.396 504 524 D hdmicecd: [CEC]:printCecMessage, [4 -> e] len: 0, body:, result:no ack
05-23 15:43:03.396 504 524 E IPCThreadState: binder thread pool (1 threads) starved for 440 ms
05-23 15:43:03.396 711 891 D HDMI : [S]: 40:0D
05-23 15:43:03.480 504 524 D hdmicecd: [CEC]:printCecMessage, [4 -> 0] len: 1, body: 0d, result:success
05-23 15:43:03.480 711 891 D HDMI : [S]: 4F:82:30:00
05-23 15:43:03.481 504 524 D hdmicecd: [HdmiCecControl]:updateActiveState sending messag:82 active state:1
05-23 15:43:03.535 504 524 D hdmicecd: [CEC]:printCecMessage, [4 -> f] len: 3, body: 82 30 00, result:no ack
05-23 15:43:03.536 504 524 D hdmicecd: [HdmiCecControl]:updateActiveState sending messag:82 active state:1
05-23 15:43:03.669 504 524 D hdmicecd: [CEC]:printCecMessage, [4 -> f] len: 3, body: 82 30 00, result:success
05-23 15:43:03.669 504 524 E IPCThreadState: binder thread pool (1 threads) starved for 133 ms
05-23 15:43:03.669 711 891 D HDMI : [S]: 40:8E:00
05-23 15:43:03.776 504 524 D hdmicecd: [CEC]:printCecMessage, [4 -> 0] len: 2, body: 8e 00, result:success
05-23 15:43:03.776 504 524 E IPCThreadState: binder thread pool (1 threads) starved for 108 ms
05-23 15:43:03.777 711 891 D HDMI : [S]: 45:70:30:00
05-23 15:43:03.831 504 524 D hdmicecd: [CEC]:printCecMessage, [4 -> 5] len: 3, body: 70 30 00, result:no ack
05-23 15:43:03.887 504 524 D hdmicecd: [CEC]:printCecMessage, [4 -> 5] len: 3, body: 70 30 00, result:no ack
05-23 15:43:03.888 711 891 D HDMI : [S]: 40:8F
05-23 15:43:03.968 504 524 D hdmicecd: [CEC]:printCecMessage, [4 -> 0] len: 1, body: 8f, result:success
05-23 15:43:03.968 711 891 D HDMI : [S]: 40:8F
05-23 15:43:04.010 300 4276 D MesonDisplay: read /sys/class/amhdmitx/amhdmitx0/hdcp_lstore, result length:0, val:
05-23 15:43:04.033 711 711 D HDMI : one touch play retry:1
05-23 15:43:04.058 504 526 D hdmicecd: [HdmiCecControl]:msg handler handle message type = a
05-23 15:43:04.058 504 526 I hdmicecd: [HdmiCecControl]:send set osd name message DBBOX-A3
05-23 15:43:04.060 504 525 D hdmicecd: [CEC]:printCecMsgBuf, msg: 04 90 00
05-23 15:43:04.060 504 525 D hdmicecd: [HdmiCecControl]:updateActiveState received tv power status 0
05-23 15:43:04.061 711 711 D HDMI : [R]: 04:90:00
05-23 15:43:04.061 504 504 D hdmicecd: [HdmiCecControl]:getPhysicalAddress, physical addr: 3000, last pa: 3000, ret = 0
05-23 15:43:04.062 711 711 D HDMI : One touch play is done for TV's power is ready
05-23 15:43:04.062 711 711 D HDMI : setActiveSource logical:0x04 physical:0x3000 ActiveSourceAction
05-23 15:43:04.062 504 504 D hdmicecd: [HdmiCecControl]:getPhysicalAddress, physical addr: 3000, last pa: 3000, ret = 0
05-23 15:43:04.063 504 504 D hdmicecd: [HdmiCecControl]:getPhysicalAddress, physical addr: 3000, last pa: 3000, ret = 0
05-23 15:43:04.063 711 711 D HDMI : ActiveSourceHistoryRecord active source=(0x04, 0x3000) isActiveSource=true from=ActiveSourceAction
05-23 15:43:04.063 711 711 D HDMI : queryDisplayStatus status=0
05-23 15:43:04.063 711 711 D AudioService: onStatusChange cecEnabled:true available:true
05-23 15:43:04.063 711 711 D AudioService: TV, no CEC: setting HDMI as regular vol device
05-23 15:43:04.063 711 711 D AudioService: Removing DeviceType: 0x400 from mFullVolumeDevices
05-23 15:43:04.063 711 711 D AudioService: Removing DeviceType: 0x400 from mFixedVolumeDevices
05-23 15:43:04.064 711 711 D AudioService: Removing DeviceType: 0x400 from mAbsoluteVolumeDeviceInfoMap
05-23 15:43:04.064 711 711 D HdmiControlService: Switching to full volume behavior
05-23 15:43:04.066 484 686 D xm_audio: adev_get_parameters
05-23 15:43:04.067 484 686 D xm_audio: adev_get_parameters
05-23 15:43:04.071 484 686 D xm_audio: adev_get_parameters
05-23 15:43:04.072 484 686 D xm_audio: adev_get_parameters
05-23 15:43:04.076 484 686 D xm_audio: adev_get_parameters
05-23 15:43:04.076 484 686 D xm_audio: adev_get_parameters
05-23 15:43:04.080 484 686 D xm_audio: adev_get_parameters
05-23 15:43:04.081 484 686 D xm_audio: adev_get_parameters
05-23 15:43:04.085 484 686 D xm_audio: adev_get_parameters
05-23 15:43:04.086 484 686 D xm_audio: adev_get_parameters
05-23 15:43:04.090 484 686 D xm_audio: adev_get_parameters
05-23 15:43:04.091 484 686 D xm_audio: adev_get_parameters
05-23 15:43:04.094 484 686 D xm_audio: adev_get_parameters
05-23 15:43:04.095 484 686 D xm_audio: adev_get_parameters
05-23 15:43:04.099 484 686 D xm_audio: adev_get_parameters
05-23 15:43:04.100 484 686 D xm_audio: adev_get_parameters
05-23 15:43:04.104 484 686 D xm_audio: adev_get_parameters
05-23 15:43:04.105 484 686 D xm_audio: adev_get_parameters
05-23 15:43:04.109 484 686 D xm_audio: adev_get_parameters
05-23 15:43:04.110 484 686 D xm_audio: adev_get_parameters
