05-23 15:35:39.883 711 711 D HDMI : addCecDevice new:CEC: logical_address: 0x0E device_type: 2 cec_version: 5 vendor_id: 16777215 display_name: Secondary_TV power_status: -1 physical_address: 0xFFFF port_id: -1 old:null
05-23 15:35:39.884 711 711 D HdmiControlService: Switching to full volume behavior
05-23 15:35:39.886 711 711 D HDMI : setActiveSource logical:0x04 physical:0x3000 HdmiCecLocalDeviceSource#handleSetStreamPath()
05-23 15:35:39.888 711 711 D HDMI : ActiveSourceHistoryRecord active source=(0x04, 0x3000) isActiveSource=true from=HdmiCecLocalDeviceSource#handleSetStreamPath()
05-23 15:35:39.889 711 711 D HDMI : No wakelock is used to keep the display on.
05-23 15:35:39.892 711 711 D HDMI : setActiveSource logical:0x04 physical:0x3000 ActiveSourceAction
05-23 15:35:39.894 711 711 D HDMI : ActiveSourceHistoryRecord active source=(0x04, 0x3000) isActiveSource=true from=ActiveSourceAction
05-23 15:35:39.895 711 711 D AudioService: onHdmiCecVolumeControlFeature enabled:false
05-23 15:35:39.898 711 711 D HDMI : [R]: 04:46
05-23 15:35:39.899 711 711 D HDMI : addCecDevice new:CEC: logical_address: 0x00 device_type: 0 cec_version: 5 vendor_id: 16777215 display_name: TV power_status: -1 physical_address: 0xFFFF port_id: -1 old:null
05-23 15:35:39.900 711 711 D HdmiControlService: Switching to full volume behavior
05-23 15:35:39.900 711 711 D HDMI : TV is available now for receiving its message
05-23 15:35:39.900 711 711 D AudioService: onStatusChange cecEnabled:true available:true
05-23 15:35:39.903 711 872 D AudioService: setWiredDeviceConnectionState( type:400 state:DEVICE_STATE_AVAILABLE addr: name:) from android
05-23 15:35:39.903 711 872 I AS.AudioDeviceInventory: handleDeviceConnection(true dev:400 address: name:)
05-23 15:35:39.903 711 872 I AS.AudioDeviceInventory: deviceKey:0x400:
05-23 15:35:39.903 711 872 I AS.AudioDeviceInventory: deviceInfo:null is(already)Connected:false
05-23 15:35:39.907 711 796 D CompatibilityChangeReporter: Compat change id reported: 218533173; UID 10057; state: ENABLED
05-23 15:35:39.908 711 796 D CompatibilityChangeReporter: Compat change id reported: 262645982; UID 10057; state: ENABLED
05-23 15:35:39.910 711 796 D CompatibilityChangeReporter: Compat change id reported: 218533173; UID 10015; state: ENABLED
05-23 15:35:39.911 711 796 D CompatibilityChangeReporter: Compat change id reported: 262645982; UID 10015; state: ENABLED
05-23 15:35:39.912 711 796 D CompatibilityChangeReporter: Compat change id reported: 218533173; UID 10012; state: ENABLED
05-23 15:35:39.912 711 796 D CompatibilityChangeReporter: Compat change id reported: 262645982; UID 10012; state: ENABLED
05-23 15:35:39.913 711 796 D CompatibilityChangeReporter: Compat change id reported: 218533173; UID 10005; state: ENABLED
05-23 15:35:39.914 711 796 D CompatibilityChangeReporter: Compat change id reported: 262645982; UID 10005; state: ENABLED
05-23 15:35:39.915 711 796 D CompatibilityChangeReporter: Compat change id reported: 218533173; UID 10028; state: DISABLED
05-23 15:35:39.915 711 796 D CompatibilityChangeReporter: Compat change id reported: 262645982; UID 10028; state: DISABLED
05-23 15:35:39.916 711 796 D CompatibilityChangeReporter: Compat change id reported: 218533173; UID 10043; state: DISABLED
05-23 15:35:39.917 711 796 D CompatibilityChangeReporter: Compat change id reported: 262645982; UID 10043; state: DISABLED
05-23 15:35:39.920 711 796 D CompatibilityChangeReporter: Compat change id reported: 218533173; UID 10046; state: DISABLED
05-23 15:35:39.920 711 796 D CompatibilityChangeReporter: Compat change id reported: 262645982; UID 10046; state: DISABLED
05-23 15:35:39.921 711 796 D CompatibilityChangeReporter: Compat change id reported: 218533173; UID 10076; state: DISABLED
05-23 15:35:39.922 920 920 V SystemUIBootTiming: StartServices com.android.systemui.globalactions.GlobalActionsComponent took to complete: 65ms
05-23 15:35:39.922 711 796 D CompatibilityChangeReporter: Compat change id reported: 262645982; UID 10076; state: DISABLED
05-23 15:35:39.923 920 920 V SystemUIBootTiming: StartServices com.android.systemui.keyboard.KeyboardUI took to complete: 1ms
05-23 15:35:39.923 711 796 D CompatibilityChangeReporter: Compat change id reported: 218533173; UID 10024; state: ENABLED
05-23 15:35:39.924 711 796 D CompatibilityChangeReporter: Compat change id reported: 262645982; UID 10024; state: ENABLED
05-23 15:35:39.926 711 796 D CompatibilityChangeReporter: Compat change id reported: 218533173; UID 10038; state: ENABLED
05-23 15:35:39.927 711 796 D CompatibilityChangeReporter: Compat change id reported: 262645982; UID 10038; state: ENABLED
05-23 15:35:39.929 711 796 D CompatibilityChangeReporter: Compat change id reported: 218533173; UID 10030; state: ENABLED
05-23 15:35:39.930 711 796 D CompatibilityChangeReporter: Compat change id reported: 262645982; UID 10030; state: ENABLED
05-23 15:35:39.930 920 920 V SystemUIBootTiming: StartServices com.android.systemui.keyguard.ResourceTrimmer took to complete: 8ms
05-23 15:35:39.934 711 796 D CompatibilityChangeReporter: Compat change id reported: 218533173; UID 10051; state: ENABLED
05-23 15:35:39.934 711 796 D CompatibilityChangeReporter: Compat change id reported: 262645982; UID 10051; state: ENABLED
05-23 15:35:39.936 711 796 D CompatibilityChangeReporter: Compat change id reported: 218533173; UID 10061; state: ENABLED
05-23 15:35:39.937 711 796 D CompatibilityChangeReporter: Compat change id reported: 262645982; UID 10061; state: ENABLED
05-23 15:35:39.940 711 796 D CompatibilityChangeReporter: Compat change id reported: 218533173; UID 10009; state: ENABLED
05-23 15:35:39.940 711 796 D CompatibilityChangeReporter: Compat change id reported: 262645982; UID 10009; state: ENABLED
05-23 15:35:39.942 711 796 D CompatibilityChangeReporter: Compat change id reported: 218533173; UID 10022; state: ENABLED
05-23 15:35:39.942 711 796 D CompatibilityChangeReporter: Compat change id reported: 262645982; UID 10022; state: ENABLED
05-23 15:35:39.943 711 796 D CompatibilityChangeReporter: Compat change id reported: 218533173; UID 10029; state: DISABLED
05-23 15:35:39.943 711 796 D CompatibilityChangeReporter: Compat change id reported: 262645982; UID 10029; state: DISABLED
05-23 15:35:39.944 711 796 D CompatibilityChangeReporter: Compat change id reported: 218533173; UID 10075; state: DISABLED
05-23 15:35:39.945 711 796 D CompatibilityChangeReporter: Compat change id reported: 262645982; UID 10075; state: DISABLED
05-23 15:35:39.945 711 796 D CompatibilityChangeReporter: Compat change id reported: 218533173; UID 10003; state: ENABLED
05-23 15:35:39.946 711 796 D CompatibilityChangeReporter: Compat change id reported: 262645982; UID 10003; state: ENABLED
05-23 15:35:39.950 711 796 D CompatibilityChangeReporter: Compat change id reported: 218533173; UID 10033; state: ENABLED
05-23 15:35:39.950 711 796 D CompatibilityChangeReporter: Compat change id reported: 262645982; UID 10033; state: ENABLED
05-23 15:35:39.952 711 796 D CompatibilityChangeReporter: Compat change id reported: 218533173; UID 10001; state: ENABLED
05-23 15:35:39.953 711 796 D CompatibilityChangeReporter: Compat change id reported: 262645982; UID 10001; state: ENABLED
05-23 15:35:39.954 711 796 D CompatibilityChangeReporter: Compat change id reported: 218533173; UID 10073; state: ENABLED
05-23 15:35:39.954 711 796 D CompatibilityChangeReporter: Compat change id reported: 262645982; UID 10073; state: ENABLED
05-23 15:35:39.955 711 796 D CompatibilityChangeReporter: Compat change id reported: 218533173; UID 10055; state: ENABLED
05-23 15:35:39.955 711 796 D CompatibilityChangeReporter: Compat change id reported: 262645982; UID 10055; state: ENABLED
05-23 15:35:39.956 711 1108 D CompatibilityChangeReporter: Compat change id reported: 261072174; UID 1000; state: ENABLED
05-23 15:35:39.957 711 796 D CompatibilityChangeReporter: Compat change id reported: 218533173; UID 10031; state: ENABLED
05-23 15:35:39.958 711 796 D CompatibilityChangeReporter: Compat change id reported: 262645982; UID 10031; state: ENABLED
05-23 15:35:39.958 711 796 D CompatibilityChangeReporter: Compat change id reported: 218533173; UID 10014; state: ENABLED
05-23 15:35:39.959 711 796 D CompatibilityChangeReporter: Compat change id reported: 262645982; UID 10014; state: ENABLED
05-23 15:35:39.959 711 796 D CompatibilityChangeReporter: Compat change id reported: 218533173; UID 10025; state: ENABLED
05-23 15:35:39.960 711 796 D CompatibilityChangeReporter: Compat change id reported: 262645982; UID 10025; state: ENABLED
05-23 15:35:39.961 711 796 D CompatibilityChangeReporter: Compat change id reported: 218533173; UID 10023; state: ENABLED
05-23 15:35:39.961 711 796 D CompatibilityChangeReporter: Compat change id reported: 262645982; UID 10023; state: ENABLED
05-23 15:35:39.963 711 796 D CompatibilityChangeReporter: Compat change id reported: 218533173; UID 10020; state: ENABLED
05-23 15:35:39.963 711 796 D CompatibilityChangeReporter: Compat change id reported: 262645982; UID 10020; state: ENABLED
05-23 15:35:39.964 711 796 D CompatibilityChangeReporter: Compat change id reported: 218533173; UID 10060; state: ENABLED
05-23 15:35:39.964 711 796 D CompatibilityChangeReporter: Compat change id reported: 262645982; UID 10060; state: ENABLED
05-23 15:35:39.965 711 796 D CompatibilityChangeReporter: Compat change id reported: 218533173; UID 10021; state: ENABLED
05-23 15:35:39.966 711 796 D CompatibilityChangeReporter: Compat change id reported: 262645982; UID 10021; state: ENABLED
05-23 15:35:39.968 711 711 D SystemServerTiming: ManagedServices.unbindOtherUserServices_current0
05-23 15:35:39.968 711 711 V SystemServerTiming: ManagedServices.unbindOtherUserServices_current0 took to complete: 0ms
05-23 15:35:39.969 711 711 D SystemServerTiming: ManagedServices.unbindOtherUserServices_current0
05-23 15:35:39.969 711 711 V SystemServerTiming: ManagedServices.unbindOtherUserServices_current0 took to complete: 0ms
05-23 15:35:39.970 711 796 D CompatibilityChangeReporter: Compat change id reported: 218533173; UID 10000; state: ENABLED
05-23 15:35:39.970 711 796 D CompatibilityChangeReporter: Compat change id reported: 262645982; UID 10000; state: ENABLED
05-23 15:35:39.971 711 796 D CompatibilityChangeReporter: Compat change id reported: 218533173; UID 10011; state: ENABLED
05-23 15:35:39.972 711 796 D CompatibilityChangeReporter: Compat change id reported: 262645982; UID 10011; state: ENABLED
05-23 15:35:39.973 711 796 D CompatibilityChangeReporter: Compat change id reported: 218533173; UID 10041; state: DISABLED
05-23 15:35:39.973 711 796 D CompatibilityChangeReporter: Compat change id reported: 262645982; UID 10041; state: DISABLED
05-23 15:35:39.974 711 796 D CompatibilityChangeReporter: Compat change id reported: 218533173; UID 10071; state: DISABLED
05-23 15:35:39.974 711 796 D CompatibilityChangeReporter: Compat change id reported: 262645982; UID 10071; state: DISABLED
05-23 15:35:39.975 711 796 D CompatibilityChangeReporter: Compat change id reported: 218533173; UID 10044; state: ENABLED
05-23 15:35:39.976 711 796 D CompatibilityChangeReporter: Compat change id reported: 262645982; UID 10044; state: ENABLED
05-23 15:35:39.976 711 796 D CompatibilityChangeReporter: Compat change id reported: 218533173; UID 10010; state: ENABLED
05-23 15:35:39.977 711 796 D CompatibilityChangeReporter: Compat change id reported: 262645982; UID 10010; state: ENABLED
05-23 15:35:39.978 711 796 D CompatibilityChangeReporter: Compat change id reported: 218533173; UID 10027; state: ENABLED
05-23 15:35:39.979 711 796 D CompatibilityChangeReporter: Compat change id reported: 262645982; UID 10027; state: ENABLED
05-23 15:35:39.980 711 796 D CompatibilityChangeReporter: Compat change id reported: 218533173; UID 10049; state: DISABLED
05-23 15:35:39.981 711 796 D CompatibilityChangeReporter: Compat change id reported: 262645982; UID 10049; state: DISABLED
05-23 15:35:39.982 711 796 D CompatibilityChangeReporter: Compat change id reported: 218533173; UID 10054; state: ENABLED
05-23 15:35:39.983 711 796 D CompatibilityChangeReporter: Compat change id reported: 262645982; UID 10054; state: ENABLED
05-23 15:35:39.984 711 796 D CompatibilityChangeReporter: Compat change id reported: 218533173; UID 10017; state: ENABLED
05-23 15:35:39.984 711 796 D CompatibilityChangeReporter: Compat change id reported: 262645982; UID 10017; state: ENABLED
05-23 15:35:39.985 711 796 D CompatibilityChangeReporter: Compat change id reported: 218533173; UID 10067; state: ENABLED
05-23 15:35:39.986 711 796 D CompatibilityChangeReporter: Compat change id reported: 262645982; UID 10067; state: ENABLED
05-23 15:35:39.987 711 796 D CompatibilityChangeReporter: Compat change id reported: 218533173; UID 10056; state: ENABLED
05-23 15:35:39.987 711 796 D CompatibilityChangeReporter: Compat change id reported: 262645982; UID 10056; state: ENABLED
05-23 15:35:39.988 711 796 D CompatibilityChangeReporter: Compat change id reported: 218533173; UID 10052; state: ENABLED
05-23 15:35:39.988 711 796 D CompatibilityChangeReporter: Compat change id reported: 218533173; UID 10004; state: ENABLED
05-23 15:35:39.989 711 796 D CompatibilityChangeReporter: Compat change id reported: 262645982; UID 10004; state: ENABLED
05-23 15:35:39.992 711 796 D CompatibilityChangeReporter: Compat change id reported: 218533173; UID 10065; state: ENABLED
05-23 15:35:39.992 711 796 D CompatibilityChangeReporter: Compat change id reported: 262645982; UID 10065; state: ENABLED
05-23 15:35:39.995 711 796 D CompatibilityChangeReporter: Compat change id reported: 218533173; UID 10069; state: ENABLED
05-23 15:35:39.996 711 796 D CompatibilityChangeReporter: Compat change id reported: 262645982; UID 10069; state: ENABLED
05-23 15:35:39.997 920 920 V SystemUIBootTiming: StartServices com.android.systemui.keyguard.domain.interactor.KeyguardTransitionCoreStartable took to complete: 66ms
05-23 15:35:39.998 920 920 V SystemUIBootTiming: StartServices com.android.systemui.keyguard.domain.interactor.SystemUIKeyguardFaceAuthInteractor took to complete: 1ms
05-23 15:35:39.998 711 796 D CompatibilityChangeReporter: Compat change id reported: 218533173; UID 10032; state: ENABLED
05-23 15:35:39.998 711 796 D CompatibilityChangeReporter: Compat change id reported: 262645982; UID 10032; state: DISABLED
05-23 15:35:40.000 711 796 D CompatibilityChangeReporter: Compat change id reported: 218533173; UID 10002; state: ENABLED
05-23 15:35:40.001 711 796 D CompatibilityChangeReporter: Compat change id reported: 262645982; UID 10002; state: ENABLED
05-23 15:35:40.002 711 796 D CompatibilityChangeReporter: Compat change id reported: 218533173; UID 10058; state: ENABLED
05-23 15:35:40.002 711 796 D CompatibilityChangeReporter: Compat change id reported: 262645982; UID 10058; state: ENABLED
05-23 15:35:40.003 711 796 D CompatibilityChangeReporter: Compat change id reported: 218533173; UID 10074; state: ENABLED
05-23 15:35:40.003 711 796 D CompatibilityChangeReporter: Compat change id reported: 262645982; UID 10074; state: ENABLED
05-23 15:35:40.004 711 796 D CompatibilityChangeReporter: Compat change id reported: 218533173; UID 10013; state: ENABLED
05-23 15:35:40.004 711 796 D CompatibilityChangeReporter: Compat change id reported: 262645982; UID 10013; state: ENABLED
05-23 15:35:40.005 920 920 V SystemUIBootTiming: StartServices com.android.systemui.media.RingtonePlayer took to complete: 7ms
05-23 15:35:40.006 920 920 V SystemUIBootTiming: StartServices com.android.systemui.media.systemsounds.HomeSoundEffectController took to complete: 0ms
05-23 15:35:40.014 920 920 V SystemUIBootTiming: StartServices com.android.systemui.motiontool.MotionToolStartable took to complete: 8ms
05-23 15:35:40.019 711 796 D CompatibilityChangeReporter: Compat change id reported: 265195908; UID 1068; state: ENABLED
05-23 15:35:40.022 711 711 D SystemServerTiming: ManagedServices.unbindOtherUserServices_current0
05-23 15:35:40.022 711 711 V SystemServerTiming: ManagedServices.unbindOtherUserServices_current0 took to complete: 0ms
05-23 15:35:40.023 711 711 V NotificationAssistants: enabling notification assistant for 0: ComponentInfo{android.ext.services/android.ext.services.notification.Assistant}
05-23 15:35:40.024 711 711 V NotificationAssistants: binding: Intent { act=android.service.notification.NotificationAssistantService cmp=android.ext.services/.notification.Assistant (has extras) }
05-23 15:35:40.033 711 796 D CompatibilityChangeReporter: Compat change id reported: 265195908; UID 10073; state: ENABLED
05-23 15:35:40.058 711 891 D HDMI : [S]: 40:8C
05-23 15:35:40.066 920 920 V SystemUIBootTiming: StartServices com.android.systemui.power.PowerUI took to complete: 52ms
05-23 15:35:40.080 711 1059 D HDMI : Process pid:1176 is calling addHotplugEventListener
05-23 15:35:40.130 711 1108 D CompatibilityChangeReporter: Compat change id reported: 161145287; UID 1068; state: ENABLED
05-23 15:35:40.138 920 920 V SystemUIBootTiming: StartServices com.android.systemui.privacy.television.TvPrivacyChipsController took to complete: 71ms
05-23 15:35:40.138 920 920 V SystemUIBootTiming: StartServices com.android.systemui.qs.QSFragmentStartable took to complete: 0ms
05-23 15:35:40.139 711 853 D CompatibilityChangeReporter: Compat change id reported: 161145287; UID 1000; state: DISABLED
05-23 15:35:40.141 711 853 D CompatibilityChangeReporter: Compat change id reported: 161145287; UID 1000; state: ENABLED
05-23 15:35:40.142 711 891 D HDMI : [S]: 40:47
05-23 15:35:40.204 711 1108 D CompatibilityChangeReporter: Compat change id reported: 161145287; UID 10073; state: ENABLED
05-23 15:35:40.293 1158 1158 W ActivityThread: Failed to find provider info for bluetooth_legacy.provider (user not unlocked)
05-23 15:35:40.298 920 920 V SystemUIBootTiming: StartServices com.android.systemui.qs.pipeline.domain.startable.QSPipelineCoreStartable took to complete: 161ms
05-23 15:35:40.313 920 920 V SystemUIBootTiming: StartServices com.android.systemui.scene.domain.startable.SceneContainerStartable took to complete: 15ms
05-23 15:35:40.313 920 920 V SystemUIBootTiming: StartServices com.android.systemui.settings.UserFileManagerImpl took to complete: 0ms
05-23 15:35:40.318 920 920 V SystemUIBootTiming: StartServices com.android.systemui.shortcut.ShortcutKeyDispatcher took to complete: 4ms
05-23 15:35:40.319 920 920 V SystemUIBootTiming: StartServices com.android.systemui.statusbar.notification.InstantAppNotifier took to complete: 0ms
05-23 15:35:40.329 920 920 V SystemUIBootTiming: StartServices com.android.systemui.statusbar.notification.interruption.KeyguardNotificationVisibilityProviderImpl took to complete: 10ms
05-23 15:35:40.338 920 920 V SystemUIBootTiming: StartServices com.android.systemui.statusbar.notification.logging.NotificationMemoryMonitor took to complete: 8ms
05-23 15:35:40.338 920 920 V SystemUIBootTiming: StartServices com.android.systemui.statusbar.phone.LetterboxBackgroundProvider took to complete: 0ms
05-23 15:35:40.339 920 920 V SystemUIBootTiming: StartServices com.android.systemui.statusbar.pipeline.mobile.data.repository.CarrierConfigCoreStartable took to complete: 1ms
05-23 15:35:40.358 711 1108 D CompatibilityChangeReporter: Compat change id reported: 161145287; UID 1002; state: ENABLED
05-23 15:35:40.406 711 1059 D CompatibilityChangeReporter: Compat change id reported: 182478738; UID 10052; state: ENABLED
05-23 15:35:40.421 711 891 D HDMI : [S]: 45:7D
05-23 15:35:40.424 920 920 V SystemUIBootTiming: StartServices com.android.systemui.statusbar.pipeline.mobile.ui.MobileUiAdapter took to complete: 85ms
05-23 15:35:40.429 920 920 V SystemUIBootTiming: StartServices com.android.systemui.statusbar.pipeline.wifi.data.repository.WifiRepositoryDagger took to complete: 4ms
05-23 15:35:40.433 711 1059 I StatusBarManagerService: registerStatusBar bar=com.android.internal.statusbar.IStatusBar$Stub$Proxy@e4f973b
05-23 15:35:40.435 920 920 V SystemUIBootTiming: StartServices com.android.systemui.statusbar.tv.TvStatusBar took to complete: 6ms
05-23 15:35:40.452 920 920 V SystemUIBootTiming: StartServices com.android.systemui.statusbar.tv.VpnStatusObserver took to complete: 17ms
05-23 15:35:40.453 920 920 V SystemUIBootTiming: StartServices com.android.systemui.statusbar.tv.notifications.TvNotificationHandler took to complete: 2ms
05-23 15:35:40.453 920 920 V SystemUIBootTiming: StartServices com.android.systemui.statusbar.tv.notifications.TvNotificationPanel took to complete: 0ms
05-23 15:35:40.473 920 920 V SystemUIBootTiming: StartServices com.android.systemui.theme.ThemeOverlayController took to complete: 19ms
05-23 15:35:40.474 920 920 V SystemUIBootTiming: StartServices com.android.systemui.toast.ToastUI took to complete: 2ms
05-23 15:35:40.480 711 872 I AS.AudioDeviceInventory: sendDeviceConnectionIntent(dev:0x400 state:0x1 address: name:);
05-23 15:35:40.481 920 920 V SystemUIBootTiming: StartServices com.android.systemui.usb.StorageNotification took to complete: 6ms
05-23 15:35:40.484 920 920 V SystemUIBootTiming: StartServices com.android.systemui.user.ui.dialog.UserSwitcherDialogCoordinator took to complete: 4ms
05-23 15:35:40.490 920 920 V SystemUIBootTiming: StartServices com.android.systemui.util.NotificationChannels took to complete: 5ms
05-23 15:35:40.495 711 734 W WindowManager: Keyguard drawn timeout. Setting mKeyguardDrawComplete
05-23 15:35:40.514 920 920 V SystemUIBootTiming: StartServices com.android.systemui.util.leak.GarbageMonitor took to complete: 25ms
05-23 15:35:40.535 711 891 E HDMI : [1]:Failed to send 45:7D with errorCode=1
05-23 15:35:40.568 920 920 V SystemUIBootTiming: StartServices com.android.systemui.volume.VolumeUI took to complete: 53ms
05-23 15:35:40.574 920 920 V SystemUIBootTiming: StartServices com.android.systemui.wmshell.WMShell took to complete: 7ms
05-23 15:35:40.574 920 920 V SystemUIBootTiming: StartServices com.android.systemui.VendorServices took to complete: 0ms
05-23 15:35:40.575 920 920 V SystemUIBootTiming: StartServices took to complete: 1142ms
05-23 15:35:40.654 711 1059 D CompatibilityChangeReporter: Compat change id reported: 265464455; UID 1000; state: DISABLED
05-23 15:35:40.655 711 1059 D CompatibilityChangeReporter: Compat change id reported: 265452344; UID 1000; state: DISABLED
05-23 15:35:40.655 711 1059 D CompatibilityChangeReporter: Compat change id reported: 266124927; UID 1000; state: DISABLED
05-23 15:35:40.656 711 1059 D CompatibilityChangeReporter: Compat change id reported: 265451093; UID 1000; state: DISABLED
05-23 15:35:40.656 711 1059 D CompatibilityChangeReporter: Compat change id reported: 265456536; UID 1000; state: DISABLED
05-23 15:35:40.657 711 1059 D CompatibilityChangeReporter: Compat change id reported: 255940284; UID 1000; state: DISABLED
05-23 15:35:40.657 711 1059 D CompatibilityChangeReporter: Compat change id reported: 236283604; UID 1000; state: DISABLED
05-23 15:35:40.658 711 1059 D CompatibilityChangeReporter: Compat change id reported: 263959004; UID 1000; state: DISABLED
05-23 15:35:40.658 711 1059 D CompatibilityChangeReporter: Compat change id reported: 264304459; UID 1000; state: DISABLED
05-23 15:35:40.658 711 1059 D CompatibilityChangeReporter: Compat change id reported: 264301586; UID 1000; state: DISABLED
05-23 15:35:40.659 711 1059 D CompatibilityChangeReporter: Compat change id reported: 254631730; UID 1000; state: DISABLED
05-23 15:35:40.659 711 1059 D CompatibilityChangeReporter: Compat change id reported: 273509367; UID 1000; state: DISABLED
05-23 15:35:40.660 711 1059 D CompatibilityChangeReporter: Compat change id reported: 263259275; UID 1000; state: DISABLED
05-23 15:35:40.660 711 1059 D CompatibilityChangeReporter: Compat change id reported: 174042980; UID 1000; state: DISABLED
05-23 15:35:40.660 711 1059 D CompatibilityChangeReporter: Compat change id reported: 174042936; UID 1000; state: DISABLED
05-23 15:35:40.660 711 1059 D CompatibilityChangeReporter: Compat change id reported: 181136395; UID 1000; state: DISABLED
05-23 15:35:40.715 711 1059 D CompatibilityChangeReporter: Compat change id reported: 194480991; UID 1000; state: ENABLED
05-23 15:35:40.725 711 1059 D CompatibilityChangeReporter: Compat change id reported: 197654537; UID 1000; state: ENABLED
05-23 15:35:40.729 711 1059 I ActivityTaskManager: START u0 {act=android.intent.action.MAIN cat=[android.intent.category.HOME] flg=0x10000100 cmp=com.android.tv.settings/.system.FallbackHome (has extras)} with LAUNCH_MULTIPLE from uid 0 (BAL_ALLOW_ALLOWLISTED_UID) result code=0
05-23 15:35:40.735 711 736 I ActivityManager: com.android.tv.settings is exempt from freezer
05-23 15:35:40.736 711 736 D CompatibilityChangeReporter: Compat change id reported: 135634846; UID 1000; state: DISABLED
05-23 15:35:40.753 711 745 I ActivityManager: Start proc 1341:com.android.tv.settings/1000 for top-activity {com.android.tv.settings/com.android.tv.settings.system.FallbackHome}
05-23 15:35:40.761 711 1108 D SystemServerTiming: getUserSwitchability-0
05-23 15:35:40.761 711 1108 D SystemServerTiming: TM.isInCall
05-23 15:35:40.762 711 1108 V SystemServerTiming: TM.isInCall took to complete: 1ms
05-23 15:35:40.762 711 1108 D SystemServerTiming: hasUserRestriction-DISALLOW_USER_SWITCH
05-23 15:35:40.762 711 1108 V SystemServerTiming: hasUserRestriction-DISALLOW_USER_SWITCH took to complete: 0ms
05-23 15:35:40.762 711 1108 D SystemServerTiming: getInt-ALLOW_USER_SWITCHING_WHEN_SYSTEM_USER_LOCKED
05-23 15:35:40.762 711 1108 V SystemServerTiming: getInt-ALLOW_USER_SWITCHING_WHEN_SYSTEM_USER_LOCKED took to complete: 0ms
05-23 15:35:40.762 711 1108 D SystemServerTiming: isUserUnlocked-USER_SYSTEM
05-23 15:35:40.762 711 1108 V SystemServerTiming: isUserUnlocked-USER_SYSTEM took to complete: 0ms
05-23 15:35:40.762 711 1108 V SystemServerTiming: getUserSwitchability-0 took to complete: 1ms
05-23 15:35:40.770 711 1108 D SystemServerTiming: getUserSwitchability-0
05-23 15:35:40.770 711 1108 D SystemServerTiming: TM.isInCall
05-23 15:35:40.771 711 1108 V SystemServerTiming: TM.isInCall took to complete: 0ms
05-23 15:35:40.771 711 1108 D SystemServerTiming: hasUserRestriction-DISALLOW_USER_SWITCH
05-23 15:35:40.771 711 1108 V SystemServerTiming: hasUserRestriction-DISALLOW_USER_SWITCH took to complete: 0ms
05-23 15:35:40.771 711 1108 D SystemServerTiming: getInt-ALLOW_USER_SWITCHING_WHEN_SYSTEM_USER_LOCKED
05-23 15:35:40.771 711 1108 V SystemServerTiming: getInt-ALLOW_USER_SWITCHING_WHEN_SYSTEM_USER_LOCKED took to complete: 0ms
05-23 15:35:40.771 711 1108 D SystemServerTiming: isUserUnlocked-USER_SYSTEM
05-23 15:35:40.771 711 1108 V SystemServerTiming: isUserUnlocked-USER_SYSTEM took to complete: 0ms
05-23 15:35:40.771 711 1108 V SystemServerTiming: getUserSwitchability-0 took to complete: 0ms
05-23 15:35:40.772 711 1108 D SystemServerTiming: getUserSwitchability-0
05-23 15:35:40.772 711 1108 D SystemServerTiming: TM.isInCall
05-23 15:35:40.773 711 1108 V SystemServerTiming: TM.isInCall took to complete: 0ms
05-23 15:35:40.773 711 1108 D SystemServerTiming: hasUserRestriction-DISALLOW_USER_SWITCH
05-23 15:35:40.773 711 1108 V SystemServerTiming: hasUserRestriction-DISALLOW_USER_SWITCH took to complete: 0ms
05-23 15:35:40.773 711 1108 D SystemServerTiming: getInt-ALLOW_USER_SWITCHING_WHEN_SYSTEM_USER_LOCKED
05-23 15:35:40.773 711 1108 V SystemServerTiming: getInt-ALLOW_USER_SWITCHING_WHEN_SYSTEM_USER_LOCKED took to complete: 1ms
05-23 15:35:40.773 711 1108 D SystemServerTiming: isUserUnlocked-USER_SYSTEM
05-23 15:35:40.773 711 1108 V SystemServerTiming: isUserUnlocked-USER_SYSTEM took to complete: 0ms
05-23 15:35:40.773 711 1108 V SystemServerTiming: getUserSwitchability-0 took to complete: 1ms
05-23 15:35:40.779 711 1108 D SystemServerTiming: getUserSwitchability-0
05-23 15:35:40.779 711 1108 D SystemServerTiming: TM.isInCall
05-23 15:35:40.780 711 1108 V SystemServerTiming: TM.isInCall took to complete: 0ms
05-23 15:35:40.780 711 1108 D SystemServerTiming: hasUserRestriction-DISALLOW_USER_SWITCH
05-23 15:35:40.780 711 1108 V SystemServerTiming: hasUserRestriction-DISALLOW_USER_SWITCH took to complete: 0ms
05-23 15:35:40.780 711 1108 D SystemServerTiming: getInt-ALLOW_USER_SWITCHING_WHEN_SYSTEM_USER_LOCKED
05-23 15:35:40.780 711 1108 V SystemServerTiming: getInt-ALLOW_USER_SWITCHING_WHEN_SYSTEM_USER_LOCKED took to complete: 0ms
05-23 15:35:40.780 711 1108 D SystemServerTiming: isUserUnlocked-USER_SYSTEM
05-23 15:35:40.780 711 1108 V SystemServerTiming: isUserUnlocked-USER_SYSTEM took to complete: 0ms
05-23 15:35:40.780 711 1108 V SystemServerTiming: getUserSwitchability-0 took to complete: 1ms
05-23 15:35:40.782 711 1108 D SystemServerTiming: getUserSwitchability-0
05-23 15:35:40.782 711 1108 D SystemServerTiming: TM.isInCall
05-23 15:35:40.782 711 1108 V SystemServerTiming: TM.isInCall took to complete: 1ms
05-23 15:35:40.782 711 1108 D SystemServerTiming: hasUserRestriction-DISALLOW_USER_SWITCH
05-23 15:35:40.782 711 1108 V SystemServerTiming: hasUserRestriction-DISALLOW_USER_SWITCH took to complete: 0ms
05-23 15:35:40.782 711 1108 D SystemServerTiming: getInt-ALLOW_USER_SWITCHING_WHEN_SYSTEM_USER_LOCKED
05-23 15:35:40.782 711 1108 V SystemServerTiming: getInt-ALLOW_USER_SWITCHING_WHEN_SYSTEM_USER_LOCKED took to complete: 0ms
05-23 15:35:40.782 711 1108 D SystemServerTiming: isUserUnlocked-USER_SYSTEM
05-23 15:35:40.782 711 1108 V SystemServerTiming: isUserUnlocked-USER_SYSTEM took to complete: 0ms
05-23 15:35:40.782 711 1108 V SystemServerTiming: getUserSwitchability-0 took to complete: 1ms
05-23 15:35:40.788 711 1108 D CompatibilityChangeReporter: Compat change id reported: 168419799; UID 1000; state: DISABLED
05-23 15:35:40.789 711 1108 D CompatibilityChangeReporter: Compat change id reported: 273564678; UID 1000; state: DISABLED
05-23 15:35:40.886 711 891 W HDMI : [1]:Failed to send a polling message(4->14) with return code 3
05-23 15:35:40.886 711 891 D HDMI : [S]: 40:8F
05-23 15:35:40.956 711 1112 V WindowManager: app ------------- force_land :0
05-23 15:35:40.956 711 1112 V WindowManager: app ------------- force_land :0
05-23 15:35:40.971 711 891 D HDMI : [S]: 4F:82:30:00
05-23 15:35:41.047 711 1112 W WindowManager: [addWindow] title:com.android.tv.settings/com.android.tv.settings.system.FallbackHome
05-23 15:35:41.060 711 1112 D CoreBackPreview: Window{32c206f u0 com.android.tv.settings/com.android.tv.settings.system.FallbackHome}: Setting back callback OnBackInvokedCallbackInfo{mCallback=android.window.IOnBackInvokedCallback$Stub$Proxy@b62a05, mPriority=0, mIsAnimationCallback=false}
05-23 15:35:41.160 711 733 V WindowManager: Sent Transition #0 createdAt=05-23 15:35:38.385
05-23 15:35:41.160 711 733 V WindowManager: startWCT=WindowContainerTransaction { changes = {} hops = [] errorCallbackToken=null taskFragmentOrganizer=null }
05-23 15:35:41.160 711 733 V WindowManager: info=null
05-23 15:35:41.161 711 733 V WindowManager: Finish Transition #0: created at
05-23 15:35:38.385 collect-started=1.274ms request-sent=1.328ms started=14.645ms ready=2574.419ms sent=2768.084ms finished=2775.395ms
05-23 15:35:41.165 711 734 W ContextImpl: Calling a method in the system process without a qualified user: android.app.ContextImpl.startService:1899 com.android.server.wm.DisplayPolicy.lambda$focusChangedLw$5:2126 com.android.server.wm.DisplayPolicy.$r8$lambda$Znxk63oh-WzVnzo_WQefN7uxV48:0 com.android.server.wm.DisplayPolicy$$ExternalSyntheticLambda13.run:0 android.os.Handler.handleCallback:958
05-23 15:35:41.165 711 734 W ActivityManager: Unable to start service Intent { cmp=com.oranth.ledstatus/.LedStatusService } U=0: not found
05-23 15:35:41.166 711 736 D ActivityManagerTiming: FinishBooting
05-23 15:35:41.168 711 736 D WindowManager: updateCecScreenStatus 0
05-23 15:35:41.168 711 736 D HDMI : setCecSettingIntValue name:cec_screen_state, value:0
05-23 15:35:41.180 711 891 D HDMI : [S]: 4E:8E:00
05-23 15:35:41.328 711 736 D ActivityManagerTiming: FinishBooting
05-23 15:35:41.332 711 736 I ActivityManager: About to commit checkpoint
05-23 15:35:41.333 711 736 I SystemServiceManager: Starting phase 1000
05-23 15:35:41.333 711 736 D ActivityManagerTiming: OnBootPhase_1000
05-23 15:35:41.333 711 736 D ActivityManagerTiming: OnBootPhase_1000_com.android.server.security.FileIntegrityService
05-23 15:35:41.333 711 736 V ActivityManagerTiming: OnBootPhase_1000_com.android.server.security.FileIntegrityService took to complete: 0ms
05-23 15:35:41.333 711 736 D ActivityManagerTiming: OnBootPhase_1000_com.android.server.pm.Installer
05-23 15:35:41.333 711 736 V ActivityManagerTiming: OnBootPhase_1000_com.android.server.pm.Installer took to complete: 0ms
05-23 15:35:41.333 711 736 D ActivityManagerTiming: OnBootPhase_1000_com.android.server.os.DeviceIdentifiersPolicyService
05-23 15:35:41.333 711 736 V ActivityManagerTiming: OnBootPhase_1000_com.android.server.os.DeviceIdentifiersPolicyService took to complete: 0ms
05-23 15:35:41.333 711 736 D ActivityManagerTiming: OnBootPhase_1000_com.android.server.flags.FeatureFlagsService
05-23 15:35:41.333 711 736 V ActivityManagerTiming: OnBootPhase_1000_com.android.server.flags.FeatureFlagsService took to complete: 0ms
05-23 15:35:41.333 711 736 D ActivityManagerTiming: OnBootPhase_1000_com.android.server.uri.UriGrantsManagerService$Lifecycle
05-23 15:35:41.333 711 736 V ActivityManagerTiming: OnBootPhase_1000_com.android.server.uri.UriGrantsManagerService$Lifecycle took to complete: 0ms
05-23 15:35:41.333 711 736 D ActivityManagerTiming: OnBootPhase_1000_com.android.server.powerstats.PowerStatsService
05-23 15:35:41.333 711 736 E PowerStatsService: Failed to start PowerStatsService loggers
05-23 15:35:41.333 711 736 V ActivityManagerTiming: OnBootPhase_1000_com.android.server.powerstats.PowerStatsService took to complete: 0ms
05-23 15:35:41.333 711 736 D ActivityManagerTiming: OnBootPhase_1000_com.android.server.permission.access.AccessCheckingService
05-23 15:35:41.334 711 736 V ActivityManagerTiming: OnBootPhase_1000_com.android.server.permission.access.AccessCheckingService took to complete: 0ms
05-23 15:35:41.334 711 736 D ActivityManagerTiming: OnBootPhase_1000_com.android.server.wm.ActivityTaskManagerService$Lifecycle
05-23 15:35:41.334 711 736 V ActivityManagerTiming: OnBootPhase_1000_com.android.server.wm.ActivityTaskManagerService$Lifecycle took to complete: 0ms
05-23 15:35:41.334 711 736 D ActivityManagerTiming: OnBootPhase_1000_com.android.server.am.ActivityManagerService$Lifecycle
05-23 15:35:41.334 711 736 V ActivityManagerTiming: OnBootPhase_1000_com.android.server.am.ActivityManagerService$Lifecycle took to complete: 0ms
05-23 15:35:41.334 711 736 D ActivityManagerTiming: OnBootPhase_1000_com.android.server.pm.DataLoaderManagerService
05-23 15:35:41.334 711 736 V ActivityManagerTiming: OnBootPhase_1000_com.android.server.pm.DataLoaderManagerService took to complete: 0ms
05-23 15:35:41.334 711 736 D ActivityManagerTiming: OnBootPhase_1000_com.android.server.power.PowerManagerService
05-23 15:35:41.335 711 761 I DisplayBrightnessStrategySelector: Changing the DisplayBrightnessStrategy from OverrideBrightnessStrategy toInvalidBrightnessStrategy for display 0
05-23 15:35:41.335 711 761 V DisplayPowerController2[0]: Brightness [0.39763778] reason changing to: 'manual', previous reason: 'override'.
05-23 15:35:41.335 711 736 V ActivityManagerTiming: OnBootPhase_1000_com.android.server.power.PowerManagerService took to complete: 2ms
05-23 15:35:41.335 711 736 D ActivityManagerTiming: OnBootPhase_1000_com.android.server.power.ThermalManagerService
05-23 15:35:41.335 711 736 V ActivityManagerTiming: OnBootPhase_1000_com.android.server.power.ThermalManagerService took to complete: 0ms
05-23 15:35:41.335 711 736 D ActivityManagerTiming: OnBootPhase_1000_com.android.server.power.hint.HintManagerService
05-23 15:35:41.336 711 761 I DisplayPowerController2[0]: BrightnessEvent: disp=0, physDisp=local:4616277992360486155, brt=0.39763778, initBrt=0.39763778, rcmdBrt=NaN, preBrt=NaN, lux=0.0, preLux=0.0, hbmMax=1.0, hbmMode=off, rbcStrength=0, thrmMax=1.0, powerFactor=1.0, wasShortTermModelActive=false, flags=, reason=manual, autoBrightness=false, strategy=InvalidBrightnessStrategy
05-23 15:35:41.336 711 736 V ActivityManagerTiming: OnBootPhase_1000_com.android.server.power.hint.HintManagerService took to complete: 0ms
05-23 15:35:41.336 711 736 D ActivityManagerTiming: OnBootPhase_1000_com.android.server.recoverysystem.RecoverySystemService$Lifecycle
05-23 15:35:41.336 711 736 V ActivityManagerTiming: OnBootPhase_1000_com.android.server.recoverysystem.RecoverySystemService$Lifecycle took to complete: 0ms
05-23 15:35:41.336 711 736 D ActivityManagerTiming: OnBootPhase_1000_com.android.server.lights.LightsService
05-23 15:35:41.336 711 736 V ActivityManagerTiming: OnBootPhase_1000_com.android.server.lights.LightsService took to complete: 0ms
05-23 15:35:41.336 711 736 D ActivityManagerTiming: OnBootPhase_1000_com.android.server.display.DisplayManagerService
05-23 15:35:41.337 711 736 I LogicalDisplayMapper: Requesting Transition to state: 0, from state=-1, interactive=true, mBootCompleted=true
05-23 15:35:41.337 711 736 I LogicalDisplayMapper: Applying layout: [{dispId: 0(ON), displayGroupName: , addr: {port=11, model=0x401050603f19a5}, mThermalBrightnessThrottlingMapId: null, mRefreshRateZoneId: null, mLeadDisplayId: -1, mLeadDisplayAddress: null, mThermalRefreshRateThrottlingMapId: null}], Previous layout: [{dispId: 0(ON), displayGroupName: , addr: {port=11, model=0x401050603f19a5}, mThermalBrightnessThrottlingMapId: null, mRefreshRateZoneId: null, mLeadDisplayId: -1, mLeadDisplayAddress: null, mThermalRefreshRateThrottlingMapId: null}]
05-23 15:35:41.337 711 736 V ActivityManagerTiming: OnBootPhase_1000_com.android.server.display.DisplayManagerService took to complete: 0ms
05-23 15:35:41.337 711 736 D ActivityManagerTiming: OnBootPhase_1000_com.android.server.pm.verify.domain.DomainVerificationService
05-23 15:35:41.337 711 736 V ActivityManagerTiming: OnBootPhase_1000_com.android.server.pm.verify.domain.DomainVerificationService took to complete: 0ms
05-23 15:35:41.337 711 736 D ActivityManagerTiming: OnBootPhase_1000_com.android.server.pm.PackageInstallerService$Lifecycle
05-23 15:35:41.337 711 736 V ActivityManagerTiming: OnBootPhase_1000_com.android.server.pm.PackageInstallerService$Lifecycle took to complete: 0ms
05-23 15:35:41.337 711 736 D ActivityManagerTiming: OnBootPhase_1000_com.android.server.pm.UserManagerService$LifeCycle
05-23 15:35:41.337 711 736 V ActivityManagerTiming: OnBootPhase_1000_com.android.server.pm.UserManagerService$LifeCycle took to complete: 0ms
05-23 15:35:41.337 711 736 D ActivityManagerTiming: OnBootPhase_1000_com.android.server.om.OverlayManagerService
05-23 15:35:41.337 711 736 V ActivityManagerTiming: OnBootPhase_1000_com.android.server.om.OverlayManagerService took to complete: 0ms
05-23 15:35:41.337 711 736 D ActivityManagerTiming: OnBootPhase_1000_com.android.server.resources.ResourcesManagerService
05-23 15:35:41.337 711 736 V ActivityManagerTiming: OnBootPhase_1000_com.android.server.resources.ResourcesManagerService took to complete: 0ms
05-23 15:35:41.337 711 736 D ActivityManagerTiming: OnBootPhase_1000_com.android.server.sensorprivacy.SensorPrivacyService
05-23 15:35:41.338 711 736 V ActivityManagerTiming: OnBootPhase_1000_com.android.server.sensorprivacy.SensorPrivacyService took to complete: 0ms
05-23 15:35:41.338 711 736 D ActivityManagerTiming: OnBootPhase_1000_com.android.server.sensors.SensorService
05-23 15:35:41.338 711 736 V ActivityManagerTiming: OnBootPhase_1000_com.android.server.sensors.SensorService took to complete: 0ms
05-23 15:35:41.338 711 736 D ActivityManagerTiming: OnBootPhase_1000_com.android.server.SystemConfigService
05-23 15:35:41.338 711 736 V ActivityManagerTiming: OnBootPhase_1000_com.android.server.SystemConfigService took to complete: 0ms
05-23 15:35:41.338 711 736 D ActivityManagerTiming: OnBootPhase_1000_com.android.server.BatteryService
05-23 15:35:41.338 711 736 V ActivityManagerTiming: OnBootPhase_1000_com.android.server.BatteryService took to complete: 0ms
05-23 15:35:41.338 711 736 D ActivityManagerTiming: OnBootPhase_1000_com.android.server.usage.UsageStatsService
05-23 15:35:41.338 711 736 V ActivityManagerTiming: OnBootPhase_1000_com.android.server.usage.UsageStatsService took to complete: 1ms
05-23 15:35:41.338 711 736 D ActivityManagerTiming: OnBootPhase_1000_com.android.server.webkit.WebViewUpdateService
05-23 15:35:41.338 711 736 V ActivityManagerTiming: OnBootPhase_1000_com.android.server.webkit.WebViewUpdateService took to complete: 0ms
05-23 15:35:41.338 711 736 D ActivityManagerTiming: OnBootPhase_1000_com.android.server.CachedDeviceStateService
05-23 15:35:41.338 711 736 V ActivityManagerTiming: OnBootPhase_1000_com.android.server.CachedDeviceStateService took to complete: 0ms
05-23 15:35:41.338 711 736 D ActivityManagerTiming: OnBootPhase_1000_com.android.server.BinderCallsStatsService$LifeCycle
05-23 15:35:41.338 711 736 V ActivityManagerTiming: OnBootPhase_1000_com.android.server.BinderCallsStatsService$LifeCycle took to complete: 0ms
05-23 15:35:41.338 711 736 D ActivityManagerTiming: OnBootPhase_1000_com.android.server.LooperStatsService$Lifecycle
05-23 15:35:41.338 711 736 V ActivityManagerTiming: OnBootPhase_1000_com.android.server.LooperStatsService$Lifecycle took to complete: 0ms
05-23 15:35:41.338 711 736 D ActivityManagerTiming: OnBootPhase_1000_com.android.server.rollback.RollbackManagerService
05-23 15:35:41.339 711 736 V ActivityManagerTiming: OnBootPhase_1000_com.android.server.rollback.RollbackManagerService took to complete: 1ms
05-23 15:35:41.339 711 736 D ActivityManagerTiming: OnBootPhase_1000_com.android.server.os.NativeTombstoneManagerService
05-23 15:35:41.339 711 736 V ActivityManagerTiming: OnBootPhase_1000_com.android.server.os.NativeTombstoneManagerService took to complete: 0ms
05-23 15:35:41.339 711 736 D ActivityManagerTiming: OnBootPhase_1000_com.android.server.os.BugreportManagerService
05-23 15:35:41.339 711 736 V ActivityManagerTiming: OnBootPhase_1000_com.android.server.os.BugreportManagerService took to complete: 0ms
05-23 15:35:41.339 711 736 D ActivityManagerTiming: OnBootPhase_1000_com.android.server.gpu.GpuService
05-23 15:35:41.339 711 736 V ActivityManagerTiming: OnBootPhase_1000_com.android.server.gpu.GpuService took to complete: 0ms
05-23 15:35:41.339 711 736 D ActivityManagerTiming: OnBootPhase_1000_com.android.server.security.rkp.RemoteProvisioningService
05-23 15:35:41.339 711 736 V ActivityManagerTiming: OnBootPhase_1000_com.android.server.security.rkp.RemoteProvisioningService took to complete: 0ms
05-23 15:35:41.339 711 736 D ActivityManagerTiming: OnBootPhase_1000_com.android.server.cpu.CpuMonitorService
05-23 15:35:41.339 711 736 V ActivityManagerTiming: OnBootPhase_1000_com.android.server.cpu.CpuMonitorService took to complete: 0ms
05-23 15:35:41.339 711 736 D ActivityManagerTiming: OnBootPhase_1000_com.android.server.security.KeyChainSystemService
05-23 15:35:41.339 711 736 V ActivityManagerTiming: OnBootPhase_1000_com.android.server.security.KeyChainSystemService took to complete: 0ms
05-23 15:35:41.339 711 736 D ActivityManagerTiming: OnBootPhase_1000_com.android.server.BinaryTransparencyService
05-23 15:35:41.340 711 804 D RollbackManager: mRollbackLifetimeDurationInMillis=1209600000
05-23 15:35:41.341 711 736 I TransparencyService: Boot completed. Getting VBMeta Digest.
05-23 15:35:41.342 711 736 D TransparencyService: VBMeta Digest: 632007de6618cb3e9c5039a75bc965f1115749af4c88055734647ac8f3688f7c
05-23 15:35:41.342 711 736 I TransparencyService: Boot completed. Collecting biometric system properties.
05-23 15:35:41.343 711 736 I TransparencyService: Scheduling measurements to be taken.
05-23 15:35:41.343 711 736 I TransparencyService: Scheduling binary content-digest computation job
05-23 15:35:41.344 711 736 D CompatibilityChangeReporter: Compat change id reported: 253665015; UID 1000; state: DISABLED
05-23 15:35:41.344 711 736 D CompatibilityChangeReporter: Compat change id reported: 253665015; UID 1000; state: ENABLED
05-23 15:35:41.346 711 736 D CompatibilityChangeReporter: Compat change id reported: 194532703; UID 1000; state: ENABLED
05-23 15:35:41.347 711 736 D CompatibilityChangeReporter: Compat change id reported: 194532703; UID 1000; state: DISABLED
05-23 15:35:41.350 711 736 D TransparencyService: Job 1740526926 to measure binaries was scheduled successfully.
05-23 15:35:41.350 711 736 D TransparencyService: Registering APK & Non-Staged APEX updates...
05-23 15:35:41.350 711 796 D AppStandbyController: Loaded headless system app cache in 3 ms: appIdleEnabled=true
05-23 15:35:41.350 711 736 D TransparencyService: Registering APEX updates...
05-23 15:35:41.352 711 736 V ActivityManagerTiming: OnBootPhase_1000_com.android.server.BinaryTransparencyService took to complete: 12ms
05-23 15:35:41.352 711 736 D ActivityManagerTiming: OnBootPhase_1000_com.android.server.accounts.AccountManagerService$Lifecycle
05-23 15:35:41.352 711 736 V ActivityManagerTiming: OnBootPhase_1000_com.android.server.accounts.AccountManagerService$Lifecycle took to complete: 0ms
05-23 15:35:41.352 711 736 D ActivityManagerTiming: OnBootPhase_1000_com.android.server.content.ContentService$Lifecycle
05-23 15:35:41.352 711 736 V ActivityManagerTiming: OnBootPhase_1000_com.android.server.content.ContentService$Lifecycle took to complete: 1ms
05-23 15:35:41.352 711 736 D ActivityManagerTiming: OnBootPhase_1000_com.android.server.deviceconfig.DeviceConfigInit$Lifecycle
05-23 15:35:41.352 711 736 V ActivityManagerTiming: OnBootPhase_1000_com.android.server.deviceconfig.DeviceConfigInit$Lifecycle took to complete: 0ms
05-23 15:35:41.352 711 736 D ActivityManagerTiming: OnBootPhase_1000_com.android.server.DropBoxManagerService
05-23 15:35:41.352 711 736 V ActivityManagerTiming: OnBootPhase_1000_com.android.server.DropBoxManagerService took to complete: 0ms
05-23 15:35:41.352 711 736 D ActivityManagerTiming: OnBootPhase_1000_com.android.role.RoleService
05-23 15:35:41.352 711 736 V ActivityManagerTiming: OnBootPhase_1000_com.android.role.RoleService took to complete: 0ms
05-23 15:35:41.352 711 736 D ActivityManagerTiming: OnBootPhase_1000_com.android.server.vibrator.VibratorManagerService$Lifecycle
05-23 15:35:41.352 711 736 V ActivityManagerTiming: OnBootPhase_1000_com.android.server.vibrator.VibratorManagerService$Lifecycle took to complete: 0ms
05-23 15:35:41.352 711 736 D ActivityManagerTiming: OnBootPhase_1000_com.android.server.tare.InternalResourceService
05-23 15:35:41.352 711 736 V ActivityManagerTiming: OnBootPhase_1000_com.android.server.tare.InternalResourceService took to complete: 0ms
05-23 15:35:41.352 711 736 D ActivityManagerTiming: OnBootPhase_1000_com.android.server.alarm.AlarmManagerService
05-23 15:35:41.352 711 736 V ActivityManagerTiming: OnBootPhase_1000_com.android.server.alarm.AlarmManagerService took to complete: 0ms
05-23 15:35:41.352 711 736 D ActivityManagerTiming: OnBootPhase_1000_com.android.server.devicestate.DeviceStateManagerService
05-23 15:35:41.352 711 736 V ActivityManagerTiming: OnBootPhase_1000_com.android.server.devicestate.DeviceStateManagerService took to complete: 0ms
05-23 15:35:41.352 711 736 D ActivityManagerTiming: OnBootPhase_1000_com.android.server.camera.CameraServiceProxy
05-23 15:35:41.354 711 736 V ActivityManagerTiming: OnBootPhase_1000_com.android.server.camera.CameraServiceProxy took to complete: 2ms
05-23 15:35:41.354 711 736 D ActivityManagerTiming: OnBootPhase_1000_com.android.server.bluetooth.BluetoothService
05-23 15:35:41.354 711 736 V ActivityManagerTiming: OnBootPhase_1000_com.android.server.bluetooth.BluetoothService took to complete: 0ms
05-23 15:35:41.354 711 736 D ActivityManagerTiming: OnBootPhase_1000_com.android.server.connectivity.IpConnectivityMetrics
05-23 15:35:41.354 711 736 V ActivityManagerTiming: OnBootPhase_1000_com.android.server.connectivity.IpConnectivityMetrics took to complete: 0ms
05-23 15:35:41.354 711 736 D ActivityManagerTiming: OnBootPhase_1000_com.android.server.net.watchlist.NetworkWatchlistService$Lifecycle
05-23 15:35:41.354 711 736 V ActivityManagerTiming: OnBootPhase_1000_com.android.server.net.watchlist.NetworkWatchlistService$Lifecycle took to complete: 0ms
05-23 15:35:41.355 711 736 D ActivityManagerTiming: OnBootPhase_1000_com.android.server.PinnerService
05-23 15:35:41.355 711 736 V ActivityManagerTiming: OnBootPhase_1000_com.android.server.PinnerService took to complete: 0ms
05-23 15:35:41.355 711 736 D ActivityManagerTiming: OnBootPhase_1000_com.android.server.integrity.AppIntegrityManagerService
05-23 15:35:41.355 711 736 V ActivityManagerTiming: OnBootPhase_1000_com.android.server.integrity.AppIntegrityManagerService took to complete: 0ms
05-23 15:35:41.355 711 736 D ActivityManagerTiming: OnBootPhase_1000_com.android.server.logcat.LogcatManagerService
05-23 15:35:41.355 711 736 V ActivityManagerTiming: OnBootPhase_1000_com.android.server.logcat.LogcatManagerService took to complete: 0ms
05-23 15:35:41.355 711 736 D ActivityManagerTiming: OnBootPhase_1000_com.android.server.inputmethod.InputMethodManagerService$Lifecycle
05-23 15:35:41.355 711 736 V ActivityManagerTiming: OnBootPhase_1000_com.android.server.inputmethod.InputMethodManagerService$Lifecycle took to complete: 0ms
05-23 15:35:41.355 711 736 D ActivityManagerTiming: OnBootPhase_1000_com.android.server.accessibility.AccessibilityManagerService$Lifecycle
05-23 15:35:41.355 711 736 V ActivityManagerTiming: OnBootPhase_1000_com.android.server.accessibility.AccessibilityManagerService$Lifecycle took to complete: 0ms
05-23 15:35:41.355 711 736 D ActivityManagerTiming: OnBootPhase_1000_com.android.server.StorageManagerService$Lifecycle
05-23 15:35:41.355 711 736 V ActivityManagerTiming: OnBootPhase_1000_com.android.server.StorageManagerService$Lifecycle took to complete: 0ms
