10-16 09:47:25.051 I/DefaultIMS( 3205): onKeyDown: keyoCode=21
10-16 09:47:25.053 I/TvSpecialKeyEventInterceptor( 3205): onKeyDown repeat: 0 onKeyDownConsume: false
10-16 09:47:25.053 I/KeyboardViewPresenter( 3205): getNextKey Key_5
10-16 09:47:25.160 D/TvWindowManager( 522): key event key = KEYCODE_DPAD_LEFT down = false
10-16 09:47:25.161 W/IorapForwardingService( 522): No service published for: iorapd
10-16 09:47:25.164 I/SogouIME( 3205): onKeyUp: keyoCode=21
10-16 09:47:25.165 I/DefaultIMS( 3205): onKeyUp: keyoCode=21
10-16 09:47:25.167 I/TvSpecialKeyEventInterceptor( 3205): onKeyUp: onKeyDownConsume false onKeyUpConsume: false repeat: 0
10-16 09:47:25.351 D/hq ( 1777): NetWorkStateReceiver:::检查网络,并且持续更新 isConnect=false
10-16 09:47:26.048 D/TvWindowManager( 522): key event key = KEYCODE_DPAD_LEFT down = true
10-16 09:47:26.049 D/GpioService( 522): mFlickerEnable = true
10-16 09:47:26.051 I/SogouIME( 3205): onKeyDown: keyoCode=21
10-16 09:47:26.051 I/DefaultIMS( 3205): onKeyDown: keyoCode=21
10-16 09:47:26.053 I/TvSpecialKeyEventInterceptor( 3205): onKeyDown repeat: 0 onKeyDownConsume: false
10-16 09:47:26.053 I/KeyboardViewPresenter( 3205): getNextKey Key_4
10-16 09:47:26.163 W/IorapForwardingService( 522): No service published for: iorapd
10-16 09:47:26.200 D/TvWindowManager( 522): key event key = KEYCODE_DPAD_LEFT down = false
10-16 09:47:26.203 I/SogouIME( 3205): onKeyUp: keyoCode=21
10-16 09:47:26.203 I/DefaultIMS( 3205): onKeyUp: keyoCode=21
10-16 09:47:26.204 I/TvSpecialKeyEventInterceptor( 3205): onKeyUp: onKeyDownConsume false onKeyUpConsume: false repeat: 0
10-16 09:47:26.352 D/TvWindowManager( 522): key event key = KEYCODE_DPAD_UP down = true
10-16 09:47:26.353 D/GpioService( 522): mFlickerEnable = true
10-16 09:47:26.355 I/SogouIME( 3205): onKeyDown: keyoCode=19
10-16 09:47:26.356 I/DefaultIMS( 3205): onKeyDown: keyoCode=19
10-16 09:47:26.358 I/TvSpecialKeyEventInterceptor( 3205): onKeyDown repeat: 0 onKeyDownConsume: false
10-16 09:47:26.359 I/KeyboardViewPresenter( 3205): getNextKey Key_1
10-16 09:47:26.480 D/TvWindowManager( 522): key event key = KEYCODE_DPAD_UP down = false
10-16 09:47:26.483 I/SogouIME( 3205): onKeyUp: keyoCode=19
10-16 09:47:26.483 I/DefaultIMS( 3205): onKeyUp: keyoCode=19
10-16 09:47:26.485 I/TvSpecialKeyEventInterceptor( 3205): onKeyUp: onKeyDownConsume false onKeyUpConsume: false repeat: 0
10-16 09:47:26.748 I/RenderThread( 976): type=1400 audit(0.0:2452): avc: denied { search } for name="com.dangbei.hqguide" dev="mmcblk0p25" ino=1004 scontext=u:r:platform_app:s0:c512,c768 tcontext=u:object_r:app_data_file:s0:c512,c768 tclass=dir permissive=1 app=com.dangbei.hqguide
10-16 09:47:26.748 I/RenderThread( 976): type=1400 audit(0.0:2453): avc: denied { write } for name="code_cache" dev="mmcblk0p25" ino=1006 scontext=u:r:platform_app:s0:c512,c768 tcontext=u:object_r:app_data_file:s0:c512,c768 tclass=dir permissive=1 app=com.dangbei.hqguide
10-16 09:47:26.748 I/RenderThread( 976): type=1400 audit(0.0:2454): avc: denied { remove_name } for name="com.android.opengl.shaders_cache" dev="mmcblk0p25" ino=2062 scontext=u:r:platform_app:s0:c512,c768 tcontext=u:object_r:app_data_file:s0:c512,c768 tclass=dir permissive=1 app=com.dangbei.hqguide
10-16 09:47:26.748 I/RenderThread( 976): type=1400 audit(0.0:2455): avc: denied { unlink } for name="com.android.opengl.shaders_cache" dev="mmcblk0p25" ino=2062 scontext=u:r:platform_app:s0:c512,c768 tcontext=u:object_r:app_data_file:s0:c512,c768 tclass=file permissive=1 app=com.dangbei.hqguide
10-16 09:47:26.748 I/RenderThread( 976): type=1400 audit(0.0:2456): avc: denied { add_name } for name="com.android.opengl.shaders_cache" scontext=u:r:platform_app:s0:c512,c768 tcontext=u:object_r:app_data_file:s0:c512,c768 tclass=dir permissive=1 app=com.dangbei.hqguide
10-16 09:47:26.748 I/RenderThread( 976): type=1400 audit(0.0:2457): avc: denied { create } for name="com.android.opengl.shaders_cache" scontext=u:r:platform_app:s0:c512,c768 tcontext=u:object_r:app_data_file:s0:c512,c768 tclass=file permissive=1 app=com.dangbei.hqguide
10-16 09:47:26.748 I/RenderThread( 976): type=1400 audit(0.0:2458): avc: denied { open } for path="/data/user_de/0/com.dangbei.hqguide/code_cache/com.android.opengl.shaders_cache" dev="mmcblk0p25" ino=2377 scontext=u:r:platform_app:s0:c512,c768 tcontext=u:object_r:app_data_file:s0:c512,c768 tclass=file permissive=1 app=com.dangbei.hqguide
10-16 09:47:26.748 I/RenderThread( 976): type=1400 audit(0.0:2459): avc: denied { setattr } for name="com.android.opengl.shaders_cache" dev="mmcblk0p25" ino=2377 scontext=u:r:platform_app:s0:c512,c768 tcontext=u:object_r:app_data_file:s0:c512,c768 tclass=file permissive=1 app=com.dangbei.hqguide
10-16 09:47:27.164 W/IorapForwardingService( 522): No service published for: iorapd
10-16 09:47:27.166 I/efs.send_log( 2146): log cann't be send because net status is disconnected
10-16 09:47:27.304 D/TvWindowManager( 522): key event key = KEYCODE_ENTER down = true
10-16 09:47:27.305 D/GpioService( 522): mFlickerEnable = true
10-16 09:47:27.307 I/SogouIME( 3205): onKeyDown: keyoCode=66
10-16 09:47:27.307 I/DefaultIMS( 3205): onKeyDown: keyoCode=66
10-16 09:47:27.309 I/TvSpecialKeyEventInterceptor( 3205): onKeyDown repeat: 0 onKeyDownConsume: false
10-16 09:47:27.352 D/hq ( 1777): NetWorkStateReceiver:::检查网络,并且持续更新 isConnect=false
10-16 09:47:27.432 D/TvWindowManager( 522): key event key = KEYCODE_ENTER down = false
10-16 09:47:27.435 I/SogouIME( 3205): onKeyUp: keyoCode=66
10-16 09:47:27.435 I/DefaultIMS( 3205): onKeyUp: keyoCode=66
10-16 09:47:27.436 I/TvSpecialKeyEventInterceptor( 3205): onKeyUp: onKeyDownConsume false onKeyUpConsume: false repeat: 0
10-16 09:47:27.450 I/SogouIME( 3205): onFinishInputView:
10-16 09:47:27.450 I/DefaultIMS( 3205): onFinishInputView: true
10-16 09:47:27.451 I/MainPresenter( 3205): onFinishInputView: on starting, return
10-16 09:47:27.466 D/EnInputSession( 3205): getCandidateWords: count=0
10-16 09:47:27.467 I/eJ ( 3205): handle Action on finish Input
10-16 09:47:27.467 I/PhysicalKeyHandler( 3205): resetPhysicalKeyboardStatus
10-16 09:47:27.471 I/DefaultIMS( 3205): onStartInput attribute=android.view.inputmethod.EditorInfo@f20f414 restarting=false inputType: 0
10-16 09:47:27.472 I/SogouIME( 3205): SogouIME::onStartInputView()
10-16 09:47:27.472 I/DefaultIMS( 3205): onStartInputView attributeandroid.view.inputmethod.EditorInfo@f20f414 restarting=false inputType: 0
10-16 09:47:27.472 I/SogouIME( 3205): SogouIME::setInputView()
10-16 09:47:27.476 I/MainPresenter( 3205): onStartInputView: attribute=android.view.inputmethod.EditorInfo@f20f414 isReady=true; restarting: false inputType: 0
10-16 09:47:27.476 I/RootPresenter( 3205): hideInputWindow:
10-16 09:47:27.487 I/eJ ( 3205): handle Action on start Input
10-16 09:47:27.495 I/SogouIME( 3205): onFinishInputView:
10-16 09:47:27.495 I/DefaultIMS( 3205): onFinishInputView: false
10-16 09:47:27.500 D/InsetsController( 976): show(ime(), fromIme=true)
10-16 09:47:27.515 D/EnInputSession( 3205): getCandidateWords: count=0
10-16 09:47:27.527 D/CompatibilityChangeReporter( 522): Compat change id reported: 175319604; UID 1000; state: DISABLED
10-16 09:47:27.529 D/CompatibilityChangeReporter( 522): Compat change id reported: 175319604; UID 1000; state: ENABLED
10-16 09:47:27.542 D/CompatibilityChangeReporter( 522): Compat change id reported: 175319604; UID 10061; state: ENABLED
10-16 09:47:27.552 D/EnInputSession( 3205): getCandidateWords: count=0
10-16 09:47:27.552 I/eJ ( 3205): handle Action on finish Input
10-16 09:47:27.552 I/PhysicalKeyHandler( 3205): resetPhysicalKeyboardStatus
10-16 09:47:27.566 D/TvPipController( 748): onImeVisibilityChanged(), visible=false, height=0
10-16 09:47:27.624 D/TvWindowManager( 522): key event key = KEYCODE_ENTER down = true
10-16 09:47:27.625 D/GpioService( 522): mFlickerEnable = true
10-16 09:47:27.627 I/SogouIME( 3205): onKeyDown: keyoCode=66
10-16 09:47:27.628 I/DefaultIMS( 3205): onKeyDown: keyoCode=66
10-16 09:47:27.709 I/NotificationService( 522): Cannot find enqueued record for key: -1|android|8|null|1000
10-16 09:47:27.720 D/TvWindowManager( 522): key event key = KEYCODE_ENTER down = false
10-16 09:47:27.723 I/SogouIME( 3205): onKeyUp: keyoCode=66
10-16 09:47:27.723 I/DefaultIMS( 3205): onKeyUp: keyoCode=66
10-16 09:47:27.727 D/CompatibilityChangeReporter( 976): Compat change id reported: 147798919; UID 10021; state: ENABLED
10-16 09:47:27.863 E/HWComposer( 276): getSupportedContentTypes: getSupportedContentTypes failed for display 0: Unsupported (8)
10-16 09:47:27.865 I/gralloc ( 257): alloc buffer:W:186 H:77 S:192 PL[186 77] SZ:59136 fmt:1 if:0 af:1 usg:20000b00 fg:00000004
10-16 09:47:27.865 I/gralloc ( 257): alloc buffer:W:186 H:77 S:192 PL[186 77] SZ:59136 fmt:1 if:0 af:1 usg:20000b00 fg:00000004
10-16 09:47:27.866 I/gralloc ( 257): alloc buffer:W:186 H:77 S:192 PL[186 77] SZ:59136 fmt:1 if:0 af:1 usg:20000b00 fg:00000004
10-16 09:47:28.165 W/IorapForwardingService( 522): No service published for: iorapd
10-16 09:47:28.386 D/hdmi-cec( 262): receive invalid cec message!
10-16 09:47:28.386 D/hdmi-cec( 262): receive poll message [04], skip!
10-16 09:47:29.167 W/IorapForwardingService( 522): No service published for: iorapd
10-16 09:47:29.256 D/TvWindowManager( 522): key event key = KEYCODE_ENTER down = true
10-16 09:47:29.257 D/GpioService( 522): mFlickerEnable = true
10-16 09:47:29.260 I/SogouIME( 3205): onKeyDown: keyoCode=66
10-16 09:47:29.260 I/DefaultIMS( 3205): onKeyDown: keyoCode=66
10-16 09:47:29.266 I/BLEAudioDrive_HV410( 249): select timeout!
10-16 09:47:29.353 D/hq ( 1777): NetWorkStateReceiver:::检查网络,并且持续更新 isConnect=false
10-16 09:47:29.392 D/TvWindowManager( 522): key event key = KEYCODE_ENTER down = false
10-16 09:47:29.395 I/SogouIME( 3205): onKeyUp: keyoCode=66
10-16 09:47:29.395 I/DefaultIMS( 3205): onKeyUp: keyoCode=66
10-16 09:47:30.088 D/TvWindowManager( 522): key event key = KEYCODE_DPAD_UP down = true
10-16 09:47:30.089 D/GpioService( 522): mFlickerEnable = true
10-16 09:47:30.091 I/SogouIME( 3205): onKeyDown: keyoCode=19
10-16 09:47:30.091 I/DefaultIMS( 3205): onKeyDown: keyoCode=19
10-16 09:47:30.104 I/DefaultIMS( 3205): onStartInput attribute=android.view.inputmethod.EditorInfo@1e217d1 restarting=false inputType: 33
10-16 09:47:30.168 W/IorapForwardingService( 522): No service published for: iorapd
10-16 09:47:30.208 D/TvWindowManager( 522): key event key = KEYCODE_DPAD_UP down = false
10-16 09:47:30.211 I/SogouIME( 3205): onKeyUp: keyoCode=19
10-16 09:47:30.212 I/DefaultIMS( 3205): onKeyUp: keyoCode=19
10-16 09:47:30.682 I/WifiService( 522): startScan uid=10021
10-16 09:47:31.170 W/IorapForwardingService( 522): No service published for: iorapd
10-16 09:47:31.355 D/hq ( 1777): NetWorkStateReceiver:::检查网络,并且持续更新 isConnect=false
10-16 09:47:31.480 D/TvWindowManager( 522): key event key = KEYCODE_ENTER down = true
10-16 09:47:31.481 D/GpioService( 522): mFlickerEnable = true
10-16 09:47:31.483 I/SogouIME( 3205): onKeyDown: keyoCode=66
10-16 09:47:31.483 I/DefaultIMS( 3205): onKeyDown: keyoCode=66
10-16 09:47:31.584 D/TvWindowManager( 522): key event key = KEYCODE_ENTER down = false
10-16 09:47:31.586 I/SogouIME( 3205): onKeyUp: keyoCode=66
10-16 09:47:31.586 I/DefaultIMS( 3205): onKeyUp: keyoCode=66
10-16 09:47:31.598 I/DefaultIMS( 3205): onStartInput attribute=android.view.inputmethod.EditorInfo@f159d10 restarting=false inputType: 0
10-16 09:47:31.793 D/WifiNl80211Manager( 522): Scan result ready event
10-16 09:47:31.793 D/WifiNative( 522): Scan result ready event
10-16 09:47:31.800 E/hq ( 1777): NetWorkStateReceiver:::NetWorkStateReceiver onReceive: 网络变化广播 >>>> intent.action=android.net.wifi.SCAN_RESULTS
10-16 09:47:31.801 D/PasspointManager( 522): ANQP entry not found for: 10:7c:61:1a:4b:90:<2.4G>
10-16 09:47:31.802 D/PasspointManager( 522): ANQP entry not found for: 10:7c:61:1a:4b:94:<5G>
10-16 09:47:31.805 E/WifiHAL ( 721): wifi_get_link_stats: requestResponse Error:-5
10-16 09:47:31.806 E/WifiVendorHal( 522): getWifiLinkLayerStats_1_5_Internal(l.1191) failed {.code = ERROR_INVALID_ARGS, .description = }
10-16 09:47:31.812 W/eventbuscore( 1777): post Event:com.dangbei.leard.base.entity.event.NetWifiRssiEvent
10-16 09:47:31.824 W/InputManager-JNI( 522): Input channel object '6093d06 Toast (client)' was disposed without first being removed with the input manager!
10-16 09:47:31.829 W/NotificationService( 522): Toast already killed. pkg=com.dangbei.hqguide token=android.os.BinderProxy@51492ea
10-16 09:47:31.851 I/gralloc ( 257): alloc buffer:W:186 H:77 S:192 PL[186 77] SZ:59136 fmt:1 if:0 af:1 usg:20000b00 fg:00000004
10-16 09:47:31.852 I/gralloc ( 257): alloc buffer:W:186 H:77 S:192 PL[186 77] SZ:59136 fmt:1 if:0 af:1 usg:20000b00 fg:00000004
10-16 09:47:31.853 I/gralloc ( 257): alloc buffer:W:186 H:77 S:192 PL[186 77] SZ:59136 fmt:1 if:0 af:1 usg:20000b00 fg:00000004
10-16 09:47:31.982 D/UtilLog ( 2690): 日志批量上报 进行正常循环 !!!!!!本次有0次请求,共0条数据
10-16 09:47:32.173 W/IorapForwardingService( 522): No service published for: iorapd
10-16 09:47:32.557 I/SogouIME( 3205): SogouIME::setInputView()
10-16 09:47:32.984 D/TvWindowManager( 522): key event key = KEYCODE_DPAD_UP down = true
10-16 09:47:32.985 D/GpioService( 522): mFlickerEnable = true
10-16 09:47:32.987 I/SogouIME( 3205): onKeyDown: keyoCode=19
10-16 09:47:32.987 I/DefaultIMS( 3205): onKeyDown: keyoCode=19
10-16 09:47:32.999 I/DefaultIMS( 3205): onStartInput attribute=android.view.inputmethod.EditorInfo@9479741 restarting=false inputType: 33
10-16 09:47:33.112 D/TvWindowManager( 522): key event key = KEYCODE_DPAD_UP down = false
10-16 09:47:33.115 I/SogouIME( 3205): onKeyUp: keyoCode=19
10-16 09:47:33.115 I/DefaultIMS( 3205): onKeyUp: keyoCode=19
10-16 09:47:33.175 W/IorapForwardingService( 522): No service published for: iorapd
10-16 09:47:33.356 D/hq ( 1777): NetWorkStateReceiver:::检查网络,并且持续更新 isConnect=false
10-16 09:47:34.177 W/IorapForwardingService( 522): No service published for: iorapd
10-16 09:47:34.264 D/TvWindowManager( 522): key event key = KEYCODE_1 down = true
10-16 09:47:34.265 D/GpioService( 522): mFlickerEnable = true
10-16 09:47:34.267 I/SogouIME( 3205): onKeyDown: keyoCode=8
10-16 09:47:34.267 I/DefaultIMS( 3205): onKeyDown: keyoCode=8
10-16 09:47:34.286 I/ENKeyHandler( 3205): on selection update: oldStart: 0, oldEnd: 0, newStart: 1, newEnd: 1, composingStart: -1, composingEnd: -1
10-16 09:47:34.416 D/TvWindowManager( 522): key event key = KEYCODE_1 down = false
10-16 09:47:34.419 I/SogouIME( 3205): onKeyUp: keyoCode=8
10-16 09:47:34.419 I/DefaultIMS( 3205): onKeyUp: keyoCode=8
10-16 09:47:34.624 D/TvWindowManager( 522): key event key = KEYCODE_1 down = true
10-16 09:47:34.625 D/GpioService( 522): mFlickerEnable = true
10-16 09:47:34.627 I/SogouIME( 3205): onKeyDown: keyoCode=8
10-16 09:47:34.627 I/DefaultIMS( 3205): onKeyDown: keyoCode=8
10-16 09:47:34.637 I/ENKeyHandler( 3205): on selection update: oldStart: 1, oldEnd: 1, newStart: 2, newEnd: 2, composingStart: -1, composingEnd: -1
10-16 09:47:34.736 D/TvWindowManager( 522): key event key = KEYCODE_1 down = false
10-16 09:47:34.738 I/SogouIME( 3205): onKeyUp: keyoCode=8
10-16 09:47:34.739 I/DefaultIMS( 3205): onKeyUp: keyoCode=8
10-16 09:47:34.864 D/TvWindowManager( 522): key event key = KEYCODE_1 down = true
10-16 09:47:34.865 D/GpioService( 522): mFlickerEnable = true
10-16 09:47:34.867 I/SogouIME( 3205): onKeyDown: keyoCode=8
10-16 09:47:34.867 I/DefaultIMS( 3205): onKeyDown: keyoCode=8
10-16 09:47:34.877 I/ENKeyHandler( 3205): on selection update: oldStart: 2, oldEnd: 2, newStart: 3, newEnd: 3, composingStart: -1, composingEnd: -1
10-16 09:47:34.968 D/TvWindowManager( 522): key event key = KEYCODE_1 down = false
10-16 09:47:34.971 I/SogouIME( 3205): onKeyUp: keyoCode=8
10-16 09:47:34.971 I/DefaultIMS( 3205): onKeyUp: keyoCode=8
10-16 09:47:35.168 D/TvWindowManager( 522): key event key = KEYCODE_1 down = true
10-16 09:47:35.169 D/GpioService( 522): mFlickerEnable = true
10-16 09:47:35.172 I/SogouIME( 3205): onKeyDown: keyoCode=8
10-16 09:47:35.172 I/DefaultIMS( 3205): onKeyDown: keyoCode=8
10-16 09:47:35.179 W/IorapForwardingService( 522): No service published for: iorapd
10-16 09:47:35.184 I/ENKeyHandler( 3205): on selection update: oldStart: 3, oldEnd: 3, newStart: 4, newEnd: 4, composingStart: -1, composingEnd: -1
10-16 09:47:35.264 D/TvWindowManager( 522): key event key = KEYCODE_1 down = false
10-16 09:47:35.266 I/SogouIME( 3205): onKeyUp: keyoCode=8
10-16 09:47:35.266 I/DefaultIMS( 3205): onKeyUp: keyoCode=8
10-16 09:47:35.358 D/hq ( 1777): NetWorkStateReceiver:::检查网络,并且持续更新 isConnect=false
10-16 09:47:35.696 D/TvWindowManager( 522): key event key = KEYCODE_1 down = true
10-16 09:47:35.697 D/GpioService( 522): mFlickerEnable = true
10-16 09:47:35.699 I/SogouIME( 3205): onKeyDown: keyoCode=8
10-16 09:47:35.699 I/DefaultIMS( 3205): onKeyDown: keyoCode=8
10-16 09:47:35.712 I/ENKeyHandler( 3205): on selection update: oldStart: 4, oldEnd: 4, newStart: 5, newEnd: 5, composingStart: -1, composingEnd: -1
10-16 09:47:35.800 D/TvWindowManager( 522): key event key = KEYCODE_1 down = false
10-16 09:47:35.803 I/SogouIME( 3205): onKeyUp: keyoCode=8
10-16 09:47:35.803 I/DefaultIMS( 3205): onKeyUp: keyoCode=8
10-16 09:47:35.925 W/InputManager-JNI( 522): Input channel object '5c11c78 Toast (client)' was disposed without first being removed with the input manager!
10-16 09:47:35.929 W/NotificationService( 522): Toast already killed. pkg=com.dangbei.hqguide token=android.os.BinderProxy@42789
10-16 09:47:35.976 D/TvWindowManager( 522): key event key = KEYCODE_1 down = true
10-16 09:47:35.977 D/GpioService( 522): mFlickerEnable = true
10-16 09:47:35.979 I/SogouIME( 3205): onKeyDown: keyoCode=8
10-16 09:47:35.979 I/DefaultIMS( 3205): onKeyDown: keyoCode=8
10-16 09:47:35.989 I/ENKeyHandler( 3205): on selection update: oldStart: 5, oldEnd: 5, newStart: 6, newEnd: 6, composingStart: -1, composingEnd: -1
10-16 09:47:36.056 D/TvWindowManager( 522): key event key = KEYCODE_1 down = false
10-16 09:47:36.058 I/SogouIME( 3205): onKeyUp: keyoCode=8
10-16 09:47:36.058 I/DefaultIMS( 3205): onKeyUp: keyoCode=8
10-16 09:47:36.181 W/IorapForwardingService( 522): No service published for: iorapd
10-16 09:47:36.288 D/TvWindowManager( 522): key event key = KEYCODE_1 down = true
10-16 09:47:36.289 D/GpioService( 522): mFlickerEnable = true
10-16 09:47:36.291 I/SogouIME( 3205): onKeyDown: keyoCode=8
10-16 09:47:36.291 I/DefaultIMS( 3205): onKeyDown: keyoCode=8
10-16 09:47:36.300 I/ENKeyHandler( 3205): on selection update: oldStart: 6, oldEnd: 6, newStart: 7, newEnd: 7, composingStart: -1, composingEnd: -1
10-16 09:47:36.368 D/TvWindowManager( 522): key event key = KEYCODE_1 down = false
10-16 09:47:36.371 I/SogouIME( 3205): onKeyUp: keyoCode=8
10-16 09:47:36.371 I/DefaultIMS( 3205): onKeyUp: keyoCode=8
10-16 09:47:36.696 D/TvWindowManager( 522): key event key = KEYCODE_1 down = true
10-16 09:47:36.697 D/GpioService( 522): mFlickerEnable = true
10-16 09:47:36.699 I/SogouIME( 3205): onKeyDown: keyoCode=8
10-16 09:47:36.699 I/DefaultIMS( 3205): onKeyDown: keyoCode=8
10-16 09:47:36.708 I/ENKeyHandler( 3205): on selection update: oldStart: 7, oldEnd: 7, newStart: 8, newEnd: 8, composingStart: -1, composingEnd: -1
10-16 09:47:36.800 D/TvWindowManager( 522): key event key = KEYCODE_1 down = false
10-16 09:47:36.803 I/SogouIME( 3205): onKeyUp: keyoCode=8
10-16 09:47:36.803 I/DefaultIMS( 3205): onKeyUp: keyoCode=8
10-16 09:47:37.183 W/IorapForwardingService( 522): No service published for: iorapd
10-16 09:47:37.206 I/efs.send_log( 2146): log cann't be send because net status is disconnected
10-16 09:47:37.359 D/hq ( 1777): NetWorkStateReceiver:::检查网络,并且持续更新 isConnect=false
10-16 09:47:37.960 D/TvWindowManager( 522): key event key = KEYCODE_DPAD_DOWN down = true
10-16 09:47:37.961 D/GpioService( 522): mFlickerEnable = true
10-16 09:47:38.072 D/TvWindowManager( 522): key event key = KEYCODE_DPAD_DOWN down = false
10-16 09:47:38.111 D/GpioService( 522): mFlickerEnable = true
10-16 09:47:38.113 I/SogouIME( 3205): onKeyDown: keyoCode=20
10-16 09:47:38.113 I/DefaultIMS( 3205): onKeyDown: keyoCode=20
10-16 09:47:38.124 I/DefaultIMS( 3205): onStartInput attribute=android.view.inputmethod.EditorInfo@5b6d9d0 restarting=false inputType: 0
10-16 09:47:38.126 I/SogouIME( 3205): onKeyUp: keyoCode=20
10-16 09:47:38.126 I/DefaultIMS( 3205): onKeyUp: keyoCode=20
10-16 09:47:38.184 W/IorapForwardingService( 522): No service published for: iorapd
10-16 09:47:38.904 D/TvWindowManager( 522): key event key = KEYCODE_ENTER down = true
10-16 09:47:38.905 D/GpioService( 522): mFlickerEnable = true
10-16 09:47:38.907 I/SogouIME( 3205): onKeyDown: keyoCode=66
10-16 09:47:38.907 I/DefaultIMS( 3205): onKeyDown: keyoCode=66
10-16 09:47:38.976 D/TvWindowManager( 522): key event key = KEYCODE_ENTER down = false
10-16 09:47:38.979 I/SogouIME( 3205): onKeyUp: keyoCode=66
10-16 09:47:38.979 I/DefaultIMS( 3205): onKeyUp: keyoCode=66
10-16 09:47:38.983 I/WifiService( 522): disconnect uid=10021
10-16 09:47:38.984 E/WifiClientModeImpl[wlan0]( 522): Error! unhandled message{ when=0 what=131145 arg1=2 target=com.android.wifi.x.com.android.internal.util.StateMachine$SmHandler }
10-16 09:47:38.997 I/WifiService( 522): addOrUpdateNetwork uid=10021
10-16 09:47:38.997 W/InputManager-JNI( 522): Input channel object 'bcf05d0 com.dangbei.hqguide/com.dangbei.hqguide.main.MainActivity (client)' was disposed without first being removed with the input manager!
10-16 09:47:38.998 I/addOrUpdateNetworkInternal( 522): uid = 10021 SSID "5G" nid=-1
10-16 09:47:38.999 E/WifiConfigManager( 522): Cannot find network with networkId -1 or configKey "5G"WPA_PSK or upgradable security type check
10-16 09:47:39.000 E/WifiConfigManager( 522): Cannot find network with networkId -1 or configKey "5G"WPA_PSK or upgradable security type check
10-16 09:47:39.009 W/InputEventReceiver( 976): Attempted to finish an input event but the input event receiver has already been disposed.
10-16 09:47:39.023 I/SELinux ( 205): SELinux: Loaded keystore2_key_contexts from:
10-16 09:47:39.024 I/SELinux ( 205): /system/etc/selinux/plat_keystore2_key_contexts
10-16 09:47:39.047 E/WifiConfigManager( 522): Cannot find network with configKey "5G"WPA_PSK
10-16 09:47:39.048 D/WifiConfigurationUtil( 522): Add upgradable SAE configuration.
10-16 09:47:39.048 I/gralloc ( 257): alloc buffer:W:123 H:77 S:128 PL[123 77] SZ:39424 fmt:1 if:0 af:1 usg:20000b00 fg:00000004
10-16 09:47:39.049 I/gralloc ( 257): alloc buffer:W:123 H:77 S:128 PL[123 77] SZ:39424 fmt:1 if:0 af:1 usg:20000b00 fg:00000004
10-16 09:47:39.050 I/gralloc ( 257): alloc buffer:W:123 H:77 S:128 PL[123 77] SZ:39424 fmt:1 if:0 af:1 usg:20000b00 fg:00000004
10-16 09:47:39.051 D/WifiConfigManager( 522): Enable disabled network: "5G" num=0
10-16 09:47:39.064 I/DefaultIMS( 3205): onStartInput attribute=android.view.inputmethod.EditorInfo@bee140b restarting=false inputType: 0
10-16 09:47:39.093 D/WifiConfigStore( 522): Writing to stores completed in 11 ms.
10-16 09:47:39.109 I/WifiService( 522): enableNetwork uid=10021 disableOthers=true
10-16 09:47:39.111 D/WifiConfigManager( 522): Enable disabled network: "5G" num=0
10-16 09:47:39.134 D/WifiConfigStore( 522): Writing to stores completed in 4 ms.
10-16 09:47:39.135 D/WifiClientModeImpl[wlan0]( 522): connectToUserSelectNetwork netId 0, uid 10021, forceReconnect = false
10-16 09:47:39.148 D/WifiScoreReport( 522): setShouldReduceNetworkScore=false mNetworkAgent is null? true
10-16 09:47:39.148 D/WifiClientModeImpl[wlan0]( 522): CMD_START_CONNECT my state DisconnectedState nid=0 roam=false
10-16 09:47:39.186 W/IorapForwardingService( 522): No service published for: iorapd
10-16 09:47:39.201 W/LastMileLogger( 522): Failed to open free_buffer pseudo-file: /sys/kernel/debug/tracing/instances/wifi/free_buffer: open failed: ENOENT (No such file or directory)
10-16 09:47:39.201 W/LastMileLogger( 522): Failed to arm fail-safe.
10-16 09:47:39.203 I/WifiClientModeImpl[wlan0]( 522): Connecting with b4:2f:03:c6:9f:6a as the mac address
10-16 09:47:39.203 W/wificond( 364): Scan is not started. Ignore abort request
10-16 09:47:39.207 D/SupplicantStaIfaceHal( 522): connectToNetwork "5G"WPA_PSK
10-16 09:47:39.210 I/SupplicantStaIfaceHal( 522): addSupplicantStaNetwork via HIDL
10-16 09:47:39.237 D/SupplicantStaNetworkHal( 522): The target security params: Security Parameters:
10-16 09:47:39.237 D/SupplicantStaNetworkHal( 522): Type: 2
10-16 09:47:39.237 D/SupplicantStaNetworkHal( 522): Enabled: true
10-16 09:47:39.237 D/SupplicantStaNetworkHal( 522): KeyMgmt: WPA_PSK
10-16 09:47:39.237 D/SupplicantStaNetworkHal( 522): Protocols: WPA RSN
10-16 09:47:39.237 D/SupplicantStaNetworkHal( 522): AuthAlgorithms:
10-16 09:47:39.237 D/SupplicantStaNetworkHal( 522): PairwiseCiphers: TKIP CCMP
10-16 09:47:39.237 D/SupplicantStaNetworkHal( 522): GroupCiphers: WEP40 WEP104 TKIP CCMP
10-16 09:47:39.237 D/SupplicantStaNetworkHal( 522): GroupMgmtCiphers:
10-16 09:47:39.237 D/SupplicantStaNetworkHal( 522): SuiteBCiphers:
10-16 09:47:39.237 D/SupplicantStaNetworkHal( 522): RequirePmf: false
10-16 09:47:39.237 D/SupplicantStaNetworkHal( 522): IsAddedByAutoUpgrade: false
10-16 09:47:39.237 D/SupplicantStaNetworkHal( 522): IsSaeH2eOnlyMode: false
10-16 09:47:39.237 D/SupplicantStaNetworkHal( 522): IsSaePkOnlyMode: false
10-16 09:47:39.275 I/BLEAudioDrive_HV410( 249): select timeout!
10-16 09:47:39.294 I/system_server( 522): Background young concurrent copying GC freed 161271(7465KB) AllocSpace objects, 22(616KB) LOS objects, 40% free, 10MB/17MB, paused 4.057ms total 241.669ms
10-16 09:47:39.304 D/WifiCountryCode( 522): evaluateAllCmmStateAndApplyIfAllReady: {ConcreteClientModeManager{id=24051 iface=wlan0 role=ROLE_CLIENT_PRIMARY}=false}
10-16 09:47:39.304 D/WifiClientModeImpl[wlan0]( 522): Start Connecting Watchdog 1
10-16 09:47:39.310 D/RockyReceiver( 1745): action: android.net.wifi.STATE_CHANGE
10-16 09:47:39.311 E/ConnectivityService( 522): Exception = android.content.pm.PackageManager$NameNotFoundException: android.net.cts
10-16 09:47:39.312 D/QuickLifeImpl( 1289): onReceive intent : Intent { act=android.net.wifi.STATE_CHANGE flg=0x4000010 (has extras) }
10-16 09:47:39.361 D/hq ( 1777): NetWorkStateReceiver:::检查网络,并且持续更新 isConnect=false
10-16 09:47:40.187 W/IorapForwardingService( 522): No service published for: iorapd
10-16 09:47:40.556 I/wificond( 364): Received external scan result notification from kernel.
10-16 09:47:40.556 D/WifiNl80211Manager( 522): Scan result ready event
10-16 09:47:40.556 D/WifiNative( 522): Scan result ready event
10-16 09:47:40.557 I/wpa_supplicant( 859): wlan0: Trying to associate with 10:7c:61:1a:4b:94 (SSID='5G' freq=5745 MHz)
10-16 09:47:40.561 D/RockyReceiver( 1745): action: android.net.wifi.STATE_CHANGE
10-16 09:47:40.561 D/QuickLifeImpl( 1289): onReceive intent : Intent { act=android.net.wifi.STATE_CHANGE flg=0x4000010 (has extras) }
10-16 09:47:40.562 E/ConnectivityService( 522): Exception = android.content.pm.PackageManager$NameNotFoundException: android.net.cts
10-16 09:47:40.611 I/wificond( 364): Regulatory domain changed to country: CN on wiphy_index: 0
10-16 09:47:40.612 D/WifiNl80211Manager( 522): OnRegDomainChanged CN
10-16 09:47:40.612 I/wpa_supplicant( 859): wlan0: Associated with 10:7c:61:1a:4b:94
10-16 09:47:40.612 I/wpa_supplicant( 859): wlan0: CTRL-EVENT-SUBNET-STATUS-UPDATE status=0
10-16 09:47:40.612 I/wpa_supplicant( 859): wlan0: CTRL-EVENT-REGDOM-CHANGE init=COUNTRY_IE type=COUNTRY alpha2=CN
10-16 09:47:40.612 D/WifiNative( 522): onCountryCodeChanged: CN
10-16 09:47:40.613 I/WifiCountryCode( 522): Receive onDriverCountryCodeChanged CN
10-16 09:47:40.614 I/wificond( 364): 2.4Ghz frequencies: 2412 2417 2422 2427 2432 2437 2442 2447 2452 2457 2462 2467 2472
10-16 09:47:40.615 I/wificond( 364): 5Ghz non-DFS frequencies: 5180 5200 5220 5240 5745 5765 5785 5805 5825
10-16 09:47:40.615 I/wificond( 364): 5Ghz DFS frequencies: 5260 5280 5300 5320
10-16 09:47:40.615 I/wificond( 364): 6Ghz frequencies:
10-16 09:47:40.615 I/wificond( 364): 60Ghz frequencies:
10-16 09:47:40.616 I/wpa_supplicant( 859): wlan0: WPA: RX message 1 of 4-Way Handshake from 10:7c:61:1a:4b:94 (ver=2)
10-16 09:47:40.622 I/wpa_supplicant( 859): wlan0: WPA: Sending EAPOL-Key 2/4
10-16 09:47:40.626 I/WifiService( 522): onDriverCountryCodeChanged CN
10-16 09:47:40.626 I/wpa_supplicant( 859): wlan0: WPA: RX message 3 of 4-Way Handshake from 10:7c:61:1a:4b:94 (ver=2)
10-16 09:47:40.626 I/wpa_supplicant( 859): wlan0: WPA: Sending EAPOL-Key 4/4
10-16 09:47:40.630 I/wpa_supplicant( 859): wlan0: WPA: Key negotiation completed with 10:7c:61:1a:4b:94 [PTK=CCMP GTK=CCMP]
10-16 09:47:40.630 I/wpa_supplicant( 859): wlan0: CTRL-EVENT-CONNECTED - Connection to 10:7c:61:1a:4b:94 completed [id=0 id_str=%7B%22configKey%22%3A%22%5C%225G%5C%22WPA_PSK%22%2C%22creatorUid%22%3A%2210021%22%7D]
10-16 09:47:40.633 I/EthernetTracker( 522): interfaceLinkStateChanged, iface: wlan0, up: true
10-16 09:47:40.633 W/PppoeNetworkFactory( 522): interfaceLinkStateChanged
10-16 09:47:40.633 D/PppoeNetworkFactory( 522): updateInterface: mIface: mPhyIface:eth0 iface:wlan0 link:up
10-16 09:47:40.633 D/PppoeNetworkFactory( 522): not tracker interface
10-16 09:47:40.635 I/Tethering( 916): adding IpServer for: wlan0
10-16 09:47:40.636 D/QuickLifeImpl( 1289): onReceive intent : Intent { act=android.net.wifi.STATE_CHANGE flg=0x4000010 (has extras) }
10-16 09:47:40.637 D/RockyReceiver( 1745): action: android.net.wifi.STATE_CHANGE
10-16 09:47:40.638 E/ConnectivityService( 522): Exception = android.content.pm.PackageManager$NameNotFoundException: android.net.cts
10-16 09:47:40.649 D/RockyReceiver( 1745): action: android.net.wifi.STATE_CHANGE
10-16 09:47:40.649 D/QuickLifeImpl( 1289): onReceive intent : Intent { act=android.net.wifi.STATE_CHANGE flg=0x4000010 (has extras) }
10-16 09:47:40.649 E/ConnectivityService( 522): Exception = android.content.pm.PackageManager$NameNotFoundException: android.net.cts
10-16 09:47:40.655 I/WifiService( 522): updateInterfaceIpState uid=1073
10-16 09:47:40.657 D/ConnectivityService( 522): registerNetworkAgent NetworkAgentInfo{network{100} handle{432902426637} ni{WIFI CONNECTING extra: } Score(60 ; KeepConnected : 0 ; Policies : IS_UNMETERED) lp{{LinkAddresses: [ ] DnsAddresses: [ ] Domains: null MTU: 0 Routes: [ ]}} nc{[ Transports: WIFI Capabilities: NOT_METERED&INTERNET&NOT_RESTRICTED&TRUSTED&NOT_VPN&NOT_ROAMING&FOREGROUND&NOT_CONGESTED&NOT_SUSPENDED&NOT_VCN_MANAGED LinkUpBandwidth>=866000Kbps LinkDnBandwidth>=866000Kbps Specifier: TransportInfo: OwnerUid: 10021 AdminUids: [10021] SSID: "5G"]}}
10-16 09:47:40.658 W/BestClock( 522): java.time.DateTimeException: Missing NTP fix
10-16 09:47:40.664 D/QuickLifeImpl( 1289): onReceive intent : Intent { act=android.net.wifi.STATE_CHANGE flg=0x4000010 (has extras) }
10-16 09:47:40.664 D/RockyReceiver( 1745): action: android.net.wifi.STATE_CHANGE
10-16 09:47:40.665 E/ConnectivityService( 522): Exception = android.content.pm.PackageManager$NameNotFoundException: android.net.cts
10-16 09:47:40.669 E/WifiHAL ( 721): wifi_get_packet_filter_capabilities: requestResponse() error: -3
10-16 09:47:40.669 I/WifiHAL ( 721): Packet filtering is not supprted
10-16 09:47:40.674 E/WifiHAL ( 721): wifi_get_link_stats: requestResponse Error:-5
10-16 09:47:40.675 E/WifiVendorHal( 522): getWifiLinkLayerStats_1_5_Internal(l.1191) failed {.code = ERROR_INVALID_ARGS, .description = }
10-16 09:47:40.684 E/WifiHAL ( 721): wifi_get_link_stats: requestResponse Error:-5
10-16 09:47:40.685 E/WifiVendorHal( 522): getWifiLinkLayerStats_1_5_Internal(l.1191) failed {.code = ERROR_INVALID_ARGS, .description = }
10-16 09:47:40.689 D/CompatibilityChangeReporter( 522): Compat change id reported: 171306433; UID 1073; state: ENABLED
10-16 09:47:40.688 I/IpClient.wlan0( 916): type=1400 audit(0.0:2460): avc: denied { search } for name="net" dev="sysfs" ino=10442 scontext=u:r:network_stack:s0 tcontext=u:object_r:sysfs_net:s0 tclass=dir permissive=1
10-16 09:47:40.688 I/IpClient.wlan0( 916): type=1400 audit(0.0:2461): avc: denied { read } for name="address" dev="sysfs" ino=16906 scontext=u:r:network_stack:s0 tcontext=u:object_r:sysfs_net:s0 tclass=file permissive=1
10-16 09:47:40.688 I/IpClient.wlan0( 916): type=1400 audit(0.0:2462): avc: denied { open } for path="/sys/devices/virtual/net/dummy0/address" dev="sysfs" ino=16906 scontext=u:r:network_stack:s0 tcontext=u:object_r:sysfs_net:s0 tclass=file permissive=1
10-16 09:47:40.688 I/IpClient.wlan0( 916): type=1400 audit(0.0:2463): avc: denied { getattr } for path="/sys/devices/virtual/net/dummy0/address" dev="sysfs" ino=16906 scontext=u:r:network_stack:s0 tcontext=u:object_r:sysfs_net:s0 tclass=file permissive=1
10-16 09:47:40.699 W/BestClock( 522): java.time.DateTimeException: Missing NTP fix
10-16 09:47:40.699 D/WifiService( 522): updateInterfaceIpState: ifaceName=wlan0 mode=-1 previous LOHS mode= -1
10-16 09:47:40.706 D/ConnectivityService( 522): [100 WIFI] EVENT_NETWORK_INFO_CHANGED, going from CONNECTING to CONNECTING
10-16 09:47:40.706 W/audit ( 1053): audit_lost=1885 audit_rate_limit=5 audit_backlog_limit=64
10-16 09:47:40.696 I/IpClient.wlan0( 916): type=1400 audit(0.0:2464): avc: denied { read } for name="address" dev="sysfs" ino=25879 scontext=u:r:network_stack:s0 tcontext=u:object_r:sysfs:s0 tclass=file permissive=1
10-16 09:47:40.706 E/audit ( 1053): rate limit exceeded
10-16 09:47:40.706 D/ConnectivityService( 522): NetReassign [no changes]
10-16 09:47:40.710 W/BestClock( 522): java.time.DateTimeException: Missing NTP fix
10-16 09:47:40.711 D/ConnectivityService( 522): NetReassign [no changes]
10-16 09:47:40.711 W/BestClock( 522): java.time.DateTimeException: Missing NTP fix
10-16 09:47:40.719 E/WifiVendorHal( 522): configureNeighborDiscoveryOffload(l.2704) failed {.code = ERROR_INVALID_ARGS, .description = }
10-16 09:47:40.745 D/ConnectivityService( 522): Adding iface wlan0 to network 100
10-16 09:47:40.745 E/Netd ( 243): no such netId 100
10-16 09:47:40.746 W/ConnectivityService( 522): Exception adding interface: android.os.ServiceSpecificException: Machine is not on the network (code 64)
10-16 09:47:40.747 E/Netd ( 243): no such netId 100
10-16 09:47:40.751 W/BestClock( 522): java.time.DateTimeException: Missing NTP fix
10-16 09:47:40.776 W/BestClock( 522): java.time.DateTimeException: Missing NTP fix
10-16 09:47:40.777 E/WifiHAL ( 721): wifi_get_link_stats: requestResponse Error:-5
10-16 09:47:40.778 E/WifiVendorHal( 522): getWifiLinkLayerStats_1_5_Internal(l.1191) failed {.code = ERROR_INVALID_ARGS, .description = }
10-16 09:47:40.778 W/BestClock( 522): java.time.DateTimeException: Missing NTP fix
10-16 09:47:40.779 W/BestClock( 522): java.time.DateTimeException: Missing NTP fix
10-16 09:47:40.792 D/DhcpClient( 916): Broadcasting DHCPDISCOVER
10-16 09:47:40.799 D/DhcpClient( 916): Received packet: b4:2f:03:c6:9f:6a OFFER, ip /192.168.50.7, mask /255.255.255.0, DNS servers: /192.168.50.1 , gateways [/192.168.50.1], lease time 86400, domain null
10-16 09:47:40.801 D/DhcpClient( 916): Got pending lease: android.net.networkstack.DhcpResults@29f1ffc DHCP server /192.168.50.1 Vendor info null lease 86400 seconds Servername
10-16 09:47:40.804 D/DhcpClient( 916): Broadcasting DHCPREQUEST ciaddr=0.0.0.0 request=192.168.50.7 serverid=192.168.50.1
10-16 09:47:40.811 D/DhcpClient( 916): Received packet: b4:2f:03:c6:9f:6a ACK: your new IP /192.168.50.7, netmask /255.255.255.0, gateways [/192.168.50.1] DNS servers: /192.168.50.1 , lease time 86400
10-16 09:47:40.812 D/DhcpClient( 916): Confirmed lease: android.net.networkstack.DhcpResults@5d5ccda DHCP server /192.168.50.1 Vendor info null lease 86400 seconds Servername
10-16 09:47:40.824 D/nStackXDFinder( 2723): IfAddrMsgHandle:[85] :Interface wlan0 got new address.
10-16 09:47:40.824 I/nStackXDFinder( 2723): UpdateLocalNetworkInterface:[472] :UpdateLocalNetworkInterface exec,initerfaceName:wlan0
10-16 09:47:40.824 E/nStackXDFinder( 2723): GetLocalIp:[401] :GetLocalIp exec
10-16 09:47:40.824 E/nStackXDFinder( 2723): GetLocalIp:[407] :GetLocalIp, ifInfo is null
10-16 09:47:40.824 I/nStackXDFinder( 2723): UpdateLocalNetworkInterface:[498] :UpdateLocalNetworkInterface copy ip value in default process
10-16 09:47:40.824 E/nStackXDFinder( 2723): GetLocalIp:[401] :GetLocalIp exec
10-16 09:47:40.824 D/nStackXCoAP( 2723): CoapServerInit:[174] :CoapServerInit is called
10-16 09:47:40.824 E/nStackXDFinder( 2723): GetLocalIp:[401] :GetLocalIp exec
10-16 09:47:40.825 I/nStackXUtil( 2723): BindToDevice:[352] :BindToDevice exec
10-16 09:47:40.828 D/RockyReceiver( 1745): action: android.net.wifi.STATE_CHANGE
10-16 09:47:40.830 D/QuickLifeImpl( 1289): onReceive intent : Intent { act=android.net.wifi.STATE_CHANGE flg=0x4000010 (has extras) }
10-16 09:47:40.830 E/ConnectivityService( 522): Exception = android.content.pm.PackageManager$NameNotFoundException: android.net.cts
10-16 09:47:40.831 E/Netd ( 243): no such netId 100
10-16 09:47:40.831 E/ConnectivityService( 522): Exception in networkAddRouteParcel for non-gateway: android.os.ServiceSpecificException: Machine is not on the network (code 64)
10-16 09:47:40.832 E/Netd ( 243): no such netId 100
10-16 09:47:40.832 E/ConnectivityService( 522): Exception in networkAddRouteParcel for gateway: android.os.ServiceSpecificException: Machine is not on the network (code 64)
10-16 09:47:40.832 I/nStackXUtil( 2723): GetInterfaceByPriority:[279] :GetInterfaceByPriority exec
10-16 09:47:40.832 I/nStackXUtil( 2723): GetInterfaceByDefault:[309] :GetInterfaceByDefault exec
10-16 09:47:40.832 I/nStackXUtil( 2723): GetInterfaceByDefault:[316] :GetInterfaceByDefault, ndevice name: lo
10-16 09:47:40.832 I/nStackXUtil( 2723): GetInterfaceByDefault:[316] :GetInterfaceByDefault, ndevice name: wlan0
10-16 09:47:40.833 I/nStackXUtil( 2723): BindToDevice:[374] :BindToDevice, Bind localAddr name: wlan0
10-16 09:47:40.833 E/nStackXUtil( 2723): BindToDeviceInner:[188] :setsockopt fail, errno = 1
10-16 09:47:40.833 E/nStackXCoAP( 2723): CoapGetContext:[250] :bind to device fail
10-16 09:47:40.833 D/nStackXCoAP( 2723): CoapInitResources:[744] :CoapInitResources g_wlanOrEthContext update
10-16 09:47:40.835 W/BestClock( 522): java.time.DateTimeException: Missing NTP fix
10-16 09:47:40.840 D/RockyReceiver( 1745): action: android.net.wifi.STATE_CHANGE
10-16 09:47:40.840 D/QuickLifeImpl( 1289): onReceive intent : Intent { act=android.net.wifi.STATE_CHANGE flg=0x4000010 (has extras) }
10-16 09:47:40.841 E/ConnectivityService( 522): Exception = android.content.pm.PackageManager$NameNotFoundException: android.net.cts
10-16 09:47:40.845 D/DhcpClient( 916): Scheduling renewal in 43199s
10-16 09:47:40.846 D/DhcpClient( 916): Scheduling rebind in 75599s
10-16 09:47:40.846 D/DhcpClient( 916): Scheduling expiry in 86399s
10-16 09:47:40.854 W/WifiScoreReport( 522): Cannot start external scoring netId=100 currentNetId=100 currentNetCapabilities=[ Transports: WIFI Capabilities: NOT_METERED&INTERNET&NOT_RESTRICTED&TRUSTED&NOT_VPN&NOT_ROAMING&NOT_CONGESTED&NOT_SUSPENDED&NOT_VCN_MANAGED LinkUpBandwidth>=12000Kbps LinkDnBandwidth>=60000Kbps Specifier: TransportInfo: SignalStrength: -21 OwnerUid: 10021 AdminUids: [10021] SSID: "5G"] sessionId=1008
10-16 09:47:40.860 W/BestClock( 522): java.time.DateTimeException: Missing NTP fix
10-16 09:47:40.863 D/ConnectivityService( 522): Setting DNS servers for network 100 to [/192.168.50.1]
10-16 09:47:40.863 W/BestClock( 522): java.time.DateTimeException: Missing NTP fix
10-16 09:47:40.866 W/BestClock( 522): java.time.DateTimeException: Missing NTP fix
10-16 09:47:40.871 D/WifiMemoryStoreImpl( 522): Set cluster Gf7181c9f16077989 for Wfda84d43ae018ab1: SUCCESS
10-16 09:47:40.871 W/BestClock( 522): java.time.DateTimeException: Missing NTP fix
10-16 09:47:40.879 E/WifiHAL ( 721): wifi_get_link_stats: requestResponse Error:-5
10-16 09:47:40.880 E/WifiVendorHal( 522): getWifiLinkLayerStats_1_5_Internal(l.1191) failed {.code = ERROR_INVALID_ARGS, .description = }
10-16 09:47:40.881 D/WifiMemoryStoreImpl( 522): Set cluster Gf7181c9f16077989 for Wf7181c9f16077989: SUCCESS
10-16 09:47:40.882 D/KernelCpuUidUserSysTimeReader( 522): Removing uids 1037-1037
10-16 09:47:40.887 D/WifiNl80211Manager( 522): Scan result ready event
10-16 09:47:40.887 D/WifiNative( 522): Scan result ready event
10-16 09:47:40.891 D/WificondScannerImpl( 522): Filtering out 2 scan results.
10-16 09:47:40.895 E/WifiHAL ( 721): wifi_get_link_stats: requestResponse Error:-5
10-16 09:47:40.896 W/BestClock( 522): java.time.DateTimeException: Missing NTP fix
10-16 09:47:40.896 E/WifiVendorHal( 522): getWifiLinkLayerStats_1_5_Internal(l.1191) failed {.code = ERROR_INVALID_ARGS, .description = }
10-16 09:47:40.899 D/ConnectivityService( 522): [100 WIFI] EVENT_NETWORK_INFO_CHANGED, going from CONNECTING to CONNECTED
10-16 09:47:40.901 W/BestClock( 522): java.time.DateTimeException: Missing NTP fix
10-16 09:47:40.902 W/BestClock( 522): java.time.DateTimeException: Missing NTP fix
10-16 09:47:40.902 D/DnsManager( 522): sendDnsConfigurationForNetwork(100, [192.168.50.1], [], 1800, 25, 8, 64, 0, 0, , [])
10-16 09:47:40.906 W/DnsManager( 522): updatePrivateDns(100, PrivateDnsConfig{true:/[]})
10-16 09:47:40.906 D/ConnectivityService( 522): Setting DNS servers for network 100 to [/192.168.50.1]
10-16 09:47:40.907 D/DnsManager( 522): sendDnsConfigurationForNetwork(100, [192.168.50.1], [], 1800, 25, 8, 64, 0, 0, , [192.168.50.1])
10-16 09:47:40.908 W/resolv ( 243): Validating DnsTlsServer 192.168.50.1 with mark 0xf0064
10-16 09:47:40.910 W/resolv ( 243): Socket failed to connect: Network is unreachable
10-16 09:47:40.910 W/resolv ( 243): TCP Handshake failed: 101
10-16 09:47:40.910 W/resolv ( 243): query failed
10-16 09:47:40.910 W/resolv ( 243): validateDnsTlsServer returned 0 for 192.168.50.1
10-16 09:47:40.910 D/ConnectivityService( 522): Adding iface wlan0 to network 100
10-16 09:47:40.911 W/resolv ( 243): Validation failed
10-16 09:47:40.920 D/ConnectivityService( 522): Setting DNS servers for network 100 to [/192.168.50.1]
10-16 09:47:40.921 D/DnsManager( 522): sendDnsConfigurationForNetwork(100, [192.168.50.1], [], 1800, 25, 8, 64, 0, 0, , [192.168.50.1])
10-16 09:47:40.922 W/resolv ( 243): Validating DnsTlsServer 192.168.50.1 with mark 0xf0064
10-16 09:47:40.932 W/BestClock( 522): java.time.DateTimeException: Missing NTP fix
10-16 09:47:40.933 E/sprdwl ( 835): reorder_msdu_process: BA SESSION IS NO ACTIVE sta_lut_index: 6, tid: 0
10-16 09:47:40.940 W/resolv ( 243): SSL_connect ssl error =5, mark 0xf0064: Connection refused
10-16 09:47:40.941 W/resolv ( 243): TLS Handshake failed
10-16 09:47:40.941 W/resolv ( 243): query failed
10-16 09:47:40.941 W/resolv ( 243): validateDnsTlsServer returned 0 for 192.168.50.1
10-16 09:47:40.941 W/resolv ( 243): Validation failed
10-16 09:47:40.963 W/BestClock( 522): java.time.DateTimeException: Missing NTP fix
10-16 09:47:40.965 W/BestClock( 522): java.time.DateTimeException: Missing NTP fix
10-16 09:47:40.966 W/BestClock( 522): java.time.DateTimeException: Missing NTP fix
10-16 09:47:40.966 D/WifiClientModeImpl[wlan0]( 522): Received signal strength thresholds: []
10-16 09:47:40.967 D/ConnectivityService( 522): NetReassign [31 : null → 100, 21 : null → 100, 1 : null → 100, 23 : null → 100, 34 : null → 100, 27 : null → 100, 17 : null → 100, 3 : null → 100, 29 : null → 100, 19 : null → 100, 10 : null → 100]
10-16 09:47:40.967 E/WifiVendorHal( 522): stopRssiMonitoring(l.2617) failed {.code = ERROR_NOT_AVAILABLE, .description = }
10-16 09:47:40.969 D/ConnectivityService( 522): Switching to new default network for: uid/pid:1000/522 activeRequest: 1 callbackRequest: 1 [NetworkRequest [ REQUEST id=1, [ Capabilities: INTERNET&NOT_RESTRICTED&TRUSTED&NOT_VPN&NOT_VCN_MANAGED RequestorUid: 1000 RequestorPkg: android] ]] callback flags: 1 priority: 2147483647 using NetworkAgentInfo{network{100} handle{432902426637} ni{WIFI CONNECTED extra: } Score(60 ; KeepConnected : 0 ; Policies : TRANSPORT_PRIMARY&IS_UNMETERED) lp{{InterfaceName: wlan0 LinkAddresses: [ fe80::c482:e391:3e84:277b/64,192.168.50.7/24 ] DnsAddresses: [ /192.168.50.1 ] Domains: null MTU: 0 ServerAddress: /192.168.50.1 TcpBufferSizes: 524288,1048576,2097152,262144,524288,1048576 Routes: [ fe80::/64 -> :: wlan0 mtu 0,192.168.50.0/24 -> 0.0.0.0 wlan0 mtu 0,0.0.0.0/0 -> 192.168.50.1 wlan0 mtu 0 ]}} nc{[ Transports: WIFI Capabilities: NOT_METERED&INTERNET&NOT_RESTRICTED&TRUSTED&NOT_VPN&NOT_ROAMING&FOREGROUND&NOT_CONGESTED&NOT_SUSPENDED&NOT_VCN_MANAGED LinkUpBandwidth>=12000Kbps LinkDnBandwidth>=60000Kbps Specifier: TransportInfo: SignalStrength: -21 OwnerUid: 10021 AdminUids: [10021] SSID: "5G"]}}
10-16 09:47:40.971 D/NetworkMonitor/100( 916): Validation disabled.
10-16 09:47:40.980 W/BestClock( 522): java.time.DateTimeException: Missing NTP fix
10-16 09:47:40.984 W/UnsafeUtil( 916): platform method missing - proto runtime falling back to safer methods: java.lang.NoSuchMethodException: sun.misc.Unsafe.copyMemory [class java.lang.Object, long, class java.lang.Object, long, long]
10-16 09:47:41.011 W/BestClock( 522): java.time.DateTimeException: Missing NTP fix
10-16 09:47:41.014 W/BestClock( 522): java.time.DateTimeException: Missing NTP fix
10-16 09:47:41.014 W/BestClock( 522): java.time.DateTimeException: Missing NTP fix
10-16 09:47:41.017 D/UpstreamNetworkMonitor( 916): New default Internet network: 100
10-16 09:47:41.018 D/NetworkTimeUpdateService( 522): New default network 100; checking time.
10-16 09:47:41.021 D/ConnectivityService( 522): Sending CONNECTED broadcast for type 1 [100 WIFI] isDefaultNetwork=true
10-16 09:47:41.022 W/ContextImpl( 522): Calling a method in the system process without a qualified user: android.app.ContextImpl.sendStickyBroadcast:1559 com.android.server.ConnectivityService.sendStickyBroadcast:2884 com.android.server.ConnectivityService.sendGeneralBroadcast:2859 com.android.server.ConnectivityService.sendConnectedBroadcast:2832 com.android.server.ConnectivityService.sendLegacyNetworkBroadcast:8784
10-16 09:47:41.023 W/BestClock( 522): java.time.DateTimeException: Missing NTP fix
10-16 09:47:41.028 D/NearFieldManagerImpl( 2723): onReceive action get:android.net.conn.CONNECTIVITY_CHANGE
10-16 09:47:41.028 D/QuickLifeImpl( 1289): onReceive intent : Intent { act=android.net.conn.CONNECTIVITY_CHANGE flg=0x4200010 (has extras) }
10-16 09:47:41.029 D/RockyReceiver( 1745): action: android.net.conn.CONNECTIVITY_CHANGE
10-16 09:47:41.030 I/SendAliveManager( 3205): doWhenNetworkStateChanged
10-16 09:47:41.031 D/aaa ( 1965): action:android.net.conn.CONNECTIVITY_CHANGE
10-16 09:47:41.033 E/ConnectivityService( 522): Exception = android.content.pm.PackageManager$NameNotFoundException: android.net.cts
10-16 09:47:41.037 E/hq ( 1777): NetWorkStateReceiver:::NetWorkStateReceiver onReceive: 网络变化广播 >>>> intent.action=android.net.conn.CONNECTIVITY_CHANGE
10-16 09:47:41.037 D/QuickLifeImpl( 1289): networkInfo = [type: WIFI[], state: CONNECTED/CONNECTED, reason: (unspecified), extra: , failover: false, available: true, roaming: false]
10-16 09:47:41.037 D/QuickLifeImpl( 1289): network connected
10-16 09:47:41.040 D/NearFieldUtils( 2723): getPreferredIpAddress exec
10-16 09:47:41.040 D/NearFieldUtils( 2723): getPreferredIpAddress by custom priority
10-16 09:47:41.040 D/NearFieldUtils( 2723): getIpByInterfaceSetting customIdnNetworkPriority:[]
10-16 09:47:41.040 D/NearFieldUtils( 2723): getPreferredIpAddress by default priority
10-16 09:47:41.042 I/SendAliveManager( 3205): getSendAliveUrl--->http://ping.android.shouji.sogou.com/alive.gif
10-16 09:47:41.046 I/System.out( 2690): true
10-16 09:47:41.048 W/BroadcastQueue( 522): Target SDK mismatch: receiver ActivityInfo{94f1481 com.dangbei.screencast.startup.BootReceiver} targets 28 but delivery restricted to [0, 23] broadcasting Intent { act=android.net.conn.CONNECTIVITY_CHANGE flg=0x4200010 (has extras) } from android (pid=522, uid=1000) to com.dangbei.screencast/.startup.BootReceiver
10-16 09:47:41.056 W/BroadcastQueue( 522): Target SDK mismatch: receiver ActivityInfo{3431967 com.dangbei.euthenia.receiver.NetworkChangeReceiver} targets 26 but delivery restricted to [0, 23] broadcasting Intent { act=android.net.conn.CONNECTIVITY_CHANGE flg=0x4200010 (has extras) } from android (pid=522, uid=1000) to com.dangbei.lerad.videoposter/com.dangbei.euthenia.receiver.NetworkChangeReceiver
10-16 09:47:41.058 D/QuickLifeImpl( 1289): updateConditionValue key = DANGBEI_NETWORK_CONNECT; value = 1
10-16 09:47:41.059 W/BestClock( 522): java.time.DateTimeException: Missing NTP fix
10-16 09:47:41.065 E/StartupService( 2146): onConnected:
10-16 09:47:41.066 I/Receiver( 1745): 网络连接成功
10-16 09:47:41.067 W/BestClock( 522): java.time.DateTimeException: Missing NTP fix
10-16 09:47:41.067 E/hq ( 1777): NetWorkStateReceiver:::Network is available. isConnect=false 是否频次过快=false t=1760579261067
10-16 09:47:41.067 W/eventbuscore( 1777): post Event:com.dangbei.leard.base.entity.event.NetStateEvent
10-16 09:47:41.069 W/eventbuscore( 1777): post Event:com.dangbei.leard.base.entity.event.NetChangeEvent
10-16 09:47:41.073 D/QuickLifeImpl( 1289): updateConditionValue key = DANGBEI_NETWORK_DISCONNECT; value = 0
10-16 09:47:41.078 D/AppManager( 1777): requestBlackAndWhiteList
10-16 09:47:41.078 D/AppListModel( 1777): requestAppFilterList: true , false
10-16 09:47:41.125 E/hq ( 1777): listenerNet:::重新来网了 key=image_error isConnect=true
10-16 09:47:41.137 E/hq ( 1777): listenerNet:::重新来网了 key=requestAppWhiteList isConnect=true
10-16 09:47:41.137 D/dangbei ad sdk( 1777): HttpUtils.....::response=http://esw.tymcdn.com/dbGold/os/v2/sdkSwitch.do
10-16 09:47:41.141 I/System.out( 1777): true
10-16 09:47:41.148 E/hq ( 1777): listenerNet:::重新来网了 key=clearDeviceHistoryDataByFirstBoot isConnect=true
10-16 09:47:41.156 D/LanSocketServer( 1289): connect
