10-16 09:41:44.679 W/awplayer( 355): : audio probe fail!!!
10-16 09:41:44.679 I/awplayer( 355): <__AiffParserProbe:805>: wav probe failed.
10-16 09:41:44.679 D/awplayer( 355): : Good, it's 'id3v2'
10-16 09:41:44.680 E/awplayer( 355): <__FlacParserProbe:1096>: Flac probe failed.
10-16 09:41:44.680 D/awplayer( 355): : Good, it's 'mp3'
10-16 09:41:44.680 W/awplayer( 355): : not implement...(18)
10-16 09:41:44.680 D/awplayer( 355): : *********PrintMediaInfo begin*********
10-16 09:41:44.680 D/awplayer( 355): : fileSize = 13251, bSeekable = 1, duration = 2124, audioNum = 1, videoNum = 0, subtitleNum = 0
10-16 09:41:44.681 D/awplayer( 355): : ***Audio[0]*** eCodecFormat = 0x3, eSubCodecFormat = 0x0, nChannelNum = 1, nBitsPerSample = 0, nSampleRate = 16000
10-16 09:41:44.681 D/awplayer( 355): : *********PrintMediaInfo end*********
10-16 09:41:44.681 D/demuxComponent( 355): : *********PrintMediaInfo begin*********
10-16 09:41:44.681 D/demuxComponent( 355): : fileSize = 13251, bSeekable = 1, duration = 2124, audioNum = 1, videoNum = 0, subtitleNum = 0
10-16 09:41:44.681 D/demuxComponent( 355): : ***Audio[0]*** eCodecFormat = 0x3, eSubCodecFormat = 0x0, nChannelNum = 1, nBitsPerSample = 0, nSampleRate = 16000
10-16 09:41:44.681 D/demuxComponent( 355): : *********PrintMediaInfo end*********
10-16 09:41:44.685 D/awplayer( 355): : audio render component setting AudioSink
10-16 09:41:44.686 D/awplayer( 355): : prepareAsync
10-16 09:41:44.686 D/awplayer( 355): : prepareAsync
10-16 09:41:44.684 I/EventThread( 262): type=1400 audit(0.0:368): avc: denied { search } for name="extcon" dev="sysfs" ino=18109 scontext=u:r:hal_tv_cec_default:s0 tcontext=u:object_r:sysfs_extcon:s0 tclass=dir permissive=1
10-16 09:41:44.688 D/awplayer( 355): : process message XPLAYER_COMMAND_PREPARE. mPriData->mStatus: 4
10-16 09:41:44.689 I/awplayer( 355): : isPlaying
10-16 09:41:44.706 I/hwservicemanager( 182): getTransport: Cannot find entry android.hardware.graphics.mapper@4.0::IMapper/default in either framework or device VINTF manifest.
10-16 09:41:44.706 I/Gralloc4( 748): mapper 4.x is not supported
10-16 09:41:44.706 I/hwservicemanager( 182): getTransport: Cannot find entry android.hardware.graphics.mapper@3.0::IMapper/default in either framework or device VINTF manifest.
10-16 09:41:44.706 W/Gralloc3( 748): mapper 3.x is not supported
10-16 09:41:44.709 I/ActivityStarter( 522): ---START u0 {act=android.content.pm.action.REQUEST_PERMISSIONS pkg=com.android.permissioncontroller cmp=com.android.permissioncontroller/.permission.ui.GrantPermissionsActivity (has extras)} from uid 10021
10-16 09:41:44.710 E/gralloc ( 748): Arm Module v1.0
10-16 09:41:44.712 I/hwservicemanager( 182): getTransport: Cannot find entry android.hardware.graphics.allocator@4.0::IAllocator/default in either framework or device VINTF manifest.
10-16 09:41:44.712 W/Gralloc4( 748): allocator 4.x is not supported
10-16 09:41:44.712 I/hwservicemanager( 182): getTransport: Cannot find entry android.hardware.graphics.allocator@3.0::IAllocator/default in either framework or device VINTF manifest.
10-16 09:41:44.713 W/Gralloc3( 748): allocator 3.x is not supported
10-16 09:41:44.718 I/gralloc ( 257): alloc buffer:W:1920 H:1080 S:1920 PL[1920 1080] SZ:8294400 fmt:43 if:0 af:43 usg:20000b00 fg:00000004
10-16 09:41:44.720 E/ion ( 748): ioctl c0044901 failed with code -1: Inappropriate ioctl for device
10-16 09:41:44.721 D/CompatibilityChangeReporter( 522): Compat change id reported: 174042980; UID 10073; state: DISABLED
10-16 09:41:44.723 D/CompatibilityChangeReporter( 522): Compat change id reported: 184838306; UID 10073; state: DISABLED
10-16 09:41:44.725 D/CompatibilityChangeReporter( 522): Compat change id reported: 185004937; UID 10073; state: DISABLED
10-16 09:41:44.728 D/CompatibilityChangeReporter( 522): Compat change id reported: 181136395; UID 10073; state: DISABLED
10-16 09:41:44.732 D/CompatibilityChangeReporter( 522): Compat change id reported: 174042936; UID 10073; state: DISABLED
10-16 09:41:44.734 I/gralloc ( 257): alloc buffer:W:1920 H:1080 S:1920 PL[1920 1080] SZ:8294400 fmt:43 if:0 af:43 usg:20000b00 fg:00000004
10-16 09:41:44.737 I/AW_PowerHAL( 261): Power setMode: LAUNCH to: 1
10-16 09:41:44.737 I/AW_PowerHAL( 261): not completed yet, ignore mode request other
10-16 09:41:44.747 I/gralloc ( 257): alloc buffer:W:1920 H:1080 S:1920 PL[1920 1080] SZ:8294400 fmt:43 if:0 af:43 usg:20000b00 fg:00000004
10-16 09:41:44.823 D/BluetoothManagerService( 522): enable(com.dangbei.hqguide): mBluetooth =android.bluetooth.IBluetooth$Stub$Proxy@e124b33 mBinding = false mState = BLE_TURNING_ON
10-16 09:41:44.823 D/BluetoothManagerService( 522): MESSAGE_ENABLE(0): mBluetooth = android.bluetooth.IBluetooth$Stub$Proxy@e124b33
10-16 09:41:44.824 D/BluetoothManagerService( 522): enable returning
10-16 09:41:45.242 W/ActivityTaskManager( 522): Activity top resumed state loss timeout for ActivityRecord{a4a88e5 u0 com.dangbei.hqguide/.main.MainActivity t6}
10-16 09:41:45.246 W/ActivityTaskManager( 522): Activity pause timeout for ActivityRecord{a4a88e5 u0 com.dangbei.hqguide/.main.MainActivity t6}
10-16 09:41:45.374 D/hdmi-cec( 262): cec physical address: 1.0.0.0
10-16 09:41:45.375 W/HdmiCecController( 522): Failed to send 45:7D with errorCode=1
10-16 09:41:45.414 W/IorapForwardingService( 522): No service published for: iorapd
10-16 09:41:45.434 D/TvPipController( 748): onTaskStackChanged()
10-16 09:41:45.518 I/update_engine( 376): [INFO:cleanup_previous_update_action.cc(112)] Executing task 11
10-16 09:41:45.525 I/update_engine( 376): [INFO:cleanup_previous_update_action.cc(124)] CleanupPreviousUpdateAction scheduled task ID 12 for WaitBootCompleted
10-16 09:41:45.658 W/Looper ( 522): Slow dispatch took 284ms main h=android.os.Handler c=com.android.server.hdmi.WorkSourceUidPreservingRunnable@5e43e01 m=0
10-16 09:41:45.659 W/Looper ( 522): Slow delivery took 284ms main h=android.os.Handler c=com.android.server.hdmi.WorkSourceUidPreservingRunnable@2d8e4a6 m=0
10-16 09:41:45.659 W/Looper ( 522): Drained
10-16 09:41:45.871 I/BLEAudioDrive_HV410( 249): select timeout!
10-16 09:41:46.171 E/WifiHAL ( 721): wifi_get_link_stats: requestResponse Error:-5
10-16 09:41:46.173 E/WifiVendorHal( 522): getWifiLinkLayerStats_1_5_Internal(l.1191) failed {.code = ERROR_INVALID_ARGS, .description = }
10-16 09:41:46.179 D/ApConfigUtil( 522): Update Softap capability, add client control feature support
10-16 09:41:46.179 D/ApConfigUtil( 522): Update Softap capability, add MAC customization support
10-16 09:41:46.179 D/ApConfigUtil( 522): Update Softap capability, add 2.4G support
10-16 09:41:46.179 D/ApConfigUtil( 522): Update Softap capability, max client = 16
10-16 09:41:46.180 V/WifiManager( 916): SoftApCallbackProxy: send InfoChanged, newInfo: SoftApInfo{bandwidth= 0, frequency= 0, wifiStandard= 0, mApInstanceIdentifier= null, mIdleShutdownTimeoutMillis= 0}
10-16 09:41:46.180 V/WifiManager( 916): SoftApCallbackProxy: send InfoChanged, changedInfoList: []
10-16 09:41:46.180 V/WifiManager( 916): SoftApCallbackProxy: send onConnectedClientsChanged(clients): []
10-16 09:41:46.202 I/WifiService( 522): startScan uid=10021
10-16 09:41:46.204 E/WifiHAL ( 721): wifi_get_link_stats: requestResponse Error:-5
10-16 09:41:46.206 E/WifiVendorHal( 522): getWifiLinkLayerStats_1_5_Internal(l.1191) failed {.code = ERROR_INVALID_ARGS, .description = }
10-16 09:41:46.208 W/BatteryExternalStatsWorker( 522): error reading modem stats:ERROR_PHONE_NOT_AVAILABLE
10-16 09:41:46.211 E/WifiHAL ( 721): wifi_get_link_stats: requestResponse Error:-5
10-16 09:41:46.214 E/WifiVendorHal( 522): getWifiLinkLayerStats_1_5_Internal(l.1191) failed {.code = ERROR_INVALID_ARGS, .description = }
10-16 09:41:46.218 W/KernelCpuProcStringReader( 522): File not found. It's normal if not implemented: /proc/uid_time_in_state
10-16 09:41:46.218 W/KernelCpuProcStringReader( 522): File not found. It's normal if not implemented: /proc/uid_concurrent_active_time
10-16 09:41:46.218 W/KernelCpuProcStringReader( 522): File not found. It's normal if not implemented: /proc/uid_concurrent_policy_time
10-16 09:41:46.219 E/KernelCpuSpeedReader( 522): Failed to read cpu-freq: /sys/devices/system/cpu/cpu0/cpufreq/stats/time_in_state: open failed: ENOENT (No such file or directory)
10-16 09:41:46.219 E/system_server( 522): Cannot read thread CPU times for PID 522
10-16 09:41:46.278 I/bt_core_module( 733): system/bt/btcore/src/module.cc:90 module_start_up: module_start_up Started module "controller_module"
10-16 09:41:46.279 I/bt_btm_pm( 733): system/bt/stack/acl/btm_pm.cc:392 btm_pm_reset: reset pm
10-16 09:41:46.279 I/btm_acl ( 733): system/bt/stack/acl/btm_acl.cc:654 check_link_policy: hold not supported (settings: 0x000d)
10-16 09:41:46.279 I/btm_acl ( 733): system/bt/stack/acl/btm_acl.cc:664 check_link_policy: park not supported (settings: 0x0005)
10-16 09:41:46.279 I/bt_btm_sec( 733): system/bt/stack/btm/btm_sec.cc:226 BTM_SecRegister: BTM_SecRegister p_cb_info->p_le_callback == 0x0xcbb0a6c1
10-16 09:41:46.279 I/bt_btm_sec( 733): system/bt/stack/btm/btm_sec.cc:241 BTM_SecRegister: BTM_SecRegister btm_cb.api.p_le_callback = 0x0xcbb0a6c1
10-16 09:41:46.280 I/bluetooth( 733): system/bt/stack/gatt/gatt_api.cc:1019 GATT_Register: Allocated name:GattClient uuid:b92568e9-1544-89f7-950f-ba23f73f6220 gatt_if:3 eatt_support:0
10-16 09:41:46.304 I/bt_stack( 733): [INFO:ble_advertiser_hci_interface.cc(767)] Extended advertising will be in use
10-16 09:41:46.305 D/AdapterProperties( 733): BT_PROPERTY_LOCAL_LE_FEATURES: update from BT controller mNumOfAdvertisementInstancesSupported = 0 mRpaOffloadSupported = false mNumOfOffloadedIrkSupported = 0 mNumOfOffloadedScanFilterSupported = 0 mOffloadedScanResultStorageBytes= 0 mIsActivityAndEnergyReporting = false mVersSupported = 0 mTotNumOfTrackableAdv = 0 mIsExtendedScanSupported = false mIsDebugLogSupported = false mIsLe2MPhySupported = true mIsLeCodedPhySupported = true mIsLeExtendedAdvertisingSupported = true mIsLePeriodicAdvertisingSupported = true mLeMaximumAdvertisingDataLength = 1650 mDynamicAudioBufferSizeSupportedCodecsGroup1 = 0 mDynamicAudioBufferSizeSupportedCodecsGroup2 = 0
10-16 09:41:46.307 E/bt_btif_storage( 733): system/bt/btif/src/btif_storage.cc:632 btif_storage_get_adapter_property: btif_storage_get_adapter_property: Controller ready!
10-16 09:41:46.307 I/bt_btif_storage( 733): system/bt/btif/src/btif_storage.cc:661 btif_storage_get_adapter_property: btif_storage_get_adapter_property service_mask:0x20000000
10-16 09:41:46.307 I/bt_stack( 733): [INFO:btif_bqr.cc(229)] EnableBtQualityReport: is_enable: true
10-16 09:41:46.307 W/bt_stack( 733): [WARNING:btif_bqr.cc(237)] EnableBtQualityReport: Bluetooth Quality Report is disabled. bqr_prop_evtmask: , bqr_prop_interval_ms:
10-16 09:41:46.307 I/bt_btif_core( 733): system/bt/btif/src/btif_core.cc:281 btif_enable_bluetooth_evt: btif_enable_bluetooth_evt: Storing 'b4:2f:03:c6:70:66' into the config file
10-16 09:41:46.308 I/bt_osi_thread( 733): system/bt/osi/src/thread.cc:209 run_thread: run_thread: thread id 1066, thread name btif_sock started
10-16 09:41:46.309 I/bt_bte_conf( 733): system/bt/main/bte_conf.cc:84 bte_load_did_conf: Device ID record 1 : primary
10-16 09:41:46.309 I/bt_bte_conf( 733): system/bt/main/bte_conf.cc:85 bte_load_did_conf: vendorId = 00e0
10-16 09:41:46.309 I/bt_bte_conf( 733): system/bt/main/bte_conf.cc:86 bte_load_did_conf: vendorIdSource = 0001
10-16 09:41:46.309 I/bt_bte_conf( 733): system/bt/main/bte_conf.cc:87 bte_load_did_conf: product = 1200
10-16 09:41:46.309 I/bt_bte_conf( 733): system/bt/main/bte_conf.cc:88 bte_load_did_conf: version = 1436
10-16 09:41:46.309 I/bt_bte_conf( 733): system/bt/main/bte_conf.cc:89 bte_load_did_conf: clientExecutableURL =
10-16 09:41:46.309 I/bt_bte_conf( 733): system/bt/main/bte_conf.cc:90 bte_load_did_conf: serviceDescription =
10-16 09:41:46.309 I/bt_bte_conf( 733): system/bt/main/bte_conf.cc:91 bte_load_did_conf: documentationURL =
10-16 09:41:46.309 I/bt_bta_dm( 733): system/bt/bta/dm/bta_dm_act.cc:3191 bta_dm_eir_update_uuid: EIR Adding UUID=0x1200 into extended inquiry response
10-16 09:41:46.309 I/bt_bta_dm( 733): system/bt/bta/dm/bta_dm_act.cc:2890 bta_dm_set_eir: Generating extended inquiry response packet EIR
10-16 09:41:46.309 I/bt_bte_conf( 733): system/bt/main/bte_conf.cc:47 bte_load_did_conf: bte_load_did_conf no section named DID2.
10-16 09:41:46.309 I/bt_btif_core( 733): system/bt/btif/src/btif_core.cc:312 btif_enable_bluetooth_evt: Bluetooth enable event completed
10-16 09:41:46.309 I/bt_stack_manager( 733): system/bt/btif/src/stack_manager.cc:311 event_start_up_stack: event_start_up_stack finished
10-16 09:41:46.309 I/bt_bta_dm( 733): system/bt/bta/dm/bta_dm_act.cc:2890 bta_dm_set_eir: Generating extended inquiry response packet EIR
10-16 09:41:46.322 D/BluetoothManagerService( 522): Bluetooth Adapter address changed to B4:2F:03:C6:70:66
10-16 09:41:46.324 D/AdapterProperties( 733): Name is: DBBOX-A2
10-16 09:41:46.324 D/BluetoothManagerService( 522): Stored Bluetoothaddress: B4:2F:03:C6:70:66
10-16 09:41:46.326 D/AdapterProperties( 733): Scan Mode:20
10-16 09:41:46.326 D/AdapterProperties( 733): Discoverable Timeout:120
10-16 09:41:46.328 D/BluetoothManagerService( 522): Bluetooth Adapter name changed to DBBOX-A2 by android
10-16 09:41:46.328 D/BluetoothManagerService( 522): Stored Bluetooth name: DBBOX-A2
10-16 09:41:46.329 D/BluetoothManagerService( 522): Bluetooth Adapter address changed to B4:2F:03:C6:70:66
10-16 09:41:46.329 D/BluetoothManagerService( 522): Stored Bluetoothaddress: B4:2F:03:C6:70:66
10-16 09:41:46.330 I/AdapterState( 733): BLE_ON : entered
10-16 09:41:46.330 D/AdapterProperties( 733): Setting state to BLE_ON
10-16 09:41:46.331 D/BluetoothAdapterService( 733): updateAdapterState() - Broadcasting state BLE_ON to 1 receivers.
10-16 09:41:46.331 D/BluetoothManagerService( 522): MESSAGE_BLUETOOTH_STATE_CHANGE: BLE_TURNING_ON > BLE_ON
10-16 09:41:46.331 D/BluetoothManagerService( 522): Bluetooth is in LE only mode
10-16 09:41:46.332 D/BluetoothManagerService( 522): Binding Bluetooth GATT service
10-16 09:41:46.334 D/BluetoothManagerService( 522): Sending BLE State Change: BLE_TURNING_ON > BLE_ON
10-16 09:41:46.336 D/BluetoothManagerService( 522): BluetoothServiceConnection: com.android.bluetooth.gatt.GattService
10-16 09:41:46.336 D/BluetoothManagerService( 522): MESSAGE_BLUETOOTH_SERVICE_CONNECTED: 2
10-16 09:41:46.337 D/BluetoothManagerService( 522): continueFromBleOnState()
10-16 09:41:46.338 I/AdapterState( 733): TURNING_ON : entered
10-16 09:41:46.339 D/BluetoothManagerService( 522): Persisting Bluetooth Setting: 1
10-16 09:41:46.339 D/AdapterProperties( 733): Setting state to TURNING_ON
10-16 09:41:46.339 D/BluetoothAdapterService( 733): updateAdapterState() - Broadcasting state TURNING_ON to 1 receivers.
10-16 09:41:46.340 D/BluetoothManagerService( 522): MESSAGE_BLUETOOTH_STATE_CHANGE: BLE_ON > TURNING_ON
10-16 09:41:46.340 D/BluetoothManagerService( 522): Sending BLE State Change: BLE_ON > TURNING_ON
10-16 09:41:46.340 D/BluetoothAdapterService( 733): startCoreServices()
10-16 09:41:46.341 D/BluetoothManagerService( 522): Sending State Change: OFF > TURNING_ON
10-16 09:41:46.344 I/BluetoothDatabase( 733): migrateSettingGlobal
10-16 09:41:46.345 D/BluetoothDatabase( 733): updateDatabase LocalStorage
10-16 09:41:46.345 D/BluetoothDatabase( 733): Load Database
10-16 09:41:46.346 D/BluetoothActiveDeviceManager( 733): handleMessage(MESSAGE_ADAPTER_ACTION_STATE_CHANGED): newState=11
10-16 09:41:46.349 I/HeadsetService( 733): create()
10-16 09:41:46.350 D/BluetoothDatabase( 733): compactLastConnectionTime: Compacting metadata after load
10-16 09:41:46.350 I/BluetoothDatabase( 733): cacheMetadata
10-16 09:41:46.350 V/BluetoothDatabase( 733): cacheMetadata: found device LocalStorage
10-16 09:41:46.350 I/BluetoothDatabase( 733): cacheMetadata: Database is ready
10-16 09:41:46.353 I/HeadsetService( 733): start()
10-16 09:41:46.362 I/BluetoothHeadsetServiceJni( 733): classInitNative: succeeds
10-16 09:41:46.363 I/bt_btif ( 733): system/bt/btif/src/bluetooth.cc:417 get_profile_interface: get_profile_interface: id = handsfree
10-16 09:41:46.363 I/bt_stack( 733): [INFO:btif_hf.cc(1491)] GetInterface
10-16 09:41:46.363 I/bt_btif_storage( 733): system/bt/btif/src/btif_storage.cc:661 btif_storage_get_adapter_property: btif_storage_get_adapter_property service_mask:0x20000040
10-16 09:41:46.363 I/bt_bta_dm( 733): system/bt/bta/dm/bta_dm_act.cc:3191 bta_dm_eir_update_uuid: EIR Adding UUID=0x1112 into extended inquiry response
10-16 09:41:46.363 I/bt_bta_dm( 733): system/bt/bta/dm/bta_dm_act.cc:2890 bta_dm_set_eir: Generating extended inquiry response packet EIR
10-16 09:41:46.363 I/bt_bta_dm( 733): system/bt/bta/dm/bta_dm_act.cc:3191 bta_dm_eir_update_uuid: EIR Adding UUID=0x111F into extended inquiry response
10-16 09:41:46.363 I/bt_bta_dm( 733): system/bt/bta/dm/bta_dm_act.cc:2890 bta_dm_set_eir: Generating extended inquiry response packet EIR
10-16 09:41:46.363 I/bt_stack( 733): [INFO:port_api.cc(234)] RFCOMM_CreateConnection: bd_addr=ff:ff:ff:ff:ff:ff, scn=2, is_server=1, mtu=256, uuid=0x1112, dlci=4, signal_state=0x0b, p_port=0xcc014524
10-16 09:41:46.364 I/bt_stack( 733): [INFO:port_api.cc(234)] RFCOMM_CreateConnection: bd_addr=ff:ff:ff:ff:ff:ff, scn=3, is_server=1, mtu=256, uuid=0x111f, dlci=6, signal_state=0x0b, p_port=0xcc0145ac
10-16 09:41:46.364 I/bt_stack( 733): [INFO:btif_hf.cc(289)] btif_hf_upstreams_evt: AG enable/disable event 0
10-16 09:41:46.364 I/bt_stack( 733): [INFO:port_api.cc(234)] RFCOMM_CreateConnection: bd_addr=ff:ff:ff:ff:ff:ff, scn=2, is_server=1, mtu=256, uuid=0x1112, dlci=4, signal_state=0x0b, p_port=0xcc014634
10-16 09:41:46.364 I/bt_stack( 733): [INFO:port_api.cc(234)] RFCOMM_CreateConnection: bd_addr=ff:ff:ff:ff:ff:ff, scn=3, is_server=1, mtu=256, uuid=0x111f, dlci=6, signal_state=0x0b, p_port=0xcc0146bc
10-16 09:41:46.371 I/A2dpService( 733): create()
10-16 09:41:46.377 D/BluetoothA2dp( 522): Proxy object connected
10-16 09:41:46.377 D/BluetoothA2dp( 522): Proxy object connected
10-16 09:41:46.379 D/BluetoothA2dp( 522): Proxy object connected
10-16 09:41:46.381 I/A2dpService( 733): start()
10-16 09:41:46.382 I/BluetoothA2dpServiceJni( 733): classInitNative: succeeds
10-16 09:41:46.383 I/bt_stack( 733): [INFO:port_api.cc(234)] RFCOMM_CreateConnection: bd_addr=ff:ff:ff:ff:ff:ff, scn=2, is_server=1, mtu=256, uuid=0x1112, dlci=4, signal_state=0x0b, p_port=0xcc014744
10-16 09:41:46.383 I/bt_stack( 733): [INFO:port_api.cc(234)] RFCOMM_CreateConnection: bd_addr=ff:ff:ff:ff:ff:ff, scn=3, is_server=1, mtu=256, uuid=0x111f, dlci=6, signal_state=0x0b, p_port=0xcc0147cc
10-16 09:41:46.383 I/bt_stack( 733): [INFO:port_api.cc(234)] RFCOMM_CreateConnection: bd_addr=ff:ff:ff:ff:ff:ff, scn=2, is_server=1, mtu=256, uuid=0x1112, dlci=4, signal_state=0x0b, p_port=0xcc014854
10-16 09:41:46.383 I/bt_stack( 733): [INFO:port_api.cc(234)] RFCOMM_CreateConnection: bd_addr=ff:ff:ff:ff:ff:ff, scn=3, is_server=1, mtu=256, uuid=0x111f, dlci=6, signal_state=0x0b, p_port=0xcc0148dc
10-16 09:41:46.383 I/bt_stack( 733): [INFO:port_api.cc(234)] RFCOMM_CreateConnection: bd_addr=ff:ff:ff:ff:ff:ff, scn=2, is_server=1, mtu=256, uuid=0x1112, dlci=4, signal_state=0x0b, p_port=0xcc014964
10-16 09:41:46.383 I/A2dpService( 733): Max connected audio devices set to 5
10-16 09:41:46.383 I/bt_stack( 733): [INFO:port_api.cc(234)] RFCOMM_CreateConnection: bd_addr=ff:ff:ff:ff:ff:ff, scn=3, is_server=1, mtu=256, uuid=0x111f, dlci=6, signal_state=0x0b, p_port=0xcc0149ec
10-16 09:41:46.383 I/bt_stack( 733): [INFO:port_api.cc(234)] RFCOMM_CreateConnection: bd_addr=ff:ff:ff:ff:ff:ff, scn=2, is_server=1, mtu=256, uuid=0x1112, dlci=4, signal_state=0x0b, p_port=0xcc014a74
10-16 09:41:46.384 I/bt_stack( 733): [INFO:port_api.cc(234)] RFCOMM_CreateConnection: bd_addr=ff:ff:ff:ff:ff:ff, scn=3, is_server=1, mtu=256, uuid=0x111f, dlci=6, signal_state=0x0b, p_port=0xcc014afc
10-16 09:41:46.386 I/bt_btif ( 733): system/bt/btif/src/bluetooth.cc:417 get_profile_interface: get_profile_interface: id = a2dp
10-16 09:41:46.386 I/btif_av ( 733): system/bt/btif/src/btif_av.cc:965 Init: bt_status_t BtifAvSource::Init(btav_source_callbacks_t *, int, const std::vector &, const std::vector &): max_connected_audio_devices=5
10-16 09:41:46.386 I/a2dp_codec( 733): system/bt/stack/a2dp/a2dp_codec_config.cc:569 init: init
10-16 09:41:46.386 I/a2dp_codec( 733): system/bt/stack/a2dp/a2dp_codec_config.cc:113 createCodec: createCodec: codec SBC
10-16 09:41:46.386 I/a2dp_codec( 733): system/bt/stack/a2dp/a2dp_codec_config.cc:633 init: init: updated SBC codec priority to 1001
10-16 09:41:46.386 I/a2dp_codec( 733): system/bt/stack/a2dp/a2dp_codec_config.cc:113 createCodec: createCodec: codec AAC
10-16 09:41:46.386 I/a2dp_codec( 733): system/bt/stack/a2dp/a2dp_codec_config.cc:633 init: init: updated AAC codec priority to 2001
10-16 09:41:46.386 I/a2dp_codec( 733): system/bt/stack/a2dp/a2dp_codec_config.cc:113 createCodec: createCodec: codec aptX
10-16 09:41:46.388 E/a2dp_vendor_aptx_encoder( 733): system/bt/stack/a2dp/a2dp_vendor_aptx_encoder.cc:123 A2DP_VendorLoadEncoderAptx: A2DP_VendorLoadEncoderAptx: cannot open aptX encoder library libaptX_encoder.so: dlopen failed: library "libaptX_encoder.so" not found
10-16 09:41:46.388 E/a2dp_vendor_aptx( 733): system/bt/stack/a2dp/a2dp_vendor_aptx.cc:465 init: init: cannot load the encoder
10-16 09:41:46.388 I/a2dp_codec( 733): system/bt/stack/a2dp/a2dp_codec_config.cc:113 createCodec: createCodec: codec aptX-HD
10-16 09:41:46.389 E/a2dp_vendor_aptx_hd_encoder( 733): system/bt/stack/a2dp/a2dp_vendor_aptx_hd_encoder.cc:123 A2DP_VendorLoadEncoderAptxHd: A2DP_VendorLoadEncoderAptxHd: cannot open aptX-HD encoder library libaptXHD_encoder.so: dlopen failed: library "libaptXHD_encoder.so" not found
10-16 09:41:46.389 E/a2dp_vendor_aptx_hd( 733): system/bt/stack/a2dp/a2dp_vendor_aptx_hd.cc:483 init: init: cannot load the encoder
10-16 09:41:46.389 I/a2dp_codec( 733): system/bt/stack/a2dp/a2dp_codec_config.cc:113 createCodec: createCodec: codec LDAC
10-16 09:41:46.394 I/a2dp_codec( 733): system/bt/stack/a2dp/a2dp_codec_config.cc:633 init: init: updated LDAC codec priority to 5001
10-16 09:41:46.394 I/a2dp_codec( 733): system/bt/stack/a2dp/a2dp_codec_config.cc:113 createCodec: createCodec: codec SBC SINK
10-16 09:41:46.394 I/a2dp_codec( 733): system/bt/stack/a2dp/a2dp_codec_config.cc:113 createCodec: createCodec: codec AAC SINK
10-16 09:41:46.394 I/a2dp_codec( 733): system/bt/stack/a2dp/a2dp_codec_config.cc:113 createCodec: createCodec: codec LDAC SINK
10-16 09:41:46.395 E/a2dp_vendor_ldac_decoder( 733): system/bt/stack/a2dp/a2dp_vendor_ldac_decoder.cc:134 A2DP_VendorLoadDecoderLdac: A2DP_VendorLoadDecoderLdac: cannot open LDAC decoder library libldacBT_bco.so: dlopen failed: library "libldacBT_bco.so" not found
10-16 09:41:46.395 E/a2dp_vendor_ldac( 733): system/bt/stack/a2dp/a2dp_vendor_ldac.cc:1418 init: init: cannot load the decoder
10-16 09:41:46.395 I/a2dp_codec( 733): system/bt/stack/a2dp/a2dp_codec_config.cc:658 init: init: initialized Source codec LDAC
10-16 09:41:46.395 I/a2dp_codec( 733): system/bt/stack/a2dp/a2dp_codec_config.cc:658 init: init: initialized Source codec AAC
10-16 09:41:46.395 I/a2dp_codec( 733): system/bt/stack/a2dp/a2dp_codec_config.cc:658 init: init: initialized Source codec SBC
10-16 09:41:46.395 I/a2dp_codec( 733): system/bt/stack/a2dp/a2dp_codec_config.cc:665 init: init: initialized Sink codec AAC SINK
10-16 09:41:46.395 I/a2dp_codec( 733): system/bt/stack/a2dp/a2dp_codec_config.cc:665 init: init: initialized Sink codec SBC SINK
10-16 09:41:46.395 I/a2dp_codec( 733): system/bt/stack/a2dp/a2dp_codec_config.cc:569 init: init
10-16 09:41:46.395 I/a2dp_codec( 733): system/bt/stack/a2dp/a2dp_codec_config.cc:113 createCodec: createCodec: codec SBC
10-16 09:41:46.395 I/a2dp_codec( 733): system/bt/stack/a2dp/a2dp_codec_config.cc:633 init: init: updated SBC codec priority to 1001
10-16 09:41:46.395 I/a2dp_codec( 733): system/bt/stack/a2dp/a2dp_codec_config.cc:113 createCodec: createCodec: codec AAC
10-16 09:41:46.395 I/a2dp_codec( 733): system/bt/stack/a2dp/a2dp_codec_config.cc:633 init: init: updated AAC codec priority to 2001
10-16 09:41:46.395 I/a2dp_codec( 733): system/bt/stack/a2dp/a2dp_codec_config.cc:113 createCodec: createCodec: codec aptX
10-16 09:41:46.396 E/a2dp_vendor_aptx_encoder( 733): system/bt/stack/a2dp/a2dp_vendor_aptx_encoder.cc:123 A2DP_VendorLoadEncoderAptx: A2DP_VendorLoadEncoderAptx: cannot open aptX encoder library libaptX_encoder.so: dlopen failed: library "libaptX_encoder.so" not found
10-16 09:41:46.396 E/a2dp_vendor_aptx( 733): system/bt/stack/a2dp/a2dp_vendor_aptx.cc:465 init: init: cannot load the encoder
10-16 09:41:46.396 I/a2dp_codec( 733): system/bt/stack/a2dp/a2dp_codec_config.cc:113 createCodec: createCodec: codec aptX-HD
10-16 09:41:46.397 E/a2dp_vendor_aptx_hd_encoder( 733): system/bt/stack/a2dp/a2dp_vendor_aptx_hd_encoder.cc:123 A2DP_VendorLoadEncoderAptxHd: A2DP_VendorLoadEncoderAptxHd: cannot open aptX-HD encoder library libaptXHD_encoder.so: dlopen failed: library "libaptXHD_encoder.so" not found
10-16 09:41:46.397 E/a2dp_vendor_aptx_hd( 733): system/bt/stack/a2dp/a2dp_vendor_aptx_hd.cc:483 init: init: cannot load the encoder
10-16 09:41:46.397 I/a2dp_codec( 733): system/bt/stack/a2dp/a2dp_codec_config.cc:113 createCodec: createCodec: codec LDAC
10-16 09:41:46.397 I/a2dp_codec( 733): system/bt/stack/a2dp/a2dp_codec_config.cc:633 init: init: updated LDAC codec priority to 5001
10-16 09:41:46.397 I/a2dp_codec( 733): system/bt/stack/a2dp/a2dp_codec_config.cc:113 createCodec: createCodec: codec SBC SINK
10-16 09:41:46.397 I/a2dp_codec( 733): system/bt/stack/a2dp/a2dp_codec_config.cc:113 createCodec: createCodec: codec AAC SINK
10-16 09:41:46.397 I/a2dp_codec( 733): system/bt/stack/a2dp/a2dp_codec_config.cc:113 createCodec: createCodec: codec LDAC SINK
10-16 09:41:46.398 E/a2dp_vendor_ldac_decoder( 733): system/bt/stack/a2dp/a2dp_vendor_ldac_decoder.cc:134 A2DP_VendorLoadDecoderLdac: A2DP_VendorLoadDecoderLdac: cannot open LDAC decoder library libldacBT_bco.so: dlopen failed: library "libldacBT_bco.so" not found
10-16 09:41:46.398 E/a2dp_vendor_ldac( 733): system/bt/stack/a2dp/a2dp_vendor_ldac.cc:1418 init: init: cannot load the decoder
10-16 09:41:46.398 I/a2dp_codec( 733): system/bt/stack/a2dp/a2dp_codec_config.cc:658 init: init: initialized Source codec LDAC
10-16 09:41:46.398 I/a2dp_codec( 733): system/bt/stack/a2dp/a2dp_codec_config.cc:658 init: init: initialized Source codec AAC
10-16 09:41:46.398 I/a2dp_codec( 733): system/bt/stack/a2dp/a2dp_codec_config.cc:658 init: init: initialized Source codec SBC
10-16 09:41:46.398 I/a2dp_codec( 733): system/bt/stack/a2dp/a2dp_codec_config.cc:665 init: init: initialized Sink codec AAC SINK
10-16 09:41:46.398 I/a2dp_codec( 733): system/bt/stack/a2dp/a2dp_codec_config.cc:665 init: init: initialized Sink codec SBC SINK
10-16 09:41:46.399 I/a2dp_codec( 733): system/bt/stack/a2dp/a2dp_codec_config.cc:569 init: init
10-16 09:41:46.399 I/a2dp_codec( 733): system/bt/stack/a2dp/a2dp_codec_config.cc:113 createCodec: createCodec: codec SBC
10-16 09:41:46.399 I/a2dp_codec( 733): system/bt/stack/a2dp/a2dp_codec_config.cc:633 init: init: updated SBC codec priority to 1001
10-16 09:41:46.399 I/a2dp_codec( 733): system/bt/stack/a2dp/a2dp_codec_config.cc:113 createCodec: createCodec: codec AAC
10-16 09:41:46.399 I/a2dp_codec( 733): system/bt/stack/a2dp/a2dp_codec_config.cc:633 init: init: updated AAC codec priority to 2001
10-16 09:41:46.399 I/a2dp_codec( 733): system/bt/stack/a2dp/a2dp_codec_config.cc:113 createCodec: createCodec: codec aptX
10-16 09:41:46.399 E/a2dp_vendor_aptx_encoder( 733): system/bt/stack/a2dp/a2dp_vendor_aptx_encoder.cc:123 A2DP_VendorLoadEncoderAptx: A2DP_VendorLoadEncoderAptx: cannot open aptX encoder library libaptX_encoder.so: dlopen failed: library "libaptX_encoder.so" not found
10-16 09:41:46.399 E/a2dp_vendor_aptx( 733): system/bt/stack/a2dp/a2dp_vendor_aptx.cc:465 init: init: cannot load the encoder
10-16 09:41:46.399 I/a2dp_codec( 733): system/bt/stack/a2dp/a2dp_codec_config.cc:113 createCodec: createCodec: codec aptX-HD
10-16 09:41:46.400 E/a2dp_vendor_aptx_hd_encoder( 733): system/bt/stack/a2dp/a2dp_vendor_aptx_hd_encoder.cc:123 A2DP_VendorLoadEncoderAptxHd: A2DP_VendorLoadEncoderAptxHd: cannot open aptX-HD encoder library libaptXHD_encoder.so: dlopen failed: library "libaptXHD_encoder.so" not found
10-16 09:41:46.400 E/a2dp_vendor_aptx_hd( 733): system/bt/stack/a2dp/a2dp_vendor_aptx_hd.cc:483 init: init: cannot load the encoder
10-16 09:41:46.400 I/a2dp_codec( 733): system/bt/stack/a2dp/a2dp_codec_config.cc:113 createCodec: createCodec: codec LDAC
10-16 09:41:46.400 I/a2dp_codec( 733): system/bt/stack/a2dp/a2dp_codec_config.cc:633 init: init: updated LDAC codec priority to 5001
10-16 09:41:46.400 I/a2dp_codec( 733): system/bt/stack/a2dp/a2dp_codec_config.cc:113 createCodec: createCodec: codec SBC SINK
10-16 09:41:46.400 I/a2dp_codec( 733): system/bt/stack/a2dp/a2dp_codec_config.cc:113 createCodec: createCodec: codec AAC SINK
10-16 09:41:46.400 I/a2dp_codec( 733): system/bt/stack/a2dp/a2dp_codec_config.cc:113 createCodec: createCodec: codec LDAC SINK
10-16 09:41:46.401 E/a2dp_vendor_ldac_decoder( 733): system/bt/stack/a2dp/a2dp_vendor_ldac_decoder.cc:134 A2DP_VendorLoadDecoderLdac: A2DP_VendorLoadDecoderLdac: cannot open LDAC decoder library libldacBT_bco.so: dlopen failed: library "libldacBT_bco.so" not found
10-16 09:41:46.401 E/a2dp_vendor_ldac( 733): system/bt/stack/a2dp/a2dp_vendor_ldac.cc:1418 init: init: cannot load the decoder
10-16 09:41:46.401 I/a2dp_codec( 733): system/bt/stack/a2dp/a2dp_codec_config.cc:658 init: init: initialized Source codec LDAC
10-16 09:41:46.401 I/a2dp_codec( 733): system/bt/stack/a2dp/a2dp_codec_config.cc:658 init: init: initialized Source codec AAC
10-16 09:41:46.401 I/a2dp_codec( 733): system/bt/stack/a2dp/a2dp_codec_config.cc:658 init: init: initialized Source codec SBC
10-16 09:41:46.401 I/a2dp_codec( 733): system/bt/stack/a2dp/a2dp_codec_config.cc:665 init: init: initialized Sink codec AAC SINK
10-16 09:41:46.401 I/a2dp_codec( 733): system/bt/stack/a2dp/a2dp_codec_config.cc:665 init: init: initialized Sink codec SBC SINK
10-16 09:41:46.401 I/a2dp_codec( 733): system/bt/stack/a2dp/a2dp_codec_config.cc:569 init: init
10-16 09:41:46.401 I/a2dp_codec( 733): system/bt/stack/a2dp/a2dp_codec_config.cc:113 createCodec: createCodec: codec SBC
10-16 09:41:46.401 I/a2dp_codec( 733): system/bt/stack/a2dp/a2dp_codec_config.cc:633 init: init: updated SBC codec priority to 1001
10-16 09:41:46.401 I/a2dp_codec( 733): system/bt/stack/a2dp/a2dp_codec_config.cc:113 createCodec: createCodec: codec AAC
10-16 09:41:46.401 I/a2dp_codec( 733): system/bt/stack/a2dp/a2dp_codec_config.cc:633 init: init: updated AAC codec priority to 2001
10-16 09:41:46.401 I/a2dp_codec( 733): system/bt/stack/a2dp/a2dp_codec_config.cc:113 createCodec: createCodec: codec aptX
10-16 09:41:46.402 E/a2dp_vendor_aptx_encoder( 733): system/bt/stack/a2dp/a2dp_vendor_aptx_encoder.cc:123 A2DP_VendorLoadEncoderAptx: A2DP_VendorLoadEncoderAptx: cannot open aptX encoder library libaptX_encoder.so: dlopen failed: library "libaptX_encoder.so" not found
10-16 09:41:46.402 E/a2dp_vendor_aptx( 733): system/bt/stack/a2dp/a2dp_vendor_aptx.cc:465 init: init: cannot load the encoder
10-16 09:41:46.402 I/a2dp_codec( 733): system/bt/stack/a2dp/a2dp_codec_config.cc:113 createCodec: createCodec: codec aptX-HD
10-16 09:41:46.403 E/a2dp_vendor_aptx_hd_encoder( 733): system/bt/stack/a2dp/a2dp_vendor_aptx_hd_encoder.cc:123 A2DP_VendorLoadEncoderAptxHd: A2DP_VendorLoadEncoderAptxHd: cannot open aptX-HD encoder library libaptXHD_encoder.so: dlopen failed: library "libaptXHD_encoder.so" not found
10-16 09:41:46.403 E/a2dp_vendor_aptx_hd( 733): system/bt/stack/a2dp/a2dp_vendor_aptx_hd.cc:483 init: init: cannot load the encoder
10-16 09:41:46.403 I/a2dp_codec( 733): system/bt/stack/a2dp/a2dp_codec_config.cc:113 createCodec: createCodec: codec LDAC
10-16 09:41:46.403 I/a2dp_codec( 733): system/bt/stack/a2dp/a2dp_codec_config.cc:633 init: init: updated LDAC codec priority to 5001
10-16 09:41:46.403 I/a2dp_codec( 733): system/bt/stack/a2dp/a2dp_codec_config.cc:113 createCodec: createCodec: codec SBC SINK
10-16 09:41:46.403 I/a2dp_codec( 733): system/bt/stack/a2dp/a2dp_codec_config.cc:113 createCodec: createCodec: codec AAC SINK
10-16 09:41:46.403 I/a2dp_codec( 733): system/bt/stack/a2dp/a2dp_codec_config.cc:113 createCodec: createCodec: codec LDAC SINK
10-16 09:41:46.404 E/a2dp_vendor_ldac_decoder( 733): system/bt/stack/a2dp/a2dp_vendor_ldac_decoder.cc:134 A2DP_VendorLoadDecoderLdac: A2DP_VendorLoadDecoderLdac: cannot open LDAC decoder library libldacBT_bco.so: dlopen failed: library "libldacBT_bco.so" not found
10-16 09:41:46.404 E/a2dp_vendor_ldac( 733): system/bt/stack/a2dp/a2dp_vendor_ldac.cc:1418 init: init: cannot load the decoder
10-16 09:41:46.404 I/a2dp_codec( 733): system/bt/stack/a2dp/a2dp_codec_config.cc:658 init: init: initialized Source codec LDAC
10-16 09:41:46.404 I/a2dp_codec( 733): system/bt/stack/a2dp/a2dp_codec_config.cc:658 init: init: initialized Source codec AAC
10-16 09:41:46.404 I/a2dp_codec( 733): system/bt/stack/a2dp/a2dp_codec_config.cc:658 init: init: initialized Source codec SBC
10-16 09:41:46.404 I/a2dp_codec( 733): system/bt/stack/a2dp/a2dp_codec_config.cc:665 init: init: initialized Sink codec AAC SINK
10-16 09:41:46.404 I/a2dp_codec( 733): system/bt/stack/a2dp/a2dp_codec_config.cc:665 init: init: initialized Sink codec SBC SINK
10-16 09:41:46.404 I/a2dp_codec( 733): system/bt/stack/a2dp/a2dp_codec_config.cc:569 init: init
10-16 09:41:46.404 I/a2dp_codec( 733): system/bt/stack/a2dp/a2dp_codec_config.cc:113 createCodec: createCodec: codec SBC
10-16 09:41:46.404 I/a2dp_codec( 733): system/bt/stack/a2dp/a2dp_codec_config.cc:633 init: init: updated SBC codec priority to 1001
10-16 09:41:46.404 I/a2dp_codec( 733): system/bt/stack/a2dp/a2dp_codec_config.cc:113 createCodec: createCodec: codec AAC
10-16 09:41:46.404 I/a2dp_codec( 733): system/bt/stack/a2dp/a2dp_codec_config.cc:633 init: init: updated AAC codec priority to 2001
10-16 09:41:46.404 I/a2dp_codec( 733): system/bt/stack/a2dp/a2dp_codec_config.cc:113 createCodec: createCodec: codec aptX
10-16 09:41:46.405 E/a2dp_vendor_aptx_encoder( 733): system/bt/stack/a2dp/a2dp_vendor_aptx_encoder.cc:123 A2DP_VendorLoadEncoderAptx: A2DP_VendorLoadEncoderAptx: cannot open aptX encoder library libaptX_encoder.so: dlopen failed: library "libaptX_encoder.so" not found
10-16 09:41:46.405 E/a2dp_vendor_aptx( 733): system/bt/stack/a2dp/a2dp_vendor_aptx.cc:465 init: init: cannot load the encoder
10-16 09:41:46.405 I/a2dp_codec( 733): system/bt/stack/a2dp/a2dp_codec_config.cc:113 createCodec: createCodec: codec aptX-HD
10-16 09:41:46.406 E/a2dp_vendor_aptx_hd_encoder( 733): system/bt/stack/a2dp/a2dp_vendor_aptx_hd_encoder.cc:123 A2DP_VendorLoadEncoderAptxHd: A2DP_VendorLoadEncoderAptxHd: cannot open aptX-HD encoder library libaptXHD_encoder.so: dlopen failed: library "libaptXHD_encoder.so" not found
10-16 09:41:46.406 E/a2dp_vendor_aptx_hd( 733): system/bt/stack/a2dp/a2dp_vendor_aptx_hd.cc:483 init: init: cannot load the encoder
10-16 09:41:46.407 I/a2dp_codec( 733): system/bt/stack/a2dp/a2dp_codec_config.cc:113 createCodec: createCodec: codec LDAC
10-16 09:41:46.407 I/a2dp_codec( 733): system/bt/stack/a2dp/a2dp_codec_config.cc:633 init: init: updated LDAC codec priority to 5001
10-16 09:41:46.407 I/a2dp_codec( 733): system/bt/stack/a2dp/a2dp_codec_config.cc:113 createCodec: createCodec: codec SBC SINK
10-16 09:41:46.407 I/a2dp_codec( 733): system/bt/stack/a2dp/a2dp_codec_config.cc:113 createCodec: createCodec: codec AAC SINK
10-16 09:41:46.407 I/a2dp_codec( 733): system/bt/stack/a2dp/a2dp_codec_config.cc:113 createCodec: createCodec: codec LDAC SINK
10-16 09:41:46.407 E/a2dp_vendor_ldac_decoder( 733): system/bt/stack/a2dp/a2dp_vendor_ldac_decoder.cc:134 A2DP_VendorLoadDecoderLdac: A2DP_VendorLoadDecoderLdac: cannot open LDAC decoder library libldacBT_bco.so: dlopen failed: library "libldacBT_bco.so" not found
10-16 09:41:46.408 E/a2dp_vendor_ldac( 733): system/bt/stack/a2dp/a2dp_vendor_ldac.cc:1418 init: init: cannot load the decoder
10-16 09:41:46.408 I/a2dp_codec( 733): system/bt/stack/a2dp/a2dp_codec_config.cc:658 init: init: initialized Source codec LDAC
10-16 09:41:46.408 I/a2dp_codec( 733): system/bt/stack/a2dp/a2dp_codec_config.cc:658 init: init: initialized Source codec AAC
10-16 09:41:46.408 I/a2dp_codec( 733): system/bt/stack/a2dp/a2dp_codec_config.cc:658 init: init: initialized Source codec SBC
10-16 09:41:46.408 I/a2dp_codec( 733): system/bt/stack/a2dp/a2dp_codec_config.cc:665 init: init: initialized Sink codec AAC SINK
10-16 09:41:46.408 I/a2dp_codec( 733): system/bt/stack/a2dp/a2dp_codec_config.cc:665 init: init: initialized Sink codec SBC SINK
10-16 09:41:46.408 I/a2dp_codec( 733): system/bt/stack/a2dp/a2dp_codec_config.cc:569 init: init
10-16 09:41:46.408 I/a2dp_codec( 733): system/bt/stack/a2dp/a2dp_codec_config.cc:113 createCodec: createCodec: codec SBC
10-16 09:41:46.408 I/a2dp_codec( 733): system/bt/stack/a2dp/a2dp_codec_config.cc:633 init: init: updated SBC codec priority to 1001
10-16 09:41:46.408 I/a2dp_codec( 733): system/bt/stack/a2dp/a2dp_codec_config.cc:113 createCodec: createCodec: codec AAC
10-16 09:41:46.408 I/a2dp_codec( 733): system/bt/stack/a2dp/a2dp_codec_config.cc:633 init: init: updated AAC codec priority to 2001
10-16 09:41:46.408 I/a2dp_codec( 733): system/bt/stack/a2dp/a2dp_codec_config.cc:113 createCodec: createCodec: codec aptX
10-16 09:41:46.408 E/a2dp_vendor_aptx_encoder( 733): system/bt/stack/a2dp/a2dp_vendor_aptx_encoder.cc:123 A2DP_VendorLoadEncoderAptx: A2DP_VendorLoadEncoderAptx: cannot open aptX encoder library libaptX_encoder.so: dlopen failed: library "libaptX_encoder.so" not found
10-16 09:41:46.408 E/a2dp_vendor_aptx( 733): system/bt/stack/a2dp/a2dp_vendor_aptx.cc:465 init: init: cannot load the encoder
10-16 09:41:46.408 I/a2dp_codec( 733): system/bt/stack/a2dp/a2dp_codec_config.cc:113 createCodec: createCodec: codec aptX-HD
10-16 09:41:46.409 E/a2dp_vendor_aptx_hd_encoder( 733): system/bt/stack/a2dp/a2dp_vendor_aptx_hd_encoder.cc:123 A2DP_VendorLoadEncoderAptxHd: A2DP_VendorLoadEncoderAptxHd: cannot open aptX-HD encoder library libaptXHD_encoder.so: dlopen failed: library "libaptXHD_encoder.so" not found
10-16 09:41:46.409 E/a2dp_vendor_aptx_hd( 733): system/bt/stack/a2dp/a2dp_vendor_aptx_hd.cc:483 init: init: cannot load the encoder
10-16 09:41:46.409 I/a2dp_codec( 733): system/bt/stack/a2dp/a2dp_codec_config.cc:113 createCodec: createCodec: codec LDAC
10-16 09:41:46.409 I/a2dp_codec( 733): system/bt/stack/a2dp/a2dp_codec_config.cc:633 init: init: updated LDAC codec priority to 5001
10-16 09:41:46.409 I/a2dp_codec( 733): system/bt/stack/a2dp/a2dp_codec_config.cc:113 createCodec: createCodec: codec SBC SINK
10-16 09:41:46.409 I/a2dp_codec( 733): system/bt/stack/a2dp/a2dp_codec_config.cc:113 createCodec: createCodec: codec AAC SINK
10-16 09:41:46.409 I/a2dp_codec( 733): system/bt/stack/a2dp/a2dp_codec_config.cc:113 createCodec: createCodec: codec LDAC SINK
10-16 09:41:46.410 E/a2dp_vendor_ldac_decoder( 733): system/bt/stack/a2dp/a2dp_vendor_ldac_decoder.cc:134 A2DP_VendorLoadDecoderLdac: A2DP_VendorLoadDecoderLdac: cannot open LDAC decoder library libldacBT_bco.so: dlopen failed: library "libldacBT_bco.so" not found
10-16 09:41:46.410 E/a2dp_vendor_ldac( 733): system/bt/stack/a2dp/a2dp_vendor_ldac.cc:1418 init: init: cannot load the decoder
10-16 09:41:46.410 I/a2dp_codec( 733): system/bt/stack/a2dp/a2dp_codec_config.cc:658 init: init: initialized Source codec LDAC
10-16 09:41:46.410 I/a2dp_codec( 733): system/bt/stack/a2dp/a2dp_codec_config.cc:658 init: init: initialized Source codec AAC
10-16 09:41:46.410 I/a2dp_codec( 733): system/bt/stack/a2dp/a2dp_codec_config.cc:658 init: init: initialized Source codec SBC
10-16 09:41:46.410 I/a2dp_codec( 733): system/bt/stack/a2dp/a2dp_codec_config.cc:665 init: init: initialized Sink codec AAC SINK
10-16 09:41:46.410 I/a2dp_codec( 733): system/bt/stack/a2dp/a2dp_codec_config.cc:665 init: init: initialized Sink codec SBC SINK
10-16 09:41:46.410 I/bt_btif_a2dp_source( 733): system/bt/btif/src/btif_a2dp_source.cc:325 btif_a2dp_source_init: btif_a2dp_source_init
10-16 09:41:46.411 I/bt_stack( 733): [INFO:message_loop_thread.cc(224)] Run: message loop starting for thread bt_a2dp_source_worker_thread
10-16 09:41:46.411 I/bt_btif_a2dp_source( 733): system/bt/btif/src/btif_a2dp_source.cc:335 btif_a2dp_source_init_delayed: btif_a2dp_source_init_delayed
10-16 09:41:46.411 I/bt_btif_storage( 733): system/bt/btif/src/btif_storage.cc:661 btif_storage_get_adapter_property: btif_storage_get_adapter_property service_mask:0x20000048
10-16 09:41:46.411 I/bt_bta_av( 733): system/bt/bta/av/bta_av_main.cc:418 bta_av_api_register: bta_av_api_register: AVRCP version used for sdp: "avrcp15"
10-16 09:41:46.411 I/bt_l2cap( 733): system/bt/stack/l2cap/l2c_api.cc:134 L2CA_Register: L2CAP Registered service classic PSM: 0x0019
10-16 09:41:46.411 I/bt_l2cap( 733): system/bt/stack/l2cap/l2c_api.cc:134 L2CA_Register: L2CAP Registered service classic PSM: 0x0017
10-16 09:41:46.411 I/bt_l2cap( 733): system/bt/stack/l2cap/l2c_api.cc:134 L2CA_Register: L2CAP Registered service classic PSM: 0x001b
10-16 09:41:46.411 I/bt_bta_dm( 733): system/bt/bta/dm/bta_dm_act.cc:3191 bta_dm_eir_update_uuid: EIR Adding UUID=0x110A into extended inquiry response
10-16 09:41:46.411 I/bt_bta_dm( 733): system/bt/bta/dm/bta_dm_act.cc:2890 bta_dm_set_eir: Generating extended inquiry response packet EIR
10-16 09:41:46.411 I/bt_bta_av( 733): system/bt/bta/av/bta_av_act.cc:304 bta_av_rc_create: Skipping RC creation for the old AVRCP profile
10-16 09:41:46.411 I/bt_bta_dm( 733): system/bt/bta/dm/bta_dm_act.cc:3191 bta_dm_eir_update_uuid: EIR Adding UUID=0x110E into extended inquiry response
10-16 09:41:46.411 I/bt_bta_dm( 733): system/bt/bta/dm/bta_dm_act.cc:2890 bta_dm_set_eir: Generating extended inquiry response packet EIR
10-16 09:41:46.411 I/bt_bta_av( 733): system/bt/bta/av/bta_av_main.cc:418 bta_av_api_register: bta_av_api_register: AVRCP version used for sdp: "avrcp15"
10-16 09:41:46.411 I/bt_bta_av( 733): system/bt/bta/av/bta_av_main.cc:418 bta_av_api_register: bta_av_api_register: AVRCP version used for sdp: "avrcp15"
10-16 09:41:46.411 I/bt_bta_av( 733): system/bt/bta/av/bta_av_main.cc:418 bta_av_api_register: bta_av_api_register: AVRCP version used for sdp: "avrcp15"
10-16 09:41:46.411 I/bt_bta_av( 733): system/bt/bta/av/bta_av_main.cc:418 bta_av_api_register: bta_av_api_register: AVRCP version used for sdp: "avrcp15"
10-16 09:41:46.411 D/A2dpService( 733): A2DP offload flag set to false
10-16 09:41:46.412 I/bt_bta_av( 733): system/bt/bta/av/bta_av_main.cc:418 bta_av_api_register: bta_av_api_register: AVRCP version used for sdp: "avrcp15"
10-16 09:41:46.414 D/A2dpService( 733): setA2dpService(): set to: com.android.bluetooth.a2dp.A2dpService@f5d7455
10-16 09:41:46.416 I/BluetoothHidHostServiceJni( 733): classInitNative: succeeds
10-16 09:41:46.415 W/IorapForwardingService( 522): No service published for: iorapd
10-16 09:41:46.419 I/bt_btif ( 733): system/bt/btif/src/bluetooth.cc:417 get_profile_interface: get_profile_interface: id = hidhost
10-16 09:41:46.419 I/bt_btif_storage( 733): system/bt/btif/src/btif_storage.cc:661 btif_storage_get_adapter_property: btif_storage_get_adapter_property service_mask:0x20100048
10-16 09:41:46.419 I/bt_l2cap( 733): system/bt/stack/l2cap/l2c_api.cc:134 L2CA_Register: L2CAP Registered service classic PSM: 0x0011
10-16 09:41:46.419 I/bt_l2cap( 733): system/bt/stack/l2cap/l2c_api.cc:134 L2CA_Register: L2CAP Registered service classic PSM: 0x0013
10-16 09:41:46.419 I/bluetooth( 733): system/bt/stack/gatt/gatt_api.cc:1019 GATT_Register: Allocated name:GattClient uuid:45422ce2-f6cb-fcca-b28d-3411fd8356af gatt_if:4 eatt_support:0
10-16 09:41:46.420 I/BluetoothPanServiceJni( 733): classInitNative(L110): succeeds
10-16 09:41:46.422 D/BluetoothPanServiceJni( 733): initializeNative(L115): pan
10-16 09:41:46.423 I/bt_btif ( 733): system/bt/btif/src/bluetooth.cc:417 get_profile_interface: get_profile_interface: id = pan
10-16 09:41:46.423 I/bt_l2cap( 733): system/bt/stack/l2cap/l2c_api.cc:134 L2CA_Register: L2CAP Registered service classic PSM: 0x000f
10-16 09:41:46.423 I/bt_bta_dm( 733): system/bt/bta/dm/bta_dm_act.cc:3191 bta_dm_eir_update_uuid: EIR Adding UUID=0x1116 into extended inquiry response
10-16 09:41:46.423 I/bt_bta_dm( 733): system/bt/bta/dm/bta_dm_act.cc:2890 bta_dm_set_eir: Generating extended inquiry response packet EIR
10-16 09:41:46.423 I/bt_bta_dm( 733): system/bt/bta/dm/bta_dm_act.cc:3191 bta_dm_eir_update_uuid: EIR Adding UUID=0x1115 into extended inquiry response
10-16 09:41:46.423 I/bt_bta_dm( 733): system/bt/bta/dm/bta_dm_act.cc:2890 bta_dm_set_eir: Generating extended inquiry response packet EIR
10-16 09:41:46.423 I/bt_bta_dm( 733): system/bt/bta/dm/bta_dm_act.cc:3191 bta_dm_eir_update_uuid: EIR Adding UUID=0x1116 into extended inquiry response
10-16 09:41:46.423 I/bt_bta_dm( 733): system/bt/bta/dm/bta_dm_act.cc:2890 bta_dm_set_eir: Generating extended inquiry response packet EIR
10-16 09:41:46.423 I/bt_bta_dm( 733): system/bt/bta/dm/bta_dm_act.cc:3191 bta_dm_eir_update_uuid: EIR Adding UUID=0x1115 into extended inquiry response
10-16 09:41:46.423 I/bt_bta_dm( 733): system/bt/bta/dm/bta_dm_act.cc:2890 bta_dm_set_eir: Generating extended inquiry response packet EIR
10-16 09:41:46.423 D/BluetoothPanServiceJni( 733): control_state_callback(L62): state:0, local_role:3, ifname:bt-pan
10-16 09:41:46.440 I/AvrcpTargetService( 733): Starting the AVRCP Target Service
10-16 09:41:46.443 V/MediaPlayerList( 733): Creating MediaPlayerList
10-16 09:41:46.451 D/MediaSessionService( 522): The MediaKeyEventSessionChangedListener (android.os.BinderProxy@3382bdd) is added by com.android.bluetooth
10-16 09:41:46.452 I/AvrcpTargetJni( 733): classInitNative: AvrcpTargetJni initialized!
10-16 09:41:46.452 D/AvrcpNativeInterface( 733): Init AvrcpNativeInterface
10-16 09:41:46.452 D/AvrcpTargetJni( 733): initNative
10-16 09:41:46.452 I/bt_stack( 733): [INFO:avrcp_service.cc(287)] AVRCP Target Service started
10-16 09:41:46.452 I/bt_bta_dm( 733): system/bt/bta/dm/bta_dm_act.cc:3191 bta_dm_eir_update_uuid: EIR Adding UUID=0x110C into extended inquiry response
10-16 09:41:46.452 I/bt_bta_dm( 733): system/bt/bta/dm/bta_dm_act.cc:2890 bta_dm_set_eir: Generating extended inquiry response packet EIR
10-16 09:41:46.452 I/bt_stack( 733): [INFO:connection_handler.cc(197)] Connect to device ff:ff:ff:ff:ff:ff
10-16 09:41:46.452 I/bt_stack( 733): [INFO:connection_handler.cc(219)] virtual bool bluetooth::avrcp::ConnectionHandler::AvrcpConnect(bool, const RawAddress &): handle=0000 status= 000000
10-16 09:41:46.457 E/AvrcpTargetService( 733): Please use AVRCP version 1.6 to enable cover art
10-16 09:41:46.465 V/BluetoothHidDeviceServiceJni( 733): classInitNative: done
10-16 09:41:46.466 V/BluetoothHidDeviceServiceJni( 733): initNative enter
10-16 09:41:46.466 I/bt_btif ( 733): system/bt/btif/src/bluetooth.cc:417 get_profile_interface: get_profile_interface: id = hiddev
10-16 09:41:46.466 I/bt_btif_storage( 733): system/bt/btif/src/btif_storage.cc:661 btif_storage_get_adapter_property: btif_storage_get_adapter_property service_mask:0x60100048
10-16 09:41:46.466 V/BluetoothHidDeviceServiceJni( 733): initNative done
10-16 09:41:46.481 D/BtOppService( 733): setBluetoothOppService(): set to: com.android.bluetooth.opp.BluetoothOppService@a1332c3
10-16 09:41:46.487 I/BluetoothPbapService( 733): setCurrentUser(0)
10-16 09:41:46.492 D/CompatibilityChangeReporter( 733): Compat change id reported: 150939131; UID 1002; state: ENABLED
10-16 09:41:46.495 D/BluetoothPbapService( 733): setBluetoothPbapService(): set to: com.android.bluetooth.pbap.BluetoothPbapService@4678896
10-16 09:41:46.496 D/AvrcpVolumeManager( 733): onAudioDevicesAdded: Not expecting device changed
10-16 09:41:46.499 D/AdapterProperties( 733): onBluetoothReady, state=TURNING_ON, ScanMode=20
10-16 09:41:46.501 D/ObexServerSockets( 733): create(rfcomm = -2, l2capPsm = -2)
10-16 09:41:46.502 D/BluetoothAdapterService( 733): updateUuids() - Updating UUIDs for bonded devices
10-16 09:41:46.504 D/AdapterProperties( 733): Scan Mode:21
10-16 09:41:46.504 D/AdapterProperties( 733): Discoverable Timeout:120
10-16 09:41:46.505 W/ActivityThread( 733): Failed to find provider info for com.android.contacts (user not unlocked)
10-16 09:41:46.505 D/BluetoothPbapUtils( 733): Failed to fetch contacts data from database..
10-16 09:41:46.505 I/BluetoothAdapterService( 733): initProfileServices: Initializing all bluetooth profile services
10-16 09:41:46.505 I/BluetoothA2dpSinkServiceJni( 733): classInitNative: succeeds
10-16 09:41:46.506 W/HeadsetClientService( 733): getHeadsetClientService(): service is null
10-16 09:41:46.506 W/MapClientService( 733): getMapClientService(): service is null
10-16 09:41:46.506 W/PbapClientService( 733): getPbapClientService(): service is null
10-16 09:41:46.507 W/HearingAidService( 733): getHearingAidService(): service is NULL
10-16 09:41:46.507 W/SapService( 733): getSapService(): service is null
10-16 09:41:46.508 D/AdapterProperties( 733): mLocalIOCapability set to 1
10-16 09:41:46.508 D/AdapterProperties( 733): mLocalIOCapabilityBLE set to 4
10-16 09:41:46.508 I/bt_btif_sock_rfcomm( 733): system/bt/btif/src/btif_sock_rfc.cc:303 btsock_rfc_listen: Adding listening socket service_name: (null) - channel: -2
10-16 09:41:46.509 I/bt_stack( 733): [INFO:port_api.cc(234)] RFCOMM_CreateConnection: bd_addr=ff:ff:ff:ff:ff:ff, scn=4, is_server=1, mtu=990, uuid=000000, dlci=8, signal_state=0x0b, p_port=0xcc014b84
10-16 09:41:46.509 I/AdapterState( 733): ON : entered
10-16 09:41:46.509 D/AdapterProperties( 733): Setting state to ON
