10-16 09:41:52.631 D/StrictMode( 1652): at android.app.SharedPreferencesImpl$EditorImpl.commit(SharedPreferencesImpl.java:634)
10-16 09:41:52.631 D/StrictMode( 1652): at com.android.providers.contacts.ContactsUpgradeReceiver.onReceive(ContactsUpgradeReceiver.java:76)
10-16 09:41:52.631 D/StrictMode( 1652): at android.app.ActivityThread.handleReceiver(ActivityThread.java:4308)
10-16 09:41:52.631 D/StrictMode( 1652): at android.app.ActivityThread.access$1600(ActivityThread.java:247)
10-16 09:41:52.631 D/StrictMode( 1652): at android.app.ActivityThread$H.handleMessage(ActivityThread.java:2064)
10-16 09:41:52.631 D/StrictMode( 1652): at android.os.Handler.dispatchMessage(Handler.java:106)
10-16 09:41:52.631 D/StrictMode( 1652): at android.os.Looper.loopOnce(Looper.java:201)
10-16 09:41:52.631 D/StrictMode( 1652): at android.os.Looper.loop(Looper.java:288)
10-16 09:41:52.631 D/StrictMode( 1652): at android.app.ActivityThread.main(ActivityThread.java:7854)
10-16 09:41:52.631 D/StrictMode( 1652): at java.lang.reflect.Method.invoke(Native Method)
10-16 09:41:52.631 D/StrictMode( 1652): at com.android.internal.os.RuntimeInit$MethodAndArgsCaller.run(RuntimeInit.java:548)
10-16 09:41:52.631 D/StrictMode( 1652): at com.android.internal.os.ZygoteInit.main(ZygoteInit.java:1182)
10-16 09:41:52.633 D/StrictMode( 1652): StrictMode policy violation; ~duration=1798 ms: android.os.strictmode.DiskReadViolation
10-16 09:41:52.633 D/StrictMode( 1652): at android.os.StrictMode$AndroidBlockGuardPolicy.onReadFromDisk(StrictMode.java:1659)
10-16 09:41:52.633 D/StrictMode( 1652): at libcore.io.BlockGuardOs.fstat(BlockGuardOs.java:193)
10-16 09:41:52.633 D/StrictMode( 1652): at libcore.io.ForwardingOs.fstat(ForwardingOs.java:264)
10-16 09:41:52.633 D/StrictMode( 1652): at libcore.io.IoBridge.open(IoBridge.java:564)
10-16 09:41:52.633 D/StrictMode( 1652): at java.io.FileOutputStream.(FileOutputStream.java:236)
10-16 09:41:52.633 D/StrictMode( 1652): at java.io.FileOutputStream.(FileOutputStream.java:186)
10-16 09:41:52.633 D/StrictMode( 1652): at android.app.SharedPreferencesImpl.createFileOutputStream(SharedPreferencesImpl.java:733)
10-16 09:41:52.633 D/StrictMode( 1652): at android.app.SharedPreferencesImpl.writeToFile(SharedPreferencesImpl.java:824)
10-16 09:41:52.633 D/StrictMode( 1652): at android.app.SharedPreferencesImpl.access$900(SharedPreferencesImpl.java:59)
10-16 09:41:52.633 D/StrictMode( 1652): at android.app.SharedPreferencesImpl$2.run(SharedPreferencesImpl.java:703)
10-16 09:41:52.633 D/StrictMode( 1652): at android.app.SharedPreferencesImpl.enqueueDiskWrite(SharedPreferencesImpl.java:722)
10-16 09:41:52.633 D/StrictMode( 1652): at android.app.SharedPreferencesImpl.access$100(SharedPreferencesImpl.java:59)
10-16 09:41:52.633 D/StrictMode( 1652): at android.app.SharedPreferencesImpl$EditorImpl.commit(SharedPreferencesImpl.java:634)
10-16 09:41:52.633 D/StrictMode( 1652): at com.android.providers.contacts.ContactsUpgradeReceiver.onReceive(ContactsUpgradeReceiver.java:76)
10-16 09:41:52.633 D/StrictMode( 1652): at android.app.ActivityThread.handleReceiver(ActivityThread.java:4308)
10-16 09:41:52.633 D/StrictMode( 1652): at android.app.ActivityThread.access$1600(ActivityThread.java:247)
10-16 09:41:52.633 D/StrictMode( 1652): at android.app.ActivityThread$H.handleMessage(ActivityThread.java:2064)
10-16 09:41:52.633 D/StrictMode( 1652): at android.os.Handler.dispatchMessage(Handler.java:106)
10-16 09:41:52.633 D/StrictMode( 1652): at android.os.Looper.loopOnce(Looper.java:201)
10-16 09:41:52.633 D/StrictMode( 1652): at android.os.Looper.loop(Looper.java:288)
10-16 09:41:52.633 D/StrictMode( 1652): at android.app.ActivityThread.main(ActivityThread.java:7854)
10-16 09:41:52.633 D/StrictMode( 1652): at java.lang.reflect.Method.invoke(Native Method)
10-16 09:41:52.633 D/StrictMode( 1652): at com.android.internal.os.RuntimeInit$MethodAndArgsCaller.run(RuntimeInit.java:548)
10-16 09:41:52.633 D/StrictMode( 1652): at com.android.internal.os.ZygoteInit.main(ZygoteInit.java:1182)
10-16 09:41:52.635 I/ranth.ledstatu( 1965): Late-enabling -Xcheck:jni
10-16 09:41:52.635 I/ActivityManager( 522): com.tv.filemanager.os is exempt from freezer
10-16 09:41:52.642 D/StrictMode( 1652): StrictMode policy violation; ~duration=1797 ms: android.os.strictmode.DiskWriteViolation
10-16 09:41:52.642 D/StrictMode( 1652): at android.os.StrictMode$AndroidBlockGuardPolicy.onWriteToDisk(StrictMode.java:1615)
10-16 09:41:52.642 D/StrictMode( 1652): at libcore.io.BlockGuardOs.write(BlockGuardOs.java:446)
10-16 09:41:52.642 D/StrictMode( 1652): at libcore.io.ForwardingOs.write(ForwardingOs.java:951)
10-16 09:41:52.642 D/StrictMode( 1652): at libcore.io.IoBridge.write(IoBridge.java:649)
10-16 09:41:52.642 D/StrictMode( 1652): at java.io.FileOutputStream.write(FileOutputStream.java:401)
10-16 09:41:52.642 D/StrictMode( 1652): at com.android.internal.util.FastXmlSerializer.flushBytes(FastXmlSerializer.java:253)
10-16 09:41:52.642 D/StrictMode( 1652): at com.android.internal.util.FastXmlSerializer.flush(FastXmlSerializer.java:274)
10-16 09:41:52.642 D/StrictMode( 1652): at com.android.internal.util.FastXmlSerializer.endDocument(FastXmlSerializer.java:219)
10-16 09:41:52.642 D/StrictMode( 1652): at com.android.internal.util.XmlSerializerWrapper.endDocument(XmlSerializerWrapper.java:68)
10-16 09:41:52.642 D/StrictMode( 1652): at com.android.internal.util.XmlUtils.writeMapXml(XmlUtils.java:408)
10-16 09:41:52.642 D/StrictMode( 1652): at android.app.SharedPreferencesImpl.writeToFile(SharedPreferencesImpl.java:834)
10-16 09:41:52.642 D/StrictMode( 1652): at android.app.SharedPreferencesImpl.access$900(SharedPreferencesImpl.java:59)
10-16 09:41:52.642 D/StrictMode( 1652): at android.app.SharedPreferencesImpl$2.run(SharedPreferencesImpl.java:703)
10-16 09:41:52.642 D/StrictMode( 1652): at android.app.SharedPreferencesImpl.enqueueDiskWrite(SharedPreferencesImpl.java:722)
10-16 09:41:52.642 D/StrictMode( 1652): at android.app.SharedPreferencesImpl.access$100(SharedPreferencesImpl.java:59)
10-16 09:41:52.642 D/StrictMode( 1652): at android.app.SharedPreferencesImpl$EditorImpl.commit(SharedPreferencesImpl.java:634)
10-16 09:41:52.642 D/StrictMode( 1652): at com.android.providers.contacts.ContactsUpgradeReceiver.onReceive(ContactsUpgradeReceiver.java:76)
10-16 09:41:52.642 D/StrictMode( 1652): at android.app.ActivityThread.handleReceiver(ActivityThread.java:4308)
10-16 09:41:52.642 D/StrictMode( 1652): at android.app.ActivityThread.access$1600(ActivityThread.java:247)
10-16 09:41:52.642 D/StrictMode( 1652): at android.app.ActivityThread$H.handleMessage(ActivityThread.java:2064)
10-16 09:41:52.642 D/StrictMode( 1652): at android.os.Handler.dispatchMessage(Handler.java:106)
10-16 09:41:52.642 D/StrictMode( 1652): at android.os.Looper.loopOnce(Looper.java:201)
10-16 09:41:52.642 D/StrictMode( 1652): at android.os.Looper.loop(Looper.java:288)
10-16 09:41:52.642 D/StrictMode( 1652): at android.app.ActivityThread.main(ActivityThread.java:7854)
10-16 09:41:52.642 D/StrictMode( 1652): at java.lang.reflect.Method.invoke(Native Method)
10-16 09:41:52.642 D/StrictMode( 1652): at com.android.internal.os.RuntimeInit$MethodAndArgsCaller.run(RuntimeInit.java:548)
10-16 09:41:52.642 D/StrictMode( 1652): at com.android.internal.os.ZygoteInit.main(ZygoteInit.java:1182)
10-16 09:41:52.643 D/StrictMode( 1652): StrictMode policy violation; ~duration=1791 ms: android.os.strictmode.DiskWriteViolation
10-16 09:41:52.643 D/StrictMode( 1652): at android.os.StrictMode$AndroidBlockGuardPolicy.onWriteToDisk(StrictMode.java:1615)
10-16 09:41:52.643 D/StrictMode( 1652): at libcore.io.BlockGuardOs.chmod(BlockGuardOs.java:81)
10-16 09:41:52.643 D/StrictMode( 1652): at libcore.io.ForwardingOs.chmod(ForwardingOs.java:168)
10-16 09:41:52.643 D/StrictMode( 1652): at android.system.Os.chmod(Os.java:121)
10-16 09:41:52.643 D/StrictMode( 1652): at android.os.FileUtils.setPermissions(FileUtils.java:168)
10-16 09:41:52.643 D/StrictMode( 1652): at android.app.ContextImpl.setFilePermissionsFromMode(ContextImpl.java:3245)
10-16 09:41:52.643 D/StrictMode( 1652): at android.app.SharedPreferencesImpl.writeToFile(SharedPreferencesImpl.java:843)
10-16 09:41:52.643 D/StrictMode( 1652): at android.app.SharedPreferencesImpl.access$900(SharedPreferencesImpl.java:59)
10-16 09:41:52.643 D/StrictMode( 1652): at android.app.SharedPreferencesImpl$2.run(SharedPreferencesImpl.java:703)
10-16 09:41:52.643 D/StrictMode( 1652): at android.app.SharedPreferencesImpl.enqueueDiskWrite(SharedPreferencesImpl.java:722)
10-16 09:41:52.643 D/StrictMode( 1652): at android.app.SharedPreferencesImpl.access$100(SharedPreferencesImpl.java:59)
10-16 09:41:52.643 D/StrictMode( 1652): at android.app.SharedPreferencesImpl$EditorImpl.commit(SharedPreferencesImpl.java:634)
10-16 09:41:52.643 D/StrictMode( 1652): at com.android.providers.contacts.ContactsUpgradeReceiver.onReceive(ContactsUpgradeReceiver.java:76)
10-16 09:41:52.643 D/StrictMode( 1652): at android.app.ActivityThread.handleReceiver(ActivityThread.java:4308)
10-16 09:41:52.643 D/StrictMode( 1652): at android.app.ActivityThread.access$1600(ActivityThread.java:247)
10-16 09:41:52.643 D/StrictMode( 1652): at android.app.ActivityThread$H.handleMessage(ActivityThread.java:2064)
10-16 09:41:52.643 D/StrictMode( 1652): at android.os.Handler.dispatchMessage(Handler.java:106)
10-16 09:41:52.643 D/StrictMode( 1652): at android.os.Looper.loopOnce(Looper.java:201)
10-16 09:41:52.643 D/StrictMode( 1652): at android.os.Looper.loop(Looper.java:288)
10-16 09:41:52.643 D/StrictMode( 1652): at android.app.ActivityThread.main(ActivityThread.java:7854)
10-16 09:41:52.643 D/StrictMode( 1652): at java.lang.reflect.Method.invoke(Native Method)
10-16 09:41:52.643 D/StrictMode( 1652): at com.android.internal.os.RuntimeInit$MethodAndArgsCaller.run(RuntimeInit.java:548)
10-16 09:41:52.643 D/StrictMode( 1652): at com.android.internal.os.ZygoteInit.main(ZygoteInit.java:1182)
10-16 09:41:52.644 D/StrictMode( 1652): StrictMode policy violation; ~duration=1791 ms: android.os.strictmode.DiskReadViolation
10-16 09:41:52.644 D/StrictMode( 1652): at android.os.StrictMode$AndroidBlockGuardPolicy.onReadFromDisk(StrictMode.java:1659)
10-16 09:41:52.644 D/StrictMode( 1652): at libcore.io.BlockGuardOs.stat(BlockGuardOs.java:418)
10-16 09:41:52.644 D/StrictMode( 1652): at libcore.io.ForwardingOs.stat(ForwardingOs.java:853)
10-16 09:41:52.644 D/StrictMode( 1652): at android.app.ActivityThread$AndroidOs.stat(ActivityThread.java:7754)
10-16 09:41:52.644 D/StrictMode( 1652): at android.system.Os.stat(Os.java:919)
10-16 09:41:52.644 D/StrictMode( 1652): at android.app.SharedPreferencesImpl.writeToFile(SharedPreferencesImpl.java:850)
10-16 09:41:52.644 D/StrictMode( 1652): at android.app.SharedPreferencesImpl.access$900(SharedPreferencesImpl.java:59)
10-16 09:41:52.644 D/StrictMode( 1652): at android.app.SharedPreferencesImpl$2.run(SharedPreferencesImpl.java:703)
10-16 09:41:52.644 D/StrictMode( 1652): at android.app.SharedPreferencesImpl.enqueueDiskWrite(SharedPreferencesImpl.java:722)
10-16 09:41:52.644 D/StrictMode( 1652): at android.app.SharedPreferencesImpl.access$100(SharedPreferencesImpl.java:59)
10-16 09:41:52.644 D/StrictMode( 1652): at android.app.SharedPreferencesImpl$EditorImpl.commit(SharedPreferencesImpl.java:634)
10-16 09:41:52.644 D/StrictMode( 1652): at com.android.providers.contacts.ContactsUpgradeReceiver.onReceive(ContactsUpgradeReceiver.java:76)
10-16 09:41:52.644 D/StrictMode( 1652): at android.app.ActivityThread.handleReceiver(ActivityThread.java:4308)
10-16 09:41:52.644 D/StrictMode( 1652): at android.app.ActivityThread.access$1600(ActivityThread.java:247)
10-16 09:41:52.644 D/StrictMode( 1652): at android.app.ActivityThread$H.handleMessage(ActivityThread.java:2064)
10-16 09:41:52.644 D/StrictMode( 1652): at android.os.Handler.dispatchMessage(Handler.java:106)
10-16 09:41:52.644 D/StrictMode( 1652): at android.os.Looper.loopOnce(Looper.java:201)
10-16 09:41:52.644 D/StrictMode( 1652): at android.os.Looper.loop(Looper.java:288)
10-16 09:41:52.644 D/StrictMode( 1652): at android.app.ActivityThread.main(ActivityThread.java:7854)
10-16 09:41:52.644 D/StrictMode( 1652): at java.lang.reflect.Method.invoke(Native Method)
10-16 09:41:52.644 D/StrictMode( 1652): at com.android.internal.os.RuntimeInit$MethodAndArgsCaller.run(RuntimeInit.java:548)
10-16 09:41:52.644 D/StrictMode( 1652): at com.android.internal.os.ZygoteInit.main(ZygoteInit.java:1182)
10-16 09:41:52.662 D/CompatibilityChangeReporter( 522): Compat change id reported: 135634846; UID 10042; state: DISABLED
10-16 09:41:52.662 D/CompatibilityChangeReporter( 522): Compat change id reported: 177438394; UID 10042; state: DISABLED
10-16 09:41:52.662 D/CompatibilityChangeReporter( 522): Compat change id reported: 135772972; UID 10042; state: DISABLED
10-16 09:41:52.663 D/CompatibilityChangeReporter( 522): Compat change id reported: 135754954; UID 10042; state: DISABLED
10-16 09:41:52.673 D/StrictMode( 1652): StrictMode policy violation; ~duration=1791 ms: android.os.strictmode.DiskWriteViolation
10-16 09:41:52.673 D/StrictMode( 1652): at android.os.StrictMode$AndroidBlockGuardPolicy.onWriteToDisk(StrictMode.java:1615)
10-16 09:41:52.673 D/StrictMode( 1652): at libcore.io.BlockGuardOs.remove(BlockGuardOs.java:364)
10-16 09:41:52.673 D/StrictMode( 1652): at libcore.io.ForwardingOs.remove(ForwardingOs.java:678)
10-16 09:41:52.673 D/StrictMode( 1652): at android.app.ActivityThread$AndroidOs.remove(ActivityThread.java:7772)
10-16 09:41:52.673 D/StrictMode( 1652): at java.io.UnixFileSystem.delete(UnixFileSystem.java:331)
10-16 09:41:52.673 D/StrictMode( 1652): at java.io.File.delete(File.java:1035)
10-16 09:41:52.673 D/StrictMode( 1652): at android.app.SharedPreferencesImpl.writeToFile(SharedPreferencesImpl.java:864)
10-16 09:41:52.673 D/StrictMode( 1652): at android.app.SharedPreferencesImpl.access$900(SharedPreferencesImpl.java:59)
10-16 09:41:52.673 D/StrictMode( 1652): at android.app.SharedPreferencesImpl$2.run(SharedPreferencesImpl.java:703)
10-16 09:41:52.673 D/StrictMode( 1652): at android.app.SharedPreferencesImpl.enqueueDiskWrite(SharedPreferencesImpl.java:722)
10-16 09:41:52.673 D/StrictMode( 1652): at android.app.SharedPreferencesImpl.access$100(SharedPreferencesImpl.java:59)
10-16 09:41:52.673 D/StrictMode( 1652): at android.app.SharedPreferencesImpl$EditorImpl.commit(SharedPreferencesImpl.java:634)
10-16 09:41:52.673 D/StrictMode( 1652): at com.android.providers.contacts.ContactsUpgradeReceiver.onReceive(ContactsUpgradeReceiver.java:76)
10-16 09:41:52.673 D/StrictMode( 1652): at android.app.ActivityThread.handleReceiver(ActivityThread.java:4308)
10-16 09:41:52.673 D/StrictMode( 1652): at android.app.ActivityThread.access$1600(ActivityThread.java:247)
10-16 09:41:52.673 D/StrictMode( 1652): at android.app.ActivityThread$H.handleMessage(ActivityThread.java:2064)
10-16 09:41:52.673 D/StrictMode( 1652): at android.os.Handler.dispatchMessage(Handler.java:106)
10-16 09:41:52.673 D/StrictMode( 1652): at android.os.Looper.loopOnce(Looper.java:201)
10-16 09:41:52.673 D/StrictMode( 1652): at android.os.Looper.loop(Looper.java:288)
10-16 09:41:52.673 D/StrictMode( 1652): at android.app.ActivityThread.main(ActivityThread.java:7854)
10-16 09:41:52.673 D/StrictMode( 1652): at java.lang.reflect.Method.invoke(Native Method)
10-16 09:41:52.673 D/StrictMode( 1652): at com.android.internal.os.RuntimeInit$MethodAndArgsCaller.run(RuntimeInit.java:548)
10-16 09:41:52.673 D/StrictMode( 1652): at com.android.internal.os.ZygoteInit.main(ZygoteInit.java:1182)
10-16 09:41:52.687 W/ActivityManager( 522): Slow operation: 52ms so far, now at startProcess: asking zygote to start proc
10-16 09:41:52.690 D/CompatibilityChangeReporter( 522): Compat change id reported: 143937733; UID 10042; state: DISABLED
10-16 09:41:52.691 W/ActivityManager( 522): Slow operation: 58ms so far, now at startProcess: done starting proc!
10-16 09:41:52.709 I/adbd ( 381): jdwp connection from 1965
10-16 09:41:52.715 W/bei.lerad.rock( 1745): Class com.iflytek.aiui.utils.c failed lock verification and will run slower.
10-16 09:41:52.734 I/init ( 1): Service 'appsdisable' (pid 1230) exited with status 0 oneshot service took 4.706000 seconds in background
10-16 09:41:52.735 I/init ( 1): Sending signal 9 to service 'appsdisable' (pid 1230) process group...
10-16 09:41:52.735 I/libprocessgroup( 1): Successfully killed process cgroup uid 0 pid 1230 in 0ms
10-16 09:41:52.734 W/System.err( 1745): java.net.UnknownHostException: Unable to resolve host "tyapi.qun7.com": No address associated with hostname
10-16 09:41:52.742 D/Zygote ( 244): Forked child process 1989
10-16 09:41:52.744 W/ActivityManager( 522): Slow operation: 109ms so far, now at startProcess: returned from zygote!
10-16 09:41:52.745 W/ActivityManager( 522): Slow operation: 111ms so far, now at startProcess: done updating battery stats
10-16 09:41:52.746 W/System.err( 1745): at java.net.Inet6AddressImpl.lookupHostByName(Inet6AddressImpl.java:156)
10-16 09:41:52.746 W/System.err( 1745): at java.net.Inet6AddressImpl.lookupAllHostAddr(Inet6AddressImpl.java:103)
10-16 09:41:52.746 W/System.err( 1745): at java.net.InetAddress.getAllByName(InetAddress.java:1152)
10-16 09:41:52.746 W/System.err( 1745): at com.android.okhttp.Dns$1.lookup(Dns.java:41)
10-16 09:41:52.746 W/System.err( 1745): at com.android.okhttp.internal.http.RouteSelector.resetNextInetSocketAddress(RouteSelector.java:178)
10-16 09:41:52.746 W/System.err( 1745): at com.android.okhttp.internal.http.RouteSelector.nextProxy(RouteSelector.java:144)
10-16 09:41:52.746 W/System.err( 1745): at com.android.okhttp.internal.http.RouteSelector.next(RouteSelector.java:86)
10-16 09:41:52.747 W/System.err( 1745): at com.android.okhttp.internal.http.StreamAllocation.findConnection(StreamAllocation.java:176)
10-16 09:41:52.747 W/System.err( 1745): at com.android.okhttp.internal.http.StreamAllocation.findHealthyConnection(StreamAllocation.java:128)
10-16 09:41:52.747 W/System.err( 1745): at com.android.okhttp.internal.http.StreamAllocation.newStream(StreamAllocation.java:97)
10-16 09:41:52.747 W/System.err( 1745): at com.android.okhttp.internal.http.HttpEngine.connect(HttpEngine.java:289)
10-16 09:41:52.747 W/System.err( 1745): at com.android.okhttp.internal.http.HttpEngine.sendRequest(HttpEngine.java:232)
10-16 09:41:52.747 W/System.err( 1745): at com.android.okhttp.internal.huc.HttpURLConnectionImpl.execute(HttpURLConnectionImpl.java:465)
10-16 09:41:52.747 W/System.err( 1745): at com.android.okhttp.internal.huc.HttpURLConnectionImpl.getResponse(HttpURLConnectionImpl.java:411)
10-16 09:41:52.752 W/System.err( 1745): at com.android.okhttp.internal.huc.HttpURLConnectionImpl.getResponseCode(HttpURLConnectionImpl.java:542)
10-16 09:41:52.752 W/System.err( 1745): at com.dangbei.statistics.UtilCommon.networkGetIp(UtilCommon.java:826)
10-16 09:41:52.752 W/System.err( 1745): at com.dangbei.statistics.UtilCommon$1.accept(UtilCommon.java:807)
10-16 09:41:52.752 W/System.err( 1745): at com.dangbei.statistics.UtilCommon$1.accept(UtilCommon.java:803)
10-16 09:41:52.753 W/System.err( 1745): at io.reactivex.internal.operators.observable.ObservableDoOnEach$DoOnEachObserver.onNext(ObservableDoOnEach.java:93)
10-16 09:41:52.753 W/System.err( 1745): at io.reactivex.internal.operators.observable.ObservableObserveOn$ObserveOnObserver.drainNormal(ObservableObserveOn.java:201)
10-16 09:41:52.753 W/System.err( 1745): at io.reactivex.internal.operators.observable.ObservableObserveOn$ObserveOnObserver.run(ObservableObserveOn.java:255)
10-16 09:41:52.753 W/System.err( 1745): at io.reactivex.internal.schedulers.ScheduledRunnable.run(ScheduledRunnable.java:66)
10-16 09:41:52.753 W/System.err( 1745): at io.reactivex.internal.schedulers.ScheduledRunnable.call(ScheduledRunnable.java:57)
10-16 09:41:52.753 W/System.err( 1745): at java.util.concurrent.FutureTask.run(FutureTask.java:266)
10-16 09:41:52.753 W/System.err( 1745): at java.util.concurrent.ScheduledThreadPoolExecutor$ScheduledFutureTask.run(ScheduledThreadPoolExecutor.java:301)
10-16 09:41:52.753 W/System.err( 1745): at java.util.concurrent.ThreadPoolExecutor.runWorker(ThreadPoolExecutor.java:1167)
10-16 09:41:52.753 W/System.err( 1745): at java.util.concurrent.ThreadPoolExecutor$Worker.run(ThreadPoolExecutor.java:641)
10-16 09:41:52.753 W/System.err( 1745): at java.lang.Thread.run(Thread.java:920)
10-16 09:41:52.757 I/Zygote ( 1989): seccomp disabled by setenforce 0
10-16 09:41:52.759 W/ActivityManager( 522): Slow operation: 124ms so far, now at startProcess: building log message
10-16 09:41:52.759 I/ActivityManager( 522): app.processName = com.tv.filemanager.os
10-16 09:41:52.759 I/ActivityManager( 522): Start proc 1989:com.tv.filemanager.os/u0a42 for broadcast {com.tv.filemanager.os/com.dangbei.lerad.filemanager.receives.USBReceiver}
10-16 09:41:52.759 W/ActivityManager( 522): Slow operation: 125ms so far, now at startProcess: starting to update pids map
10-16 09:41:52.759 W/ActivityManager( 522): Slow operation: 125ms so far, now at startProcess: done updating pids map
10-16 09:41:52.791 I/adbd ( 381): jdwp connection from 1989
10-16 09:41:52.794 D/RockyNetMessageUtil( 1745): initMediaControlPage pageEntity = null isRequestPageControlSuccess = false
10-16 09:41:52.796 W/System.err( 1745): Caused by: android.system.GaiException: android_getaddrinfo failed: EAI_NODATA (No address associated with hostname)
10-16 09:41:52.797 W/System.err( 1745): at libcore.io.Linux.android_getaddrinfo(Native Method)
10-16 09:41:52.800 W/System.err( 1745): at libcore.io.ForwardingOs.android_getaddrinfo(ForwardingOs.java:136)
10-16 09:41:52.800 W/System.err( 1745): at libcore.io.BlockGuardOs.android_getaddrinfo(BlockGuardOs.java:221)
10-16 09:41:52.800 W/System.err( 1745): at libcore.io.ForwardingOs.android_getaddrinfo(ForwardingOs.java:136)
10-16 09:41:52.800 W/System.err( 1745): at java.net.Inet6AddressImpl.lookupHostByName(Inet6AddressImpl.java:135)
10-16 09:41:52.800 W/System.err( 1745): ... 27 more
10-16 09:41:52.802 W/audit ( 1130): audit_lost=207 audit_rate_limit=5 audit_backlog_limit=64
10-16 09:41:52.802 E/audit ( 1130): rate limit exceeded
10-16 09:41:52.811 W/bei.lerad.rock( 1745): Class com.iflytek.aiui.utils.l failed lock verification and will run slower.
10-16 09:41:52.819 D/XHttpObservable( 1745): handleRequest: start https://tyapi.qun7.com/v1/voice/getsoundshowmsg ,,, isCache = false
10-16 09:41:52.834 D/QuickLifeImpl( 1289): start resetAppStartTimes!
10-16 09:41:52.836 D/XHttpObservable( 1745): handleRequest: start https://tyapi.qun7.com/v1/voice/getResponseControlPage ,,, isCache = false
10-16 09:41:52.857 I/TransportClient( 522): LocalTransportService#0: Notifying [TransportManager.registerTransport()] transport = IBackupTransport
10-16 09:41:52.862 I/RoleService( 522): Granting default roles...
10-16 09:41:52.869 D/BackupTransportManager( 522): Transport com.android.localtransport/.LocalTransportService registered
10-16 09:41:52.869 D/BackupManagerService( 522): [UserID:0] Transport com.android.localtransport/.LocalTransport registered 4328ms after first request (delay = 3000ms)
10-16 09:41:52.881 W/SoundPool( 1745): Use of stream types is deprecated for operations other than volume control
10-16 09:41:52.881 W/SoundPool( 1745): See the documentation of SoundPool() for what to use instead with android.media.AudioAttributes to qualify your playback use case
10-16 09:41:52.902 D/AudioFlinger( 269): mixer(0xf07c8a40) throttle end: throttle time(8)
10-16 09:41:52.890 E/hq ( 1777): USBReceiver:::USBReceiver onReceive: list=1
10-16 09:41:52.958 D/CompatibilityChangeReporter( 522): Compat change id reported: 168419799; UID 10042; state: DISABLED
10-16 09:41:53.008 D/CompatibilityChangeReporter( 1989): Compat change id reported: 171979766; UID 10042; state: DISABLED
10-16 09:41:53.029 D/hq ( 1777): NetWorkStateReceiver:::检查网络,并且持续更新 isConnect=false
10-16 09:41:53.059 E/DispatcherManager( 1777): publishMode=DBBOX-A2 piDispatcher=com.dangbei.launcher.dispatcher.function.BOXAXDispatcher@c1812ba
10-16 09:41:53.064 D/ApplicationLoaders( 1989): Returning zygote-cached class loader: /system/framework/android.test.base.jar
10-16 09:41:53.065 I/ContactsProvider( 1652): Upgrading aggregation algorithm
10-16 09:41:53.083 I/init ( 1): Service 'preinstall' (pid 1346) exited with status 0 oneshot service took 4.310000 seconds in background
10-16 09:41:53.083 I/init ( 1): Sending signal 9 to service 'preinstall' (pid 1346) process group...
10-16 09:41:53.084 I/libprocessgroup( 1): Successfully killed process cgroup uid 0 pid 1346 in 0ms
10-16 09:41:53.081 I/hq ( 1777): 当前的服务模式是,serviceMode=0
10-16 09:41:53.086 I/init ( 1): Service 'gmsopt' (pid 1234) exited with status 0 oneshot service took 5.027000 seconds in background
10-16 09:41:53.086 I/init ( 1): Sending signal 9 to service 'gmsopt' (pid 1234) process group...
10-16 09:41:53.086 I/libprocessgroup( 1): Successfully killed process cgroup uid 0 pid 1234 in 0ms
10-16 09:41:53.176 I/d.process.acor( 1652): Background young concurrent copying GC freed 25882(1484KB) AllocSpace objects, 6(240KB) LOS objects, 91% free, 2206KB/26MB, paused 152us total 757.796ms
10-16 09:41:53.234 I/logd ( 786): start watching /data/system/packages.list ...
10-16 09:41:53.243 I/logd ( 786): ReadPackageList, total packages: 82
10-16 09:41:53.243 W/Looper ( 522): Slow dispatch took 205ms main h=com.android.providers.settings.SettingsProvider$SettingsRegistry$MyHandler c=null m=1
10-16 09:41:53.243 W/Looper ( 522): Slow delivery took 207ms main h=com.android.providers.settings.SettingsProvider$SettingsRegistry$MyHandler c=null m=2
10-16 09:41:53.244 W/ActivityManager( 522): Slow operation: 123ms so far, now at attachApplicationLocked: before bindApplication
10-16 09:41:53.253 W/Looper ( 522): Drained
10-16 09:41:53.253 I/ContactAggregator( 1652): Marked all visible contacts for aggregation: 0 raw contacts, 1 ms
10-16 09:41:53.255 D/CompatibilityChangeReporter( 522): Compat change id reported: 168419799; UID 1000; state: DISABLED
10-16 09:41:53.257 W/ActivityManager( 522): Slow operation: 136ms so far, now at attachApplicationLocked: immediately before bindApplication
10-16 09:41:53.261 W/ActivityManager( 522): Slow operation: 139ms so far, now at attachApplicationLocked: immediately after bindApplication
10-16 09:41:53.261 W/ActivityManager( 522): Slow operation: 140ms so far, now at attachApplicationLocked: after updateLruProcessLocked
10-16 09:41:53.267 D/BluetoothPbapUtils( 733): primaryVersionCounter = 0, secondaryVersionCounter=0
10-16 09:41:53.268 D/CompatibilityChangeReporter( 522): Compat change id reported: 181136395; UID 10021; state: DISABLED
10-16 09:41:53.270 D/CompatibilityChangeReporter( 522): Compat change id reported: 174042936; UID 10021; state: DISABLED
10-16 09:41:53.274 V/GraphicsEnvironment( 1989): ANGLE Developer option for 'com.tv.filemanager.os' set to: 'default'
10-16 09:41:53.274 V/GraphicsEnvironment( 1989): Neither updatable production driver nor prerelease driver is supported.
10-16 09:41:53.281 I/ContactsProvider( 1652): Aggregation algorithm upgraded for 0 raw contacts in 216ms
10-16 09:41:53.282 D/NetworkSecurityConfig( 1989): No Network Security Config specified, using platform default
10-16 09:41:53.283 D/NetworkSecurityConfig( 1989): No Network Security Config specified, using platform default
10-16 09:41:53.287 I/AIUI ( 1745): start save id
10-16 09:41:53.294 I/MultiDex( 1989): VM with version 2.1.0 has multidex support
10-16 09:41:53.294 I/MultiDex( 1989): Installing application
10-16 09:41:53.294 I/MultiDex( 1989): VM has multidex support, MultiDex support library is disabled.
10-16 09:41:53.295 W/ActivityManager( 522): Slow operation: 174ms so far, now at attachApplicationLocked: after mServices.attachApplicationLocked
10-16 09:41:53.300 W/Role ( 768): Cannot get ApplicationInfo for default holder: com.android.messaging
10-16 09:41:53.307 I/d.leradlaunche( 1777): Background young concurrent copying GC freed 11181(774KB) AllocSpace objects, 6(112KB) LOS objects, 94% free, 1491KB/25MB, paused 194us total 270.889ms
10-16 09:41:53.309 D/RockyReceiver( 1745): action: android.net.wifi.WIFI_STATE_CHANGED
10-16 09:41:53.322 E/ConnectivityService( 522): Exception = android.content.pm.PackageManager$NameNotFoundException: android.net.cts
10-16 09:41:53.350 W/Role ( 768): Cannot get ApplicationInfo for default holder: com.android.contacts
10-16 09:41:53.420 W/Role ( 768): Cannot get ApplicationInfo for default holder: com.android.gallery3d
10-16 09:41:53.428 I/AIUI ( 1745): save id end
10-16 09:41:53.424 I/rgb_led_ctl( 2057): type=1400 audit(0.0:704): avc: denied { write } for name="spidev1.0" dev="tmpfs" ino=1337 scontext=u:r:init:s0 tcontext=u:object_r:device:s0 tclass=chr_file permissive=1
10-16 09:41:53.424 I/rgb_led_ctl( 2057): type=1400 audit(0.0:705): avc: denied { open } for path="/dev/spidev1.0" dev="tmpfs" ino=1337 scontext=u:r:init:s0 tcontext=u:object_r:device:s0 tclass=chr_file permissive=1
10-16 09:41:53.424 I/rgb_led_ctl( 2057): type=1400 audit(0.0:706): avc: denied { ioctl } for path="/dev/spidev1.0" dev="tmpfs" ino=1337 ioctlcmd=0x6b01 scontext=u:r:init:s0 tcontext=u:object_r:device:s0 tclass=chr_file permissive=1
10-16 09:41:53.458 I/MultiDex( 1989): Installing application
10-16 09:41:53.459 I/MultiDex( 1989): VM has multidex support, MultiDex support library is disabled.
10-16 09:41:53.465 W/.filemanager.o( 1989): Accessing hidden field Landroid/app/ActivityThread;->mHiddenApiWarningShown:Z (max-target-o, reflection, denied)
10-16 09:41:53.465 W/System.err( 1989): java.lang.NoSuchFieldException: No field mHiddenApiWarningShown in class Landroid/app/ActivityThread; (declaration of 'android.app.ActivityThread' appears in /system/framework/framework.jar)
10-16 09:41:53.466 W/System.err( 1989): at java.lang.Class.getDeclaredField(Native Method)
10-16 09:41:53.466 W/System.err( 1989): at com.dangbei.lerad.filemanager.application.App.disableAPIDialog(App.java:166)
10-16 09:41:53.466 W/System.err( 1989): at com.dangbei.lerad.filemanager.application.App.onCreate(App.java:95)
10-16 09:41:53.466 W/System.err( 1989): at android.app.Instrumentation.callApplicationOnCreate(Instrumentation.java:1211)
10-16 09:41:53.466 W/System.err( 1989): at android.app.ActivityThread.handleBindApplication(ActivityThread.java:6740)
10-16 09:41:53.466 W/System.err( 1989): at android.app.ActivityThread.access$1500(ActivityThread.java:247)
10-16 09:41:53.466 W/System.err( 1989): at android.app.ActivityThread$H.handleMessage(ActivityThread.java:2053)
10-16 09:41:53.466 W/System.err( 1989): at android.os.Handler.dispatchMessage(Handler.java:106)
10-16 09:41:53.466 W/System.err( 1989): at android.os.Looper.loopOnce(Looper.java:201)
10-16 09:41:53.466 W/System.err( 1989): at android.os.Looper.loop(Looper.java:288)
10-16 09:41:53.466 W/System.err( 1989): at android.app.ActivityThread.main(ActivityThread.java:7854)
10-16 09:41:53.466 W/System.err( 1989): at java.lang.reflect.Method.invoke(Native Method)
10-16 09:41:53.466 W/System.err( 1989): at com.android.internal.os.RuntimeInit$MethodAndArgsCaller.run(RuntimeInit.java:548)
10-16 09:41:53.466 W/System.err( 1989): at com.android.internal.os.ZygoteInit.main(ZygoteInit.java:1182)
10-16 09:41:53.480 I/AIUIPushConnect( 1745): type=1400 audit(0.0:707): avc: denied { ioctl } for path="socket:[23416]" dev="sockfs" ino=23416 ioctlcmd=0x8927 scontext=u:r:system_app:s0 tcontext=u:r:system_app:s0 tclass=tcp_socket permissive=1
10-16 09:41:53.490 W/IorapForwardingService( 522): No service published for: iorapd
10-16 09:41:53.548 D/TheRouter::RouterInject( 1777): interception::===interface com.dangbei.leard.protocol.user.UserManagerInterface===UserManagerInterfaceImpl148953357
10-16 09:41:53.564 E/hq ( 1777): 检查user:::switchDao id=-1
10-16 09:41:53.566 D/CompatibilityChangeReporter( 1965): Compat change id reported: 171979766; UID 1000; state: DISABLED
10-16 09:41:53.578 E/ActivityThread( 1989): Failed to find provider info for lerad.provider.etna
10-16 09:41:53.623 I/ContactsFTS( 1652): Rebuild contact search index in 274ms, 0 contacts
10-16 09:41:53.665 D/ApplicationLoaders( 1965): Returning zygote-cached class loader: /system/framework/android.test.base.jar
10-16 09:41:53.666 D/ApplicationLoaders( 1965): Returning zygote-cached class loader: /system/framework/android.hidl.manager-V1.0-java.jar
10-16 09:41:53.679 D/USBReceiver( 1989): usb > onReceive: action = android.intent.action.MEDIA_MOUNTED
10-16 09:41:53.694 D/ApplicationLoaders( 1965): Returning zygote-cached class loader: /system/framework/android.hidl.base-V1.0-java.jar
10-16 09:41:53.727 W/Role ( 768): Cannot get ApplicationInfo for default holder: com.android.dialer
10-16 09:41:53.743 D/CompatibilityChangeReporter( 522): Compat change id reported: 168419799; UID 10018; state: DISABLED
10-16 09:41:53.791 W/ranth.ledstatu( 1965): ClassLoaderContext shared library size mismatch. Expected=0, found=4 (PCL[] | PCL[]{PCL[/system/framework/android.test.base.jar*3790657674]#PCL[/system/framework/android.hidl.manager-V1.0-java.jar*1809561547]#PCL[/system/framework/android.hidl.base-V1.0-java.jar*2233032481]#PCL[/system/framework/org.apache.http.legacy.jar*2058259660]})
10-16 09:41:53.863 D/TheRouter::RouterInject( 1777): interception::===interface com.dangbei.leard.protocol.home.HomeManagerInterface===HomeManagerInterfaceImpl244231794
10-16 09:41:53.867 D/AdHelper( 1777): ad server environment is official? false
10-16 09:41:53.868 D/AdHelper( 1777): ad server environment is official? false
10-16 09:41:53.868 D/AdHelper( 1777): ad server environment is official? false
10-16 09:41:53.868 D/AdHelper( 1777): ad server environment is official? false
10-16 09:41:53.884 I/EventThread( 262): type=1400 audit(0.0:708): avc: denied { search } for name="extcon" dev="sysfs" ino=18109 scontext=u:r:hal_tv_cec_default:s0 tcontext=u:object_r:sysfs_extcon:s0 tclass=dir permissive=1
10-16 09:41:53.896 V/GraphicsEnvironment( 1965): ANGLE Developer option for 'com.oranth.ledstatus' set to: 'default'
10-16 09:41:53.898 V/GraphicsEnvironment( 1965): Neither updatable production driver nor prerelease driver is supported.
10-16 09:41:53.905 D/AdHelper( 1777): AdHelper init: end
10-16 09:41:53.915 D/NetworkSecurityConfig( 1965): No Network Security Config specified, using platform default
10-16 09:41:53.925 D/FrameWorkHelper( 1777): resetLauncherAd end
10-16 09:41:53.946 D/CompatibilityChangeReporter( 522): Compat change id reported: 168419799; UID 10074; state: DISABLED
10-16 09:41:53.948 D/NetworkSecurityConfig( 1965): No Network Security Config specified, using platform default
10-16 09:41:53.954 I/ActivityManager( 522): com.oranth.usbopenft is exempt from freezer
10-16 09:41:53.955 D/CompatibilityChangeReporter( 522): Compat change id reported: 135634846; UID 1000; state: DISABLED
10-16 09:41:53.967 E/memInfo.totalMem( 1777): memInfo.totalMem=2055442432 1073741824
10-16 09:41:53.968 D/aaa ( 1965): onCreate()
10-16 09:41:53.969 E/SELinux ( 181): avc: denied { find } for pid=1965 uid=1000 name=MyLedService scontext=u:r:system_app:s0 tcontext=u:object_r:default_android_service:s0 tclass=service_manager permissive=1
10-16 09:41:53.971 E/SELinux ( 181): avc: denied { add } for pid=1965 uid=1000 name=MyLedService scontext=u:r:system_app:s0 tcontext=u:object_r:default_android_service:s0 tclass=service_manager permissive=1
10-16 09:41:53.967 W/audit ( 2089): audit_lost=234 audit_rate_limit=5 audit_backlog_limit=64
10-16 09:41:53.971 I/Choreographer( 1777): Skipped 123 frames! The application may be doing too much work on its main thread.
10-16 09:41:53.970 E/audit ( 2089): rate limit exceeded
10-16 09:41:53.995 I/WebViewFactory( 1777): Loading com.android.webview version 91.0.4472.114 (code 447211450)
10-16 09:41:53.999 D/Zygote ( 244): Forked child process 2091
10-16 09:41:54.005 W/ActivityManager( 522): Slow operation: 53ms so far, now at startProcess: returned from zygote!
10-16 09:41:54.013 W/ActivityManager( 522): Slow operation: 61ms so far, now at startProcess: done updating battery stats
10-16 09:41:54.014 I/Zygote ( 2091): seccomp disabled by setenforce 0
10-16 09:41:54.016 W/ActivityManager( 522): Slow operation: 64ms so far, now at startProcess: building log message
10-16 09:41:54.017 I/ActivityManager( 522): app.processName = com.oranth.usbopenft
10-16 09:41:54.018 I/ActivityManager( 522): Start proc 2091:com.oranth.usbopenft/1000 for broadcast {com.oranth.usbopenft/com.oranth.usbopenft.UsbReceiver}
10-16 09:41:54.018 W/ActivityManager( 522): Slow operation: 66ms so far, now at startProcess: starting to update pids map
10-16 09:41:54.018 W/ActivityManager( 522): Slow operation: 66ms so far, now at startProcess: done updating pids map
10-16 09:41:54.027 D/aaa ( 1965): LedStatusService onStartCommand begin
10-16 09:41:54.029 D/aaa ( 1965): topPkg is -------------- :com.dangbei.hqguide
10-16 09:41:54.063 D/getEthernetMacAddr( 1777): getEthernetMacAddr use eth0
10-16 09:41:54.065 I/adbd ( 381): jdwp connection from 2091
10-16 09:41:54.083 D/nativeloader( 1777): classloader namespace configured for unbundled product apk. library_path=/product/app/webview/lib/arm:/product/app/webview/webview.apk!/lib/armeabi-v7a:/product/lib:/system/product/lib
10-16 09:41:54.097 D/CompatibilityChangeReporter( 522): Compat change id reported: 168419799; UID 1000; state: DISABLED
10-16 09:41:54.101 D/TheRouter::RouterInject( 1777): interception::===interface com.dangbei.leard.protocol.IProviderProtocol===ProviderManager98117732
10-16 09:41:54.109 I/UMConfigure( 1777): common version is 2.0.0
10-16 09:41:54.113 I/UMConfigure( 1777): common type is 0
10-16 09:41:54.113 D/CompatibilityChangeReporter( 2091): Compat change id reported: 171979766; UID 1000; state: ENABLED
10-16 09:41:54.133 I/UMConfigure( 1777): channel is HQOS_DBBOX-A2
10-16 09:41:54.217 V/GraphicsEnvironment( 2091): ANGLE Developer option for 'com.oranth.usbopenft' set to: 'default'
10-16 09:41:54.217 D/UMLog ( 1777): 统计SDK常见问题索引贴 详见链接 http://developer.umeng.com/docs/66650/cate/66650
10-16 09:41:54.218 V/GraphicsEnvironment( 2091): Neither updatable production driver nor prerelease driver is supported.
10-16 09:41:54.230 D/NetworkSecurityConfig( 2091): No Network Security Config specified, using platform default
10-16 09:41:54.231 D/NetworkSecurityConfig( 2091): No Network Security Config specified, using platform default
10-16 09:41:54.262 D/CompatibilityChangeReporter( 522): Compat change id reported: 168419799; UID 10019; state: DISABLED
10-16 09:41:54.268 D/ExternalStorage( 1610): After updating volumes, found 1 active roots
10-16 09:41:54.293 I/UMLog ( 1777): 统计SDK初始化成功
10-16 09:41:54.316 D/CompatibilityChangeReporter( 522): Compat change id reported: 168419799; UID 1000; state: DISABLED
10-16 09:41:54.338 D/DiskReceiver( 1270): Scanning volume: VolumeInfo{emulated;0}:
10-16 09:41:54.338 D/DiskReceiver( 1270): type=EMULATED diskId=null partGuid= mountFlags=PRIMARY|VISIBLE
10-16 09:41:54.338 D/DiskReceiver( 1270): mountUserId=0 state=MOUNTED
10-16 09:41:54.338 D/DiskReceiver( 1270): fsType=null fsUuid=null fsLabel=null
10-16 09:41:54.338 D/DiskReceiver( 1270): path=/storage/emulated internalPath=/data/media
10-16 09:41:54.353 D/CompatibilityChangeReporter( 522): Compat change id reported: 168419799; UID 10042; state: DISABLED
10-16 09:41:54.359 D/USBReceiver( 1989): usb > onReceive: action = android.intent.action.MEDIA_MOUNTED
10-16 09:41:54.386 I/UMConfigure( 1777): current appkey is 5bc71fa4b465f5845d0001b8, last appkey is null
10-16 09:41:54.410 D/CompatibilityChangeReporter( 1777): Compat change id reported: 147600208; UID 1000; state: DISABLED
10-16 09:41:54.432 I/Thread-17( 1777): type=1400 audit(0.0:718): avc: denied { read } for name="diskstats" dev="proc" ino=4026532124 scontext=u:r:system_app:s0 tcontext=u:object_r:proc_diskstats:s0 tclass=file permissive=1
10-16 09:41:54.436 I/Thread-17( 1777): type=1400 audit(0.0:719): avc: denied { open } for path="/proc/diskstats" dev="proc" ino=4026532124 scontext=u:r:system_app:s0 tcontext=u:object_r:proc_diskstats:s0 tclass=file permissive=1
10-16 09:41:54.436 I/Thread-17( 1777): type=1400 audit(0.0:720): avc: denied { getattr } for path="/proc/diskstats" dev="proc" ino=4026532124 scontext=u:r:system_app:s0 tcontext=u:object_r:proc_diskstats:s0 tclass=file permissive=1
10-16 09:41:54.480 D/RockyManager( 1745): switchWakeIsAllow isQuitBootGuide: true isBtMode: false
10-16 09:41:54.480 D/RockyManager( 1745): switchWakeIsAllow isAllowFarWake: true
10-16 09:41:54.499 D/CompatibilityChangeReporter( 522): Compat change id reported: 135634846; UID 10030; state: DISABLED
10-16 09:41:54.500 W/IorapForwardingService( 522): No service published for: iorapd
10-16 09:41:54.502 D/CompatibilityChangeReporter( 522): Compat change id reported: 143937733; UID 10030; state: DISABLED
10-16 09:41:54.531 D/Zygote ( 244): Forked child process 2146
10-16 09:41:54.534 I/ActivityManager( 522): app.processName = com.dangbei.screencast
10-16 09:41:54.534 I/ActivityManager( 522): Start proc 2146:com.dangbei.screencast/u0a30 for broadcast {com.dangbei.screencast/com.dangbei.screencast.startup.BootReceiver}
10-16 09:41:54.546 I/Zygote ( 2146): seccomp disabled by setenforce 0
10-16 09:41:54.560 I/net_disconnect.( 1130): type=1400 audit(0.0:721): avc: denied { execute } for name="rgb_led_ctl" dev="dm-1" ino=188 scontext=u:r:init:s0 tcontext=u:object_r:vendor_file:s0 tclass=file permissive=1
10-16 09:41:54.564 I/nd.statics.boot( 1777): type=1400 audit(0.0:722): avc: denied { read } for name="address" dev="sysfs" ino=25879 scontext=u:r:system_app:s0 tcontext=u:object_r:sysfs:s0 tclass=file permissive=1
10-16 09:41:54.596 W/ContextImpl( 1777): Calling a method in the system process without a qualified user: android.app.ContextImpl.bindService:1895 android.content.ContextWrapper.bindService:810 android.content.ContextWrapper.bindService:810 Am0.run:15 java.lang.Thread.run:920
10-16 09:41:54.606 D/CompatibilityChangeReporter( 522): Compat change id reported: 135634846; UID 10060; state: DISABLED
10-16 09:41:54.607 D/CompatibilityChangeReporter( 522): Compat change id reported: 143937733; UID 10060; state: ENABLED
10-16 09:41:54.612 W/ContextImpl( 1777): Calling a method in the system process without a qualified user: android.app.ContextImpl.bindService:1895 android.content.ContextWrapper.bindService:810 android.content.ContextWrapper.bindService:810 Am0.run:22 java.lang.Thread.run:920
10-16 09:41:54.616 I/adbd ( 381): jdwp connection from 2146
10-16 09:41:54.643 D/Zygote ( 244): Forked child process 2166
10-16 09:41:54.661 W/ActivityManager( 522): Slow operation: 57ms so far, now at startProcess: building log message
10-16 09:41:54.661 I/ActivityManager( 522): app.processName = com.android.webview:webview_service
10-16 09:41:54.661 I/ActivityManager( 522): Start proc 2166:com.android.webview:webview_service/u0a60 for service {com.android.webview/org.chromium.android_webview.services.VariationsSeedServer}
10-16 09:41:54.662 W/ActivityManager( 522): Slow operation: 57ms so far, now at startProcess: starting to update pids map
10-16 09:41:54.662 W/ActivityManager( 522): Slow operation: 58ms so far, now at startProcess: done updating pids map
10-16 09:41:54.666 I/Zygote ( 2166): seccomp disabled by setenforce 0
10-16 09:41:54.669 D/CompatibilityChangeReporter( 522): Compat change id reported: 168419799; UID 10030; state: DISABLED
10-16 09:41:54.728 I/adbd ( 381): jdwp connection from 2166
10-16 09:41:54.736 D/CompatibilityChangeReporter( 2146): Compat change id reported: 171979766; UID 10030; state: DISABLED
10-16 09:41:54.750 D/ApplicationLoaders( 2146): Returning zygote-cached class loader: /system/framework/android.test.base.jar
10-16 09:41:54.750 D/ApplicationLoaders( 2146): Returning zygote-cached class loader: /system/framework/android.hidl.manager-V1.0-java.jar
10-16 09:41:54.750 D/ApplicationLoaders( 2146): Returning zygote-cached class loader: /system/framework/android.hidl.base-V1.0-java.jar
10-16 09:41:54.763 W/hdr10p_Configure( 432): 237 callbacks suppressed
10-16 09:41:54.763 I/ ( 432): DVI mode selected: packets not configured
10-16 09:41:54.763 W/set_vsif_config( 432): 237 callbacks suppressed
10-16 09:41:54.763 I/ ( 432): Error: set vsif failed
10-16 09:41:54.763 D/CompatibilityChangeReporter( 522): Compat change id reported: 168419799; UID 10060; state: DISABLED
10-16 09:41:54.780 I/ ( 432): DVI mode selected: packets not configured
10-16 09:41:54.780 I/ ( 432): Error: set vsif failed
10-16 09:41:54.796 I/ ( 432): DVI mode selected: packets not configured
10-16 09:41:54.796 I/ ( 432): Error: set vsif failed
10-16 09:41:54.803 D/CompatibilityChangeReporter( 2166): Compat change id reported: 171979766; UID 10060; state: ENABLED
10-16 09:41:54.813 I/ ( 432): DVI mode selected: packets not configured
10-16 09:41:54.813 I/ ( 432): Error: set vsif failed
10-16 09:41:54.830 I/ ( 432): DVI mode selected: packets not configured
10-16 09:41:54.830 I/ ( 432): Error: set vsif failed
10-16 09:41:54.847 I/ ( 432): DVI mode selected: packets not configured
10-16 09:41:54.847 I/ ( 432): Error: set vsif failed
10-16 09:41:54.863 I/ ( 432): DVI mode selected: packets not configured
10-16 09:41:54.863 I/ ( 432): Error: set vsif failed
10-16 09:41:54.879 I/ ( 432): DVI mode selected: packets not configured
10-16 09:41:54.879 I/ ( 432): Error: set vsif failed
10-16 09:41:54.886 V/GraphicsEnvironment( 2146): ANGLE Developer option for 'com.dangbei.screencast' set to: 'default'
10-16 09:41:54.886 V/GraphicsEnvironment( 2146): Neither updatable production driver nor prerelease driver is supported.
10-16 09:41:54.892 D/NetworkSecurityConfig( 2146): Using Network Security Config from resource network_security_config debugBuild: false
10-16 09:41:54.897 D/NetworkSecurityConfig( 2146): Using Network Security Config from resource network_security_config debugBuild: false
10-16 09:41:54.897 I/ ( 432): DVI mode selected: packets not configured
10-16 09:41:54.897 I/ ( 432): Error: set vsif failed
10-16 09:41:54.902 D/nativeloader( 2166): classloader namespace configured for unbundled product apk. library_path=/product/app/webview/lib/arm:/product/app/webview/webview.apk!/lib/armeabi-v7a:/product/lib:/system/product/lib
10-16 09:41:54.912 I/ ( 432): DVI mode selected: packets not configured
10-16 09:41:54.912 I/ ( 432): Error: set vsif failed
10-16 09:41:54.934 V/GraphicsEnvironment( 2166): ANGLE Developer option for 'com.android.webview' set to: 'default'
10-16 09:41:54.934 V/GraphicsEnvironment( 2166): Neither updatable production driver nor prerelease driver is supported.
10-16 09:41:54.938 I/MultiDex( 2146): VM with version 2.1.0 has multidex support
10-16 09:41:54.938 I/MultiDex( 2146): Installing application
10-16 09:41:54.938 I/MultiDex( 2146): VM has multidex support, MultiDex support library is disabled.
10-16 09:41:54.949 D/TheRouter::RouterInject( 1777): interception::===interface com.dangbei.leard.protocol.down.DownProtocol===DownProtocolProxy168175075
10-16 09:41:54.952 E/FactoryResetOperateImpl( 1777): isFirstBoot 0
10-16 09:41:54.968 D/NetworkSecurityConfig( 2166): No Network Security Config specified, using platform default
10-16 09:41:54.969 D/NetworkSecurityConfig( 2166): No Network Security Config specified, using platform default
10-16 09:41:54.975 E/PartsInfoProvider( 2146): onCreate:
10-16 09:41:54.985 W/ActivityManager( 522): Background start not allowed: service Intent { act=com.dangbei.screencast.STARTUP pkg=com.dangbei.screencast } to com.dangbei.screencast/.startup.StartupService from pid=2146 uid=10030 pkg=com.dangbei.screencast startFg?=false
10-16 09:41:54.987 W/System.err( 2146): android.app.BackgroundServiceStartNotAllowedException: Not allowed to start service Intent { act=com.dangbei.screencast.STARTUP pkg=com.dangbei.screencast }: app is in background uid UidRecord{a0931d8 u0a30 RCVR idle change:idle|uncached procs:0 seq(0,0,0)}
10-16 09:41:54.987 W/System.err( 2146): at android.app.ContextImpl.startServiceCommon(ContextImpl.java:1861)
10-16 09:41:54.988 W/System.err( 2146): at android.app.ContextImpl.startService(ContextImpl.java:1817)
10-16 09:41:54.988 W/System.err( 2146): at android.content.ContextWrapper.startService(ContextWrapper.java:774)
10-16 09:41:54.988 W/System.err( 2146): at b.f.f.h.g.k.a(Unknown Source:20)
10-16 09:41:54.988 W/System.err( 2146): at com.dangbei.screencast.provider.PartsInfoProvider.onCreate(:2)
10-16 09:41:54.988 W/System.err( 2146): at android.content.ContentProvider.attachInfo(ContentProvider.java:2404)
10-16 09:41:54.988 W/System.err( 2146): at android.content.ContentProvider.attachInfo(ContentProvider.java:2374)
10-16 09:41:54.988 W/System.err( 2146): at android.app.ActivityThread.installProvider(ActivityThread.java:7437)
10-16 09:41:54.988 W/System.err( 2146): at android.app.ActivityThread.installContentProviders(ActivityThread.java:6954)
10-16 09:41:54.988 W/System.err( 2146): at android.app.ActivityThread.handleBindApplication(ActivityThread.java:6725)
10-16 09:41:54.988 W/System.err( 2146): at android.app.ActivityThread.access$1500(ActivityThread.java:247)
10-16 09:41:54.988 W/System.err( 2146): at android.app.ActivityThread$H.handleMessage(ActivityThread.java:2053)
10-16 09:41:54.988 W/System.err( 2146): at android.os.Handler.dispatchMessage(Handler.java:106)
10-16 09:41:54.988 W/System.err( 2146): at android.os.Looper.loopOnce(Looper.java:201)
10-16 09:41:54.988 W/System.err( 2146): at android.os.Looper.loop(Looper.java:288)
10-16 09:41:54.988 W/System.err( 2146): at android.app.ActivityThread.main(ActivityThread.java:7854)
10-16 09:41:54.988 W/System.err( 2146): at java.lang.reflect.Method.invoke(Native Method)
10-16 09:41:54.988 W/System.err( 2146): at com.android.internal.os.RuntimeInit$MethodAndArgsCaller.run(RuntimeInit.java:548)
10-16 09:41:54.988 W/System.err( 2146): at com.android.internal.os.ZygoteInit.main(ZygoteInit.java:1182)
