10-16 09:41:25.651 I/xm_audio( 249): in_get_sample_rate
10-16 09:41:25.651 I/xm_audio( 249): in_get_channels
10-16 09:41:25.652 I/xm_audio( 249): in_get_sample_rate
10-16 09:41:25.653 I/xm_audio( 249): in_get_channels
10-16 09:41:25.653 I/xm_audio( 249): in_get_channels
10-16 09:41:25.653 I/xm_audio( 249): in_get_buffer_size
10-16 09:41:25.653 I/xm_audio( 249): in_get_buffer_size: fsize=512.000000, size=512
10-16 09:41:25.654 I/xm_audio( 249): in_get_buffer_size
10-16 09:41:25.654 I/xm_audio( 249): in_get_buffer_size: fsize=512.000000, size=512
10-16 09:41:25.654 I/xm_audio( 249): in_get_sample_rate
10-16 09:41:25.654 I/xm_audio( 249): in_get_channels
10-16 09:41:25.654 D/xm_audio( 249): socket_thread start
10-16 09:41:25.654 D/xm_audio( 249): create socket g_is_running4
10-16 09:41:25.655 D/XM_HIDREAD( 323): Client connected.
10-16 09:41:25.655 D/XM_HIDREAD( 323): accept before.
10-16 09:41:25.658 D/XM_HIDREAD( 323): handle_client start.
10-16 09:41:25.666 D/xm_audio( 249): create socket g_is_running5
10-16 09:41:25.666 E/xm_audio( 249): so socket connect suc
10-16 09:41:25.667 D/xm_audio( 249): data_thread start
10-16 09:41:25.668 I/AudioFlinger( 269): AudioFlinger's thread 0xf0773fc0 tid=453 ready to run
10-16 09:41:25.668 D/xm_audio( 249): -->adev_close_input_stream
10-16 09:41:25.668 D/xm_audio( 249): -->adev_close_input_stream ready free stream.
10-16 09:41:25.668 D/xm_audio( 249): -->adev_close_input_stream free stream finish.
10-16 09:41:25.690 D/Zygote ( 244): VMRuntime.setVerifierEnabled(false)
10-16 09:41:25.696 D/Zygote ( 244): begin preload
10-16 09:41:25.696 I/Zygote ( 244): Calling ZygoteHooks.beginPreload()
10-16 09:41:25.789 I/bt_a2dp_hw( 269): system/bt/audio_a2dp_hw/src/audio_a2dp_hw.cc:1893 adev_open: adev_open: adev_open in A2dp_hw module
10-16 09:41:25.790 I/AudioFlinger( 269): loadHwModule() Loaded a2dp audio interface, handle 26
10-16 09:41:25.790 V/APM_AudioPolicyManager( 269): onNewAudioModulesAvailableInt: Input device list is empty! for profile a2dp input
10-16 09:41:25.831 I/r_submix( 249): adev_open(name=audio_hw_if)
10-16 09:41:25.832 I/r_submix( 249): adev_init_check()
10-16 09:41:25.832 I/AudioFlinger( 269): loadHwModule() Loaded r_submix audio interface, handle 34
10-16 09:41:25.832 D/r_submix( 249): adev_open_input_stream(addr=0)
10-16 09:41:25.832 D/r_submix( 249): submix_audio_device_create_pipe_l(addr=0, idx=9)
10-16 09:41:25.833 D/r_submix( 249): now using address 0 for route 9
10-16 09:41:25.842 I/AudioFlinger( 269): AudioFlinger's thread 0xf07731c0 tid=462 ready to run
10-16 09:41:25.844 D/r_submix( 249): adev_close_input_stream()
10-16 09:41:25.844 D/r_submix( 249): submix_audio_device_release_pipe_l(idx=9) addr=0
10-16 09:41:25.845 D/r_submix( 249): submix_audio_device_destroy_pipe_l(): pipe destroyed
10-16 09:41:25.847 D/audio_so_hv_309( 249): creat hbg mic rcv thread
10-16 09:41:25.847 D/audio_so_hv_309( 249): 0208creat rcv thread!
10-16 09:41:25.847 I/BLEAudioDrive_HV410( 249): hbg_init enter
10-16 09:41:25.848 I/BLEAudioDrive_HV410( 249): hbg_chengshi_android12
10-16 09:41:25.848 I/BLEAudioDrive_HV410( 249): hbg_init exit
10-16 09:41:25.844 I/HwBinder:249_3( 249): type=1400 audit(0.0:244): avc: denied { read } for name="remote.txt" dev="mmcblk0p25" ino=218 scontext=u:r:hal_audio_default:s0 tcontext=u:object_r:vendor_data_file:s0 tclass=lnk_file permissive=1
10-16 09:41:25.849 D/audio_so_hv_309( 249): ---0208 ReceiveAudioDataThread ---
10-16 09:41:25.849 D/audio_so_hv_309( 249): ---0223 monit_mic_Thread ---
10-16 09:41:25.849 D/audio_so_hv_309( 249): HBG remote is powerdown!
10-16 09:41:25.850 I/BLEAudioDrive_HV410( 249): CONFIG_PRODUCT 10: PRODUCT_ID
10-16 09:41:25.850 I/BLEAudioDrive_HV410( 249): current line info : VENDOR_ID:0x1d5a
10-16 09:41:25.850 I/BLEAudioDrive_HV410( 249):
10-16 09:41:25.850 I/BLEAudioDrive_HV410( 249): config vendor : 0x1d5a
10-16 09:41:25.850 I/BLEAudioDrive_HV410( 249): current line info : PRODUCT_ID:0xc081
10-16 09:41:25.850 I/BLEAudioDrive_HV410( 249):
10-16 09:41:25.850 I/BLEAudioDrive_HV410( 249): config product : 0xc081
10-16 09:41:25.850 I/BLEAudioDrive_HV410( 249): current line info : AUDIOKEY_REPORTID:0x01
10-16 09:41:25.850 I/BLEAudioDrive_HV410( 249):
10-16 09:41:25.850 I/BLEAudioDrive_HV410( 249): config report_id : 1
10-16 09:41:25.851 I/BLEAudioDrive_HV410( 249): current line info : AUDIOKEY_VALUE:0x3e
10-16 09:41:25.851 I/BLEAudioDrive_HV410( 249):
10-16 09:41:25.851 I/BLEAudioDrive_HV410( 249): config key value : 3e 0
10-16 09:41:25.851 I/BLEAudioDrive_HV410( 249): current line info : DYNAMIC_BLE:1
10-16 09:41:25.851 I/BLEAudioDrive_HV410( 249):
10-16 09:41:25.851 I/BLEAudioDrive_HV410( 249): config DYNAMIC BLE : 1
10-16 09:41:25.851 I/BLEAudioDrive_HV410( 249): current line info : START_RADIO:
10-16 09:41:25.851 I/BLEAudioDrive_HV410( 249):
10-16 09:41:25.851 I/BLEAudioDrive_HV410( 249): not set boardcast !!
10-16 09:41:25.851 I/BLEAudioDrive_HV410( 249): config start broadcast :
10-16 09:41:25.851 I/BLEAudioDrive_HV410( 249):
10-16 09:41:25.851 I/BLEAudioDrive_HV410( 249): current line info : STOP_RADIO:
10-16 09:41:25.851 I/BLEAudioDrive_HV410( 249):
10-16 09:41:25.851 I/BLEAudioDrive_HV410( 249): current line info : DEBUG_LOG:4
10-16 09:41:25.851 I/BLEAudioDrive_HV410( 249):
10-16 09:41:25.851 I/BLEAudioDrive_HV410( 249): config debug level : 4
10-16 09:41:25.851 I/BLEAudioDrive_HV410( 249): current line info : FORMAT_AU:1
10-16 09:41:25.851 I/BLEAudioDrive_HV410( 249):
10-16 09:41:25.851 I/BLEAudioDrive_HV410( 249): config audioF : 1
10-16 09:41:25.851 I/BLEAudioDrive_HV410( 249): current line info : CMD_REPORTID:0x01
10-16 09:41:25.851 I/BLEAudioDrive_HV410( 249):
10-16 09:41:25.851 I/BLEAudioDrive_HV410( 249): config cmd_report_id : 1
10-16 09:41:25.851 I/BLEAudioDrive_HV410( 249): current line info :
10-16 09:41:25.851 I/BLEAudioDrive_HV410( 249):
10-16 09:41:25.851 I/BLEAudioDrive_HV410( 249): current line info :
10-16 09:41:25.851 I/BLEAudioDrive_HV410( 249):
10-16 09:41:25.851 I/BLEAudioDrive_HV410( 249): current line info :
10-16 09:41:25.851 I/BLEAudioDrive_HV410( 249):
10-16 09:41:25.851 I/AudioFlinger( 269): loadHwModule() Loaded blehid audio interface, handle 42
10-16 09:41:25.851 I/BLEAudioDrive_HV410( 249): devices vendor is 0x1d5a
10-16 09:41:25.851 I/BLEAudioDrive_HV410( 249): devices product is 0xc081
10-16 09:41:25.852 D/audio_so_hv_309( 249): open HBG MIC audio channel!!!
10-16 09:41:25.852 I/BLEAudioDrive_HV410( 249): write to remote start:-1
10-16 09:41:25.852 I/BLEAudioDrive_HV410( 249): send start to remote fail: Bad file descriptor
10-16 09:41:25.852 I/BLEAudioDrive_HV410( 249): doinit_thread exit
10-16 09:41:25.852 I/BLEAudioDrive_HV410( 249): hidraw_read_task
10-16 09:41:25.848 I/HwBinder:249_3( 249): type=1400 audit(0.0:245): avc: denied { read } for name="/" dev="tmpfs" ino=1174 scontext=u:r:hal_audio_default:s0 tcontext=u:object_r:device:s0 tclass=dir permissive=1
10-16 09:41:25.848 I/HwBinder:249_3( 249): type=1400 audit(0.0:246): avc: denied { watch } for path="/dev" dev="tmpfs" ino=1174 scontext=u:r:hal_audio_default:s0 tcontext=u:object_r:device:s0 tclass=dir permissive=1
10-16 09:41:25.853 I/BLEAudioDrive_HV410( 249): decode audio_thread start.
10-16 09:41:25.853 I/BLEAudioDrive_HV410( 249): monit_audio_thread start.
10-16 09:41:25.853 I/BLEAudioDrive_HV410( 249): write to remote start:-1
10-16 09:41:25.853 I/BLEAudioDrive_HV410( 249): send start to remote fail: Bad file descriptor
10-16 09:41:25.853 I/BLEAudioDrive_HV410( 249): audSever start!
10-16 09:41:25.873 I/zygote ( 244): Verified 2763 classes from mainline modules in 300.427ms
10-16 09:41:25.882 I/BLEAudioDrive_HV410( 249): send start to remote fail: Bad file descriptor
10-16 09:41:25.912 I/BLEAudioDrive_HV410( 249): send start to remote fail: Bad file descriptor
10-16 09:41:25.933 I/Zygote ( 244): Preloading classes...
10-16 09:41:25.942 I/BLEAudioDrive_HV410( 249): send start to remote fail: Bad file descriptor
10-16 09:41:25.973 I/BLEAudioDrive_HV410( 249): send start to remote fail: Bad file descriptor
10-16 09:41:26.003 I/BLEAudioDrive_HV410( 249): send start to remote fail: Bad file descriptor
10-16 09:41:26.012 W/awplayer( 355): : Set log level to 3
10-16 09:41:26.034 I/BLEAudioDrive_HV410( 249): send start to remote fail: Bad file descriptor
10-16 09:41:26.043 I/Typeface( 244): Preloading /system/fonts/Roboto-Regular.ttf
10-16 09:41:26.044 I/Typeface( 244): Preloading /system/fonts/RobotoStatic-Regular.ttf
10-16 09:41:26.053 I/cedarc ( 355): : register avs decoder success!
10-16 09:41:26.054 I/cedarc ( 355): : register h264 decoder success!
10-16 09:41:26.055 I/cedarc ( 355): : register h265 decoder success!
10-16 09:41:26.055 I/cedarc ( 355): : register mjpeg decoder success!
10-16 09:41:26.056 I/cedarc ( 355): : register mjpegplus decoder success!
10-16 09:41:26.056 I/cedarc ( 355): : register mpeg2 decoder success!
10-16 09:41:26.057 W/awplayer( 355): : Invalid plugin,function CedarPluginVDInit not found.
10-16 09:41:26.057 I/cedarc ( 355): : register mpeg4dx decoder success!
10-16 09:41:26.057 I/cedarc ( 355): : register mpeg4H263 decoder success!
10-16 09:41:26.058 I/cedarc ( 355): : register mpeg4Normal decoder success!
10-16 09:41:26.058 I/cedarc ( 355): : register Mpeg4Vp6 decoder success!
10-16 09:41:26.058 I/cedarc ( 355): : register vp6Soft decoder success!
10-16 09:41:26.058 I/cedarc ( 355): : register vp8 decoder success!
10-16 09:41:26.059 E/cedarc ( 355): : register Wmv12Soft decoder failure!!!
10-16 09:41:26.059 I/cedarc ( 355): : register vc1 decoder success!
10-16 09:41:26.059 D/cedarc ( 355): : register Vp9Hw decoder success!
10-16 09:41:26.059 I/cedarc ( 355): : register avs2 decoder success!
10-16 09:41:26.063 D/awplayer( 355): : aw stream init...
10-16 09:41:26.063 D/awplayer( 355): : Register stream rtp version v1.1
10-16 09:41:26.064 I/BLEAudioDrive_HV410( 249): send start to remote fail: Bad file descriptor
10-16 09:41:26.075 I/mediaserver( 355): ServiceManager: 0xe7fd9960
10-16 09:41:26.077 W/BatteryNotifier( 355): batterystats service unavailable!
10-16 09:41:26.078 W/BatteryNotifier( 355): batterystats service unavailable!
10-16 09:41:26.094 I/BLEAudioDrive_HV410( 249): send start to remote fail: Bad file descriptor
10-16 09:41:26.125 I/BLEAudioDrive_HV410( 249): hidraw_path return<0
10-16 09:41:26.125 D/audio_so_hv_309( 249): --- registerAudioDataCB 0 ---
10-16 09:41:26.130 I/AudioFlinger( 269): AudioFlinger's thread 0xf0773e00 tid=478 ready to run
10-16 09:41:26.131 W/AudioFlinger( 269): no wake lock to update, system not ready yet
10-16 09:41:26.134 W/AudioFlinger( 269): no wake lock to update, system not ready yet
10-16 09:41:26.134 D/audio_so_hv_309( 249): --- unRegisterAudioDataCB 0---
10-16 09:41:26.134 D/audio_so_hv_309( 249): unRegisterAudioDataCB:DeInitRingBuffer
10-16 09:41:26.137 I/BLEAudioDrive_HV410( 249): write to remote stop:-1
10-16 09:41:26.137 I/BLEAudioDrive_HV410( 249): send stop to remote fail: Bad file descriptor
10-16 09:41:26.137 I/BLEAudioDrive_HV410( 249): audSever stop!
10-16 09:41:26.139 I/audioserver( 269): Waiting for activity service
10-16 09:41:26.187 E/ActivityRecognitionHardware( 244): activity_recognition HAL is deprecated. class_init is effectively a no-op
10-16 09:41:26.357 D/MtpDeviceJNI( 244): register_android_mtp_MtpDevice
10-16 09:41:26.369 I/adbd ( 381): adbd mDNS service _adb-tls-connect._tcp registered: 1
10-16 09:41:26.370 I/adbd ( 381): adbd mDNS service _adb._tcp registered: 1
10-16 09:41:26.612 W/Zygote ( 244): Class not found for preloading: android.view.SurfaceView$2
10-16 09:41:26.849 I/Zygote ( 244): ...preloaded 7337 classes in 915ms.
10-16 09:41:26.858 D/ApplicationLoaders( 244): Created zygote-cached class loader: /system/framework/android.hidl.base-V1.0-java.jar
10-16 09:41:26.864 D/ApplicationLoaders( 244): Created zygote-cached class loader: /system/framework/android.hidl.manager-V1.0-java.jar
10-16 09:41:26.870 D/ApplicationLoaders( 244): Created zygote-cached class loader: /system/framework/android.test.base.jar
10-16 09:41:27.163 D/RenderEngine( 276): shader cache generated - 48 shaders in 1635.602051 ms
10-16 09:41:27.166 I/HidlServiceManagement( 276): Registered android.frameworks.displayservice@1.0::IDisplayService/default
10-16 09:41:27.167 D/SurfaceFlinger( 276): Setting power mode 2 on display 0
10-16 09:41:27.167 D/sunxihwc( 258): setPowerMode: device(hdmi0) power mode: On
10-16 09:41:27.167 I/sunxihwc( 258): setRuntimeState: disp2 blank control [unblank], driver usage [1]
10-16 09:41:27.167 D/SurfaceFlinger( 276): Finished setting power mode 2 on display 0
10-16 09:41:27.189 E/cutils-trace( 507): Error opening trace file: No such file or directory (2)
10-16 09:41:27.184 I/rainbow_flow( 329): type=1400 audit(0.0:247): avc: denied { ioctl } for path="/dev/spidev1.0" dev="tmpfs" ino=1337 ioctlcmd=0x6b00 scontext=u:r:init:s0 tcontext=u:object_r:device:s0 tclass=chr_file permissive=1
10-16 09:41:27.208 W/idmap2 ( 507): failed to find resource 'bool/config_swipe_up_gesture_default'
10-16 09:41:27.212 W/idmap2 ( 507): failed to find resource 'drawable/default_wallpaper_white'
10-16 09:41:27.214 W/idmap2 ( 507): failed to find resource 'string/config_defaultAssistantComponentName'
10-16 09:41:27.288 W/idmap2 ( 507): failed to find resource 'string/config_ntpServer'
10-16 09:41:27.337 E/cutils-trace( 510): Error opening trace file: No such file or directory (2)
10-16 09:41:27.351 W/idmap2 ( 510): failed to find resource 'string/accent_color_overlay'
10-16 09:41:27.356 W/idmap2 ( 510): failed to find resource 'string/icon_shape_overlay'
10-16 09:41:27.370 I/Zygote ( 244): Preloading resources...
10-16 09:41:27.394 W/Resources( 244): Preloaded drawable resource #0x1080286 (android:drawable/dialog_background_material) that varies with configuration!!
10-16 09:41:27.421 I/update_engine( 376): [INFO:cleanup_previous_update_action.cc(112)] Executing task 1
10-16 09:41:27.422 D/BootAnimation( 509): BootAnimationPreloadTiming start time: 10356ms
10-16 09:41:27.423 I/update_engine( 376): [INFO:cleanup_previous_update_action.cc(124)] CleanupPreviousUpdateAction scheduled task ID 3 for WaitBootCompleted
10-16 09:41:27.430 I/Zygote ( 244): ...preloaded 64 resources in 61ms.
10-16 09:41:27.435 E/BootAnimation( 509): no audio.wav could be found!
10-16 09:41:27.435 D/BootAnimation( 509): BootAnimationPreloadStopTiming start time: 10369ms
10-16 09:41:27.436 E/HWComposer( 276): getSupportedContentTypes: getSupportedContentTypes failed for display 0: Unsupported (8)
10-16 09:41:27.438 E/cutils-trace( 509): Error opening trace file: No such file or directory (2)
10-16 09:41:27.441 I/Zygote ( 244): ...preloaded 41 resources in 11ms.
10-16 09:41:27.457 D/libEGL ( 509): loaded /vendor/lib/egl/libGLES_mali.so
10-16 09:41:27.465 D/libEGL ( 244): loaded /vendor/lib/egl/libGLES_mali.so
10-16 09:41:27.540 I/hwservicemanager( 182): getTransport: Cannot find entry android.hardware.configstore@1.0::ISurfaceFlingerConfigs/default in either framework or device VINTF manifest.
10-16 09:41:27.558 I/Zygote ( 244): Preloading shared libraries...
10-16 09:41:27.570 I/Zygote ( 244): Called ZygoteHooks.endPreload()
10-16 09:41:27.571 I/Zygote ( 244): Installed AndroidKeyStoreProvider in 1ms.
10-16 09:41:27.574 D/BootAnimation( 509): BootAnimationShownTiming start time: 10508ms
10-16 09:41:27.585 I/Zygote ( 244): Warmed up JCA providers in 13ms.
10-16 09:41:27.585 D/Zygote ( 244): end preload
10-16 09:41:27.585 D/Zygote ( 244): VMRuntime.setVerifierEnabled(true)
10-16 09:41:27.636 I/hwservicemanager( 182): getTransport: Cannot find entry android.hardware.graphics.mapper@4.0::IMapper/default in either framework or device VINTF manifest.
10-16 09:41:27.637 I/Gralloc4( 509): mapper 4.x is not supported
10-16 09:41:27.637 I/hwservicemanager( 182): getTransport: Cannot find entry android.hardware.graphics.mapper@3.0::IMapper/default in either framework or device VINTF manifest.
10-16 09:41:27.637 W/Gralloc3( 509): mapper 3.x is not supported
10-16 09:41:27.642 E/gralloc ( 509): Arm Module v1.0
10-16 09:41:27.643 I/hwservicemanager( 182): getTransport: Cannot find entry android.hardware.graphics.allocator@4.0::IAllocator/default in either framework or device VINTF manifest.
10-16 09:41:27.643 W/Gralloc4( 509): allocator 4.x is not supported
10-16 09:41:27.644 I/hwservicemanager( 182): getTransport: Cannot find entry android.hardware.graphics.allocator@3.0::IAllocator/default in either framework or device VINTF manifest.
10-16 09:41:27.644 W/Gralloc3( 509): allocator 3.x is not supported
10-16 09:41:27.648 I/gralloc ( 257): alloc buffer:W:1920 H:1080 S:1920 PL[1920 1080] SZ:8294400 fmt:43 if:0 af:43 usg:20000b00 fg:00000004
10-16 09:41:27.649 E/ion ( 509): ioctl c0044901 failed with code -1: Inappropriate ioctl for device
10-16 09:41:27.672 I/SurfaceFlinger( 276): Enter boot animation
10-16 09:41:27.674 E/ion ( 258): ioctl c0044901 failed with code -1: Inappropriate ioctl for device
10-16 09:41:27.676 I/zygote ( 244): Explicit concurrent copying GC freed 18877(1042KB) AllocSpace objects, 0(0B) LOS objects, 49% free, 3557KB/7115KB, paused 94us total 90.638ms
10-16 09:41:27.683 I/ ( 432): DVI mode selected: packets not configured
10-16 09:41:27.683 I/ ( 432): Error: set vsif failed
10-16 09:41:27.734 I/gralloc ( 257): alloc buffer:W:1920 H:1080 S:1920 PL[1920 1080] SZ:8294400 fmt:43 if:0 af:43 usg:20000b00 fg:00000004
10-16 09:41:27.762 I/ ( 432): DVI mode selected: packets not configured
10-16 09:41:27.763 I/ ( 432): Error: set vsif failed
10-16 09:41:27.761 I/zygote ( 244): Explicit concurrent copying GC freed 2371(125KB) AllocSpace objects, 0(0B) LOS objects, 49% free, 3463KB/6927KB, paused 74us total 81.271ms
10-16 09:41:27.812 I/ ( 432): DVI mode selected: packets not configured
10-16 09:41:27.812 I/ ( 432): Error: set vsif failed
10-16 09:41:27.862 I/ ( 432): DVI mode selected: packets not configured
10-16 09:41:27.862 I/ ( 432): Error: set vsif failed
10-16 09:41:27.915 I/ ( 432): DVI mode selected: packets not configured
10-16 09:41:27.915 I/ ( 432): Error: set vsif failed
10-16 09:41:27.945 D/Zygote ( 244): Forked child process 522
10-16 09:41:27.945 I/Zygote ( 244): System server process 522 has been created
10-16 09:41:27.949 I/Zygote ( 244): Accepting command socket connections
10-16 09:41:27.979 I/ ( 432): DVI mode selected: packets not configured
10-16 09:41:27.979 I/ ( 432): Error: set vsif failed
10-16 09:41:28.008 I/EventThread( 262): type=1400 audit(0.0:248): avc: denied { search } for name="extcon" dev="sysfs" ino=18109 scontext=u:r:hal_tv_cec_default:s0 tcontext=u:object_r:sysfs_extcon:s0 tclass=dir permissive=1
10-16 09:41:28.029 I/ ( 432): DVI mode selected: packets not configured
10-16 09:41:28.029 I/ ( 432): Error: set vsif failed
10-16 09:41:28.081 I/ ( 432): DVI mode selected: packets not configured
10-16 09:41:28.081 I/ ( 432): Error: set vsif failed
10-16 09:41:28.146 I/ ( 432): DVI mode selected: packets not configured
10-16 09:41:28.146 I/ ( 432): Error: set vsif failed
10-16 09:41:28.196 I/ ( 432): DVI mode selected: packets not configured
10-16 09:41:28.196 I/ ( 432): Error: set vsif failed
10-16 09:41:28.299 I/Zygote ( 522): seccomp disabled by setenforce 0
10-16 09:41:28.320 W/system_server( 522): Failed to upload odrefresh metrics: metrics file '/data/misc/odrefresh/odrefresh-metrics.txt' could not be opened: No such file or directory
10-16 09:41:28.326 I/adbd ( 381): jdwp connection from 522
10-16 09:41:28.344 V/installd( 350): DexInv: --- BEGIN '/apex/com.android.appsearch/javalib/service-appsearch.jar' ---
10-16 09:41:28.344 V/installd( 350): Running /apex/com.android.art/bin/dex2oat32 in=service-appsearch.jar out=/data/dalvik-cache/arm/apex@com.android.appsearch@javalib@service-appsearch.jar@classes.dex
10-16 09:41:28.411 I/dex2oat32( 537): /apex/com.android.art/bin/dex2oat32 --input-vdex-fd=-1 --output-vdex-fd=8 --classpath-dir=/apex/com.android.appsearch/javalib --class-loader-context=PCL[/system/framework/com.android.location.provider.jar:/system/framework/services.jar:/system/framework/ethernet-service.jar:/system/framework/pppoe-service.jar] --compact-dex-level=none --compiler-filter=verify --compilation-reason=server-dexopt --max-image-block-size=524288 --resolve-startup-const-strings=true --generate-mini-debug-info
10-16 09:41:28.408 I/rainbow_flow( 329): type=1400 audit(0.0:249): avc: denied { ioctl } for path="/dev/spidev1.0" dev="tmpfs" ino=1337 ioctlcmd=0x6b00 scontext=u:r:init:s0 tcontext=u:object_r:device:s0 tclass=chr_file permissive=1
10-16 09:41:28.419 E/cutils-trace( 537): Error opening trace file: No such file or directory (2)
10-16 09:41:28.451 W/dex2oat32( 537): ART APEX data files are untrusted.
10-16 09:41:28.696 W/ServiceManager( 242): Service statscompanion didn't start. Returning NULL
10-16 09:41:28.697 I/statsd ( 242): Statsd starts to listen to socket.
10-16 09:41:28.862 I/dex2oat32( 537): dex2oat took 460.072ms (664.030ms cpu) (threads: 4) arena alloc=0B (0B) java alloc=399KB (409528B) native alloc=25MB (26684568B) free=1016KB (1041256B)
10-16 09:41:28.881 V/installd( 350): DexInv: --- END '/apex/com.android.appsearch/javalib/service-appsearch.jar' (success) ---
10-16 09:41:28.888 V/installd( 350): DexInv: --- BEGIN '/apex/com.android.media/javalib/service-media-s.jar' ---
10-16 09:41:28.888 V/installd( 350): Running /apex/com.android.art/bin/dex2oat32 in=service-media-s.jar out=/data/dalvik-cache/arm/apex@com.android.media@javalib@service-media-s.jar@classes.dex
10-16 09:41:28.943 I/dex2oat32( 545): /apex/com.android.art/bin/dex2oat32 --input-vdex-fd=-1 --output-vdex-fd=8 --classpath-dir=/apex/com.android.media/javalib --class-loader-context=PCL[/system/framework/com.android.location.provider.jar:/system/framework/services.jar:/system/framework/ethernet-service.jar:/system/framework/pppoe-service.jar:/apex/com.android.appsearch/javalib/service-appsearch.jar] --compact-dex-level=none --compiler-filter=verify --compilation-reason=server-dexopt --max-image-block-size=524288 --resolve-startup-const-strings=true --generate-mini-debug-info
10-16 09:41:28.951 E/cutils-trace( 545): Error opening trace file: No such file or directory (2)
10-16 09:41:28.960 W/dex2oat32( 545): ART APEX data files are untrusted.
10-16 09:41:29.185 I/dex2oat32( 545): dex2oat took 250.076ms (246.869ms cpu) (threads: 4) arena alloc=0B (0B) java alloc=64KB (65728B) native alloc=24MB (25660608B) free=972KB (996160B)
10-16 09:41:29.206 V/installd( 350): DexInv: --- END '/apex/com.android.media/javalib/service-media-s.jar' (success) ---
10-16 09:41:29.211 V/installd( 350): DexInv: --- BEGIN '/apex/com.android.permission/javalib/service-permission.jar' ---
10-16 09:41:29.211 V/installd( 350): Running /apex/com.android.art/bin/dex2oat32 in=service-permission.jar out=/data/dalvik-cache/arm/apex@com.android.permission@javalib@service-permission.jar@classes.dex
10-16 09:41:29.269 I/dex2oat32( 552): /apex/com.android.art/bin/dex2oat32 --input-vdex-fd=-1 --output-vdex-fd=8 --classpath-dir=/apex/com.android.permission/javalib --class-loader-context=PCL[/system/framework/com.android.location.provider.jar:/system/framework/services.jar:/system/framework/ethernet-service.jar:/system/framework/pppoe-service.jar:/apex/com.android.appsearch/javalib/service-appsearch.jar:/apex/com.android.media/javalib/service-media-s.jar] --compact-dex-level=none --compiler-filter=verify --compilation-reason=server-dexopt --max-image-block-size=524288 --resolve-startup-const-strings=true --generate-mini-debug-info
10-16 09:41:29.274 E/cutils-trace( 552): Error opening trace file: No such file or directory (2)
10-16 09:41:29.283 W/dex2oat32( 552): ART APEX data files are untrusted.
10-16 09:41:29.426 I/update_engine( 376): [INFO:cleanup_previous_update_action.cc(112)] Executing task 3
10-16 09:41:29.433 I/update_engine( 376): [INFO:cleanup_previous_update_action.cc(124)] CleanupPreviousUpdateAction scheduled task ID 4 for WaitBootCompleted
10-16 09:41:29.510 I/dex2oat32( 552): dex2oat took 248.453ms (263.183ms cpu) (threads: 4) arena alloc=0B (0B) java alloc=65KB (66984B) native alloc=25MB (26482808B) free=1001KB (1025928B)
10-16 09:41:29.528 V/installd( 350): DexInv: --- END '/apex/com.android.permission/javalib/service-permission.jar' (success) ---
10-16 09:41:29.555 I/SystemServerTiming( 522): InitBeforeStartServices
10-16 09:41:29.574 I/SystemServer( 522): Entered the Android system server!
10-16 09:41:29.879 E/UsbAlsaJackDetectorJNI( 522): Can't register UsbAlsaJackDetector native methods
10-16 09:41:29.908 I/SystemServerInitThreadPool( 522): Creating instance with 4 threads
10-16 09:41:29.910 I/SystemServerTimingAsync( 522): InitThreadPoolExec:loadPreinstalledSystemFontMap
10-16 09:41:29.910 I/SystemServerTiming( 522): StartServices
10-16 09:41:29.910 D/SystemServerInitThreadPool( 522): Started executing loadPreinstalledSystemFontMap
10-16 09:41:29.910 I/SystemServerTimingAsync( 522): loadPreinstalledSystemFontMap
10-16 09:41:29.911 D/SystemServer( 522): VMRuntime.setVerifierEnabled(false)
10-16 09:41:29.911 I/SystemServerTiming( 522): startBootstrapServices
10-16 09:41:29.911 I/SystemServerTiming( 522): StartWatchdog
10-16 09:41:29.924 I/SystemServer( 522): Reading configuration...
10-16 09:41:29.924 I/SystemServerTiming( 522): ReadingSystemConfig
10-16 09:41:29.925 I/SystemServerTimingAsync( 522): InitThreadPoolExec:ReadingSystemConfig
10-16 09:41:29.925 D/SystemServerInitThreadPool( 522): Started executing ReadingSystemConfig
10-16 09:41:29.926 I/SystemServerTiming( 522): PlatformCompat
10-16 09:41:29.927 I/SystemConfig( 522): Reading permissions from /system/etc/sysconfig/preinstalled-packages-platform-full-base.xml
10-16 09:41:29.929 D/CompatConfig( 522): Found a config file: /system/etc/compatconfig/framework-platform-compat-config.xml
10-16 09:41:29.931 I/incfs ( 522): Initial API level of the device: 31
10-16 09:41:29.931 I/incfs ( 522): ro.incremental.enable: module:/vendor/lib/modules/incrementalfs.ko
10-16 09:41:29.931 I/incfs ( 522): isFsAvailable: false
10-16 09:41:29.931 I/incfs ( 522): isFsAvailable: false
10-16 09:41:29.932 E/incfs ( 522): could not open IncFs kernel module "/vendor/lib/modules/incrementalfs.ko": No such file or directory
10-16 09:41:29.932 E/incfs ( 522): IncFs_Features: failed to open features dir, assuming v1/none.: No such file or directory
10-16 09:41:29.932 I/SystemConfig( 522): Reading permissions from /system/etc/sysconfig/preinstalled-packages-com.android.providers.media.module.xml
10-16 09:41:29.934 I/SystemConfig( 522): Reading permissions from /system/etc/sysconfig/hiddenapi-package-whitelist.xml
10-16 09:41:29.935 D/CompatConfig( 522): Adding: com.android.server.compat.config.Change@6f037aa
10-16 09:41:29.936 I/SystemConfig( 522): Reading permissions from /system/etc/sysconfig/preinstalled-packages-platform.xml
10-16 09:41:29.938 D/CompatConfig( 522): Adding: com.android.server.compat.config.Change@5be5b11
10-16 09:41:29.938 I/SystemConfig( 522): Reading permissions from /system/etc/sysconfig/framework-sysconfig.xml
10-16 09:41:29.939 D/CompatConfig( 522): Adding: com.android.server.compat.config.Change@1f22476
10-16 09:41:29.939 D/CompatConfig( 522): Adding: com.android.server.compat.config.Change@479aa77
10-16 09:41:29.940 D/CompatConfig( 522): Adding: com.android.server.compat.config.Change@8c806e4
10-16 09:41:29.940 D/CompatConfig( 522): Adding: com.android.server.compat.config.Change@79c974d
10-16 09:41:29.941 D/CompatConfig( 522): Adding: com.android.server.compat.config.Change@6541202
10-16 09:41:29.942 D/CompatConfig( 522): Adding: com.android.server.compat.config.Change@ed47713
10-16 09:41:29.942 D/CompatConfig( 522): Adding: com.android.server.compat.config.Change@8a85b49
10-16 09:41:29.943 I/SystemConfig( 522): Reading permissions from /system/etc/permissions/privapp-vendor-permissions.xml
10-16 09:41:29.943 D/CompatConfig( 522): Adding: com.android.server.compat.config.Change@ef54c4e
10-16 09:41:29.944 D/CompatConfig( 522): Adding: com.android.server.compat.config.Change@e05716f
10-16 09:41:29.945 D/CompatConfig( 522): Adding: com.android.server.compat.config.Change@bbb4e7c
10-16 09:41:29.946 D/CompatConfig( 522): Adding: com.android.server.compat.config.Change@926305
10-16 09:41:29.947 D/CompatConfig( 522): Adding: com.android.server.compat.config.Change@2a1b58b
10-16 09:41:29.947 I/SystemConfig( 522): Reading permissions from /system/etc/permissions/oranth-privapp-permissions.xml
10-16 09:41:29.947 D/CompatConfig( 522): Adding: com.android.server.compat.config.Change@8acd668
10-16 09:41:29.948 D/CompatConfig( 522): Adding: com.android.server.compat.config.Change@75b2a81
10-16 09:41:29.948 D/CompatConfig( 522): Adding: com.android.server.compat.config.Change@98a9726
10-16 09:41:29.949 D/CompatConfig( 522): Adding: com.android.server.compat.config.Change@7741f67
10-16 09:41:29.950 D/CompatConfig( 522): Adding: com.android.server.compat.config.Change@eacf114
10-16 09:41:29.951 D/CompatConfig( 522): Adding: com.android.server.compat.config.Change@a8eedbd
10-16 09:41:29.952 D/CompatConfig( 522): Adding: com.android.server.compat.config.Change@878ffb2
10-16 09:41:29.952 D/CompatConfig( 522): Adding: com.android.server.compat.config.Change@f194b03
10-16 09:41:29.953 D/CompatConfig( 522): Adding: com.android.server.compat.config.Change@9f20a80
10-16 09:41:29.953 D/CompatConfig( 522): Adding: com.android.server.compat.config.Change@a41a8b9
10-16 09:41:29.954 I/SystemConfig( 522): Reading permissions from /system/etc/permissions/com.android.future.usb.accessory.xml
10-16 09:41:29.954 D/CompatConfig( 522): Adding: com.android.server.compat.config.Change@f5b945f
10-16 09:41:29.956 D/CompatConfig( 522): Adding: com.android.server.compat.config.Change@1ad4eac
10-16 09:41:29.956 D/CompatConfig( 522): Adding: com.android.server.compat.config.Change@61cd30a
10-16 09:41:29.956 I/SystemConfig( 522): Reading permissions from /system/etc/permissions/org.apache.http.legacy.xml
10-16 09:41:29.957 D/CompatConfig( 522): Adding: com.android.server.compat.config.Change@64f177b
10-16 09:41:29.958 D/CompatConfig( 522): Adding: com.android.server.compat.config.Change@cf6a998
10-16 09:41:29.958 I/SystemConfig( 522): Reading permissions from /system/etc/permissions/android.test.runner.xml
10-16 09:41:29.959 D/CompatConfig( 522): Adding: com.android.server.compat.config.Change@93d15d6
10-16 09:41:29.960 D/CompatConfig( 522): Adding: com.android.server.compat.config.Change@52db057
10-16 09:41:29.960 I/SystemConfig( 522): Reading permissions from /system/etc/permissions/com.android.networkstack.tethering.xml
10-16 09:41:29.961 D/CompatConfig( 522): Adding: com.android.server.compat.config.Change@4bbc02d
10-16 09:41:29.962 D/CompatConfig( 522): Adding: com.android.server.compat.config.Change@84cb962
10-16 09:41:29.962 D/CompatConfig( 522): Adding: com.android.server.compat.config.Change@cf2faf3
10-16 09:41:29.963 D/CompatConfig( 522): Adding: com.android.server.compat.config.Change@6dd13b0
10-16 09:41:29.964 D/CompatConfig( 522): Adding: com.android.server.compat.config.Change@7c109ae
10-16 09:41:29.964 I/SystemConfig( 522): Reading permissions from /system/etc/permissions/com.android.documentsui.xml
10-16 09:41:29.964 D/CompatConfig( 522): Adding: com.android.server.compat.config.Change@8b8534f
10-16 09:41:29.965 D/CompatConfig( 522): Adding: com.android.server.compat.config.Change@df7badc
10-16 09:41:29.967 I/SystemConfig( 522): Reading permissions from /system/etc/permissions/javax.obex.xml
10-16 09:41:29.967 D/CompatConfig( 522): Adding: com.android.server.compat.config.Change@c1812ba
10-16 09:41:29.968 D/CompatConfig( 522): Adding: com.android.server.compat.config.Change@1d0d56b
10-16 09:41:29.968 D/CompatConfig( 522): Adding: com.android.server.compat.config.Change@2b3a8c8
10-16 09:41:29.969 D/CompatConfig( 522): Adding: com.android.server.compat.config.Change@69bfd61
10-16 09:41:29.969 I/SystemConfig( 522): Reading permissions from /system/etc/permissions/permissions-awbms.xml
10-16 09:41:29.970 D/CompatConfig( 522): Adding: com.android.server.compat.config.Change@9a55d47
10-16 09:41:29.971 D/CompatConfig( 522): Adding: com.android.server.compat.config.Change@9be8974
10-16 09:41:29.971 D/CompatConfig( 522): Adding: com.android.server.compat.config.Change@7ba0e9d
10-16 09:41:29.972 I/SystemConfig( 522): Reading permissions from /system/etc/permissions/android.hardware.hdmi.cec.xml
10-16 09:41:29.972 D/CompatConfig( 522): Adding: com.android.server.compat.config.Change@55086e3
10-16 09:41:29.976 D/CompatConfig( 522): Adding: com.android.server.compat.config.Change@4adf799
10-16 09:41:29.979 D/CompatConfig( 522): Adding: com.android.server.compat.config.Change@8d93a5e
10-16 09:41:29.980 I/SystemConfig( 522): Reading permissions from /system/etc/permissions/privapp-permissions-platform.xml
10-16 09:41:29.982 D/CompatConfig( 522): Adding: com.android.server.compat.config.Change@6faae3f
10-16 09:41:29.984 D/CompatConfig( 522): Adding: com.android.server.compat.config.Change@d8d930c
10-16 09:41:29.986 D/CompatConfig( 522): Adding: com.android.server.compat.config.Change@f5d7455
10-16 09:41:29.987 D/CompatConfig( 522): Adding: com.android.server.compat.config.Change@2fa9e6a
10-16 09:41:29.987 D/CompatConfig( 522): Adding: com.android.server.compat.config.Change@f5ef5b
10-16 09:41:29.988 D/CompatConfig( 522): Adding: com.android.server.compat.config.Change@306d3f8
10-16 09:41:29.989 D/CompatConfig( 522): Adding: com.android.server.compat.config.Change@84e00d1
10-16 09:41:29.989 D/CompatConfig( 522): Adding: com.android.server.compat.config.Change@1c3736
10-16 09:41:29.989 D/CompatConfig( 522): Adding: com.android.server.compat.config.Change@e9a2637
10-16 09:41:29.990 D/CompatConfig( 522): Adding: com.android.server.compat.config.Change@4d137a4
10-16 09:41:29.991 D/CompatConfig( 522): Found a config file: /system/etc/compatconfig/services-platform-compat-config.xml
10-16 09:41:29.997 I/gralloc ( 257): alloc buffer:W:1920 H:1080 S:1920 PL[1920 1080] SZ:8294400 fmt:43 if:0 af:43 usg:20000b00 fg:00000004
10-16 09:41:30.002 D/CompatConfig( 522): Adding: com.android.server.compat.config.Change@6ec90c2
10-16 09:41:30.003 I/SystemConfig( 522): Reading permissions from /system/etc/permissions/android.software.webview.xml
10-16 09:41:30.005 D/CompatConfig( 522): Adding: com.android.server.compat.config.Change@54ef909
10-16 09:41:30.006 D/CompatConfig( 522): Adding: com.android.server.compat.config.Change@876f70e
10-16 09:41:30.007 D/CompatConfig( 522): Adding: com.android.server.compat.config.Change@21d73c
10-16 09:41:30.008 I/SystemConfig( 522): Reading permissions from /system/etc/permissions/android.software.live_wallpaper.xml
10-16 09:41:30.008 D/CompatConfig( 522): Adding: com.android.server.compat.config.Change@2651cc5
10-16 09:41:30.008 D/CompatConfig( 522): Adding: com.android.server.compat.config.Change@92f761a
10-16 09:41:30.008 D/CompatConfig( 522): Adding: com.android.server.compat.config.Change@14d654b
10-16 09:41:30.009 D/CompatConfig( 522): Adding: com.android.server.compat.config.Change@5d32b28
10-16 09:41:30.009 D/CompatConfig( 522): Adding: com.android.server.compat.config.Change@affc041
10-16 09:41:30.010 D/CompatConfig( 522): Adding: com.android.server.compat.config.Change@b8b0b27
10-16 09:41:30.010 I/SystemConfig( 522): Reading permissions from /system/etc/permissions/com.android.mediadrm.signer.xml
10-16 09:41:30.010 D/CompatConfig( 522): Adding: com.android.server.compat.config.Change@ec3d1d4
10-16 09:41:30.010 D/CompatConfig( 522): Adding: com.android.server.compat.config.Change@1471f7d
10-16 09:41:30.011 D/CompatConfig( 522): Adding: com.android.server.compat.config.Change@a1332c3
10-16 09:41:30.011 I/SystemConfig( 522): Reading permissions from /system/etc/permissions/android.software.controls.xml
10-16 09:41:30.011 D/CompatConfig( 522): Adding: com.android.server.compat.config.Change@9763740
10-16 09:41:30.012 D/CompatConfig( 522): Adding: com.android.server.compat.config.Change@7ab3679
10-16 09:41:30.012 D/CompatConfig( 522): Adding: com.android.server.compat.config.Change@9153fbe
10-16 09:41:30.012 D/CompatConfig( 522): Adding: com.android.server.compat.config.Change@26c381f
10-16 09:41:30.013 I/SystemConfig( 522): Reading permissions from /system/etc/permissions/com.android.media.remotedisplay.xml
10-16 09:41:30.013 D/CompatConfig( 522): Adding: com.android.server.compat.config.Change@d9fc135
10-16 09:41:30.013 D/CompatConfig( 522): Adding: com.android.server.compat.config.Change@de199ca
10-16 09:41:30.013 D/CompatConfig( 522): Adding: com.android.server.compat.config.Change@226373b
10-16 09:41:30.014 D/CompatConfig( 522): Adding: com.android.server.compat.config.Change@1bbae58
10-16 09:41:30.014 I/SystemConfig( 522): Reading permissions from /system/etc/permissions/com.android.location.provider.xml
10-16 09:41:30.015 D/CompatConfig( 522): Adding: com.android.server.compat.config.Change@4678896
10-16 09:41:30.015 D/CompatConfig( 522): Adding: com.android.server.compat.config.Change@5b70c17
10-16 09:41:30.015 D/CompatConfig( 522): Adding: com.android.server.compat.config.Change@5695804
10-16 09:41:30.016 D/CompatConfig( 522): Adding: com.android.server.compat.config.Change@58b9822
10-16 09:41:30.016 I/SystemConfig( 522): Reading permissions from /system/etc/permissions/android.hardware.location.network.xml
10-16 09:41:30.016 D/CompatConfig( 522): Adding: com.android.server.compat.config.Change@11652b3
10-16 09:41:30.016 D/CompatConfig( 522): Adding: com.android.server.compat.config.Change@d25f070
10-16 09:41:30.017 D/CompatConfig( 522): Adding: com.android.server.compat.config.Change@f09afe9
10-16 09:41:30.017 D/CompatConfig( 522): Adding: com.android.server.compat.config.Change@619670f
10-16 09:41:30.017 I/SystemConfig( 522): Reading permissions from /system/etc/permissions/com.android.networkstack.xml
10-16 09:41:30.017 D/CompatConfig( 522): Adding: com.android.server.compat.config.Change@ad1a39c
10-16 09:41:30.018 D/CompatConfig( 522): Adding: com.android.server.compat.config.Change@1c461a5
10-16 09:41:30.018 D/CompatConfig( 522): Adding: com.android.server.compat.config.Change@fc097a
10-16 09:41:30.019 I/SystemConfig( 522): Reading permissions from /system/etc/permissions/android.test.base.xml
10-16 09:41:30.019 D/CompatConfig( 522): Adding: com.android.server.compat.config.Change@c235d88
10-16 09:41:30.020 I/SystemConfig( 522): Reading permissions from /system/etc/permissions/android.test.mock.xml
10-16 09:41:30.020 D/CompatConfig( 522): Adding: com.android.server.compat.config.Change@4b14346
10-16 09:41:30.020 D/CompatConfig( 522): Adding: com.android.server.compat.config.Change@1d2907
10-16 09:41:30.021 D/CompatConfig( 522): Adding: com.android.server.compat.config.Change@154ca34
10-16 09:41:30.021 D/CompatConfig( 522): Adding: com.android.server.compat.config.Change@eee205d
10-16 09:41:30.023 D/CompatConfig( 522): Adding: com.android.server.compat.config.Change@7d94ea3
10-16 09:41:30.023 I/SystemConfig( 522): Reading permissions from /system/etc/permissions/platform.xml
10-16 09:41:30.024 D/CompatConfig( 522): Adding: com.android.server.compat.config.Change@28e55a0
10-16 09:41:30.024 D/CompatConfig( 522): Adding: com.android.server.compat.config.Change@e716559
10-16 09:41:30.025 D/CompatConfig( 522): Adding: com.android.server.compat.config.Change@eff751e
10-16 09:41:30.025 D/CompatConfig( 522): Adding: com.android.server.compat.config.Change@ba831ff
10-16 09:41:30.025 D/CompatConfig( 522): Adding: com.android.server.compat.config.Change@132bcc
10-16 09:41:30.026 D/CompatConfig( 522): Adding: com.android.server.compat.config.Change@b49fe15
10-16 09:41:30.026 D/CompatConfig( 522): Adding: com.android.server.compat.config.Change@329c52a
10-16 09:41:30.026 D/CompatConfig( 522): Adding: com.android.server.compat.config.Change@b57ef1b
10-16 09:41:30.027 D/CompatConfig( 522): Adding: com.android.server.compat.config.Change@92d38b8
10-16 09:41:30.027 D/CompatConfig( 522): Adding: com.android.server.compat.config.Change@ff709f6
10-16 09:41:30.028 D/CompatConfig( 522): Adding: com.android.server.compat.config.Change@b7c61f7
10-16 09:41:30.028 D/CompatConfig( 522): Adding: com.android.server.compat.config.Change@5d92864
10-16 09:41:30.028 D/CompatConfig( 522): Adding: com.android.server.compat.config.Change@91cdacd
10-16 09:41:30.029 D/CompatConfig( 522): Adding: com.android.server.compat.config.Change@381cf82
10-16 09:41:30.029 D/CompatConfig( 522): Found a config file: /system/etc/compatconfig/icu4j-platform-compat-config.xml
10-16 09:41:30.031 I/SystemConfig( 522): Reading permissions from /vendor/etc/permissions/android.software.pppoe.xml
10-16 09:41:30.032 I/SystemConfig( 522): Reading permissions from /vendor/etc/permissions/android.software.midi.xml
10-16 09:41:30.034 I/SystemConfig( 522): Reading permissions from /vendor/etc/permissions/android.hardware.touchscreen.multitouch.xml
10-16 09:41:30.034 D/CompatConfig( 522): Adding: com.android.server.compat.config.Change@cb798ef
10-16 09:41:30.035 D/CompatConfig( 522): Found a config file: /system/etc/compatconfig/calendar-provider-compat-config.xml
10-16 09:41:30.036 I/SystemConfig( 522): Reading permissions from /vendor/etc/permissions/android.hardware.camera.front.xml
10-16 09:41:30.036 D/CompatConfig( 522): Adding: com.android.server.compat.config.Change@5d5ccda
10-16 09:41:30.037 D/CompatConfig( 522): Found a config file: /system/etc/compatconfig/documents-ui-compat-config.xml
10-16 09:41:30.038 I/SystemConfig( 522): Reading permissions from /vendor/etc/permissions/android.software.vulkan.deqp.level.xml
10-16 09:41:30.040 D/CompatConfig( 522): Adding: com.android.server.compat.config.Change@101601
10-16 09:41:30.041 I/SystemConfig( 522): Reading permissions from /vendor/etc/permissions/android.hardware.vulkan.level.xml
10-16 09:41:30.041 D/CompatConfig( 522): No directory /system/system_ext/etc/compatconfig, skipping
10-16 09:41:30.042 I/SystemConfig( 522): Reading permissions from /vendor/etc/permissions/id.hardware.camera.xml
10-16 09:41:30.042 D/CompatConfig( 522): No directory /apex/com.android.wifi/etc/compatconfig, skipping
10-16 09:41:30.043 D/CompatConfig( 522): No directory /apex/com.android.vndk.v31/etc/compatconfig, skipping
10-16 09:41:30.043 D/CompatConfig( 522): No directory /apex/com.android.tzdata/etc/compatconfig, skipping
10-16 09:41:30.043 D/CompatConfig( 522): No directory /apex/com.android.tethering/etc/compatconfig, skipping
10-16 09:41:30.043 D/CompatConfig( 522): No directory /apex/com.android.sdkext/etc/compatconfig, skipping
10-16 09:41:30.043 D/CompatConfig( 522): No directory /apex/com.android.scheduling/etc/compatconfig, skipping
10-16 09:41:30.043 D/CompatConfig( 522): No directory /apex/com.android.runtime/etc/compatconfig, skipping
10-16 09:41:30.043 I/SystemConfig( 522): Reading permissions from /vendor/etc/permissions/android.hardware.keystore.app_attest_key.xml
10-16 09:41:30.043 D/CompatConfig( 522): No directory /apex/com.android.resolv/etc/compatconfig, skipping
10-16 09:41:30.043 D/CompatConfig( 522): No directory /apex/com.android.permission/etc/compatconfig, skipping
10-16 09:41:30.043 D/CompatConfig( 522): No directory /apex/com.android.os.statsd/etc/compatconfig, skipping
10-16 09:41:30.044 D/CompatConfig( 522): No directory /apex/com.android.neuralnetworks/etc/compatconfig, skipping
10-16 09:41:30.044 D/CompatConfig( 522): Found a config file: /apex/com.android.mediaprovider/etc/compatconfig/media-provider-platform-compat-config.xml
10-16 09:41:30.044 I/SystemConfig( 522): Reading permissions from /vendor/etc/permissions/android.hardware.usb.accessory.xml
10-16 09:41:30.045 D/CompatConfig( 522): Adding: com.android.server.compat.config.Change@388439
10-16 09:41:30.045 I/SystemConfig( 522): Reading permissions from /vendor/etc/permissions/android.software.verified_boot.xml
10-16 09:41:30.046 D/Sunxi_PQ( 277): has no clients connectted, close the socket.
10-16 09:41:30.046 D/CompatConfig( 522): Adding: com.android.server.compat.config.Change@d6fda7e
10-16 09:41:30.047 D/CompatConfig( 522): Adding: com.android.server.compat.config.Change@8a69bdf
10-16 09:41:30.047 D/CompatConfig( 522): Adding: com.android.server.compat.config.Change@b142af5
10-16 09:41:30.047 I/SystemConfig( 522): Reading permissions from /vendor/etc/permissions/android.software.opengles.deqp.level.xml
10-16 09:41:30.047 D/CompatConfig( 522): Adding: com.android.server.compat.config.Change@b2b208a
10-16 09:41:30.048 D/CompatConfig( 522): Adding: com.android.server.compat.config.Change@a0316fb
10-16 09:41:30.048 D/CompatConfig( 522): Adding: com.android.server.compat.config.Change@5737318
10-16 09:41:30.049 D/CompatConfig( 522): No directory /apex/com.android.media.swcodec/etc/compatconfig, skipping
10-16 09:41:30.049 D/CompatConfig( 522): No directory /apex/com.android.media/etc/compatconfig, skipping
10-16 09:41:30.049 D/CompatConfig( 522): No directory /apex/com.android.ipsec/etc/compatconfig, skipping
10-16 09:41:30.049 D/CompatConfig( 522): No directory /apex/com.android.i18n/etc/compatconfig, skipping
10-16 09:41:30.049 I/SystemConfig( 522): Reading permissions from /vendor/etc/permissions/android.hardware.wifi.xml
10-16 09:41:30.049 D/CompatConfig( 522): No directory /apex/com.android.extservices/etc/compatconfig, skipping
10-16 09:41:30.049 D/CompatConfig( 522): No directory /apex/com.android.conscrypt/etc/compatconfig, skipping
10-16 09:41:30.050 D/CompatConfig( 522): Found a config file: /apex/com.android.art/etc/compatconfig/libcore-platform-compat-config.xml
10-16 09:41:30.050 I/SystemConfig( 522): Reading permissions from /vendor/etc/permissions/android.hardware.camera.external.xml
10-16 09:41:30.051 D/CompatConfig( 522): Adding: com.android.server.compat.config.Change@ca3c3ad
10-16 09:41:30.052 I/SystemConfig( 522): Reading permissions from /vendor/etc/permissions/android.software.backup.xml
10-16 09:41:30.052 D/CompatConfig( 522): Adding: com.android.server.compat.config.Change@4376a73
10-16 09:41:30.053 D/CompatConfig( 522): Adding: com.android.server.compat.config.Change@765eda9
10-16 09:41:30.053 I/SystemConfig( 522): Reading permissions from /vendor/etc/permissions/android.hardware.vulkan.version.xml
10-16 09:41:30.053 D/CompatConfig( 522): Adding: com.android.server.compat.config.Change@e85df2e
10-16 09:41:30.054 D/CompatConfig( 522): Adding: com.android.server.compat.config.Change@8224c5c
10-16 09:41:30.054 I/SystemConfig( 522): Reading permissions from /vendor/etc/permissions/android.hardware.reboot_escrow.xml
10-16 09:41:30.054 D/CompatConfig( 522): No directory /apex/com.android.appsearch/etc/compatconfig, skipping
10-16 09:41:30.055 D/CompatConfig( 522): No directory /apex/com.android.adbd/etc/compatconfig, skipping
10-16 09:41:30.056 I/SystemConfig( 522): Reading permissions from /vendor/etc/permissions/tv_core_hardware.xml
10-16 09:41:30.057 I/SystemServerTiming( 522): StartFileIntegrityService
10-16 09:41:30.057 I/SystemConfig( 522): Reading permissions from /vendor/etc/permissions/android.hardware.bluetooth_le.xml
10-16 09:41:30.057 I/SystemServiceManager( 522): Starting com.android.server.security.FileIntegrityService
10-16 09:41:30.059 I/SystemConfig( 522): Reading permissions from /vendor/etc/permissions/android.hardware.bluetooth.xml
10-16 09:41:30.061 I/SystemConfig( 522): Reading permissions from /vendor/etc/permissions/android.hardware.camera.flash-autofocus.xml
10-16 09:41:30.062 I/SystemConfig( 522): Reading permissions from /vendor/etc/permissions/android.hardware.wifi.passpoint.xml
10-16 09:41:30.063 I/SystemConfig( 522): Reading permissions from /vendor/etc/permissions/android.hardware.wifi.direct.xml
10-16 09:41:30.064 I/SystemConfig( 522): Reading permissions from /vendor/etc/permissions/android.hardware.opengles.aep.xml
10-16 09:41:30.066 I/SystemConfig( 522): Reading permissions from /vendor/etc/permissions/android.hardware.hardware_keystore.xml
10-16 09:41:30.068 I/SystemConfig( 522): Reading permissions from /vendor/etc/permissions/android.hardware.vulkan.compute.xml
10-16 09:41:30.069 I/SystemServerTiming( 522): StartInstaller
10-16 09:41:30.069 I/SystemServiceManager( 522): Starting com.android.server.pm.Installer
10-16 09:41:30.070 I/SystemConfig( 522): Reading permissions from /vendor/etc/permissions/android.hardware.usb.host.xml
10-16 09:41:30.071 I/SystemConfig( 522): Reading permissions from /vendor/etc/permissions/android.hardware.ethernet.xml
10-16 09:41:30.071 D/installd( 350): Found quota mount /dev/block/by-name/userdata at /data
10-16 09:41:30.071 D/installd( 350): Found quota mount /dev/block/by-name/userdata at /data/user/0
10-16 09:41:30.072 I/SystemConfig( 522): Reading permissions from /vendor/etc/permissions/android.software.ipsec_tunnels.xml
10-16 09:41:30.073 I/SystemServerTiming( 522): DeviceIdentifiersPolicyService
10-16 09:41:30.074 I/SystemServiceManager( 522): Starting com.android.server.os.DeviceIdentifiersPolicyService
10-16 09:41:30.075 I/SystemConfig( 522): Reading permissions from /product/etc/sysconfig/preinstalled-packages-platform-handheld-product.xml
10-16 09:41:30.075 I/SystemServerTiming( 522): UriGrantsManagerService
10-16 09:41:30.075 I/SystemServiceManager( 522): Starting com.android.server.uri.UriGrantsManagerService$Lifecycle
10-16 09:41:30.076 I/SystemConfig( 522): Reading permissions from /product/etc/sysconfig/preinstalled-packages-platform-overlays.xml
10-16 09:41:30.080 I/SystemServerTiming( 522): StartPowerStatsService
10-16 09:41:30.080 I/SystemServiceManager( 522): Starting com.android.server.powerstats.PowerStatsService
10-16 09:41:30.081 I/SystemConfig( 522): Reading permissions from /product/etc/permissions/com.android.settings.intelligence.xml
10-16 09:41:30.082 I/SystemConfig( 522): Reading permissions from /product/etc/permissions/com.android.tv.xml
10-16 09:41:30.083 E/servicemanager( 181): Could not find android.hardware.power.stats.IPowerStats/default in the VINTF manifest.
10-16 09:41:30.084 W/SystemConfig( 522): No directory /system_ext/etc/sysconfig, skipping
