--------- beginning of main
10-16 09:41:19.424 W/lowmemorykiller( 180): LMKD : whitelist android.signature.cts.api.hiddenapi_blacklist_api_27;android.signature.cts.api.hiddenapi_blacklist_api_28;android.signature.cts.api.hiddenapi_blacklist_current;android.media.cts;android.process.media;com.antutu.ABenchMark;com.antutu.benchmark.full;com.antutu.benchmark.full:unity;com.antutu.ABenchMark:push;com.futuremark.dmandroid.application;com.allwinner.batterytest;cn.xender;com.socialnmobile.dictapps.notepad.color.note;org.videolan.vlc;
10-16 09:41:19.427 I/lowmemorykiller( 180): Using psi monitors for memory pressure detection
10-16 09:41:19.428 I/lowmemorykiller( 180): Process polling is supported
10-16 09:41:19.462 W/SELinux ( 181): Multiple same specifications for softwinner\.multiir.
10-16 09:41:19.464 I/SELinux ( 181): SELinux: Loaded service_contexts from:
10-16 09:41:19.464 I/SELinux ( 181): /system/etc/selinux/plat_service_contexts
10-16 09:41:19.464 I/SELinux ( 181): /system_ext/etc/selinux/system_ext_service_contexts
10-16 09:41:19.464 I/SELinux ( 181): /vendor/etc/selinux/vendor_service_contexts --------- beginning of kernel
10-16 09:41:17.490 I/usbcore ( 1): registered new interface driver ums-isd200
10-16 09:41:17.490 I/usbcore ( 1): registered new interface driver ums-jumpshot
10-16 09:41:17.490 I/usbcore ( 1): registered new interface driver ums-karma
10-16 09:41:17.490 I/usbcore ( 1): registered new interface driver ums-onetouch
10-16 09:41:17.490 I/usbcore ( 1): registered new interface driver ums-realtek
10-16 09:41:17.490 I/usbcore ( 1): registered new interface driver ums-sddr09
10-16 09:41:17.490 I/usbcore ( 1): registered new interface driver ums-sddr55
10-16 09:41:17.490 I/usbcore ( 1): registered new interface driver ums-usbat
10-16 09:41:17.490 I/usbcore ( 1): registered new interface driver xpad
10-16 09:41:17.490 I/usbcore ( 1): registered new interface driver usb_acecad
10-16 09:41:17.490 I/usbcore ( 1): registered new interface driver aiptek
10-16 09:41:17.490 I/usbcore ( 1): registered new interface driver gtco
10-16 09:41:17.491 I/usbcore ( 1): registered new interface driver hanwang
10-16 09:41:17.491 I/usbcore ( 1): registered new interface driver kbtab
10-16 09:41:17.491 E/axp2101_pek( 1): axp2101-pek can not register without irq
10-16 09:41:17.498 W/axp2101-pek( 1): probe of axp2101-pek.0 failed with error -22
10-16 09:41:17.498 E/sunxi-rtc 7000000.rtc( 1): reset_control_get() failed
10-16 09:41:17.505 W/sunxi-rtc 7000000.rtc( 1): Fail to get clock 'rtc-spi'
10-16 09:41:17.506 I/sunxi-rtc 7000000.rtc( 1): registered as rtc0
10-16 09:41:17.506 I/sunxi-rtc 7000000.rtc( 1): setting system clock to 2025-10-16T01:41:17 UTC (1760578877)
10-16 09:41:17.506 I/sunxi-rtc 7000000.rtc( 1): sunxi rtc probed
10-16 09:41:17.506 I/ ( 1): i2c /dev entries driver
10-16 09:41:17.506 I/ ( 1): IR NEC protocol handler initialized
10-16 09:41:17.506 I/ ( 1): IR RC5(x/sz) protocol handler initialized
10-16 09:41:17.506 I/usbcore ( 1): registered new interface driver uvcvideo
10-16 09:41:17.506 I/ ( 1): USB Video Class driver (1.1.1)
10-16 09:41:17.506 D/ ( 1): sunxi cedar version 1.1
10-16 09:41:17.507 I/sunxi-cedar 1c0e000.ve( 1): Adding to iommu group 0
10-16 09:41:17.507 D/VE ( 1): install start!!!
10-16 09:41:17.507 I/VE ( 1): cedar-ve the get irq is 20
10-16 09:41:17.507 I/VE ( 1): ve_debug_proc_info:(____ptrval____), data:(____ptrval____), lock:(____ptrval____)
10-16 09:41:17.507 D/VE ( 1): install end!!!
10-16 09:41:17.507 I/sunxi-cedar soc@3000000( 1): ve1@1c0e000: Adding to iommu group 0
10-16 09:41:17.507 I/VE ( 1): device ve1 just use to add iommu master
10-16 09:41:17.507 I/sunxi-wdt 30090a0.watchdog( 1): Watchdog enabled (timeout=16 sec, nowayout=0)
10-16 09:41:17.508 I/device-mapper( 1): uevent: version 1.0.3
10-16 09:41:17.508 I/device-mapper( 1): ioctl: 4.41.0-ioctl (2019-09-16) initialised: dm-devel@redhat.com
10-16 09:41:17.509 I/hidraw ( 1): raw HID events driver (C) Jiri Kosina
10-16 09:41:17.511 I/usbcore ( 1): registered new interface driver usbhid
10-16 09:41:17.511 I/usbhid ( 1): USB HID core driver
10-16 09:41:17.512 I/ashmem ( 1): initialized
10-16 09:41:17.512 I/optee ( 1): probing for conduit method from DT.
10-16 09:41:17.512 I/optee ( 1): revision 2.5
10-16 09:41:17.513 I/optee ( 1): initialized driver
10-16 09:41:17.513 D/ ( 1): drm_base=0x40000000
10-16 09:41:17.513 D/ ( 1): drm_size=0x0
10-16 09:41:17.513 D/ ( 1): tee_base=0x2000000
10-16 09:41:17.513 I/usbcore ( 1): registered new interface driver snd-usb-audio
10-16 09:41:17.513 I/netem ( 1): version 1.3
10-16 09:41:17.513 I/ ( 1): u32 classifier
10-16 09:41:17.513 I/ ( 1): input device check on
10-16 09:41:17.513 I/ ( 1): Actions configured
10-16 09:41:17.514 I/xt_time ( 1): kernel timezone is -0000
10-16 09:41:17.514 I/ipip ( 1): IPv4 and MPLS over IPv4 tunneling driver
10-16 09:41:17.514 I/gre ( 1): GRE over IPv4 demultiplexor driver
10-16 09:41:17.514 I/ip_gre ( 1): GRE over IPv4 tunneling driver
10-16 09:41:17.515 I/ ( 1): IPv4 over IPsec tunneling driver
10-16 09:41:17.515 I/ ( 1): Initializing XFRM netlink socket
10-16 09:41:17.515 I/ ( 1): IPsec XFRM device driver
10-16 09:41:17.516 I/NET ( 1): Registered protocol family 10
10-16 09:41:17.517 I/ ( 1): Segment Routing with IPv6
10-16 09:41:17.517 I/mip6 ( 1): Mobile IPv6
10-16 09:41:17.517 I/sit ( 1): IPv6, IPv4 and MPLS over IPv4 tunneling driver
10-16 09:41:17.518 I/ip6_gre ( 1): GRE over IPv6 tunneling driver
10-16 09:41:17.518 I/NET ( 1): Registered protocol family 17
10-16 09:41:17.518 I/NET ( 1): Registered protocol family 15
10-16 09:41:17.519 I/Bluetooth( 1): RFCOMM TTY layer initialized
10-16 09:41:17.519 I/Bluetooth( 1): RFCOMM socket layer initialized
10-16 09:41:17.519 I/Bluetooth( 1): RFCOMM ver 1.11
10-16 09:41:17.519 I/Bluetooth( 1): HIDP (Human Interface Emulation) ver 1.2
10-16 09:41:17.519 I/Bluetooth( 1): HIDP socket layer initialized
10-16 09:41:17.519 I/l2tp_core( 1): L2TP core driver, V2.0
10-16 09:41:17.519 I/l2tp_ppp( 1): PPPoL2TP kernel driver, V2.0
10-16 09:41:17.519 I/tipc ( 1): Activated (version 2.0.0)
10-16 09:41:17.519 I/NET ( 1): Registered protocol family 30
10-16 09:41:17.519 I/tipc ( 1): Started in single node mode
10-16 09:41:17.519 I/ ( 1): registered taskstats version 1
10-16 09:41:17.519 I/ ( 1): Loading compiled-in X.509 certificates
10-16 09:41:17.519 I/ ( 1): Key type ._fscrypt registered
10-16 09:41:17.519 I/ ( 1): Key type .fscrypt registered
10-16 09:41:17.519 I/ ( 1): Key type fscrypt-provisioning registered
10-16 09:41:17.520 I/ ( 1): HDMI 2.0 driver init start!
10-16 09:41:17.520 I/ ( 1): boot_hdmi=true
10-16 09:41:17.521 I/ ( 1): Can not find the node of esm
10-16 09:41:17.521 E/ ( 1): ERROR: pinctrl_get for HDMI2.0 DDC fail
10-16 09:41:17.527 I/Get hdmi_power0( 1): aldo1
10-16 09:41:17.527 W/ ( 1): (NULL device *): deviceless supply aldo1 not found, using dummy regulator
10-16 09:41:17.527 I/Get hdmi_power1( 1): dcdc1
10-16 09:41:17.527 W/ ( 1): (NULL device *): deviceless supply dcdc1 not found, using dummy regulator
10-16 09:41:17.529 I/ ( 1): hdmi_cec_init
10-16 09:41:17.529 W/[DISP] disp_device_attached,line( 33): 159:
10-16 09:41:17.529 W/ ( 33): attached ok, mgr0<-->device0, type=4
10-16 09:41:17.529 I/[HDMI receive params]( 33): tv mode: 0xa format:0x1 data bits:0x0 eotf:0x4 cs:0x101 dvi_hdmi:2 range:2 scan:0 aspect_ratio:8
10-16 09:41:17.529 W/[DISP] disp_hdmi_set_mode,line( 33): 681:
10-16 09:41:17.529 W/ ( 33): hdmi_set_mode is null!
10-16 09:41:17.532 I/ ( 1): HDMI2.0 module init end
10-16 09:41:17.532 E/ ( 1): tv_probe()1574 - of_property_read_string tv_power failed!
10-16 09:41:17.540 D/ ( 1): tv probe finished!
10-16 09:41:17.600 W/[DISP] de_rtmx_mgr_apply,line( 33): 464:
10-16 09:41:17.600 W/ ( 33): ctx->output.hdr_type=0
10-16 09:41:17.600 W/[DISP] de_rtmx_mgr_apply,line( 33): 482:
10-16 09:41:17.600 W/ ( 33): ctx->output.hdr_type=0
10-16 09:41:17.621 I/sun50iw9-pinctrl 300b000.pinctrl( 35): initialized sunXi PIO driver
10-16 09:41:17.622 W/sun50iw9-pinctrl 300b000.pinctrl( 35): 300b000.pinctrl supply vcc-pc not found, using dummy regulator
10-16 09:41:17.622 I/sunxi-mmc 4022000.sdmmc( 35): SD/MMC/SDIO Host Controller Driver(v4.20 2021-12-17 11:02)
10-16 09:41:17.622 I/sunxi-mmc 4022000.sdmmc( 35): ***ctl-spec-caps*** 308
10-16 09:41:17.623 I/sunxi-mmc 4022000.sdmmc( 35): No vdmmc regulator found
10-16 09:41:17.623 I/sunxi-mmc 4022000.sdmmc( 35): No vd33sw regulator found
10-16 09:41:17.623 I/sunxi-mmc 4022000.sdmmc( 35): No vd18sw regulator found
10-16 09:41:17.623 I/sunxi-mmc 4022000.sdmmc( 35): No vq33sw regulator found
10-16 09:41:17.623 I/sunxi-mmc 4022000.sdmmc( 35): No vq18sw regulator found
10-16 09:41:17.623 W/sunxi-mmc 4022000.sdmmc( 35): Cann't get pin bias hs pinstate,check if needed
10-16 09:41:17.624 I/sunxi-mmc 4022000.sdmmc( 35): sdc set ios:clk 0Hz bm PP pm UP vdd 23 width 1 timing LEGACY(SDR12) dt B
10-16 09:41:17.636 I/sunxi-mmc 4022000.sdmmc( 35): sdc set ios:clk 400000Hz bm PP pm ON vdd 23 width 1 timing LEGACY(SDR12) dt B
10-16 09:41:17.649 I/sunxi-mmc 4022000.sdmmc( 35): detmode:alway in(non removable)
10-16 09:41:17.650 I/sunxi-mmc 4020000.sdmmc( 35): SD/MMC/SDIO Host Controller Driver(v4.20 2021-12-17 11:02)
10-16 09:41:17.650 I/sunxi-mmc 4020000.sdmmc( 35): ***ctl-spec-caps*** 8
10-16 09:41:17.650 I/sunxi-mmc 4022000.sdmmc( 127): sdc set ios:clk 400000Hz bm PP pm ON vdd 23 width 1 timing LEGACY(SDR12) dt B
10-16 09:41:17.651 I/sunxi-mmc 4020000.sdmmc( 35): No vqmmc regulator found
10-16 09:41:17.651 I/sunxi-mmc 4020000.sdmmc( 35): No vdmmc regulator found
10-16 09:41:17.652 W/sun50iw9-pinctrl 300b000.pinctrl( 35): 300b000.pinctrl supply vcc-pi not found, using dummy regulator
10-16 09:41:17.652 I/sunxi-mmc 4020000.sdmmc( 35): Got CD GPIO
10-16 09:41:17.652 I/sunxi-mmc 4020000.sdmmc( 35): sdc set ios:clk 0Hz bm PP pm UP vdd 23 width 1 timing LEGACY(SDR12) dt B
10-16 09:41:17.652 I/sunxi-mmc 4020000.sdmmc( 35): no vqmmc,Check if there is regulator
10-16 09:41:17.653 I/sunxi-mmc 4022000.sdmmc( 127): sdc set ios:clk 400000Hz bm PP pm ON vdd 23 width 1 timing LEGACY(SDR12) dt B
10-16 09:41:17.654 I/sunxi-mmc 4022000.sdmmc( 127): sdc set ios:clk 400000Hz bm OD pm ON vdd 23 width 1 timing LEGACY(SDR12) dt B
10-16 09:41:17.664 I/sunxi-mmc 4020000.sdmmc( 35): sdc set ios:clk 400000Hz bm PP pm ON vdd 23 width 1 timing LEGACY(SDR12) dt B
10-16 09:41:17.677 I/sunxi-mmc 4020000.sdmmc( 35): detmode:gpio irq
10-16 09:41:17.677 I/sunxi-mmc 4021000.sdmmc( 35): SD/MMC/SDIO Host Controller Driver(v4.20 2021-12-17 11:02)
10-16 09:41:17.677 I/sunxi-mmc 4021000.sdmmc( 35): ***ctl-spec-caps*** 8
10-16 09:41:17.677 I/sunxi-mmc 4020000.sdmmc( 130): sdc set ios:clk 0Hz bm PP pm OFF vdd 0 width 1 timing LEGACY(SDR12) dt B
10-16 09:41:17.678 I/sunxi-mmc 4021000.sdmmc( 35): No vdmmc regulator found
10-16 09:41:17.678 I/sunxi-mmc 4021000.sdmmc( 35): No vd33sw regulator found
10-16 09:41:17.678 I/sunxi-mmc 4021000.sdmmc( 35): No vd18sw regulator found
10-16 09:41:17.678 I/sunxi-mmc 4021000.sdmmc( 35): No vq33sw regulator found
10-16 09:41:17.678 I/sunxi-mmc 4021000.sdmmc( 35): No vq18sw regulator found
10-16 09:41:17.678 W/sunxi-mmc 4021000.sdmmc( 35): Cann't get sleep pinstate,check if needed
10-16 09:41:17.679 I/sunxi-mmc 4021000.sdmmc( 35): sdc set ios:clk 0Hz bm PP pm UP vdd 23 width 1 timing LEGACY(SDR12) dt B
10-16 09:41:17.691 I/sunxi-mmc 4021000.sdmmc( 35): sdc set ios:clk 400000Hz bm PP pm ON vdd 23 width 1 timing LEGACY(SDR12) dt B
10-16 09:41:17.704 I/sunxi-mmc 4021000.sdmmc( 35): detmode:manually by software
10-16 09:41:19.485 I/hwservicemanager( 182): getFrameworkHalManifest: Reading VINTF information.
10-16 09:41:17.704 I/sunxi-mmc 4022000.sdmmc( 127): sdc set ios:clk 400000Hz bm OD pm ON vdd 23 width 1 timing LEGACY(SDR12) dt B
10-16 09:41:19.486 I/format_device( 187): Don't need to format /dev/block/by-name/Reserve0
10-16 09:41:17.704 I/sunxi-mmc 4022000.sdmmc( 127): sdc set ios:clk 400000Hz bm OD pm ON vdd 23 width 1 timing LEGACY(SDR12) dt B
10-16 09:41:17.704 W/sun50iw9-pinctrl 300b000.pinctrl( 35): 300b000.pinctrl supply vcc-ph not found, using dummy regulator
10-16 09:41:17.705 E/uart0 ( 35): get regulator failed
10-16 09:41:17.710 W/uart0 ( 35): uart0 supply uart not found, using dummy regulator
10-16 09:41:17.710 E/uart0 ( 35): uart0 error to get fifo size property
10-16 09:41:17.717 I/uart0 ( 35): ttyAS0 at MMIO 0x5000000 (irq = 43, base_baud = 1500000) is a SUNXI
10-16 09:41:17.717 W/ ( 35): sw_console_setup()1807 - console setup baud 115200 parity n bits 8, flow n
10-16 09:41:17.717 I/printk ( 35): console [ttyAS0] enabled
10-16 09:41:17.717 I/printk ( 35): bootconsole [uart8250] disabled
10-16 09:41:17.718 E/uart1 ( 35): get regulator failed
10-16 09:41:17.724 I/sunxi-mmc 4022000.sdmmc( 127): sdc set ios:clk 400000Hz bm OD pm ON vdd 23 width 1 timing LEGACY(SDR12) dt B
10-16 09:41:17.724 I/sunxi-mmc 4021000.sdmmc( 130): sdc set ios:clk 400000Hz bm PP pm ON vdd 23 width 1 timing LEGACY(SDR12) dt B
10-16 09:41:17.724 W/uart1 ( 35): uart1 supply uart not found, using dummy regulator
10-16 09:41:17.724 I/uart1 ( 35): ttyAS1 at MMIO 0x5000400 (irq = 44, base_baud = 1500000) is a SUNXI
10-16 09:41:17.724 W/spi1 ( 35): spi1 supply spi not found, using dummy regulator
10-16 09:41:17.724 W/ ( 35): sunxi_spi_resource_get()2061 - [spi1] SPI MASTER MODE
10-16 09:41:17.724 W/ ( 35): sunxi_spi_clk_init()2137 - [spi1] mclk 100000000
10-16 09:41:17.725 W/ ( 35): sunxi_spi_probe()2541 - [spi1]: driver probe succeed, base ffffffc013de1000, irq 46
10-16 09:41:17.726 E/sun50iw9-pinctrl 300b000.pinctrl( 35): unsupported function io_disabled on pin PA0
10-16 09:41:17.736 I/sunxi-mmc 4021000.sdmmc( 130): sdc set ios:clk 400000Hz bm PP pm ON vdd 23 width 1 timing LEGACY(SDR12) dt B
10-16 09:41:17.736 E/sun50iw9-pinctrl 300b000.pinctrl( 35): unsupported function io_disabled on pin PA1
10-16 09:41:17.746 E/sun50iw9-pinctrl 300b000.pinctrl( 35): unsupported function io_disabled on pin PA2
10-16 09:41:17.756 E/sun50iw9-pinctrl 300b000.pinctrl( 35): unsupported function io_disabled on pin PA3
10-16 09:41:17.766 E/sun50iw9-pinctrl 300b000.pinctrl( 35): unsupported function io_disabled on pin PA4
10-16 09:41:17.776 E/sun50iw9-pinctrl 300b000.pinctrl( 35): unsupported function io_disabled on pin PA5
10-16 09:41:17.786 E/sun50iw9-pinctrl 300b000.pinctrl( 35): unsupported function io_disabled on pin PA6
10-16 09:41:17.796 E/sun50iw9-pinctrl 300b000.pinctrl( 35): unsupported function io_disabled on pin PA7
10-16 09:41:17.805 E/sun50iw9-pinctrl 300b000.pinctrl( 35): unsupported function io_disabled on pin PA8
10-16 09:41:17.815 E/sun50iw9-pinctrl 300b000.pinctrl( 35): unsupported function io_disabled on pin PA9
10-16 09:41:17.825 W/sun50iw9-pinctrl 300b000.pinctrl( 35): 300b000.pinctrl supply vcc-pa not found, using dummy regulator
10-16 09:41:17.826 I/ ( 35): sunxi gmac driver's version: 1.0.0
10-16 09:41:17.826 I/gmac-power0( 35): NULL
10-16 09:41:17.826 I/gmac-power1( 35): NULL
10-16 09:41:17.826 I/gmac-power2( 35): NULL
10-16 09:41:17.826 D/eth0 MAC( 35): 20:2:fe:19:fa:ec
10-16 09:41:17.826 I/sunxi-mmc 4022000.sdmmc( 127): sdc set ios:clk 400000Hz bm PP pm ON vdd 23 width 1 timing LEGACY(SDR12) dt B
10-16 09:41:17.827 I/[ C0] random( 0): fast init done
10-16 09:41:17.827 E/sunxi_ir_startup( 35): get ir protocol failed
10-16 09:41:19.488 I/SELinux ( 183): SELinux: Loaded service_contexts from:
10-16 09:41:17.828 I/ ( 35): Registered IR keymap rc_map_sunxi
10-16 09:41:19.488 I/SELinux ( 183): /vendor/etc/selinux/vndservice_contexts
10-16 09:41:17.834 I/rc0 ( 35): sunxi-ir as /devices/platform/soc@3000000/7040000.s_cir/rc/rc0
10-16 09:41:17.834 I/input ( 35): sunxi-ir as /devices/platform/soc@3000000/7040000.s_cir/rc/rc0/s_cir_rx
10-16 09:41:17.835 E/ ( 35): failed to get standby led pin assign
10-16 09:41:17.841 E/ ( 35): failed to get network led pin assign
10-16 09:41:17.847 E/ ( 35): failed to get gpio_sdcard_reused assign
10-16 09:41:17.854 I/ ( 35): gpio_pin_1(230) gpio_is_valid
10-16 09:41:17.854 I/ ( 35): gpio_pin_2(229) gpio_is_valid
10-16 09:41:17.854 I/gpio ( 35): 230, name: PH6, ret = 0
10-16 09:41:17.854 I/gpio ( 35): 229, name: PH5, ret = 0
10-16 09:41:17.854 E/sunxi-mmc 4022000.sdmmc( 127): avoid to switch power_off_notification to POWERED_ON(0x01)
10-16 09:41:17.865 I/ ( 35): gpio-sunxi probe success
10-16 09:41:17.866 E/sunxi-mmc 4022000.sdmmc( 127): avoid to switch power_off_notification to POWERED_ON(0x01)
10-16 09:41:17.876 E/sunxi-mmc 4022000.sdmmc( 127): avoid to switch power_off_notification to POWERED_ON(0x01)
10-16 09:41:17.887 E/sunxi-mmc 4022000.sdmmc( 127): avoid to switch power_off_notification to POWERED_ON(0x01)
10-16 09:41:17.897 I/sunxi-mmc 4021000.sdmmc( 130): sdc set ios:clk 400000Hz bm PP pm ON vdd 23 width 4 timing LEGACY(SDR12) dt B
10-16 09:41:17.899 W/energy_model( 35): pd0: hertz/watts ratio non-monotonically decreasing: em_cap_state 1 >= em_cap_state0
10-16 09:41:17.899 D/energy_model( 35): Created perf domain 0-3
10-16 09:41:17.899 I/sunxi-mmc 4021000.sdmmc( 130): sdc set ios:clk 400000Hz bm PP pm ON vdd 23 width 4 timing UHS-SDR104 dt B
10-16 09:41:17.899 I/sunxi-mmc 4021000.sdmmc( 130): sdc set ios:clk 150000000Hz bm PP pm ON vdd 23 width 4 timing UHS-SDR104 dt B
10-16 09:41:17.900 I/mmc2 ( 130): new ultra high speed SDR104 SDIO card at address 8800
10-16 09:41:17.900 I/sunxi-mmc 4022000.sdmmc( 127): sdc set ios:clk 400000Hz bm PP pm ON vdd 23 width 8 timing LEGACY(SDR12) dt B
10-16 09:41:17.914 F/FD650 ( 1): fd650_driver_init: FD650 Driver init.
10-16 09:41:17.921 F/FD650 ( 1): NOTE: register_fd650_driver:::register fd650 driver success
10-16 09:41:17.931 I/sunxi-mmc 4022000.sdmmc( 127): sdc set ios:clk 400000Hz bm PP pm ON vdd 23 width 8 timing MMC-HS200 dt B
10-16 09:41:17.931 I/sunxi-mmc 4022000.sdmmc( 127): sdc set ios:clk 100000000Hz bm PP pm ON vdd 23 width 8 timing MMC-HS200 dt B
10-16 09:41:17.931 I/sunxi-mmc 4022000.sdmmc( 127): sdc set ios:clk 100000000Hz bm PP pm ON vdd 23 width 8 timing MMC-HS(SDR20) dt B
10-16 09:41:17.931 I/sunxi-mmc 4022000.sdmmc( 127): sdc set ios:clk 52000000Hz bm PP pm ON vdd 23 width 8 timing MMC-HS(SDR20) dt B
10-16 09:41:17.931 I/sunxi-mmc 4022000.sdmmc( 127): sdc set ios:clk 50000000Hz bm PP pm ON vdd 23 width 8 timing MMC-HS400 dt B
10-16 09:41:17.932 I/sunxi-mmc 4022000.sdmmc( 127): sdc set ios:clk 100000000Hz bm PP pm ON vdd 23 width 8 timing MMC-HS400 dt B
10-16 09:41:17.932 I/mmc0 ( 127): new HS400 MMC card at address 0001
10-16 09:41:17.933 I/mmcblk0 ( 127): mmc0:0001 AT3SFB 29.1 GiB
10-16 09:41:17.933 I/mmcblk0boot0( 127): mmc0:0001 AT3SFB partition 1 4.00 MiB
10-16 09:41:17.934 I/mmcblk0boot1( 127): mmc0:0001 AT3SFB partition 2 4.00 MiB
10-16 09:41:17.934 I/mmcblk0rpmb( 127): mmc0:0001 AT3SFB partition 3 4.00 MiB, chardev (244:0)
10-16 09:41:17.936 I/ ( 124): HDMI cable is connected
10-16 09:41:17.936 I/mmcblk0 ( 127): p1 p2 p3 p4 p5 p6 p7 p8 p9 p10 p11 p12 p13 p14 p15 p16 p17 p18 p19 p20 p21 p22 p23 p24 p25
10-16 09:41:17.942 W/ ( 1): [sound 145][COMMON snd_sunxi_pa_pin_init] pa_pin_max get failed, default 0
10-16 09:41:17.943 I/[sound 1022][SPDIF snd_sunxi_dts_params_init] playback_cma( 1): 128
10-16 09:41:17.943 I/[sound 1023][SPDIF snd_sunxi_dts_params_init] capture_cma( 1): 128
10-16 09:41:17.943 I/[sound 1024][SPDIF snd_sunxi_dts_params_init] tx_fifo_size( 1): 128
10-16 09:41:17.943 I/[sound 1025][SPDIF snd_sunxi_dts_params_init] rx_fifo_size( 1): 64
10-16 09:41:17.945 E/debugfs ( 1): Directory 'soc@3000000:codec_plat' with parent 'audiocodec' already present!
10-16 09:41:17.956 I/sunxi-snd-mach soc@3000000( 1): codec_mach: 5096000.codec <-> soc@3000000:codec_plat mapping ok
10-16 09:41:17.957 E/debugfs ( 1): Directory '5093000.spdif_plat' with parent 'sndspdif' already present!
10-16 09:41:17.967 I/sunxi-snd-mach soc@3000000( 1): spdif_mach: snd-soc-dummy-dai <-> 5093000.spdif_plat mapping ok
10-16 09:41:17.968 I/sunxi-snd-mach soc@3000000( 1): ahub_dam_mach: snd-soc-dummy-dai <-> 5097000.ahub_dam_plat mapping ok
10-16 09:41:17.968 E/debugfs ( 1): Directory 'soc@3000000:ahub1_plat' with parent 'ahubhdmi' already present!
10-16 09:41:17.979 I/sunxi-snd-mach soc@3000000( 1): ahub1_mach: snd-soc-dummy-dai <-> soc@3000000:ahub1_plat mapping ok
10-16 09:41:17.980 E/debugfs ( 1): Directory 'soc@3000000:ahub2_plat' with parent 'ahubi2s2' already present!
10-16 09:41:17.991 I/sunxi-snd-mach soc@3000000( 1): ahub2_mach: snd-soc-dummy-dai <-> soc@3000000:ahub2_plat mapping ok
10-16 09:41:17.992 I/cfg80211( 1): Loading compiled-in X.509 certificates for regulatory database
10-16 09:41:17.993 I/cfg80211( 1): Loaded X.509 cert 'sforshee: 00b28ddf47aef9cea7'
10-16 09:41:17.993 W/clk ( 1): Not disabling unused clocks
10-16 09:41:17.993 E/ ( 1): get_key_map_info()187 - Failed to find "oe" in dts.
10-16 09:41:18.001 E/ ( 0): [ C0] sunxi-i2c sunxi-i2c5: SLA+W has been transmitted; ACK not received
10-16 09:41:18.010 E/sunxi-i2c5( 1): engine-mode: xfer failed(dev addr:0x10)
10-16 09:41:18.010 W/platform regulatory.0( 127): Direct firmware load for regulatory.db failed with error -2
10-16 09:41:18.018 W/platform regulatory.0( 127): Falling back to sysfs fallback for: regulatory.db
10-16 09:41:18.018 I/ ( 1): of_property_read_string ac200.tv_regulator_name fail
10-16 09:41:18.018 E/ ( 1): [ac200] get ave_regulator_name failed!
10-16 09:41:18.025 E/ ( 1): [ac200] pwm enable
10-16 09:41:18.029 I/ ( 1): ALSA device list:
10-16 09:41:18.029 I/ ( 1): #0: audiocodec
10-16 09:41:18.029 I/ ( 1): #1: sndspdif
10-16 09:41:18.029 I/ ( 1): #2: ahubdam
10-16 09:41:18.029 I/ ( 1): #3: ahubhdmi
10-16 09:41:18.029 I/ ( 1): #4: ahubi2s2
10-16 09:41:18.029 W/alloc_fd( 1): slot 0 not NULL!
10-16 09:41:18.030 I/ ( 1): Freeing unused kernel memory: 1088K
10-16 09:41:18.044 E/ ( 1): Kernel init done
10-16 09:41:18.048 I/ ( 1): Run /init as init process
10-16 09:41:18.121 I/init ( 1): init first stage started!
10-16 09:41:18.121 I/init ( 1): Unable to open /lib/modules, skipping module loading.
10-16 09:41:18.121 I/init ( 1): Copied ramdisk prop to /second_stage_resources/system/etc/ramdisk/build.prop
10-16 09:41:18.121 I/init ( 1): Switching root to '/first_stage_ramdisk'
10-16 09:41:18.122 I/init ( 1): [libfs_mgr]ReadFstabFromDt(): failed to read fstab from dt
10-16 09:41:18.125 I/init ( 1): Using Android DT directory /proc/device-tree/firmware/android/
10-16 09:41:18.147 I/init ( 1): [libfs_mgr]superblock s_max_mnt_count:65535,/dev/block/by-name/metadata
10-16 09:41:18.148 W/EXT4-fs (mmcblk0p19)( 1): Ignoring removed nomblk_io_submit option
10-16 09:41:18.150 I/EXT4-fs (mmcblk0p19)( 1): mounted filesystem with ordered data mode. Opts: errors=remount-ro,nomblk_io_submit
10-16 09:41:18.150 W/ ( 1): ext4 filesystem being mounted at /metadata supports timestamps until 2038 (0x7fffffff)
10-16 09:41:18.150 I/init ( 1): [libfs_mgr]check_fs(): mount(/dev/block/by-name/metadata,/metadata,ext4)=0: Success
10-16 09:41:18.152 I/init ( 1): [libfs_mgr]check_fs(): unmount(/metadata) succeeded
10-16 09:41:18.152 I/init ( 1): [libfs_mgr]Running /system/bin/e2fsck on /dev/block/mmcblk0p19
10-16 09:41:18.154 I/random ( 149): e2fsck: uninitialized urandom read (40 bytes read)
10-16 09:41:18.155 I/e2fsck ( 1): e2fsck 1.45.4 (23-Sep-2019)
10-16 09:41:18.158 I/e2fsck ( 1): /dev/block/by-name/metadata: clean, 11/4096 files, 1161/4096 blocks
10-16 09:41:18.161 I/EXT4-fs (mmcblk0p19)( 1): mounted filesystem with ordered data mode. Opts: errors=panic
10-16 09:41:18.161 W/ ( 1): ext4 filesystem being mounted at /metadata supports timestamps until 2038 (0x7fffffff)
10-16 09:41:18.163 I/random ( 1): init: uninitialized urandom read (16 bytes read)
10-16 09:41:18.164 I/random ( 1): init: uninitialized urandom read (16 bytes read)
10-16 09:41:18.170 I/EXT4-fs (dm-0)( 1): mounted filesystem without journal. Opts: barrier=1
10-16 09:41:18.177 I/EXT4-fs (dm-1)( 1): mounted filesystem without journal. Opts: barrier=1
10-16 09:41:18.180 I/EXT4-fs (dm-3)( 1): mounted filesystem without journal. Opts: barrier=1
10-16 09:41:18.183 I/EXT4-fs (dm-2)( 1): mounted filesystem without journal. Opts: barrier=1
10-16 09:41:18.188 I/newfs_msdos( 1): executing /system/bin/newfs_msdos failed: No such file or directory
10-16 09:41:18.188 I/newfs_msdos( 1): newfs_msdos terminated by exit(255)
10-16 09:41:18.192 W/SELinux ( 1): Unable to set superblock options before the security server is initialized
10-16 09:41:18.220 W/printk ( 1): init: 27 output lines suppressed due to ratelimiting
10-16 09:41:18.373 W/init ( 1): DM_DEV_STATUS failed for system_ext_a: No such device or address
10-16 09:41:18.373 E/init ( 1): Could not update logical partition
10-16 09:41:18.379 I/init ( 1): Opening SELinux policy
10-16 09:41:18.388 I/init ( 1): Loading SELinux policy
10-16 09:41:18.406 I/SELinux ( 1): Permission nlmsg_getneigh in class netlink_route_socket not defined in policy.
10-16 09:41:18.406 I/SELinux ( 1): the above unknown classes and permissions will be denied
10-16 09:41:18.407 I/SELinux ( 1): policy capability network_peer_controls=1
10-16 09:41:18.407 I/SELinux ( 1): policy capability open_perms=1
10-16 09:41:18.407 I/SELinux ( 1): policy capability extended_socket_class=1
10-16 09:41:18.407 I/SELinux ( 1): policy capability always_check_network=0
10-16 09:41:18.407 I/SELinux ( 1): policy capability cgroup_seclabel=0
10-16 09:41:18.407 I/SELinux ( 1): policy capability nnp_nosuid_transition=1
10-16 09:41:19.493 I/hwservicemanager( 182): getDeviceHalManifest: Reading VINTF information.
10-16 09:41:18.460 W/auditd ( 179): type=1403 audit(0.0:2): auid=4294967295 ses=4294967295 lsm=selinux res=1
10-16 09:41:18.477 I/selinux ( 1): SELinux: Loaded file_contexts
10-16 09:41:18.477 I/selinux ( 1):
10-16 09:41:18.555 I/init ( 1): init second stage started!
10-16 09:41:18.618 I/init ( 1): Using Android DT directory /proc/device-tree/firmware/android/
10-16 09:41:18.627 W/init ( 1): Overriding previous property 'persist.sys.usb.config':'none' with new value 'adb'
10-16 09:41:18.627 W/init ( 1): Overriding previous property 'persist.sys.usb.config':'adb' with new value 'none'
10-16 09:41:18.627 W/init ( 1): Couldn't load property file '/vendor/default.prop': open() failed: No such file or directory: No such file or directory
10-16 09:41:18.633 W/init ( 1): Couldn't load property file '/odm_dlkm/etc/build.prop': open() failed: No such file or directory: No such file or directory
10-16 09:41:18.635 W/init ( 1): Couldn't load property file '/oem/build.prop': open() failed: No such file or directory: No such file or directory
10-16 09:41:18.636 E/init ( 1): Could not set 'ro.boot.dynamic_partitions' to 'true' while loading .prop filesRead-only property was already set
10-16 09:41:18.650 E/init ( 1): Could not set 'ro.boot.dynamic_partitions_retrofit' to 'true' while loading .prop filesRead-only property was already set
10-16 09:41:18.666 I/init ( 1): Setting product property ro.product.brand to 'Dangbei' (from ro.product.product.brand)
10-16 09:41:18.668 I/init ( 1): type=1400 audit(0.0:3): avc: denied { relabelto } for name="kmsg_debug" dev="tmpfs" ino=1179 scontext=u:r:init:s0 tcontext=u:object_r:kmsg_debug_device:s0 tclass=chr_file permissive=1
10-16 09:41:18.720 I//system/bin/init( 1): type=1107 audit(0.0:4): uid=0 auid=4294967295 ses=4294967295 subj=u:r:init:s0 msg='avc: denied { read } for property=init.svc.bootanim pid=0 uid=0 gid=0 scontext=u:r:vendor_init:s0 tcontext=u:object_r:init_service_status_private_prop:s0 tclass=file permissive=1'
10-16 09:41:18.778 E/cgroup1 ( 1): Unknown subsys name 'blkio'
10-16 09:41:18.787 E/cgroup1 ( 1): Unknown subsys name 'memory'
10-16 09:41:18.796 I/init ( 1): type=1400 audit(0.0:5): avc: denied { add_name } for name="prefetch_cluster" scontext=u:r:init:s0 tcontext=u:object_r:sysfs:s0 tclass=dir permissive=1
10-16 09:41:18.998 I/ueventd ( 167): ueventd started!
10-16 09:41:19.002 I/selinux ( 167): SELinux: Loaded file_contexts
10-16 09:41:19.002 I/selinux ( 167):
10-16 09:41:19.003 I/ueventd ( 167): Parsing file /system/etc/ueventd.rc...
10-16 09:41:19.003 I/ueventd ( 167): Added '/vendor/etc/ueventd.rc' to import list
10-16 09:41:19.003 I/ueventd ( 167): Added '/odm/etc/ueventd.rc' to import list
10-16 09:41:19.004 I/ueventd ( 167): Parsing file /vendor/etc/ueventd.rc...
10-16 09:41:19.004 I/ueventd ( 167): Unable to read config file '/vendor/etc/ueventd.rc': open() failed: No such file or directory
10-16 09:41:19.004 I/ueventd ( 167): Parsing file /odm/etc/ueventd.rc...
10-16 09:41:19.004 I/ueventd ( 167): Unable to read config file '/odm/etc/ueventd.rc': open() failed: No such file or directory
10-16 09:41:19.032 I/init ( 170): type=1400 audit(0.0:6): avc: denied { write } for name="kmsg_debug" dev="tmpfs" ino=1179 scontext=u:r:init:s0 tcontext=u:object_r:kmsg_debug_device:s0 tclass=chr_file permissive=1
10-16 09:41:19.032 I/init ( 170): type=1400 audit(0.0:7): avc: denied { open } for path="/dev/kmsg_debug" dev="tmpfs" ino=1179 scontext=u:r:init:s0 tcontext=u:object_r:kmsg_debug_device:s0 tclass=chr_file permissive=1
10-16 09:41:19.124 I/init ( 1): type=1400 audit(0.0:8): avc: denied { mount } for name="/" dev="debugfs" ino=1 scontext=u:r:init:s0 tcontext=u:object_r:debugfs:s0 tclass=filesystem permissive=1
10-16 09:41:19.269 I/sunxi-rfkill soc@3000000( 164): rfkill: module version: v1.0.9
10-16 09:41:19.269 I/sunxi-rfkill soc@3000000( 164): rfkill: chip_en gpio=211 assert=1
10-16 09:41:19.269 E/sunxi-rfkill soc@3000000( 164): rfkill: get gpio power_en failed
10-16 09:41:19.277 I/sunxi-rfkill soc@3000000( 164): rfkill: wlan_busnum (1)
10-16 09:41:19.277 W/sunxi-rfkill soc@3000000( 164): rfkill: Missing wlan_power.
10-16 09:41:19.277 I/sunxi-rfkill soc@3000000( 164): rfkill: wlan clock[0] (osc32k-out)
10-16 09:41:19.277 I/sunxi-rfkill soc@3000000( 164): rfkill: wlan_regon gpio=210 assert=1
10-16 09:41:19.277 I/sunxi-rfkill soc@3000000( 164): rfkill: wlan_hostwake gpio=207 assert=1
10-16 09:41:19.277 I/sunxi-rfkill soc@3000000( 164): rfkill: wakeup source is enabled
10-16 09:41:19.277 W/sunxi-rfkill soc@3000000( 164): rfkill: Missing bt_power.
10-16 09:41:19.277 I/sunxi-rfkill soc@3000000( 164): rfkill: bt clock[0] (osc32k-out)
10-16 09:41:19.277 E/sunxi-rfkill soc@3000000( 164): rfkill: get gpio bt_rst failed
10-16 09:41:19.394 I/ ( 1): Registered swp emulation handler
10-16 09:41:19.432 I/init ( 164): type=1400 audit(0.0:9): avc: denied { add_name } for name="comp_algorithm" scontext=u:r:vendor_init:s0 tcontext=u:object_r:sysfs_zram:s0 tclass=dir permissive=1
10-16 09:41:19.432 I/init ( 164): type=1400 audit(0.0:10): avc: denied { create } for name="comp_algorithm" scontext=u:r:vendor_init:s0 tcontext=u:object_r:sysfs_zram:s0 tclass=file permissive=1
10-16 09:41:19.470 I/logd.auditd( 179): start
10-16 09:41:19.507 I/fsck.f2fs( 1): Info: Fix the reported corruption.
10-16 09:41:19.508 I/fsck.f2fs( 1): Info: No support kernel version!
10-16 09:41:19.508 I/fsck.f2fs( 1): Info: Segments per section = 1
10-16 09:41:19.508 I/fsck.f2fs( 1): Info: Sections per zone = 1
10-16 09:41:19.508 I/fsck.f2fs( 1): Info: sector size = 512
10-16 09:41:19.508 I/fsck.f2fs( 1): Info: total sectors = 53984223 (26359 MB)
10-16 09:41:19.509 I/fsck.f2fs( 1): Info: MKFS version
10-16 09:41:19.509 I/fsck.f2fs( 1): "5.4.125+"
10-16 09:41:19.509 I/fsck.f2fs( 1): Info: FSCK version
10-16 09:41:19.509 I/fsck.f2fs( 1): from "5.4.125+"
10-16 09:41:19.511 I/hwservicemanager( 182): getDeviceHalManifest: Successfully processed VINTF information
10-16 09:41:19.511 I/hwservicemanager( 182): getFrameworkHalManifest: Successfully processed VINTF information
10-16 09:41:19.514 I/hwservicemanager( 182): hwservicemanager is ready now.
10-16 09:41:19.516 I/F2FS-fs (mmcblk0p25)( 1): Using encoding defined by superblock: utf8-12.1.0 with flags 0x0
10-16 09:41:19.544 I/F2FS-fs (mmcblk0p25)( 1): Found nat_bits in checkpoint --------- beginning of system
10-16 09:41:19.538 I/vold ( 186): Vold 3.0 (the awakening) firing up
10-16 09:41:19.539 D/vold ( 186): Detected support for: ext4 f2fs vfat
10-16 09:41:19.545 D/vold ( 186): Found unmanaged dm device named system_a
10-16 09:41:19.545 D/vold ( 186): Found unmanaged dm device named vendor_dlkm_a
10-16 09:41:19.545 D/vold ( 186): Found unmanaged dm device named vendor_a
10-16 09:41:19.545 D/vold ( 186): Found unmanaged dm device named product_a
10-16 09:41:19.549 D/vold ( 186): VoldNativeService::start() completed OK
10-16 09:41:19.762 I/F2FS-fs (mmcblk0p25)( 1): Mounted with checkpoint version = 556ffdaf
10-16 09:41:19.796 I/init ( 1): type=1400 audit(0.0:11): avc: denied { getattr } for path="/sys/kernel/debug/devices_deferred" dev="debugfs" ino=5767 scontext=u:r:init:s0 tcontext=u:object_r:debugfs:s0 tclass=file permissive=1
10-16 09:41:19.796 I/init ( 1): type=1400 audit(0.0:12): avc: denied { getattr } for path="/sys/kernel/debug/wakeup_sources" dev="debugfs" ino=2050 scontext=u:r:init:s0 tcontext=u:object_r:debugfs_wakeup_sources:s0 tclass=file permissive=1
10-16 09:41:19.896 E/cutils-trace( 204): Error opening trace file: No such file or directory (2)
10-16 09:41:19.897 E/cutils-trace( 182): Error opening trace file: No such file or directory (2)
10-16 09:41:19.899 I/HidlServiceManagement( 204): Registered android.system.suspend@1.0::ISystemSuspend/default
10-16 09:41:19.900 I/HidlServiceManagement( 204): Removing namespace from process name android.system.suspend@1.0-service to suspend@1.0-service.
10-16 09:41:19.915 D/tee_supplicant( 208): using device "/dev/teepriv0"
10-16 09:41:19.915 D/tee_supplicant( 208): looping
10-16 09:41:19.919 I/fsverity_init( 209): LoadKeyFromFile path=/system/etc/security/fsverity/fsverity-release.x509.der keyname=fsv_system_0
10-16 09:41:19.928 E/cutils-trace( 206): Error opening trace file: No such file or directory (2)
10-16 09:41:19.941 W/mali_kbase( 164): loading out-of-tree module taints kernel.
10-16 09:41:19.946 I/HidlServiceManagement( 206): Registered android.hardware.boot@1.2::IBootControl/default
10-16 09:41:19.946 I/HidlServiceManagement( 206): Removing namespace from process name android.hardware.boot@1.2-service to boot@1.2-service.
10-16 09:41:19.947 I/LegacySupport( 206): Registration complete for android.hardware.boot@1.0::IBootControl/default.
10-16 09:41:19.959 I/android.hardware.security.keymint-service( 207): adding keymint service instance: android.hardware.security.keymint.IKeyMintDevice/default
10-16 09:41:19.960 I/servicemanager( 181): getDeviceHalManifest: Reading VINTF information.
10-16 09:41:19.969 I/servicemanager( 181): getDeviceHalManifest: Successfully processed VINTF information
10-16 09:41:19.969 I/servicemanager( 181): getFrameworkHalManifest: Reading VINTF information.
10-16 09:41:19.973 I/mali 1800000.gpu( 164): Regulators probed: 0
10-16 09:41:19.973 I/mali 1800000.gpu( 164): Clocks probed: 2
10-16 09:41:19.974 I/mali 1800000.gpu( 164): [950mv-600MHz] bak[950mv-600MHz] inde_power:0 idle:1 dvfs:1
10-16 09:41:19.974 I/mali 1800000.gpu( 164): GPU identified as 0x3 arch 7.0.9 r0p0 status 0
10-16 09:41:19.975 I/mali 1800000.gpu( 164): No memory group manager is configured
10-16 09:41:19.976 I/mali 1800000.gpu( 164): Using configured power model mali-simple-power-model, and fallback mali-simple-power-model
10-16 09:41:19.978 I/mali 1800000.gpu( 164): Probed as mali0
10-16 09:41:19.974 I/servicemanager( 181): getFrameworkHalManifest: Successfully processed VINTF information
10-16 09:41:19.974 I/servicemanager( 181): Found android.hardware.security.keymint.IKeyMintDevice/default in device VINTF manifest.
10-16 09:41:19.975 I/android.hardware.security.keymint-service( 207): adding keymint service instance: android.hardware.security.secureclock.ISecureClock/default
10-16 09:41:19.975 I/servicemanager( 181): Found android.hardware.security.secureclock.ISecureClock/default in device VINTF manifest.
10-16 09:41:19.976 I/android.hardware.security.keymint-service( 207): adding keymint service instance: android.hardware.security.sharedsecret.ISharedSecret/default
10-16 09:41:19.976 I/servicemanager( 181): Found android.hardware.security.sharedsecret.ISharedSecret/default in device VINTF manifest.
10-16 09:41:19.977 I/android.hardware.security.keymint-service( 207): adding keymint service instance: android.hardware.security.keymint.IRemotelyProvisionedComponent/default
10-16 09:41:19.978 I/servicemanager( 181): Found android.hardware.security.keymint.IRemotelyProvisionedComponent/default in device VINTF manifest.
10-16 09:41:19.991 I/keystore2( 205): keystore2_main: Keystore2 is starting.
10-16 09:41:19.997 I/keystore2( 205): keystore2_main: Starting thread pool now.
10-16 09:41:19.997 I/keystore2( 205): getDeviceHalManifest: Reading VINTF information.
10-16 09:41:20.000 I/Checkpoint( 186): cp_prepareCheckpoint called
10-16 09:41:20.007 I/keystore2( 205): getDeviceHalManifest: Successfully processed VINTF information
10-16 09:41:20.031 I/tombstoned( 220): tombstoned successfully initialized
10-16 09:41:20.042 I/incfs ( 186): Initial API level of the device: 31
10-16 09:41:20.042 I/incfs ( 186): ro.incremental.enable: module:/vendor/lib/modules/incrementalfs.ko
10-16 09:41:20.043 I/incfs ( 186): isFsAvailable: false
10-16 09:41:20.043 I/incfs ( 186): isFsAvailable: false
10-16 09:41:20.043 E/incfs ( 186): could not open IncFs kernel module "/vendor/lib/modules/incrementalfs.ko": No such file or directory
10-16 09:41:20.043 E/incfs ( 186): IncFs_Features: failed to open features dir, assuming v1/none.: No such file or directory
10-16 09:41:20.044 I/ServiceManager( 186): Waiting for service 'android.security.maintenance' on '/dev/binder'...
10-16 09:41:22.352 I/[ C3] random( 0): crng init done
10-16 09:41:22.352 I/[ C3] random( 0): 7 urandom warning(s) missed due to ratelimiting
10-16 09:41:22.352 I/keystore2( 205): keystore2::shared_secret_negotiation: Shared secret negotiation concluded successfully.
10-16 09:41:22.354 E/cutils-trace( 205): Error opening trace file: No such file or directory (2)
10-16 09:41:22.356 I/hwservicemanager( 182): getTransport: Cannot find entry android.hardware.keymaster@4.0::IKeymasterDevice/default in either framework or device VINTF manifest.
10-16 09:41:22.356 I/hwservicemanager( 182): getTransport: Cannot find entry android.hardware.keymaster@3.0::IKeymasterDevice/default in either framework or device VINTF manifest.
10-16 09:41:22.357 I/servicemanager( 181): Found android.system.keystore2.IKeystoreService/default in framework VINTF manifest.
10-16 09:41:22.360 I/keystore2( 205): keystore2_main: Successfully registered Keystore 2.0 service.
10-16 09:41:22.360 I/keystore2( 205): keystore2_main: Joining thread pool now.
10-16 09:41:22.452 I/ServiceManager( 186): Waiting for service 'android.security.maintenance' on '/dev/binder' successful after waiting 2409ms
10-16 09:41:22.454 I/keystore2( 205): keystore2::maintenance: In early_boot_ended.
10-16 09:41:22.487 I/keystore2( 205): keystore2::globals: Touching Keystore 2.0 database for this first time since boot.
10-16 09:41:22.487 I/keystore2( 205): keystore2::globals: Calling cleanup leftovers.
10-16 09:41:22.492 I/keystore2( 205): keystore2::super_key: Starting boot level watcher.
10-16 09:41:22.493 E/keystore2( 205): keystore2::maintenance: Call to earlyBootEnded failed for security level TRUSTED_ENVIRONMENT: In keymint device: calling earlyBootEnded.
10-16 09:41:22.493 I/keystore2( 205): keystore2::super_key: Read keystore.boot_level value 30
10-16 09:41:22.494 I/keystore2( 205): keystore2::super_key: Read keystore.boot_level value 30
10-16 09:41:22.494 I/hwservicemanager( 182): getTransport: Cannot find entry android.hardware.keymaster@4.0::IKeymasterDevice/default in either framework or device VINTF manifest.
10-16 09:41:22.495 I/hwservicemanager( 182): getTransport: Cannot find entry android.hardware.keymaster@3.0::IKeymasterDevice/default in either framework or device VINTF manifest.
10-16 09:41:22.495 E/keystore2( 205): keystore2::maintenance: Call to earlyBootEnded failed for security level STRONGBOX: In call_with_watchdog: getting keymint device.
10-16 09:41:22.495 E/keystore2( 205): keystore2::error: In keymint device: calling earlyBootEnded
10-16 09:41:22.495 E/keystore2( 205):
10-16 09:41:22.495 E/keystore2( 205): Caused by:
10-16 09:41:22.495 E/keystore2( 205): Error::Km(ErrorCode(-1000))
10-16 09:41:22.495 E/vold ( 186): keystore2 Keystore earlyBootEnded returned service specific error: -1000
10-16 09:41:22.545 I/apexd ( 226): This device does not support updatable APEX. Exiting
10-16 09:41:22.545 I/apexd ( 226): Marking APEXd as activated
10-16 09:41:22.635 I/derive_sdk( 228): Read version 1 from 7
10-16 09:41:22.635 I/derive_sdk( 228): Read version 1 from 5
10-16 09:41:22.636 I/derive_sdk( 228): Read version 1 from 9
10-16 09:41:22.636 I/derive_sdk( 228): Read version 1 from 4
10-16 09:41:22.636 I/derive_sdk( 228): Read version 1 from 6
10-16 09:41:22.636 I/derive_sdk( 228): Read version 1 from 3
10-16 09:41:22.637 I/derive_sdk( 228): Read version 1 from 2
10-16 09:41:22.637 I/derive_sdk( 228): Read version 1 from 1
10-16 09:41:22.637 I/derive_sdk( 228): Read version 1 from 10
10-16 09:41:22.638 I/derive_sdk( 228): Read version 1 from 8
10-16 09:41:22.638 I/derive_sdk( 228): R extension version is 1
10-16 09:41:22.639 I/derive_sdk( 228): S extension version is 1
10-16 09:41:22.663 D/vold ( 186): fscrypt_init_user0
10-16 09:41:22.663 D/vold ( 186): fscrypt_prepare_user_storage for volume null, user 0, serial 0, flags 1
10-16 09:41:22.663 D/vold ( 186): Preparing: /data/system/users/0
10-16 09:41:22.664 D/vold ( 186): Preparing: /data/misc/profiles/cur/0
10-16 09:41:22.664 D/vold ( 186): Preparing: /data/system_de/0
10-16 09:41:22.664 D/vold ( 186): Preparing: /data/misc_de/0
10-16 09:41:22.664 D/vold ( 186): Preparing: /data/vendor_de/0
10-16 09:41:22.664 D/vold ( 186): Preparing: /data/user_de/0
10-16 09:41:22.664 D/vold ( 186): /system/bin/vold_prepare_subdirs
10-16 09:41:22.664 D/vold ( 186): prepare
10-16 09:41:22.664 D/vold ( 186):
10-16 09:41:22.664 D/vold ( 186): 0
10-16 09:41:22.664 D/vold ( 186): 1
10-16 09:41:22.669 D/vdc ( 229): Waited 0ms for vold
10-16 09:41:22.701 D/vold_prepare_subdirs( 230): Setting up mode 771 uid 1000 gid 1000 context u:object_r:system_data_file:s0:c512,c768 on path: /data/user_de/0
10-16 09:41:22.701 I/vold_prepare_subdirs( 230): Relabelling from u:object_r:system_data_file:s0 to u:object_r:system_data_file:s0:c512,c768: /data/user_de/0
10-16 09:41:22.702 D/vold_prepare_subdirs( 230): Setting up mode 700 uid 0 gid 0 context u:object_r:vold_data_file:s0 on path: /data/misc_de/0/vold
10-16 09:41:22.702 D/vold_prepare_subdirs( 230): Setting up mode 700 uid 0 gid 0 context u:object_r:storaged_data_file:s0 on path: /data/misc_de/0/storaged
10-16 09:41:22.703 D/vold_prepare_subdirs( 230): Setting up mode 700 uid 0 gid 0 context u:object_r:rollback_data_file:s0 on path: /data/misc_de/0/rollback
10-16 09:41:22.703 D/vold_prepare_subdirs( 230): Setting up mode 700 uid 0 gid 0 context u:object_r:apex_rollback_data_file:s0 on path: /data/misc_de/0/apexrollback
10-16 09:41:22.704 D/vold_prepare_subdirs( 230): Setting up mode 711 uid 0 gid 0 context u:object_r:apex_module_data_file:s0 on path: /data/misc_de/0/apexdata
10-16 09:41:22.704 D/vold_prepare_subdirs( 230): Setting up mode 771 uid 0 gid 1000 context u:object_r:apex_wifi_data_file:s0 on path: /data/misc_de/0/apexdata/com.android.wifi
10-16 09:41:22.705 D/vold_prepare_subdirs( 230): Setting up mode 771 uid 0 gid 1000 context u:object_r:apex_module_data_file:s0 on path: /data/misc_de/0/apexdata/com.android.vndk.v31
10-16 09:41:22.705 D/vold_prepare_subdirs( 230): Setting up mode 771 uid 0 gid 1000 context u:object_r:apex_module_data_file:s0 on path: /data/misc_de/0/apexdata/com.android.tzdata
10-16 09:41:22.706 D/vold_prepare_subdirs( 230): Setting up mode 771 uid 0 gid 1000 context u:object_r:apex_module_data_file:s0 on path: /data/misc_de/0/apexdata/com.android.tethering
10-16 09:41:22.706 D/vold_prepare_subdirs( 230): Setting up mode 771 uid 0 gid 1000 context u:object_r:apex_module_data_file:s0 on path: /data/misc_de/0/apexdata/com.android.sdkext
10-16 09:41:22.707 D/vold_prepare_subdirs( 230): Setting up mode 771 uid 0 gid 1000 context u:object_r:apex_module_data_file:s0 on path: /data/misc_de/0/apexdata/com.android.scheduling
10-16 09:41:22.707 D/vold_prepare_subdirs( 230): Setting up mode 771 uid 0 gid 1000 context u:object_r:apex_module_data_file:s0 on path: /data/misc_de/0/apexdata/com.android.runtime
10-16 09:41:22.708 D/vold_prepare_subdirs( 230): Setting up mode 771 uid 0 gid 1000 context u:object_r:apex_module_data_file:s0 on path: /data/misc_de/0/apexdata/com.android.resolv
10-16 09:41:22.708 D/vold_prepare_subdirs( 230): Setting up mode 771 uid 0 gid 1000 context u:object_r:apex_permission_data_file:s0 on path: /data/misc_de/0/apexdata/com.android.permission
10-16 09:41:22.709 D/vold_prepare_subdirs( 230): Setting up mode 771 uid 0 gid 1000 context u:object_r:apex_module_data_file:s0 on path: /data/misc_de/0/apexdata/com.android.os.statsd
10-16 09:41:22.709 D/vold_prepare_subdirs( 230): Setting up mode 771 uid 0 gid 1000 context u:object_r:apex_module_data_file:s0 on path: /data/misc_de/0/apexdata/com.android.neuralnetworks
10-16 09:41:22.710 D/vold_prepare_subdirs( 230): Setting up mode 771 uid 0 gid 1000 context u:object_r:apex_module_data_file:s0 on path: /data/misc_de/0/apexdata/com.android.mediaprovider
10-16 09:41:22.710 D/vold_prepare_subdirs( 230): Setting up mode 771 uid 0 gid 1000 context u:object_r:apex_module_data_file:s0 on path: /data/misc_de/0/apexdata/com.android.media.swcodec
10-16 09:41:22.711 D/vold_prepare_subdirs( 230): Setting up mode 771 uid 0 gid 1000 context u:object_r:apex_module_data_file:s0 on path: /data/misc_de/0/apexdata/com.android.media
10-16 09:41:22.711 D/vold_prepare_subdirs( 230): Setting up mode 771 uid 0 gid 1000 context u:object_r:apex_module_data_file:s0 on path: /data/misc_de/0/apexdata/com.android.ipsec
10-16 09:41:22.711 D/vold_prepare_subdirs( 230): Setting up mode 771 uid 0 gid 1000 context u:object_r:apex_module_data_file:s0 on path: /data/misc_de/0/apexdata/com.android.i18n
10-16 09:41:22.712 D/vold_prepare_subdirs( 230): Setting up mode 771 uid 0 gid 1000 context u:object_r:apex_module_data_file:s0 on path: /data/misc_de/0/apexdata/com.android.extservices
10-16 09:41:22.712 D/vold_prepare_subdirs( 230): Setting up mode 771 uid 0 gid 1000 context u:object_r:apex_module_data_file:s0 on path: /data/misc_de/0/apexdata/com.android.conscrypt
10-16 09:41:22.713 D/vold_prepare_subdirs( 230): Setting up mode 771 uid 0 gid 1000 context u:object_r:apex_module_data_file:s0 on path: /data/misc_de/0/apexdata/com.android.art
10-16 09:41:22.713 D/vold_prepare_subdirs( 230): Setting up mode 771 uid 0 gid 1000 context u:object_r:apex_module_data_file:s0 on path: /data/misc_de/0/apexdata/com.android.appsearch
10-16 09:41:22.714 D/vold_prepare_subdirs( 230): Setting up mode 771 uid 0 gid 1000 context u:object_r:apex_module_data_file:s0 on path: /data/misc_de/0/apexdata/com.android.adbd
10-16 09:41:22.714 D/vold_prepare_subdirs( 230): Setting up mode 771 uid 1000 gid 1000 context u:object_r:user_profile_root_file:s0:c512,c768 on path: /data/misc/profiles/cur/0
10-16 09:41:22.714 I/vold_prepare_subdirs( 230): Relabelling from u:object_r:user_profile_root_file:s0 to u:object_r:user_profile_root_file:s0:c512,c768: /data/misc/profiles/cur/0
10-16 09:41:22.715 D/vold_prepare_subdirs( 230): Setting up mode 700 uid 1000 gid 1000 context u:object_r:fingerprint_vendor_data_file:s0 on path: /data/vendor_de/0/fpdata
10-16 09:41:22.715 D/vold_prepare_subdirs( 230): Setting up mode 700 uid 1000 gid 1000 context u:object_r:face_vendor_data_file:s0 on path: /data/vendor_de/0/facedata
10-16 09:41:22.717 D/vold ( 186): fscrypt_unlock_user_key 0 serial=0
10-16 09:41:22.717 E/vold ( 186): Failed to chmod /data/system_ce/0: No such file or directory
10-16 09:41:22.717 E/vold ( 186): Failed to chmod /data/misc_ce/0: No such file or directory
10-16 09:41:22.717 E/vold ( 186): Failed to chmod /data/media/0: No such file or directory
10-16 09:41:22.948 I/derive_classpath( 232): ParseFragments for bootclasspath
10-16 09:41:22.958 I/derive_classpath( 232): ReadClasspathFragment /apex/com.android.art/etc/classpaths/bootclasspath.pb
10-16 09:41:22.958 I/derive_classpath( 232): ReadClasspathFragment /system/etc/classpaths/bootclasspath.pb
10-16 09:41:22.960 I/derive_classpath( 232): ReadClasspathFragment /apex/com.android.appsearch/etc/classpaths/bootclasspath.pb
10-16 09:41:22.960 I/derive_classpath( 232): ReadClasspathFragment /apex/com.android.conscrypt/etc/classpaths/bootclasspath.pb
10-16 09:41:22.961 I/derive_classpath( 232): ReadClasspathFragment /apex/com.android.i18n/etc/classpaths/bootclasspath.pb
10-16 09:41:22.961 I/derive_classpath( 232): ReadClasspathFragment /apex/com.android.ipsec/etc/classpaths/bootclasspath.pb
10-16 09:41:22.961 I/derive_classpath( 232): ReadClasspathFragment /apex/com.android.media/etc/classpaths/bootclasspath.pb
10-16 09:41:22.962 I/derive_classpath( 232): ReadClasspathFragment /apex/com.android.mediaprovider/etc/classpaths/bootclasspath.pb
10-16 09:41:22.962 I/derive_classpath( 232): ReadClasspathFragment /apex/com.android.os.statsd/etc/classpaths/bootclasspath.pb
10-16 09:41:22.963 I/derive_classpath( 232): ReadClasspathFragment /apex/com.android.permission/etc/classpaths/bootclasspath.pb
10-16 09:41:22.963 I/derive_classpath( 232): ReadClasspathFragment /apex/com.android.scheduling/etc/classpaths/bootclasspath.pb
10-16 09:41:22.964 I/derive_classpath( 232): ReadClasspathFragment /apex/com.android.sdkext/etc/classpaths/bootclasspath.pb
10-16 09:41:22.964 I/derive_classpath( 232): ReadClasspathFragment /apex/com.android.tethering/etc/classpaths/bootclasspath.pb
10-16 09:41:22.965 I/derive_classpath( 232): ReadClasspathFragment /apex/com.android.wifi/etc/classpaths/bootclasspath.pb
10-16 09:41:22.965 I/derive_classpath( 232): ParseFragments for systemserverclasspath
