10-16 09:41:43.778 I/AW_PowerHAL( 261): Power setMode: SUSTAINED_PERFORMANCE to: 1
10-16 09:41:43.779 W/AW_PowerHAL( 261): Could not open nsi-bw: No such file or directory
10-16 09:41:43.779 I/AW_PowerHAL( 261): cur-mode:PERFORMANCE
10-16 09:41:43.781 D/CompatibilityChangeReporter( 522): Compat change id reported: 168419799; UID 10021; state: DISABLED
10-16 09:41:43.776 I/am ( 955): type=1400 audit(0.0:353): avc: denied { getattr } for path="/system/bin/sh" dev="dm-0" ino=1202 scontext=u:r:system_server:s0 tcontext=u:object_r:shell_exec:s0 tclass=file permissive=1
10-16 09:41:43.792 I/SystemServerTiming( 522): showSystemReadyErrorDialogs
10-16 09:41:43.794 I/system_server( 522): getFrameworkHalManifest: Reading VINTF information.
10-16 09:41:43.798 I/system_server( 522): getDeviceHalManifest: Reading VINTF information.
10-16 09:41:43.796 I/am ( 971): type=1400 audit(0.0:354): avc: denied { execute_no_trans } for path="/system/bin/cmd" dev="dm-0" ino=937 scontext=u:r:system_server:s0 tcontext=u:object_r:system_file:s0 tclass=file permissive=1
10-16 09:41:43.806 I/system_server( 522): getDeviceHalManifest: Successfully processed VINTF information
10-16 09:41:43.806 I/system_server( 522): getFrameworkHalManifest: Successfully processed VINTF information
10-16 09:41:43.806 I/system_server( 522): getFrameworkCompatibilityMatrix: Reading VINTF information.
10-16 09:41:43.807 I/adbd ( 381): jdwp connection from 954
10-16 09:41:43.900 I/system_server( 522): getFrameworkCompatibilityMatrix: Successfully processed VINTF information
10-16 09:41:43.900 I/system_server( 522): getDeviceCompatibilityMatrix: Reading VINTF information.
10-16 09:41:43.901 I/system_server( 522): getDeviceCompatibilityMatrix: Successfully processed VINTF information
10-16 09:41:43.913 I/SystemServerTiming( 522): sendUserStartBroadcast
10-16 09:41:43.914 I/SystemServerTiming( 522): resumeTopActivities
10-16 09:41:43.916 I/SystemServerTiming( 522): sendUserSwitchBroadcasts
10-16 09:41:43.916 I/SystemServerTiming( 522): setBinderProxies
10-16 09:41:43.916 I/SystemServerTiming( 522): StartSystemUI
10-16 09:41:43.917 W/ActivityManager( 522): Slow operation: 176ms so far, now at startProcess: done updating battery stats
10-16 09:41:43.917 W/ActivityManager( 522): Slow operation: 176ms so far, now at startProcess: building log message
10-16 09:41:43.917 I/ActivityManager( 522): app.processName = com.android.se
10-16 09:41:43.917 I/ActivityManager( 522): Start proc 954:com.android.se/1068 for added application com.android.se
10-16 09:41:43.917 W/ActivityManager( 522): Slow operation: 176ms so far, now at startProcess: starting to update pids map
10-16 09:41:43.917 W/ActivityManager( 522): Slow operation: 176ms so far, now at startProcess: done updating pids map
10-16 09:41:43.919 D/CompatibilityChangeReporter( 522): Compat change id reported: 168419799; UID 1068; state: DISABLED
10-16 09:41:43.928 W/ActivityManager( 522): Unable to start service Intent { cmp=com.oranth.ledstatus/.LedStatusService } U=0: not found
10-16 09:41:43.932 D/CompatibilityChangeReporter( 522): Compat change id reported: 135634846; UID 10021; state: DISABLED
10-16 09:41:43.932 D/CompatibilityChangeReporter( 522): Compat change id reported: 177438394; UID 10021; state: DISABLED
10-16 09:41:43.932 D/CompatibilityChangeReporter( 522): Compat change id reported: 135772972; UID 10021; state: DISABLED
10-16 09:41:43.933 D/CompatibilityChangeReporter( 522): Compat change id reported: 135754954; UID 10021; state: ENABLED
10-16 09:41:43.933 D/CompatibilityChangeReporter( 522): Compat change id reported: 143937733; UID 10021; state: ENABLED
10-16 09:41:43.934 D/ConnectivityService( 522): Got NetworkProvider Messenger for VpnNetworkProvider:0
10-16 09:41:43.934 D/CompatibilityChangeReporter( 954): Compat change id reported: 171979766; UID 1068; state: ENABLED
10-16 09:41:43.950 I/InputManager( 522): Enabling motion classifier because user switched: feature enabled, long press timeout = 400
10-16 09:41:43.950 I/InputClassifier( 522): Enabling motion classifier
10-16 09:41:43.952 I/hwservicemanager( 182): getTransport: Cannot find entry android.hardware.input.classifier@1.0::IInputClassifier/default in either framework or device VINTF manifest.
10-16 09:41:43.952 I/InputClassifier( 522): Could not obtain InputClassifier HAL
10-16 09:41:43.953 D/Zygote ( 244): Forked child process 976
10-16 09:41:43.956 I/ActivityManager( 522): app.processName = com.dangbei.hqguide
10-16 09:41:43.956 I/ActivityManager( 522): Start proc 976:com.dangbei.hqguide/u0a21 for top-activity {com.dangbei.hqguide/com.dangbei.hqguide.main.MainActivity}
10-16 09:41:43.957 V/SystemUIService( 748): Starting SystemUI services for user 0.
10-16 09:41:43.957 D/SystemUIService( 748): loading: com.android.systemui.util.NotificationChannels
10-16 09:41:43.958 D/SystemUIService( 748): running: com.android.systemui.util.NotificationChannels@5baaee5
10-16 09:41:43.962 D/JNIMultiir( 522): Multiir JNI_OnLoad()
10-16 09:41:43.963 D/JNIMultiir( 522): init
10-16 09:41:43.965 I/Zygote ( 976): seccomp disabled by setenforce 0
10-16 09:41:43.967 D/SystemServer( 522): VMRuntime.setVerifierEnabled(true)
10-16 09:41:43.969 W/Looper ( 522): Slow delivery took 13411ms main h=android.app.PropertyInvalidatedCache$AutoCorker$1 c=null m=0
10-16 09:41:43.972 W/QuotaTracker( 522): Alarm not scheduled because boot isn't completed
10-16 09:41:43.975 I/dangbei.hqguid( 976): Late-enabling -Xcheck:jni
10-16 09:41:43.979 D/ConditionProviders.SCP( 522): onConnected
10-16 09:41:43.981 D/CompatibilityChangeReporter( 522): Compat change id reported: 150939131; UID 1000; state: ENABLED
10-16 09:41:43.993 D/hdmi-cec( 262): reset logical address to broadcast
10-16 09:41:43.995 D/SystemUIService( 748): loading: com.android.systemui.oranth.ManagerService
10-16 09:41:43.997 E/SELinux ( 181): avc: denied { find } for pid=748 uid=10061 name=oranth_manager scontext=u:r:platform_app:s0:c512,c768 tcontext=u:object_r:default_android_service:s0 tclass=service_manager permissive=1
10-16 09:41:44.002 D/SystemUIService( 748): running: com.android.systemui.oranth.ManagerService@242fbc8
10-16 09:41:44.004 W/NetworkPolicy( 522): setRestrictBackgroundUL: already false
10-16 09:41:44.006 I/ManagerService( 748): -------------------- oranth manager service ---------
10-16 09:41:44.012 D/ConditionProviders( 522): Subscribing to condition://android/event?userId=-10000&calendar=&reply=1 with ComponentInfo{android/com.android.server.notification.EventConditionProvider}
10-16 09:41:44.013 D/ConditionProviders( 522): Subscribing to condition://android/schedule?days=1.2.3.4.5.6.7&start=22.0&end=7.0&exitAtAlarm=true with ComponentInfo{android/com.android.server.notification.ScheduleConditionProvider}
10-16 09:41:44.022 I/FalsingManager( 748): xdpi, ydpi: 0.16, 0.16
10-16 09:41:44.024 I/FalsingManager( 748): width, height: 1920, 1080
10-16 09:41:44.020 I/ndroid.systemui( 748): type=1400 audit(0.0:355): avc: denied { search } for name="com.android.systemui" dev="mmcblk0p25" ino=486 scontext=u:r:platform_app:s0:c512,c768 tcontext=u:object_r:app_data_file:s0:c512,c768 tclass=dir permissive=1 app=com.softwinner.screenshot
10-16 09:41:44.026 V/GraphicsEnvironment( 954): ANGLE Developer option for 'com.android.se' set to: 'default'
10-16 09:41:44.027 V/GraphicsEnvironment( 954): Neither updatable production driver nor prerelease driver is supported.
10-16 09:41:44.028 D/NetworkSecurityConfig( 954): No Network Security Config specified, using platform default
10-16 09:41:44.029 D/NetworkSecurityConfig( 954): No Network Security Config specified, using platform default
10-16 09:41:44.029 I/adbd ( 381): jdwp connection from 976
10-16 09:41:44.039 I/SecureElementService( 954): main onCreate
10-16 09:41:44.044 I/SecureElementService( 954): Check if terminal eSE1 is available.
10-16 09:41:44.046 I/hwservicemanager( 182): getTransport: Cannot find entry android.hardware.secure_element@1.2::ISecureElement/eSE1 in either framework or device VINTF manifest.
10-16 09:41:44.047 D/SecureElement-Terminal-eSE1( 954): SE Hal V1.2 is not supported
10-16 09:41:44.047 I/hwservicemanager( 182): getTransport: Cannot find entry android.hardware.secure_element@1.1::ISecureElement/eSE1 in either framework or device VINTF manifest.
10-16 09:41:44.048 D/SecureElement-Terminal-eSE1( 954): SE Hal V1.1 is not supported
10-16 09:41:44.049 I/hwservicemanager( 182): getTransport: Cannot find entry android.hardware.secure_element@1.0::ISecureElement/eSE1 in either framework or device VINTF manifest.
10-16 09:41:44.049 W/ServiceManager( 522): Permission failure: android.permission.HIGH_SAMPLING_RATE_SENSORS from uid=10061 pid=748
10-16 09:41:44.049 I/SecureElementService( 954): No HAL implementation for eSE1
10-16 09:41:44.049 I/SecureElementService( 954): Check if terminal SIM1 is available.
10-16 09:41:44.050 I/hwservicemanager( 182): getTransport: Cannot find entry android.hardware.secure_element@1.2::ISecureElement/SIM1 in either framework or device VINTF manifest.
10-16 09:41:44.050 D/SecureElement-Terminal-SIM1( 954): SE Hal V1.2 is not supported
10-16 09:41:44.051 I/hwservicemanager( 182): getTransport: Cannot find entry android.hardware.secure_element@1.1::ISecureElement/SIM1 in either framework or device VINTF manifest.
10-16 09:41:44.051 D/SecureElement-Terminal-SIM1( 954): SE Hal V1.1 is not supported
10-16 09:41:44.052 I/hwservicemanager( 182): getTransport: Cannot find entry android.hardware.secure_element@1.0::ISecureElement/SIM1 in either framework or device VINTF manifest.
10-16 09:41:44.052 I/SecureElementService( 954): No HAL implementation for SIM1
10-16 09:41:44.086 D/NavigationModeController( 748): getCurrentUserContext: contextUser=0 currentUser=0
10-16 09:41:44.087 D/NavigationModeController( 748): getCurrentInteractionMode: mode=0 contextUser=0
10-16 09:41:44.087 D/NavigationModeController( 748): updateCurrentInteractionMode: mode=0
10-16 09:41:44.087 D/NavigationModeController( 748): contextUser=0
10-16 09:41:44.087 D/NavigationModeController( 748): assetPaths=
10-16 09:41:44.088 D/NavigationModeController( 748): and /system/framework/framework-res.apk
10-16 09:41:44.088 D/NavigationModeController( 748): /vendor/overlay/framework-res__auto_generated_rro_vendor.apk
10-16 09:41:44.088 D/NavigationModeController( 748): /product/overlay/AwAccentColor/AwAccentColorOverlay.apk
10-16 09:41:44.088 D/NavigationModeController( 748): /product/overlay/AwIconShape/AwIconShapeOverlay.apk
10-16 09:41:44.088 D/NavigationModeController( 748): and /system/system_ext/priv-app/SystemUI/SystemUI.apk
10-16 09:41:44.090 D/NavigationModeController( 748): getCurrentInteractionMode: mode=0 contextUser=0
10-16 09:41:44.095 D/MediaResumeListener( 748): loaded resume components []
10-16 09:41:44.095 W/AlarmManager( 748): Unrecognized alarm listener com.android.systemui.keyguard.KeyguardSliceProvider$$ExternalSyntheticLambda0@ba28d02
10-16 09:41:44.098 D/CompatibilityChangeReporter( 748): Compat change id reported: 150939131; UID 10061; state: ENABLED
10-16 09:41:44.100 V/MediaRouter( 748): Selecting route: RouteInfo{ name=手机, description=null, status=null, category=RouteCategory{ name=系统 types=ROUTE_TYPE_LIVE_AUDIO ROUTE_TYPE_LIVE_VIDEO groupable=false }, supportedTypes=ROUTE_TYPE_LIVE_AUDIO ROUTE_TYPE_LIVE_VIDEO , presentationDisplay=null }
10-16 09:41:44.101 I/MediaRouter( 748): Skip setBluetoothA2dpOn(): types=8388615, isPlaybackActive()=false, BT route=null
10-16 09:41:44.096 I/ndroid.systemui( 748): type=1400 audit(0.0:356): avc: denied { write } for name="shared_prefs" dev="mmcblk0p25" ino=1617 scontext=u:r:platform_app:s0:c512,c768 tcontext=u:object_r:app_data_file:s0:c512,c768 tclass=dir permissive=1 app=com.softwinner.screenshot
10-16 09:41:44.096 I/ndroid.systemui( 748): type=1400 audit(0.0:357): avc: denied { add_name } for name="plugin_prefs.xml" scontext=u:r:platform_app:s0:c512,c768 tcontext=u:object_r:app_data_file:s0:c512,c768 tclass=dir permissive=1 app=com.softwinner.screenshot
10-16 09:41:44.096 I/ndroid.systemui( 748): type=1400 audit(0.0:358): avc: denied { create } for name="plugin_prefs.xml" scontext=u:r:platform_app:s0:c512,c768 tcontext=u:object_r:app_data_file:s0:c512,c768 tclass=file permissive=1 app=com.softwinner.screenshot
10-16 09:41:44.096 I/ndroid.systemui( 748): type=1400 audit(0.0:359): avc: denied { open } for path="/data/user_de/0/com.android.systemui/shared_prefs/plugin_prefs.xml" dev="mmcblk0p25" ino=1640 scontext=u:r:platform_app:s0:c512,c768 tcontext=u:object_r:app_data_file:s0:c512,c768 tclass=file permissive=1 app=com.softwinner.screenshot
10-16 09:41:44.100 I/ndroid.systemui( 748): type=1400 audit(0.0:360): avc: denied { setattr } for name="plugin_prefs.xml" dev="mmcblk0p25" ino=1640 scontext=u:r:platform_app:s0:c512,c768 tcontext=u:object_r:app_data_file:s0:c512,c768 tclass=file permissive=1 app=com.softwinner.screenshot
10-16 09:41:44.100 I/ndroid.systemui( 748): type=1400 audit(0.0:361): avc: denied { remove_name } for name="plugin_prefs.xml" dev="mmcblk0p25" ino=1640 scontext=u:r:platform_app:s0:c512,c768 tcontext=u:object_r:app_data_file:s0:c512,c768 tclass=dir permissive=1 app=com.softwinner.screenshot
10-16 09:41:44.100 I/ndroid.systemui( 748): type=1400 audit(0.0:362): avc: denied { rename } for name="plugin_prefs.xml" dev="mmcblk0p25" ino=1640 scontext=u:r:platform_app:s0:c512,c768 tcontext=u:object_r:app_data_file:s0:c512,c768 tclass=file permissive=1 app=com.softwinner.screenshot
10-16 09:41:44.104 I/EventThread( 262): type=1400 audit(0.0:363): avc: denied { search } for name="extcon" dev="sysfs" ino=18109 scontext=u:r:hal_tv_cec_default:s0 tcontext=u:object_r:sysfs_extcon:s0 tclass=dir permissive=1
10-16 09:41:44.104 I/ndroid.systemui( 748): type=1400 audit(0.0:364): avc: denied { unlink } for name="plugin_prefs.xml.bak" dev="mmcblk0p25" ino=1640 scontext=u:r:platform_app:s0:c512,c768 tcontext=u:object_r:app_data_file:s0:c512,c768 tclass=file permissive=1 app=com.softwinner.screenshot
10-16 09:41:44.109 D/Tonal ( 748): Tonal Palette - index: 4. Main color: ff1e447a
10-16 09:41:44.109 D/Tonal ( 748): Colors: ff060d1a, ff0b162e, ff102343, ff17305c, ff1e447a, ff254a99, ff2d58b7, ff6180c3, ff6f8adc, ff889ce2, ffa5b0e9, ffced4f3, ffeaedfa
10-16 09:41:44.109 D/Tonal ( 748): Gradients:
10-16 09:41:44.109 D/Tonal ( 748): Normal GradientColors(ff1e447a, ff1e447a)
10-16 09:41:44.109 D/Tonal ( 748): Dark GradientColors(ff17305c, ff17305c)
10-16 09:41:44.109 D/Tonal ( 748): Extra dark: GradientColors(ff102343, ff102343)
10-16 09:41:44.109 D/Tonal ( 748): Tonal Palette - index: 4. Main color: ff1e447a
10-16 09:41:44.109 D/Tonal ( 748): Colors: ff060d1a, ff0b162e, ff102343, ff17305c, ff1e447a, ff254a99, ff2d58b7, ff6180c3, ff6f8adc, ff889ce2, ffa5b0e9, ffced4f3, ffeaedfa
10-16 09:41:44.110 D/Tonal ( 748): Gradients:
10-16 09:41:44.110 D/Tonal ( 748): Normal GradientColors(ff1e447a, ff1e447a)
10-16 09:41:44.110 D/Tonal ( 748): Dark GradientColors(ff17305c, ff17305c)
10-16 09:41:44.110 D/Tonal ( 748): Extra dark: GradientColors(ff102343, ff102343)
10-16 09:41:44.121 D/CompatibilityChangeReporter( 976): Compat change id reported: 171979766; UID 10021; state: ENABLED
10-16 09:41:44.147 D/AdbService( 522): setAdbEnabled(true), mIsAdbUsbEnabled=true, mIsAdbWifiEnabled=true, transportType=0
10-16 09:41:44.147 D/AdbService( 522): setAdbEnabled(true), mIsAdbUsbEnabled=true, mIsAdbWifiEnabled=true, transportType=1
10-16 09:41:44.152 I/dangbei.hqguide( 976): type=1400 audit(0.0:365): avc: denied { getattr } for path="/data/data/com.dangbei.hqguide" dev="mmcblk0p25" ino=1001 scontext=u:r:platform_app:s0:c512,c768 tcontext=u:object_r:app_data_file:s0:c512,c768 tclass=dir permissive=1 app=com.dangbei.hqguide
10-16 09:41:44.172 D/BluetoothManagerService( 522): BluetoothServiceConnection: com.android.bluetooth.btservice.AdapterService
10-16 09:41:44.172 D/BluetoothManagerService( 522): MESSAGE_BLUETOOTH_SERVICE_CONNECTED: 1
10-16 09:41:44.176 D/WifiP2pService( 522): Wifi enabled=false
10-16 09:41:44.180 V/GraphicsEnvironment( 976): ANGLE Developer option for 'com.dangbei.hqguide' set to: 'default'
10-16 09:41:44.181 V/GraphicsEnvironment( 976): Neither updatable production driver nor prerelease driver is supported.
10-16 09:41:44.186 D/incidentd( 348): WorkDirectory::getReports
10-16 09:41:44.189 D/NetworkSecurityConfig( 976): No Network Security Config specified, using platform default
10-16 09:41:44.189 D/BluetoothManagerService( 522): Broadcasting onBluetoothServiceUp() to 3 receivers.
10-16 09:41:44.189 D/BluetoothAdapter( 522): onBluetoothServiceUp: android.bluetooth.IBluetooth$Stub$Proxy@e124b33
10-16 09:41:44.192 D/BluetoothAdapter( 733): onBluetoothServiceUp: com.android.bluetooth.btservice.AdapterService$AdapterServiceBinder@cf2faf3
10-16 09:41:44.193 D/NetworkSecurityConfig( 976): No Network Security Config specified, using platform default
10-16 09:41:44.194 D/BluetoothAdapter( 748): onBluetoothServiceUp: android.bluetooth.IBluetooth$Stub$Proxy@e53ea6c
10-16 09:41:44.196 D/BluetoothAdapterService( 733): enable() - Enable called with quiet mode status = false
10-16 09:41:44.197 I/AdapterState( 733): BLE_TURNING_ON : entered
10-16 09:41:44.197 D/AdapterProperties( 733): Setting state to BLE_TURNING_ON
10-16 09:41:44.198 D/BluetoothManagerService( 522): MESSAGE_GET_NAME_AND_ADDRESS
10-16 09:41:44.199 D/BluetoothAdapterService( 733): updateAdapterState() - Broadcasting state BLE_TURNING_ON to 1 receivers.
10-16 09:41:44.203 D/BluetoothManagerService( 522): MESSAGE_BLUETOOTH_STATE_CHANGE: OFF > BLE_TURNING_ON
10-16 09:41:44.203 D/BluetoothManagerService( 522): Sending BLE State Change: OFF > BLE_TURNING_ON
10-16 09:41:44.205 D/BluetoothAdapterService( 733): bleOnProcessStart()
10-16 09:41:44.205 I/AdapterProperties( 733): init(), maxConnectedAudioDevices, default=5, propertyOverlayed=5, finalValue=5
10-16 09:41:44.210 D/BluetoothAdapterService( 733): bleOnProcessStart() - Make Bond State Machine
10-16 09:41:44.211 D/BluetoothBondStateMachine( 733): make
10-16 09:41:44.212 I/PackageWatchdog( 522): Syncing health check requests for packages: {}
10-16 09:41:44.212 I/ExplicitHealthCheckController( 522): Service not ready to get health check supported packages. Binding...
10-16 09:41:44.214 I/BluetoothBondStateMachine( 733): StableState(): Entering Off State
10-16 09:41:44.214 I/ExplicitHealthCheckController( 522): Explicit health check service is bound
10-16 09:41:44.230 D/CompatibilityChangeReporter( 522): Compat change id reported: 168419799; UID 1002; state: DISABLED
10-16 09:41:44.234 I/BtGatt.JNI( 733): classInitNative(L1073): classInitNative: Success!
10-16 09:41:44.235 E/cutils-trace( 274): Error opening trace file: No such file or directory (2)
10-16 09:41:44.241 D/BtGatt.DebugUtils( 733): handleDebugAction() action=null
10-16 09:41:44.244 D/NetworkSecurityConfig( 522): No Network Security Config specified, using platform default
10-16 09:41:44.245 D/NetworkSecurityConfig( 522): No Network Security Config specified, using platform default
10-16 09:41:44.246 I/bt_btif ( 733): system/bt/btif/src/bluetooth.cc:417 get_profile_interface: get_profile_interface: id = gatt
10-16 09:41:44.249 I/ServiceWatcher( 522): [fused] connected to {com.android.location.fused/com.android.location.fused.FusedLocationService}
10-16 09:41:44.254 D/CompatibilityChangeReporter( 733): Compat change id reported: 160794467; UID 1002; state: ENABLED
10-16 09:41:44.264 I/bt_stack_manager( 733): system/bt/btif/src/stack_manager.cc:246 event_start_up_stack: event_start_up_stack is bringing up the stack
10-16 09:41:44.265 I/bt_core_module( 733): system/bt/btcore/src/module.cc:85 module_start_up: module_start_up Starting module "btif_config_module"
10-16 09:41:44.265 I/bt_core_module( 733): system/bt/btcore/src/module.cc:90 module_start_up: module_start_up Started module "btif_config_module"
10-16 09:41:44.266 I/bt_core_module( 733): system/bt/btcore/src/module.cc:85 module_start_up: module_start_up Starting module "btsnoop_module"
10-16 09:41:44.266 I/droid.bluetoot( 733): [1016/094144.266410:INFO:btsnoop.cc(209)] start_up: Snoop Logs disabled
10-16 09:41:44.266 I/droid.bluetoot( 733): [1016/094144.266668:INFO:btsnoop.cc(356)] delete_btsnoop_files: Deleting snoop logs if they exist. filtered = 1
10-16 09:41:44.266 I/droid.bluetoot( 733): [1016/094144.266945:INFO:btsnoop.cc(356)] delete_btsnoop_files: Deleting snoop logs if they exist. filtered = 0
10-16 09:41:44.267 I/bt_core_module( 733): system/bt/btcore/src/module.cc:90 module_start_up: module_start_up Started module "btsnoop_module"
10-16 09:41:44.267 I/bt_core_module( 733): system/bt/btcore/src/module.cc:85 module_start_up: module_start_up Starting module "hci_module"
10-16 09:41:44.267 I/bt_hci ( 733): system/bt/hci/src/hci_layer.cc:200 hci_module_start_up: hci_module_start_up
10-16 09:41:44.268 I/droid.bluetoot( 733): [1016/094144.268255:INFO:message_loop_thread.cc(224)] Run: message loop starting for thread bt_hci_thread
10-16 09:41:44.268 I/bt_hci ( 733): system/bt/hci/src/hci_layer_android.cc:159 hci_initialize: hci_initialize
10-16 09:41:44.268 I/bt_hci ( 733): system/bt/hci/src/hci_layer.cc:257 hci_module_start_up: hci_module_start_up starting async portion
10-16 09:41:44.270 I/hwservicemanager( 182): getTransport: Cannot find entry android.hardware.bluetooth@1.1::IBluetoothHci/default in either framework or device VINTF manifest.
10-16 09:41:44.274 I/bt_hci ( 733): system/bt/hci/src/hci_layer_android.cc:178 hci_initialize: hci_initialize: IBluetoothHci::getService() returned 0xf496e1a0 (remote)
10-16 09:41:44.274 E/cutils-trace( 733): Error opening trace file: No such file or directory (2)
10-16 09:41:44.275 I/android.hardware.bluetooth@1.0-impl( 250): BluetoothHci::initialize()
10-16 09:41:44.277 D/android.hardware.bluetooth@1.0-service( 250): get_local_address: Trying /sys/class/addr_mgt/addr_bt
10-16 09:41:44.277 D/android.hardware.bluetooth@1.0-service( 250): get_local_address: Got Factory BDA 66:3E:C4:25:08:C9
10-16 09:41:44.277 D/WifiHWInfo( 250): Start to load wireless module hardware info table...
10-16 09:41:44.278 D/WifiHWInfo( 250): Entry [01], BUS: SDIO, ID: 0x024C8179, Name: rtl8189es.
10-16 09:41:44.278 D/WifiHWInfo( 250): Entry [02], BUS: SDIO, ID: 0x024CB723, Name: rtl8723bs_vq0.
10-16 09:41:44.278 D/WifiHWInfo( 250): Entry [03], BUS: SDIO, ID: 0x024CB703, Name: rtl8723cs.
10-16 09:41:44.278 D/WifiHWInfo( 250): Entry [04], BUS: SDIO, ID: 0x024CD723, Name: rtl8723ds.
10-16 09:41:44.278 D/WifiHWInfo( 250): Entry [05], BUS: SDIO, ID: 0x024CF179, Name: rtl8189fs.
10-16 09:41:44.278 D/WifiHWInfo( 250): Entry [06], BUS: SDIO, ID: 0x024CB822, Name: rtl88x2bs.
10-16 09:41:44.278 D/WifiHWInfo( 250): Entry [07], BUS: USB, ID: 0x0BDAD723, Name: rtl8723du.
10-16 09:41:44.278 D/WifiHWInfo( 250): Entry [08], BUS: USB, ID: 0x0BDA8179, Name: rtl8188etv.
10-16 09:41:44.278 D/WifiHWInfo( 250): Entry [09], BUS: USB, ID: 0x0BDA0179, Name: rtl8188eu.
10-16 09:41:44.278 D/WifiHWInfo( 250): Entry [10], BUS: USB, ID: 0x0BDA818B, Name: rtl8192eu.
10-16 09:41:44.278 D/WifiHWInfo( 250): Entry [11], BUS: USB, ID: 0x0BDAB720, Name: rtl8723bu.
10-16 09:41:44.278 D/WifiHWInfo( 250): Entry [12], BUS: USB, ID: 0x0BDAC82C, Name: rtl8822cu.
10-16 09:41:44.278 D/WifiHWInfo( 250): Entry [13], BUS: USB, ID: 0x0BDAF179, Name: rtl8188fu.
10-16 09:41:44.278 D/WifiHWInfo( 250): Entry [14], BUS: SDIO, ID: 0x02D0A9A6, Name: ap6212.
10-16 09:41:44.278 D/WifiHWInfo( 250): Entry [15], BUS: SDIO, ID: 0x02D04330, Name: ap6330.
10-16 09:41:44.278 D/WifiHWInfo( 250): Entry [16], BUS: SDIO, ID: 0x02D04356, Name: ap6356s.
10-16 09:41:44.278 D/WifiHWInfo( 250): Entry [17], BUS: SDIO, ID: 0x02D0A9BF, Name: ap6255.
10-16 09:41:44.278 D/WifiHWInfo( 250): Entry [18], BUS: SDIO, ID: 0x02D04334, Name: bcm43342.
10-16 09:41:44.278 D/WifiHWInfo( 250): Entry [19], BUS: SDIO, ID: 0x00202281, Name: xr819.
10-16 09:41:44.278 D/WifiHWInfo( 250): Entry [20], BUS: SDIO, ID: 0x0A9E2282, Name: xr829.
10-16 09:41:44.278 D/WifiHWInfo( 250): Entry [21], BUS: SDIO, ID: 0x0271050A, Name: qca6174a.
10-16 09:41:44.278 D/WifiHWInfo( 250): Entry [22], BUS: SDIO, ID: 0x30303030, Name: ssv6x5x.
10-16 09:41:44.278 D/WifiHWInfo( 250): Entry [23], BUS: SDIO, ID: 0x00000000, Name: uwe5621.
10-16 09:41:44.278 D/WifiHWInfo( 250): Entry [24], BUS: SDIO, ID: 0x54490145, Name: aic8800.
10-16 09:41:44.278 D/WifiHWInfo( 250): Entry [25], BUS: SDIO, ID: 0xC8A1C08D, Name: aic8800.
10-16 09:41:44.278 D/WifiHWInfo( 250): Entry [26], BUS: USB, ID: 0xA69C8800, Name: aic8800.
10-16 09:41:44.278 D/WifiHWInfo( 250): Entry [27], BUS: USB, ID: 0x007A8888, Name: atbm6023is.
10-16 09:41:44.278 D/WifiHWInfo( 250): Entry [28], BUS: SDIO, ID: 0x02E79086, Name: 9012p.
10-16 09:41:44.278 D/WifiHWInfo( 250): Entry [29], BUS: SDIO, ID: 0x007A6011, Name: atbm613x_wifi_sdio.
10-16 09:41:44.278 D/WifiHWInfo( 250): Entry [30], BUS: SDIO, ID: 0x024CC822, Name: 88x2cs.
10-16 09:41:44.278 D/WifiHWInfo( 250): Entry [31], BUS: SDIO, ID: 0x000018F0, Name: dummy.
10-16 09:41:44.278 D/libbt-auto-detect( 250): init, get libbt name: libbt-sprd.so.
10-16 09:41:44.281 I/bt_vendor( 250): init
10-16 09:41:44.281 D/WifiP2pService( 522): Wifi enabled=true
10-16 09:41:44.292 I/ ( 250): mtty_open probe is success!
10-16 09:41:44.292 E/bluetooth_set_power( 250): start_block=0
10-16 09:41:44.298 I/WCN ( 250): start_marlin [MARLIN_BLUETOOTH]
10-16 09:41:44.298 D/ ( 250): CPU: 0 PID: 250 Comm: bluetooth@1.0-s Tainted: G O 5.4.125+ #1
10-16 09:41:44.298 D/Hardware name( 250): sun50iw9 (DT)
10-16 09:41:44.298 D/Call trace( 250):
10-16 09:41:44.298 D/ ( 250): dump_backtrace.cfi_jt+0x0/0x4
10-16 09:41:44.298 D/ ( 250): dump_stack+0xbc/0x104
10-16 09:41:44.298 D/ ( 250): marlin_set_power+0x2c/0x78c [uwe5621_bsp_sdio]
10-16 09:41:44.298 D/ ( 250): start_marlin+0xbc/0x14c [uwe5621_bsp_sdio]
10-16 09:41:44.298 D/ ( 250): bluetooth_set_power+0x44/0x70 [sprdbt_tty]
10-16 09:41:44.298 D/ ( 250): mtty_open+0xb0/0x150 [sprdbt_tty]
10-16 09:41:44.298 D/ ( 250): tty_open+0x350/0x550
10-16 09:41:44.298 D/ ( 250): chrdev_open+0x1d8/0x254
10-16 09:41:44.298 D/ ( 250): do_dentry_open+0x270/0x3ac
10-16 09:41:44.298 D/ ( 250): vfs_open+0x2c/0x38
10-16 09:41:44.298 D/ ( 250): path_openat+0x6a8/0xf78
10-16 09:41:44.298 D/ ( 250): do_filp_open+0x78/0x124
10-16 09:41:44.298 D/ ( 250): do_sys_open+0x13c/0x290
10-16 09:41:44.298 D/ ( 250): __arm64_compat_sys_openat+0x24/0x30
10-16 09:41:44.298 D/ ( 250): el0_svc_common+0xb8/0x1cc
10-16 09:41:44.298 D/ ( 250): el0_svc_compat_handler+0x1c/0x28
10-16 09:41:44.298 D/ ( 250): el0_svc_compat+0x8/0x24
10-16 09:41:44.298 I/WCN ( 250): marlin power state:4, subsys: [MARLIN_BLUETOOTH] power 1
10-16 09:41:44.298 I/WCN ( 250): marlin have open, GNSS is closed
10-16 09:41:44.298 E/bluetooth_set_power( 250): end_block=0
10-16 09:41:44.276 I//system/bin/init( 1): type=1107 audit(0.0:366): uid=0 auid=4294967295 ses=4294967295 subj=u:r:init:s0 msg='avc: denied { set } for property=vendor.driver.lpm.load pid=250 uid=1002 gid=1002 scontext=u:r:hal_bluetooth_default:s0 tcontext=u:object_r:vendor_wireless_prop:s0 tclass=property_service permissive=1'
10-16 09:41:44.282 D/bt_vnd_hci( 250): sprd_vendor_hci_init
10-16 09:41:44.282 I/bt_chip_vendor( 250): marlin3_init
10-16 09:41:44.282 I/bt_vnd_conf( 250): Attempt to load conf from /vendor/etc/bt_configure_pskey.ini
10-16 09:41:44.282 D/bt_vnd_hci( 250): hci_server_thread
10-16 09:41:44.282 D/bt_vnd_hci( 250): name: bt_vendor_sprd_hci
10-16 09:41:44.282 D/bt_vnd_hci( 250): listen socket: bt_vendor_sprd_hci, fd: 6
10-16 09:41:44.282 D/bt_vnd_hci( 250): hci_server_thread wati for btools
10-16 09:41:44.283 D/bt_vnd_conf( 250): device_class -> 0x001F00
10-16 09:41:44.283 D/bt_vnd_conf( 250): feature_set -> 0xBF, 0xFE, 0x8D, 0xFE, 0xDB, 0x3D, 0x7B, 0x87, 0xFF, 0xA7, 0xFF, 0x7F, 0x00, 0xE0, 0xF7, 0x3E
10-16 09:41:44.283 D/bt_vnd_conf( 250): device_addr -> 0x6D, 0x6D, 0x8E, 0x8E, 0x8F, 0x8F
10-16 09:41:44.283 D/bt_vnd_conf( 250): comp_id -> 0x01EC
10-16 09:41:44.283 D/bt_vnd_conf( 250): g_sys_uart0_communication_supported -> 1
10-16 09:41:44.283 D/bt_vnd_conf( 250): cp2_log_mode -> 1
10-16 09:41:44.283 D/bt_vnd_conf( 250): LogLevel -> 0xFF
10-16 09:41:44.283 D/bt_vnd_conf( 250): g_central_or_perpheral -> 0
10-16 09:41:44.283 D/bt_vnd_conf( 250): Log_BitMask -> 0xFFFF
10-16 09:41:44.283 D/bt_vnd_conf( 250): super_ssp_enable -> 0
10-16 09:41:44.283 D/bt_vnd_conf( 250): common_rfu_b3 -> 2
10-16 09:41:44.283 D/bt_vnd_conf( 250): common_rfu_w -> 0x00000000, 0x00000000
10-16 09:41:44.283 D/bt_vnd_conf( 250): le_rfu_w -> 0x00000000, 0x000000000
10-16 09:41:44.283 D/bt_vnd_conf( 250): lmp_rfu_w -> 0x00000000, 0x000000000
10-16 09:41:44.283 D/bt_vnd_conf( 250): lc_rfu_w -> 0x00000000, 0x000000000
10-16 09:41:44.283 D/bt_vnd_conf( 250): g_wbs_nv_117 -> 0x004D
10-16 09:41:44.283 D/bt_vnd_conf( 250): g_wbs_nv_118 -> 0x0066
10-16 09:41:44.283 D/bt_vnd_conf( 250): g_nbv_nv_117 -> 0x009B
10-16 09:41:44.283 D/bt_vnd_conf( 250): g_nbv_nv_118 -> 0x0066
10-16 09:41:44.283 D/bt_vnd_conf( 250): g_sys_sco_transmit_mode -> 0
10-16 09:41:44.283 D/bt_vnd_conf( 250): audio_rfu_b1 -> 0
10-16 09:41:44.283 D/bt_vnd_conf( 250): audio_rfu_b2 -> 0
10-16 09:41:44.283 D/bt_vnd_conf( 250): audio_rfu_b3 -> 0
10-16 09:41:44.283 D/bt_vnd_conf( 250): audio_rfu_w -> 0x00000000, 0x00000000
10-16 09:41:44.283 D/bt_vnd_conf( 250): g_sys_sleep_in_standby_supported -> 1
10-16 09:41:44.283 D/bt_vnd_conf( 250): g_sys_sleep_master_supported -> 1
10-16 09:41:44.283 D/bt_vnd_conf( 250): g_sys_sleep_slave_supported -> 1
10-16 09:41:44.283 D/bt_vnd_conf( 250): power_rfu_b1 -> 0
10-16 09:41:44.283 D/bt_vnd_conf( 250): power_rfu_w -> 0x00000000, 0x00000000
10-16 09:41:44.284 D/bt_vnd_conf( 250): win_ext -> 40
10-16 09:41:44.284 D/bt_vnd_conf( 250): edr_tx_edr_delay -> 6
10-16 09:41:44.284 D/bt_vnd_conf( 250): edr_rx_edr_delay -> 8
10-16 09:41:44.284 D/bt_vnd_conf( 250): tx_delay -> 12
10-16 09:41:44.284 D/bt_vnd_conf( 250): rx_delay -> 34
10-16 09:41:44.284 D/bt_vnd_conf( 250): bb_rfu_w -> 0x00000000, 0x00000000
10-16 09:41:44.284 D/bt_vnd_conf( 250): agc_mode -> 0
10-16 09:41:44.284 D/bt_vnd_conf( 250): diff_or_eq -> 0xFF
10-16 09:41:44.284 D/bt_vnd_conf( 250): ramp_mode -> 0
10-16 09:41:44.284 D/bt_vnd_conf( 250): modem_rfu_b1 -> 0
10-16 09:41:44.284 D/bt_vnd_conf( 250): modem_rfu_w -> 0x00000000, 0x00000000
10-16 09:41:44.284 D/bt_vnd_conf( 250): BQB_BitMask_1 -> 0x00000000
10-16 09:41:44.284 D/bt_vnd_conf( 250): BQB_BitMask_2 -> 0x00000000
10-16 09:41:44.284 D/bt_vnd_conf( 250): bt_coex_threshold -> 0x04E2, 0x1F40, 0x0020, 0x00C8, 0x000A, 0x0000, 0x0000, 0x0000
10-16 09:41:44.284 D/bt_vnd_conf( 250): other_rfu_w -> 0x00000000, 0x00000000
10-16 09:41:44.284 I/bt_vnd_conf( 250): Attempt to load conf from /vendor/etc/bt_configure_rf.ini
10-16 09:41:44.285 D/bt_vnd_conf( 250): g_GainValue_A -> 0xE000, 0xE000, 0xE000, 0xE000, 0xE000, 0xE000
10-16 09:41:44.285 D/bt_vnd_conf( 250): g_ClassicPowerValue_A -> 0x4115, 0x3A15, 0x3415, 0x2E15, 0x2715, 0x2115, 0x1A15, 0x1315, 0x0D15, 0x0715
10-16 09:41:44.285 D/bt_vnd_conf( 250): g_LEPowerValue_A -> 0x3B15, 0x3715, 0x3315, 0x2F15, 0x2B15, 0x2715, 0x2315, 0x1F15, 0x1B15, 0x1715, 0x1315, 0x0F15, 0x0B15, 0x0815, 0x0415, 0x0015
10-16 09:41:44.285 D/bt_vnd_conf( 250): g_BRChannelpwrvalue_A -> 0x0915, 0x0915, 0x0815, 0x0815, 0x0815, 0x0815, 0x0715, 0x0715
10-16 09:41:44.285 D/bt_vnd_conf( 250): g_EDRChannelpwrvalue_A -> 0x0D15, 0x0D15, 0x0C15, 0x0C15, 0x0B15, 0x0B15, 0x0B15, 0x0B15
10-16 09:41:44.285 D/bt_vnd_conf( 250): g_LEChannelpwrvalue_A -> 0x1015,0x1015,0x0F15,0x0F15,0x0F15,0x0F15,0x0F15,0x0F15
10-16 09:41:44.285 D/bt_vnd_conf( 250): g_GainValue_B -> 0xE000, 0xE000, 0xE000, 0xE000, 0xE000, 0xE000
10-16 09:41:44.285 D/bt_vnd_conf( 250): g_ClassicPowerValue_B -> 0x4D15, 0x4615, 0x3D15, 0x3615, 0x2D15, 0x2615, 0x1F15, 0x1815, 0x0F15, 0x0815
10-16 09:41:44.285 D/bt_vnd_conf( 250): g_LEPowerValue_B -> 0x4B15, 0x4B15, 0x4B15, 0x4B15, 0x4B15, 0x4615, 0x4015, 0x3B15, 0x3615, 0x3015, 0x2B15, 0x2615, 0x2015, 0x1A15, 0x1415, 0x0E15
10-16 09:41:44.285 D/bt_vnd_conf( 250): g_BRChannelpwrvalue_B -> 0x0915, 0x0915, 0x0815, 0x0815, 0x0815, 0x0815, 0x0715, 0x0715
10-16 09:41:44.285 D/bt_vnd_conf( 250): g_EDRChannelpwrvalue_B -> 0x0D15, 0x0D15, 0x0C15, 0x0C15, 0x0B15, 0x0B15, 0x0B15, 0x0B15
10-16 09:41:44.285 D/bt_vnd_conf( 250): g_LEChannelpwrvalue_B -> 0x1015,0x1015,0x0F15,0x0F15,0x0F15,0x0F15,0x0F15,0x0F15
10-16 09:41:44.285 D/bt_vnd_conf( 250): LE_fix_powerword -> 0x00
10-16 09:41:44.285 D/bt_vnd_conf( 250): Classic_pc_by_channel -> 0xFF
10-16 09:41:44.285 D/bt_vnd_conf( 250): LE_pc_by_channel -> 0xFF
10-16 09:41:44.285 D/bt_vnd_conf( 250): RF_switch_mode -> 0x01
10-16 09:41:44.285 D/bt_vnd_conf( 250): Data_Capture_Mode -> 0x00
10-16 09:41:44.285 D/bt_vnd_conf( 250): Analog_IQ_Debug_Mode -> 0x00
10-16 09:41:44.285 D/bt_vnd_conf( 250): RF_common_rfu_b3 -> 0x55
10-16 09:41:44.285 D/bt_vnd_conf( 250): RF_common_rfu_w -> 0x555F4344, 0x5555C855, 0x55555555, 0x55555555, 0x55555555
10-16 09:41:44.285 I/bt_vnd_conf( 250): set_mac_address
10-16 09:41:44.285 D/bt_vendor( 250): marlin3 start up
10-16 09:41:44.285 D/android.hardware.bluetooth@1.0-impl( 250): Open vendor library loaded
10-16 09:41:44.285 E/bt_upio ( 250): init_rfkill: No rfkill control node found
10-16 09:41:44.285 I/bt_userial_vendor( 250): userial vendor open: opening /dev/ttyBT0, baud 14
10-16 09:41:44.285 D/bt_vendor( 250): check_access, /dev/ttyBT0 R/W access OK after wait 0ms
10-16 09:41:44.298 I/bt_userial_vendor( 250): device fd = 5 open
10-16 09:41:44.298 I/bt_chip_vendor( 250): marlin3_pskey_preload
10-16 09:41:44.298 D/bt_vnd_hci( 250): sprd_vnd_send_hci_vsc a0 fc b0 00 1f 00 00 bf fe 8d fe db 3d 7b 87 ff a7 ff 7f 00 e0 f7 3e c9 08 25 c4 3e 66 ec 01 01 01 ff 00 ff ff 00 02 00 00 00 00 00 00 00 00 00 00 00 00 00 00 00 00 00 00 00 00 00 00 00 00 00 00 00 00 00 00 00 00 4d 00 66 00 9b 00 66 00 00 00 00 00 00 00 00 00 00 00 00 00 01 01 01 00 00 00 00 00 00 00 00 00 28 00 00 00 06 08 0c 22 00 00 00 00 00 00 00 00 00 ff 00 00 00 00 00 00 00 00 00 00 00 00 00 00 00 00 00 00 e2 04 40 1f 20 00 c8 00 0a 00 00 00 00 00 00 00 00 00 00 00 00 00 00 00 00 00 00 00 00 00 00 00 00 00 00 00 00 00 00 00
10-16 09:41:44.298 E/bt_upio ( 250): upio_set : /proc/bluetooth/sleep/btwrite(-1) incorrent
10-16 09:41:44.302 I/bt_chip_vendor( 250): Bluetooth Firmware Node: 3750 Date: 2015-03-27
10-16 09:41:44.303 I/bt_chip_vendor( 250): yujian.qin marlin3_rf_preload
10-16 09:41:44.303 D/bt_vnd_hci( 250): sprd_vnd_send_hci_vsc a2 fc fc 00 e0 00 e0 00 e0 00 e0 00 e0 00 e0 15 41 15 3a 15 34 15 2e 15 27 15 21 15 1a 15 13 15 0d 15 07 15 3b 15 37 15 33 15 2f 15 2b 15 27 15 23 15 1f 15 1b 15 17 15 13 15 0f 15 0b 15 08 15 04 15 00 15 09 15 09 15 08 15 08 15 08 15 08 15 07 15 07 15 0d 15 0d 15 0c 15 0c 15 0b 15 0b 15 0b 15 0b 15 10 15 10 15 0f 15 0f 15 0f 15 0f 15 0f 15 0f 00 e0 00 e0 00 e0 00 e0 00 e0 00 e0 15 4d 15 46 15 3d 15 36 15 2d 15 26 15 1f 15 18 15 0f 15 08 15 4b 15 4b 15 4b 15 4b 15 4b 15 46 15 40 15 3b 15 36 15 30 15 2b 15 26 15 20 15 1a 15 14 15 0e 15 09 15 09 15 08 15 08 15 08 15 08 15 07 15 07 15 0d 15 0d 15 0c 15 0c 15 0b 15 0b 15 0b 15 0b 15 10 15 10 15 0f 15 0f 15 0f 15 0f 15 0f 15 0f 00 00 ff ff 01 00 00 55 44 43 5f 55 55 c8 55 55 55 55 55 55 55 55 55 55 55 55 55 55
10-16 09:41:44.300 I//system/bin/init( 1): type=1107 audit(0.0:367): uid=0 auid=4294967295 ses=4294967295 subj=u:r:init:s0 msg='avc: denied { set } for property=rw.vendor.bluetooth.fw.ver pid=250 uid=1002 gid=1002 scontext=u:r:hal_bluetooth_default:s0 tcontext=u:object_r:default_prop:s0 tclass=property_service permissive=1'
10-16 09:41:44.315 E/WiredAccessoryManager( 522): No state change.
10-16 09:41:44.315 W/WiredAccessoryManager( 522): Both input event and extcon are used for audio jack, please just choose one.
10-16 09:41:44.317 I/bt_chip_vendor( 250): hw_rf_cback hw_core_cback response: [0xFCA2, 0x0000, 0x00]
10-16 09:41:44.317 I/bt_chip_vendor( 250): hw_core_enable
10-16 09:41:44.317 I/bt_chip_vendor( 250): hw_core_enable : 1
10-16 09:41:44.317 E/bt_upio ( 250): upio_set : /proc/bluetooth/sleep/btwrite(-1) incorrent
10-16 09:41:44.319 I/bt_chip_vendor( 250): hw_core_cback hw_core_cback response: [0xFCA1, 0x0000, 0x01]
10-16 09:41:44.319 D/android.hardware.bluetooth@1.0-impl( 250): OnFirmwareConfigured result: 0
10-16 09:41:44.319 I/android.hardware.bluetooth@1.0-impl( 250): Firmware configured in 0.021s
10-16 09:41:44.320 I/bt_hci ( 733): system/bt/hci/src/hci_layer.cc:367 event_finish_startup: event_finish_startup
10-16 09:41:44.320 I/android.hardware.bluetooth@1.0-impl( 250): OnFirmwareConfigured: lpm_timeout_ms 1500
10-16 09:41:44.320 D/android.hardware.bluetooth@1.0-impl( 250): low_power_mode_cb result: 0
10-16 09:41:44.320 D/android.hardware.bluetooth@1.0-impl( 250): OnFirmwareConfigured Calling StartLowPowerWatchdog()
10-16 09:41:44.320 I/bt_core_module( 733): system/bt/btcore/src/module.cc:90 module_start_up: module_start_up Started module "hci_module"
10-16 09:41:44.320 I/bt_l2cap( 733): system/bt/stack/l2cap/l2c_api.cc:134 L2CA_Register: L2CAP Registered service classic PSM: 0x0001
10-16 09:41:44.320 I/bt_l2cap( 733): system/bt/stack/l2cap/l2c_api.cc:134 L2CA_Register: L2CAP Registered service classic PSM: 0x001f
10-16 09:41:44.320 I/bluetooth( 733): system/bt/stack/gatt/gatt_api.cc:1019 GATT_Register: Allocated name:GattProfileDb uuid:81818181-8181-8181-8181-818181818181 gatt_if:1 eatt_support:0
10-16 09:41:44.321 I/droid.bluetoot( 733): [1016/094144.321757:INFO:gatt_api.cc(179)] GATTS_AddService
10-16 09:41:44.322 I/droid.bluetoot( 733): [1016/094144.322050:INFO:gatt_api.cc(288)] GATTS_AddService: service parsed correctly, now starting
10-16 09:41:44.322 I/droid.bluetoot( 733): [1016/094144.322176:INFO:gatt_sr_hash.cc(124)] gatts_calculate_database_hash: hash=80AEB10BC70DCCEFA207489DCED98FED
10-16 09:41:44.322 I/bt_l2cap( 733): system/bt/stack/l2cap/l2c_api.cc:434 L2CA_RegisterLECoc: Registered service LE COC PSM: 0x0027
10-16 09:41:44.322 I/bt_l2cap( 733): system/bt/stack/l2cap/l2c_api.cc:134 L2CA_Register: L2CAP Registered service classic PSM: 0x0003
10-16 09:41:44.322 I/bluetooth( 733): system/bt/stack/gatt/gatt_api.cc:1019 GATT_Register: Allocated name:Gap uuid:82828282-8282-8282-8282-828282828282 gatt_if:2 eatt_support:0
10-16 09:41:44.322 I/droid.bluetoot( 733): [1016/094144.322473:INFO:gatt_api.cc(179)] GATTS_AddService
10-16 09:41:44.322 I/droid.bluetoot( 733): [1016/094144.322531:INFO:gatt_api.cc(288)] GATTS_AddService: service parsed correctly, now starting
10-16 09:41:44.322 I/droid.bluetoot( 733): [1016/094144.322619:INFO:gatt_sr_hash.cc(124)] gatts_calculate_database_hash: hash=8991C462EBE9D90B9EA0DA3E16D0F513
10-16 09:41:44.323 I/bt_bte ( 733): system/bt/main/bte_logmsg.cc:248 load_levels_from_config: BTE_InitTraceLevels -- TRC_HCI : Level 2
10-16 09:41:44.323 I/bt_bte ( 733): system/bt/main/bte_logmsg.cc:248 load_levels_from_config: BTE_InitTraceLevels -- TRC_L2CAP : Level 2
10-16 09:41:44.323 I/bt_bte ( 733): system/bt/main/bte_logmsg.cc:248 load_levels_from_config: BTE_InitTraceLevels -- TRC_RFCOMM : Level 2
10-16 09:41:44.323 I/bt_bte ( 733): system/bt/main/bte_logmsg.cc:248 load_levels_from_config: BTE_InitTraceLevels -- TRC_AVDT : Level 2
10-16 09:41:44.323 I/bt_bte ( 733): system/bt/main/bte_logmsg.cc:248 load_levels_from_config: BTE_InitTraceLevels -- TRC_AVRC : Level 2
10-16 09:41:44.323 I/bt_bte ( 733): system/bt/main/bte_logmsg.cc:248 load_levels_from_config: BTE_InitTraceLevels -- TRC_A2D : Level 2
10-16 09:41:44.323 I/bt_bte ( 733): system/bt/main/bte_logmsg.cc:248 load_levels_from_config: BTE_InitTraceLevels -- TRC_BNEP : Level 2
10-16 09:41:44.323 I/bt_bte ( 733): system/bt/main/bte_logmsg.cc:248 load_levels_from_config: BTE_InitTraceLevels -- TRC_BTM : Level 2
10-16 09:41:44.323 I/bt_bte ( 733): system/bt/main/bte_logmsg.cc:248 load_levels_from_config: BTE_InitTraceLevels -- TRC_HID_HOST : Level 2
10-16 09:41:44.323 I/bt_bte ( 733): system/bt/main/bte_logmsg.cc:248 load_levels_from_config: BTE_InitTraceLevels -- TRC_PAN : Level 2
10-16 09:41:44.323 I/bt_bte ( 733): system/bt/main/bte_logmsg.cc:248 load_levels_from_config: BTE_InitTraceLevels -- TRC_SDP : Level 2
10-16 09:41:44.323 I/bt_bte ( 733): system/bt/main/bte_logmsg.cc:248 load_levels_from_config: BTE_InitTraceLevels -- TRC_SMP : Level 2
10-16 09:41:44.323 I/bt_bte ( 733): system/bt/main/bte_logmsg.cc:248 load_levels_from_config: BTE_InitTraceLevels -- TRC_HID_DEV : Level 2
10-16 09:41:44.323 I/bt_bte ( 733): system/bt/main/bte_logmsg.cc:248 load_levels_from_config: BTE_InitTraceLevels -- TRC_BTAPP : Level 2
10-16 09:41:44.323 I/bt_bte ( 733): system/bt/main/bte_logmsg.cc:248 load_levels_from_config: BTE_InitTraceLevels -- TRC_BTIF : Level 2
10-16 09:41:44.323 I/bt_stack( 733): [INFO:message_loop_thread.cc(224)] Run: message loop starting for thread bt_main_thread
10-16 09:41:44.325 I/bt_core_module( 733): system/bt/btcore/src/module.cc:85 module_start_up: module_start_up Starting module "controller_module"
10-16 09:41:44.333 E/libEGL ( 748): validate_display:538 error 3001 (EGL_NOT_INITIALIZED)
10-16 09:41:44.353 D/BluetoothA2dp( 522): Binding service...
10-16 09:41:44.357 I/ConnectivityModuleConnector( 522): Networking module service connected
10-16 09:41:44.357 I/ConnectivityModuleConnector( 522): Networking module service connected
10-16 09:41:44.358 I/NetworkStackClient( 522): Network stack service connected
10-16 09:41:44.355 E/ ( 391): recv_kernel_event address b4:2f:03:c6:70:66
10-16 09:41:44.367 I/ConnectivityModuleConnector( 522): Networking module service connected
10-16 09:41:44.367 I/ConnectivityModuleConnector( 522): Networking module service connected
10-16 09:41:44.370 W/TrustManagerService( 522): EXTRA_USER_HANDLE missing or invalid, value=0
10-16 09:41:44.378 I/SystemServerTiming( 522): ManagedServices.unbindOtherUserServices_current0
10-16 09:41:44.378 I/SystemServerTiming( 522): ManagedServices.unbindOtherUserServices_current0
10-16 09:41:44.379 I/SystemServerTiming( 522): ManagedServices.unbindOtherUserServices_current0
10-16 09:41:44.379 V/NotificationAssistants( 522): enabling notification assistant for 0: ComponentInfo{android.ext.services/android.ext.services.notification.Assistant}
10-16 09:41:44.379 V/NotificationAssistants( 522): Not registering ComponentInfo{android.ext.services/android.ext.services.notification.Assistant} is already bound
10-16 09:41:44.413 W/IorapForwardingService( 522): No service published for: iorapd
10-16 09:41:44.437 V/audio_hw_primary( 249): adev_set_parameters, A2dpSuspended=false
10-16 09:41:44.442 V/audio_hw_primary( 249): adev_set_parameters, BT_SCO=off
10-16 09:41:44.443 I/AS.AudioDeviceInventory( 522): removePreferredDevicesForStrategySync, strategy: 14
10-16 09:41:44.465 D/CompatibilityChangeReporter( 522): Compat change id reported: 158002302; UID 10061; state: ENABLED
10-16 09:41:44.468 V/WallpaperService( 748): Setting wallpaper dimming: 0
10-16 09:41:44.483 D/ConditionProviders.SCP( 522): onSubscribe condition://android/schedule?days=1.2.3.4.5.6.7&start=22.0&end=7.0&exitAtAlarm=true
10-16 09:41:44.483 D/ConditionProviders.SCP( 522): setRegistered true
10-16 09:41:44.489 I/hwservicemanager( 182): getTransport: Cannot find entry android.hardware.configstore@1.0::ISurfaceFlingerConfigs/default in either framework or device VINTF manifest.
10-16 09:41:44.490 D/EglHelper( 748): createEglContext start
10-16 09:41:44.495 D/EglHelper( 748): createEglContext done
10-16 09:41:44.495 D/EglHelper( 748): createEglSurface start
10-16 09:41:44.497 D/EglHelper( 748): createEglSurface done
10-16 09:41:44.504 W/ActivityThread( 522): Failed to find provider info for com.android.calendar (user not unlocked)
10-16 09:41:44.506 W/ActivityThread( 522): Failed to find provider info for com.android.calendar (user not unlocked)
10-16 09:41:44.514 I/hwservicemanager( 182): Notifying android.hardware.wifi@1.5::IWifi/default they have clients: 1
10-16 09:41:44.515 I/HidlLazyUtils( 721): Process has 1 (of 1 available) client(s) in use after notification android.hardware.wifi@1.5::IWifi/default has clients: 1
10-16 09:41:44.519 D/ConditionProviders.SCP( 522): evaluateSubscriptionLocked cal=ScheduleCalendar[mDays={1, 2, 3, 4, 5, 6, 7}, mSchedule=ScheduleInfo{days=[1, 2, 3, 4, 5, 6, 7], startHour=22, startMinute=0, endHour=7, endMinute=0, exitAtAlarm=true, nextAlarm=Thu Jan 01 08:00:00 GMT+08:00 1970 (0)}], now=Thu Oct 16 09:41:44 GMT+08:00 2025 (1760578904483), nextUserAlarmTime=Thu Jan 01 08:00:00 GMT+08:00 1970 (0)
10-16 09:41:44.520 D/ConditionProviders.SCP( 522): notifyCondition condition://android/schedule?days=1.2.3.4.5.6.7&start=22.0&end=7.0&exitAtAlarm=true STATE_FALSE reason=!meetsSchedule
10-16 09:41:44.522 D/ConditionProviders.SCP( 522): Scheduling evaluate for Thu Oct 16 22:00:00 GMT+08:00 2025 (1760623200000), in +12h18m15s517ms, now=Thu Oct 16 09:41:44 GMT+08:00 2025 (1760578904483)
10-16 09:41:44.527 D/hdmi-cec( 262): cec physical address: 1.0.0.0
10-16 09:41:44.528 D/hdmi-cec( 262): cec physical address: 1.0.0.0
10-16 09:41:44.528 D/hdmi-cec( 262): cec physical address: 1.0.0.0
10-16 09:41:44.528 D/hdmi-cec( 262): addLogicalAddress (4)
10-16 09:41:44.528 D/hdmi-cec( 262): cec physical address: 1.0.0.0
10-16 09:41:44.540 D/AutofillManagerService( 522): Restriction did not change for user 0
10-16 09:41:44.561 W/Looper ( 522): Drained
10-16 09:41:44.566 D/CompatibilityChangeReporter( 976): Compat change id reported: 171228096; UID 10021; state: ENABLED
10-16 09:41:44.602 I/WifiClientModeImpl[wlan0]( 522): disconnectedstate enter
10-16 09:41:44.609 E/IpClient.wlan0( 916): Failed to set accept_ra to 2
10-16 09:41:44.612 D/WifiClientModeImpl[wlan0]( 522): setupClientMode() ifacename = wlan0
10-16 09:41:44.616 E/WifiHAL ( 721): wifi_start_pkt_fate_monitoring: packet fate logging feature not supported 0
10-16 09:41:44.617 E/WifiVendorHal( 522): startPktFateMonitoring(l.2352) failed {.code = ERROR_NOT_SUPPORTED, .description = }
10-16 09:41:44.617 W/WifiDiags( 522): Failed to start packet fate monitoring
10-16 09:41:44.618 E/WifiHAL ( 721): wifi_get_driver_version: Error -5 happened.
10-16 09:41:44.618 E/android.hardware.wifi@1.0-service-lazy( 721): Failed to get driver version: INVALID_ARGS
10-16 09:41:44.619 E/WifiVendorHal( 522): requestChipDebugInfo(l.2167) failed {.code = ERROR_INVALID_ARGS, .description = failed to get driver version}
10-16 09:41:44.619 I/WifiVendorHal( 522): Driver: null Firmware: null
10-16 09:41:44.620 E/WifiHAL ( 721): wifi_get_driver_version: Error -5 happened.
10-16 09:41:44.620 E/android.hardware.wifi@1.0-service-lazy( 721): Failed to get driver version: INVALID_ARGS
10-16 09:41:44.621 E/WifiVendorHal( 522): requestChipDebugInfo(l.2167) failed {.code = ERROR_INVALID_ARGS, .description = failed to get driver version}
10-16 09:41:44.621 I/WifiVendorHal( 522): Driver: null Firmware: null
10-16 09:41:44.622 E/WifiHAL ( 721): wifi_get_ring_buffers_status: Ring buffer logging feature not supported 0
10-16 09:41:44.624 E/WifiVendorHal( 522): getRingBufferStatus(l.2244) failed {.code = ERROR_NOT_SUPPORTED, .description = }
10-16 09:41:44.624 W/WifiDiags( 522): no ring buffers found
10-16 09:41:44.624 D/WifiDiags( 522): startLogging() iface list is {wlan0} after adding wlan0
10-16 09:41:44.649 V/MediaPlayer( 976): resetDrmState: mDrmInfo=null mDrmProvisioningThread=null mPrepareDrmInProgress=false mActiveDrmScheme=false
10-16 09:41:44.650 V/MediaPlayer( 976): cleanDrmObj: mDrmObj=null mDrmSessionId=null
10-16 09:41:44.664 W/ActivityThread( 976): Failed to find provider info for media (user not unlocked)
10-16 09:41:44.667 D/MediaPlayerFactory( 355): Initialize getpersist = 0 value=
10-16 09:41:44.667 D/awplayer( 355): : AwPlayer construct.
10-16 09:41:44.667 D/awplayer( 355): : XPlayerCreate.
10-16 09:41:44.667 D/awplayer( 355): :
10-16 09:41:44.667 D/awplayer( 355): >>>>>>>>>>>>>>>>>>>>>>>>>>>>>>> CedarX <<<<<<<<<<<<<<<<<<<<<<<<<<<<<<<
10-16 09:41:44.667 D/awplayer( 355): tag : CedarX-2.8.0
10-16 09:41:44.667 D/awplayer( 355): branch: master
10-16 09:41:44.667 D/awplayer( 355): commit: 967535b8ff6a073cb4f38e85a4ae5fa6008014d8
10-16 09:41:44.667 D/awplayer( 355): date : Mon, 15 May 2017 01:30:22 +0000 (09:30 +0800)
10-16 09:41:44.667 D/awplayer( 355): author:
10-16 09:41:44.667 D/awplayer( 355): ----------------------------------------------------------------------
10-16 09:41:44.668 D/awplayer( 355): : ==== process message XPLAYER_COMMAND_SET_SUBCTRL.
10-16 09:41:44.668 D/awplayer( 355): : set deinterlace
10-16 09:41:44.668 D/awplayer( 355): : ==== process message XPLAYER_COMMAND_SET_SUBCTRL.
10-16 09:41:44.672 D/awplayer( 355): : : init
10-16 09:41:44.672 I/awplayer( 355): : process message XPLAYER_COMMAND_SET_SOURCE.
10-16 09:41:44.672 D/awplayer( 355): : prepare
10-16 09:41:44.672 D/awplayer( 355): : process message XPLAYER_COMMAND_PREPARE. mPriData->mStatus: 1
10-16 09:41:44.672 D/demuxComponent( 355): : process message DEMUX_COMMAND_PREPARE.
10-16 09:41:44.672 D/awplayer( 355): : source uri 'fd://7?offset=6758176&length=13251'
10-16 09:41:44.673 D/awplayer( 355): <__FileStreamConnect:463>: (8/6758176/13251) path:'file:///system/priv-app/dangbei-boot-guide/dangbei-boot-guide.apk'
10-16 09:41:44.674 V/WallpaperService( 748): Setting wallpaper dimming: 0.05
10-16 09:41:44.679 E/awplayer( 355): <__FlacParserProbe:1096>: Flac probe failed.
10-16 09:41:44.679 D/awplayer( 355): : Wav parser : skipped ID3 tag, new starting offset is 291 (0x0000000000000123)
10-16 09:41:44.679 D/awplayer( 355): : Wav parser : this is ID3 first : 291
10-16 09:41:44.679 D/awplayer( 355): <__WvParserProbe:575>: __WvParserProbe: I
10-16 09:41:44.679 D/awplayer( 355): <__WvParserProbe:575>: __WvParserProbe: D
10-16 09:41:44.679 D/awplayer( 355): <__WvParserProbe:575>: __WvParserProbe: 3
10-16 09:41:44.679 D/awplayer( 355): <__WvParserProbe:575>: __WvParserProbe: 
10-16 09:41:44.679 E/awplayer( 355): <__CafParserProbe:567>: Caf probe failed.
10-16 09:41:44.679 E/awplayer( 355): <__G729ParserProbe:290>: g729 SYNC_WORD probe failed.
