10-16 09:41:24.351 I/SurfaceFlinger( 276): Using HWComposer service: default
10-16 09:41:24.351 I/SurfaceFlinger( 276): SurfaceFlinger is starting
10-16 09:41:24.352 I/hwservicemanager( 182): getTransport: Cannot find entry android.hardware.configstore@1.1::ISurfaceFlingerConfigs/default in either framework or device VINTF manifest.
10-16 09:41:24.354 V/CamPrvdr@2.4-external( 252): Preferred HAL 3 minor version is 4
10-16 09:41:24.359 I/SurfaceFlinger( 276): Disabling blur effects, they are not supported.
10-16 09:41:24.361 I/CamPrvdr@2.4-external( 252): threadLoop start monitoring new V4L2 devices
10-16 09:41:24.364 I/touch ( 328): type=1400 audit(0.0:210): avc: denied { write } for name="local" dev="mmcblk0p25" ino=60 scontext=u:r:onstartup:s0 tcontext=u:object_r:system_data_file:s0 tclass=dir permissive=1
10-16 09:41:24.367 I/SurfaceFlinger( 276): SurfaceFlinger's main thread ready to run. Initializing graphics H/W...
10-16 09:41:24.364 I/touch ( 328): type=1400 audit(0.0:211): avc: denied { add_name } for name="fast_apks_installed" scontext=u:r:onstartup:s0 tcontext=u:object_r:system_data_file:s0 tclass=dir permissive=1
10-16 09:41:24.368 D/RenderEngine( 276): RenderEngine with GLES Backend
10-16 09:41:24.368 I/HidlServiceManagement( 252): Registered android.hardware.camera.provider@2.4::ICameraProvider/external/0
10-16 09:41:24.369 I/HidlServiceManagement( 252): Removing namespace from process name android.hardware.camera.provider@2.4-external-service to provider@2.4-external-service.
10-16 09:41:24.370 I/LegacySupport( 252): Registration complete for android.hardware.camera.provider@2.4::ICameraProvider/external/0.
10-16 09:41:24.372 I/rainbow_flow( 329): type=1400 audit(0.0:212): avc: denied { write } for name="spidev1.0" dev="tmpfs" ino=1337 scontext=u:r:init:s0 tcontext=u:object_r:device:s0 tclass=chr_file permissive=1
10-16 09:41:24.372 I/rainbow_flow( 329): type=1400 audit(0.0:213): avc: denied { open } for path="/dev/spidev1.0" dev="tmpfs" ino=1337 scontext=u:r:init:s0 tcontext=u:object_r:device:s0 tclass=chr_file permissive=1
10-16 09:41:24.372 I/rainbow_flow( 329): type=1400 audit(0.0:214): avc: denied { ioctl } for path="/dev/spidev1.0" dev="tmpfs" ino=1337 ioctlcmd=0x6b01 scontext=u:r:init:s0 tcontext=u:object_r:device:s0 tclass=chr_file permissive=1
10-16 09:41:24.378 I/AndroidRuntime( 244): Using default boot image
10-16 09:41:24.378 I/AndroidRuntime( 244): Leaving lock profiling enabled
10-16 09:41:24.381 I/FastMixerState( 269): sMaxFastTracks = 8
10-16 09:41:24.386 E/cutils-trace( 244): Error opening trace file: No such file or directory (2)
10-16 09:41:24.389 I/zygote ( 244): option[0]=-Xzygote
10-16 09:41:24.389 I/zygote ( 244): option[1]=-Xdeny-art-apex-data-files
10-16 09:41:24.389 I/zygote ( 244): option[2]=exit
10-16 09:41:24.389 I/zygote ( 244): option[3]=vfprintf
10-16 09:41:24.389 I/zygote ( 244): option[4]=sensitiveThread
10-16 09:41:24.389 I/zygote ( 244): option[5]=-verbose:gc
10-16 09:41:24.389 I/zygote ( 244): option[6]=-XX:PerfettoHprof=true
10-16 09:41:24.389 I/zygote ( 244): option[7]=-XX:PerfettoJavaHeapStackProf=true
10-16 09:41:24.389 I/zygote ( 244): option[8]=-Xprimaryzygote
10-16 09:41:24.389 I/zygote ( 244): option[9]=-Xms5m
10-16 09:41:24.389 I/zygote ( 244): option[10]=-Xmx512m
10-16 09:41:24.389 I/zygote ( 244): option[11]=-XX:HeapGrowthLimit=256m
10-16 09:41:24.389 I/zygote ( 244): option[12]=-XX:HeapMinFree=512k
10-16 09:41:24.389 I/zygote ( 244): option[13]=-XX:HeapMaxFree=8m
10-16 09:41:24.389 I/zygote ( 244): option[14]=-XX:HeapTargetUtilization=0.75
10-16 09:41:24.389 I/zygote ( 244): option[15]=-Xusejit:true
10-16 09:41:24.389 I/zygote ( 244): option[16]=-Xjitsaveprofilinginfo
10-16 09:41:24.389 I/zygote ( 244): option[17]=-XMadviseWillNeedVdexFileSize:104857600
10-16 09:41:24.389 I/zygote ( 244): option[18]=-XMadviseWillNeedOdexFileSize:104857600
10-16 09:41:24.389 I/zygote ( 244): option[19]=-XMadviseWillNeedArtFileSize:4294967295
10-16 09:41:24.389 I/zygote ( 244): option[20]=-XjdwpOptions:suspend=n,server=y
10-16 09:41:24.389 I/zygote ( 244): option[21]=-XjdwpProvider:default
10-16 09:41:24.389 I/zygote ( 244): option[22]=-Xopaque-jni-ids:swapable
10-16 09:41:24.389 I/zygote ( 244): option[23]=-Xcompiler-option
10-16 09:41:24.390 I/zygote ( 244): option[24]=--instruction-set-variant=cortex-a7
10-16 09:41:24.390 I/zygote ( 244): option[25]=-Xcompiler-option
10-16 09:41:24.390 I/zygote ( 244): option[26]=--instruction-set-features=default
10-16 09:41:24.390 I/zygote ( 244): option[27]=-Xcompiler-option
10-16 09:41:24.390 I/zygote ( 244): option[28]=--generate-mini-debug-info
10-16 09:41:24.390 I/zygote ( 244): option[29]=-Ximage-compiler-option
10-16 09:41:24.390 I/zygote ( 244): option[30]=--runtime-arg
10-16 09:41:24.390 I/zygote ( 244): option[31]=-Ximage-compiler-option
10-16 09:41:24.390 I/zygote ( 244): option[32]=-Xms64m
10-16 09:41:24.390 I/zygote ( 244): option[33]=-Ximage-compiler-option
10-16 09:41:24.390 I/zygote ( 244): option[34]=--runtime-arg
10-16 09:41:24.390 I/zygote ( 244): option[35]=-Ximage-compiler-option
10-16 09:41:24.390 I/zygote ( 244): option[36]=-Xmx64m
10-16 09:41:24.390 I/zygote ( 244): option[37]=-Ximage-compiler-option
10-16 09:41:24.390 I/zygote ( 244): option[38]=--dirty-image-objects=/system/etc/dirty-image-objects
10-16 09:41:24.390 I/zygote ( 244): option[39]=-Ximage-compiler-option
10-16 09:41:24.390 I/zygote ( 244): option[40]=--instruction-set-variant=cortex-a7
10-16 09:41:24.390 I/zygote ( 244): option[41]=-Ximage-compiler-option
10-16 09:41:24.390 I/zygote ( 244): option[42]=--instruction-set-features=default
10-16 09:41:24.390 I/zygote ( 244): option[43]=-Ximage-compiler-option
10-16 09:41:24.390 I/zygote ( 244): option[44]=--generate-mini-debug-info
10-16 09:41:24.390 I/zygote ( 244): option[45]=-Duser.locale=zh-CN
10-16 09:41:24.390 I/zygote ( 244): option[46]=--cpu-abilist=armeabi-v7a,armeabi
10-16 09:41:24.390 I/zygote ( 244): option[47]=-Xfingerprint:Dangbei/raven/raven:12/SP1A.211105.004/20251016.092202:user/release-keys
10-16 09:41:24.406 I/bootstat( 336): Service started: /system/bin/bootstat --set_system_boot_reason
10-16 09:41:24.407 I/bootstat( 336): Canonical boot reason: reboot
10-16 09:41:24.407 I/bootstat( 336): Canonical boot reason: reboot
10-16 09:41:24.410 V/MediaUtils( 269): physMem: 2055442432
10-16 09:41:24.410 V/MediaUtils( 269): requested limit: 411088480
10-16 09:41:24.410 I/libc ( 269): malloc_limit: Allocation limit enabled, max size 411088480 bytes
10-16 09:41:24.411 W/zygote ( 244): ART APEX data files are untrusted.
10-16 09:41:24.412 I/audioserver( 269): ServiceManager: 0xf0daa420
10-16 09:41:24.413 W/BatteryNotifier( 269): batterystats service unavailable!
10-16 09:41:24.413 E/cutils-trace( 269): Error opening trace file: No such file or directory (2)
10-16 09:41:24.445 E/bootstat( 336): Failed to read /metadata/bootstat/persist.sys.boot.reason: No such file or directory
10-16 09:41:24.445 I/bootstat( 336): Value of persist.sys.boot.reason :
10-16 09:41:24.445 I/bootstat( 336): Normalized last reboot reason : reboot
10-16 09:41:24.464 E/bootstat( 336): Failed to unlink /metadata/bootstat/persist.sys.boot.reason: No such file or directory
10-16 09:41:24.500 I/EventThread( 262): type=1400 audit(0.0:215): avc: denied { search } for name="extcon" dev="sysfs" ino=18109 scontext=u:r:hal_tv_cec_default:s0 tcontext=u:object_r:sysfs_extcon:s0 tclass=dir permissive=1
10-16 09:41:24.500 I/EventThread( 262): type=1400 audit(0.0:216): avc: denied { read } for name="u:object_r:default_prop:s0" dev="tmpfs" ino=3773 scontext=u:r:hal_tv_cec_default:s0 tcontext=u:object_r:default_prop:s0 tclass=file permissive=1
10-16 09:41:24.500 I/EventThread( 262): type=1400 audit(0.0:217): avc: denied { open } for path="/dev/__properties__/u:object_r:default_prop:s0" dev="tmpfs" ino=3773 scontext=u:r:hal_tv_cec_default:s0 tcontext=u:object_r:default_prop:s0 tclass=file permissive=1
10-16 09:41:24.500 I/EventThread( 262): type=1400 audit(0.0:218): avc: denied { getattr } for path="/dev/__properties__/u:object_r:default_prop:s0" dev="tmpfs" ino=3773 scontext=u:r:hal_tv_cec_default:s0 tcontext=u:object_r:default_prop:s0 tclass=file permissive=1
10-16 09:41:24.500 I/EventThread( 262): type=1400 audit(0.0:219): avc: denied { map } for path="/dev/__properties__/u:object_r:default_prop:s0" dev="tmpfs" ino=3773 scontext=u:r:hal_tv_cec_default:s0 tcontext=u:object_r:default_prop:s0 tclass=file permissive=1
10-16 09:41:24.512 I/preloaddata( 344): type=1400 audit(0.0:220): avc: denied { write search } for name="tmp" dev="mmcblk0p25" ino=85 scontext=u:r:toolbox:s0 tcontext=u:object_r:shell_data_file:s0 tclass=dir permissive=1
10-16 09:41:24.516 I/preloaddata( 344): type=1400 audit(0.0:221): avc: denied { getattr } for path="/data/local/tmp" dev="mmcblk0p25" ino=85 scontext=u:r:toolbox:s0 tcontext=u:object_r:shell_data_file:s0 tclass=dir permissive=1
10-16 09:41:24.524 I/perfetto( 342): probes.cc:84 Starting /system/bin/traced_probes service
10-16 09:41:24.541 I/perfetto( 342): probes_producer.cc:129 Disconnected from tracing service
10-16 09:41:24.542 I/perfetto( 342): _activity_trigger.cc:71 mm_events ftrace instance not found. Triggering of traces on memory pressure will not be available on this device.
10-16 09:41:24.564 I/init ( 1): type=1400 audit(0.0:222): avc: denied { read } for name="ext_csd" dev="debugfs" ino=6238 scontext=u:r:init:s0 tcontext=u:object_r:debugfs_mmc:s0 tclass=file permissive=1
10-16 09:41:24.564 I/init ( 1): type=1400 audit(0.0:223): avc: denied { open } for path="/sys/kernel/debug/mmc0/mmc0:0001/ext_csd" dev="debugfs" ino=6238 scontext=u:r:init:s0 tcontext=u:object_r:debugfs_mmc:s0 tclass=file permissive=1
10-16 09:41:24.579 W/perfetto( 343): service.cc:207 Started traced, listening on /dev/socket/traced_producer /dev/socket/traced_consumer
10-16 09:41:24.576 I/rainbow_flow( 329): type=1400 audit(0.0:224): avc: denied { ioctl } for path="/dev/spidev1.0" dev="tmpfs" ino=1337 ioctlcmd=0x6b00 scontext=u:r:init:s0 tcontext=u:object_r:device:s0 tclass=chr_file permissive=1
10-16 09:41:24.651 I/ServiceManager( 269): Waiting for service 'media.metrics' on '/dev/binder'...
10-16 09:41:24.656 I/installd( 350): installd firing up
10-16 09:41:24.656 E/cutils ( 350): Failed to read /data/misc/installd/layout_version: No such file or directory
10-16 09:41:24.656 D/installd( 350): Assuming that device has multi-user storage layout; upgrade no longer supported
10-16 09:41:24.657 D/installd( 350): Upgrading to /data/misc/user directories
10-16 09:41:24.708 I/storaged( 358): type=1400 audit(0.0:225): avc: denied { read } for path="/sys/kernel/debug/mmc0/mmc0:0001/ext_csd" dev="debugfs" ino=6238 scontext=u:r:storaged:s0 tcontext=u:object_r:debugfs_mmc:s0 tclass=file permissive=1
10-16 09:41:24.748 I/perfetto( 342): probes_producer.cc:112 Connected to the service
10-16 09:41:24.800 I/wificond( 364): wificond is starting up...
10-16 09:41:24.831 D/dom2reg ( 368): timezone change, new: Asia/Shanghai, pre:
10-16 09:41:24.832 D/dom2reg ( 368): convert timezone to alpha2 country code: CN
10-16 09:41:24.833 D/dom2reg ( 368): regulatory set to [CN] success(0)
10-16 09:41:24.859 E/cutils-trace( 364): Error opening trace file: No such file or directory (2)
10-16 09:41:24.877 I/HidlServiceManagement( 364): Registered android.system.wifi.keystore@1.0::IKeystore/default
10-16 09:41:24.879 D/WifiHWInfo( 370): Start to load wireless module hardware info table...
10-16 09:41:24.880 I/init ( 1): type=1400 audit(0.0:226): avc: denied { add_name } for name="panic" scontext=u:r:init:s0 tcontext=u:object_r:sysfs:s0 tclass=dir permissive=1
10-16 09:41:24.890 D/WifiHWInfo( 370): Entry [01], BUS: SDIO, ID: 0x024C8179, Name: rtl8189es.
10-16 09:41:24.890 D/WifiHWInfo( 370): Entry [02], BUS: SDIO, ID: 0x024CB723, Name: rtl8723bs_vq0.
10-16 09:41:24.890 D/WifiHWInfo( 370): Entry [03], BUS: SDIO, ID: 0x024CB703, Name: rtl8723cs.
10-16 09:41:24.890 D/WifiHWInfo( 370): Entry [04], BUS: SDIO, ID: 0x024CD723, Name: rtl8723ds.
10-16 09:41:24.890 D/WifiHWInfo( 370): Entry [05], BUS: SDIO, ID: 0x024CF179, Name: rtl8189fs.
10-16 09:41:24.890 D/WifiHWInfo( 370): Entry [06], BUS: SDIO, ID: 0x024CB822, Name: rtl88x2bs.
10-16 09:41:24.890 D/WifiHWInfo( 370): Entry [07], BUS: USB, ID: 0x0BDAD723, Name: rtl8723du.
10-16 09:41:24.890 D/WifiHWInfo( 370): Entry [08], BUS: USB, ID: 0x0BDA8179, Name: rtl8188etv.
10-16 09:41:24.890 D/WifiHWInfo( 370): Entry [09], BUS: USB, ID: 0x0BDA0179, Name: rtl8188eu.
10-16 09:41:24.890 D/WifiHWInfo( 370): Entry [10], BUS: USB, ID: 0x0BDA818B, Name: rtl8192eu.
10-16 09:41:24.891 D/WifiHWInfo( 370): Entry [11], BUS: USB, ID: 0x0BDAB720, Name: rtl8723bu.
10-16 09:41:24.891 D/WifiHWInfo( 370): Entry [12], BUS: USB, ID: 0x0BDAC82C, Name: rtl8822cu.
10-16 09:41:24.891 D/WifiHWInfo( 370): Entry [13], BUS: USB, ID: 0x0BDAF179, Name: rtl8188fu.
10-16 09:41:24.891 D/WifiHWInfo( 370): Entry [14], BUS: SDIO, ID: 0x02D0A9A6, Name: ap6212.
10-16 09:41:24.891 D/WifiHWInfo( 370): Entry [15], BUS: SDIO, ID: 0x02D04330, Name: ap6330.
10-16 09:41:24.891 D/WifiHWInfo( 370): Entry [16], BUS: SDIO, ID: 0x02D04356, Name: ap6356s.
10-16 09:41:24.891 D/WifiHWInfo( 370): Entry [17], BUS: SDIO, ID: 0x02D0A9BF, Name: ap6255.
10-16 09:41:24.891 D/WifiHWInfo( 370): Entry [18], BUS: SDIO, ID: 0x02D04334, Name: bcm43342.
10-16 09:41:24.891 D/WifiHWInfo( 370): Entry [19], BUS: SDIO, ID: 0x00202281, Name: xr819.
10-16 09:41:24.891 D/WifiHWInfo( 370): Entry [20], BUS: SDIO, ID: 0x0A9E2282, Name: xr829.
10-16 09:41:24.891 D/WifiHWInfo( 370): Entry [21], BUS: SDIO, ID: 0x0271050A, Name: qca6174a.
10-16 09:41:24.891 D/WifiHWInfo( 370): Entry [22], BUS: SDIO, ID: 0x30303030, Name: ssv6x5x.
10-16 09:41:24.891 D/WifiHWInfo( 370): Entry [23], BUS: SDIO, ID: 0x00000000, Name: uwe5621.
10-16 09:41:24.891 D/WifiHWInfo( 370): Entry [24], BUS: SDIO, ID: 0x54490145, Name: aic8800.
10-16 09:41:24.891 D/WifiHWInfo( 370): Entry [25], BUS: SDIO, ID: 0xC8A1C08D, Name: aic8800.
10-16 09:41:24.891 D/WifiHWInfo( 370): Entry [26], BUS: USB, ID: 0xA69C8800, Name: aic8800.
10-16 09:41:24.891 D/WifiHWInfo( 370): Entry [27], BUS: USB, ID: 0x007A8888, Name: atbm6023is.
10-16 09:41:24.891 D/WifiHWInfo( 370): Entry [28], BUS: SDIO, ID: 0x02E79086, Name: 9012p.
10-16 09:41:24.891 D/WifiHWInfo( 370): Entry [29], BUS: SDIO, ID: 0x007A6011, Name: atbm613x_wifi_sdio.
10-16 09:41:24.891 D/WifiHWInfo( 370): Entry [30], BUS: SDIO, ID: 0x024CC822, Name: 88x2cs.
10-16 09:41:24.891 D/WifiHWInfo( 370): Entry [31], BUS: SDIO, ID: 0x000018F0, Name: dummy.
10-16 09:41:24.919 V/MediaUtils( 354): physMem: 2055442432
10-16 09:41:24.919 V/MediaUtils( 354): requested limit: 134217728
10-16 09:41:24.919 I/libc ( 354): malloc_limit: Allocation limit enabled, max size 134217728 bytes
10-16 09:41:24.931 D/AudioPowerUsage( 354): AudioPowerUsage
10-16 09:41:24.932 D/AudioAnalytics( 354): AudioAnalytics
10-16 09:41:24.932 D/MediaMetricsService( 354): MediaMetricsService
10-16 09:41:24.932 I/rainbow_flow( 329): type=1400 audit(0.0:227): avc: denied { ioctl } for path="/dev/spidev1.0" dev="tmpfs" ino=1337 ioctlcmd=0x6b00 scontext=u:r:init:s0 tcontext=u:object_r:device:s0 tclass=chr_file permissive=1
10-16 09:41:24.940 E/cutils-trace( 377): Error opening trace file: No such file or directory (2)
10-16 09:41:24.946 D/libEGL ( 276): loaded /vendor/lib/egl/libGLES_mali.so
10-16 09:41:24.967 I/usbd ( 377): Usb HAL found.
10-16 09:41:24.967 I/usbd ( 377): peristent prop is adb
10-16 09:41:24.994 I/android.hardware.media.omx@1.0-service( 366): mediacodecservice starting
10-16 09:41:25.000 D/WifiHWInfo( 370): persist.log.tag.module_info not exist, try to create it!
10-16 09:41:25.001 D/WifiHWInfo( 370): read from sdio path, sdio_id=0000:0000
10-16 09:41:25.000 I/EventThread( 262): type=1400 audit(0.0:228): avc: denied { search } for name="extcon" dev="sysfs" ino=18109 scontext=u:r:hal_tv_cec_default:s0 tcontext=u:object_r:sysfs_extcon:s0 tclass=dir permissive=1
10-16 09:41:25.006 W/android.hardware.media.omx@1.0-service( 366): Could not read additional policy file '/vendor/etc/seccomp_policy/mediacodec.policy'
10-16 09:41:25.007 W/android.hardware.media.omx@1.0-service( 366): libminijail[366]: failed to get path of fd 4: No such file or directory
10-16 09:41:25.008 W/android.hardware.media.omx@1.0-service( 366): libminijail[366]: allowing syscall: clock_gettime
10-16 09:41:25.008 W/android.hardware.media.omx@1.0-service( 366): libminijail[366]: allowing syscall: connect
10-16 09:41:25.008 W/android.hardware.media.omx@1.0-service( 366): libminijail[366]: allowing syscall: fcntl64
10-16 09:41:25.008 W/android.hardware.media.omx@1.0-service( 366): libminijail[366]: allowing syscall: socket
10-16 09:41:25.008 W/android.hardware.media.omx@1.0-service( 366): libminijail[366]: allowing syscall: writev
10-16 09:41:25.009 W/android.hardware.media.omx@1.0-service( 366): libminijail[366]: compile_file: (59): syscall getrandom redefined here
10-16 09:41:25.018 W/android.hardware.media.omx@1.0-service( 366): libminijail[366]: compile_file: (15): previous definition here
10-16 09:41:25.022 W/android.hardware.media.omx@1.0-service( 366): libminijail[366]: compile_file: /system/etc/seccomp_policy/crash_dump.arm.policy(1): syscall read redefined here
10-16 09:41:25.022 W/android.hardware.media.omx@1.0-service( 366): libminijail[366]: compile_file: (9): previous definition here
10-16 09:41:25.023 W/android.hardware.media.omx@1.0-service( 366): libminijail[366]: compile_file: /system/etc/seccomp_policy/crash_dump.arm.policy(2): syscall write redefined here
10-16 09:41:25.023 W/android.hardware.media.omx@1.0-service( 366): libminijail[366]: compile_file: (5): previous definition here
10-16 09:41:25.023 W/android.hardware.media.omx@1.0-service( 366): libminijail[366]: compile_file: /system/etc/seccomp_policy/crash_dump.arm.policy(3): syscall exit redefined here
10-16 09:41:25.023 W/android.hardware.media.omx@1.0-service( 366): libminijail[366]: compile_file: (40): previous definition here
10-16 09:41:25.023 W/android.hardware.media.omx@1.0-service( 366): libminijail[366]: compile_file: /system/etc/seccomp_policy/crash_dump.arm.policy(4): syscall rt_sigreturn redefined here
10-16 09:41:25.023 W/android.hardware.media.omx@1.0-service( 366): libminijail[366]: compile_file: (45): previous definition here
10-16 09:41:25.023 W/android.hardware.media.omx@1.0-service( 366): libminijail[366]: compile_file: /system/etc/seccomp_policy/crash_dump.arm.policy(6): syscall exit_group redefined here
10-16 09:41:25.023 W/android.hardware.media.omx@1.0-service( 366): libminijail[366]: compile_file: (44): previous definition here
10-16 09:41:25.024 W/android.hardware.media.omx@1.0-service( 366): libminijail[366]: compile_file: /system/etc/seccomp_policy/crash_dump.arm.policy(7): syscall clock_gettime redefined here
10-16 09:41:25.024 W/android.hardware.media.omx@1.0-service( 366): libminijail[366]: compile_file: (7): previous definition here
10-16 09:41:25.024 W/android.hardware.media.omx@1.0-service( 366): libminijail[366]: compile_file: /system/etc/seccomp_policy/crash_dump.arm.policy(8): syscall gettimeofday redefined here
10-16 09:41:25.024 W/android.hardware.media.omx@1.0-service( 366): libminijail[366]: compile_file: (47): previous definition here
10-16 09:41:25.024 W/android.hardware.media.omx@1.0-service( 366): libminijail[366]: compile_file: /system/etc/seccomp_policy/crash_dump.arm.policy(9): syscall futex redefined here
10-16 09:41:25.024 W/android.hardware.media.omx@1.0-service( 366): libminijail[366]: compile_file: (3): previous definition here
10-16 09:41:25.024 W/android.hardware.media.omx@1.0-service( 366): libminijail[366]: compile_file: /system/etc/seccomp_policy/crash_dump.arm.policy(10): syscall getrandom redefined here
10-16 09:41:25.024 W/android.hardware.media.omx@1.0-service( 366): libminijail[366]: compile_file: (15): previous definition here
10-16 09:41:25.024 W/android.hardware.media.omx@1.0-service( 366): libminijail[366]: compile_file: /system/etc/seccomp_policy/crash_dump.arm.policy(13): syscall ppoll redefined here
10-16 09:41:25.024 W/android.hardware.media.omx@1.0-service( 366): libminijail[366]: compile_file: (13): previous definition here
10-16 09:41:25.024 W/android.hardware.media.omx@1.0-service( 366): libminijail[366]: compile_file: /system/etc/seccomp_policy/crash_dump.arm.policy(14): syscall pipe2 redefined here
10-16 09:41:25.024 W/android.hardware.media.omx@1.0-service( 366): libminijail[366]: compile_file: (46): previous definition here
10-16 09:41:25.025 W/android.hardware.media.omx@1.0-service( 366): libminijail[366]: compile_file: /system/etc/seccomp_policy/crash_dump.arm.policy(15): syscall openat redefined here
10-16 09:41:25.025 W/android.hardware.media.omx@1.0-service( 366): libminijail[366]: compile_file: (30): previous definition here
10-16 09:41:25.025 W/android.hardware.media.omx@1.0-service( 366): libminijail[366]: compile_file: /system/etc/seccomp_policy/crash_dump.arm.policy(16): syscall dup redefined here
10-16 09:41:25.025 W/android.hardware.media.omx@1.0-service( 366): libminijail[366]: compile_file: (12): previous definition here
10-16 09:41:25.025 W/android.hardware.media.omx@1.0-service( 366): libminijail[366]: compile_file: /system/etc/seccomp_policy/crash_dump.arm.policy(17): syscall close redefined here
10-16 09:41:25.025 W/android.hardware.media.omx@1.0-service( 366): libminijail[366]: compile_file: (10): previous definition here
10-16 09:41:25.025 W/android.hardware.media.omx@1.0-service( 366): libminijail[366]: compile_file: /system/etc/seccomp_policy/crash_dump.arm.policy(18): syscall lseek redefined here
10-16 09:41:25.025 W/android.hardware.media.omx@1.0-service( 366): libminijail[366]: compile_file: (50): previous definition here
10-16 09:41:25.025 W/android.hardware.media.omx@1.0-service( 366): libminijail[366]: compile_file: /system/etc/seccomp_policy/crash_dump.arm.policy(19): syscall getdents64 redefined here
10-16 09:41:25.025 W/android.hardware.media.omx@1.0-service( 366): libminijail[366]: compile_file: (58): previous definition here
10-16 09:41:25.025 W/android.hardware.media.omx@1.0-service( 366): libminijail[366]: compile_file: /system/etc/seccomp_policy/crash_dump.arm.policy(20): syscall faccessat redefined here
10-16 09:41:25.026 W/android.hardware.media.omx@1.0-service( 366): libminijail[366]: compile_file: (38): previous definition here
10-16 09:41:25.026 W/android.hardware.media.omx@1.0-service( 366): libminijail[366]: compile_file: /system/etc/seccomp_policy/crash_dump.arm.policy(25): syscall rt_sigprocmask redefined here
10-16 09:41:25.026 W/android.hardware.media.omx@1.0-service( 366): libminijail[366]: compile_file: (41): previous definition here
10-16 09:41:25.026 W/android.hardware.media.omx@1.0-service( 366): libminijail[366]: compile_file: /system/etc/seccomp_policy/crash_dump.arm.policy(28): syscall prctl redefined here
10-16 09:41:25.026 W/android.hardware.media.omx@1.0-service( 366): libminijail[366]: compile_file: (6): previous definition here
10-16 09:41:25.026 W/android.hardware.media.omx@1.0-service( 366): libminijail[366]: compile_file: /system/etc/seccomp_policy/crash_dump.arm.policy(29): syscall madvise redefined here
10-16 09:41:25.026 W/android.hardware.media.omx@1.0-service( 366): libminijail[366]: compile_file: (29): previous definition here
10-16 09:41:25.026 W/android.hardware.media.omx@1.0-service( 366): libminijail[366]: compile_file: /system/etc/seccomp_policy/crash_dump.arm.policy(30): syscall mprotect redefined here
10-16 09:41:25.027 W/android.hardware.media.omx@1.0-service( 366): libminijail[366]: compile_file: (28): previous definition here
10-16 09:41:25.027 W/android.hardware.media.omx@1.0-service( 366): libminijail[366]: compile_file: /system/etc/seccomp_policy/crash_dump.arm.policy(31): syscall munmap redefined here
10-16 09:41:25.027 W/android.hardware.media.omx@1.0-service( 366): libminijail[366]: compile_file: (27): previous definition here
10-16 09:41:25.027 W/android.hardware.media.omx@1.0-service( 366): libminijail[366]: compile_file: /system/etc/seccomp_policy/crash_dump.arm.policy(32): syscall getuid32 redefined here
10-16 09:41:25.027 W/android.hardware.media.omx@1.0-service( 366): libminijail[366]: compile_file: (34): previous definition here
10-16 09:41:25.027 W/android.hardware.media.omx@1.0-service( 366): libminijail[366]: compile_file: /system/etc/seccomp_policy/crash_dump.arm.policy(33): syscall fstat64 redefined here
10-16 09:41:25.027 W/android.hardware.media.omx@1.0-service( 366): libminijail[366]: compile_file: (35): previous definition here
10-16 09:41:25.027 W/android.hardware.media.omx@1.0-service( 366): libminijail[366]: compile_file: /system/etc/seccomp_policy/crash_dump.arm.policy(34): syscall mmap2 redefined here
10-16 09:41:25.027 W/android.hardware.media.omx@1.0-service( 366): libminijail[366]: compile_file: (14): previous definition here
10-16 09:41:25.031 W/android.hardware.media.omx@1.0-service( 366): libminijail[366]: logging seccomp filter failures
10-16 09:41:25.055 I/gatekeeperd( 374): Starting gatekeeperd...
10-16 09:41:25.056 I/cedarc ( 366): : register h265 decoder success!
10-16 09:41:25.056 E/cedarc ( 366): : dlopen 'libawh265soft.so' fail: dlopen failed: library "libawh265soft.so" not found
10-16 09:41:25.057 I/cedarc ( 366): : register h264 decoder success!
10-16 09:41:25.061 W/HidlServiceManagement( 264): Waited one second for vendor.display.config@1.0::IDisplayConfig/default
10-16 09:41:25.063 I/cedarc ( 366): : register mjpeg decoder success!
10-16 09:41:25.064 I/cedarc ( 366): : register mjpegplus decoder success!
10-16 09:41:25.064 I/cedarc ( 366): : register mpeg2 decoder success!
10-16 09:41:25.065 W/cedarc ( 366): : Invalid plugin, CedarPluginVDInit not found, lib:libawmpeg4base.so.
10-16 09:41:25.066 I/hwservicemanager( 182): Since vendor.display.config@1.0::IDisplayConfig/default is not registered, trying to start it as a lazy HAL.
10-16 09:41:25.067 I/HidlServiceManagement( 264): getService: Trying again for vendor.display.config@1.0::IDisplayConfig/default...
10-16 09:41:25.072 I/cedarc ( 366): : register mpeg4Normal decoder success!
10-16 09:41:25.072 I/android.hardware.usb.gadget@1.1-service.aw( 263): setCurrentUsbFunctions None
10-16 09:41:25.073 I/android.hardware.usb.gadget@1.1-service.aw( 263): Gadget cannot be pulled down
10-16 09:41:25.073 I/cedarc ( 366): : register Mpeg4Vp6 decoder success!
10-16 09:41:25.073 I/android.hardware.usb.gadget@1.1-service.aw( 263): mMonitor not running
10-16 09:41:25.073 I/android.hardware.usb.gadget@1.1-service.aw( 263): Returned from tearDown gadget
10-16 09:41:25.076 I/cedarc ( 366): : register mpeg4dx decoder success!
10-16 09:41:25.081 D/HWINFO ( 370): ********** Wireless information **********
10-16 09:41:25.081 D/HWINFO ( 370): module vendor: sprd
10-16 09:41:25.081 D/HWINFO ( 370): module name : uwe5621
10-16 09:41:25.081 D/HWINFO ( 370): wifi hal name: libwifi-hal-sprd.so
10-16 09:41:25.081 D/HWINFO ( 370): libbt-vendor : libbt-sprd.so
10-16 09:41:25.081 D/HWINFO ( 370): is bt support: 1
10-16 09:41:25.081 D/HWINFO ( 370): ******************************************
10-16 09:41:25.090 W/libc ( 182): Unable to set property "ctl.interface_start" to "vendor.display.config@1.0::IDisplayConfig/default": error code: 0x20
10-16 09:41:25.091 I/hwservicemanager( 182): Tried to start vendor.display.config@1.0::IDisplayConfig/default as a lazy service, but was unable to. Usually this happens when a service is not installed, but if the service is intended to be used as a lazy service, then it may be configured incorrectly.
10-16 09:41:25.099 I/cedarc ( 366): : register mpeg4H263 decoder success!
10-16 09:41:25.100 I/cedarc ( 366): : register vp8 decoder success!
10-16 09:41:25.101 I/cedarc ( 366): : register vc1 decoder success!
10-16 09:41:25.103 E/cutils-trace( 374): Error opening trace file: No such file or directory (2)
10-16 09:41:25.110 I/ServiceManager( 269): Waiting for service 'media.metrics' on '/dev/binder' successful after waiting 459ms
10-16 09:41:25.112 I/ServiceManager( 354): Waiting for service 'package_native' on '/dev/binder'...
10-16 09:41:25.124 I/SoftOMXPlugin( 366): createOMXPlugin
10-16 09:41:25.124 D/MediaCodecsXmlParser( 366): parsing /vendor/etc/media_codecs.xml...
10-16 09:41:25.126 D/MediaCodecsXmlParser( 366): parsing /vendor/etc/media_codecs_google_audio.xml...
10-16 09:41:25.127 D/MediaCodecsXmlParser( 366): unable to open media codecs configuration xml file: /vendor/etc/media_codecs_google_audio.xml
10-16 09:41:25.130 D/MediaCodecsXmlParser( 366): parsing /vendor/etc/media_codecs_google_video.xml...
10-16 09:41:25.128 I/xiriservice_All( 319): type=1400 audit(0.0:229): avc: denied { read } for scontext=u:r:init:s0 tcontext=u:r:init:s0 tclass=netlink_kobject_uevent_socket permissive=1
10-16 09:41:25.137 I/WCN ( 164): marlin_init entry!
10-16 09:41:25.137 I/WCN ( 164): unisoc wcn driver version: W25.42.4, build time: Oct 16 2025 09:21:39 (UTC)
10-16 09:41:25.137 I/WCN ( 164): wcn config keep power on
10-16 09:41:25.137 I/WCN ( 164): wcn config bt wake host
10-16 09:41:25.138 I/WCN ( 164): marlin_registsr_bt_wake bt_hostwake gpio=208 intnum=237
10-16 09:41:25.138 I/sdiohal ( 164): sdiohal_parse_dt adma_tx:1, adma_rx:1, pwrseq:0, irq type:data, gpio_num:0, blksize:840
10-16 09:41:25.134 D/XM_HIDREAD( 323): add@ add@/devices/platform/uwe_bsp.0
10-16 09:41:25.134 D/XM_HIDREAD( 323): add@ add@/devices/platform/uwe_bsp.0/wakeup/wakeup8
10-16 09:41:25.154 D/MediaCodecsXmlParser( 366): unable to open media codecs configuration xml file: /vendor/etc/media_codecs_google_video.xml
10-16 09:41:25.155 D/MediaCodecsXmlParser( 366): parsing /vendor/etc/media_codecs_performance.xml...
10-16 09:41:25.157 I/AudioFlinger( 269): Using default 3000 mSec as standby time.
10-16 09:41:25.162 D/MediaCodecsXmlParser( 366): MediaCodec: cannot update non-existing codec: OMX.google.h264.encoder at line 25 of /vendor/etc/media_codecs_performance.xml
10-16 09:41:25.162 D/MediaCodecsXmlParser( 366): MediaCodec: cannot update non-existing codec: OMX.google.h263.encoder at line 31 of /vendor/etc/media_codecs_performance.xml
10-16 09:41:25.162 D/MediaCodecsXmlParser( 366): MediaCodec: cannot update non-existing codec: OMX.google.mpeg4.encoder at line 34 of /vendor/etc/media_codecs_performance.xml
10-16 09:41:25.162 D/MediaCodecsXmlParser( 366): MediaCodec: cannot update non-existing codec: OMX.google.vp8.encoder at line 37 of /vendor/etc/media_codecs_performance.xml
10-16 09:41:25.163 D/MediaCodecsXmlParser( 366): MediaCodec: cannot update non-existing codec: OMX.allwinner.video.decoder.h263 at line 59 of /vendor/etc/media_codecs_performance.xml
10-16 09:41:25.163 D/MediaCodecsXmlParser( 366): MediaCodec: cannot update non-existing codec: OMX.google.mpeg4.decoder at line 80 of /vendor/etc/media_codecs_performance.xml
10-16 09:41:25.163 D/MediaCodecsXmlParser( 366): MediaCodec: cannot update non-existing codec: OMX.google.h264.decoder at line 83 of /vendor/etc/media_codecs_performance.xml
10-16 09:41:25.163 D/MediaCodecsXmlParser( 366): MediaCodec: cannot update non-existing codec: OMX.google.h263.decoder at line 89 of /vendor/etc/media_codecs_performance.xml
10-16 09:41:25.163 D/MediaCodecsXmlParser( 366): MediaCodec: cannot update non-existing codec: OMX.google.hevc.decoder at line 93 of /vendor/etc/media_codecs_performance.xml
10-16 09:41:25.163 D/MediaCodecsXmlParser( 366): MediaCodec: cannot update non-existing codec: OMX.google.vp8.decoder at line 101 of /vendor/etc/media_codecs_performance.xml
10-16 09:41:25.163 D/MediaCodecsXmlParser( 366): MediaCodec: cannot update non-existing codec: OMX.google.vp9.decoder at line 107 of /vendor/etc/media_codecs_performance.xml
10-16 09:41:25.164 I/MediaCodecsXmlParser( 366): Did not find media_codecs_shaping.xml in search path
10-16 09:41:25.164 E/cutils-trace( 366): Error opening trace file: No such file or directory (2)
10-16 09:41:25.174 I/android.hardware.usb.gadget@1.1-service.aw( 263): setCurrentUsbFunctions Adb
10-16 09:41:25.174 I/android.hardware.usb.gadget@1.1-service.aw( 263): Service started
10-16 09:41:25.174 I/android.hardware.usb.gadget@1.1-service.aw( 263): enable usbradio debug functions
10-16 09:41:25.175 I/android.hardware.usb.gadget@1.1-service.aw( 263): Usb Gadget setcurrent functions called successfully
10-16 09:41:25.184 I/HidlServiceManagement( 366): Registered android.hardware.media.omx@1.0::IOmx/default
10-16 09:41:25.184 I/HidlServiceManagement( 366): Removing namespace from process name android.hardware.media.omx@1.0-service to omx@1.0-service.
10-16 09:41:25.185 I/android.hardware.media.omx@1.0-service( 366): IOmx HAL service created.
10-16 09:41:25.186 I/OmxStore( 366): omx common prefix: 'OMX.'
10-16 09:41:25.187 D/MediaCodecsXmlParser( 366): parsing /vendor/etc/media_codecs.xml...
10-16 09:41:25.187 D/MediaCodecsXmlParser( 366): parsing /vendor/etc/media_codecs_google_audio.xml...
10-16 09:41:25.187 D/MediaCodecsXmlParser( 366): unable to open media codecs configuration xml file: /vendor/etc/media_codecs_google_audio.xml
10-16 09:41:25.146 E/sdiohal err( 164): sdio, BITS =64, PageSize =4096, order=6, 3
10-16 09:41:25.204 D/MediaCodecsXmlParser( 366): parsing /vendor/etc/media_codecs_google_video.xml...
10-16 09:41:25.205 D/MediaCodecsXmlParser( 366): unable to open media codecs configuration xml file: /vendor/etc/media_codecs_google_video.xml
10-16 09:41:25.205 D/MediaCodecsXmlParser( 366): parsing /vendor/etc/media_codecs_performance.xml...
10-16 09:41:25.205 D/MediaCodecsXmlParser( 366): MediaCodec: cannot update non-existing codec: OMX.google.h264.encoder at line 25 of /vendor/etc/media_codecs_performance.xml
10-16 09:41:25.206 D/MediaCodecsXmlParser( 366): MediaCodec: cannot update non-existing codec: OMX.google.h263.encoder at line 31 of /vendor/etc/media_codecs_performance.xml
10-16 09:41:25.206 D/MediaCodecsXmlParser( 366): MediaCodec: cannot update non-existing codec: OMX.google.mpeg4.encoder at line 34 of /vendor/etc/media_codecs_performance.xml
10-16 09:41:25.206 D/MediaCodecsXmlParser( 366): MediaCodec: cannot update non-existing codec: OMX.google.vp8.encoder at line 37 of /vendor/etc/media_codecs_performance.xml
10-16 09:41:25.206 D/MediaCodecsXmlParser( 366): MediaCodec: cannot update non-existing codec: OMX.allwinner.video.decoder.h263 at line 59 of /vendor/etc/media_codecs_performance.xml
10-16 09:41:25.206 D/MediaCodecsXmlParser( 366): MediaCodec: cannot update non-existing codec: OMX.google.mpeg4.decoder at line 80 of /vendor/etc/media_codecs_performance.xml
10-16 09:41:25.206 D/MediaCodecsXmlParser( 366): MediaCodec: cannot update non-existing codec: OMX.google.h264.decoder at line 83 of /vendor/etc/media_codecs_performance.xml
10-16 09:41:25.206 D/MediaCodecsXmlParser( 366): MediaCodec: cannot update non-existing codec: OMX.google.h263.decoder at line 89 of /vendor/etc/media_codecs_performance.xml
10-16 09:41:25.207 D/MediaCodecsXmlParser( 366): MediaCodec: cannot update non-existing codec: OMX.google.hevc.decoder at line 93 of /vendor/etc/media_codecs_performance.xml
10-16 09:41:25.207 D/MediaCodecsXmlParser( 366): MediaCodec: cannot update non-existing codec: OMX.google.vp8.decoder at line 101 of /vendor/etc/media_codecs_performance.xml
10-16 09:41:25.207 D/MediaCodecsXmlParser( 366): MediaCodec: cannot update non-existing codec: OMX.google.vp9.decoder at line 107 of /vendor/etc/media_codecs_performance.xml
10-16 09:41:25.207 I/MediaCodecsXmlParser( 366): Did not find media_codecs_shaping.xml in search path
10-16 09:41:25.213 I/main_extractorservice( 353): enable media.extractor memory limits
10-16 09:41:25.214 E/MediaCodecsXmlParser( 366): Cannot find the role for a decoder of type video/divx
10-16 09:41:25.214 E/MediaCodecsXmlParser( 366): Cannot find the role for a decoder of type video/jpeg
10-16 09:41:25.214 E/MediaCodecsXmlParser( 366): Cannot find the role for a decoder of type video/mpeg1
10-16 09:41:25.214 E/MediaCodecsXmlParser( 366): Cannot find the role for a decoder of type video/x-ms-mpeg4v1
10-16 09:41:25.214 E/MediaCodecsXmlParser( 366): Cannot find the role for a decoder of type video/x-ms-mpeg4v2
10-16 09:41:25.214 E/MediaCodecsXmlParser( 366): Cannot find the role for a decoder of type video/rvg2
10-16 09:41:25.214 E/MediaCodecsXmlParser( 366): Cannot find the role for a decoder of type video/flv1
10-16 09:41:25.214 E/MediaCodecsXmlParser( 366): Cannot find the role for a decoder of type video/wvc1
10-16 09:41:25.214 E/MediaCodecsXmlParser( 366): Cannot find the role for a decoder of type video/x-vnd.on2.vp6
10-16 09:41:25.214 E/MediaCodecsXmlParser( 366): Cannot find the role for a decoder of type video/wmv1
10-16 09:41:25.214 E/MediaCodecsXmlParser( 366): Cannot find the role for a decoder of type video/wmv2
10-16 09:41:25.214 E/MediaCodecsXmlParser( 366): Cannot find the role for a decoder of type video/xvid
10-16 09:41:25.215 V/MediaUtils( 353): physMem: 2055442432
10-16 09:41:25.215 V/MediaUtils( 353): requested limit: 411088480
10-16 09:41:25.215 I/libc ( 353): malloc_limit: Allocation limit enabled, max size 411088480 bytes
10-16 09:41:25.216 D/XM_HIDREAD( 323): add@ add@/class/slog_wcn
10-16 09:41:25.222 I/sdiohal ( 164): sdiohal_init ok
10-16 09:41:25.220 D/XM_HIDREAD( 323): add@ add@/devices/virtual/slog_wcn/slog_wcn0
10-16 09:41:25.220 D/XM_HIDREAD( 323): add@ add@/devices/virtual/slog_wcn/slog_wcn1
10-16 09:41:25.227 I/WCN ( 164): marlin_probe ok!
10-16 09:41:25.223 D/XM_HIDREAD( 323): add@ add@/devices/virtual/misc/wcn_op
10-16 09:41:25.223 D/XM_HIDREAD( 323): add@ add@/bus/platform/drivers/uwe_bsp
10-16 09:41:25.223 D/XM_HIDREAD( 323): add@ add@/module/uwe5621_bsp_sdio
10-16 09:41:25.226 I/HidlServiceManagement( 366): Registered android.hardware.media.omx@1.0::IOmxStore/default
10-16 09:41:25.226 I/HidlServiceManagement( 366): Removing namespace from process name android.hardware.media.omx@1.0-service to omx@1.0-service.
10-16 09:41:25.227 I/update_engine( 376): [INFO:main.cc(55)] A/B Update Engine starting
10-16 09:41:25.230 W/mediaextractor( 353): Could not read additional policy file '/vendor/etc/seccomp_policy/mediaextractor.policy'
10-16 09:41:25.231 W/mediaextractor( 353): libminijail[353]: failed to get path of fd 4: No such file or directory
10-16 09:41:25.232 W/mediaextractor( 353): libminijail[353]: allowing syscall: clock_gettime
10-16 09:41:25.232 W/mediaextractor( 353): libminijail[353]: allowing syscall: connect
10-16 09:41:25.232 W/mediaextractor( 353): libminijail[353]: allowing syscall: fcntl64
10-16 09:41:25.233 W/mediaextractor( 353): libminijail[353]: allowing syscall: socket
10-16 09:41:25.233 W/mediaextractor( 353): libminijail[353]: allowing syscall: writev
10-16 09:41:25.236 I/adbd ( 381): persist.adb.watchdog set to ''
10-16 09:41:25.237 W/mediaextractor( 353): libminijail[353]: compile_file: /apex/com.android.media/etc/seccomp_policy/crash_dump.arm.policy(1): syscall read redefined here
10-16 09:41:25.238 I/adbd ( 381): persist.sys.test_harness set to ''
10-16 09:41:25.238 I/adbd ( 381): adb watchdog timeout set to 600 seconds
10-16 09:41:25.238 W/mediaextractor( 353): libminijail[353]: compile_file: (19): previous definition here
10-16 09:41:25.238 W/mediaextractor( 353): libminijail[353]: compile_file: /apex/com.android.media/etc/seccomp_policy/crash_dump.arm.policy(2): syscall write redefined here
10-16 09:41:25.238 W/mediaextractor( 353): libminijail[353]: compile_file: (6): previous definition here
10-16 09:41:25.239 I/adbd ( 381): Setup mdns on port= 5555
10-16 09:41:25.239 W/mediaextractor( 353): libminijail[353]: compile_file: /apex/com.android.media/etc/seccomp_policy/crash_dump.arm.policy(3): syscall exit redefined here
10-16 09:41:25.239 W/mediaextractor( 353): libminijail[353]: compile_file: (27): previous definition here
10-16 09:41:25.239 W/mediaextractor( 353): libminijail[353]: compile_file: /apex/com.android.media/etc/seccomp_policy/crash_dump.arm.policy(4): syscall rt_sigreturn redefined here
10-16 09:41:25.239 W/mediaextractor( 353): libminijail[353]: compile_file: (29): previous definition here
10-16 09:41:25.239 W/mediaextractor( 353): libminijail[353]: compile_file: /apex/com.android.media/etc/seccomp_policy/crash_dump.arm.policy(6): syscall exit_group redefined here
10-16 09:41:25.239 W/mediaextractor( 353): libminijail[353]: compile_file: (28): previous definition here
10-16 09:41:25.240 W/mediaextractor( 353): libminijail[353]: compile_file: /apex/com.android.media/etc/seccomp_policy/crash_dump.arm.policy(7): syscall clock_gettime redefined here
10-16 09:41:25.240 W/mediaextractor( 353): libminijail[353]: compile_file: (20): previous definition here
10-16 09:41:25.242 W/mediaextractor( 353): libminijail[353]: compile_file: /apex/com.android.media/etc/seccomp_policy/crash_dump.arm.policy(9): syscall futex redefined here
10-16 09:41:25.242 W/mediaextractor( 353): libminijail[353]: compile_file: (4): previous definition here
10-16 09:41:25.243 W/mediaextractor( 353): libminijail[353]: compile_file: /apex/com.android.media/etc/seccomp_policy/crash_dump.arm.policy(10): syscall getrandom redefined here
10-16 09:41:25.244 W/mediaextractor( 353): libminijail[353]: compile_file: (43): previous definition here
10-16 09:41:25.246 W/mediaextractor( 353): libminijail[353]: compile_file: /apex/com.android.media/etc/seccomp_policy/crash_dump.arm.policy(12): syscall gettid redefined here
10-16 09:41:25.246 W/mediaextractor( 353): libminijail[353]: compile_file: (34): previous definition here
10-16 09:41:25.246 I/adbd ( 381): opening control endpoint /dev/usb-ffs/adb/ep0
10-16 09:41:25.246 W/mediaextractor( 353): libminijail[353]: compile_file: /apex/com.android.media/etc/seccomp_policy/crash_dump.arm.policy(15): syscall openat redefined here
10-16 09:41:25.246 W/mediaextractor( 353): libminijail[353]: compile_file: (16): previous definition here
10-16 09:41:25.246 W/mediaextractor( 353): libminijail[353]: compile_file: /apex/com.android.media/etc/seccomp_policy/crash_dump.arm.policy(16): syscall dup redefined here
10-16 09:41:25.246 W/mediaextractor( 353): libminijail[353]: compile_file: (11): previous definition here
10-16 09:41:25.246 W/mediaextractor( 353): libminijail[353]: compile_file: /apex/com.android.media/etc/seccomp_policy/crash_dump.arm.policy(17): syscall close redefined here
10-16 09:41:25.246 W/mediaextractor( 353): libminijail[353]: compile_file: (9): previous definition here
10-16 09:41:25.247 W/mediaextractor( 353): libminijail[353]: compile_file: /apex/com.android.media/etc/seccomp_policy/crash_dump.arm.policy(18): syscall lseek redefined here
10-16 09:41:25.247 W/mediaextractor( 353): libminijail[353]: compile_file: (21): previous definition here
10-16 09:41:25.247 W/mediaextractor( 353): libminijail[353]: compile_file: /apex/com.android.media/etc/seccomp_policy/crash_dump.arm.policy(20): syscall faccessat redefined here
10-16 09:41:25.247 W/mediaextractor( 353): libminijail[353]: compile_file: (30): previous definition here
10-16 09:41:25.247 W/mediaextractor( 353): libminijail[353]: compile_file: /apex/com.android.media/etc/seccomp_policy/crash_dump.arm.policy(25): syscall rt_sigprocmask redefined here
10-16 09:41:25.247 W/mediaextractor( 353): libminijail[353]: compile_file: (35): previous definition here
10-16 09:41:25.247 I/android.hardware.usb.gadget@1.1-service.aw( 263): GADGET pulled up
10-16 09:41:25.250 I/adbd ( 381): Waiting for persist.adb.tls_server.enable=1
10-16 09:41:25.253 I/ ( 395): read descriptors
10-16 09:41:25.250 W/mediaextractor( 353): libminijail[353]: compile_file: /apex/com.android.media/etc/seccomp_policy/crash_dump.arm.policy(28): syscall prctl redefined here
10-16 09:41:25.250 W/mediaextractor( 353): libminijail[353]: compile_file: (5): previous definition here
10-16 09:41:25.250 I/adbd ( 381): persist.adb.tls_server.enable changed to 1
10-16 09:41:25.253 I/ ( 395): read strings
10-16 09:41:25.251 W/mediaextractor( 353): libminijail[353]: compile_file: /apex/com.android.media/etc/seccomp_policy/crash_dump.arm.policy(29): syscall madvise redefined here
10-16 09:41:25.251 W/mediaextractor( 353): libminijail[353]: compile_file: (31): previous definition here
10-16 09:41:25.251 W/mediaextractor( 353): libminijail[353]: compile_file: /apex/com.android.media/etc/seccomp_policy/crash_dump.arm.policy(30): syscall mprotect redefined here
10-16 09:41:25.251 W/mediaextractor( 353): libminijail[353]: compile_file: (12): previous definition here
10-16 09:41:25.251 W/mediaextractor( 353): libminijail[353]: compile_file: /apex/com.android.media/etc/seccomp_policy/crash_dump.arm.policy(31): syscall munmap redefined here
10-16 09:41:25.251 W/mediaextractor( 353): libminijail[353]: compile_file: (10): previous definition here
10-16 09:41:25.252 W/mediaextractor( 353): libminijail[353]: compile_file: /apex/com.android.media/etc/seccomp_policy/crash_dump.arm.policy(32): syscall getuid32 redefined here
10-16 09:41:25.252 W/mediaextractor( 353): libminijail[353]: compile_file: (13): previous definition here
10-16 09:41:25.252 W/mediaextractor( 353): libminijail[353]: compile_file: /apex/com.android.media/etc/seccomp_policy/crash_dump.arm.policy(33): syscall fstat64 redefined here
10-16 09:41:25.252 W/mediaextractor( 353): libminijail[353]: compile_file: (25): previous definition here
10-16 09:41:25.252 W/mediaextractor( 353): libminijail[353]: compile_file: /apex/com.android.media/etc/seccomp_policy/crash_dump.arm.policy(34): syscall mmap2 redefined here
10-16 09:41:25.252 W/mediaextractor( 353): libminijail[353]: compile_file: (8): previous definition here
10-16 09:41:25.254 W/mediaextractor( 353): libminijail[353]: compile_file: /apex/com.android.media/etc/seccomp_policy/crash_dump.arm.policy(35): syscall geteuid32 redefined here
10-16 09:41:25.257 W/mediaextractor( 353): libminijail[353]: compile_file: (38): previous definition here
10-16 09:41:25.257 W/mediaextractor( 353): libminijail[353]: compile_file: /apex/com.android.media/etc/seccomp_policy/crash_dump.arm.policy(36): syscall getgid32 redefined here
10-16 09:41:25.257 W/mediaextractor( 353): libminijail[353]: compile_file: (39): previous definition here
10-16 09:41:25.257 W/mediaextractor( 353): libminijail[353]: compile_file: /apex/com.android.media/etc/seccomp_policy/crash_dump.arm.policy(37): syscall getegid32 redefined here
10-16 09:41:25.259 W/mediaextractor( 353): libminijail[353]: compile_file: (40): previous definition here
10-16 09:41:25.259 W/mediaextractor( 353): libminijail[353]: compile_file: /apex/com.android.media/etc/seccomp_policy/crash_dump.arm.policy(38): syscall getgroups32 redefined here
10-16 09:41:25.259 W/mediaextractor( 353): libminijail[353]: compile_file: (41): previous definition here
10-16 09:41:25.265 W/mediaextractor( 353): libminijail[353]: logging seccomp filter failures
10-16 09:41:25.266 D/XM_HIDREAD( 323): add@ add@/devices/platform/mtty.0
10-16 09:41:25.268 D/XM_HIDREAD( 323): add@ add@/devices/virtual/tty/ttyBT0
10-16 09:41:25.269 I/adbd ( 381): adbd listening on tcp:5555
10-16 09:41:25.269 I/adbd ( 381): adbd listening on vsock:5555
10-16 09:41:25.269 I/adbd ( 381): adbd started
10-16 09:41:25.269 I/adbd ( 381): UsbFfsConnection constructed
10-16 09:41:25.264 E/ ( 164): uwe5621_bt_tty_init
10-16 09:41:25.275 E/cutils-trace( 372): Error opening trace file: No such file or directory (2)
10-16 09:41:25.275 E/cutils-trace( 376): Error opening trace file: No such file or directory (2)
10-16 09:41:25.276 D/zygote ( 244): Time zone APEX ICU file found: /apex/com.android.tzdata/etc/icu/icu_tzdata.dat
10-16 09:41:25.277 D/zygote ( 244): I18n APEX ICU file found: /apex/com.android.i18n/etc/icu/icudt68l.dat
10-16 09:41:25.278 I/HidlServiceManagement( 372): Registered android.hardware.radio@1.6::IRadio/slot1
10-16 09:41:25.282 I/adbd ( 381): UsbFfs-monitor thread spawned
10-16 09:41:25.283 I/adbd ( 381): USB event: FUNCTIONFS_BIND
10-16 09:41:25.292 D/gpioservice( 346): main gpio service is running.
10-16 09:41:25.274 E/ ( 164): mtty_probe unisoc soc, continue
10-16 09:41:25.276 I/ ( 164): mtty_probe init device addr: 0x0000000047f373b2
10-16 09:41:25.299 E/ ( 164): rfkill_bluetooth_init
10-16 09:41:25.299 I/gpioservice( 346): ServiceManager: 0xe8dc0cc0
10-16 09:41:25.294 I/mediaswcodec( 373): media swcodec service starting
10-16 09:41:25.299 D/GpioService( 346): GpioService created
10-16 09:41:25.300 E/SELinux ( 181): avc: denied { add } for pid=346 uid=0 name=softwinner.gpio scontext=u:r:gpioservice:s0 tcontext=u:object_r:default_android_service:s0 tclass=service_manager permissive=1
10-16 09:41:25.306 D/XM_HIDREAD( 323): add@ add@/devices/platform/mtty.0/rfkill/rfkill1
10-16 09:41:25.307 I/update_engine( 376): [INFO:boot_control_android.cc(69)] Loaded boot control hidl hal.
10-16 09:41:25.308 W/mediaswcodec( 373): Could not read additional policy file '/vendor/etc/seccomp_policy/mediaswcodec.policy'
10-16 09:41:25.309 W/mediaswcodec( 373): libminijail[373]: failed to get path of fd 4: No such file or directory
10-16 09:41:25.309 W/mediaswcodec( 373): libminijail[373]: allowing syscall: clock_gettime
10-16 09:41:25.309 W/mediaswcodec( 373): libminijail[373]: allowing syscall: connect
10-16 09:41:25.309 W/mediaswcodec( 373): libminijail[373]: allowing syscall: fcntl64
10-16 09:41:25.309 W/mediaswcodec( 373): libminijail[373]: allowing syscall: socket
10-16 09:41:25.309 W/mediaswcodec( 373): libminijail[373]: allowing syscall: writev
10-16 09:41:25.315 E/ ( 164): rfkill_bluetooth_init end
10-16 09:41:25.317 I/HidlServiceManagement( 372): Registered android.hardware.radio.config@1.3::IRadioConfig/default
10-16 09:41:25.317 W/mediaswcodec( 373): libminijail[373]: compile_file: (71): syscall futex redefined here
10-16 09:41:25.317 W/mediaswcodec( 373): libminijail[373]: compile_file: (15): previous definition here
10-16 09:41:25.318 I/update_engine( 376): [INFO:daemon_state_android.cc(44)] Booted in dev mode.
10-16 09:41:25.320 W/mediaswcodec( 373): libminijail[373]: logging seccomp filter failures
