10-16 09:41:51.168 D/AllwinnerAlibs( 355): commit: 3ba65962c01cbf1280ddda19d843009b6ef8ce85
10-16 09:41:51.168 D/AllwinnerAlibs( 355): date : Tue Jan 8 16:25:27 2019 +0800
10-16 09:41:51.168 D/AllwinnerAlibs( 355): ----------------------------------------------------------------------
10-16 09:41:51.170 D/AllwinnerAlibs( 355): ver : 2017-8-4-18-00 ----Loading so success!
10-16 09:41:51.171 D/AllwinnerAlibs( 355): ver : 2017-8-4-18-00 *************pAudioStreamInfo start******************
10-16 09:41:51.171 D/AllwinnerAlibs( 355): ver : 2017-8-4-18-00 eCodecFormat :id(3), name(mpeg layer-III)
10-16 09:41:51.171 D/AllwinnerAlibs( 355): ver : 2017-8-4-18-00 eSubCodecFormat :0
10-16 09:41:51.171 D/AllwinnerAlibs( 355): ver : 2017-8-4-18-00 nChannelNum :1
10-16 09:41:51.171 D/AllwinnerAlibs( 355): ver : 2017-8-4-18-00 nBitsPerSample :16
10-16 09:41:51.171 D/AllwinnerAlibs( 355): ver : 2017-8-4-18-00 nSampleRate :16000
10-16 09:41:51.171 D/AllwinnerAlibs( 355): ver : 2017-8-4-18-00 nAvgBitrate :24000
10-16 09:41:51.171 D/AllwinnerAlibs( 355): ver : 2017-8-4-18-00 nMaxBitRate :24000
10-16 09:41:51.171 D/AllwinnerAlibs( 355): ver : 2017-8-4-18-00 nFileSize :0
10-16 09:41:51.171 D/AllwinnerAlibs( 355): ver : 2017-8-4-18-00 eAudioBitstreamSource:0
10-16 09:41:51.171 D/AllwinnerAlibs( 355): ver : 2017-8-4-18-00 eDataEncodeType :0
10-16 09:41:51.171 D/AllwinnerAlibs( 355): ver : 2017-8-4-18-00 nCodecSpecificDataLen:0
10-16 09:41:51.171 D/AllwinnerAlibs( 355): ver : 2017-8-4-18-00 pCodecSpecificData :0x0
10-16 09:41:51.171 D/AllwinnerAlibs( 355): ver : 2017-8-4-18-00 nFlags :0
10-16 09:41:51.171 D/AllwinnerAlibs( 355): ver : 2017-8-4-18-00 nBlockAlign :0
10-16 09:41:51.172 D/AllwinnerAlibs( 355): ver : 2017-8-4-18-00 *************pAudioStreamInfo end ******************
10-16 09:41:51.172 D/Allwinner Audio Libs( 355): ver : 2017-8-4-18-00 init successs...
10-16 09:41:51.172 D/Allwinner Audio Middle Layer( 355): ver : 2017-8-4-18-00 AUDIO DECODE INIT OK...0
10-16 09:41:51.173 D/awplayer( 355): : audio render receive cmd: start
10-16 09:41:51.174 I/awplayer( 355): : audio render process start message.
10-16 09:41:51.174 D/awplayer( 355): : init sound device.
10-16 09:41:51.174 D/awplayer( 355): : set sound devide param, sample rate = 16000, channel num = 1.
10-16 09:41:51.174 W/awplayer( 355): : message 0x40a not handled.
10-16 09:41:51.174 D/demuxComponent( 355): : process message DEMUX_COMMAND_START.
10-16 09:41:51.175 W/awplayer( 355): : eos...
10-16 09:41:51.176 D/awplayer( 355): : audio decoder receive cmd: eos
10-16 09:41:51.188 D/awplayer( 355): : audio render receive cmd: eos
10-16 09:41:51.199 I/awplayer( 355): : audio render process set_eos message.
10-16 09:41:51.199 D/awplayer( 355): : start sound device.
10-16 09:41:51.199 D/awplayer( 355): <__SdStart:279>: : start
10-16 09:41:51.208 I/ContactsDatabaseHelper( 1652): Bootstrapping database contacts2.db version: 1501
10-16 09:41:51.209 D/AudioFlinger( 269): Client defaulted notificationFrames to 870 for frameCount 1740
10-16 09:41:51.212 D/AF::TrackHandle( 269): OpPlayAudio: track:56 usage:1 not muted
10-16 09:41:51.218 D/awplayer( 355): : audio device start end
10-16 09:41:51.219 D/awplayer( 355): : first audio pts = 0
10-16 09:41:51.227 V/GraphicsEnvironment( 1733): ANGLE Developer option for 'com.dangbei.haqusetting' set to: 'default'
10-16 09:41:51.228 V/GraphicsEnvironment( 1733): Neither updatable production driver nor prerelease driver is supported.
10-16 09:41:51.229 D/NetworkSecurityConfig( 1733): No Network Security Config specified, using platform default
10-16 09:41:51.230 D/NetworkSecurityConfig( 1733): No Network Security Config specified, using platform default
10-16 09:41:51.246 E/PackageManager( 522): Unknown package: com.oranth.filebrowser
10-16 09:41:51.268 I/MultiDex( 1733): VM with version 2.1.0 has multidex support
10-16 09:41:51.268 I/MultiDex( 1733): Installing application
10-16 09:41:51.268 I/MultiDex( 1733): VM has multidex support, MultiDex support library is disabled.
10-16 09:41:51.273 I/CallLogDatabaseHelper( 1652): Migrating from old tables...
10-16 09:41:51.274 I/CallLogDatabaseHelper( 1652): Source tables don't exist.
10-16 09:41:51.275 V/GraphicsEnvironment( 1745): ANGLE Developer option for 'com.dangbei.lerad.rocky' set to: 'default'
10-16 09:41:51.275 V/GraphicsEnvironment( 1745): Neither updatable production driver nor prerelease driver is supported.
10-16 09:41:51.282 D/NetworkSecurityConfig( 1745): No Network Security Config specified, using platform default
10-16 09:41:51.284 D/NetworkSecurityConfig( 1745): No Network Security Config specified, using platform default
10-16 09:41:51.293 I/MultiDex( 1745): VM with version 2.1.0 has multidex support
10-16 09:41:51.301 I/MultiDex( 1745): Installing application
10-16 09:41:51.301 I/MultiDex( 1745): VM has multidex support, MultiDex support library is disabled.
10-16 09:41:51.309 I/CallLogProvider( 1652): Syncing call composer pics -- source user=0, isShadow=true, forAllUser=false
10-16 09:41:51.314 I/CallLogProvider( 1652): Fetching list of Uris to sync
10-16 09:41:51.322 V/GraphicsEnvironment( 1777): ANGLE Developer option for 'com.dangbei.leard.leradlauncher' set to: 'default'
10-16 09:41:51.322 V/GraphicsEnvironment( 1777): Neither updatable production driver nor prerelease driver is supported.
10-16 09:41:51.328 D/NetworkSecurityConfig( 1777): Using Network Security Config from resource network_permission_config debugBuild: false
10-16 09:41:51.328 D/RockyApplication( 1745): init: false
10-16 09:41:51.336 D/NetworkSecurityConfig( 1777): Using Network Security Config from resource network_permission_config debugBuild: false
10-16 09:41:51.353 E/ccc ( 1733): cccccc HaquSettingApplication app onCreate start
10-16 09:41:51.376 E/PackageManager( 522): Unknown package: com.oranth.filebrowser
10-16 09:41:51.380 I/EventThread( 262): type=1400 audit(0.0:620): avc: denied { search } for name="extcon" dev="sysfs" ino=18109 scontext=u:r:hal_tv_cec_default:s0 tcontext=u:object_r:sysfs_extcon:s0 tclass=dir permissive=1
10-16 09:41:51.396 I/MultiDex( 1777): VM with version 2.1.0 has multidex support
10-16 09:41:51.397 I/MultiDex( 1777): Installing application
10-16 09:41:51.397 I/MultiDex( 1777): VM has multidex support, MultiDex support library is disabled.
10-16 09:41:51.408 I/ContactLocale( 1652): AddressBook Labels [[zh_CN]]: […, A, B, C, D, E, F, G, H, I, J, K, L, M, N, O, P, Q, R, S, T, U, V, W, X, Y, Z, Α, Β, Γ, Δ, Ε, Ζ, Η, Θ, Ι, Κ, Λ, Μ, Ν, Ξ, Ο, Π, Ρ, Σ, Τ, Υ, Φ, Χ, Ψ, Ω, …, А, Б, В, Г, Д, Ђ, Е, Є, Ж, З, И, І, Й, Ј, К, Л, Љ, М, Н, Њ, О, П, Р, С, Т, Ћ, У, Ф, Х, Ц, Ч, Џ, Ш, Щ, Ю, Я, …, א, ב, ג, ד, ה, ו, ז, ח, ט, י, כ, ל, מ, נ, ס, ע, פ, צ, ק, ר, ש, ת, …, ا, ب, ت, ث, ج, ح, خ, د, ذ, ر, ز, س, ش, ص, ض, ط, ظ, ع, غ, ف, ق, ك, ل, م, ن, ه, و, ي, …, ก, ข, ฃ, ค, ฅ, ฆ, ง, จ, ฉ, ช, ซ, ฌ, ญ, ฎ, ฏ, ฐ, ฑ, ฒ, ณ, ด, ต, ถ, ท, ธ, น, บ, ป, ผ, ฝ, พ, ฟ, ภ, ม, ย, ร, ฤ, ล, ฦ, ว, ศ, ษ, ส, ห, ฬ, อ, ฮ, …, ㄱ, ㄴ, ㄷ, ㄹ, ㅁ, ㅂ, ㅅ, ㅇ, ㅈ, ㅊ, ㅋ, ㅌ, ㅍ, ㅎ, …, あ, か, さ, た, な, は, ま, や, ら, わ, #, …]
10-16 09:41:51.414 D/RockyManager( 1745): initFarWakeStatus isMainFarSwitch: false
10-16 09:41:51.417 W/System.err( 1745): java.io.FileNotFoundException: /storage/emulated/0/.db/secret: open failed: ENOENT (No such file or directory)
10-16 09:41:51.418 W/System.err( 1745): at libcore.io.IoBridge.open(IoBridge.java:575)
10-16 09:41:51.418 W/System.err( 1745): at java.io.FileInputStream.(FileInputStream.java:160)
10-16 09:41:51.418 W/System.err( 1745): at com.dangbei.statistics.UtilCommon.getStringFromLocal(UtilCommon.java:375)
10-16 09:41:51.418 W/System.err( 1745): at com.dangbei.statistics.UtilCommon.getDeviceId(UtilCommon.java:88)
10-16 09:41:51.418 W/System.err( 1745): at com.dangbei.statistics.HttpBasicParamsInterceptor.lambda$create$4(HttpBasicParamsInterceptor.java:73)
10-16 09:41:51.418 W/System.err( 1745): at com.dangbei.statistics.-$$Lambda$HttpBasicParamsInterceptor$_tb9qNiAVTCTpEdUHsiuIpumoN8.call(Unknown Source:2)
10-16 09:41:51.418 W/System.err( 1745): at com.dangbei.statistics.library.Helper.callBackSelf(Helper.java:9)
10-16 09:41:51.418 W/System.err( 1745): at com.dangbei.statistics.HttpBasicParamsInterceptor.create(HttpBasicParamsInterceptor.java:72)
10-16 09:41:51.418 W/System.err( 1745): at com.dangbei.statistics.HttpBasicParamsInterceptor.lambda$init$0(HttpBasicParamsInterceptor.java:40)
10-16 09:41:51.418 W/System.err( 1745): at com.dangbei.statistics.-$$Lambda$HttpBasicParamsInterceptor$wo_01s0EQtjtRA0FDaKTO2uOKHM.accept(Unknown Source:2)
10-16 09:41:51.418 W/System.err( 1745): at io.reactivex.internal.operators.single.SingleDoOnSuccess$DoOnSuccess.onSuccess(SingleDoOnSuccess.java:54)
10-16 09:41:51.418 W/System.err( 1745): at io.reactivex.internal.operators.single.SingleObserveOn$ObserveOnSingleObserver.run(SingleObserveOn.java:81)
10-16 09:41:51.418 W/System.err( 1745): at io.reactivex.Scheduler$DisposeTask.run(Scheduler.java:578)
10-16 09:41:51.418 W/System.err( 1745): at io.reactivex.internal.schedulers.ScheduledRunnable.run(ScheduledRunnable.java:66)
10-16 09:41:51.418 W/System.err( 1745): at io.reactivex.internal.schedulers.ScheduledRunnable.call(ScheduledRunnable.java:57)
10-16 09:41:51.418 W/System.err( 1745): at java.util.concurrent.FutureTask.run(FutureTask.java:266)
10-16 09:41:51.418 W/System.err( 1745): at java.util.concurrent.ScheduledThreadPoolExecutor$ScheduledFutureTask.run(ScheduledThreadPoolExecutor.java:301)
10-16 09:41:51.418 W/System.err( 1745): at java.util.concurrent.ThreadPoolExecutor.runWorker(ThreadPoolExecutor.java:1167)
10-16 09:41:51.418 W/System.err( 1745): at java.util.concurrent.ThreadPoolExecutor$Worker.run(ThreadPoolExecutor.java:641)
10-16 09:41:51.418 W/System.err( 1745): at java.lang.Thread.run(Thread.java:920)
10-16 09:41:51.419 W/System.err( 1745): Caused by: android.system.ErrnoException: open failed: ENOENT (No such file or directory)
10-16 09:41:51.419 W/System.err( 1745): at libcore.io.Linux.open(Native Method)
10-16 09:41:51.419 W/System.err( 1745): at libcore.io.ForwardingOs.open(ForwardingOs.java:567)
10-16 09:41:51.419 W/System.err( 1745): at libcore.io.BlockGuardOs.open(BlockGuardOs.java:273)
10-16 09:41:51.419 W/System.err( 1745): at libcore.io.ForwardingOs.open(ForwardingOs.java:567)
10-16 09:41:51.419 W/System.err( 1745): at android.app.ActivityThread$AndroidOs.open(ActivityThread.java:7740)
10-16 09:41:51.419 W/System.err( 1745): at libcore.io.IoBridge.open(IoBridge.java:561)
10-16 09:41:51.419 W/System.err( 1745): ... 19 more
10-16 09:41:51.430 I/RockyManager( 1745): isFarWake: false
10-16 09:41:51.439 W/IorapForwardingService( 522): No service published for: iorapd
10-16 09:41:51.444 I/ContactsProviderV1( 1652): Bootstrapping database legacy support
10-16 09:41:51.459 E/ccc ( 1733): cccccc HaquSettingApplication app onCreate end
10-16 09:41:51.463 W/System.err( 1733): java.lang.NullPointerException: Attempt to invoke virtual method 'int java.lang.String.hashCode()' on a null object reference
10-16 09:41:51.469 W/ContextImpl( 1745): Calling a method in the system process without a qualified user: android.app.ContextImpl.startService:1816 android.content.ContextWrapper.startService:774 com.cvte.tv.api.TvApiSDKManager.:177 com.cvte.tv.api.TvApiSDKManager.init:217 com.dangbei.rocky.component.system.SystemControlUtils.initSystemAidl:82
10-16 09:41:51.472 W/ActivityManager( 522): Unable to start service Intent { act=com.cvte.tv.api.TV_API_SERVICE pkg=com.cvte.tv.api.impl } U=0: not found
10-16 09:41:51.468 I/RxCachedThreadS( 1745): type=1400 audit(0.0:621): avc: denied { read } for name="address" dev="sysfs" ino=25879 scontext=u:r:system_app:s0 tcontext=u:object_r:sysfs:s0 tclass=file permissive=1
10-16 09:41:51.468 I/RxCachedThreadS( 1745): type=1400 audit(0.0:622): avc: denied { open } for path="/sys/devices/platform/unisoc_wifi/net/wlan1/address" dev="sysfs" ino=25879 scontext=u:r:system_app:s0 tcontext=u:object_r:sysfs:s0 tclass=file permissive=1
10-16 09:41:51.473 W/ContextImpl( 1745): Calling a method in the system process without a qualified user: android.app.ContextImpl.bindService:1895 android.content.ContextWrapper.bindService:810 com.cvte.tv.api.TvApiSDKManager.:178 com.cvte.tv.api.TvApiSDKManager.init:217 com.dangbei.rocky.component.system.SystemControlUtils.initSystemAidl:82
10-16 09:41:51.468 I/RxCachedThreadS( 1745): type=1400 audit(0.0:623): avc: denied { getattr } for path="/sys/devices/platform/unisoc_wifi/net/wlan1/address" dev="sysfs" ino=25879 scontext=u:r:system_app:s0 tcontext=u:object_r:sysfs:s0 tclass=file permissive=1
10-16 09:41:51.475 W/ActivityManager( 522): Unable to start service Intent { act=com.cvte.tv.api.TV_API_SERVICE pkg=com.cvte.tv.api.impl } U=0: not found
10-16 09:41:51.476 D/TvApiSDKManager( 1745): getTvApi getSystemService = false
10-16 09:41:51.476 D/TvApiSDKManager( 1745): getTvApi startService
10-16 09:41:51.478 W/ContextImpl( 1745): Calling a method in the system process without a qualified user: android.app.ContextImpl.startService:1816 android.content.ContextWrapper.startService:774 com.cvte.tv.api.TvApiSDKManager.getTvApi:361 com.dangbei.rocky.component.system.SystemControlUtils.initSystemAidl:83 com.dangbei.rocky.component.system.SystemComponent.onAttached:38
10-16 09:41:51.479 W/System.err( 1733): at com.dangbei.haqusetting.service.SettingService.onStartCommand(SettingService.java:35)
10-16 09:41:51.479 W/System.err( 1733): at android.app.ActivityThread.handleServiceArgs(ActivityThread.java:4639)
10-16 09:41:51.479 W/System.err( 1733): at android.app.ActivityThread.access$2000(ActivityThread.java:247)
10-16 09:41:51.479 W/System.err( 1733): at android.app.ActivityThread$H.handleMessage(ActivityThread.java:2091)
10-16 09:41:51.479 W/System.err( 1733): at android.os.Handler.dispatchMessage(Handler.java:106)
10-16 09:41:51.479 W/System.err( 1733): at android.os.Looper.loopOnce(Looper.java:201)
10-16 09:41:51.479 W/System.err( 1733): at android.os.Looper.loop(Looper.java:288)
10-16 09:41:51.479 W/System.err( 1733): at android.app.ActivityThread.main(ActivityThread.java:7854)
10-16 09:41:51.479 W/System.err( 1733): at java.lang.reflect.Method.invoke(Native Method)
10-16 09:41:51.479 W/System.err( 1733): at com.android.internal.os.RuntimeInit$MethodAndArgsCaller.run(RuntimeInit.java:548)
10-16 09:41:51.479 W/System.err( 1733): at com.android.internal.os.ZygoteInit.main(ZygoteInit.java:1182)
10-16 09:41:51.479 W/ActivityManager( 522): Unable to start service Intent { act=com.cvte.tv.api.TV_API_SERVICE pkg=com.cvte.tv.api.impl } U=0: not found
10-16 09:41:51.496 W/ContextImpl( 1745): Calling a method in the system process without a qualified user: android.app.ContextImpl.bindService:1895 android.content.ContextWrapper.bindService:810 com.cvte.tv.api.TvApiSDKManager.getTvApi:362 com.dangbei.rocky.component.system.SystemControlUtils.initSystemAidl:83 com.dangbei.rocky.component.system.SystemComponent.onAttached:38
10-16 09:41:51.497 W/ActivityManager( 522): Unable to start service Intent { act=com.cvte.tv.api.TV_API_SERVICE pkg=com.cvte.tv.api.impl } U=0: not found
10-16 09:41:51.502 W/ContextImpl( 1733): Calling a method in the system process without a qualified user: android.app.ContextImpl.bindService:1895 android.content.ContextWrapper.bindService:810 com.dangbei.lerad.etna.lib.client.EtnaClient.bindServer:138 com.dangbei.lerad.etna.lib.client.EtnaClient.access$600:29 com.dangbei.lerad.etna.lib.client.EtnaClient$3.call:205
10-16 09:41:51.528 W/ContextImpl( 1745): Calling a method in the system process without a qualified user: android.app.ContextImpl.startService:1816 android.content.ContextWrapper.startService:774 com.dangbei.phrike.core.DownloadManager.register:294 com.dangbei.component_appcontrol.phrike.XPhrikeAppCreator.register:47 com.dangbei.component_appcontrol.AppControlComponent.onAttached:65
10-16 09:41:51.534 I/RockyManager( 1745): initSDKDelegate:
10-16 09:41:51.565 D/CompatibilityChangeReporter( 522): Compat change id reported: 178209446; UID 1000; state: DISABLED
10-16 09:41:51.565 D/CompatibilityChangeReporter( 522): Compat change id reported: 178209446; UID 1000; state: ENABLED
10-16 09:41:51.576 D/ContactsDatabaseHelper( 1652): WAL enabled for profile.db: false
10-16 09:41:51.602 W/System.err( 1745): java.io.FileNotFoundException: /storage/emulated/0/.db/secret2: open failed: ENOENT (No such file or directory)
10-16 09:41:51.603 W/System.err( 1745): at libcore.io.IoBridge.open(IoBridge.java:575)
10-16 09:41:51.603 W/System.err( 1745): at java.io.FileInputStream.(FileInputStream.java:160)
10-16 09:41:51.603 W/System.err( 1745): at com.dangbei.statistics.UtilCommon.getStringFromLocal(UtilCommon.java:375)
10-16 09:41:51.603 W/System.err( 1745): at com.dangbei.statistics.UtilCommon.getDeviceId2(UtilCommon.java:124)
10-16 09:41:51.603 W/System.err( 1745): at com.dangbei.statistics.HttpBasicParamsInterceptor.lambda$create$5(HttpBasicParamsInterceptor.java:78)
10-16 09:41:51.603 W/System.err( 1745): at com.dangbei.statistics.-$$Lambda$HttpBasicParamsInterceptor$XcrsaYAVm49lyrqAztCPygs8nk8.call(Unknown Source:2)
10-16 09:41:51.603 W/System.err( 1745): at com.dangbei.statistics.library.Helper.callBackSelf(Helper.java:9)
10-16 09:41:51.603 W/System.err( 1745): at com.dangbei.statistics.HttpBasicParamsInterceptor.create(HttpBasicParamsInterceptor.java:77)
10-16 09:41:51.603 W/System.err( 1745): at com.dangbei.statistics.HttpBasicParamsInterceptor.lambda$init$0(HttpBasicParamsInterceptor.java:40)
10-16 09:41:51.603 W/System.err( 1745): at com.dangbei.statistics.-$$Lambda$HttpBasicParamsInterceptor$wo_01s0EQtjtRA0FDaKTO2uOKHM.accept(Unknown Source:2)
10-16 09:41:51.603 W/System.err( 1745): at io.reactivex.internal.operators.single.SingleDoOnSuccess$DoOnSuccess.onSuccess(SingleDoOnSuccess.java:54)
10-16 09:41:51.603 W/System.err( 1745): at io.reactivex.internal.operators.single.SingleObserveOn$ObserveOnSingleObserver.run(SingleObserveOn.java:81)
10-16 09:41:51.603 W/System.err( 1745): at io.reactivex.Scheduler$DisposeTask.run(Scheduler.java:578)
10-16 09:41:51.603 W/System.err( 1745): at io.reactivex.internal.schedulers.ScheduledRunnable.run(ScheduledRunnable.java:66)
10-16 09:41:51.603 W/System.err( 1745): at io.reactivex.internal.schedulers.ScheduledRunnable.call(ScheduledRunnable.java:57)
10-16 09:41:51.603 W/System.err( 1745): at java.util.concurrent.FutureTask.run(FutureTask.java:266)
10-16 09:41:51.603 W/System.err( 1745): at java.util.concurrent.ScheduledThreadPoolExecutor$ScheduledFutureTask.run(ScheduledThreadPoolExecutor.java:301)
10-16 09:41:51.603 W/System.err( 1745): at java.util.concurrent.ThreadPoolExecutor.runWorker(ThreadPoolExecutor.java:1167)
10-16 09:41:51.603 W/System.err( 1745): at java.util.concurrent.ThreadPoolExecutor$Worker.run(ThreadPoolExecutor.java:641)
10-16 09:41:51.603 W/System.err( 1745): at java.lang.Thread.run(Thread.java:920)
10-16 09:41:51.603 W/System.err( 1745): Caused by: android.system.ErrnoException: open failed: ENOENT (No such file or directory)
10-16 09:41:51.603 W/System.err( 1745): at libcore.io.Linux.open(Native Method)
10-16 09:41:51.603 W/System.err( 1745): at libcore.io.ForwardingOs.open(ForwardingOs.java:567)
10-16 09:41:51.603 W/System.err( 1745): at libcore.io.BlockGuardOs.open(BlockGuardOs.java:273)
10-16 09:41:51.603 W/System.err( 1745): at libcore.io.ForwardingOs.open(ForwardingOs.java:567)
10-16 09:41:51.603 W/System.err( 1745): at android.app.ActivityThread$AndroidOs.open(ActivityThread.java:7740)
10-16 09:41:51.603 W/System.err( 1745): at libcore.io.IoBridge.open(IoBridge.java:561)
10-16 09:41:51.604 W/System.err( 1745): ... 19 more
10-16 09:41:51.628 I//system/bin/init( 1): type=1107 audit(0.0:624): uid=0 auid=4294967295 ses=4294967295 subj=u:r:init:s0 msg='avc: denied { set } for property=persist.sys.12_24hours pid=522 uid=1000 gid=1000 scontext=u:r:system_server:s0 tcontext=u:object_r:panel_prop:s0 tclass=property_service permissive=1'
10-16 09:41:51.658 W/System.err( 1745): java.io.FileNotFoundException: /storage/emulated/0/.db/app: open failed: ENOENT (No such file or directory)
10-16 09:41:51.659 W/System.err( 1745): at libcore.io.IoBridge.open(IoBridge.java:575)
10-16 09:41:51.659 W/System.err( 1745): at java.io.FileInputStream.(FileInputStream.java:160)
10-16 09:41:51.659 W/System.err( 1745): at com.dangbei.statistics.UtilCommon.getStringFromLocal(UtilCommon.java:375)
10-16 09:41:51.659 W/System.err( 1745): at com.dangbei.statistics.UtilCommon.getAppList(UtilCommon.java:160)
10-16 09:41:51.659 W/System.err( 1745): at com.dangbei.statistics.HttpBasicParamsInterceptor.lambda$create$7(HttpBasicParamsInterceptor.java:84)
10-16 09:41:51.659 W/System.err( 1745): at com.dangbei.statistics.-$$Lambda$HttpBasicParamsInterceptor$8jVQFlCEdHk9Aoydg7HR7g7A2Rk.call(Unknown Source:2)
10-16 09:41:51.659 W/System.err( 1745): at com.dangbei.statistics.library.Helper.callBackSelf(Helper.java:9)
10-16 09:41:51.659 W/System.err( 1745): at com.dangbei.statistics.HttpBasicParamsInterceptor.create(HttpBasicParamsInterceptor.java:84)
10-16 09:41:51.659 W/System.err( 1745): at com.dangbei.statistics.HttpBasicParamsInterceptor.lambda$init$0(HttpBasicParamsInterceptor.java:40)
10-16 09:41:51.659 W/System.err( 1745): at com.dangbei.statistics.-$$Lambda$HttpBasicParamsInterceptor$wo_01s0EQtjtRA0FDaKTO2uOKHM.accept(Unknown Source:2)
10-16 09:41:51.659 W/System.err( 1745): at io.reactivex.internal.operators.single.SingleDoOnSuccess$DoOnSuccess.onSuccess(SingleDoOnSuccess.java:54)
10-16 09:41:51.659 W/System.err( 1745): at io.reactivex.internal.operators.single.SingleObserveOn$ObserveOnSingleObserver.run(SingleObserveOn.java:81)
10-16 09:41:51.659 W/System.err( 1745): at io.reactivex.Scheduler$DisposeTask.run(Scheduler.java:578)
10-16 09:41:51.659 W/System.err( 1745): at io.reactivex.internal.schedulers.ScheduledRunnable.run(ScheduledRunnable.java:66)
10-16 09:41:51.659 W/System.err( 1745): at io.reactivex.internal.schedulers.ScheduledRunnable.call(ScheduledRunnable.java:57)
10-16 09:41:51.659 W/System.err( 1745): at java.util.concurrent.FutureTask.run(FutureTask.java:266)
10-16 09:41:51.659 W/System.err( 1745): at java.util.concurrent.ScheduledThreadPoolExecutor$ScheduledFutureTask.run(ScheduledThreadPoolExecutor.java:301)
10-16 09:41:51.659 W/System.err( 1745): at java.util.concurrent.ThreadPoolExecutor.runWorker(ThreadPoolExecutor.java:1167)
10-16 09:41:51.659 W/System.err( 1745): at java.util.concurrent.ThreadPoolExecutor$Worker.run(ThreadPoolExecutor.java:641)
10-16 09:41:51.659 W/System.err( 1745): at java.lang.Thread.run(Thread.java:920)
10-16 09:41:51.660 W/System.err( 1745): Caused by: android.system.ErrnoException: open failed: ENOENT (No such file or directory)
10-16 09:41:51.660 W/System.err( 1745): at libcore.io.Linux.open(Native Method)
10-16 09:41:51.660 W/System.err( 1745): at libcore.io.ForwardingOs.open(ForwardingOs.java:567)
10-16 09:41:51.660 W/System.err( 1745): at libcore.io.BlockGuardOs.open(BlockGuardOs.java:273)
10-16 09:41:51.660 W/System.err( 1745): at libcore.io.ForwardingOs.open(ForwardingOs.java:567)
10-16 09:41:51.660 W/System.err( 1745): at android.app.ActivityThread$AndroidOs.open(ActivityThread.java:7740)
10-16 09:41:51.660 W/System.err( 1745): at libcore.io.IoBridge.open(IoBridge.java:561)
10-16 09:41:51.660 W/System.err( 1745): ... 19 more
10-16 09:41:51.661 I/CallLogProvider( 1652): Will sync following Uris:[]
10-16 09:41:51.662 I/CallLogProvider( 1652): Syncing call composer pics -- got []
10-16 09:41:51.680 I/ContactsProvider( 1652): Locale has changed from null to [zh_CN]
10-16 09:41:51.681 I/ContactsDatabaseHelper( 1652): Switching to locale [zh_CN] (ICU v68.2.0.0)
10-16 09:41:51.684 I/ActivityManager( 522): com.android.localtransport is exempt from freezer
10-16 09:41:51.684 D/CompatibilityChangeReporter( 522): Compat change id reported: 135634846; UID 1000; state: DISABLED
10-16 09:41:51.727 D/Zygote ( 244): Forked child process 1855
10-16 09:41:51.734 W/ActivityManager( 522): Slow operation: 51ms so far, now at startProcess: done updating battery stats
10-16 09:41:51.735 W/ActivityManager( 522): Slow operation: 51ms so far, now at startProcess: building log message
10-16 09:41:51.735 I/ActivityManager( 522): app.processName = com.android.localtransport
10-16 09:41:51.735 I/ActivityManager( 522): Start proc 1855:com.android.localtransport/1000 for service {com.android.localtransport/com.android.localtransport.LocalTransportService}
10-16 09:41:51.735 W/ActivityManager( 522): Slow operation: 52ms so far, now at startProcess: starting to update pids map
10-16 09:41:51.735 D/CompatibilityChangeReporter( 522): Compat change id reported: 182734110; UID 10074; state: DISABLED
10-16 09:41:51.736 W/ActivityManager( 522): Slow operation: 52ms so far, now at startProcess: done updating pids map
10-16 09:41:51.738 I/Zygote ( 1855): seccomp disabled by setenforce 0
10-16 09:41:51.752 D/AW_CODE ( 522): rotation =0
10-16 09:41:51.760 D/AW_CODE ( 522): rotation =0
10-16 09:41:51.784 W/audit ( 1828): audit_lost=160 audit_rate_limit=5 audit_backlog_limit=64
10-16 09:41:51.784 E/audit ( 1828): rate limit exceeded
10-16 09:41:51.800 I/adbd ( 381): jdwp connection from 1855
10-16 09:41:51.826 V/MediaPlayerList( 733): mPackageChangedBroadcastReceiver: action: android.intent.action.PACKAGE_CHANGED
10-16 09:41:51.826 D/MediaPlayerList( 733): Name of package changed: com.android.tv.settings
10-16 09:41:51.833 W/Searchables( 522): No global search activity found
10-16 09:41:51.853 E/dangbei111( 1289): cccccc 开始扫描
10-16 09:41:51.855 W/VoiceInteractionManager( 522): no available voice recognition services found for user 0
10-16 09:41:51.857 D/BluetoothAdapter( 1289): isLeEnabled(): ON
10-16 09:41:51.857 D/AW_CODE ( 522): rotation =0
10-16 09:41:51.859 I/RoleService( 522): Granting default roles...
10-16 09:41:51.883 D/CompatibilityChangeReporter( 522): Compat change id reported: 149924527; UID 10074; state: ENABLED
10-16 09:41:51.884 I/bluetooth( 733): system/bt/stack/gatt/gatt_api.cc:1019 GATT_Register: Allocated name:GattClient uuid:a0a14289-1576-6040-4534-44048441fd56 gatt_if:6 eatt_support:0
10-16 09:41:51.885 D/CompatibilityChangeReporter( 522): Compat change id reported: 132649864; UID 10074; state: DISABLED
10-16 09:41:51.886 D/BluetoothLeScanner( 1289): onScannerRegistered() - status=0 scannerId=6 mScannerId=0
10-16 09:41:51.904 I/InputReader( 522): Reconfiguring input devices, changes=KEYBOARD_LAYOUTS |
10-16 09:41:51.921 W/Role ( 768): Cannot get ApplicationInfo for default holder: com.android.messaging
10-16 09:41:51.931 W/AppWidgetServiceImpl( 522): Failed to read state: java.io.FileNotFoundException: /data/system/users/0/appwidgets.xml: open failed: ENOENT (No such file or directory)
10-16 09:41:51.932 V/AppWidgetServiceImpl( 522): Upgrading widget database from 0 to 1
10-16 09:41:51.932 D/DeviceIdleController( 522): find package null
10-16 09:41:51.944 I/PermissionControllerServiceImpl( 768): Updating user sensitive for uid 1000
10-16 09:41:51.948 D/CompatibilityChangeReporter( 522): Compat change id reported: 168419799; UID 1000; state: DISABLED
10-16 09:41:51.953 W/InputMethodManagerService( 522): Illegal subtype state: old subtype = null, new subtype = android.view.inputmethod.InputMethodSubtype@129f21f8
10-16 09:41:51.955 W/Role ( 768): Cannot get ApplicationInfo for default holder: com.android.contacts
10-16 09:41:51.965 W/Role ( 768): Cannot get ApplicationInfo for default holder: com.android.gallery3d
10-16 09:41:51.969 D/CompatibilityChangeReporter( 1855): Compat change id reported: 171979766; UID 1000; state: ENABLED
10-16 09:41:51.984 V/MediaPlayerList( 733): mPackageChangedBroadcastReceiver: action: android.intent.action.PACKAGE_CHANGED
10-16 09:41:51.985 D/MediaPlayerList( 733): Name of package changed: com.android.systemui
10-16 09:41:51.995 D/DeviceIdleController( 522): find package null
10-16 09:41:51.998 W/Searchables( 522): No global search activity found
10-16 09:41:52.007 I/PermissionControllerServiceImpl( 768): Updating user sensitive for uid 10061
10-16 09:41:52.015 E/SQLiteLog( 1652): (11) database corruption at line 69592 of [bcd014c473]
10-16 09:41:52.015 E/SQLiteLog( 1652): (11) statement aborts at 2: [] database disk image is malformed
10-16 09:41:52.016 D/ColorDisplayService( 522): NightDisplayTintController Animation cancelled: false to matrix:
10-16 09:41:52.016 D/ColorDisplayService( 522): 1.000000 0.000000 0.000000 0.000000 0.000000 1.000000 0.000000 0.000000 0.000000 0.000000 1.000000 0.000000 0.000000 0.000000 0.000000 1.000000 min matrix coefficients:
10-16 09:41:52.016 D/ColorDisplayService( 522): 1.000000 0.000000 0.000000 0.000000 0.000000 1.000000 0.000000 0.000000 0.000000 0.000000 1.000000 0.000000 0.000000 0.000000 0.000000 1.000000 max matrix coefficients:
10-16 09:41:52.016 D/ColorDisplayService( 522): 1.000000 0.000000 0.000000 0.000000 0.000000 1.000000 0.000000 0.000000 0.000000 0.000000 1.000000 0.000000 0.000000 0.000000 0.000000 1.000000
10-16 09:41:52.019 I/FrameWorkHelper( 1777): userHttps:
10-16 09:41:52.020 V/MediaPlayerList( 733): mPackageChangedBroadcastReceiver: action: android.intent.action.PACKAGE_CHANGED
10-16 09:41:52.020 D/MediaPlayerList( 733): Name of package changed: com.android.permissioncontroller
10-16 09:41:52.020 I/InputReader( 522): Reconfiguring input devices, changes=KEYBOARD_LAYOUTS |
10-16 09:41:52.027 V/MediaPlayerList( 733): mPackageChangedBroadcastReceiver: action: android.intent.action.PACKAGE_CHANGED
10-16 09:41:52.027 D/MediaPlayerList( 733): Name of package changed: com.android.bluetooth
10-16 09:41:52.029 I/hq ( 1777): getCurrentUser: visitorBean=Users{userId=-1, nickName='游客', avatarUrl='null', wxToken='null', vip='null', mobile='null', sex=null, description='null', city='null', province='null', country='null', launcherMode=null, token='null', token='null'}
10-16 09:41:52.034 D/DeviceIdleController( 522): find package null
10-16 09:41:52.036 I/PermissionControllerServiceImpl( 768): Updating user sensitive for uid 10073
10-16 09:41:52.037 I/InputReader( 522): Reconfiguring input devices, changes=KEYBOARD_LAYOUTS |
10-16 09:41:52.038 D/DeviceIdleController( 522): find package null
10-16 09:41:52.042 I/PermissionControllerServiceImpl( 768): Updating user sensitive for uid 1002
10-16 09:41:52.043 I/InputReader( 522): Reconfiguring input devices, changes=KEYBOARD_LAYOUTS |
10-16 09:41:52.047 D/WanCommander( 1289): handleConnection:
10-16 09:41:52.063 E/EtnaListener( 1289): onServerConnected
10-16 09:41:52.064 E/ccc ( 1289): cccccc etnaService addListener com.dangbei.lerad.etna.lib.client.EtnaServerListener@353dca6 com.dangbei.etna.update
10-16 09:41:52.064 E/ccc ( 1289): cccccc UpdateHelper onServerConnected
10-16 09:41:52.064 E/ccc ( 1289): cccccc etnaService addListener com.dangbei.lerad.etna.lib.client.EtnaServerListener@653b6e7 com.dangbei.etna.setting
10-16 09:41:52.064 E/ccc ( 1289): cccccc SettingHelper onServerConnected
10-16 09:41:52.068 E/ccc ( 1289): cccccc etnaService addListener com.dangbei.lerad.etna.aidl.IEtnaAidlListener$Stub$Proxy@467113d com.dangbei.haqusetting
10-16 09:41:52.069 E/ccc ( 1733): cccccc etna-haqu-connected
10-16 09:41:52.088 W/VoiceInteractionManager( 522): no available voice recognition services found for user 0
10-16 09:41:52.093 E/ccc ( 1289): cccccc sendCycleCheckBootGuideStatusMessage
10-16 09:41:52.098 W/ContextImpl( 1289): Calling a method in the system process without a qualified user: android.app.ContextImpl.startService:1816 android.content.ContextWrapper.startService:774 com.dangbei.etna.setting.core.SettingHelper.startRocky:260 com.dangbei.etna.setting.core.SettingHelper.sendCycleCheckBootGuideStatusMessage:206 com.dangbei.etna.setting.core.SettingHelper.startLoop:195
10-16 09:41:52.104 E/ccc ( 1289): cccccc sendCycleCheckBroadcast
10-16 09:41:52.105 W/ContextImpl( 1289): Calling a method in the system process without a qualified user: android.app.ContextImpl.sendBroadcast:1173 android.content.ContextWrapper.sendBroadcast:479 com.dangbei.etna.setting.core.SettingHelper.sendCycleToProjector:250 com.dangbei.etna.setting.core.SettingHelper.sendCycleCheckBroadcast:219 com.dangbei.etna.setting.core.SettingHelper.sendCycleCheckBootGuideStatusMessage:207
10-16 09:41:52.115 W/ContextImpl( 1289): Calling a method in the system process without a qualified user: android.app.ContextImpl.sendBroadcast:1173 android.content.ContextWrapper.sendBroadcast:479 com.dangbei.etna.setting.core.SettingHelper.sendCycleToVoice:235 com.dangbei.etna.setting.core.SettingHelper.sendCycleCheckBroadcast:220 com.dangbei.etna.setting.core.SettingHelper.sendCycleCheckBootGuideStatusMessage:207
10-16 09:41:52.149 E/ActivityManager( 522): Sending non-protected broadcast com.dangbei.etna.setting.action_cycle_check_broadcast from system 1289:com.dangbei.lerad.etna.haqu/1000 pkg com.dangbei.lerad.etna.haqu
10-16 09:41:52.149 E/ActivityManager( 522): java.lang.Throwable
10-16 09:41:52.149 E/ActivityManager( 522): at com.android.server.am.ActivityManagerService.checkBroadcastFromSystem(ActivityManagerService.java:12816)
10-16 09:41:52.149 E/ActivityManager( 522): at com.android.server.am.ActivityManagerService.broadcastIntentLocked(ActivityManagerService.java:13513)
10-16 09:41:52.149 E/ActivityManager( 522): at com.android.server.am.ActivityManagerService.broadcastIntentLocked(ActivityManagerService.java:12833)
10-16 09:41:52.149 E/ActivityManager( 522): at com.android.server.am.ActivityManagerService.broadcastIntentWithFeature(ActivityManagerService.java:13670)
10-16 09:41:52.149 E/ActivityManager( 522): at android.app.IActivityManager$Stub.onTransact(IActivityManager.java:2326)
10-16 09:41:52.149 E/ActivityManager( 522): at com.android.server.am.ActivityManagerService.onTransact(ActivityManagerService.java:2509)
10-16 09:41:52.149 E/ActivityManager( 522): at android.os.Binder.execTransactInternal(Binder.java:1179)
10-16 09:41:52.149 E/ActivityManager( 522): at android.os.Binder.execTransact(Binder.java:1143)
10-16 09:41:52.173 I/DropBoxManagerService( 522): add tag=system_server_wtf isTagEnabled=true flags=0x2
10-16 09:41:52.183 W/Searchables( 522): No global search activity found
10-16 09:41:52.213 W/VoiceInteractionManager( 522): no available voice recognition services found for user 0
10-16 09:41:52.215 I/ContactsDatabaseHelper( 1652): Locale change completed in 533ms
10-16 09:41:52.216 I/ContactsDatabaseHelper( 1652): Switching to locale [zh_CN] (ICU v68.2.0.0)
10-16 09:41:52.228 W/Searchables( 522): No global search activity found
10-16 09:41:52.278 W/VoiceInteractionManager( 522): no available voice recognition services found for user 0
10-16 09:41:52.366 I/ContactsDatabaseHelper( 1652): Locale change completed in 150ms
10-16 09:41:52.408 I/preinstall.sh( 1346): type=1400 audit(0.0:662): avc: denied { search } for name="data" dev="mmcblk0p25" ino=87 scontext=u:r:preinstall:s0 tcontext=u:object_r:system_data_file:s0:c512,c768 tclass=dir permissive=1
10-16 09:41:52.408 I/preinstall.sh( 1346): type=1400 audit(0.0:663): avc: denied { getattr } for path="/data/data/com.oranth.ledstatus" dev="mmcblk0p25" ino=742 scontext=u:r:preinstall:s0 tcontext=u:object_r:system_app_data_file:s0 tclass=dir permissive=1
10-16 09:41:52.464 I/RxCachedThreadS( 1745): type=1400 audit(0.0:664): avc: denied { open } for path="/dev/__properties__/u:object_r:serialno_prop:s0" dev="tmpfs" ino=3884 scontext=u:r:system_app:s0 tcontext=u:object_r:serialno_prop:s0 tclass=file permissive=1
10-16 09:41:52.464 I/RxCachedThreadS( 1745): type=1400 audit(0.0:665): avc: denied { getattr } for path="/dev/__properties__/u:object_r:serialno_prop:s0" dev="tmpfs" ino=3884 scontext=u:r:system_app:s0 tcontext=u:object_r:serialno_prop:s0 tclass=file permissive=1
10-16 09:41:52.464 I/RxCachedThreadS( 1745): type=1400 audit(0.0:666): avc: denied { map } for path="/dev/__properties__/u:object_r:serialno_prop:s0" dev="tmpfs" ino=3884 scontext=u:r:system_app:s0 tcontext=u:object_r:serialno_prop:s0 tclass=file permissive=1
10-16 09:41:52.477 I/ContactDirectoryManager( 1652): deleted 0 stale rows which don't have any relevant directory
10-16 09:41:52.480 I/ContactDirectoryManager( 1652): Discovered 0 contact directories in 111ms
10-16 09:41:52.486 W/IorapForwardingService( 522): No service published for: iorapd
10-16 09:41:52.497 D/BluetoothPbapService( 733): onChange on contact uri
10-16 09:41:52.525 I/PreBootBroadcaster( 522): Pre-boot of {com.android.providers.media.module/com.android.providers.media.MediaUpgradeReceiver} for user 0
10-16 09:41:52.539 W/bei.lerad.rock( 1745): Class com.iflytek.aiui.AIUIAgent failed lock verification and will run slower.
10-16 09:41:52.539 W/bei.lerad.rock( 1745): Common causes for lock verification issues are non-optimized dex code
10-16 09:41:52.539 W/bei.lerad.rock( 1745): and incorrect proguard optimizations.
10-16 09:41:52.545 E/SELinux ( 181): avc: denied { find } for pid=1945 uid=0 name=activity scontext=u:r:preinstall:s0 tcontext=u:object_r:activity_service:s0 tclass=service_manager permissive=1
10-16 09:41:52.560 I/AiuiEngine( 1745): create aiui agent
10-16 09:41:52.560 D/RockyVoice_AiUiDelegate( 1745): 初始化成功
10-16 09:41:52.562 I/UtilCommon( 1745): bluetoothMac=B4:2F:03:C6:70:66
10-16 09:41:52.569 D/RockyNetMessageUtil( 1745): initTipsList tipEntity = null isRequestTipSuccess = false
10-16 09:41:52.578 D/ExternalStorage( 1610): After updating volumes, found 1 active roots
10-16 09:41:52.580 I/ActivityManager( 522): com.oranth.ledstatus is exempt from freezer
10-16 09:41:52.581 D/CompatibilityChangeReporter( 522): Compat change id reported: 135634846; UID 1000; state: DISABLED
10-16 09:41:52.582 W/Role ( 768): Cannot get ApplicationInfo for default holder: com.android.dialer
10-16 09:41:52.610 V/GraphicsEnvironment( 1855): ANGLE Developer option for 'com.android.localtransport' set to: 'default'
10-16 09:41:52.611 V/GraphicsEnvironment( 1855): Neither updatable production driver nor prerelease driver is supported.
10-16 09:41:52.616 D/Zygote ( 244): Forked child process 1965
10-16 09:41:52.620 I/ActivityManager( 522): app.processName = com.oranth.ledstatus
10-16 09:41:52.620 I/ActivityManager( 522): Start proc 1965:com.oranth.ledstatus/1000 for service {com.oranth.ledstatus/com.oranth.ledstatus.LedStatusService}
10-16 09:41:52.624 D/StrictMode( 1652): StrictMode policy violation; ~duration=1814 ms: android.os.strictmode.DiskReadViolation
10-16 09:41:52.624 D/StrictMode( 1652): at android.os.StrictMode$AndroidBlockGuardPolicy.onReadFromDisk(StrictMode.java:1659)
10-16 09:41:52.624 D/StrictMode( 1652): at libcore.io.BlockGuardOs.access(BlockGuardOs.java:74)
10-16 09:41:52.624 D/StrictMode( 1652): at libcore.io.ForwardingOs.access(ForwardingOs.java:131)
10-16 09:41:52.624 D/StrictMode( 1652): at android.app.ActivityThread$AndroidOs.access(ActivityThread.java:7731)
10-16 09:41:52.624 D/StrictMode( 1652): at java.io.UnixFileSystem.checkAccess(UnixFileSystem.java:281)
10-16 09:41:52.624 D/StrictMode( 1652): at java.io.File.exists(File.java:813)
10-16 09:41:52.624 D/StrictMode( 1652): at android.app.ContextImpl.ensurePrivateDirExists(ContextImpl.java:743)
10-16 09:41:52.624 D/StrictMode( 1652): at android.app.ContextImpl.ensurePrivateDirExists(ContextImpl.java:734)
10-16 09:41:52.624 D/StrictMode( 1652): at android.app.ContextImpl.getPreferencesDir(ContextImpl.java:690)
10-16 09:41:52.624 D/StrictMode( 1652): at android.app.ContextImpl.getSharedPreferencesPath(ContextImpl.java:915)
10-16 09:41:52.624 D/StrictMode( 1652): at android.app.ContextImpl.getSharedPreferences(ContextImpl.java:537)
10-16 09:41:52.624 D/StrictMode( 1652): at android.content.ContextWrapper.getSharedPreferences(ContextWrapper.java:196)
10-16 09:41:52.624 D/StrictMode( 1652): at android.content.ContextWrapper.getSharedPreferences(ContextWrapper.java:196)
10-16 09:41:52.624 D/StrictMode( 1652): at com.android.providers.contacts.ContactsUpgradeReceiver.onReceive(ContactsUpgradeReceiver.java:55)
10-16 09:41:52.624 D/StrictMode( 1652): at android.app.ActivityThread.handleReceiver(ActivityThread.java:4308)
10-16 09:41:52.624 D/StrictMode( 1652): at android.app.ActivityThread.access$1600(ActivityThread.java:247)
10-16 09:41:52.624 D/StrictMode( 1652): at android.app.ActivityThread$H.handleMessage(ActivityThread.java:2064)
10-16 09:41:52.624 D/StrictMode( 1652): at android.os.Handler.dispatchMessage(Handler.java:106)
10-16 09:41:52.624 D/StrictMode( 1652): at android.os.Looper.loopOnce(Looper.java:201)
10-16 09:41:52.624 D/StrictMode( 1652): at android.os.Looper.loop(Looper.java:288)
10-16 09:41:52.624 D/StrictMode( 1652): at android.app.ActivityThread.main(ActivityThread.java:7854)
10-16 09:41:52.624 D/StrictMode( 1652): at java.lang.reflect.Method.invoke(Native Method)
10-16 09:41:52.624 D/StrictMode( 1652): at com.android.internal.os.RuntimeInit$MethodAndArgsCaller.run(RuntimeInit.java:548)
10-16 09:41:52.624 D/StrictMode( 1652): at com.android.internal.os.ZygoteInit.main(ZygoteInit.java:1182)
10-16 09:41:52.625 I/Zygote ( 1965): seccomp disabled by setenforce 0
10-16 09:41:52.629 D/StrictMode( 1652): StrictMode policy violation; ~duration=1813 ms: android.os.strictmode.DiskReadViolation
10-16 09:41:52.629 D/StrictMode( 1652): at android.os.StrictMode$AndroidBlockGuardPolicy.onReadFromDisk(StrictMode.java:1659)
10-16 09:41:52.629 D/StrictMode( 1652): at android.app.SharedPreferencesImpl.awaitLoadedLocked(SharedPreferencesImpl.java:275)
10-16 09:41:52.629 D/StrictMode( 1652): at android.app.SharedPreferencesImpl.getInt(SharedPreferencesImpl.java:326)
10-16 09:41:52.629 D/StrictMode( 1652): at com.android.providers.contacts.ContactsUpgradeReceiver.onReceive(ContactsUpgradeReceiver.java:56)
10-16 09:41:52.629 D/StrictMode( 1652): at android.app.ActivityThread.handleReceiver(ActivityThread.java:4308)
10-16 09:41:52.629 D/StrictMode( 1652): at android.app.ActivityThread.access$1600(ActivityThread.java:247)
10-16 09:41:52.629 D/StrictMode( 1652): at android.app.ActivityThread$H.handleMessage(ActivityThread.java:2064)
10-16 09:41:52.629 D/StrictMode( 1652): at android.os.Handler.dispatchMessage(Handler.java:106)
10-16 09:41:52.629 D/StrictMode( 1652): at android.os.Looper.loopOnce(Looper.java:201)
10-16 09:41:52.629 D/StrictMode( 1652): at android.os.Looper.loop(Looper.java:288)
10-16 09:41:52.629 D/StrictMode( 1652): at android.app.ActivityThread.main(ActivityThread.java:7854)
10-16 09:41:52.629 D/StrictMode( 1652): at java.lang.reflect.Method.invoke(Native Method)
10-16 09:41:52.629 D/StrictMode( 1652): at com.android.internal.os.RuntimeInit$MethodAndArgsCaller.run(RuntimeInit.java:548)
10-16 09:41:52.629 D/StrictMode( 1652): at com.android.internal.os.ZygoteInit.main(ZygoteInit.java:1182)
10-16 09:41:52.629 E/DiskReceiver( 1270): Missing fsUuid, not launching activity.
10-16 09:41:52.630 D/StrictMode( 1652): StrictMode policy violation; ~duration=1799 ms: android.os.strictmode.DiskReadViolation
10-16 09:41:52.630 D/StrictMode( 1652): at android.os.StrictMode$AndroidBlockGuardPolicy.onReadFromDisk(StrictMode.java:1659)
10-16 09:41:52.630 D/StrictMode( 1652): at libcore.io.BlockGuardOs.access(BlockGuardOs.java:74)
10-16 09:41:52.630 D/StrictMode( 1652): at libcore.io.ForwardingOs.access(ForwardingOs.java:131)
10-16 09:41:52.630 D/StrictMode( 1652): at android.app.ActivityThread$AndroidOs.access(ActivityThread.java:7731)
10-16 09:41:52.630 D/StrictMode( 1652): at java.io.UnixFileSystem.checkAccess(UnixFileSystem.java:281)
10-16 09:41:52.630 D/StrictMode( 1652): at java.io.File.exists(File.java:813)
10-16 09:41:52.630 D/StrictMode( 1652): at android.app.SharedPreferencesImpl.writeToFile(SharedPreferencesImpl.java:769)
10-16 09:41:52.630 D/StrictMode( 1652): at android.app.SharedPreferencesImpl.access$900(SharedPreferencesImpl.java:59)
10-16 09:41:52.630 D/StrictMode( 1652): at android.app.SharedPreferencesImpl$2.run(SharedPreferencesImpl.java:703)
10-16 09:41:52.630 D/StrictMode( 1652): at android.app.SharedPreferencesImpl.enqueueDiskWrite(SharedPreferencesImpl.java:722)
10-16 09:41:52.630 D/StrictMode( 1652): at android.app.SharedPreferencesImpl.access$100(SharedPreferencesImpl.java:59)
10-16 09:41:52.630 D/StrictMode( 1652): at android.app.SharedPreferencesImpl$EditorImpl.commit(SharedPreferencesImpl.java:634)
10-16 09:41:52.630 D/StrictMode( 1652): at com.android.providers.contacts.ContactsUpgradeReceiver.onReceive(ContactsUpgradeReceiver.java:76)
10-16 09:41:52.630 D/StrictMode( 1652): at android.app.ActivityThread.handleReceiver(ActivityThread.java:4308)
10-16 09:41:52.630 D/StrictMode( 1652): at android.app.ActivityThread.access$1600(ActivityThread.java:247)
10-16 09:41:52.630 D/StrictMode( 1652): at android.app.ActivityThread$H.handleMessage(ActivityThread.java:2064)
10-16 09:41:52.630 D/StrictMode( 1652): at android.os.Handler.dispatchMessage(Handler.java:106)
10-16 09:41:52.630 D/StrictMode( 1652): at android.os.Looper.loopOnce(Looper.java:201)
10-16 09:41:52.630 D/StrictMode( 1652): at android.os.Looper.loop(Looper.java:288)
10-16 09:41:52.630 D/StrictMode( 1652): at android.app.ActivityThread.main(ActivityThread.java:7854)
10-16 09:41:52.630 D/StrictMode( 1652): at java.lang.reflect.Method.invoke(Native Method)
10-16 09:41:52.630 D/StrictMode( 1652): at com.android.internal.os.RuntimeInit$MethodAndArgsCaller.run(RuntimeInit.java:548)
10-16 09:41:52.630 D/StrictMode( 1652): at com.android.internal.os.ZygoteInit.main(ZygoteInit.java:1182)
10-16 09:41:52.630 D/NetworkSecurityConfig( 1855): No Network Security Config specified, using platform default
10-16 09:41:52.630 D/StrictMode( 1652): StrictMode policy violation; ~duration=1798 ms: android.os.strictmode.DiskReadViolation
10-16 09:41:52.630 D/StrictMode( 1652): at android.os.StrictMode$AndroidBlockGuardPolicy.onReadFromDisk(StrictMode.java:1659)
10-16 09:41:52.630 D/StrictMode( 1652): at libcore.io.BlockGuardOs.open(BlockGuardOs.java:268)
10-16 09:41:52.630 D/StrictMode( 1652): at libcore.io.ForwardingOs.open(ForwardingOs.java:567)
10-16 09:41:52.630 D/StrictMode( 1652): at android.app.ActivityThread$AndroidOs.open(ActivityThread.java:7740)
10-16 09:41:52.630 D/StrictMode( 1652): at libcore.io.IoBridge.open(IoBridge.java:561)
10-16 09:41:52.630 D/StrictMode( 1652): at java.io.FileOutputStream.(FileOutputStream.java:236)
10-16 09:41:52.630 D/StrictMode( 1652): at java.io.FileOutputStream.(FileOutputStream.java:186)
10-16 09:41:52.630 D/StrictMode( 1652): at android.app.SharedPreferencesImpl.createFileOutputStream(SharedPreferencesImpl.java:733)
10-16 09:41:52.630 D/StrictMode( 1652): at android.app.SharedPreferencesImpl.writeToFile(SharedPreferencesImpl.java:824)
10-16 09:41:52.630 D/StrictMode( 1652): at android.app.SharedPreferencesImpl.access$900(SharedPreferencesImpl.java:59)
10-16 09:41:52.630 D/StrictMode( 1652): at android.app.SharedPreferencesImpl$2.run(SharedPreferencesImpl.java:703)
10-16 09:41:52.630 D/StrictMode( 1652): at android.app.SharedPreferencesImpl.enqueueDiskWrite(SharedPreferencesImpl.java:722)
10-16 09:41:52.630 D/StrictMode( 1652): at android.app.SharedPreferencesImpl.access$100(SharedPreferencesImpl.java:59)
10-16 09:41:52.630 D/StrictMode( 1652): at android.app.SharedPreferencesImpl$EditorImpl.commit(SharedPreferencesImpl.java:634)
10-16 09:41:52.630 D/StrictMode( 1652): at com.android.providers.contacts.ContactsUpgradeReceiver.onReceive(ContactsUpgradeReceiver.java:76)
10-16 09:41:52.630 D/StrictMode( 1652): at android.app.ActivityThread.handleReceiver(ActivityThread.java:4308)
10-16 09:41:52.630 D/StrictMode( 1652): at android.app.ActivityThread.access$1600(ActivityThread.java:247)
10-16 09:41:52.630 D/StrictMode( 1652): at android.app.ActivityThread$H.handleMessage(ActivityThread.java:2064)
10-16 09:41:52.630 D/StrictMode( 1652): at android.os.Handler.dispatchMessage(Handler.java:106)
10-16 09:41:52.630 D/StrictMode( 1652): at android.os.Looper.loopOnce(Looper.java:201)
10-16 09:41:52.630 D/StrictMode( 1652): at android.os.Looper.loop(Looper.java:288)
10-16 09:41:52.630 D/StrictMode( 1652): at android.app.ActivityThread.main(ActivityThread.java:7854)
10-16 09:41:52.630 D/StrictMode( 1652): at java.lang.reflect.Method.invoke(Native Method)
10-16 09:41:52.630 D/StrictMode( 1652): at com.android.internal.os.RuntimeInit$MethodAndArgsCaller.run(RuntimeInit.java:548)
10-16 09:41:52.630 D/StrictMode( 1652): at com.android.internal.os.ZygoteInit.main(ZygoteInit.java:1182)
10-16 09:41:52.631 D/NetworkSecurityConfig( 1855): No Network Security Config specified, using platform default
10-16 09:41:52.631 D/StrictMode( 1652): StrictMode policy violation; ~duration=1798 ms: android.os.strictmode.DiskWriteViolation
10-16 09:41:52.631 D/StrictMode( 1652): at android.os.StrictMode$AndroidBlockGuardPolicy.onWriteToDisk(StrictMode.java:1615)
10-16 09:41:52.631 D/StrictMode( 1652): at libcore.io.BlockGuardOs.open(BlockGuardOs.java:271)
10-16 09:41:52.631 D/StrictMode( 1652): at libcore.io.ForwardingOs.open(ForwardingOs.java:567)
10-16 09:41:52.631 D/StrictMode( 1652): at android.app.ActivityThread$AndroidOs.open(ActivityThread.java:7740)
10-16 09:41:52.631 D/StrictMode( 1652): at libcore.io.IoBridge.open(IoBridge.java:561)
10-16 09:41:52.631 D/StrictMode( 1652): at java.io.FileOutputStream.(FileOutputStream.java:236)
10-16 09:41:52.631 D/StrictMode( 1652): at java.io.FileOutputStream.(FileOutputStream.java:186)
10-16 09:41:52.631 D/StrictMode( 1652): at android.app.SharedPreferencesImpl.createFileOutputStream(SharedPreferencesImpl.java:733)
10-16 09:41:52.631 D/StrictMode( 1652): at android.app.SharedPreferencesImpl.writeToFile(SharedPreferencesImpl.java:824)
10-16 09:41:52.631 D/StrictMode( 1652): at android.app.SharedPreferencesImpl.access$900(SharedPreferencesImpl.java:59)
10-16 09:41:52.631 D/StrictMode( 1652): at android.app.SharedPreferencesImpl$2.run(SharedPreferencesImpl.java:703)
10-16 09:41:52.631 D/StrictMode( 1652): at android.app.SharedPreferencesImpl.enqueueDiskWrite(SharedPreferencesImpl.java:722)
10-16 09:41:52.631 D/StrictMode( 1652): at android.app.SharedPreferencesImpl.access$100(SharedPreferencesImpl.java:59)
