10-16 09:44:51.025 W/ContextImpl( 1289): Calling a method in the system process without a qualified user: android.app.ContextImpl.sendBroadcast:1173 android.content.ContextWrapper.sendBroadcast:479 com.dangbei.etna.setting.core.SettingHelper.sendCycleToProjector:250 com.dangbei.etna.setting.core.SettingHelper.sendCycleCheckBroadcast:219 com.dangbei.etna.setting.core.SettingHelper.startLoop$lambda-0:177
10-16 09:44:51.028 W/ContextImpl( 1289): Calling a method in the system process without a qualified user: android.app.ContextImpl.sendBroadcast:1173 android.content.ContextWrapper.sendBroadcast:479 com.dangbei.etna.setting.core.SettingHelper.sendCycleToVoice:235 com.dangbei.etna.setting.core.SettingHelper.sendCycleCheckBroadcast:220 com.dangbei.etna.setting.core.SettingHelper.startLoop$lambda-0:177
10-16 09:44:51.030 D/CompatibilityChangeReporter( 522): Compat change id reported: 168419799; UID 10030; state: DISABLED
10-16 09:44:51.033 E/ActivityManager( 522): Sending non-protected broadcast com.dangbei.etna.setting.action_cycle_check_broadcast from system 1289:com.dangbei.lerad.etna.haqu/1000 pkg com.dangbei.lerad.etna.haqu
10-16 09:44:51.033 E/ActivityManager( 522): java.lang.Throwable
10-16 09:44:51.033 E/ActivityManager( 522): at com.android.server.am.ActivityManagerService.checkBroadcastFromSystem(ActivityManagerService.java:12816)
10-16 09:44:51.033 E/ActivityManager( 522): at com.android.server.am.ActivityManagerService.broadcastIntentLocked(ActivityManagerService.java:13513)
10-16 09:44:51.033 E/ActivityManager( 522): at com.android.server.am.ActivityManagerService.broadcastIntentLocked(ActivityManagerService.java:12833)
10-16 09:44:51.033 E/ActivityManager( 522): at com.android.server.am.ActivityManagerService.broadcastIntentWithFeature(ActivityManagerService.java:13670)
10-16 09:44:51.033 E/ActivityManager( 522): at android.app.IActivityManager$Stub.onTransact(IActivityManager.java:2326)
10-16 09:44:51.033 E/ActivityManager( 522): at com.android.server.am.ActivityManagerService.onTransact(ActivityManagerService.java:2509)
10-16 09:44:51.033 E/ActivityManager( 522): at android.os.Binder.execTransactInternal(Binder.java:1179)
10-16 09:44:51.033 E/ActivityManager( 522): at android.os.Binder.execTransact(Binder.java:1143)
10-16 09:44:51.036 I/DropBoxManagerService( 522): add tag=system_server_wtf isTagEnabled=true flags=0x2
10-16 09:44:51.063 D/RockyVoice( 1745): RestartReceiver onReceive
10-16 09:44:51.226 D/hq ( 1777): NetWorkStateReceiver:::检查网络,并且持续更新 isConnect=false
10-16 09:44:51.825 E/dangbei111( 1289): cccccc 有device 正在bonding 暂不开启扫描
10-16 09:44:51.881 W/IorapForwardingService( 522): No service published for: iorapd
10-16 09:44:51.973 D/UtilLog ( 2690): 日志批量上报 进行正常循环 !!!!!!本次有0次请求,共0条数据
10-16 09:44:52.882 W/IorapForwardingService( 522): No service published for: iorapd
10-16 09:44:53.228 D/hq ( 1777): NetWorkStateReceiver:::检查网络,并且持续更新 isConnect=false
10-16 09:44:53.884 W/IorapForwardingService( 522): No service published for: iorapd
10-16 09:44:54.569 I/WifiService( 522): startScan uid=10021
10-16 09:44:54.886 W/IorapForwardingService( 522): No service published for: iorapd
10-16 09:44:55.229 D/hq ( 1777): NetWorkStateReceiver:::检查网络,并且持续更新 isConnect=false
10-16 09:44:55.742 D/WifiNl80211Manager( 522): Scan result ready event
10-16 09:44:55.742 D/WifiNative( 522): Scan result ready event
10-16 09:44:55.750 E/hq ( 1777): NetWorkStateReceiver:::NetWorkStateReceiver onReceive: 网络变化广播 >>>> intent.action=android.net.wifi.SCAN_RESULTS
10-16 09:44:55.751 D/PasspointManager( 522): ANQP entry not found for: 10:7c:61:1a:4b:90:<2.4G>
10-16 09:44:55.752 D/PasspointManager( 522): ANQP entry not found for: 10:7c:61:1a:4b:94:<5G>
10-16 09:44:55.753 E/WifiHAL ( 721): wifi_get_link_stats: requestResponse Error:-5
10-16 09:44:55.755 E/WifiVendorHal( 522): getWifiLinkLayerStats_1_5_Internal(l.1191) failed {.code = ERROR_INVALID_ARGS, .description = }
10-16 09:44:55.761 W/eventbuscore( 1777): post Event:com.dangbei.leard.base.entity.event.NetWifiRssiEvent
10-16 09:44:55.888 W/IorapForwardingService( 522): No service published for: iorapd
10-16 09:44:56.506 I/efs.send_log( 2146): log cann't be send because net status is disconnected
10-16 09:44:56.890 W/IorapForwardingService( 522): No service published for: iorapd
10-16 09:44:57.231 D/hq ( 1777): NetWorkStateReceiver:::检查网络,并且持续更新 isConnect=false
10-16 09:44:57.839 I/DefaultIMS( 3205): onStartInput attribute=android.view.inputmethod.EditorInfo@5b70c17 restarting=false inputType: 0
10-16 09:44:57.893 W/IorapForwardingService( 522): No service published for: iorapd
10-16 09:44:58.048 D/bbb ( 2442): onStartCommand begin !!!!!!! data分区剩余 24997MB
10-16 09:44:58.174 D/hdmi-cec( 262): receive invalid cec message!
10-16 09:44:58.174 D/hdmi-cec( 262): receive poll message [04], skip!
10-16 09:44:58.379 I/BLEAudioDrive_HV410( 249): select timeout!
10-16 09:44:58.895 W/IorapForwardingService( 522): No service published for: iorapd
10-16 09:44:59.232 D/hq ( 1777): NetWorkStateReceiver:::检查网络,并且持续更新 isConnect=false
10-16 09:44:59.897 W/IorapForwardingService( 522): No service published for: iorapd
10-16 09:45:00.898 W/IorapForwardingService( 522): No service published for: iorapd
10-16 09:45:01.234 D/hq ( 1777): NetWorkStateReceiver:::检查网络,并且持续更新 isConnect=false
10-16 09:45:01.900 W/IorapForwardingService( 522): No service published for: iorapd
10-16 09:45:01.982 D/UtilLog ( 2690): 日志批量上报 进行正常循环 !!!!!!本次有0次请求,共0条数据
10-16 09:45:02.902 W/IorapForwardingService( 522): No service published for: iorapd
10-16 09:45:03.235 D/hq ( 1777): NetWorkStateReceiver:::检查网络,并且持续更新 isConnect=false
10-16 09:45:03.903 W/IorapForwardingService( 522): No service published for: iorapd
10-16 09:45:04.905 W/IorapForwardingService( 522): No service published for: iorapd
10-16 09:45:05.236 D/hq ( 1777): NetWorkStateReceiver:::检查网络,并且持续更新 isConnect=false
10-16 09:45:05.906 W/IorapForwardingService( 522): No service published for: iorapd
10-16 09:45:06.539 I/efs.send_log( 2146): log cann't be send because net status is disconnected
10-16 09:45:06.908 W/IorapForwardingService( 522): No service published for: iorapd
10-16 09:45:07.238 D/hq ( 1777): NetWorkStateReceiver:::检查网络,并且持续更新 isConnect=false
10-16 09:45:07.910 W/IorapForwardingService( 522): No service published for: iorapd
10-16 09:45:08.387 I/BLEAudioDrive_HV410( 249): select timeout!
10-16 09:45:08.910 W/IorapForwardingService( 522): No service published for: iorapd
10-16 09:45:09.240 D/hq ( 1777): NetWorkStateReceiver:::检查网络,并且持续更新 isConnect=false
10-16 09:45:09.912 W/IorapForwardingService( 522): No service published for: iorapd
10-16 09:45:10.914 W/IorapForwardingService( 522): No service published for: iorapd
10-16 09:45:11.242 D/hq ( 1777): NetWorkStateReceiver:::检查网络,并且持续更新 isConnect=false
10-16 09:45:11.916 W/IorapForwardingService( 522): No service published for: iorapd
10-16 09:45:11.982 D/UtilLog ( 2690): 日志批量上报 进行正常循环 !!!!!!本次有0次请求,共0条数据
10-16 09:45:12.918 W/IorapForwardingService( 522): No service published for: iorapd
10-16 09:45:13.195 D/hdmi-cec( 262): receive invalid cec message!
10-16 09:45:13.195 D/hdmi-cec( 262): receive poll message [04], skip!
10-16 09:45:13.244 D/hq ( 1777): NetWorkStateReceiver:::检查网络,并且持续更新 isConnect=false
10-16 09:45:13.919 W/IorapForwardingService( 522): No service published for: iorapd
10-16 09:45:14.923 W/IorapForwardingService( 522): No service published for: iorapd
10-16 09:45:15.245 D/hq ( 1777): NetWorkStateReceiver:::检查网络,并且持续更新 isConnect=false
10-16 09:45:15.925 W/IorapForwardingService( 522): No service published for: iorapd
10-16 09:45:16.586 I/efs.send_log( 2146): log cann't be send because net status is disconnected
10-16 09:45:16.927 W/IorapForwardingService( 522): No service published for: iorapd
10-16 09:45:17.247 D/hq ( 1777): NetWorkStateReceiver:::检查网络,并且持续更新 isConnect=false
10-16 09:45:17.292 W/ZramWriteback( 522): Writeback device is not set
10-16 09:45:17.292 D/ZramWriteback( 522): wait to flush
10-16 09:45:17.927 W/IorapForwardingService( 522): No service published for: iorapd
10-16 09:45:18.398 I/BLEAudioDrive_HV410( 249): select timeout!
10-16 09:45:18.929 W/IorapForwardingService( 522): No service published for: iorapd
10-16 09:45:19.248 D/hq ( 1777): NetWorkStateReceiver:::检查网络,并且持续更新 isConnect=false
10-16 09:45:19.931 W/IorapForwardingService( 522): No service published for: iorapd
10-16 09:45:20.931 W/IorapForwardingService( 522): No service published for: iorapd
10-16 09:45:21.250 D/hq ( 1777): NetWorkStateReceiver:::检查网络,并且持续更新 isConnect=false
10-16 09:45:21.932 W/IorapForwardingService( 522): No service published for: iorapd
10-16 09:45:21.980 D/UtilLog ( 2690): 日志批量上报 进行正常循环 !!!!!!本次有0次请求,共0条数据
10-16 09:45:22.934 W/IorapForwardingService( 522): No service published for: iorapd
10-16 09:45:23.251 D/hq ( 1777): NetWorkStateReceiver:::检查网络,并且持续更新 isConnect=false
10-16 09:45:23.935 W/IorapForwardingService( 522): No service published for: iorapd
10-16 09:45:24.937 W/IorapForwardingService( 522): No service published for: iorapd
10-16 09:45:25.253 D/hq ( 1777): NetWorkStateReceiver:::检查网络,并且持续更新 isConnect=false
10-16 09:45:25.818 I/WifiService( 522): startScan uid=10021
10-16 09:45:25.941 W/IorapForwardingService( 522): No service published for: iorapd
10-16 09:45:26.634 I/efs.send_log( 2146): log cann't be send because net status is disconnected
10-16 09:45:26.943 W/IorapForwardingService( 522): No service published for: iorapd
10-16 09:45:26.950 D/WifiNl80211Manager( 522): Scan result ready event
10-16 09:45:26.950 D/WifiNative( 522): Scan result ready event
10-16 09:45:26.960 E/hq ( 1777): NetWorkStateReceiver:::NetWorkStateReceiver onReceive: 网络变化广播 >>>> intent.action=android.net.wifi.SCAN_RESULTS
10-16 09:45:26.963 D/PasspointManager( 522): ANQP entry not found for: 10:7c:61:1a:4b:90:<2.4G>
10-16 09:45:26.964 D/PasspointManager( 522): ANQP entry not found for: 10:7c:61:1a:4b:94:<5G>
10-16 09:45:26.966 E/WifiHAL ( 721): wifi_get_link_stats: requestResponse Error:-5
10-16 09:45:26.967 E/WifiVendorHal( 522): getWifiLinkLayerStats_1_5_Internal(l.1191) failed {.code = ERROR_INVALID_ARGS, .description = }
10-16 09:45:26.974 W/eventbuscore( 1777): post Event:com.dangbei.leard.base.entity.event.NetWifiRssiEvent
10-16 09:45:27.255 D/hq ( 1777): NetWorkStateReceiver:::检查网络,并且持续更新 isConnect=false
10-16 09:45:27.945 W/IorapForwardingService( 522): No service published for: iorapd
10-16 09:45:28.215 D/hdmi-cec( 262): receive invalid cec message!
10-16 09:45:28.215 D/hdmi-cec( 262): receive poll message [04], skip!
10-16 09:45:28.406 I/BLEAudioDrive_HV410( 249): select timeout!
10-16 09:45:28.946 W/IorapForwardingService( 522): No service published for: iorapd
10-16 09:45:29.054 I/DefaultIMS( 3205): onStartInput attribute=android.view.inputmethod.EditorInfo@5695804 restarting=false inputType: 0
10-16 09:45:29.257 D/hq ( 1777): NetWorkStateReceiver:::检查网络,并且持续更新 isConnect=false
10-16 09:45:29.948 W/IorapForwardingService( 522): No service published for: iorapd
10-16 09:45:30.950 W/IorapForwardingService( 522): No service published for: iorapd
10-16 09:45:31.259 D/hq ( 1777): NetWorkStateReceiver:::检查网络,并且持续更新 isConnect=false
10-16 09:45:31.952 W/IorapForwardingService( 522): No service published for: iorapd
10-16 09:45:31.982 D/UtilLog ( 2690): 日志批量上报 进行正常循环 !!!!!!本次有0次请求,共0条数据
10-16 09:45:32.956 W/IorapForwardingService( 522): No service published for: iorapd
10-16 09:45:33.261 D/hq ( 1777): NetWorkStateReceiver:::检查网络,并且持续更新 isConnect=false
10-16 09:45:33.957 W/IorapForwardingService( 522): No service published for: iorapd
10-16 09:45:34.960 W/IorapForwardingService( 522): No service published for: iorapd
10-16 09:45:35.262 D/hq ( 1777): NetWorkStateReceiver:::检查网络,并且持续更新 isConnect=false
10-16 09:45:35.961 W/IorapForwardingService( 522): No service published for: iorapd
10-16 09:45:36.682 I/efs.send_log( 2146): log cann't be send because net status is disconnected
10-16 09:45:36.963 W/IorapForwardingService( 522): No service published for: iorapd
10-16 09:45:37.264 D/hq ( 1777): NetWorkStateReceiver:::检查网络,并且持续更新 isConnect=false
10-16 09:45:37.964 W/IorapForwardingService( 522): No service published for: iorapd
10-16 09:45:38.415 I/BLEAudioDrive_HV410( 249): select timeout!
10-16 09:45:38.966 W/IorapForwardingService( 522): No service published for: iorapd
10-16 09:45:39.266 D/hq ( 1777): NetWorkStateReceiver:::检查网络,并且持续更新 isConnect=false
10-16 09:45:39.968 W/IorapForwardingService( 522): No service published for: iorapd
10-16 09:45:40.969 W/IorapForwardingService( 522): No service published for: iorapd
10-16 09:45:41.267 D/hq ( 1777): NetWorkStateReceiver:::检查网络,并且持续更新 isConnect=false
10-16 09:45:41.972 W/IorapForwardingService( 522): No service published for: iorapd
10-16 09:45:41.983 D/UtilLog ( 2690): 日志批量上报 进行正常循环 !!!!!!本次有0次请求,共0条数据
10-16 09:45:42.975 W/IorapForwardingService( 522): No service published for: iorapd
10-16 09:45:43.236 D/hdmi-cec( 262): receive invalid cec message!
10-16 09:45:43.236 D/hdmi-cec( 262): receive poll message [04], skip!
10-16 09:45:43.268 D/hq ( 1777): NetWorkStateReceiver:::检查网络,并且持续更新 isConnect=false
10-16 09:45:43.975 W/IorapForwardingService( 522): No service published for: iorapd
10-16 09:45:44.977 W/IorapForwardingService( 522): No service published for: iorapd
10-16 09:45:45.269 D/hq ( 1777): NetWorkStateReceiver:::检查网络,并且持续更新 isConnect=false
10-16 09:45:45.978 W/IorapForwardingService( 522): No service published for: iorapd
10-16 09:45:46.732 I/efs.send_log( 2146): log cann't be send because net status is disconnected
10-16 09:45:46.980 W/IorapForwardingService( 522): No service published for: iorapd
10-16 09:45:47.270 D/hq ( 1777): NetWorkStateReceiver:::检查网络,并且持续更新 isConnect=false
10-16 09:45:47.293 W/ZramWriteback( 522): Writeback device is not set
10-16 09:45:47.293 D/ZramWriteback( 522): wait to flush
10-16 09:45:47.982 W/IorapForwardingService( 522): No service published for: iorapd
10-16 09:45:48.425 I/BLEAudioDrive_HV410( 249): select timeout!
10-16 09:45:48.984 W/IorapForwardingService( 522): No service published for: iorapd
10-16 09:45:49.272 D/hq ( 1777): NetWorkStateReceiver:::检查网络,并且持续更新 isConnect=false
10-16 09:45:49.986 W/IorapForwardingService( 522): No service published for: iorapd
10-16 09:45:50.990 W/IorapForwardingService( 522): No service published for: iorapd
10-16 09:45:51.274 D/hq ( 1777): NetWorkStateReceiver:::检查网络,并且持续更新 isConnect=false
10-16 09:45:51.979 D/UtilLog ( 2690): 日志批量上报 进行正常循环 !!!!!!本次有0次请求,共0条数据
10-16 09:45:51.991 W/IorapForwardingService( 522): No service published for: iorapd
10-16 09:45:52.244 E/WifiScoringParams( 522): Invalid frequency(-1), using 5G as default rssi array
10-16 09:45:52.993 W/IorapForwardingService( 522): No service published for: iorapd
10-16 09:45:53.276 D/hq ( 1777): NetWorkStateReceiver:::检查网络,并且持续更新 isConnect=false
10-16 09:45:53.377 D/WifiNl80211Manager( 522): Scan result ready event
10-16 09:45:53.377 D/WifiNative( 522): Scan result ready event
10-16 09:45:53.383 E/hq ( 1777): NetWorkStateReceiver:::NetWorkStateReceiver onReceive: 网络变化广播 >>>> intent.action=android.net.wifi.SCAN_RESULTS
10-16 09:45:53.384 D/PasspointManager( 522): ANQP entry not found for: 10:7c:61:1a:4b:90:<2.4G>
10-16 09:45:53.385 D/PasspointManager( 522): ANQP entry not found for: 10:7c:61:1a:4b:94:<5G>
10-16 09:45:53.387 E/WifiHAL ( 721): wifi_get_link_stats: requestResponse Error:-5
10-16 09:45:53.389 E/WifiVendorHal( 522): getWifiLinkLayerStats_1_5_Internal(l.1191) failed {.code = ERROR_INVALID_ARGS, .description = }
10-16 09:45:53.395 W/eventbuscore( 1777): post Event:com.dangbei.leard.base.entity.event.NetWifiRssiEvent
10-16 09:45:53.995 W/IorapForwardingService( 522): No service published for: iorapd
10-16 09:45:54.995 W/IorapForwardingService( 522): No service published for: iorapd
10-16 09:45:55.278 D/hq ( 1777): NetWorkStateReceiver:::检查网络,并且持续更新 isConnect=false
10-16 09:45:55.997 W/IorapForwardingService( 522): No service published for: iorapd
10-16 09:45:56.770 I/efs.send_log( 2146): log cann't be send because net status is disconnected
10-16 09:45:56.998 W/IorapForwardingService( 522): No service published for: iorapd
10-16 09:45:57.037 I/WifiService( 522): startScan uid=10021
10-16 09:45:57.279 D/hq ( 1777): NetWorkStateReceiver:::检查网络,并且持续更新 isConnect=false
10-16 09:45:58.000 W/IorapForwardingService( 522): No service published for: iorapd
10-16 09:45:58.053 D/bbb ( 2442): onStartCommand begin !!!!!!! data分区剩余 24997MB
10-16 09:45:58.191 D/WifiNl80211Manager( 522): Scan result ready event
10-16 09:45:58.192 D/WifiNative( 522): Scan result ready event
10-16 09:45:58.202 D/PasspointManager( 522): ANQP entry not found for: 10:7c:61:1a:4b:90:<2.4G>
10-16 09:45:58.203 E/hq ( 1777): NetWorkStateReceiver:::NetWorkStateReceiver onReceive: 网络变化广播 >>>> intent.action=android.net.wifi.SCAN_RESULTS
10-16 09:45:58.203 D/PasspointManager( 522): ANQP entry not found for: 10:7c:61:1a:4b:94:<5G>
10-16 09:45:58.207 E/WifiHAL ( 721): wifi_get_link_stats: requestResponse Error:-5
10-16 09:45:58.209 E/WifiVendorHal( 522): getWifiLinkLayerStats_1_5_Internal(l.1191) failed {.code = ERROR_INVALID_ARGS, .description = }
10-16 09:45:58.215 W/eventbuscore( 1777): post Event:com.dangbei.leard.base.entity.event.NetWifiRssiEvent
10-16 09:45:58.258 D/hdmi-cec( 262): receive invalid cec message!
10-16 09:45:58.258 D/hdmi-cec( 262): receive poll message [04], skip!
10-16 09:45:58.434 I/BLEAudioDrive_HV410( 249): select timeout!
10-16 09:45:59.002 W/IorapForwardingService( 522): No service published for: iorapd
10-16 09:45:59.281 D/hq ( 1777): NetWorkStateReceiver:::检查网络,并且持续更新 isConnect=false
10-16 09:46:00.003 W/IorapForwardingService( 522): No service published for: iorapd
10-16 09:46:00.287 I/DefaultIMS( 3205): onStartInput attribute=android.view.inputmethod.EditorInfo@dc3e1ed restarting=false inputType: 0
10-16 09:46:01.004 W/IorapForwardingService( 522): No service published for: iorapd
10-16 09:46:01.282 D/hq ( 1777): NetWorkStateReceiver:::检查网络,并且持续更新 isConnect=false
10-16 09:46:01.955 D/UtilLog ( 2690): 日志批量上报 进行正常循环 !!!!!!本次有0次请求,共0条数据
10-16 09:46:02.007 W/IorapForwardingService( 522): No service published for: iorapd
10-16 09:46:03.008 W/IorapForwardingService( 522): No service published for: iorapd
10-16 09:46:03.283 D/hq ( 1777): NetWorkStateReceiver:::检查网络,并且持续更新 isConnect=false
10-16 09:46:04.010 W/IorapForwardingService( 522): No service published for: iorapd
10-16 09:46:05.011 W/IorapForwardingService( 522): No service published for: iorapd
10-16 09:46:05.284 D/hq ( 1777): NetWorkStateReceiver:::检查网络,并且持续更新 isConnect=false
10-16 09:46:06.013 W/IorapForwardingService( 522): No service published for: iorapd
10-16 09:46:06.818 I/efs.send_log( 2146): log cann't be send because net status is disconnected
10-16 09:46:07.015 W/IorapForwardingService( 522): No service published for: iorapd
10-16 09:46:07.285 D/hq ( 1777): NetWorkStateReceiver:::检查网络,并且持续更新 isConnect=false
10-16 09:46:08.016 W/IorapForwardingService( 522): No service published for: iorapd
10-16 09:46:08.443 I/BLEAudioDrive_HV410( 249): select timeout!
10-16 09:46:09.017 W/IorapForwardingService( 522): No service published for: iorapd
10-16 09:46:09.286 D/hq ( 1777): NetWorkStateReceiver:::检查网络,并且持续更新 isConnect=false
10-16 09:46:10.019 W/IorapForwardingService( 522): No service published for: iorapd
10-16 09:46:11.022 W/IorapForwardingService( 522): No service published for: iorapd
10-16 09:46:11.288 D/hq ( 1777): NetWorkStateReceiver:::检查网络,并且持续更新 isConnect=false
10-16 09:46:11.983 D/UtilLog ( 2690): 日志批量上报 进行正常循环 !!!!!!本次有0次请求,共0条数据
10-16 09:46:12.025 W/IorapForwardingService( 522): No service published for: iorapd
10-16 09:46:13.027 W/IorapForwardingService( 522): No service published for: iorapd
10-16 09:46:13.278 D/hdmi-cec( 262): receive invalid cec message!
10-16 09:46:13.278 D/hdmi-cec( 262): receive poll message [04], skip!
10-16 09:46:13.290 D/hq ( 1777): NetWorkStateReceiver:::检查网络,并且持续更新 isConnect=false
10-16 09:46:14.028 W/IorapForwardingService( 522): No service published for: iorapd
10-16 09:46:15.030 W/IorapForwardingService( 522): No service published for: iorapd
10-16 09:46:15.291 D/hq ( 1777): NetWorkStateReceiver:::检查网络,并且持续更新 isConnect=false
10-16 09:46:16.032 W/IorapForwardingService( 522): No service published for: iorapd
10-16 09:46:16.866 I/efs.send_log( 2146): log cann't be send because net status is disconnected
10-16 09:46:17.034 W/IorapForwardingService( 522): No service published for: iorapd
10-16 09:46:17.293 D/hq ( 1777): NetWorkStateReceiver:::检查网络,并且持续更新 isConnect=false
10-16 09:46:17.294 W/ZramWriteback( 522): Writeback device is not set
10-16 09:46:17.295 D/ZramWriteback( 522): wait to flush
10-16 09:46:18.036 W/IorapForwardingService( 522): No service published for: iorapd
10-16 09:46:18.451 I/BLEAudioDrive_HV410( 249): select timeout!
10-16 09:46:19.038 W/IorapForwardingService( 522): No service published for: iorapd
10-16 09:46:19.295 D/hq ( 1777): NetWorkStateReceiver:::检查网络,并且持续更新 isConnect=false
10-16 09:46:20.040 W/IorapForwardingService( 522): No service published for: iorapd
10-16 09:46:21.042 W/IorapForwardingService( 522): No service published for: iorapd
10-16 09:46:21.296 D/hq ( 1777): NetWorkStateReceiver:::检查网络,并且持续更新 isConnect=false
10-16 09:46:21.982 D/UtilLog ( 2690): 日志批量上报 进行正常循环 !!!!!!本次有0次请求,共0条数据
10-16 09:46:22.044 W/IorapForwardingService( 522): No service published for: iorapd
10-16 09:46:23.046 W/IorapForwardingService( 522): No service published for: iorapd
10-16 09:46:23.297 D/hq ( 1777): NetWorkStateReceiver:::检查网络,并且持续更新 isConnect=false
10-16 09:46:24.048 W/IorapForwardingService( 522): No service published for: iorapd
10-16 09:46:25.050 W/IorapForwardingService( 522): No service published for: iorapd
10-16 09:46:25.298 D/hq ( 1777): NetWorkStateReceiver:::检查网络,并且持续更新 isConnect=false
10-16 09:46:26.051 W/IorapForwardingService( 522): No service published for: iorapd
10-16 09:46:26.914 I/efs.send_log( 2146): log cann't be send because net status is disconnected
10-16 09:46:27.053 W/IorapForwardingService( 522): No service published for: iorapd
10-16 09:46:27.300 D/hq ( 1777): NetWorkStateReceiver:::检查网络,并且持续更新 isConnect=false
10-16 09:46:28.055 W/IorapForwardingService( 522): No service published for: iorapd
10-16 09:46:28.269 I/WifiService( 522): startScan uid=10021
10-16 09:46:28.299 D/hdmi-cec( 262): receive invalid cec message!
10-16 09:46:28.300 D/hdmi-cec( 262): receive poll message [04], skip!
10-16 09:46:28.458 I/BLEAudioDrive_HV410( 249): select timeout!
10-16 09:46:29.057 W/IorapForwardingService( 522): No service published for: iorapd
10-16 09:46:29.301 D/hq ( 1777): NetWorkStateReceiver:::检查网络,并且持续更新 isConnect=false
10-16 09:46:29.401 D/WifiNl80211Manager( 522): Scan result ready event
10-16 09:46:29.401 D/WifiNative( 522): Scan result ready event
10-16 09:46:29.410 E/hq ( 1777): NetWorkStateReceiver:::NetWorkStateReceiver onReceive: 网络变化广播 >>>> intent.action=android.net.wifi.SCAN_RESULTS
10-16 09:46:29.412 D/PasspointManager( 522): ANQP entry not found for: 10:7c:61:1a:4b:90:<2.4G>
10-16 09:46:29.413 D/PasspointManager( 522): ANQP entry not found for: 10:7c:61:1a:4b:94:<5G>
10-16 09:46:29.415 E/WifiHAL ( 721): wifi_get_link_stats: requestResponse Error:-5
10-16 09:46:29.416 E/WifiVendorHal( 522): getWifiLinkLayerStats_1_5_Internal(l.1191) failed {.code = ERROR_INVALID_ARGS, .description = }
10-16 09:46:29.420 W/eventbuscore( 1777): post Event:com.dangbei.leard.base.entity.event.NetWifiRssiEvent
10-16 09:46:30.058 W/IorapForwardingService( 522): No service published for: iorapd
10-16 09:46:31.060 W/IorapForwardingService( 522): No service published for: iorapd
10-16 09:46:31.303 D/hq ( 1777): NetWorkStateReceiver:::检查网络,并且持续更新 isConnect=false
10-16 09:46:31.502 I/DefaultIMS( 3205): onStartInput attribute=android.view.inputmethod.EditorInfo@58b9822 restarting=false inputType: 0
10-16 09:46:31.982 D/UtilLog ( 2690): 日志批量上报 进行正常循环 !!!!!!本次有0次请求,共0条数据
10-16 09:46:32.062 W/IorapForwardingService( 522): No service published for: iorapd
10-16 09:46:33.064 W/IorapForwardingService( 522): No service published for: iorapd
10-16 09:46:33.304 D/hq ( 1777): NetWorkStateReceiver:::检查网络,并且持续更新 isConnect=false
10-16 09:46:34.066 W/IorapForwardingService( 522): No service published for: iorapd
10-16 09:46:35.066 W/IorapForwardingService( 522): No service published for: iorapd
10-16 09:46:35.307 D/hq ( 1777): NetWorkStateReceiver:::检查网络,并且持续更新 isConnect=false
10-16 09:46:36.067 W/IorapForwardingService( 522): No service published for: iorapd
10-16 09:46:36.962 I/efs.send_log( 2146): log cann't be send because net status is disconnected
10-16 09:46:37.070 W/IorapForwardingService( 522): No service published for: iorapd
10-16 09:46:37.309 D/hq ( 1777): NetWorkStateReceiver:::检查网络,并且持续更新 isConnect=false
10-16 09:46:38.070 W/IorapForwardingService( 522): No service published for: iorapd
10-16 09:46:38.466 I/BLEAudioDrive_HV410( 249): select timeout!
10-16 09:46:39.073 W/IorapForwardingService( 522): No service published for: iorapd
10-16 09:46:39.311 D/hq ( 1777): NetWorkStateReceiver:::检查网络,并且持续更新 isConnect=false
10-16 09:46:40.076 W/IorapForwardingService( 522): No service published for: iorapd
10-16 09:46:41.077 W/IorapForwardingService( 522): No service published for: iorapd
10-16 09:46:41.312 D/hq ( 1777): NetWorkStateReceiver:::检查网络,并且持续更新 isConnect=false
10-16 09:46:41.982 D/UtilLog ( 2690): 日志批量上报 进行正常循环 !!!!!!本次有0次请求,共0条数据
10-16 09:46:42.079 W/IorapForwardingService( 522): No service published for: iorapd
10-16 09:46:43.080 W/IorapForwardingService( 522): No service published for: iorapd
10-16 09:46:43.314 D/hq ( 1777): NetWorkStateReceiver:::检查网络,并且持续更新 isConnect=false
10-16 09:46:43.321 D/hdmi-cec( 262): receive invalid cec message!
10-16 09:46:43.321 D/hdmi-cec( 262): receive poll message [04], skip!
10-16 09:46:44.082 W/IorapForwardingService( 522): No service published for: iorapd
10-16 09:46:45.084 W/IorapForwardingService( 522): No service published for: iorapd
10-16 09:46:45.315 D/hq ( 1777): NetWorkStateReceiver:::检查网络,并且持续更新 isConnect=false
10-16 09:46:46.085 W/IorapForwardingService( 522): No service published for: iorapd
10-16 09:46:47.010 I/efs.send_log( 2146): log cann't be send because net status is disconnected
10-16 09:46:47.087 W/IorapForwardingService( 522): No service published for: iorapd
10-16 09:46:47.296 W/ZramWriteback( 522): Writeback device is not set
10-16 09:46:47.296 D/ZramWriteback( 522): wait to flush
10-16 09:46:47.317 D/hq ( 1777): NetWorkStateReceiver:::检查网络,并且持续更新 isConnect=false
10-16 09:46:48.090 W/IorapForwardingService( 522): No service published for: iorapd
10-16 09:46:48.474 I/BLEAudioDrive_HV410( 249): select timeout!
10-16 09:46:49.092 W/IorapForwardingService( 522): No service published for: iorapd
10-16 09:46:49.319 D/hq ( 1777): NetWorkStateReceiver:::检查网络,并且持续更新 isConnect=false
10-16 09:46:50.094 W/IorapForwardingService( 522): No service published for: iorapd
10-16 09:46:51.096 W/IorapForwardingService( 522): No service published for: iorapd
10-16 09:46:51.320 D/hq ( 1777): NetWorkStateReceiver:::检查网络,并且持续更新 isConnect=false
10-16 09:46:51.983 D/UtilLog ( 2690): 日志批量上报 进行正常循环 !!!!!!本次有0次请求,共0条数据
10-16 09:46:52.098 W/IorapForwardingService( 522): No service published for: iorapd
10-16 09:46:52.782 E/CrashHandler( 1777): clear CrashInfo
10-16 09:46:52.782 I/FrameWorkHelper( 1777): setLastCrashInfo:
10-16 09:46:53.099 W/IorapForwardingService( 522): No service published for: iorapd
10-16 09:46:53.322 D/hq ( 1777): NetWorkStateReceiver:::检查网络,并且持续更新 isConnect=false
10-16 09:46:54.101 W/IorapForwardingService( 522): No service published for: iorapd
10-16 09:46:55.102 W/IorapForwardingService( 522): No service published for: iorapd
10-16 09:46:55.324 D/hq ( 1777): NetWorkStateReceiver:::检查网络,并且持续更新 isConnect=false
10-16 09:46:56.104 W/IorapForwardingService( 522): No service published for: iorapd
10-16 09:46:57.050 I/efs.send_log( 2146): log cann't be send because net status is disconnected
10-16 09:46:57.107 W/IorapForwardingService( 522): No service published for: iorapd
10-16 09:46:57.326 D/hq ( 1777): NetWorkStateReceiver:::检查网络,并且持续更新 isConnect=false
10-16 09:46:58.061 D/bbb ( 2442): onStartCommand begin !!!!!!! data分区剩余 24997MB
10-16 09:46:58.110 W/IorapForwardingService( 522): No service published for: iorapd
10-16 09:46:58.343 D/hdmi-cec( 262): receive invalid cec message!
10-16 09:46:58.343 D/hdmi-cec( 262): receive poll message [04], skip!
10-16 09:46:58.483 I/BLEAudioDrive_HV410( 249): select timeout!
10-16 09:46:59.112 W/IorapForwardingService( 522): No service published for: iorapd
10-16 09:46:59.328 D/hq ( 1777): NetWorkStateReceiver:::检查网络,并且持续更新 isConnect=false
10-16 09:46:59.486 I/WifiService( 522): startScan uid=10021
10-16 09:47:00.114 W/IorapForwardingService( 522): No service published for: iorapd
10-16 09:47:00.641 D/WifiNl80211Manager( 522): Scan result ready event
10-16 09:47:00.641 D/WifiNative( 522): Scan result ready event
10-16 09:47:00.649 D/PasspointManager( 522): ANQP entry not found for: 10:7c:61:1a:4b:90:<2.4G>
10-16 09:47:00.650 E/hq ( 1777): NetWorkStateReceiver:::NetWorkStateReceiver onReceive: 网络变化广播 >>>> intent.action=android.net.wifi.SCAN_RESULTS
10-16 09:47:00.650 D/PasspointManager( 522): ANQP entry not found for: 10:7c:61:1a:4b:94:<5G>
10-16 09:47:00.653 E/WifiHAL ( 721): wifi_get_link_stats: requestResponse Error:-5
10-16 09:47:00.653 E/WifiVendorHal( 522): getWifiLinkLayerStats_1_5_Internal(l.1191) failed {.code = ERROR_INVALID_ARGS, .description = }
10-16 09:47:00.661 W/eventbuscore( 1777): post Event:com.dangbei.leard.base.entity.event.NetWifiRssiEvent
10-16 09:47:01.115 W/IorapForwardingService( 522): No service published for: iorapd
10-16 09:47:01.329 D/hq ( 1777): NetWorkStateReceiver:::检查网络,并且持续更新 isConnect=false
10-16 09:47:01.982 D/UtilLog ( 2690): 日志批量上报 进行正常循环 !!!!!!本次有0次请求,共0条数据
10-16 09:47:02.117 W/IorapForwardingService( 522): No service published for: iorapd
10-16 09:47:02.720 I/DefaultIMS( 3205): onStartInput attribute=android.view.inputmethod.EditorInfo@11652b3 restarting=false inputType: 0
10-16 09:47:03.119 W/IorapForwardingService( 522): No service published for: iorapd
10-16 09:47:03.331 D/hq ( 1777): NetWorkStateReceiver:::检查网络,并且持续更新 isConnect=false
10-16 09:47:04.120 W/IorapForwardingService( 522): No service published for: iorapd
10-16 09:47:05.122 W/IorapForwardingService( 522): No service published for: iorapd
10-16 09:47:05.332 D/hq ( 1777): NetWorkStateReceiver:::检查网络,并且持续更新 isConnect=false
10-16 09:47:06.125 W/IorapForwardingService( 522): No service published for: iorapd
10-16 09:47:07.100 I/efs.send_log( 2146): log cann't be send because net status is disconnected
10-16 09:47:07.126 W/IorapForwardingService( 522): No service published for: iorapd
10-16 09:47:07.334 D/hq ( 1777): NetWorkStateReceiver:::检查网络,并且持续更新 isConnect=false
10-16 09:47:08.128 W/IorapForwardingService( 522): No service published for: iorapd
10-16 09:47:08.490 I/BLEAudioDrive_HV410( 249): select timeout!
10-16 09:47:08.832 I/usb 5-1 ( 5634): new low-speed USB device number 2 using sunxi-ohci
10-16 09:47:09.073 D/XM_HIDREAD( 323): add@ add@/devices/platform/soc@3000000/5101400.ohci0-controller/usb5/5-1
10-16 09:47:09.076 I/usb 5-1 ( 5634): New USB device found, idVendor=1a2c, idProduct=2124, bcdDevice= 1.10
10-16 09:47:09.068 I/xiriservice_All( 319): type=1400 audit(0.0:2441): avc: denied { read } for scontext=u:r:init:s0 tcontext=u:r:init:s0 tclass=netlink_kobject_uevent_socket permissive=1
10-16 09:47:09.076 I/usb 5-1 ( 5634): New USB device strings: Mfr=1, Product=2, SerialNumber=0
10-16 09:47:09.076 I/usb 5-1 ( 5634): Product: USB Keyboard
10-16 09:47:09.076 I/usb 5-1 ( 5634): Manufacturer: SEM
10-16 09:47:09.074 D/XM_HIDREAD( 323): add@ add@/devices/platform/soc@3000000/5101400.ohci0-controller/usb5/5-1/5-1:1.0
10-16 09:47:09.081 D/XM_HIDREAD( 323): add@ add@/devices/platform/soc@3000000/5101400.ohci0-controller/usb5/5-1/5-1:1.0/0003:1A2C:2124.0001
10-16 09:47:09.082 D/XM_HIDREAD( 323): add@ add@/devices/platform/soc@3000000/5101400.ohci0-controller/usb5/5-1/wakeup/wakeup26
10-16 09:47:09.083 D/XM_HIDREAD( 323): add@ add@/devices/platform/soc@3000000/5101400.ohci0-controller/usb5/5-1/5-1:1.0/0003:1A2C:2124.0001/input/input2
10-16 09:47:09.089 I/input ( 5634): SEM USB Keyboard as /devices/platform/soc@3000000/5101400.ohci0-controller/usb5/5-1/5-1:1.0/0003:1A2C:2124.0001/input/input2
10-16 09:47:09.130 W/IorapForwardingService( 522): No service published for: iorapd
10-16 09:47:09.142 D/XM_HIDREAD( 323): add@ add@/devices/platform/soc@3000000/5101400.ohci0-controller/usb5/5-1/5-1:1.0/0003:1A2C:2124.0001/input/input2/input2::numlock
10-16 09:47:09.143 D/XM_HIDREAD( 323): add@ add@/devices/platform/soc@3000000/5101400.ohci0-controller/usb5/5-1/5-1:1.0/0003:1A2C:2124.0001/input/input2/input2::capslock
10-16 09:47:09.143 D/XM_HIDREAD( 323): add@ add@/devices/platform/soc@3000000/5101400.ohci0-controller/usb5/5-1/5-1:1.0/0003:1A2C:2124.0001/input/input2/input2::scrolllock
10-16 09:47:09.143 D/XM_HIDREAD( 323): add@ add@/devices/platform/soc@3000000/5101400.ohci0-controller/usb5/5-1/5-1:1.0/0003:1A2C:2124.0001/input/input2/event2
10-16 09:47:09.144 D/XM_HIDREAD( 323): add@ add@/devices/platform/soc@3000000/5101400.ohci0-controller/usb5/5-1/5-1:1.0/0003:1A2C:2124.0001/hidraw/hidraw0
10-16 09:47:09.144 D/XM_HIDREAD( 323): ready open:/dev/hidraw0
10-16 09:47:09.144 D/XM_HIDREAD( 323): open:/dev/hidraw0 resultFD:-1
10-16 09:47:09.144 E/XM_HIDREAD( 323): open hidraw error: No such file or directory, wait to retry...
10-16 09:47:09.150 I/hid-generic 0003( 5634): 1A2C:2124.0001: input,hidraw0: USB HID v1.10 Keyboard [SEM USB Keyboard] on usb-sunxi-ohci-1/input0
10-16 09:47:09.159 I/input ( 5634): SEM USB Keyboard Consumer Control as /devices/platform/soc@3000000/5101400.ohci0-controller/usb5/5-1/5-1:1.1/0003:1A2C:2124.0002/input/input3
10-16 09:47:09.160 I/input ( 5634): SEM USB Keyboard System Control as /devices/platform/soc@3000000/5101400.ohci0-controller/usb5/5-1/5-1:1.1/0003:1A2C:2124.0002/input/input4
10-16 09:47:09.155 D/EventHub( 522): No input device configuration file found for device 'SEM USB Keyboard'.
10-16 09:47:09.156 I/HwBinder:249_3( 249): type=1400 audit(0.0:2442): avc: denied { read write } for name="hidraw0" dev="tmpfs" ino=74593 scontext=u:r:hal_audio_default:s0 tcontext=u:object_r:device:s0 tclass=chr_file permissive=1
10-16 09:47:09.156 I/HwBinder:249_3( 249): type=1400 audit(0.0:2443): avc: denied { open } for path="/dev/hidraw0" dev="tmpfs" ino=74593 scontext=u:r:hal_audio_default:s0 tcontext=u:object_r:device:s0 tclass=chr_file permissive=1
10-16 09:47:09.160 I/BLEAudioDrive_HV410( 249): Raw Name: SEM USB Keyboard
10-16 09:47:09.160 I/BLEAudioDrive_HV410( 249): Raw Info:
10-16 09:47:09.160 I/BLEAudioDrive_HV410( 249): bustype: 3 (USB)
10-16 09:47:09.160 I/BLEAudioDrive_HV410( 249): vendor: 0x1a2c
10-16 09:47:09.160 I/BLEAudioDrive_HV410( 249): product: 0x2124
10-16 09:47:09.160 I/BLEAudioDrive_HV410( 249): next...
10-16 09:47:09.156 I/HwBinder:249_3( 249): type=1400 audit(0.0:2444): avc: denied { ioctl } for path="/dev/hidraw0" dev="tmpfs" ino=74593 ioctlcmd=0x4804 scontext=u:r:hal_audio_default:s0 tcontext=u:object_r:device:s0 tclass=chr_file permissive=1
10-16 09:47:09.165 I/hid-generic 0003( 5634): 1A2C:2124.0002: input,hidraw1: USB HID v1.10 Device [SEM USB Keyboard] on usb-sunxi-ohci-1/input1
10-16 09:47:09.164 D/DONGLE_SERVICE( 319): check_smartctrl_hidraw_node, vid=6700, pid =8484
10-16 09:47:09.164 E/DONGLE_SERVICE( 319): not supported: /dev/hidraw0
10-16 09:47:09.160 I/xiriservice_All( 319): type=1400 audit(0.0:2445): avc: denied { read } for name="hidraw0" dev="tmpfs" ino=74593 scontext=u:r:init:s0 tcontext=u:object_r:device:s0 tclass=chr_file permissive=1
10-16 09:47:09.167 I/EventHub( 522): usingClockIoctl=true
10-16 09:47:09.167 I/EventHub( 522): New device: id=3, fd=377, path='/dev/input/event2', name='SEM USB Keyboard', classes=KEYBOARD | ALPHAKEY | EXTERNAL, configuration='', keyLayout='/system/usr/keylayout/Generic.kl', keyCharacterMap='/system/usr/keychars/Generic.kcm', builtinKeyboard=false,
10-16 09:47:09.168 I/InputReader( 522): Device added: id=4, eventHubId=3, name='SEM USB Keyboard', descriptor='79f53c9bd3486fd915329658701df6b5d8c64d8f',sources=0x00000101
10-16 09:47:09.174 D/UsbHostManager( 522): USB device attached: vidpid 1a2c:2124 mfg/product/ver/serial SEM̈/USB Keyboard/1.10/null hasAudio/HID/Storage: false/true/false
10-16 09:47:09.183 D/UsbDeviceDescriptor( 522): 1 configs
10-16 09:47:09.185 E/DONGLE_SERVICE( 319): xhk open hidraw error: No such file or directory, wait to retry...
10-16 09:47:09.186 D/UsbHostManager( 522): Added device UsbDevice[mName=/dev/bus/usb/005/002,mVendorId=6700,mProductId=8484,mClass=0,mSubclass=0,mProtocol=0,mManufacturerName=SEM̈,mProductName=USB Keyboard,mVersion=1.10,mSerialNumberReader=com.android.server.usb.UsbSerialReader@d3e35d, mHasAudioPlayback=false, mHasAudioCapture=false, mHasMidi=false, mHasVideoCapture=false, mHasVideoPlayback=false, mConfigurations=[
10-16 09:47:09.186 D/UsbHostManager( 522): UsbConfiguration[mId=1,mName=null,mAttributes=160,mMaxPower=49,mInterfaces=[
10-16 09:47:09.186 D/UsbHostManager( 522): UsbInterface[mId=0,mAlternateSetting=0,mName=null,mClass=3,mSubclass=1,mProtocol=1,mEndpoints=[
10-16 09:47:09.186 D/UsbHostManager( 522): UsbEndpoint[mAddress=129,mAttributes=3,mMaxPacketSize=8,mInterval=10]]
10-16 09:47:09.186 D/UsbHostManager( 522): UsbInterface[mId=1,mAlternateSetting=0,mName=null,mClass=3,mSubclass=0,mProtocol=0,mEndpoints=[
10-16 09:47:09.186 D/UsbHostManager( 522): UsbEndpoint[mAddress=130,mAttributes=3,mMaxPacketSize=8,mInterval=10]]]]
10-16 09:47:09.236 E/UsbEventBroadcastReceiver( 2146): onReceive: android.hardware.usb.action.USB_DEVICE_ATTACHED
10-16 09:47:09.239 E/z ( 2146): isUsbCastSupport getModel:DBBOX-A2
10-16 09:47:09.240 E/UsbEventBroadcastReceiver( 2146): return USB_CAST_SWITCH false
10-16 09:47:09.242 D/EventHub( 522): No input device configuration file found for device 'SEM USB Keyboard Consumer Control'.
10-16 09:47:09.244 E/XM_HIDREAD( 323): trying to reopen hidraw: /dev/hidraw0
10-16 09:47:09.244 D/XM_HIDREAD( 323): ready open:/dev/hidraw0
10-16 09:47:09.250 I/BLEAudioDrive_HV410( 249): Raw Name: SEM USB Keyboard
10-16 09:47:09.250 I/BLEAudioDrive_HV410( 249): Raw Info:
10-16 09:47:09.250 I/BLEAudioDrive_HV410( 249): bustype: 3 (USB)
10-16 09:47:09.250 I/BLEAudioDrive_HV410( 249): vendor: 0x1a2c
10-16 09:47:09.250 I/BLEAudioDrive_HV410( 249): product: 0x2124
10-16 09:47:09.250 I/BLEAudioDrive_HV410( 249): next...
10-16 09:47:09.250 D/XM_HIDREAD( 323): open:/dev/hidraw0 resultFD:8
10-16 09:47:09.250 D/XM_HIDREAD( 323): 1 ready ioctl hidrawFD 8
10-16 09:47:09.250 D/XM_HIDREAD( 323): 2 ready ioctl hidrawFD 8
10-16 09:47:09.250 D/XM_HIDREAD( 323): 3 ready ioctl hidrawFD 8
10-16 09:47:09.250 D/XM_HIDREAD( 323): 4 ready ioctl hidrawFD 8
10-16 09:47:09.250 D/XM_HIDREAD( 323): ioctl hidrawFD HIDIOCGRDESC ret 0
10-16 09:47:09.250 D/XM_HIDREAD( 323): dinfo.vendor:6700,dinfo.product:8484
10-16 09:47:09.250 E/XM_HIDREAD( 323): : /dev/hidraw0
10-16 09:47:09.250 D/XM_HIDREAD( 323): add@ add@/devices/platform/soc@3000000/5101400.ohci0-controller/usb5/5-1/5-1:1.1
10-16 09:47:09.250 D/XM_HIDREAD( 323): add@ add@/devices/platform/soc@3000000/5101400.ohci0-controller/usb5/5-1/5-1:1.1/0003:1A2C:2124.0002
10-16 09:47:09.250 D/XM_HIDREAD( 323): add@ add@/devices/platform/soc@3000000/5101400.ohci0-controller/usb5/5-1/5-1:1.1/0003:1A2C:2124.0002/input/input3
10-16 09:47:09.250 D/XM_HIDREAD( 323): add@ add@/devices/platform/soc@3000000/5101400.ohci0-controller/usb5/5-1/5-1:1.1/0003:1A2C:2124.0002/input/input3/event3
10-16 09:47:09.250 D/XM_HIDREAD( 323): add@ add@/devices/platform/soc@3000000/5101400.ohci0-controller/usb5/5-1/5-1:1.1/0003:1A2C:2124.0002/input/input4
10-16 09:47:09.250 D/XM_HIDREAD( 323): add@ add@/devices/platform/soc@3000000/5101400.ohci0-controller/usb5/5-1/5-1:1.1/0003:1A2C:2124.0002/input/input4/event4
10-16 09:47:09.250 D/XM_HIDREAD( 323): add@ add@/devices/platform/soc@3000000/5101400.ohci0-controller/usb5/5-1/5-1:1.1/0003:1A2C:2124.0002/hidraw/hidraw1
10-16 09:47:09.250 D/XM_HIDREAD( 323): ready open:/dev/hidraw1
10-16 09:47:09.250 D/XM_HIDREAD( 323): open:/dev/hidraw1 resultFD:9
10-16 09:47:09.250 D/XM_HIDREAD( 323): 1 ready ioctl hidrawFD 9
10-16 09:47:09.250 D/XM_HIDREAD( 323): 2 ready ioctl hidrawFD 9
10-16 09:47:09.250 D/XM_HIDREAD( 323): 3 ready ioctl hidrawFD 9
10-16 09:47:09.250 D/XM_HIDREAD( 323): 4 ready ioctl hidrawFD 9
10-16 09:47:09.250 D/XM_HIDREAD( 323): ioctl hidrawFD HIDIOCGRDESC ret 0
10-16 09:47:09.250 D/XM_HIDREAD( 323): dinfo.vendor:6700,dinfo.product:8484
10-16 09:47:09.250 E/XM_HIDREAD( 323): : /dev/hidraw1
10-16 09:47:09.250 D/XM_HIDREAD( 323): add@ add@/devices/virtual/wakeup/wakeup27
10-16 09:47:09.254 D/XM_HIDREAD( 323): add@ add@/devices/virtual/wakeup/wakeup28
10-16 09:47:09.258 W/EventHub( 522): Unable to disable kernel key repeat for /dev/input/event3: Function not implemented
10-16 09:47:09.258 I/EventHub( 522): usingClockIoctl=true
10-16 09:47:09.258 I/EventHub( 522): New device: id=4, fd=378, path='/dev/input/event3', name='SEM USB Keyboard Consumer Control', classes=KEYBOARD | DPAD | JOYSTICK | EXTERNAL, configuration='', keyLayout='/system/usr/keylayout/Generic.kl', keyCharacterMap='/system/usr/keychars/Generic.kcm', builtinKeyboard=false,
10-16 09:47:09.259 I/InputReader( 522): Device added: id=5, eventHubId=4, name='SEM USB Keyboard Consumer Control', descriptor='cf88bdfbb2f556513d8a22b4700933b3936da932',sources=0x01000311
10-16 09:47:09.260 D/EventHub( 522): No input device configuration file found for device 'SEM USB Keyboard System Control'.
10-16 09:47:09.267 D/XM_HIDREAD( 323): add@ add@/devices/virtual/wakeup/wakeup29
10-16 09:47:09.267 W/EventHub( 522): Unable to disable kernel key repeat for /dev/input/event4: Function not implemented
10-16 09:47:09.267 I/EventHub( 522): usingClockIoctl=true
10-16 09:47:09.267 I/EventHub( 522): New device: id=5, fd=375, path='/dev/input/event4', name='SEM USB Keyboard System Control', classes=KEYBOARD | EXTERNAL, configuration='', keyLayout='/system/usr/keylayout/Generic.kl', keyCharacterMap='/system/usr/keychars/Generic.kcm', builtinKeyboard=false,
10-16 09:47:09.267 I/InputReader( 522): Device added: id=6, eventHubId=5, name='SEM USB Keyboard System Control', descriptor='10c410601f8938736f39d9cc8305915d3d2427ea',sources=0x00000101
10-16 09:47:09.285 E/DONGLE_SERVICE( 319): xhk trying to reopen hidraw: /dev/hidraw1
10-16 09:47:09.285 D/DONGLE_SERVICE( 319): check_smartctrl_hidraw_node, vid=6700, pid =8484
10-16 09:47:09.285 E/DONGLE_SERVICE( 319): not supported: /dev/hidraw1
10-16 09:47:09.335 D/hq ( 1777): NetWorkStateReceiver:::检查网络,并且持续更新 isConnect=false
10-16 09:47:09.385 W/NotificationHistory( 522): Attempted to add notif for locked/gone/disabled user 0
10-16 09:47:09.388 V/TvNotificationHandler( 748): Notification not added because it isn't relevant for tv
10-16 09:47:10.131 W/IorapForwardingService( 522): No service published for: iorapd
10-16 09:47:11.133 W/IorapForwardingService( 522): No service published for: iorapd
10-16 09:47:11.337 D/hq ( 1777): NetWorkStateReceiver:::检查网络,并且持续更新 isConnect=false
10-16 09:47:11.982 D/UtilLog ( 2690): 日志批量上报 进行正常循环 !!!!!!本次有0次请求,共0条数据
10-16 09:47:12.135 W/IorapForwardingService( 522): No service published for: iorapd
10-16 09:47:13.136 W/IorapForwardingService( 522): No service published for: iorapd
10-16 09:47:13.339 D/hq ( 1777): NetWorkStateReceiver:::检查网络,并且持续更新 isConnect=false
10-16 09:47:13.364 D/hdmi-cec( 262): receive invalid cec message!
10-16 09:47:13.364 D/hdmi-cec( 262): receive poll message [04], skip!
10-16 09:47:14.139 W/IorapForwardingService( 522): No service published for: iorapd
10-16 09:47:15.141 W/IorapForwardingService( 522): No service published for: iorapd
10-16 09:47:15.341 D/hq ( 1777): NetWorkStateReceiver:::检查网络,并且持续更新 isConnect=false
10-16 09:47:16.143 W/IorapForwardingService( 522): No service published for: iorapd
10-16 09:47:17.124 I/efs.send_log( 2146): log cann't be send because net status is disconnected
10-16 09:47:17.145 W/IorapForwardingService( 522): No service published for: iorapd
10-16 09:47:17.248 D/TvWindowManager( 522): key event key = KEYCODE_DPAD_RIGHT down = true
10-16 09:47:17.250 W/SoundPool( 522): Use of stream types is deprecated for operations other than volume control
10-16 09:47:17.250 W/SoundPool( 522): See the documentation of SoundPool() for what to use instead with android.media.AudioAttributes to qualify your playback use case
10-16 09:47:17.254 D/GpioService( 522): mFlickerEnable = true
10-16 09:47:17.267 D/MediaCodecList( 522): codecHandlesFormat: no format, so no extra checks
10-16 09:47:17.269 D/MediaCodecList( 522): codecHandlesFormat: no format, so no extra checks
10-16 09:47:17.269 D/CCodec ( 522): allocate(c2.android.vorbis.decoder)
10-16 09:47:17.270 V/C2Store ( 373): in init
10-16 09:47:17.270 V/C2Store ( 373): loading dll
10-16 09:47:17.271 D/CCodec ( 522): allocate(c2.android.vorbis.decoder)
10-16 09:47:17.273 I/SogouIME( 3205): onKeyDown: keyoCode=22
10-16 09:47:17.273 I/DefaultIMS( 3205): onKeyDown: keyoCode=22
10-16 09:47:17.278 I/CCodec ( 522): Created component [c2.android.vorbis.decoder]
10-16 09:47:17.279 D/CCodecConfig( 522): read media type: audio/vorbis
10-16 09:47:17.280 I/CCodec ( 522): Created component [c2.android.vorbis.decoder]
10-16 09:47:17.281 D/CCodecConfig( 522): read media type: audio/vorbis
10-16 09:47:17.281 D/ReflectedParamUpdater( 522): extent() != 1 for single value type: algo.buffers.max-count.values
10-16 09:47:17.282 D/ReflectedParamUpdater( 522): extent() != 1 for single value type: output.subscribed-indices.values
10-16 09:47:17.282 D/ReflectedParamUpdater( 522): extent() != 1 for single value type: input.buffers.allocator-ids.values
10-16 09:47:17.282 D/ReflectedParamUpdater( 522): extent() != 1 for single value type: output.buffers.allocator-ids.values
10-16 09:47:17.282 D/ReflectedParamUpdater( 522): extent() != 1 for single value type: algo.buffers.allocator-ids.values
10-16 09:47:17.282 D/ReflectedParamUpdater( 522): extent() != 1 for single value type: output.buffers.pool-ids.values
10-16 09:47:17.282 D/ReflectedParamUpdater( 522): extent() != 1 for single value type: algo.buffers.pool-ids.values
10-16 09:47:17.283 D/ReflectedParamUpdater( 522): extent() != 1 for single value type: algo.buffers.max-count.values
10-16 09:47:17.284 D/ReflectedParamUpdater( 522): extent() != 1 for single value type: output.subscribed-indices.values
10-16 09:47:17.284 D/ReflectedParamUpdater( 522): extent() != 1 for single value type: input.buffers.allocator-ids.values
10-16 09:47:17.284 D/ReflectedParamUpdater( 522): extent() != 1 for single value type: output.buffers.allocator-ids.values
10-16 09:47:17.284 D/ReflectedParamUpdater( 522): extent() != 1 for single value type: algo.buffers.allocator-ids.values
10-16 09:47:17.284 D/ReflectedParamUpdater( 522): extent() != 1 for single value type: output.buffers.pool-ids.values
10-16 09:47:17.284 D/ReflectedParamUpdater( 522): extent() != 1 for single value type: algo.buffers.pool-ids.values
10-16 09:47:17.287 I/CCodecConfig( 522): query failed after returning 7 values (BAD_INDEX)
10-16 09:47:17.289 I/CCodecConfig( 522): query failed after returning 7 values (BAD_INDEX)
10-16 09:47:17.290 D/CCodecConfig( 522): c2 config diff is Dict {
10-16 09:47:17.290 D/CCodecConfig( 522): c2::u32 coded.bitrate.value = 64000
10-16 09:47:17.290 D/CCodecConfig( 522): c2::u32 input.buffers.max-size.value = 32768
10-16 09:47:17.290 D/CCodecConfig( 522): c2::u32 input.delay.value = 0
10-16 09:47:17.290 D/CCodecConfig( 522): string input.media-type.value = "audio/vorbis"
10-16 09:47:17.290 D/CCodecConfig( 522): string output.media-type.value = "audio/raw"
10-16 09:47:17.290 D/CCodecConfig( 522): c2::u32 raw.channel-count.value = 1
10-16 09:47:17.290 D/CCodecConfig( 522): c2::u32 raw.sample-rate.value = 48000
10-16 09:47:17.290 D/CCodecConfig( 522): }
10-16 09:47:17.290 D/CCodecConfig( 522): c2 config diff is Dict {
10-16 09:47:17.290 D/CCodecConfig( 522): c2::u32 coded.bitrate.value = 64000
10-16 09:47:17.290 D/CCodecConfig( 522): c2::u32 input.buffers.max-size.value = 32768
10-16 09:47:17.290 D/CCodecConfig( 522): c2::u32 input.delay.value = 0
10-16 09:47:17.290 D/CCodecConfig( 522): string input.media-type.value = "audio/vorbis"
10-16 09:47:17.290 D/CCodecConfig( 522): string output.media-type.value = "audio/raw"
10-16 09:47:17.290 D/CCodecConfig( 522): c2::u32 raw.channel-count.value = 1
10-16 09:47:17.290 D/CCodecConfig( 522): c2::u32 raw.sample-rate.value = 48000
10-16 09:47:17.290 D/CCodecConfig( 522): }
10-16 09:47:17.292 D/CCodec ( 522): [c2.android.vorbis.decoder] buffers are bound to CCodec for this session
10-16 09:47:17.292 D/CCodec ( 522): [c2.android.vorbis.decoder] buffers are bound to CCodec for this session
10-16 09:47:17.292 D/CCodecConfig( 522): no c2 equivalents for durationUs
10-16 09:47:17.292 D/CCodecConfig( 522): no c2 equivalents for durationUs
10-16 09:47:17.292 D/CCodecConfig( 522): no c2 equivalents for track-id
10-16 09:47:17.292 D/CCodecConfig( 522): no c2 equivalents for csd-1
10-16 09:47:17.292 D/CCodecConfig( 522): no c2 equivalents for track-id
10-16 09:47:17.292 D/CCodecConfig( 522): no c2 equivalents for channel-mask
10-16 09:47:17.292 D/CCodecConfig( 522): no c2 equivalents for csd-1
10-16 09:47:17.292 D/CCodecConfig( 522): no c2 equivalents for flags
10-16 09:47:17.292 D/CCodecConfig( 522): no c2 equivalents for channel-mask
10-16 09:47:17.292 D/CCodecConfig( 522): no c2 equivalents for flags
10-16 09:47:17.294 D/CCodecConfig( 522): c2 config diff is c2::u32 coded.bitrate.value = 112000
10-16 09:47:17.294 D/CCodecConfig( 522): c2::u32 raw.channel-count.value = 2
10-16 09:47:17.294 D/CCodecConfig( 522): c2::u32 raw.sample-rate.value = 44100
