10-16 09:41:33.130 I/SettingsState( 522): at com.android.providers.settings.SettingsState.readStateSyncLocked(SettingsState.java:1008)
10-16 09:41:33.130 I/SettingsState( 522): at com.android.providers.settings.SettingsState.(SettingsState.java:283)
10-16 09:41:33.130 I/SettingsState( 522): at com.android.providers.settings.SettingsProvider$SettingsRegistry.ensureSettingsStateLocked(SettingsProvider.java:2884)
10-16 09:41:33.130 I/SettingsState( 522): at com.android.providers.settings.SettingsProvider$SettingsRegistry.migrateLegacySettingsForUserLocked(SettingsProvider.java:3260)
10-16 09:41:33.130 I/SettingsState( 522): at com.android.providers.settings.SettingsProvider$SettingsRegistry.migrateAllLegacySettingsIfNeededLocked(SettingsProvider.java:3226)
10-16 09:41:33.130 I/SettingsState( 522): at com.android.providers.settings.SettingsProvider$SettingsRegistry.access$000(SettingsProvider.java:2667)
10-16 09:41:33.130 I/SettingsState( 522): at com.android.providers.settings.SettingsProvider.onCreate(SettingsProvider.java:396)
10-16 09:41:33.130 I/SettingsState( 522): at android.content.ContentProvider.attachInfo(ContentProvider.java:2404)
10-16 09:41:33.130 I/SettingsState( 522): at android.content.ContentProvider.attachInfo(ContentProvider.java:2374)
10-16 09:41:33.130 I/SettingsState( 522): at android.app.ActivityThread.installProvider(ActivityThread.java:7437)
10-16 09:41:33.130 I/SettingsState( 522): at android.app.ActivityThread.installContentProviders(ActivityThread.java:6954)
10-16 09:41:33.130 I/SettingsState( 522): at android.app.ActivityThread.installSystemProviders(ActivityThread.java:7624)
10-16 09:41:33.130 I/SettingsState( 522): at com.android.server.am.ContentProviderHelper.installSystemProviders(ContentProviderHelper.java:1247)
10-16 09:41:33.130 I/SettingsState( 522): at com.android.server.SystemServer.startOtherServices(SystemServer.java:1507)
10-16 09:41:33.130 I/SettingsState( 522): at com.android.server.SystemServer.run(SystemServer.java:928)
10-16 09:41:33.130 I/SettingsState( 522): at com.android.server.SystemServer.main(SystemServer.java:628)
10-16 09:41:33.130 I/SettingsState( 522): at java.lang.reflect.Method.invoke(Native Method)
10-16 09:41:33.130 I/SettingsState( 522): at com.android.internal.os.RuntimeInit$MethodAndArgsCaller.run(RuntimeInit.java:548)
10-16 09:41:33.130 I/SettingsState( 522): at com.android.internal.os.ZygoteInit.main(ZygoteInit.java:1160)
10-16 09:41:33.130 I/SettingsState( 522): ancestor directory /data/system/users/0 exists
10-16 09:41:33.131 I/SettingsState( 522): ancestor directory /data/system/users/0 permissions: r: true w: true x: true
10-16 09:41:33.131 I/SettingsState( 522): ancestor's parent directory /data/system/users permissions: r: true w: true x: true
10-16 09:41:33.136 D/XiriService( 310): check file name: /data/data/com.android.internal.systemui.navbar.gestural_extra_wide_back/lib
10-16 09:41:33.136 D/XiriService( 310): check file name: /data/data/com.android.internal.systemui.navbar.gestural_extra_wide_back/lib
10-16 09:41:33.137 D/XiriService( 310): check file name: /data/data/com.android.internal.systemui.navbar.gestural_extra_wide_back/lib
10-16 09:41:33.132 I/xiriservice_All( 310): type=1400 audit(0.0:273): avc: denied { search } for name="com.android.internal.systemui.navbar.gestural_extra_wide_back" dev="mmcblk0p25" ino=908 scontext=u:r:init:s0 tcontext=u:object_r:app_data_file:s0:c11,c256,c512,c768 tclass=dir permissive=1
10-16 09:41:33.142 W/SettingsState( 522): No settings state /data/system/users/0/settings_secure.xml
10-16 09:41:33.143 I/SettingsState( 522): directory info for directory/file /data/system/users/0/settings_secure.xml with stacktrace
10-16 09:41:33.143 I/SettingsState( 522): java.lang.Exception
10-16 09:41:33.143 I/SettingsState( 522): at com.android.providers.settings.SettingsState.logSettingsDirectoryInformation(SettingsState.java:877)
10-16 09:41:33.143 I/SettingsState( 522): at com.android.providers.settings.SettingsState.readStateSyncLocked(SettingsState.java:1008)
10-16 09:41:33.143 I/SettingsState( 522): at com.android.providers.settings.SettingsState.(SettingsState.java:283)
10-16 09:41:33.143 I/SettingsState( 522): at com.android.providers.settings.SettingsProvider$SettingsRegistry.ensureSettingsStateLocked(SettingsProvider.java:2884)
10-16 09:41:33.143 I/SettingsState( 522): at com.android.providers.settings.SettingsProvider$SettingsRegistry.migrateLegacySettingsForUserLocked(SettingsProvider.java:3269)
10-16 09:41:33.143 I/SettingsState( 522): at com.android.providers.settings.SettingsProvider$SettingsRegistry.migrateAllLegacySettingsIfNeededLocked(SettingsProvider.java:3226)
10-16 09:41:33.143 I/SettingsState( 522): at com.android.providers.settings.SettingsProvider$SettingsRegistry.access$000(SettingsProvider.java:2667)
10-16 09:41:33.143 I/SettingsState( 522): at com.android.providers.settings.SettingsProvider.onCreate(SettingsProvider.java:396)
10-16 09:41:33.143 I/SettingsState( 522): at android.content.ContentProvider.attachInfo(ContentProvider.java:2404)
10-16 09:41:33.143 I/SettingsState( 522): at android.content.ContentProvider.attachInfo(ContentProvider.java:2374)
10-16 09:41:33.143 I/SettingsState( 522): at android.app.ActivityThread.installProvider(ActivityThread.java:7437)
10-16 09:41:33.143 I/SettingsState( 522): at android.app.ActivityThread.installContentProviders(ActivityThread.java:6954)
10-16 09:41:33.143 I/SettingsState( 522): at android.app.ActivityThread.installSystemProviders(ActivityThread.java:7624)
10-16 09:41:33.143 I/SettingsState( 522): at com.android.server.am.ContentProviderHelper.installSystemProviders(ContentProviderHelper.java:1247)
10-16 09:41:33.143 I/SettingsState( 522): at com.android.server.SystemServer.startOtherServices(SystemServer.java:1507)
10-16 09:41:33.143 I/SettingsState( 522): at com.android.server.SystemServer.run(SystemServer.java:928)
10-16 09:41:33.143 I/SettingsState( 522): at com.android.server.SystemServer.main(SystemServer.java:628)
10-16 09:41:33.143 I/SettingsState( 522): at java.lang.reflect.Method.invoke(Native Method)
10-16 09:41:33.143 I/SettingsState( 522): at com.android.internal.os.RuntimeInit$MethodAndArgsCaller.run(RuntimeInit.java:548)
10-16 09:41:33.143 I/SettingsState( 522): at com.android.internal.os.ZygoteInit.main(ZygoteInit.java:1160)
10-16 09:41:33.143 I/SettingsState( 522): ancestor directory /data/system/users/0 exists
10-16 09:41:33.143 D/XiriService( 310): check file name: /data/data/com.android.internal.systemui.navbar.gestural_extra_wide_back/lib
10-16 09:41:33.143 I/SettingsState( 522): ancestor directory /data/system/users/0 permissions: r: true w: true x: true
10-16 09:41:33.143 D/XiriService( 310): check file name: /data/data/com.android.internal.systemui.navbar.gestural_extra_wide_back/lib
10-16 09:41:33.143 I/SettingsState( 522): ancestor's parent directory /data/system/users permissions: r: true w: true x: true
10-16 09:41:33.146 D/SettingsProvider( 522): Generated and saved new ANDROID_ID [665caba3888fb370] for user 0
10-16 09:41:33.149 D/XiriService( 310): check file name: /data/data/com.dangbei.leard.leradlauncher/lib
10-16 09:41:33.149 D/XiriService( 310): check file name: /data/data/com.dangbei.leard.leradlauncher/lib
10-16 09:41:33.151 D/XiriService( 310): check file name: /data/data/com.dangbei.leard.leradlauncher/lib
10-16 09:41:33.152 W/SettingsState( 522): No settings state /data/system/users/0/settings_global.xml
10-16 09:41:33.152 I/SettingsState( 522): directory info for directory/file /data/system/users/0/settings_global.xml with stacktrace
10-16 09:41:33.152 I/SettingsState( 522): java.lang.Exception
10-16 09:41:33.152 I/SettingsState( 522): at com.android.providers.settings.SettingsState.logSettingsDirectoryInformation(SettingsState.java:877)
10-16 09:41:33.152 I/SettingsState( 522): at com.android.providers.settings.SettingsState.readStateSyncLocked(SettingsState.java:1008)
10-16 09:41:33.152 I/SettingsState( 522): at com.android.providers.settings.SettingsState.(SettingsState.java:283)
10-16 09:41:33.152 I/SettingsState( 522): at com.android.providers.settings.SettingsProvider$SettingsRegistry.ensureSettingsStateLocked(SettingsProvider.java:2884)
10-16 09:41:33.152 I/SettingsState( 522): at com.android.providers.settings.SettingsProvider$SettingsRegistry.migrateLegacySettingsForUserLocked(SettingsProvider.java:3280)
10-16 09:41:33.152 I/SettingsState( 522): at com.android.providers.settings.SettingsProvider$SettingsRegistry.migrateAllLegacySettingsIfNeededLocked(SettingsProvider.java:3226)
10-16 09:41:33.152 I/SettingsState( 522): at com.android.providers.settings.SettingsProvider$SettingsRegistry.access$000(SettingsProvider.java:2667)
10-16 09:41:33.152 I/SettingsState( 522): at com.android.providers.settings.SettingsProvider.onCreate(SettingsProvider.java:396)
10-16 09:41:33.152 I/SettingsState( 522): at android.content.ContentProvider.attachInfo(ContentProvider.java:2404)
10-16 09:41:33.152 I/SettingsState( 522): at android.content.ContentProvider.attachInfo(ContentProvider.java:2374)
10-16 09:41:33.152 I/SettingsState( 522): at android.app.ActivityThread.installProvider(ActivityThread.java:7437)
10-16 09:41:33.152 I/SettingsState( 522): at android.app.ActivityThread.installContentProviders(ActivityThread.java:6954)
10-16 09:41:33.152 I/SettingsState( 522): at android.app.ActivityThread.installSystemProviders(ActivityThread.java:7624)
10-16 09:41:33.152 I/SettingsState( 522): at com.android.server.am.ContentProviderHelper.installSystemProviders(ContentProviderHelper.java:1247)
10-16 09:41:33.152 I/SettingsState( 522): at com.android.server.SystemServer.startOtherServices(SystemServer.java:1507)
10-16 09:41:33.152 I/SettingsState( 522): at com.android.server.SystemServer.run(SystemServer.java:928)
10-16 09:41:33.152 I/SettingsState( 522): at com.android.server.SystemServer.main(SystemServer.java:628)
10-16 09:41:33.152 I/SettingsState( 522): at java.lang.reflect.Method.invoke(Native Method)
10-16 09:41:33.152 I/SettingsState( 522): at com.android.internal.os.RuntimeInit$MethodAndArgsCaller.run(RuntimeInit.java:548)
10-16 09:41:33.152 I/SettingsState( 522): at com.android.internal.os.ZygoteInit.main(ZygoteInit.java:1160)
10-16 09:41:33.152 I/SettingsState( 522): ancestor directory /data/system/users/0 exists
10-16 09:41:33.152 I/SettingsState( 522): ancestor directory /data/system/users/0 permissions: r: true w: true x: true
10-16 09:41:33.152 I/SettingsState( 522): ancestor's parent directory /data/system/users permissions: r: true w: true x: true
10-16 09:41:33.154 D/XiriService( 310): check file name: /data/data/com.dangbei.leard.leradlauncher/lib
10-16 09:41:33.154 D/XiriService( 310): check file name: /data/data/com.dangbei.leard.leradlauncher/lib
10-16 09:41:33.159 D/XiriService( 310): check file name: /data/data/com.android.sharedstoragebackup/lib
10-16 09:41:33.159 D/XiriService( 310): check file name: /data/data/com.android.sharedstoragebackup/lib
10-16 09:41:33.160 D/XiriService( 310): check file name: /data/data/com.android.sharedstoragebackup/lib
10-16 09:41:33.165 D/XiriService( 310): check file name: /data/data/com.android.sharedstoragebackup/lib
10-16 09:41:33.165 D/XiriService( 310): check file name: /data/data/com.android.sharedstoragebackup/lib
10-16 09:41:33.167 D/SettingsProvider( 522): Setting [] as Autofill Service for user 0
10-16 09:41:33.172 D/XiriService( 310): check file name: /data/data/com.android.printspooler/lib
10-16 09:41:33.173 D/XiriService( 310): check file name: /data/data/com.android.printspooler/lib
10-16 09:41:33.174 D/XiriService( 310): check file name: /data/data/com.android.printspooler/lib
10-16 09:41:33.172 I/xiriservice_All( 310): type=1400 audit(0.0:274): avc: denied { search } for name="com.android.printspooler" dev="mmcblk0p25" ino=935 scontext=u:r:init:s0 tcontext=u:object_r:app_data_file:s0:c39,c256,c512,c768 tclass=dir permissive=1
10-16 09:41:33.178 D/XiriService( 310): check file name: /data/data/com.android.printspooler/lib
10-16 09:41:33.178 D/XiriService( 310): check file name: /data/data/com.android.printspooler/lib
10-16 09:41:33.185 D/XiriService( 310): check file name: /data/data/com.android.dreams.basic/lib
10-16 09:41:33.185 D/XiriService( 310): check file name: /data/data/com.android.dreams.basic/lib
10-16 09:41:33.187 D/XiriService( 310): check file name: /data/data/com.android.dreams.basic/lib
10-16 09:41:33.184 I/xiriservice_All( 310): type=1400 audit(0.0:275): avc: denied { search } for name="com.android.dreams.basic" dev="mmcblk0p25" ino=945 scontext=u:r:init:s0 tcontext=u:object_r:app_data_file:s0:c51,c256,c512,c768 tclass=dir permissive=1
10-16 09:41:33.189 W/SettingsState( 522): No settings state /data/system/users/0/settings_config.xml
10-16 09:41:33.189 I/SettingsState( 522): directory info for directory/file /data/system/users/0/settings_config.xml with stacktrace
10-16 09:41:33.189 I/SettingsState( 522): java.lang.Exception
10-16 09:41:33.189 I/SettingsState( 522): at com.android.providers.settings.SettingsState.logSettingsDirectoryInformation(SettingsState.java:877)
10-16 09:41:33.189 I/SettingsState( 522): at com.android.providers.settings.SettingsState.readStateSyncLocked(SettingsState.java:1008)
10-16 09:41:33.189 I/SettingsState( 522): at com.android.providers.settings.SettingsState.(SettingsState.java:283)
10-16 09:41:33.189 I/SettingsState( 522): at com.android.providers.settings.SettingsProvider$SettingsRegistry.ensureSettingsStateLocked(SettingsProvider.java:2884)
10-16 09:41:33.189 I/SettingsState( 522): at com.android.providers.settings.SettingsProvider$SettingsRegistry.ensureSettingsForUserLocked(SettingsProvider.java:2849)
10-16 09:41:33.189 I/SettingsState( 522): at com.android.providers.settings.SettingsProvider$SettingsRegistry.peekSettingsStateLocked(SettingsProvider.java:3201)
10-16 09:41:33.189 I/SettingsState( 522): at com.android.providers.settings.SettingsProvider$SettingsRegistry.getSettingsNamesLocked(SettingsProvider.java:2814)
10-16 09:41:33.189 I/SettingsState( 522): at com.android.providers.settings.SettingsProvider$SettingsRegistry.syncSsaidTableOnStartLocked(SettingsProvider.java:2797)
10-16 09:41:33.189 I/SettingsState( 522): at com.android.providers.settings.SettingsProvider$SettingsRegistry.access$100(SettingsProvider.java:2667)
10-16 09:41:33.189 I/SettingsState( 522): at com.android.providers.settings.SettingsProvider.onCreate(SettingsProvider.java:397)
10-16 09:41:33.189 I/SettingsState( 522): at android.content.ContentProvider.attachInfo(ContentProvider.java:2404)
10-16 09:41:33.189 I/SettingsState( 522): at android.content.ContentProvider.attachInfo(ContentProvider.java:2374)
10-16 09:41:33.189 I/SettingsState( 522): at android.app.ActivityThread.installProvider(ActivityThread.java:7437)
10-16 09:41:33.189 I/SettingsState( 522): at android.app.ActivityThread.installContentProviders(ActivityThread.java:6954)
10-16 09:41:33.189 I/SettingsState( 522): at android.app.ActivityThread.installSystemProviders(ActivityThread.java:7624)
10-16 09:41:33.189 I/SettingsState( 522): at com.android.server.am.ContentProviderHelper.installSystemProviders(ContentProviderHelper.java:1247)
10-16 09:41:33.189 I/SettingsState( 522): at com.android.server.SystemServer.startOtherServices(SystemServer.java:1507)
10-16 09:41:33.189 I/SettingsState( 522): at com.android.server.SystemServer.run(SystemServer.java:928)
10-16 09:41:33.189 I/SettingsState( 522): at com.android.server.SystemServer.main(SystemServer.java:628)
10-16 09:41:33.189 I/SettingsState( 522): at java.lang.reflect.Method.invoke(Native Method)
10-16 09:41:33.189 I/SettingsState( 522): at com.android.internal.os.RuntimeInit$MethodAndArgsCaller.run(RuntimeInit.java:548)
10-16 09:41:33.189 I/SettingsState( 522): at com.android.internal.os.ZygoteInit.main(ZygoteInit.java:1160)
10-16 09:41:33.189 I/SettingsState( 522): ancestor directory /data/system/users/0 exists
10-16 09:41:33.189 I/SettingsState( 522): ancestor directory /data/system/users/0 permissions: r: true w: true x: true
10-16 09:41:33.189 I/SettingsState( 522): ancestor's parent directory /data/system/users permissions: r: true w: true x: true
10-16 09:41:33.190 D/XiriService( 310): check file name: /data/data/com.android.dreams.basic/lib
10-16 09:41:33.190 D/XiriService( 310): check file name: /data/data/com.android.dreams.basic/lib
10-16 09:41:33.190 W/SettingsState( 522): No settings state /data/system/users/0/settings_ssaid.xml
10-16 09:41:33.191 I/SettingsState( 522): directory info for directory/file /data/system/users/0/settings_ssaid.xml with stacktrace
10-16 09:41:33.191 I/SettingsState( 522): java.lang.Exception
10-16 09:41:33.191 I/SettingsState( 522): at com.android.providers.settings.SettingsState.logSettingsDirectoryInformation(SettingsState.java:877)
10-16 09:41:33.191 I/SettingsState( 522): at com.android.providers.settings.SettingsState.readStateSyncLocked(SettingsState.java:1008)
10-16 09:41:33.191 I/SettingsState( 522): at com.android.providers.settings.SettingsState.(SettingsState.java:283)
10-16 09:41:33.191 I/SettingsState( 522): at com.android.providers.settings.SettingsProvider$SettingsRegistry.ensureSettingsStateLocked(SettingsProvider.java:2884)
10-16 09:41:33.191 I/SettingsState( 522): at com.android.providers.settings.SettingsProvider$SettingsRegistry.ensureSettingsForUserLocked(SettingsProvider.java:2872)
10-16 09:41:33.191 I/SettingsState( 522): at com.android.providers.settings.SettingsProvider$SettingsRegistry.peekSettingsStateLocked(SettingsProvider.java:3201)
10-16 09:41:33.191 I/SettingsState( 522): at com.android.providers.settings.SettingsProvider$SettingsRegistry.getSettingsNamesLocked(SettingsProvider.java:2814)
10-16 09:41:33.191 I/SettingsState( 522): at com.android.providers.settings.SettingsProvider$SettingsRegistry.syncSsaidTableOnStartLocked(SettingsProvider.java:2797)
10-16 09:41:33.191 I/SettingsState( 522): at com.android.providers.settings.SettingsProvider$SettingsRegistry.access$100(SettingsProvider.java:2667)
10-16 09:41:33.191 I/SettingsState( 522): at com.android.providers.settings.SettingsProvider.onCreate(SettingsProvider.java:397)
10-16 09:41:33.191 I/SettingsState( 522): at android.content.ContentProvider.attachInfo(ContentProvider.java:2404)
10-16 09:41:33.191 I/SettingsState( 522): at android.content.ContentProvider.attachInfo(ContentProvider.java:2374)
10-16 09:41:33.191 I/SettingsState( 522): at android.app.ActivityThread.installProvider(ActivityThread.java:7437)
10-16 09:41:33.191 I/SettingsState( 522): at android.app.ActivityThread.installContentProviders(ActivityThread.java:6954)
10-16 09:41:33.191 I/SettingsState( 522): at android.app.ActivityThread.installSystemProviders(ActivityThread.java:7624)
10-16 09:41:33.191 I/SettingsState( 522): at com.android.server.am.ContentProviderHelper.installSystemProviders(ContentProviderHelper.java:1247)
10-16 09:41:33.191 I/SettingsState( 522): at com.android.server.SystemServer.startOtherServices(SystemServer.java:1507)
10-16 09:41:33.191 I/SettingsState( 522): at com.android.server.SystemServer.run(SystemServer.java:928)
10-16 09:41:33.191 I/SettingsState( 522): at com.android.server.SystemServer.main(SystemServer.java:628)
10-16 09:41:33.191 I/SettingsState( 522): at java.lang.reflect.Method.invoke(Native Method)
10-16 09:41:33.191 I/SettingsState( 522): at com.android.internal.os.RuntimeInit$MethodAndArgsCaller.run(RuntimeInit.java:548)
10-16 09:41:33.191 I/SettingsState( 522): at com.android.internal.os.ZygoteInit.main(ZygoteInit.java:1160)
10-16 09:41:33.191 I/SettingsState( 522): ancestor directory /data/system/users/0 exists
10-16 09:41:33.191 I/SettingsState( 522): ancestor directory /data/system/users/0 permissions: r: true w: true x: true
10-16 09:41:33.191 I/SettingsState( 522): ancestor's parent directory /data/system/users permissions: r: true w: true x: true
10-16 09:41:33.196 D/XiriService( 310): check file name: /data/data/com.android.webview/lib
10-16 09:41:33.196 D/XiriService( 310): check file name: /data/data/com.android.webview/lib
10-16 09:41:33.197 D/XiriService( 310): check file name: /data/data/com.android.webview/lib
10-16 09:41:33.192 I/xiriservice_All( 310): type=1400 audit(0.0:276): avc: denied { search } for name="com.android.webview" dev="mmcblk0p25" ino=953 scontext=u:r:init:s0 tcontext=u:object_r:app_data_file:s0:c60,c256,c512,c768 tclass=dir permissive=1
10-16 09:41:33.201 D/XiriService( 310): check file name: /data/data/com.android.webview/lib
10-16 09:41:33.201 D/XiriService( 310): check file name: /data/data/com.android.webview/lib
10-16 09:41:33.207 D/XiriService( 310): check file name: /data/data/com.android.se/lib
10-16 09:41:33.207 D/XiriService( 310): check file name: /data/data/com.android.se/lib
10-16 09:41:33.209 D/XiriService( 310): check file name: /data/data/com.android.se/lib
10-16 09:41:33.209 D/XiriService( 310): check file name: /data/data/com.android.se/lib
10-16 09:41:33.211 D/ActivityManager( 522): Freezer enabled
10-16 09:41:33.211 D/ActivityManager( 522): freezer override set to false
10-16 09:41:33.212 I/SystemServerTiming( 522): StartDropBoxManager
10-16 09:41:33.212 I/SystemServiceManager( 522): Starting com.android.server.DropBoxManagerService
10-16 09:41:33.212 D/XiriService( 310): check file name: /data/data/com.android.tv/lib
10-16 09:41:33.212 D/XiriService( 310): check file name: /data/data/com.android.tv/lib
10-16 09:41:33.213 I/SystemServerTiming( 522): StartRoleManagerService
10-16 09:41:33.213 D/XiriService( 310): check file name: /data/data/com.android.tv/lib
10-16 09:41:33.214 I/SystemServiceManager( 522): Starting com.android.role.RoleService
10-16 09:41:33.217 D/XiriService( 310): check file name: /data/data/com.android.tv/lib
10-16 09:41:33.217 D/XiriService( 310): check file name: /data/data/com.android.tv/lib
10-16 09:41:33.219 I/SystemServerTiming( 522): StartVibratorManagerService
10-16 09:41:33.219 I/SystemServiceManager( 522): Starting com.android.server.vibrator.VibratorManagerService$Lifecycle
10-16 09:41:33.222 D/XiriService( 310): check file name: /data/data/com.android.bips/lib
10-16 09:41:33.222 D/XiriService( 310): check file name: /data/data/com.android.bips/lib
10-16 09:41:33.223 D/XiriService( 310): check file name: /data/data/com.android.bips/lib
10-16 09:41:33.224 E/servicemanager( 181): Could not find android.hardware.vibrator.IVibratorManager/default in the VINTF manifest.
10-16 09:41:33.225 E/servicemanager( 181): Could not find android.hardware.vibrator.IVibrator/default in the VINTF manifest.
10-16 09:41:33.225 I/hwservicemanager( 182): getTransport: Cannot find entry android.hardware.vibrator@1.0::IVibrator/default in either framework or device VINTF manifest.
10-16 09:41:33.227 D/XiriService( 310): check file name: /data/data/com.android.bips/lib
10-16 09:41:33.227 D/XiriService( 310): check file name: /data/data/com.android.bips/lib
10-16 09:41:33.227 I/SystemServerTiming( 522): StartDynamicSystemService
10-16 09:41:33.228 I/SystemServerTiming( 522): StartConsumerIrService
10-16 09:41:33.228 I/hwservicemanager( 182): getTransport: Cannot find entry android.hardware.ir@1.0::IConsumerIr/default in either framework or device VINTF manifest.
10-16 09:41:33.229 I/SystemServerTiming( 522): StartAlarmManagerService
10-16 09:41:33.230 I/SystemServiceManager( 522): Starting com.android.server.alarm.AlarmManagerService
10-16 09:41:33.232 D/XiriService( 310): check file name: /data/data/com.oranth.inputmacsn/lib
10-16 09:41:33.232 D/XiriService( 310): check file name: /data/data/com.oranth.inputmacsn/lib
10-16 09:41:33.233 D/XiriService( 310): check file name: /data/data/com.oranth.inputmacsn/lib
10-16 09:41:33.228 I/xiriservice_All( 319): type=1400 audit(0.0:277): avc: denied { read } for scontext=u:r:init:s0 tcontext=u:r:init:s0 tclass=netlink_kobject_uevent_socket permissive=1
10-16 09:41:33.233 D/XM_HIDREAD( 323): add@ add@/devices/virtual/wakeup/wakeup13
10-16 09:41:33.236 D/XM_HIDREAD( 323): add@ add@/devices/virtual/wakeup/wakeup14
10-16 09:41:33.236 D/XM_HIDREAD( 323): add@ add@/devices/virtual/wakeup/wakeup15
10-16 09:41:33.236 D/XM_HIDREAD( 323): add@ add@/devices/virtual/wakeup/wakeup16
10-16 09:41:33.236 D/XM_HIDREAD( 323): add@ add@/devices/virtual/wakeup/wakeup17
10-16 09:41:33.236 D/XM_HIDREAD( 323): add@ add@/devices/virtual/wakeup/wakeup18
10-16 09:41:33.236 D/XiriService( 310): check file name: /data/data/com.oranth.inputmacsn/lib
10-16 09:41:33.237 D/XiriService( 310): check file name: /data/data/com.oranth.inputmacsn/lib
10-16 09:41:33.237 D/AlarmManagerService( 522): Kernel timezone updated to -480 minutes west of GMT
10-16 09:41:33.238 D/CompatibilityChangeReporter( 522): Compat change id reported: 160794467; UID 1000; state: ENABLED
10-16 09:41:33.242 D/XM_HIDREAD( 323): add@ add@/devices/virtual/wakeup/wakeup19
10-16 09:41:33.243 I/SystemServerTiming( 522): StartInputManagerService
10-16 09:41:33.243 D/XiriService( 310): check file name: /data/data/com.android.musicfx/lib
10-16 09:41:33.244 I/InputManager( 522): Initializing input manager, mUseDevInputEventForAudioJack=true
10-16 09:41:33.244 D/XiriService( 310): check file name: /data/data/com.android.musicfx/lib
10-16 09:41:33.246 I/ServiceManager( 242): Waiting for service 'statscompanion' on '/dev/binder'...
10-16 09:41:33.247 D/XM_HIDREAD( 323): add@ add@/devices/virtual/wakeup/wakeup20
10-16 09:41:33.247 D/XM_HIDREAD( 323): add@ add@/devices/virtual/wakeup/wakeup21
10-16 09:41:33.247 D/XM_HIDREAD( 323): add@ add@/devices/virtual/wakeup/wakeup22
10-16 09:41:33.249 D/XiriService( 310): check file name: /data/data/com.android.musicfx/lib
10-16 09:41:33.249 D/XiriService( 310): check file name: /data/data/com.android.musicfx/lib
10-16 09:41:33.251 I/SystemServerTiming( 522): DeviceStateManagerService
10-16 09:41:33.251 I/SystemServiceManager( 522): Starting com.android.server.devicestate.DeviceStateManagerService
10-16 09:41:33.256 D/XiriService( 310): check file name: /data/data/com.dangbei.hqguide/lib
10-16 09:41:33.256 D/XiriService( 310): check file name: /data/data/com.dangbei.hqguide/lib
10-16 09:41:33.257 I/SystemServerTiming( 522): StartCameraServiceProxy
10-16 09:41:33.257 I/SystemServiceManager( 522): Starting com.android.server.camera.CameraServiceProxy
10-16 09:41:33.257 D/XiriService( 310): check file name: /data/data/com.dangbei.hqguide/lib
10-16 09:41:33.259 I/SystemServerTiming( 522): StartWindowManagerService
10-16 09:41:33.259 I/SystemServiceManager( 522): Starting phase 200
10-16 09:41:33.259 I/SystemServerTiming( 522): OnBootPhase_200
10-16 09:41:33.261 D/XiriService( 310): check file name: /data/data/com.dangbei.hqguide/lib
10-16 09:41:33.261 D/XiriService( 310): check file name: /data/data/com.dangbei.hqguide/lib
10-16 09:41:33.262 I/WindowManager( 522): No existing display settings, starting empty
10-16 09:41:33.262 I/WindowManager( 522): No existing display settings, starting empty
10-16 09:41:33.266 D/XiriService( 310): check file name: /data/data/com.android.onetimeinitializer/lib
10-16 09:41:33.266 D/XiriService( 310): check file name: /data/data/com.android.onetimeinitializer/lib
10-16 09:41:33.268 D/XiriService( 310): check file name: /data/data/com.android.onetimeinitializer/lib
10-16 09:41:33.269 I/WindowTracing( 522): Setting window tracing log level to 1
10-16 09:41:33.269 I/WindowTracing( 522): Setting window tracing buffer capacity to 2097152bytes
10-16 09:41:33.271 D/XiriService( 310): check file name: /data/data/com.android.onetimeinitializer/lib
10-16 09:41:33.271 D/XiriService( 310): check file name: /data/data/com.android.onetimeinitializer/lib
10-16 09:41:33.277 D/XiriService( 310): check file name: /data/data/com.android.keychain/lib
10-16 09:41:33.277 D/XiriService( 310): check file name: /data/data/com.android.keychain/lib
10-16 09:41:33.279 D/XiriService( 310): check file name: /data/data/com.android.keychain/lib
10-16 09:41:33.280 I/SystemServerTiming( 522): SetWindowManagerService
10-16 09:41:33.282 D/XiriService( 310): check file name: /data/data/com.android.keychain/lib
10-16 09:41:33.282 D/XiriService( 310): check file name: /data/data/com.android.keychain/lib
10-16 09:41:33.288 I/InputDispatcher( 522): Created monitor PointerEventDispatcher0 for display 0, gesture=false, pid=522
10-16 09:41:33.290 D/XiriService( 310): check file name: /data/data/com.android.printservice.recommendation/lib
10-16 09:41:33.290 D/XiriService( 310): check file name: /data/data/com.android.printservice.recommendation/lib
10-16 09:41:33.292 D/XiriService( 310): check file name: /data/data/com.android.printservice.recommendation/lib
10-16 09:41:33.288 I/xiriservice_All( 310): type=1400 audit(0.0:278): avc: denied { search } for name="com.android.printservice.recommendation" dev="mmcblk0p25" ino=1025 scontext=u:r:init:s0 tcontext=u:object_r:app_data_file:s0:c53,c256,c512,c768 tclass=dir permissive=1
10-16 09:41:33.296 D/XiriService( 310): check file name: /data/data/com.android.printservice.recommendation/lib
10-16 09:41:33.296 D/XiriService( 310): check file name: /data/data/com.android.printservice.recommendation/lib
10-16 09:41:33.302 D/XiriService( 310): check file name: /data/data/com.google.android.networkstack.tetheringconfig/lib
10-16 09:41:33.302 D/XiriService( 310): check file name: /data/data/com.google.android.networkstack.tetheringconfig/lib
10-16 09:41:33.305 D/XiriService( 310): check file name: /data/data/com.google.android.networkstack.tetheringconfig/lib
10-16 09:41:33.300 I/xiriservice_All( 310): type=1400 audit(0.0:279): avc: denied { search } for name="com.google.android.networkstack.tetheringconfig" dev="mmcblk0p25" ino=1033 scontext=u:r:init:s0 tcontext=u:object_r:app_data_file:s0:c7,c256,c512,c768 tclass=dir permissive=1
10-16 09:41:33.309 D/XiriService( 310): check file name: /data/data/com.google.android.networkstack.tetheringconfig/lib
10-16 09:41:33.309 D/XiriService( 310): check file name: /data/data/com.google.android.networkstack.tetheringconfig/lib
10-16 09:41:33.315 D/XiriService( 310): check file name: /data/data/com.android.localtransport/lib
10-16 09:41:33.316 D/XiriService( 310): check file name: /data/data/com.android.localtransport/lib
10-16 09:41:33.316 D/XiriService( 310): check file name: /data/data/com.android.localtransport/lib
10-16 09:41:33.320 D/XiriService( 310): check file name: /data/data/com.android.localtransport/lib
10-16 09:41:33.320 D/XiriService( 310): check file name: /data/data/com.android.localtransport/lib
10-16 09:41:33.320 I/ActivityTaskManager( 522): Loaded persisted task ids for user 0
10-16 09:41:33.326 I/SystemServerTiming( 522): WindowManagerServiceOnInitReady
10-16 09:41:33.327 D/XiriService( 310): check file name: /data/data/com.android.packageinstaller/lib
10-16 09:41:33.327 D/XiriService( 310): check file name: /data/data/com.android.packageinstaller/lib
10-16 09:41:33.328 D/XiriService( 310): check file name: /data/data/com.android.packageinstaller/lib
10-16 09:41:33.332 D/XiriService( 310): check file name: /data/data/com.android.packageinstaller/lib
10-16 09:41:33.332 D/XiriService( 310): check file name: /data/data/com.android.packageinstaller/lib
10-16 09:41:33.338 D/XiriService( 310): check file name: /data/data/com.android.theme.font.notoserifsource/lib
10-16 09:41:33.338 D/XiriService( 310): check file name: /data/data/com.android.theme.font.notoserifsource/lib
10-16 09:41:33.340 D/XiriService( 310): check file name: /data/data/com.android.theme.font.notoserifsource/lib
10-16 09:41:33.336 I/xiriservice_All( 310): type=1400 audit(0.0:280): avc: denied { search } for name="com.android.theme.font.notoserifsource" dev="mmcblk0p25" ino=1057 scontext=u:r:init:s0 tcontext=u:object_r:app_data_file:s0:c3,c256,c512,c768 tclass=dir permissive=1
10-16 09:41:33.341 D/ExtconUEventObserver( 522): FilenameExtconByName: /sys/class/extcon/extcon0
10-16 09:41:33.343 W/WindowManager( 522): /sys/class/extcon/hdmi/state not found while attempting to determine initial state
10-16 09:41:33.343 W/WindowManager( 522): java.io.FileNotFoundException: /sys/class/extcon/hdmi/state: open failed: ENOENT (No such file or directory)
10-16 09:41:33.343 W/WindowManager( 522): at libcore.io.IoBridge.open(IoBridge.java:575)
10-16 09:41:33.343 W/WindowManager( 522): at java.io.FileInputStream.(FileInputStream.java:160)
10-16 09:41:33.343 W/WindowManager( 522): at android.os.FileUtils.readTextFile(FileUtils.java:637)
10-16 09:41:33.343 W/WindowManager( 522): at com.android.server.ExtconStateObserver.parseStateFromFile(ExtconStateObserver.java:49)
10-16 09:41:33.343 W/WindowManager( 522): at com.android.server.policy.PhoneWindowManager$HdmiVideoExtconUEventObserver.init(PhoneWindowManager.java:5666)
10-16 09:41:33.343 W/WindowManager( 522): at com.android.server.policy.PhoneWindowManager$HdmiVideoExtconUEventObserver.access$5200(PhoneWindowManager.java:5658)
10-16 09:41:33.343 W/WindowManager( 522): at com.android.server.policy.PhoneWindowManager.initializeHdmiStateInternal(PhoneWindowManager.java:3425)
10-16 09:41:33.343 W/WindowManager( 522): at com.android.server.policy.PhoneWindowManager.initializeHdmiState(PhoneWindowManager.java:3389)
10-16 09:41:33.343 W/WindowManager( 522): at com.android.server.policy.PhoneWindowManager.init(PhoneWindowManager.java:1821)
10-16 09:41:33.343 W/WindowManager( 522): at com.android.server.policy.TvWindowManager.init(TvWindowManager.java:260)
10-16 09:41:33.343 W/WindowManager( 522): at com.android.server.wm.WindowManagerService$5.run(WindowManagerService.java:1199)
10-16 09:41:33.343 W/WindowManager( 522): at android.os.Handler$BlockingRunnable.run(Handler.java:961)
10-16 09:41:33.343 W/WindowManager( 522): at android.os.Handler.handleCallback(Handler.java:938)
10-16 09:41:33.343 W/WindowManager( 522): at android.os.Handler.dispatchMessage(Handler.java:99)
10-16 09:41:33.343 W/WindowManager( 522): at android.os.Looper.loopOnce(Looper.java:201)
10-16 09:41:33.343 W/WindowManager( 522): at android.os.Looper.loop(Looper.java:288)
10-16 09:41:33.343 W/WindowManager( 522): at android.os.HandlerThread.run(HandlerThread.java:67)
10-16 09:41:33.343 W/WindowManager( 522): at com.android.server.ServiceThread.run(ServiceThread.java:44)
10-16 09:41:33.343 W/WindowManager( 522): at com.android.server.UiThread.run(UiThread.java:45)
10-16 09:41:33.343 W/WindowManager( 522): Caused by: android.system.ErrnoException: open failed: ENOENT (No such file or directory)
10-16 09:41:33.343 W/WindowManager( 522): at libcore.io.Linux.open(Native Method)
10-16 09:41:33.343 W/WindowManager( 522): at libcore.io.ForwardingOs.open(ForwardingOs.java:567)
10-16 09:41:33.343 W/WindowManager( 522): at libcore.io.BlockGuardOs.open(BlockGuardOs.java:273)
10-16 09:41:33.343 W/WindowManager( 522): at libcore.io.IoBridge.open(IoBridge.java:561)
10-16 09:41:33.343 W/WindowManager( 522): ... 18 more
10-16 09:41:33.344 D/XiriService( 310): check file name: /data/data/com.android.theme.font.notoserifsource/lib
10-16 09:41:33.344 D/XiriService( 310): check file name: /data/data/com.android.theme.font.notoserifsource/lib
10-16 09:41:33.350 D/XiriService( 310): check file name: /data/data/com.android.managedprovisioning/lib
10-16 09:41:33.350 D/XiriService( 310): check file name: /data/data/com.android.managedprovisioning/lib
10-16 09:41:33.351 D/com_softwinner_gpio( 522): Gpio JNI_OnLoad()
10-16 09:41:33.351 D/com_softwinner_gpio( 522): init
10-16 09:41:33.351 D/XiriService( 310): check file name: /data/data/com.android.managedprovisioning/lib
10-16 09:41:33.351 E/SELinux ( 181): avc: denied { find } for pid=522 uid=1000 name=softwinner.gpio scontext=u:r:system_server:s0 tcontext=u:object_r:default_android_service:s0 tclass=service_manager permissive=1
10-16 09:41:33.353 I/SystemServerTiming( 522): StartInputManager
10-16 09:41:33.353 I/SystemServerTimingAsync( 522): InitThreadPoolExec:StartHidlServices
10-16 09:41:33.353 D/SystemServerInitThreadPool( 522): Started executing StartHidlServices
10-16 09:41:33.353 I/SystemServerTimingAsync( 522): StartHidlServices
10-16 09:41:33.353 I/InputManager( 522): Starting input manager
10-16 09:41:33.355 D/XiriService( 310): check file name: /data/data/com.android.managedprovisioning/lib
10-16 09:41:33.355 D/XiriService( 310): check file name: /data/data/com.android.managedprovisioning/lib
10-16 09:41:33.355 I/HidlServiceManagement( 522): Registered android.frameworks.sensorservice@1.0::ISensorManager/default
10-16 09:41:33.356 I/hwservicemanager( 182): getTransport: Cannot find entry android.frameworks.schedulerservice@1.0::ISchedulingPolicyService/default in either framework or device VINTF manifest.
10-16 09:41:33.356 I/InputManager( 522): Enabling motion classifier because just booted: feature enabled, long press timeout = 400
10-16 09:41:33.356 I/InputClassifier( 522): Enabling motion classifier
10-16 09:41:33.356 W/system_server( 522): android.frameworks.schedulerservice@1.0::ISchedulingPolicyService is deprecated. Skipping registration.
10-16 09:41:33.356 D/SystemServerInitThreadPool( 522): Finished executing StartHidlServices
10-16 09:41:33.357 I/hwservicemanager( 182): getTransport: Cannot find entry android.hardware.input.classifier@1.0::IInputClassifier/default in either framework or device VINTF manifest.
10-16 09:41:33.358 D/EventHub( 522): No input device configuration file found for device 'sunxi-ir-uinput'.
10-16 09:41:33.358 I/SystemServerTiming( 522): DisplayManagerWindowManagerAndInputReady
10-16 09:41:33.358 I/InputClassifier( 522): Could not obtain InputClassifier HAL
10-16 09:41:33.359 I/SystemServerTiming( 522): StartBluetoothService
10-16 09:41:33.359 I/SystemServiceManager( 522): Starting com.android.server.BluetoothService
10-16 09:41:33.359 I/LogicalDisplayMapper( 522): Requesting Transition to state: 0
10-16 09:41:33.359 I/LogicalDisplayMapper( 522): Applying layout: [{addr: {port=0}, dispId: 0(ON)}], Previous layout: [{addr: {port=0}, dispId: 0(ON)}]
10-16 09:41:33.361 D/BluetoothManagerService( 522): Loading stored name and address
10-16 09:41:33.361 D/BluetoothManagerService( 522): Stored bluetooth Name=null,Address=null
10-16 09:41:33.361 D/BluetoothManagerService( 522): Bluetooth persisted state: 1
10-16 09:41:33.362 D/BluetoothManagerService( 522): Startup: Bluetooth persisted state is ON.
10-16 09:41:33.362 D/BluetoothManagerService( 522): Detected SystemUiUid: 10061
10-16 09:41:33.362 I/SystemServerTiming( 522): IpConnectivityMetrics
10-16 09:41:33.363 I/SystemServiceManager( 522): Starting com.android.server.connectivity.IpConnectivityMetrics
10-16 09:41:33.363 D/XiriService( 310): check file name: /data/data/com.oranth.usbopenft/lib
10-16 09:41:33.363 I/SystemServerTiming( 522): NetworkWatchlistService
10-16 09:41:33.364 I/SystemServiceManager( 522): Starting com.android.server.net.watchlist.NetworkWatchlistService$Lifecycle
10-16 09:41:33.364 D/XiriService( 310): check file name: /data/data/com.oranth.usbopenft/lib
10-16 09:41:33.365 D/XM_HIDREAD( 323): add@ add@/devices/virtual/wakeup/wakeup23
10-16 09:41:33.365 I/EventHub( 522): usingClockIoctl=true
10-16 09:41:33.365 I/EventHub( 522): New device: id=1, fd=147, path='/dev/input/event1', name='sunxi-ir-uinput', classes=KEYBOARD | ALPHAKEY | CURSOR | DPAD, configuration='', keyLayout='/system/usr/keylayout/sunxi-ir-uinput.kl', keyCharacterMap='/system/usr/keychars/Generic.kcm', builtinKeyboard=false,
10-16 09:41:33.366 D/EventHub( 522): No input device configuration file found for device 'sunxi-ir'.
10-16 09:41:33.368 D/XiriService( 310): check file name: /data/data/com.oranth.usbopenft/lib
10-16 09:41:33.375 D/XM_HIDREAD( 323): add@ add@/devices/virtual/wakeup/wakeup24
10-16 09:41:33.377 I/EventHub( 522): usingClockIoctl=true
10-16 09:41:33.377 I/EventHub( 522): New device: id=2, fd=148, path='/dev/input/event0', name='sunxi-ir', classes=KEYBOARD, configuration='', keyLayout='/system/usr/keylayout/sunxi-ir.kl', keyCharacterMap='/system/usr/keychars/Generic.kcm', builtinKeyboard=false,
10-16 09:41:33.382 I/WatchlistLoggingHandler( 522): Start aggregating watchlist records.
10-16 09:41:33.382 I/SystemServerTiming( 522): PinnerService
10-16 09:41:33.382 I/SystemServiceManager( 522): Starting com.android.server.PinnerService
10-16 09:41:33.383 V/HistoricalRegistry( 522): Interaction before persistence initialized
10-16 09:41:33.384 D/XiriService( 310): check file name: /data/data/com.android.networkstack.tethering/lib
10-16 09:41:33.384 D/XiriService( 310): check file name: /data/data/com.android.networkstack.tethering/lib
10-16 09:41:33.385 I/SystemServerTiming( 522): IorapForwardingService
10-16 09:41:33.385 I/SystemServiceManager( 522): Starting com.google.android.startop.iorap.IorapForwardingService
10-16 09:41:33.385 D/XiriService( 310): check file name: /data/data/com.android.networkstack.tethering/lib
10-16 09:41:33.386 I/InputReader( 522): Device added: id=-1, eventHubId=-1, name='Virtual', descriptor='a718a782d34bc767f4689c232d64d527998ea7fd',sources=0x00000301
10-16 09:41:33.386 I/InputReader( 522): Device added: id=2, eventHubId=2, name='sunxi-ir', descriptor='485d69228e24f5e46da1598745890b214130dbc4',sources=0x00000101
10-16 09:41:33.387 W/InputReader( 522): Can't find the designated viewport with ID 0 to update cursor input mapper. Fall back to default display
10-16 09:41:33.387 E/InputReader( 522): Still can't find a viable viewport to update cursor input mapper. Skip setting it to PointerController.
10-16 09:41:33.387 I/InputReader( 522): Device added: id=3, eventHubId=1, name='sunxi-ir-uinput', descriptor='0a253e777d1b2169367be63d7c9054e7991953a6',sources=0x00002303
10-16 09:41:33.390 W/IorapForwardingService( 522): No service published for: iorapd
10-16 09:41:33.391 I/SystemServerTiming( 522): SignedConfigService
10-16 09:41:33.392 I/SystemServerTiming( 522): AppIntegrityService
10-16 09:41:33.392 I/SystemServiceManager( 522): Starting com.android.server.integrity.AppIntegrityManagerService
10-16 09:41:33.395 D/XiriService( 310): check file name: /data/data/com.android.networkstack.tethering/lib
10-16 09:41:33.395 D/XiriService( 310): check file name: /data/data/com.android.networkstack.tethering/lib
10-16 09:41:33.399 I/WindowManager( 522): SAFE MODE not enabled
10-16 09:41:33.400 I/SystemServerTiming( 522): StartInputMethodManagerLifecycle
10-16 09:41:33.400 I/SystemServiceManager( 522): Starting com.android.server.inputmethod.InputMethodManagerService$Lifecycle
10-16 09:41:33.405 D/XiriService( 310): check file name: /data/data/com.android.soundpicker/lib
10-16 09:41:33.405 D/XiriService( 310): check file name: /data/data/com.android.soundpicker/lib
10-16 09:41:33.406 I/SystemServerTiming( 522): StartAccessibilityManagerService
10-16 09:41:33.407 I/SystemServiceManager( 522): Starting com.android.server.accessibility.AccessibilityManagerService$Lifecycle
10-16 09:41:33.407 D/XiriService( 310): check file name: /data/data/com.android.soundpicker/lib
10-16 09:41:33.410 D/XiriService( 310): check file name: /data/data/com.android.soundpicker/lib
10-16 09:41:33.410 D/XiriService( 310): check file name: /data/data/com.android.soundpicker/lib
10-16 09:41:33.416 I/SystemServerTiming( 522): MakeDisplayReady
10-16 09:41:33.417 D/XiriService( 310): check file name: /data/data/com.dangbei.lerad.etna.haqu/lib
10-16 09:41:33.418 D/XiriService( 310): check file name: /data/data/com.dangbei.lerad.etna.haqu/lib
10-16 09:41:33.419 W/InputReader( 522): Device sunxi-ir-uinput is associated with display ADISPLAY_ID_NONE.
10-16 09:41:33.419 W/InputReader( 522): Device sunxi-ir-uinput is associated with display ADISPLAY_ID_NONE.
10-16 09:41:33.420 I/ActivityTaskManager( 522): Config changes=20005df8 {1.0 ?mcc?mnc [zh_CN] ldltr sw720dp w1280dp h696dp 240dpi xlrg long land ?uimode ?night -touch qwerty/v/v dpad/v winConfig={ mBounds=Rect(0, 0 - 1920, 1080) mAppBounds=Rect(0, 0 - 1920, 1080) mMaxBounds=Rect(0, 0 - 1920, 1080) mWindowingMode=fullscreen mDisplayWindowingMode=fullscreen mActivityType=undefined mAlwaysOnTop=undefined mRotation=ROTATION_0} s.2 ?fontWeightAdjustment}
10-16 09:41:33.424 D/XiriService( 310): check file name: /data/data/com.dangbei.lerad.etna.haqu/lib
10-16 09:41:33.424 D/XiriService( 310): check file name: /data/data/com.dangbei.lerad.etna.haqu/lib
10-16 09:41:33.426 I/WindowManager( 522): Override config changes=60007dfc {1.0 ?mcc?mnc [zh_CN] ldltr sw720dp w1280dp h696dp 240dpi xlrg long land ?uimode ?night -touch qwerty/v/v dpad/v winConfig={ mBounds=Rect(0, 0 - 1920, 1080) mAppBounds=Rect(0, 0 - 1920, 1080) mMaxBounds=Rect(0, 0 - 1920, 1080) mWindowingMode=fullscreen mDisplayWindowingMode=fullscreen mActivityType=undefined mAlwaysOnTop=undefined mRotation=ROTATION_0} s.2 ?fontWeightAdjustment} for displayId=0
10-16 09:41:33.436 W/InputReader( 522): Device sunxi-ir-uinput is associated with display ADISPLAY_ID_NONE.
10-16 09:41:33.437 I/SystemServerTiming( 522): StartStorageManagerService
10-16 09:41:33.437 I/SystemServiceManager( 522): Starting com.android.server.StorageManagerService$Lifecycle
10-16 09:41:33.447 I/init ( 1): processing action (sys.sysctl.extra_free_kbytes=*) from (/system/etc/init/hw/init.rc:1139)
10-16 09:41:33.441 I/InputManager-JNI( 522): Viewport [0] to add: local:0, isActive: false
10-16 09:41:33.442 I/update_engine( 376): [INFO:cleanup_previous_update_action.cc(112)] Executing task 5
10-16 09:41:33.442 I/InputReader( 522): Reconfiguring input devices, changes=DISPLAY_INFO |
10-16 09:41:33.449 D/installd( 350): Found quota mount /dev/block/by-name/userdata at /data
10-16 09:41:33.449 D/installd( 350): Found quota mount /dev/block/by-name/userdata at /data/user/0
10-16 09:41:33.451 D/XiriService( 310): check file name: /data/data/com.allwinnertech.packageoverride/lib
10-16 09:41:33.453 D/XiriService( 310): check file name: /data/data/com.allwinnertech.packageoverride/lib
10-16 09:41:33.453 D/XiriService( 310): check file name: /data/data/com.allwinnertech.packageoverride/lib
10-16 09:41:33.457 D/StorageManagerService( 522): Thinking about init, mBootCompleted=false, mDaemonConnected=true
10-16 09:41:33.457 D/StorageManagerService( 522): Thinking about reset, mBootCompleted=false, mDaemonConnected=true
10-16 09:41:33.458 D/StorageManagerService( 522): Thinking about init, mBootCompleted=false, mDaemonConnected=true
10-16 09:41:33.458 D/StorageManagerService( 522): Thinking about reset, mBootCompleted=false, mDaemonConnected=true
10-16 09:41:33.458 I/SystemServerTiming( 522): StartStorageStatsService
10-16 09:41:33.459 I/SystemServiceManager( 522): Starting com.android.server.usage.StorageStatsService$Lifecycle
10-16 09:41:33.461 D/installd( 350): Found quota mount /dev/block/by-name/userdata at /data
10-16 09:41:33.461 D/installd( 350): Found quota mount /dev/block/by-name/userdata at /data/user/0
10-16 09:41:33.463 D/installd( 350): Found quota mount /dev/block/by-name/userdata at /data
10-16 09:41:33.464 D/installd( 350): Found quota mount /dev/block/by-name/userdata at /data/user/0
10-16 09:41:33.465 I/update_engine( 376): [INFO:cleanup_previous_update_action.cc(124)] CleanupPreviousUpdateAction scheduled task ID 6 for WaitBootCompleted
10-16 09:41:33.469 I/SystemServerTiming( 522): StartUiModeManager
10-16 09:41:33.469 I/SystemServiceManager( 522): Starting com.android.server.UiModeManagerService
10-16 09:41:33.471 I/SystemServerTimingAsync( 522): InitThreadPoolExec:UiModeManager.onStart
10-16 09:41:33.471 D/SystemServerInitThreadPool( 522): Started executing UiModeManager.onStart
10-16 09:41:33.472 I/SystemServerTiming( 522): UpdatePackagesIfNeeded
10-16 09:41:33.473 I/Watchdog( 522): Pausing HandlerChecker: main thread for reason: dexopt. Pause count: 1
10-16 09:41:33.485 D/XiriService( 310): check file name: /data/data/com.android.smspush/lib
10-16 09:41:33.485 D/SystemServerInitThreadPool( 522): Finished executing UiModeManager.onStart
10-16 09:41:33.485 D/XiriService( 310): check file name: /data/data/com.android.smspush/lib
10-16 09:41:33.487 D/XiriService( 310): check file name: /data/data/com.android.smspush/lib
10-16 09:41:33.484 I/xiriservice_All( 310): type=1400 audit(0.0:281): avc: denied { search } for name="com.android.smspush" dev="mmcblk0p25" ino=1123 scontext=u:r:init:s0 tcontext=u:object_r:app_data_file:s0:c69,c256,c512,c768 tclass=dir permissive=1
10-16 09:41:33.493 D/XiriService( 310): check file name: /data/data/com.android.smspush/lib
10-16 09:41:33.493 D/XiriService( 310): check file name: /data/data/com.android.smspush/lib
10-16 09:41:33.499 D/XiriService( 310): check file name: /data/data/com.android.wallpaper.livepicker/lib
10-16 09:41:33.499 D/XiriService( 310): check file name: /data/data/com.android.wallpaper.livepicker/lib
10-16 09:41:33.500 D/XiriService( 310): check file name: /data/data/com.android.wallpaper.livepicker/lib
10-16 09:41:33.503 D/XiriService( 310): check file name: /data/data/com.android.wallpaper.livepicker/lib
10-16 09:41:33.503 D/XiriService( 310): check file name: /data/data/com.android.wallpaper.livepicker/lib
10-16 09:41:33.509 D/XiriService( 310): check file name: /data/data/com.tv.filemanager.os/lib
10-16 09:41:33.509 D/XiriService( 310): check file name: /data/data/com.tv.filemanager.os/lib
10-16 09:41:33.510 D/XiriService( 310): check file name: /data/data/com.tv.filemanager.os/lib
10-16 09:41:33.508 I/xiriservice_All( 310): type=1400 audit(0.0:282): avc: denied { search } for name="com.tv.filemanager.os" dev="mmcblk0p25" ino=1139 scontext=u:r:init:s0 tcontext=u:object_r:app_data_file:s0:c42,c256,c512,c768 tclass=dir permissive=1
10-16 09:41:33.513 D/XiriService( 310): check file name: /data/data/com.tv.filemanager.os/lib
10-16 09:41:33.513 D/XiriService( 310): check file name: /data/data/com.tv.filemanager.os/lib
10-16 09:41:33.519 D/XiriService( 310): check file name: /data/data/com.oranth.powerwindow/lib
10-16 09:41:33.519 D/XiriService( 310): check file name: /data/data/com.oranth.powerwindow/lib
10-16 09:41:33.520 D/XiriService( 310): check file name: /data/data/com.oranth.powerwindow/lib
