10-16 09:41:33.523 D/XiriService( 310): check file name: /data/data/com.oranth.powerwindow/lib
10-16 09:41:33.523 D/XiriService( 310): check file name: /data/data/com.oranth.powerwindow/lib
10-16 09:41:33.529 D/XiriService( 310): check file name: /data/data/com.android.storagemanager/lib
10-16 09:41:33.529 D/XiriService( 310): check file name: /data/data/com.android.storagemanager/lib
10-16 09:41:33.530 D/XiriService( 310): check file name: /data/data/com.android.storagemanager/lib
10-16 09:41:33.533 D/XiriService( 310): check file name: /data/data/com.android.storagemanager/lib
10-16 09:41:33.533 D/XiriService( 310): check file name: /data/data/com.android.storagemanager/lib
10-16 09:41:33.540 D/XiriService( 310): check file name: /data/data/com.android.bookmarkprovider/lib
10-16 09:41:33.540 D/XiriService( 310): check file name: /data/data/com.android.bookmarkprovider/lib
10-16 09:41:33.542 D/XiriService( 310): check file name: /data/data/com.android.bookmarkprovider/lib
10-16 09:41:33.536 I/xiriservice_All( 310): type=1400 audit(0.0:283): avc: denied { search } for name="com.android.bookmarkprovider" dev="mmcblk0p25" ino=1163 scontext=u:r:init:s0 tcontext=u:object_r:app_data_file:s0:c40,c256,c512,c768 tclass=dir permissive=1
10-16 09:41:33.545 D/XiriService( 310): check file name: /data/data/com.android.bookmarkprovider/lib
10-16 09:41:33.545 D/XiriService( 310): check file name: /data/data/com.android.bookmarkprovider/lib
10-16 09:41:33.551 D/XiriService( 310): check file name: /data/data/com.android.networkstack.permissionconfig/lib
10-16 09:41:33.551 D/XiriService( 310): check file name: /data/data/com.android.networkstack.permissionconfig/lib
10-16 09:41:33.552 D/XiriService( 310): check file name: /data/data/com.android.networkstack.permissionconfig/lib
10-16 09:41:33.555 D/XiriService( 310): check file name: /data/data/com.android.networkstack.permissionconfig/lib
10-16 09:41:33.555 D/XiriService( 310): check file name: /data/data/com.android.networkstack.permissionconfig/lib
10-16 09:41:33.561 D/XiriService( 310): check file name: /data/data/com.android.cts.ctsshim/lib
10-16 09:41:33.561 D/XiriService( 310): check file name: /data/data/com.android.cts.ctsshim/lib
10-16 09:41:33.562 D/XiriService( 310): check file name: /data/data/com.android.cts.ctsshim/lib
10-16 09:41:33.560 I/xiriservice_All( 310): type=1400 audit(0.0:284): avc: denied { search } for name="com.android.cts.ctsshim" dev="mmcblk0p25" ino=1179 scontext=u:r:init:s0 tcontext=u:object_r:app_data_file:s0:c52,c256,c512,c768 tclass=dir permissive=1
10-16 09:41:33.567 D/XiriService( 310): check file name: /data/data/com.android.cts.ctsshim/lib
10-16 09:41:33.567 D/XiriService( 310): check file name: /data/data/com.android.cts.ctsshim/lib
10-16 09:41:33.574 D/XiriService( 310): check file name: /data/data/com.dangbei.lerad.screensaver/lib
10-16 09:41:33.574 D/XiriService( 310): check file name: /data/data/com.dangbei.lerad.screensaver/lib
10-16 09:41:33.575 D/XiriService( 310): check file name: /data/data/com.dangbei.lerad.screensaver/lib
10-16 09:41:33.572 I/xiriservice_All( 310): type=1400 audit(0.0:285): avc: denied { search } for name="com.dangbei.lerad.screensaver" dev="mmcblk0p25" ino=1187 scontext=u:r:init:s0 tcontext=u:object_r:app_data_file:s0:c54,c256,c512,c768 tclass=dir permissive=1
10-16 09:41:33.579 D/XiriService( 310): check file name: /data/data/com.dangbei.lerad.screensaver/lib
10-16 09:41:33.579 D/XiriService( 310): check file name: /data/data/com.dangbei.lerad.screensaver/lib
10-16 09:41:33.584 D/XiriService( 310): check file name: /data/data/com.android.remoteprovisioner/lib
10-16 09:41:33.585 D/XiriService( 310): check file name: /data/data/com.android.remoteprovisioner/lib
10-16 09:41:33.586 D/XiriService( 310): check file name: /data/data/com.android.remoteprovisioner/lib
10-16 09:41:33.584 I/xiriservice_All( 310): type=1400 audit(0.0:286): avc: denied { search } for name="com.android.remoteprovisioner" dev="mmcblk0p25" ino=1195 scontext=u:r:init:s0 tcontext=u:object_r:app_data_file:s0:c64,c256,c512,c768 tclass=dir permissive=1
10-16 09:41:33.589 D/XiriService( 310): check file name: /data/data/com.android.remoteprovisioner/lib
10-16 09:41:33.589 D/XiriService( 310): check file name: /data/data/com.android.remoteprovisioner/lib
10-16 09:41:33.595 D/XiriService( 310): check file name: /data/data/com.softwinner.theme.icon/lib
10-16 09:41:33.595 D/XiriService( 310): check file name: /data/data/com.softwinner.theme.icon/lib
10-16 09:41:33.596 D/XiriService( 310): check file name: /data/data/com.softwinner.theme.icon/lib
10-16 09:41:33.592 I/xiriservice_All( 310): type=1400 audit(0.0:287): avc: denied { search } for name="com.softwinner.theme.icon" dev="mmcblk0p25" ino=1203 scontext=u:r:init:s0 tcontext=u:object_r:app_data_file:s0:c6,c256,c512,c768 tclass=dir permissive=1
10-16 09:41:33.600 D/XiriService( 310): check file name: /data/data/com.softwinner.theme.icon/lib
10-16 09:41:33.600 D/XiriService( 310): check file name: /data/data/com.softwinner.theme.icon/lib
10-16 09:41:33.606 D/XiriService( 310): check file name: /data/data/com.android.wallpaper/lib
10-16 09:41:33.606 D/XiriService( 310): check file name: /data/data/com.android.wallpaper/lib
10-16 09:41:33.608 D/XiriService( 310): check file name: /data/data/com.android.wallpaper/lib
10-16 09:41:33.611 D/XiriService( 310): check file name: /data/data/com.android.wallpaper/lib
10-16 09:41:33.611 D/XiriService( 310): check file name: /data/data/com.android.wallpaper/lib
10-16 09:41:33.616 D/XiriService( 310): check file name: /data/data/com.android.vpndialogs/lib
10-16 09:41:33.617 D/XiriService( 310): check file name: /data/data/com.android.vpndialogs/lib
10-16 09:41:33.618 D/XiriService( 310): check file name: /data/data/com.android.vpndialogs/lib
10-16 09:41:33.621 D/XiriService( 310): check file name: /data/data/com.android.vpndialogs/lib
10-16 09:41:33.621 D/XiriService( 310): check file name: /data/data/com.android.vpndialogs/lib
10-16 09:41:33.628 D/XiriService( 310): check file name: /data/data/com.android.music/lib
10-16 09:41:33.628 D/XiriService( 310): check file name: /data/data/com.android.music/lib
10-16 09:41:33.629 D/XiriService( 310): check file name: /data/data/com.android.music/lib
10-16 09:41:33.624 I/xiriservice_All( 310): type=1400 audit(0.0:288): avc: denied { search } for name="com.android.music" dev="mmcblk0p25" ino=1227 scontext=u:r:init:s0 tcontext=u:object_r:app_data_file:s0:c50,c256,c512,c768 tclass=dir permissive=1
10-16 09:41:33.632 D/XiriService( 310): check file name: /data/data/com.android.music/lib
10-16 09:41:33.632 D/XiriService( 310): check file name: /data/data/com.android.music/lib
10-16 09:41:33.637 D/XiriService( 310): check file name: /data/data/com.android.wallpaperbackup/lib
10-16 09:41:33.638 D/XiriService( 310): check file name: /data/data/com.android.wallpaperbackup/lib
10-16 09:41:33.638 D/XiriService( 310): check file name: /data/data/com.android.wallpaperbackup/lib
10-16 09:41:33.641 D/XiriService( 310): check file name: /data/data/com.android.wallpaperbackup/lib
10-16 09:41:33.641 D/XiriService( 310): check file name: /data/data/com.android.wallpaperbackup/lib
10-16 09:41:33.648 D/XiriService( 310): check file name: /data/data/com.android.providers.blockednumber/lib
10-16 09:41:33.648 D/XiriService( 310): check file name: /data/data/com.android.providers.blockednumber/lib
10-16 09:41:33.650 D/XiriService( 310): check file name: /data/data/com.android.providers.blockednumber/lib
10-16 09:41:33.653 D/XiriService( 310): check file name: /data/data/com.android.providers.blockednumber/lib
10-16 09:41:33.654 D/XiriService( 310): check file name: /data/data/com.android.providers.blockednumber/lib
10-16 09:41:33.661 D/XiriService( 310): check file name: /data/data/com.android.providers.userdictionary/lib
10-16 09:41:33.661 D/XiriService( 310): check file name: /data/data/com.android.providers.userdictionary/lib
10-16 09:41:33.662 D/XiriService( 310): check file name: /data/data/com.android.providers.userdictionary/lib
10-16 09:41:33.665 D/XiriService( 310): check file name: /data/data/com.android.providers.userdictionary/lib
10-16 09:41:33.665 D/XiriService( 310): check file name: /data/data/com.android.providers.userdictionary/lib
10-16 09:41:33.671 D/XiriService( 310): check file name: /data/data/com.android.providers.media.module/lib
10-16 09:41:33.671 D/XiriService( 310): check file name: /data/data/com.android.providers.media.module/lib
10-16 09:41:33.672 D/XiriService( 310): check file name: /data/data/com.android.providers.media.module/lib
10-16 09:41:33.668 I/xiriservice_All( 310): type=1400 audit(0.0:289): avc: denied { search } for name="com.android.providers.media.module" dev="mmcblk0p25" ino=1259 scontext=u:r:init:s0 tcontext=u:object_r:privapp_data_file:s0:c74,c256,c512,c768 tclass=dir permissive=1
10-16 09:41:33.676 D/XiriService( 310): check file name: /data/data/com.android.providers.media.module/lib
10-16 09:41:33.676 D/XiriService( 310): check file name: /data/data/com.android.providers.media.module/lib
10-16 09:41:33.681 D/XiriService( 310): check file name: /data/data/com.softwinner.theme.color/lib
10-16 09:41:33.682 D/XiriService( 310): check file name: /data/data/com.softwinner.theme.color/lib
10-16 09:41:33.683 D/XiriService( 310): check file name: /data/data/com.softwinner.theme.color/lib
10-16 09:41:33.680 I/xiriservice_All( 310): type=1400 audit(0.0:290): avc: denied { search } for name="com.softwinner.theme.color" dev="mmcblk0p25" ino=1267 scontext=u:r:init:s0 tcontext=u:object_r:app_data_file:s0:c8,c256,c512,c768 tclass=dir permissive=1
10-16 09:41:33.687 D/XiriService( 310): check file name: /data/data/com.softwinner.theme.color/lib
10-16 09:41:33.687 D/XiriService( 310): check file name: /data/data/com.softwinner.theme.color/lib
10-16 09:41:33.695 D/XiriService( 310): check file name: /data/data/com.oranth.storage/lib
10-16 09:41:33.695 D/XiriService( 310): check file name: /data/data/com.oranth.storage/lib
10-16 09:41:33.695 D/XiriService( 310): check file name: /data/data/com.oranth.storage/lib
10-16 09:41:33.698 D/XiriService( 310): check file name: /data/data/com.oranth.storage/lib
10-16 09:41:33.698 D/XiriService( 310): check file name: /data/data/com.oranth.storage/lib
10-16 09:41:33.704 D/XiriService( 310): check file name: /data/data/com.android.hotspot2.osulogin/lib
10-16 09:41:33.704 D/XiriService( 310): check file name: /data/data/com.android.hotspot2.osulogin/lib
10-16 09:41:33.705 D/XiriService( 310): check file name: /data/data/com.android.hotspot2.osulogin/lib
10-16 09:41:33.700 I/xiriservice_All( 310): type=1400 audit(0.0:291): avc: denied { search } for name="com.android.hotspot2.osulogin" dev="mmcblk0p25" ino=1283 scontext=u:r:init:s0 tcontext=u:object_r:app_data_file:s0:c71,c256,c512,c768 tclass=dir permissive=1
10-16 09:41:33.708 D/XiriService( 310): check file name: /data/data/com.android.hotspot2.osulogin/lib
10-16 09:41:33.708 D/XiriService( 310): check file name: /data/data/com.android.hotspot2.osulogin/lib
10-16 09:41:33.714 D/XiriService( 310): check file name: /data/data/com.android.internal.systemui.navbar.gestural/lib
10-16 09:41:33.714 D/XiriService( 310): check file name: /data/data/com.android.internal.systemui.navbar.gestural/lib
10-16 09:41:33.715 D/XiriService( 310): check file name: /data/data/com.android.internal.systemui.navbar.gestural/lib
10-16 09:41:33.712 I/xiriservice_All( 310): type=1400 audit(0.0:292): avc: denied { search } for name="com.android.internal.systemui.navbar.gestural" dev="mmcblk0p25" ino=1291 scontext=u:r:init:s0 tcontext=u:object_r:app_data_file:s0:c9,c256,c512,c768 tclass=dir permissive=1
10-16 09:41:33.719 D/XiriService( 310): check file name: /data/data/com.android.internal.systemui.navbar.gestural/lib
10-16 09:41:33.719 D/XiriService( 310): check file name: /data/data/com.android.internal.systemui.navbar.gestural/lib
10-16 09:41:33.726 D/XiriService( 310): check file name: /data/data/com.dangbei.haqusetting/lib
10-16 09:41:33.726 D/XiriService( 310): check file name: /data/data/com.dangbei.haqusetting/lib
10-16 09:41:33.727 D/XiriService( 310): check file name: /data/data/com.dangbei.haqusetting/lib
10-16 09:41:33.730 D/XiriService( 310): check file name: /data/data/com.dangbei.haqusetting/lib
10-16 09:41:33.730 D/XiriService( 310): check file name: /data/data/com.dangbei.haqusetting/lib
10-16 09:41:33.736 D/XiriService( 310): check file name: /data/data/com.android.bluetoothmidiservice/lib
10-16 09:41:33.736 D/XiriService( 310): check file name: /data/data/com.android.bluetoothmidiservice/lib
10-16 09:41:33.738 D/XiriService( 310): check file name: /data/data/com.android.bluetoothmidiservice/lib
10-16 09:41:33.736 I/xiriservice_All( 310): type=1400 audit(0.0:293): avc: denied { search } for name="com.android.bluetoothmidiservice" dev="mmcblk0p25" ino=1307 scontext=u:r:init:s0 tcontext=u:object_r:app_data_file:s0:c41,c256,c512,c768 tclass=dir permissive=1
10-16 09:41:33.742 D/XiriService( 310): check file name: /data/data/com.android.bluetoothmidiservice/lib
10-16 09:41:33.742 D/XiriService( 310): check file name: /data/data/com.android.bluetoothmidiservice/lib
10-16 09:41:33.748 D/XiriService( 310): check file name: /data/data/com.softwinner.awmanager/lib
10-16 09:41:33.748 D/XiriService( 310): check file name: /data/data/com.softwinner.awmanager/lib
10-16 09:41:33.749 D/XiriService( 310): check file name: /data/data/com.softwinner.awmanager/lib
10-16 09:41:33.752 D/XiriService( 310): check file name: /data/data/com.softwinner.awmanager/lib
10-16 09:41:33.752 D/XiriService( 310): check file name: /data/data/com.softwinner.awmanager/lib
10-16 09:41:33.757 D/XiriService( 310): check file name: /data/data/com.softwinner.miracastReceiver/lib
10-16 09:41:33.758 D/XiriService( 310): check file name: /data/data/com.softwinner.miracastReceiver/lib
10-16 09:41:33.758 D/XiriService( 310): check file name: /data/data/com.softwinner.miracastReceiver/lib
10-16 09:41:33.761 D/XiriService( 310): check file name: /data/data/com.softwinner.miracastReceiver/lib
10-16 09:41:33.762 D/XiriService( 310): check file name: /data/data/com.softwinner.miracastReceiver/lib
10-16 09:41:33.768 D/XiriService( 310): check file name: /data/data/com.android.traceur/lib
10-16 09:41:33.768 D/XiriService( 310): check file name: /data/data/com.android.traceur/lib
10-16 09:41:33.769 D/XiriService( 310): check file name: /data/data/com.android.traceur/lib
10-16 09:41:33.764 I/xiriservice_All( 310): type=1400 audit(0.0:294): avc: denied { search } for name="com.android.traceur" dev="mmcblk0p25" ino=1331 scontext=u:r:init:s0 tcontext=u:object_r:app_data_file:s0:c16,c256,c512,c768 tclass=dir permissive=1
10-16 09:41:33.774 D/XiriService( 310): check file name: /data/data/com.android.traceur/lib
10-16 09:41:33.774 D/XiriService( 310): check file name: /data/data/com.android.traceur/lib
10-16 09:41:33.780 D/XiriService( 310): check file name: /data/data/com.android.bluetooth/lib
10-16 09:41:33.780 D/XiriService( 310): check file name: /data/data/com.android.bluetooth/lib
10-16 09:41:33.781 D/XiriService( 310): check file name: /data/data/com.android.bluetooth/lib
10-16 09:41:33.784 D/XiriService( 310): check file name: /data/data/com.android.bluetooth/lib
10-16 09:41:33.784 D/XiriService( 310): check file name: /data/data/com.android.bluetooth/lib
10-16 09:41:33.789 D/XiriService( 310): check file name: /data/data/com.android.providers.contacts/lib
10-16 09:41:33.789 D/XiriService( 310): check file name: /data/data/com.android.providers.contacts/lib
10-16 09:41:33.790 D/XiriService( 310): check file name: /data/data/com.android.providers.contacts/lib
10-16 09:41:33.793 D/XiriService( 310): check file name: /data/data/com.android.providers.contacts/lib
10-16 09:41:33.793 D/XiriService( 310): check file name: /data/data/com.android.providers.contacts/lib
10-16 09:41:33.798 D/XiriService( 310): check file name: /data/data/com.android.captiveportallogin/lib
10-16 09:41:33.799 D/XiriService( 310): check file name: /data/data/com.android.captiveportallogin/lib
10-16 09:41:33.800 D/XiriService( 310): check file name: /data/data/com.android.captiveportallogin/lib
10-16 09:41:33.796 I/xiriservice_All( 310): type=1400 audit(0.0:295): avc: denied { search } for name="com.android.captiveportallogin" dev="mmcblk0p25" ino=1355 scontext=u:r:init:s0 tcontext=u:object_r:app_data_file:s0:c45,c256,c512,c768 tclass=dir permissive=1
10-16 09:41:33.803 D/XiriService( 310): check file name: /data/data/com.android.captiveportallogin/lib
10-16 09:41:33.803 D/XiriService( 310): check file name: /data/data/com.android.captiveportallogin/lib
10-16 09:41:33.810 D/XiriService( 310): check file name: /data/data/com.android.internal.systemui.navbar.gestural_narrow_back/lib
10-16 09:41:33.810 D/XiriService( 310): check file name: /data/data/com.android.internal.systemui.navbar.gestural_narrow_back/lib
10-16 09:41:33.812 D/XiriService( 310): check file name: /data/data/com.android.internal.systemui.navbar.gestural_narrow_back/lib
10-16 09:41:33.808 I/xiriservice_All( 310): type=1400 audit(0.0:296): avc: denied { search } for name="com.android.internal.systemui.navbar.gestural_narrow_back" dev="mmcblk0p25" ino=1363 scontext=u:r:init:s0 tcontext=u:object_r:app_data_file:s0:c2,c256,c512,c768 tclass=dir permissive=1
10-16 09:41:33.815 D/XiriService( 310): check file name: /data/data/com.android.internal.systemui.navbar.gestural_narrow_back/lib
10-16 09:41:33.816 D/XiriService( 310): check file name: /data/data/com.android.internal.systemui.navbar.gestural_narrow_back/lib
10-16 09:41:33.823 D/XiriService( 310): check file name: /data/data/android.auto_generated_rro_vendor__/lib
10-16 09:41:33.823 D/XiriService( 310): check file name: /data/data/android.auto_generated_rro_vendor__/lib
10-16 09:41:33.824 D/XiriService( 310): check file name: /data/data/android.auto_generated_rro_vendor__/lib
10-16 09:41:33.820 I/xiriservice_All( 310): type=1400 audit(0.0:297): avc: denied { search } for name="android.auto_generated_rro_vendor__" dev="mmcblk0p25" ino=1371 scontext=u:r:init:s0 tcontext=u:object_r:app_data_file:s0:c12,c256,c512,c768 tclass=dir permissive=1
10-16 09:41:33.828 D/XiriService( 310): check file name: /data/data/android.auto_generated_rro_vendor__/lib
10-16 09:41:33.828 D/XiriService( 310): check file name: /data/data/android.auto_generated_rro_vendor__/lib
10-16 09:41:33.835 D/XiriService( 310): check file name: /data/data/com.dangbei.lerad.leradwatcher/lib
10-16 09:41:33.841 D/XiriService( 310): check file name: /data/data/com.android.cts.priv.ctsshim/lib
10-16 09:41:33.841 D/XiriService( 310): check file name: /data/data/com.android.cts.priv.ctsshim/lib
10-16 09:41:33.842 D/XiriService( 310): check file name: /data/data/com.android.cts.priv.ctsshim/lib
10-16 09:41:33.842 D/XiriService( 310): check file name: /data/data/com.android.cts.priv.ctsshim/lib
10-16 09:41:33.840 I/xiriservice_All( 310): type=1400 audit(0.0:298): avc: denied { read } for name="lib" dev="mmcblk0p25" ino=1380 scontext=u:r:init:s0 tcontext=u:object_r:privapp_data_file:s0:c512,c768 tclass=lnk_file permissive=1
10-16 09:41:33.849 D/XiriService( 310): check file name: /data/data/com.android.cts.priv.ctsshim/lib
10-16 09:41:33.849 D/XiriService( 310): check file name: /data/data/com.android.cts.priv.ctsshim/lib
10-16 09:41:33.850 D/XiriService( 310): check file name: /data/data/com.android.cts.priv.ctsshim/lib
10-16 09:41:33.850 D/XiriService( 310): check file name: /data/data/com.android.cts.priv.ctsshim/lib
10-16 09:41:33.851 D/XiriService( 310): check file name: /data/data/com.android.dynsystem/lib
10-16 09:41:33.852 D/XiriService( 310): check file name: /data/data/com.android.dynsystem/lib
10-16 09:41:33.852 D/XiriService( 310): check file name: /data/data/com.android.dynsystem/lib
10-16 09:41:33.852 D/XiriService( 310): check file name: /data/data/com.android.dynsystem/lib
10-16 09:41:33.852 D/XiriService( 310): check file name: /data/data/com.android.dynsystem/lib
10-16 09:41:33.859 D/XiriService( 310): check file name: /data/data/com.android.dynsystem/lib
10-16 09:41:33.859 D/XiriService( 310): check file name: /data/data/com.android.dynsystem/lib
10-16 09:41:33.859 D/XiriService( 310): check file name: /data/data/com.android.dynsystem/lib
10-16 09:41:33.859 D/XiriService( 310): check file name: /data/data/com.android.dynsystem/lib
10-16 09:41:33.860 D/XiriService( 310): check file name: /data/data/com.dangbei.lerad.rocky/lib
10-16 09:41:33.860 D/XiriService( 310): check file name: /data/data/com.dangbei.lerad.rocky/lib
10-16 09:41:33.860 D/XiriService( 310): check file name: /data/data/com.dangbei.lerad.rocky/lib
10-16 09:41:33.860 D/XiriService( 310): check file name: /data/data/com.dangbei.lerad.rocky/lib
10-16 09:41:33.861 D/XiriService( 310): check file name: /data/data/com.dangbei.lerad.rocky/lib
10-16 09:41:33.866 D/XiriService( 310): check file name: /data/data/com.dangbei.lerad.rocky/lib
10-16 09:41:33.866 D/XiriService( 310): check file name: /data/data/com.dangbei.lerad.rocky/lib
10-16 09:41:33.866 D/XiriService( 310): check file name: /data/data/com.dangbei.lerad.rocky/lib
10-16 09:41:33.867 D/XiriService( 310): check file name: /data/data/com.dangbei.lerad.rocky/lib
10-16 09:41:33.867 D/XiriService( 310): check file name: /data/data/com.android.providers.calendar/lib
10-16 09:41:33.874 D/XiriService( 310): check file name: /data/data/com.android.tv.settings/lib
10-16 09:41:33.874 D/XiriService( 310): check file name: /data/data/com.android.tv.settings/lib
10-16 09:41:33.874 D/XiriService( 310): check file name: /data/data/com.android.tv.settings/lib
10-16 09:41:33.874 D/XiriService( 310): check file name: /data/data/com.android.tv.settings/lib
10-16 09:41:33.874 D/XiriService( 310): check file name: /data/data/com.android.tv.settings/lib
10-16 09:41:33.874 W/installd( 350): Requested default storage /data/user_de/0/com.android.tv.settings is not active; migrating from /data/data/com.android.tv.settings
10-16 09:41:33.875 D/XiriService( 310): check file name: /data/data/com.android.tv.settings/lib
10-16 09:41:33.875 D/XiriService( 310): check file name: /data/data/com.android.tv.settings/lib
10-16 09:41:33.876 D/XiriService( 310): check file name: /data/data/com.android.tv.settings/lib
10-16 09:41:33.879 D/XiriService( 310): check file name: /data/data/com.android.tv.settings/lib
10-16 09:41:33.879 D/XiriService( 310): check file name: /data/data/com.android.tv.settings/lib
10-16 09:41:33.882 D/XiriService( 310): check file name: /data/data/com.android.tv.settings/lib
10-16 09:41:33.882 D/XiriService( 310): check file name: /data/data/com.android.tv.settings/lib
10-16 09:41:33.883 D/XiriService( 310): check file name: /data/data/com.android.tv.settings/lib
10-16 09:41:33.883 D/XiriService( 310): check file name: /data/data/com.android.tv.settings/lib
10-16 09:41:33.883 D/XiriService( 310): check file name: /data/data/com.android.providers.media/lib
10-16 09:41:33.892 D/XiriService( 310): check file name: /data/data/com.oranth.factory/lib
10-16 09:41:33.892 D/XiriService( 310): check file name: /data/data/com.oranth.factory/lib
10-16 09:41:33.892 D/XiriService( 310): check file name: /data/data/com.oranth.factory/lib
10-16 09:41:33.892 D/XiriService( 310): check file name: /data/data/com.oranth.factory/lib
10-16 09:41:33.892 D/XiriService( 310): check file name: /data/data/com.oranth.factory/lib
10-16 09:41:33.898 D/XiriService( 310): check file name: /data/data/com.oranth.factory/lib
10-16 09:41:33.898 D/XiriService( 310): check file name: /data/data/com.oranth.factory/lib
10-16 09:41:33.898 D/XiriService( 310): check file name: /data/data/com.oranth.factory/lib
10-16 09:41:33.898 D/XiriService( 310): check file name: /data/data/com.oranth.factory/lib
10-16 09:41:33.899 D/XiriService( 310): check file name: /data/data/com.android.internal.systemui.navbar.gestural_wide_back/lib
10-16 09:41:33.906 D/XiriService( 310): check file name: /data/data/com.dangbei.zhushou.os/lib
10-16 09:41:33.906 D/XiriService( 310): check file name: /data/data/com.dangbei.zhushou.os/lib
10-16 09:41:33.906 D/XiriService( 310): check file name: /data/data/com.dangbei.zhushou.os/lib
10-16 09:41:33.906 D/XiriService( 310): check file name: /data/data/com.dangbei.zhushou.os/lib
10-16 09:41:33.906 D/XiriService( 310): check file name: /data/data/com.dangbei.zhushou.os/lib
10-16 09:41:33.912 D/XiriService( 310): check file name: /data/data/com.dangbei.zhushou.os/lib
10-16 09:41:33.912 D/XiriService( 310): check file name: /data/data/com.dangbei.zhushou.os/lib
10-16 09:41:33.912 D/XiriService( 310): check file name: /data/data/com.dangbei.zhushou.os/lib
10-16 09:41:33.912 D/XiriService( 310): check file name: /data/data/com.dangbei.zhushou.os/lib
10-16 09:41:33.913 D/XiriService( 310): check file name: /data/data/com.android.wallpapercropper/lib
10-16 09:41:33.919 D/XiriService( 310): check file name: /data/data/com.softwinner.provision/lib
10-16 09:41:33.927 D/XiriService( 310): check file name: /data/data/com.softwinner.awlogsettings/lib
10-16 09:41:33.933 D/XiriService( 310): check file name: /data/data/com.android.documentsui/lib
10-16 09:41:33.942 D/XiriService( 310): check file name: /data/data/com.sohu.inputmethod.sogou.tv/lib
10-16 09:41:33.942 D/XiriService( 310): check file name: /data/data/com.sohu.inputmethod.sogou.tv/lib
10-16 09:41:33.942 D/XiriService( 310): check file name: /data/data/com.sohu.inputmethod.sogou.tv/lib
10-16 09:41:33.942 D/XiriService( 310): check file name: /data/data/com.sohu.inputmethod.sogou.tv/lib
10-16 09:41:33.940 I/xiriservice_All( 310): type=1400 audit(0.0:299): avc: denied { read } for name="lib" dev="mmcblk0p25" ino=1407 scontext=u:r:init:s0 tcontext=u:object_r:app_data_file:s0 tclass=lnk_file permissive=1
10-16 09:41:33.940 I/xiriservice_All( 310): type=1400 audit(0.0:300): avc: denied { read } for name="lib" dev="mmcblk0p25" ino=1407 scontext=u:r:init:s0 tcontext=u:object_r:app_data_file:s0:c38,c256,c512,c768 tclass=lnk_file permissive=1
10-16 09:41:33.943 D/XiriService( 310): check file name: /data/data/com.sohu.inputmethod.sogou.tv/lib
10-16 09:41:33.943 W/installd( 350): Requested default storage /data/user_de/0/com.sohu.inputmethod.sogou.tv is not active; migrating from /data/data/com.sohu.inputmethod.sogou.tv
10-16 09:41:33.944 D/XiriService( 310): check file name: /data/data/com.sohu.inputmethod.sogou.tv/lib
10-16 09:41:33.944 D/XiriService( 310): check file name: /data/data/com.sohu.inputmethod.sogou.tv/lib
10-16 09:41:33.945 D/XiriService( 310): check file name: /data/data/com.sohu.inputmethod.sogou.tv/lib
10-16 09:41:33.948 D/XiriService( 310): check file name: /data/data/com.sohu.inputmethod.sogou.tv/lib
10-16 09:41:33.948 D/XiriService( 310): check file name: /data/data/com.sohu.inputmethod.sogou.tv/lib
10-16 09:41:33.951 D/XiriService( 310): check file name: /data/data/com.sohu.inputmethod.sogou.tv/lib
10-16 09:41:33.952 D/XiriService( 310): check file name: /data/data/com.sohu.inputmethod.sogou.tv/lib
10-16 09:41:33.952 D/XiriService( 310): check file name: /data/data/com.sohu.inputmethod.sogou.tv/lib
10-16 09:41:33.952 D/XiriService( 310): check file name: /data/data/com.sohu.inputmethod.sogou.tv/lib
10-16 09:41:33.953 D/XiriService( 310): check file name: /data/data/com.android.externalstorage/lib
10-16 09:41:33.959 D/XiriService( 310): check file name: /data/data/com.android.htmlviewer/lib
10-16 09:41:33.965 D/XiriService( 310): check file name: /data/data/com.android.companiondevicemanager/lib
10-16 09:41:33.975 D/XiriService( 310): check file name: /data/data/com.android.providers.downloads/lib
10-16 09:41:33.981 D/XiriService( 310): check file name: /data/data/com.android.providers.tv/lib
10-16 09:41:33.987 D/XiriService( 310): check file name: /data/data/com.android.internal.systemui.onehanded.gestural/lib
10-16 09:41:33.993 D/XiriService( 310): check file name: /data/data/com.oranth.ledstatus/lib
10-16 09:41:33.993 D/XiriService( 310): check file name: /data/data/com.oranth.ledstatus/lib
10-16 09:41:33.993 D/XiriService( 310): check file name: /data/data/com.oranth.ledstatus/lib
10-16 09:41:33.993 D/XiriService( 310): check file name: /data/data/com.oranth.ledstatus/lib
10-16 09:41:33.994 D/XiriService( 310): check file name: /data/data/com.oranth.ledstatus/lib
10-16 09:41:33.999 D/XiriService( 310): check file name: /data/data/com.oranth.ledstatus/lib
10-16 09:41:33.999 D/XiriService( 310): check file name: /data/data/com.oranth.ledstatus/lib
10-16 09:41:34.000 D/XiriService( 310): check file name: /data/data/com.oranth.ledstatus/lib
10-16 09:41:34.000 D/XiriService( 310): check file name: /data/data/com.oranth.ledstatus/lib
10-16 09:41:34.001 D/XiriService( 310): check file name: /data/data/com.dangbei.lerad.videoposter/lib
10-16 09:41:34.001 D/XiriService( 310): check file name: /data/data/com.dangbei.lerad.videoposter/lib
10-16 09:41:34.001 D/XiriService( 310): check file name: /data/data/com.dangbei.lerad.videoposter/lib
10-16 09:41:34.001 D/XiriService( 310): check file name: /data/data/com.dangbei.lerad.videoposter/lib
10-16 09:41:33.996 I/xiriservice_All( 310): type=1400 audit(0.0:301): avc: denied { read } for name="lib" dev="mmcblk0p25" ino=1421 scontext=u:r:init:s0 tcontext=u:object_r:app_data_file:s0:c512,c768 tclass=lnk_file permissive=1
10-16 09:41:34.001 D/XiriService( 310): check file name: /data/data/com.dangbei.lerad.videoposter/lib
10-16 09:41:34.008 D/XiriService( 310): check file name: /data/data/com.dangbei.lerad.videoposter/lib
10-16 09:41:34.008 D/XiriService( 310): check file name: /data/data/com.dangbei.lerad.videoposter/lib
10-16 09:41:34.008 D/XiriService( 310): check file name: /data/data/com.dangbei.lerad.videoposter/lib
10-16 09:41:34.008 D/XiriService( 310): check file name: /data/data/com.dangbei.lerad.videoposter/lib
10-16 09:41:34.009 D/XiriService( 310): check file name: /data/data/com.android.providers.downloads.ui/lib
10-16 09:41:34.016 D/XiriService( 310): check file name: /data/data/com.android.pacprocessor/lib
10-16 09:41:34.016 W/installd( 350): Requested default storage /data/user_de/0/com.android.pacprocessor is not active; migrating from /data/data/com.android.pacprocessor
10-16 09:41:34.017 D/XiriService( 310): check file name: /data/data/com.android.pacprocessor/lib
10-16 09:41:34.017 D/XiriService( 310): check file name: /data/data/com.android.pacprocessor/lib
10-16 09:41:34.018 D/XiriService( 310): check file name: /data/data/com.android.pacprocessor/lib
10-16 09:41:34.016 I/EventThread( 262): type=1400 audit(0.0:302): avc: denied { search } for name="extcon" dev="sysfs" ino=18109 scontext=u:r:hal_tv_cec_default:s0 tcontext=u:object_r:sysfs_extcon:s0 tclass=dir permissive=1
10-16 09:41:34.022 D/XiriService( 310): check file name: /data/data/com.android.pacprocessor/lib
10-16 09:41:34.023 D/XiriService( 310): check file name: /data/data/com.android.pacprocessor/lib
10-16 09:41:34.026 D/XiriService( 310): check file name: /data/data/com.android.simappdialog/lib
10-16 09:41:34.032 D/XiriService( 310): check file name: /data/data/com.android.networkstack/lib
10-16 09:41:34.032 D/XiriService( 310): check file name: /data/data/com.android.networkstack/lib
10-16 09:41:34.032 D/XiriService( 310): check file name: /data/data/com.android.networkstack/lib
10-16 09:41:34.028 I/xiriservice_All( 310): type=1400 audit(0.0:303): avc: denied { read } for name="lib" dev="mmcblk0p25" ino=1430 scontext=u:r:init:s0 tcontext=u:object_r:radio_data_file:s0 tclass=lnk_file permissive=1
10-16 09:41:34.033 D/XiriService( 310): check file name: /data/data/com.android.networkstack/lib
10-16 09:41:34.033 W/installd( 350): Requested default storage /data/user_de/0/com.android.networkstack is not active; migrating from /data/data/com.android.networkstack
10-16 09:41:34.034 D/XiriService( 310): check file name: /data/data/com.android.networkstack/lib
10-16 09:41:34.034 D/XiriService( 310): check file name: /data/data/com.android.networkstack/lib
10-16 09:41:34.035 D/XiriService( 310): check file name: /data/data/com.android.networkstack/lib
10-16 09:41:34.038 D/XiriService( 310): check file name: /data/data/com.android.networkstack/lib
10-16 09:41:34.038 D/XiriService( 310): check file name: /data/data/com.android.networkstack/lib
10-16 09:41:34.042 D/XiriService( 310): check file name: /data/data/com.android.networkstack/lib
10-16 09:41:34.042 D/XiriService( 310): check file name: /data/data/com.android.networkstack/lib
10-16 09:41:34.042 D/XiriService( 310): check file name: /data/data/com.android.networkstack/lib
10-16 09:41:34.042 D/XiriService( 310): check file name: /data/data/com.android.networkstack/lib
10-16 09:41:34.043 D/XiriService( 310): check file name: /data/data/com.android.modulemetadata/lib
10-16 09:41:34.050 D/XiriService( 310): check file name: /data/data/com.android.certinstaller/lib
10-16 09:41:34.059 D/XiriService( 310): check file name: /data/data/com.android.carrierconfig/lib
10-16 09:41:34.065 D/XiriService( 310): check file name: /data/data/com.google.android.apps.searchlite.overlay/lib
10-16 09:41:34.060 I/xiriservice_All( 310): type=1400 audit(0.0:304): avc: denied { search } for name="com.google.android.apps.searchlite.overlay" dev="mmcblk0p25" ino=816 scontext=u:r:init:s0 tcontext=u:object_r:app_data_file:s0:c5,c256,c512,c768 tclass=dir permissive=1
10-16 09:41:34.071 D/XiriService( 310): check file name: /data/data/com.android.internal.systemui.navbar.threebutton/lib
10-16 09:41:34.068 I/xiriservice_All( 310): type=1400 audit(0.0:305): avc: denied { search } for name="com.android.internal.systemui.navbar.threebutton" dev="mmcblk0p25" ino=824 scontext=u:r:init:s0 tcontext=u:object_r:app_data_file:s0:c4,c256,c512,c768 tclass=dir permissive=1
10-16 09:41:34.078 D/XiriService( 310): check file name: /data/data/com.google.android.networkstackconfig/lib
10-16 09:41:34.076 I/xiriservice_All( 310): type=1400 audit(0.0:306): avc: denied { search } for name="com.google.android.networkstackconfig" dev="mmcblk0p25" ino=832 scontext=u:r:init:s0 tcontext=u:object_r:app_data_file:s0:c0,c256,c512,c768 tclass=dir permissive=1
10-16 09:41:34.084 D/XiriService( 310): check file name: /data/data/com.softwinner.settingssetup/lib
10-16 09:41:34.093 D/XiriService( 310): check file name: /data/data/com.android.egg/lib
10-16 09:41:34.100 D/XiriService( 310): check file name: /data/data/com.android.mtp/lib
10-16 09:41:34.106 D/XiriService( 310): check file name: /data/data/com.android.backupconfirm/lib
10-16 09:41:34.112 D/XiriService( 310): check file name: /data/data/com.softwinner.timerswitch/lib
10-16 09:41:34.118 D/XiriService( 310): check file name: /data/data/com.android.statementservice/lib
10-16 09:41:34.124 D/XiriService( 310): check file name: /data/data/com.dangbei.screencast/lib
10-16 09:41:34.125 D/XiriService( 310): check file name: /data/data/com.dangbei.screencast/lib
10-16 09:41:34.125 D/XiriService( 310): check file name: /data/data/com.dangbei.screencast/lib
10-16 09:41:34.125 D/XiriService( 310): check file name: /data/data/com.dangbei.screencast/lib
10-16 09:41:34.125 D/XiriService( 310): check file name: /data/data/com.dangbei.screencast/lib
10-16 09:41:34.132 D/XiriService( 310): check file name: /data/data/com.dangbei.screencast/lib
10-16 09:41:34.132 D/XiriService( 310): check file name: /data/data/com.dangbei.screencast/lib
10-16 09:41:34.132 D/XiriService( 310): check file name: /data/data/com.dangbei.screencast/lib
10-16 09:41:34.132 D/XiriService( 310): check file name: /data/data/com.dangbei.screencast/lib
10-16 09:41:34.133 D/XiriService( 310): check file name: /data/data/com.android.settings.intelligence/lib
10-16 09:41:34.140 D/XiriService( 310): check file name: /data/data/com.android.internal.systemui.navbar.gestural_extra_wide_back/lib
10-16 09:41:34.136 I/xiriservice_All( 310): type=1400 audit(0.0:307): avc: denied { search } for name="com.android.internal.systemui.navbar.gestural_extra_wide_back" dev="mmcblk0p25" ino=908 scontext=u:r:init:s0 tcontext=u:object_r:app_data_file:s0:c11,c256,c512,c768 tclass=dir permissive=1
10-16 09:41:34.147 D/XiriService( 310): check file name: /data/data/com.dangbei.leard.leradlauncher/lib
10-16 09:41:34.147 D/XiriService( 310): check file name: /data/data/com.dangbei.leard.leradlauncher/lib
10-16 09:41:34.147 D/XiriService( 310): check file name: /data/data/com.dangbei.leard.leradlauncher/lib
10-16 09:41:34.147 D/XiriService( 310): check file name: /data/data/com.dangbei.leard.leradlauncher/lib
10-16 09:41:34.147 D/XiriService( 310): check file name: /data/data/com.dangbei.leard.leradlauncher/lib
10-16 09:41:34.153 D/XiriService( 310): check file name: /data/data/com.dangbei.leard.leradlauncher/lib
10-16 09:41:34.153 D/XiriService( 310): check file name: /data/data/com.dangbei.leard.leradlauncher/lib
10-16 09:41:34.153 D/XiriService( 310): check file name: /data/data/com.dangbei.leard.leradlauncher/lib
10-16 09:41:34.154 D/XiriService( 310): check file name: /data/data/com.dangbei.leard.leradlauncher/lib
10-16 09:41:34.155 D/XiriService( 310): check file name: /data/data/com.android.sharedstoragebackup/lib
10-16 09:41:34.161 D/XiriService( 310): check file name: /data/data/com.android.printspooler/lib
10-16 09:41:34.156 I/xiriservice_All( 310): type=1400 audit(0.0:308): avc: denied { search } for name="com.android.printspooler" dev="mmcblk0p25" ino=935 scontext=u:r:init:s0 tcontext=u:object_r:app_data_file:s0:c39,c256,c512,c768 tclass=dir permissive=1
10-16 09:41:34.161 D/XiriService( 310): check file name: /data/data/com.android.printspooler/lib
10-16 09:41:34.161 D/XiriService( 310): check file name: /data/data/com.android.printspooler/lib
10-16 09:41:34.156 I/xiriservice_All( 310): type=1400 audit(0.0:309): avc: denied { read } for name="lib" dev="mmcblk0p25" ino=1454 scontext=u:r:init:s0 tcontext=u:object_r:app_data_file:s0:c39,c256,c512,c768 tclass=lnk_file permissive=1
10-16 09:41:34.168 D/XiriService( 310): check file name: /data/data/com.android.printspooler/lib
10-16 09:41:34.168 D/XiriService( 310): check file name: /data/data/com.android.printspooler/lib
10-16 09:41:34.168 D/XiriService( 310): check file name: /data/data/com.android.printspooler/lib
10-16 09:41:34.168 D/XiriService( 310): check file name: /data/data/com.android.printspooler/lib
10-16 09:41:34.169 D/XiriService( 310): check file name: /data/data/com.android.dreams.basic/lib
10-16 09:41:34.164 I/xiriservice_All( 310): type=1400 audit(0.0:310): avc: denied { search } for name="com.android.dreams.basic" dev="mmcblk0p25" ino=945 scontext=u:r:init:s0 tcontext=u:object_r:app_data_file:s0:c51,c256,c512,c768 tclass=dir permissive=1
10-16 09:41:34.178 D/XiriService( 310): check file name: /data/data/com.android.webview/lib
10-16 09:41:34.176 I/xiriservice_All( 310): type=1400 audit(0.0:311): avc: denied { search } for name="com.android.webview" dev="mmcblk0p25" ino=953 scontext=u:r:init:s0 tcontext=u:object_r:app_data_file:s0:c60,c256,c512,c768 tclass=dir permissive=1
10-16 09:41:34.176 I/xiriservice_All( 310): type=1400 audit(0.0:312): avc: denied { read } for name="lib" dev="mmcblk0p25" ino=1458 scontext=u:r:init:s0 tcontext=u:object_r:app_data_file:s0:c60,c256,c512,c768 tclass=lnk_file permissive=1
10-16 09:41:34.178 D/XiriService( 310): check file name: /data/data/com.android.webview/lib
10-16 09:41:34.178 D/XiriService( 310): check file name: /data/data/com.android.webview/lib
10-16 09:41:34.179 D/XiriService( 310): check file name: /data/data/com.android.webview/lib
10-16 09:41:34.184 D/XiriService( 310): check file name: /data/data/com.android.webview/lib
10-16 09:41:34.185 D/XiriService( 310): check file name: /data/data/com.android.webview/lib
10-16 09:41:34.185 D/XiriService( 310): check file name: /data/data/com.android.webview/lib
10-16 09:41:34.185 D/XiriService( 310): check file name: /data/data/com.android.webview/lib
10-16 09:41:34.186 D/XiriService( 310): check file name: /data/data/com.android.se/lib
10-16 09:41:34.192 D/XiriService( 310): check file name: /data/data/com.android.tv/lib
10-16 09:41:34.198 D/XiriService( 310): check file name: /data/data/com.android.bips/lib
10-16 09:41:34.196 I/xiriservice_All( 310): type=1400 audit(0.0:313): avc: denied { read } for name="lib" dev="mmcblk0p25" ino=1463 scontext=u:r:init:s0 tcontext=u:object_r:privapp_data_file:s0 tclass=lnk_file permissive=1
10-16 09:41:34.200 D/XiriService( 310): check file name: /data/data/com.android.bips/lib
10-16 09:41:34.204 D/XiriService( 310): check file name: /data/data/com.android.bips/lib
10-16 09:41:34.204 D/XiriService( 310): check file name: /data/data/com.android.bips/lib
10-16 09:41:34.205 D/XiriService( 310): check file name: /data/data/com.android.bips/lib
10-16 09:41:34.205 D/XiriService( 310): check file name: /data/data/com.android.bips/lib
10-16 09:41:34.206 D/XiriService( 310): check file name: /data/data/com.oranth.inputmacsn/lib
10-16 09:41:34.206 D/XiriService( 310): check file name: /data/data/com.oranth.inputmacsn/lib
10-16 09:41:34.206 D/XiriService( 310): check file name: /data/data/com.oranth.inputmacsn/lib
10-16 09:41:34.206 D/XiriService( 310): check file name: /data/data/com.oranth.inputmacsn/lib
10-16 09:41:34.207 D/XiriService( 310): check file name: /data/data/com.oranth.inputmacsn/lib
10-16 09:41:34.213 D/XiriService( 310): check file name: /data/data/com.oranth.inputmacsn/lib
10-16 09:41:34.213 D/XiriService( 310): check file name: /data/data/com.oranth.inputmacsn/lib
10-16 09:41:34.213 D/XiriService( 310): check file name: /data/data/com.oranth.inputmacsn/lib
10-16 09:41:34.213 D/XiriService( 310): check file name: /data/data/com.oranth.inputmacsn/lib
10-16 09:41:34.214 D/XiriService( 310): check file name: /data/data/com.android.musicfx/lib
10-16 09:41:34.221 D/XiriService( 310): check file name: /data/data/com.dangbei.hqguide/lib
10-16 09:41:34.227 D/XiriService( 310): check file name: /data/data/com.android.onetimeinitializer/lib
10-16 09:41:34.233 D/XiriService( 310): check file name: /data/data/com.android.keychain/lib
10-16 09:41:34.233 D/XiriService( 310): check file name: /data/data/com.android.keychain/lib
10-16 09:41:34.234 D/XiriService( 310): check file name: /data/data/com.android.keychain/lib
10-16 09:41:34.234 D/XiriService( 310): check file name: /data/data/com.android.keychain/lib
10-16 09:41:34.234 D/XiriService( 310): check file name: /data/data/com.android.keychain/lib
10-16 09:41:34.240 D/XiriService( 310): check file name: /data/data/com.android.keychain/lib
10-16 09:41:34.240 D/XiriService( 310): check file name: /data/data/com.android.keychain/lib
10-16 09:41:34.240 D/XiriService( 310): check file name: /data/data/com.android.keychain/lib
10-16 09:41:34.240 D/XiriService( 310): check file name: /data/data/com.android.keychain/lib
10-16 09:41:34.241 D/XiriService( 310): check file name: /data/data/com.android.printservice.recommendation/lib
10-16 09:41:34.236 I/xiriservice_All( 310): type=1400 audit(0.0:314): avc: denied { search } for name="com.android.printservice.recommendation" dev="mmcblk0p25" ino=1025 scontext=u:r:init:s0 tcontext=u:object_r:app_data_file:s0:c53,c256,c512,c768 tclass=dir permissive=1
10-16 09:41:34.249 D/XiriService( 310): check file name: /data/data/com.google.android.networkstack.tetheringconfig/lib
10-16 09:41:34.244 I/xiriservice_All( 310): type=1400 audit(0.0:315): avc: denied { search } for name="com.google.android.networkstack.tetheringconfig" dev="mmcblk0p25" ino=1033 scontext=u:r:init:s0 tcontext=u:object_r:app_data_file:s0:c7,c256,c512,c768 tclass=dir permissive=1
10-16 09:41:34.258 D/XiriService( 310): check file name: /data/data/com.android.localtransport/lib
10-16 09:41:34.259 D/XiriService( 310): check file name: /data/data/com.android.localtransport/lib
10-16 09:41:34.259 D/XiriService( 310): check file name: /data/data/com.android.localtransport/lib
10-16 09:41:34.259 D/XiriService( 310): check file name: /data/data/com.android.localtransport/lib
10-16 09:41:34.259 D/XiriService( 310): check file name: /data/data/com.android.localtransport/lib
10-16 09:41:34.264 D/XiriService( 310): check file name: /data/data/com.android.localtransport/lib
10-16 09:41:34.265 D/XiriService( 310): check file name: /data/data/com.android.localtransport/lib
10-16 09:41:34.265 D/XiriService( 310): check file name: /data/data/com.android.localtransport/lib
10-16 09:41:34.265 D/XiriService( 310): check file name: /data/data/com.android.localtransport/lib
10-16 09:41:34.266 D/XiriService( 310): check file name: /data/data/com.android.packageinstaller/lib
10-16 09:41:34.266 D/XiriService( 310): check file name: /data/data/com.android.packageinstaller/lib
10-16 09:41:34.266 D/XiriService( 310): check file name: /data/data/com.android.packageinstaller/lib
10-16 09:41:34.266 D/XiriService( 310): check file name: /data/data/com.android.packageinstaller/lib
10-16 09:41:34.267 D/XiriService( 310): check file name: /data/data/com.android.packageinstaller/lib
10-16 09:41:34.267 W/installd( 350): Requested default storage /data/user_de/0/com.android.packageinstaller is not active; migrating from /data/data/com.android.packageinstaller
10-16 09:41:34.268 D/XiriService( 310): check file name: /data/data/com.android.packageinstaller/lib
10-16 09:41:34.268 D/XiriService( 310): check file name: /data/data/com.android.packageinstaller/lib
10-16 09:41:34.269 D/XiriService( 310): check file name: /data/data/com.android.packageinstaller/lib
10-16 09:41:34.272 D/XiriService( 310): check file name: /data/data/com.android.packageinstaller/lib
10-16 09:41:34.272 D/XiriService( 310): check file name: /data/data/com.android.packageinstaller/lib
10-16 09:41:34.275 D/XiriService( 310): check file name: /data/data/com.android.packageinstaller/lib
10-16 09:41:34.276 D/XiriService( 310): check file name: /data/data/com.android.packageinstaller/lib
10-16 09:41:34.276 D/XiriService( 310): check file name: /data/data/com.android.packageinstaller/lib
10-16 09:41:34.276 D/XiriService( 310): check file name: /data/data/com.android.theme.font.notoserifsource/lib
10-16 09:41:34.283 D/XiriService( 310): check file name: /data/data/com.android.managedprovisioning/lib
10-16 09:41:34.290 D/XiriService( 310): check file name: /data/data/com.oranth.usbopenft/lib
10-16 09:41:34.290 D/XiriService( 310): check file name: /data/data/com.oranth.usbopenft/lib
10-16 09:41:34.290 D/XiriService( 310): check file name: /data/data/com.oranth.usbopenft/lib
10-16 09:41:34.291 D/XiriService( 310): check file name: /data/data/com.oranth.usbopenft/lib
10-16 09:41:34.291 D/XiriService( 310): check file name: /data/data/com.oranth.usbopenft/lib
10-16 09:41:34.297 D/XiriService( 310): check file name: /data/data/com.oranth.usbopenft/lib
10-16 09:41:34.297 D/XiriService( 310): check file name: /data/data/com.oranth.usbopenft/lib
10-16 09:41:34.297 D/XiriService( 310): check file name: /data/data/com.oranth.usbopenft/lib
10-16 09:41:34.297 D/XiriService( 310): check file name: /data/data/com.oranth.usbopenft/lib
10-16 09:41:34.299 D/XiriService( 310): check file name: /data/data/com.android.networkstack.tethering/lib
10-16 09:41:34.299 D/XiriService( 310): check file name: /data/data/com.android.networkstack.tethering/lib
10-16 09:41:34.299 D/XiriService( 310): check file name: /data/data/com.android.networkstack.tethering/lib
10-16 09:41:34.299 D/XiriService( 310): check file name: /data/data/com.android.networkstack.tethering/lib
10-16 09:41:34.299 D/XiriService( 310): check file name: /data/data/com.android.networkstack.tethering/lib
10-16 09:41:34.299 W/installd( 350): Requested default storage /data/user_de/0/com.android.networkstack.tethering is not active; migrating from /data/data/com.android.networkstack.tethering
10-16 09:41:34.300 D/XiriService( 310): check file name: /data/data/com.android.networkstack.tethering/lib
10-16 09:41:34.301 D/XiriService( 310): check file name: /data/data/com.android.networkstack.tethering/lib
10-16 09:41:34.302 D/XiriService( 310): check file name: /data/data/com.android.networkstack.tethering/lib
10-16 09:41:34.307 D/XiriService( 310): check file name: /data/data/com.android.networkstack.tethering/lib
10-16 09:41:34.307 D/XiriService( 310): check file name: /data/data/com.android.networkstack.tethering/lib
10-16 09:41:34.311 D/XiriService( 310): check file name: /data/data/com.android.networkstack.tethering/lib
10-16 09:41:34.311 D/XiriService( 310): check file name: /data/data/com.android.networkstack.tethering/lib
10-16 09:41:34.311 D/XiriService( 310): check file name: /data/data/com.android.networkstack.tethering/lib
10-16 09:41:34.311 D/XiriService( 310): check file name: /data/data/com.android.networkstack.tethering/lib
10-16 09:41:34.312 D/XiriService( 310): check file name: /data/data/com.android.soundpicker/lib
10-16 09:41:34.318 D/XiriService( 310): check file name: /data/data/com.dangbei.lerad.etna.haqu/lib
10-16 09:41:34.318 D/XiriService( 310): check file name: /data/data/com.dangbei.lerad.etna.haqu/lib
10-16 09:41:34.318 D/XiriService( 310): check file name: /data/data/com.dangbei.lerad.etna.haqu/lib
10-16 09:41:34.318 D/XiriService( 310): check file name: /data/data/com.dangbei.lerad.etna.haqu/lib
10-16 09:41:34.319 D/XiriService( 310): check file name: /data/data/com.dangbei.lerad.etna.haqu/lib
10-16 09:41:34.324 D/XiriService( 310): check file name: /data/data/com.dangbei.lerad.etna.haqu/lib
10-16 09:41:34.324 D/XiriService( 310): check file name: /data/data/com.dangbei.lerad.etna.haqu/lib
10-16 09:41:34.325 D/XiriService( 310): check file name: /data/data/com.dangbei.lerad.etna.haqu/lib
10-16 09:41:34.325 D/XiriService( 310): check file name: /data/data/com.dangbei.lerad.etna.haqu/lib
10-16 09:41:34.326 D/XiriService( 310): check file name: /data/data/com.allwinnertech.packageoverride/lib
10-16 09:41:34.333 D/XiriService( 310): check file name: /data/data/com.android.smspush/lib
10-16 09:41:34.340 D/XiriService( 310): check file name: /data/data/com.android.wallpaper.livepicker/lib
