10-16 09:41:23.928 I/android.hardware.lights-service( 260): Light Hal current version V2.0.0
10-16 09:41:23.935 I/HidlServiceManagement( 255): Registered android.hardware.cas@1.2::IMediaCasService/default
10-16 09:41:23.936 I/HidlServiceManagement( 263): Registered android.hardware.usb@1.0::IUsb/default
10-16 09:41:23.936 I/HidlServiceManagement( 255): Removing namespace from process name android.hardware.cas@1.2-service to cas@1.2-service.
10-16 09:41:23.936 I/HidlServiceManagement( 263): Removing namespace from process name android.hardware.usb@1.0-service.aw to usb@1.0-service.aw.
10-16 09:41:23.937 D/lights_device( 260): success open disp device type=0.
10-16 09:41:23.938 I/netd ( 243): Enabling bandwidth control: 119476us
10-16 09:41:23.939 I/servicemanager( 181): Found android.hardware.light.ILights/default in device VINTF manifest.
10-16 09:41:23.948 I/netd ( 243): Initializing RouteController: 10262us
10-16 09:41:23.949 D/XfrmController( 243): XfrmController::ipSecAddXfrmInterface, line=1479
10-16 09:41:23.953 D/XfrmController( 243): XfrmController::ipSecRemoveTunnelInterface, line=1692
10-16 09:41:23.954 D/XfrmController( 243): deviceName=ipsec_test
10-16 09:41:23.957 I/servicemanager( 181): Found android.hardware.rebootescrow.IRebootEscrow/default in device VINTF manifest.
10-16 09:41:23.960 D/tee_supplicant( 208): looping
10-16 09:41:23.961 I/HidlServiceManagement( 263): Registered android.hardware.usb.gadget@1.1::IUsbGadget/default
10-16 09:41:23.962 I/android.hardware.usb@1.0-service( 263): USB HAL Ready.
10-16 09:41:23.963 E/cutils-trace( 262): Error opening trace file: No such file or directory (2)
10-16 09:41:23.989 I/display.output-service( 264): DisplayOutputManagerService is started
10-16 09:41:23.990 D/hdmi-cec( 262): Loading: sunxi HDMI CEC module
10-16 09:41:23.996 I/display.output-service( 264): DisplayOutputManagerService current version V2.2.0
10-16 09:41:23.997 E/cutils-trace( 264): Error opening trace file: No such file or directory (2)
10-16 09:41:23.996 I/init ( 164): type=1400 audit(0.0:16): avc: denied { add_name } for name="runtime_enable" scontext=u:r:vendor_init:s0 tcontext=u:object_r:sysfs_disp:s0 tclass=dir permissive=1
10-16 09:41:23.996 I/init ( 164): type=1400 audit(0.0:17): avc: denied { create } for name="runtime_enable" scontext=u:r:vendor_init:s0 tcontext=u:object_r:sysfs_disp:s0 tclass=file permissive=1
10-16 09:41:23.995 I/android.hardware.camera.provider@2.4-external-service( 252): External camera provider service is starting.
10-16 09:41:24.001 E/cutils-trace( 252): Error opening trace file: No such file or directory (2)
10-16 09:41:24.001 I/HidlServiceManagement( 256): Registered android.hardware.gatekeeper@1.0::IGatekeeper/default
10-16 09:41:24.001 I/HidlServiceManagement( 256): Removing namespace from process name android.hardware.gatekeeper@1.0-service-aw to gatekeeper@1.0-service-aw.
10-16 09:41:24.002 I/LegacySupport( 256): Registration complete for android.hardware.gatekeeper@1.0::IGatekeeper/default.
10-16 09:41:24.002 I/credstore( 270): Registered binder service
10-16 09:41:24.003 I/hdmi-cec( 262): HDMI-CEC EventThread start
10-16 09:41:24.014 D/XfrmController( 243): Sending Netlink XFRM Message: XFRM_MSG_FLUSHSA
10-16 09:41:24.014 D/XfrmController( 243): Sending Netlink XFRM Message: XFRM_MSG_FLUSHPOLICY
10-16 09:41:24.015 I/netd ( 243): Initializing XfrmController: 66321us
10-16 09:41:24.018 E/gralloc ( 257): Arm Module v1.0
10-16 09:41:24.021 D/Sunxi_PQ( 277): ic_id=2, de_version=201 0x2
10-16 09:41:24.022 D/Sunxi_PQ( 277): /vendor/lib/libde201.so
10-16 09:41:24.034 I/hwservicemanager( 182): Since vendor.display.config@1.0::IDisplayConfig/default is not registered, trying to start it as a lazy HAL.
10-16 09:41:24.035 E/cutils-trace( 243): Error opening trace file: No such file or directory (2)
10-16 09:41:24.035 D/Sunxi_PQ( 277): maybe /vendor/etc/firmware/disp_firmware, fd:-1 @O_RDONLY.
10-16 09:41:24.035 D/Sunxi_PQ( 277): There is not the /vendor/etc/firmware/disp_firmware, creat it.
10-16 09:41:24.032 I/pqd ( 277): type=1400 audit(0.0:18): avc: denied { write } for name="/" dev="mmcblk0p25" ino=3 scontext=u:r:pqd:s0 tcontext=u:object_r:system_data_root_file:s0 tclass=dir permissive=1
10-16 09:41:24.036 I/pqd ( 277): type=1400 audit(0.0:19): avc: denied { add_name } for name="disp_firmware" scontext=u:r:pqd:s0 tcontext=u:object_r:system_data_root_file:s0 tclass=dir permissive=1
10-16 09:41:24.036 I/pqd ( 277): type=1400 audit(0.0:20): avc: denied { create } for name="disp_firmware" scontext=u:r:pqd:s0 tcontext=u:object_r:system_data_root_file:s0 tclass=file permissive=1
10-16 09:41:24.036 I/pqd ( 277): type=1400 audit(0.0:21): avc: denied { read write open } for path="/data/disp_firmware" dev="mmcblk0p25" ino=221 scontext=u:r:pqd:s0 tcontext=u:object_r:system_data_root_file:s0 tclass=file permissive=1
10-16 09:41:24.040 D/Sunxi_PQ( 277): Sunxi PQ entry tanslate thread.
10-16 09:41:24.040 I/HidlServiceManagement( 262): Registered android.hardware.tv.cec@1.0::IHdmiCec/default
10-16 09:41:24.040 I/HidlServiceManagement( 262): Removing namespace from process name android.hardware.tv.cec@1.0-service to cec@1.0-service.
10-16 09:41:24.041 I/LegacySupport( 262): Registration complete for android.hardware.tv.cec@1.0::IHdmiCec/default.
10-16 09:41:24.041 D/Sunxi_PQ( 277): sunxi PQ wait for client connect from tcp port:5005...
10-16 09:41:24.041 D/Sunxi_PQ( 277): creat a connect thread to deal the socket.
10-16 09:41:24.042 W/libc ( 182): Unable to set property "ctl.interface_start" to "vendor.display.config@1.0::IDisplayConfig/default": error code: 0x20
10-16 09:41:24.043 I/hwservicemanager( 182): Tried to start vendor.display.config@1.0::IDisplayConfig/default as a lazy service, but was unable to. Usually this happens when a service is not installed, but if the service is intended to be used as a lazy service, then it may be configured incorrectly.
10-16 09:41:24.045 I/HidlServiceManagement( 250): Registered android.hardware.bluetooth@1.0::IBluetoothHci/default
10-16 09:41:24.047 I/HidlServiceManagement( 250): Removing namespace from process name android.hardware.bluetooth@1.0-service to bluetooth@1.0-service.
10-16 09:41:24.049 I/LegacySupport( 250): Registration complete for android.hardware.bluetooth@1.0::IBluetoothHci/default.
10-16 09:41:24.052 I/ ( 164): file system registered
10-16 09:41:24.050 I/HidlServiceManagement( 257): Registered android.hardware.graphics.allocator@2.0::IAllocator/default
10-16 09:41:24.051 I/HidlServiceManagement( 257): Removing namespace from process name android.hardware.graphics.allocator@2.0-service to allocator@2.0-service.
10-16 09:41:24.051 I/LegacySupport( 257): Registration complete for android.hardware.graphics.allocator@2.0::IAllocator/default.
10-16 09:41:24.060 I/hwservicemanager( 182): Since vendor.display.config@1.0::IDisplayConfig/default is not registered, trying to start it as a lazy HAL.
10-16 09:41:24.061 I/HidlServiceManagement( 264): getService: Trying again for vendor.display.config@1.0::IDisplayConfig/default...
10-16 09:41:24.070 I/HidlServiceManagement( 249): Registered android.hardware.audio@7.0::IDevicesFactory/default
10-16 09:41:24.071 I/HidlServiceManagement( 249): Removing namespace from process name android.hardware.audio.service to audio.service.
10-16 09:41:24.072 I/LegacySupport( 249): Registration complete for android.hardware.audio@7.0::IDevicesFactory/default.
10-16 09:41:24.075 W/libc ( 182): Unable to set property "ctl.interface_start" to "vendor.display.config@1.0::IDisplayConfig/default": error code: 0x20
10-16 09:41:24.075 I/hwservicemanager( 182): Tried to start vendor.display.config@1.0::IDisplayConfig/default as a lazy service, but was unable to. Usually this happens when a service is not installed, but if the service is intended to be used as a lazy service, then it may be configured incorrectly.
10-16 09:41:24.081 E/GpuMem ( 274): Failed to retrieve pinned program from /sys/fs/bpf/prog_gpu_mem_tracepoint_gpu_mem_gpu_mem_total [2(No such file or directory)]
10-16 09:41:24.088 E/GpuMemTracer( 274): Cannot initialize GpuMemTracer before GpuMem
10-16 09:41:24.084 I/init ( 307): type=1400 audit(0.0:22): avc: denied { execute_no_trans } for path="/system/bin/xiriservice.sh" dev="dm-0" ino=1297 scontext=u:r:init:s0 tcontext=u:object_r:system_file:s0 tclass=file permissive=1
10-16 09:41:24.110 I/HidlServiceManagement( 249): Registered android.hardware.audio.effect@7.0::IEffectsFactory/default
10-16 09:41:24.100 I/init ( 1): type=1400 audit(0.0:23): avc: denied { setattr } for name="ext_csd" dev="debugfs" ino=6238 scontext=u:r:init:s0 tcontext=u:object_r:debugfs_mmc:s0 tclass=file permissive=1
10-16 09:41:24.111 I/LegacySupport( 249): Registration complete for android.hardware.audio.effect@7.0::IEffectsFactory/default.
10-16 09:41:24.112 I/hwservicemanager( 182): getTransport: Cannot find entry android.hardware.soundtrigger@2.3::ISoundTriggerHw/default in either framework or device VINTF manifest.
10-16 09:41:24.108 I/xiriservice.sh( 307): type=1400 audit(0.0:24): avc: denied { write } for name="tmp" dev="mmcblk0p25" ino=85 scontext=u:r:init:s0 tcontext=u:object_r:shell_data_file:s0 tclass=dir permissive=1 bug=b/77873135
10-16 09:41:24.108 I/onstartup.sh( 304): type=1400 audit(0.0:25): avc: denied { write search } for name="tmp" dev="mmcblk0p25" ino=85 scontext=u:r:onstartup:s0 tcontext=u:object_r:shell_data_file:s0 tclass=dir permissive=1
10-16 09:41:24.112 I/onstartup.sh( 304): type=1400 audit(0.0:26): avc: denied { getattr } for path="/data/local/tmp" dev="mmcblk0p25" ino=85 scontext=u:r:onstartup:s0 tcontext=u:object_r:shell_data_file:s0 tclass=dir permissive=1
10-16 09:41:24.119 E/LegacySupport( 249): Could not get passthrough implementation for android.hardware.soundtrigger@2.3::ISoundTriggerHw/default.
10-16 09:41:24.120 I/hwservicemanager( 182): getTransport: Cannot find entry android.hardware.soundtrigger@2.2::ISoundTriggerHw/default in either framework or device VINTF manifest.
10-16 09:41:24.121 E/LegacySupport( 249): Could not get passthrough implementation for android.hardware.soundtrigger@2.2::ISoundTriggerHw/default.
10-16 09:41:24.122 I/hwservicemanager( 182): getTransport: Cannot find entry android.hardware.soundtrigger@2.1::ISoundTriggerHw/default in either framework or device VINTF manifest.
10-16 09:41:24.127 I/sunxi-rfkill soc@3000000( 164): rfkill: set block: 0
10-16 09:41:24.127 I/sunxi-rfkill soc@3000000( 164): rfkill: bt power on success
10-16 09:41:24.128 E/LegacySupport( 249): Could not get passthrough implementation for android.hardware.soundtrigger@2.1::ISoundTriggerHw/default.
10-16 09:41:24.129 I/hwservicemanager( 182): getTransport: Cannot find entry android.hardware.soundtrigger@2.0::ISoundTriggerHw/default in either framework or device VINTF manifest.
10-16 09:41:24.130 E/LegacySupport( 249): Could not get passthrough implementation for android.hardware.soundtrigger@2.0::ISoundTriggerHw/default.
10-16 09:41:24.131 W/audiohalservice( 249): Could not register Soundtrigger API
10-16 09:41:24.131 I/hwservicemanager( 182): getTransport: Cannot find entry android.hardware.bluetooth.audio@2.1::IBluetoothAudioProvidersFactory/default in either framework or device VINTF manifest.
10-16 09:41:24.132 E/LegacySupport( 249): Could not get passthrough implementation for android.hardware.bluetooth.audio@2.1::IBluetoothAudioProvidersFactory/default.
10-16 09:41:24.132 I/hwservicemanager( 182): getTransport: Cannot find entry android.hardware.bluetooth.audio@2.0::IBluetoothAudioProvidersFactory/default in either framework or device VINTF manifest.
10-16 09:41:24.133 E/LegacySupport( 249): Could not get passthrough implementation for android.hardware.bluetooth.audio@2.0::IBluetoothAudioProvidersFactory/default.
10-16 09:41:24.134 W/audiohalservice( 249): Could not register Bluetooth Audio API
10-16 09:41:24.135 I/hwservicemanager( 182): getTransport: Cannot find entry android.hardware.bluetooth.a2dp@1.0::IBluetoothAudioOffload/default in either framework or device VINTF manifest.
10-16 09:41:24.140 E/LegacySupport( 249): Could not get passthrough implementation for android.hardware.bluetooth.a2dp@1.0::IBluetoothAudioOffload/default.
10-16 09:41:24.140 W/audiohalservice( 249): Could not register Bluetooth Audio Offload API
10-16 09:41:24.136 I/init ( 312): type=1400 audit(0.0:27): avc: denied { write } for name="kmsg_debug" dev="tmpfs" ino=1179 scontext=u:r:init:s0 tcontext=u:object_r:kmsg_debug_device:s0 tclass=chr_file permissive=1
10-16 09:41:24.136 I/init ( 312): type=1400 audit(0.0:28): avc: denied { open } for path="/dev/kmsg_debug" dev="tmpfs" ino=1179 scontext=u:r:init:s0 tcontext=u:object_r:kmsg_debug_device:s0 tclass=chr_file permissive=1
10-16 09:41:24.146 I/sunxihwc( 258): open: Loading: sunxi hwcomposer module
10-16 09:41:24.147 E/cutils-trace( 258): Error opening trace file: No such file or directory (2)
10-16 09:41:24.150 I/HidlServiceManagement( 258): Registered android.hardware.graphics.composer@2.2::IComposer/default
10-16 09:41:24.151 I/HidlServiceManagement( 258): Removing namespace from process name android.hardware.graphics.composer@2.2-service to composer@2.2-service.
10-16 09:41:24.171 D/XiriService( 310): XiriService version 2.5.0.11258
10-16 09:41:24.181 I/gsid ( 309): no DSU: No such file or directory
10-16 09:41:24.184 I/pgrep ( 313): type=1400 audit(0.0:29): avc: denied { read } for scontext=u:r:toolbox:s0 tcontext=u:r:init:s0 tclass=file permissive=1
10-16 09:41:24.188 I/pgrep ( 313): type=1400 audit(0.0:30): avc: denied { read } for scontext=u:r:toolbox:s0 tcontext=u:r:kernel:s0 tclass=file permissive=1
10-16 09:41:24.196 I/pgrep ( 313): type=1400 audit(0.0:31): avc: denied { read } for scontext=u:r:toolbox:s0 tcontext=u:r:vendor_init:s0 tclass=file permissive=1
10-16 09:41:24.196 I/pgrep ( 313): type=1400 audit(0.0:32): avc: denied { sys_ptrace } for capability=19 scontext=u:r:toolbox:s0 tcontext=u:r:toolbox:s0 tclass=capability permissive=1
10-16 09:41:24.196 I/pgrep ( 313): type=1400 audit(0.0:33): avc: denied { read } for scontext=u:r:toolbox:s0 tcontext=u:r:ueventd:s0 tclass=file permissive=1
10-16 09:41:24.196 I/pgrep ( 313): type=1400 audit(0.0:34): avc: denied { read } for scontext=u:r:toolbox:s0 tcontext=u:r:logd:s0 tclass=file permissive=1
10-16 09:41:24.196 I/pgrep ( 313): type=1400 audit(0.0:35): avc: denied { read } for scontext=u:r:toolbox:s0 tcontext=u:r:lmkd:s0 tclass=file permissive=1
10-16 09:41:24.196 I/pgrep ( 313): type=1400 audit(0.0:36): avc: denied { read } for scontext=u:r:toolbox:s0 tcontext=u:r:servicemanager:s0 tclass=file permissive=1
10-16 09:41:24.196 I/pgrep ( 313): type=1400 audit(0.0:37): avc: denied { getattr } for path="/proc/1" dev="proc" ino=1193 scontext=u:r:toolbox:s0 tcontext=u:r:init:s0 tclass=dir permissive=1
10-16 09:41:24.196 I/pgrep ( 313): type=1400 audit(0.0:38): avc: denied { search } for name="1" dev="proc" ino=1193 scontext=u:r:toolbox:s0 tcontext=u:r:init:s0 tclass=dir permissive=1
10-16 09:41:24.200 I/pgrep ( 313): type=1400 audit(0.0:39): avc: denied { open } for path="/proc/1/stat" dev="proc" ino=9400 scontext=u:r:toolbox:s0 tcontext=u:r:init:s0 tclass=file permissive=1
10-16 09:41:24.200 I/pgrep ( 313): type=1400 audit(0.0:40): avc: denied { getattr } for path="/proc/2" dev="proc" ino=9315 scontext=u:r:toolbox:s0 tcontext=u:r:kernel:s0 tclass=dir permissive=1
10-16 09:41:24.200 I/pgrep ( 313): type=1400 audit(0.0:41): avc: denied { search } for name="2" dev="proc" ino=9315 scontext=u:r:toolbox:s0 tcontext=u:r:kernel:s0 tclass=dir permissive=1
10-16 09:41:24.200 I/pgrep ( 313): type=1400 audit(0.0:42): avc: denied { open } for path="/proc/2/stat" dev="proc" ino=9401 scontext=u:r:toolbox:s0 tcontext=u:r:kernel:s0 tclass=file permissive=1
10-16 09:41:24.204 I/busybox ( 316): type=1400 audit(0.0:43): avc: denied { getattr } for path="/data/app" dev="mmcblk0p25" ino=92 scontext=u:r:onstartup:s0 tcontext=u:object_r:apk_data_file:s0 tclass=dir permissive=1
10-16 09:41:24.212 I/pgrep ( 313): type=1400 audit(0.0:44): avc: denied { getattr } for path="/proc/164" dev="proc" ino=2181 scontext=u:r:toolbox:s0 tcontext=u:r:vendor_init:s0 tclass=dir permissive=1
10-16 09:41:24.212 I/init ( 317): type=1400 audit(0.0:45): avc: denied { execute } for name="led_switch.sh" dev="dm-1" ino=129 scontext=u:r:init:s0 tcontext=u:object_r:vendor_file:s0 tclass=file permissive=1
10-16 09:41:24.212 I/init ( 317): type=1400 audit(0.0:46): avc: denied { execute_no_trans } for path="/vendor/bin/led_switch.sh" dev="dm-1" ino=129 scontext=u:r:init:s0 tcontext=u:object_r:vendor_file:s0 tclass=file permissive=1
10-16 09:41:24.220 I/pgrep ( 313): type=1400 audit(0.0:47): avc: denied { search } for name="164" dev="proc" ino=2181 scontext=u:r:toolbox:s0 tcontext=u:r:vendor_init:s0 tclass=dir permissive=1
10-16 09:41:24.228 I/pgrep ( 313): type=1400 audit(0.0:48): avc: denied { open } for path="/proc/164/stat" dev="proc" ino=9502 scontext=u:r:toolbox:s0 tcontext=u:r:vendor_init:s0 tclass=file permissive=1
10-16 09:41:24.228 I/pgrep ( 313): type=1400 audit(0.0:49): avc: denied { getattr } for path="/proc/167" dev="proc" ino=6243 scontext=u:r:toolbox:s0 tcontext=u:r:ueventd:s0 tclass=dir permissive=1
10-16 09:41:24.228 I/pgrep ( 313): type=1400 audit(0.0:50): avc: denied { search } for name="167" dev="proc" ino=6243 scontext=u:r:toolbox:s0 tcontext=u:r:ueventd:s0 tclass=dir permissive=1
10-16 09:41:24.228 I/pgrep ( 313): type=1400 audit(0.0:51): avc: denied { open } for path="/proc/167/stat" dev="proc" ino=9503 scontext=u:r:toolbox:s0 tcontext=u:r:ueventd:s0 tclass=file permissive=1
10-16 09:41:24.228 I/pgrep ( 313): type=1400 audit(0.0:52): avc: denied { getattr } for path="/proc/179" dev="proc" ino=1357 scontext=u:r:toolbox:s0 tcontext=u:r:logd:s0 tclass=dir permissive=1
10-16 09:41:24.228 I/pgrep ( 313): type=1400 audit(0.0:53): avc: denied { search } for name="179" dev="proc" ino=1357 scontext=u:r:toolbox:s0 tcontext=u:r:logd:s0 tclass=dir permissive=1
10-16 09:41:24.228 I/pgrep ( 313): type=1400 audit(0.0:54): avc: denied { open } for path="/proc/179/stat" dev="proc" ino=9506 scontext=u:r:toolbox:s0 tcontext=u:r:logd:s0 tclass=file permissive=1
10-16 09:41:24.228 I/pgrep ( 313): type=1400 audit(0.0:55): avc: denied { getattr } for path="/proc/180" dev="proc" ino=4094 scontext=u:r:toolbox:s0 tcontext=u:r:lmkd:s0 tclass=dir permissive=1
10-16 09:41:24.228 I/pgrep ( 313): type=1400 audit(0.0:56): avc: denied { search } for name="180" dev="proc" ino=4094 scontext=u:r:toolbox:s0 tcontext=u:r:lmkd:s0 tclass=dir permissive=1
10-16 09:41:24.228 I/pgrep ( 313): type=1400 audit(0.0:57): avc: denied { open } for path="/proc/180/stat" dev="proc" ino=9507 scontext=u:r:toolbox:s0 tcontext=u:r:lmkd:s0 tclass=file permissive=1
10-16 09:41:24.228 I/pgrep ( 313): type=1400 audit(0.0:58): avc: denied { read } for scontext=u:r:toolbox:s0 tcontext=u:r:hwservicemanager:s0 tclass=file permissive=1
10-16 09:41:24.228 I/pgrep ( 313): type=1400 audit(0.0:59): avc: denied { read } for scontext=u:r:toolbox:s0 tcontext=u:r:vndservicemanager:s0 tclass=file permissive=1
10-16 09:41:24.228 I/pgrep ( 313): type=1400 audit(0.0:60): avc: denied { read } for scontext=u:r:toolbox:s0 tcontext=u:r:shell:s0 tclass=file permissive=1
10-16 09:41:24.228 I/pgrep ( 313): type=1400 audit(0.0:61): avc: denied { read } for scontext=u:r:toolbox:s0 tcontext=u:r:vold:s0 tclass=file permissive=1
10-16 09:41:24.228 I/pgrep ( 313): type=1400 audit(0.0:62): avc: denied { read } for scontext=u:r:toolbox:s0 tcontext=u:r:system_suspend:s0 tclass=file permissive=1
10-16 09:41:24.228 I/pgrep ( 313): type=1400 audit(0.0:63): avc: denied { read } for scontext=u:r:toolbox:s0 tcontext=u:r:keystore:s0 tclass=file permissive=1
10-16 09:41:24.228 I/pgrep ( 313): type=1400 audit(0.0:64): avc: denied { read } for scontext=u:r:toolbox:s0 tcontext=u:r:hal_bootctl_default:s0 tclass=file permissive=1
10-16 09:41:24.228 I/pgrep ( 313): type=1400 audit(0.0:65): avc: denied { read } for scontext=u:r:toolbox:s0 tcontext=u:r:hal_keymint_default:s0 tclass=file permissive=1
10-16 09:41:24.228 I/pgrep ( 313): type=1400 audit(0.0:66): avc: denied { read } for scontext=u:r:toolbox:s0 tcontext=u:r:tee:s0 tclass=file permissive=1
10-16 09:41:24.228 I/pgrep ( 313): type=1400 audit(0.0:67): avc: denied { read } for scontext=u:r:toolbox:s0 tcontext=u:r:tombstoned:s0 tclass=file permissive=1
10-16 09:41:24.228 I/pgrep ( 313): type=1400 audit(0.0:68): avc: denied { read } for scontext=u:r:toolbox:s0 tcontext=u:r:statsd:s0 tclass=file permissive=1
10-16 09:41:24.228 I/pgrep ( 313): type=1400 audit(0.0:69): avc: denied { read } for scontext=u:r:toolbox:s0 tcontext=u:r:netd:s0 tclass=file permissive=1
10-16 09:41:24.228 I/pgrep ( 313): type=1400 audit(0.0:70): avc: denied { read } for scontext=u:r:toolbox:s0 tcontext=u:r:zygote:s0 tclass=file permissive=1
10-16 09:41:24.228 I/pgrep ( 313): type=1400 audit(0.0:71): avc: denied { read } for scontext=u:r:toolbox:s0 tcontext=u:r:hal_allocator_default:s0 tclass=file permissive=1
10-16 09:41:24.228 I/pgrep ( 313): type=1400 audit(0.0:72): avc: denied { read } for scontext=u:r:toolbox:s0 tcontext=u:r:hal_audio_default:s0 tclass=file permissive=1
10-16 09:41:24.228 I/pgrep ( 313): type=1400 audit(0.0:73): avc: denied { read } for scontext=u:r:toolbox:s0 tcontext=u:r:hal_bluetooth_default:s0 tclass=file permissive=1
10-16 09:41:24.228 I/pgrep ( 313): type=1400 audit(0.0:74): avc: denied { read } for scontext=u:r:toolbox:s0 tcontext=u:r:hal_camera_default:s0 tclass=file permissive=1
10-16 09:41:24.228 I/pgrep ( 313): type=1400 audit(0.0:75): avc: denied { read } for scontext=u:r:toolbox:s0 tcontext=u:r:hal_cas_default:s0 tclass=file permissive=1
10-16 09:41:24.228 I/pgrep ( 313): type=1400 audit(0.0:76): avc: denied { read } for scontext=u:r:toolbox:s0 tcontext=u:r:hal_gatekeeper_default:s0 tclass=file permissive=1
10-16 09:41:24.228 I/pgrep ( 313): type=1400 audit(0.0:77): avc: denied { read } for scontext=u:r:toolbox:s0 tcontext=u:r:hal_graphics_allocator_default:s0 tclass=file permissive=1
10-16 09:41:24.228 I/pgrep ( 313): type=1400 audit(0.0:78): avc: denied { read } for scontext=u:r:toolbox:s0 tcontext=u:r:hal_graphics_composer_default:s0 tclass=file permissive=1
10-16 09:41:24.228 I/pgrep ( 313): type=1400 audit(0.0:79): avc: denied { sys_ptrace } for capability=19 scontext=u:r:toolbox:s0 tcontext=u:r:toolbox:s0 tclass=capability permissive=1
10-16 09:41:24.228 I/pgrep ( 313): type=1400 audit(0.0:80): avc: denied { read } for scontext=u:r:toolbox:s0 tcontext=u:r:hal_health_default:s0 tclass=file permissive=1
10-16 09:41:24.228 I/pgrep ( 313): type=1400 audit(0.0:81): avc: denied { read } for scontext=u:r:toolbox:s0 tcontext=u:r:hal_light_default:s0 tclass=file permissive=1
10-16 09:41:24.228 I/pgrep ( 313): type=1400 audit(0.0:82): avc: denied { read } for scontext=u:r:toolbox:s0 tcontext=u:r:hal_power_default:s0 tclass=file permissive=1
10-16 09:41:24.228 I/pgrep ( 313): type=1400 audit(0.0:83): avc: denied { read } for scontext=u:r:toolbox:s0 tcontext=u:r:hal_tv_cec_default:s0 tclass=file permissive=1
10-16 09:41:24.228 I/pgrep ( 313): type=1400 audit(0.0:84): avc: denied { read } for scontext=u:r:toolbox:s0 tcontext=u:r:hal_usb_impl:s0 tclass=file permissive=1
10-16 09:41:24.228 I/pgrep ( 313): type=1400 audit(0.0:85): avc: denied { read } for scontext=u:r:toolbox:s0 tcontext=u:r:hal_awdisplayoutput_default:s0 tclass=file permissive=1
10-16 09:41:24.228 I/pgrep ( 313): type=1400 audit(0.0:86): avc: denied { read } for scontext=u:r:toolbox:s0 tcontext=u:r:hal_rebootescrow_default:s0 tclass=file permissive=1
10-16 09:41:24.228 I/pgrep ( 313): type=1400 audit(0.0:87): avc: denied { read } for scontext=u:r:toolbox:s0 tcontext=u:r:audioserver:s0 tclass=file permissive=1
10-16 09:41:24.228 I/pgrep ( 313): type=1400 audit(0.0:88): avc: denied { read } for scontext=u:r:toolbox:s0 tcontext=u:r:credstore:s0 tclass=file permissive=1
10-16 09:41:24.228 I/pgrep ( 313): type=1400 audit(0.0:89): avc: denied { read } for scontext=u:r:toolbox:s0 tcontext=u:r:gpuservice:s0 tclass=file permissive=1
10-16 09:41:24.228 I/pgrep ( 313): type=1400 audit(0.0:90): avc: denied { read } for scontext=u:r:toolbox:s0 tcontext=u:r:surfaceflinger:s0 tclass=file permissive=1
10-16 09:41:24.228 I/pgrep ( 313): type=1400 audit(0.0:91): avc: denied { read } for scontext=u:r:toolbox:s0 tcontext=u:r:pqd:s0 tclass=file permissive=1
10-16 09:41:24.228 I/pgrep ( 313): type=1400 audit(0.0:92): avc: denied { read } for scontext=u:r:toolbox:s0 tcontext=u:r:onstartup:s0 tclass=file permissive=1
10-16 09:41:24.228 I/pgrep ( 313): type=1400 audit(0.0:93): avc: denied { getattr } for path="/proc/181" dev="proc" ino=2338 scontext=u:r:toolbox:s0 tcontext=u:r:servicemanager:s0 tclass=dir permissive=1
10-16 09:41:24.228 I/pgrep ( 313): type=1400 audit(0.0:94): avc: denied { search } for name="181" dev="proc" ino=2338 scontext=u:r:toolbox:s0 tcontext=u:r:servicemanager:s0 tclass=dir permissive=1
10-16 09:41:24.228 I/pgrep ( 313): type=1400 audit(0.0:95): avc: denied { open } for path="/proc/181/stat" dev="proc" ino=9518 scontext=u:r:toolbox:s0 tcontext=u:r:servicemanager:s0 tclass=file permissive=1
10-16 09:41:24.228 I/pgrep ( 313): type=1400 audit(0.0:96): avc: denied { getattr } for path="/proc/182" dev="proc" ino=2342 scontext=u:r:toolbox:s0 tcontext=u:r:hwservicemanager:s0 tclass=dir permissive=1
10-16 09:41:24.228 I/pgrep ( 313): type=1400 audit(0.0:97): avc: denied { search } for name="182" dev="proc" ino=2342 scontext=u:r:toolbox:s0 tcontext=u:r:hwservicemanager:s0 tclass=dir permissive=1
10-16 09:41:24.228 I/pgrep ( 313): type=1400 audit(0.0:98): avc: denied { open } for path="/proc/182/stat" dev="proc" ino=9519 scontext=u:r:toolbox:s0 tcontext=u:r:hwservicemanager:s0 tclass=file permissive=1
10-16 09:41:24.228 I/pgrep ( 313): type=1400 audit(0.0:99): avc: denied { getattr } for path="/proc/183" dev="proc" ino=1378 scontext=u:r:toolbox:s0 tcontext=u:r:vndservicemanager:s0 tclass=dir permissive=1
10-16 09:41:24.239 D/XiriService( 310): read SYSTEM APP lib
10-16 09:41:24.228 I/pgrep ( 313): type=1400 audit(0.0:100): avc: denied { search } for name="183" dev="proc" ino=1378 scontext=u:r:toolbox:s0 tcontext=u:r:vndservicemanager:s0 tclass=dir permissive=1
10-16 09:41:24.228 I/pgrep ( 313): type=1400 audit(0.0:101): avc: denied { open } for path="/proc/183/stat" dev="proc" ino=9520 scontext=u:r:toolbox:s0 tcontext=u:r:vndservicemanager:s0 tclass=file permissive=1
10-16 09:41:24.228 I/pgrep ( 313): type=1400 audit(0.0:102): avc: denied { getattr } for path="/proc/185" dev="proc" ino=1373 scontext=u:r:toolbox:s0 tcontext=u:r:shell:s0 tclass=dir permissive=1
10-16 09:41:24.228 I/pgrep ( 313): type=1400 audit(0.0:103): avc: denied { search } for name="185" dev="proc" ino=1373 scontext=u:r:toolbox:s0 tcontext=u:r:shell:s0 tclass=dir permissive=1
10-16 09:41:24.228 I/pgrep ( 313): type=1400 audit(0.0:104): avc: denied { open } for path="/proc/185/stat" dev="proc" ino=9522 scontext=u:r:toolbox:s0 tcontext=u:r:shell:s0 tclass=file permissive=1
10-16 09:41:24.243 D/DONGLE_SERVICE( 319): ble_rc_service version is 2.0.26601
10-16 09:41:24.244 D/DONGLE_SERVICE( 319): init command center ...
10-16 09:41:24.244 D/DONGLE_SERVICE( 319): trying to scan for smart ctrl hidraw...
10-16 09:41:24.244 D/DONGLE_SERVICE( 319): command center, start working...
10-16 09:41:24.244 I/pgrep ( 313): type=1400 audit(0.0:105): avc: denied { getattr } for path="/proc/186" dev="proc" ino=6466 scontext=u:r:toolbox:s0 tcontext=u:r:vold:s0 tclass=dir permissive=1
10-16 09:41:24.244 I/pgrep ( 313): type=1400 audit(0.0:106): avc: denied { search } for name="186" dev="proc" ino=6466 scontext=u:r:toolbox:s0 tcontext=u:r:vold:s0 tclass=dir permissive=1
10-16 09:41:24.244 I/pgrep ( 313): type=1400 audit(0.0:107): avc: denied { open } for path="/proc/186/stat" dev="proc" ino=9537 scontext=u:r:toolbox:s0 tcontext=u:r:vold:s0 tclass=file permissive=1
10-16 09:41:24.244 I/pgrep ( 313): type=1400 audit(0.0:108): avc: denied { getattr } for path="/proc/204" dev="proc" ino=7241 scontext=u:r:toolbox:s0 tcontext=u:r:system_suspend:s0 tclass=dir permissive=1
10-16 09:41:24.244 I/pgrep ( 313): type=1400 audit(0.0:109): avc: denied { search } for name="204" dev="proc" ino=7241 scontext=u:r:toolbox:s0 tcontext=u:r:system_suspend:s0 tclass=dir permissive=1
10-16 09:41:24.244 I/pgrep ( 313): type=1400 audit(0.0:110): avc: denied { open } for path="/proc/204/stat" dev="proc" ino=9543 scontext=u:r:toolbox:s0 tcontext=u:r:system_suspend:s0 tclass=file permissive=1
10-16 09:41:24.244 I/pgrep ( 313): type=1400 audit(0.0:111): avc: denied { getattr } for path="/proc/205" dev="proc" ino=1453 scontext=u:r:toolbox:s0 tcontext=u:r:keystore:s0 tclass=dir permissive=1
10-16 09:41:24.244 I/pgrep ( 313): type=1400 audit(0.0:112): avc: denied { search } for name="205" dev="proc" ino=1453 scontext=u:r:toolbox:s0 tcontext=u:r:keystore:s0 tclass=dir permissive=1
10-16 09:41:24.244 I/pgrep ( 313): type=1400 audit(0.0:113): avc: denied { open } for path="/proc/205/stat" dev="proc" ino=9544 scontext=u:r:toolbox:s0 tcontext=u:r:keystore:s0 tclass=file permissive=1
10-16 09:41:24.244 I/xiriservice_All( 319): type=1400 audit(0.0:114): avc: denied { create } for scontext=u:r:init:s0 tcontext=u:r:init:s0 tclass=netlink_kobject_uevent_socket permissive=1
10-16 09:41:24.244 I/xiriservice_All( 319): type=1400 audit(0.0:115): avc: denied { setopt } for scontext=u:r:init:s0 tcontext=u:r:init:s0 tclass=netlink_kobject_uevent_socket permissive=1
10-16 09:41:24.249 D/DONGLE_SERVICE( 319): >> start monitor uevent ...
10-16 09:41:24.244 I/xiriservice_All( 319): type=1400 audit(0.0:116): avc: denied { bind } for scontext=u:r:init:s0 tcontext=u:r:init:s0 tclass=netlink_kobject_uevent_socket permissive=1
10-16 09:41:24.244 I/xiriservice_All( 319): type=1400 audit(0.0:117): avc: denied { read } for scontext=u:r:init:s0 tcontext=u:r:init:s0 tclass=netlink_kobject_uevent_socket permissive=1
10-16 09:41:24.248 I/pgrep ( 313): type=1400 audit(0.0:118): avc: denied { getattr } for path="/proc/206" dev="proc" ino=2450 scontext=u:r:toolbox:s0 tcontext=u:r:hal_bootctl_default:s0 tclass=dir permissive=1
10-16 09:41:24.248 I/pgrep ( 313): type=1400 audit(0.0:119): avc: denied { read } for scontext=u:r:toolbox:s0 tcontext=u:r:hal_bootctl_default:s0 tclass=file permissive=1
10-16 09:41:24.248 I/pgrep ( 313): type=1400 audit(0.0:120): avc: denied { search } for name="206" dev="proc" ino=2450 scontext=u:r:toolbox:s0 tcontext=u:r:hal_bootctl_default:s0 tclass=dir permissive=1
10-16 09:41:24.248 I/pgrep ( 313): type=1400 audit(0.0:121): avc: denied { open } for path="/proc/206/stat" dev="proc" ino=9545 scontext=u:r:toolbox:s0 tcontext=u:r:hal_bootctl_default:s0 tclass=file permissive=1
10-16 09:41:24.248 I/pgrep ( 313): type=1400 audit(0.0:122): avc: denied { getattr } for path="/proc/207" dev="proc" ino=2455 scontext=u:r:toolbox:s0 tcontext=u:r:hal_keymint_default:s0 tclass=dir permissive=1
10-16 09:41:24.248 I/pgrep ( 313): type=1400 audit(0.0:123): avc: denied { read } for scontext=u:r:toolbox:s0 tcontext=u:r:hal_keymint_default:s0 tclass=file permissive=1
10-16 09:41:24.248 I/pgrep ( 313): type=1400 audit(0.0:124): avc: denied { search } for name="207" dev="proc" ino=2455 scontext=u:r:toolbox:s0 tcontext=u:r:hal_keymint_default:s0 tclass=dir permissive=1
10-16 09:41:24.248 I/pgrep ( 313): type=1400 audit(0.0:125): avc: denied { open } for path="/proc/207/stat" dev="proc" ino=9546 scontext=u:r:toolbox:s0 tcontext=u:r:hal_keymint_default:s0 tclass=file permissive=1
10-16 09:41:24.248 I/pgrep ( 313): type=1400 audit(0.0:126): avc: denied { getattr } for path="/proc/208" dev="proc" ino=1487 scontext=u:r:toolbox:s0 tcontext=u:r:tee:s0 tclass=dir permissive=1
10-16 09:41:24.248 I/pgrep ( 313): type=1400 audit(0.0:127): avc: denied { search } for name="208" dev="proc" ino=1487 scontext=u:r:toolbox:s0 tcontext=u:r:tee:s0 tclass=dir permissive=1
10-16 09:41:24.248 I/pgrep ( 313): type=1400 audit(0.0:128): avc: denied { open } for path="/proc/208/stat" dev="proc" ino=9547 scontext=u:r:toolbox:s0 tcontext=u:r:tee:s0 tclass=file permissive=1
10-16 09:41:24.248 I/pgrep ( 313): type=1400 audit(0.0:129): avc: denied { getattr } for path="/proc/220" dev="proc" ino=1607 scontext=u:r:toolbox:s0 tcontext=u:r:tombstoned:s0 tclass=dir permissive=1
10-16 09:41:24.248 I/pgrep ( 313): type=1400 audit(0.0:130): avc: denied { search } for name="220" dev="proc" ino=1607 scontext=u:r:toolbox:s0 tcontext=u:r:tombstoned:s0 tclass=dir permissive=1
10-16 09:41:24.248 I/pgrep ( 313): type=1400 audit(0.0:131): avc: denied { open } for path="/proc/220/stat" dev="proc" ino=9552 scontext=u:r:toolbox:s0 tcontext=u:r:tombstoned:s0 tclass=file permissive=1
10-16 09:41:24.248 I/pgrep ( 313): type=1400 audit(0.0:132): avc: denied { getattr } for path="/proc/242" dev="proc" ino=2697 scontext=u:r:toolbox:s0 tcontext=u:r:statsd:s0 tclass=dir permissive=1
10-16 09:41:24.248 I/pgrep ( 313): type=1400 audit(0.0:133): avc: denied { search } for name="242" dev="proc" ino=2697 scontext=u:r:toolbox:s0 tcontext=u:r:statsd:s0 tclass=dir permissive=1
10-16 09:41:24.248 I/pgrep ( 313): type=1400 audit(0.0:134): avc: denied { open } for path="/proc/242/stat" dev="proc" ino=9553 scontext=u:r:toolbox:s0 tcontext=u:r:statsd:s0 tclass=file permissive=1
10-16 09:41:24.248 I/pgrep ( 313): type=1400 audit(0.0:135): avc: denied { getattr } for path="/proc/243" dev="proc" ino=7437 scontext=u:r:toolbox:s0 tcontext=u:r:netd:s0 tclass=dir permissive=1
10-16 09:41:24.248 I/pgrep ( 313): type=1400 audit(0.0:136): avc: denied { search } for name="243" dev="proc" ino=7437 scontext=u:r:toolbox:s0 tcontext=u:r:netd:s0 tclass=dir permissive=1
10-16 09:41:24.248 I/pgrep ( 313): type=1400 audit(0.0:137): avc: denied { open } for path="/proc/243/stat" dev="proc" ino=9554 scontext=u:r:toolbox:s0 tcontext=u:r:netd:s0 tclass=file permissive=1
10-16 09:41:24.248 I/pgrep ( 313): type=1400 audit(0.0:138): avc: denied { getattr } for path="/proc/244" dev="proc" ino=2701 scontext=u:r:toolbox:s0 tcontext=u:r:zygote:s0 tclass=dir permissive=1
10-16 09:41:24.248 I/pgrep ( 313): type=1400 audit(0.0:139): avc: denied { search } for name="244" dev="proc" ino=2701 scontext=u:r:toolbox:s0 tcontext=u:r:zygote:s0 tclass=dir permissive=1
10-16 09:41:24.248 I/pgrep ( 313): type=1400 audit(0.0:140): avc: denied { open } for path="/proc/244/stat" dev="proc" ino=9555 scontext=u:r:toolbox:s0 tcontext=u:r:zygote:s0 tclass=file permissive=1
10-16 09:41:24.248 I/pgrep ( 313): type=1400 audit(0.0:141): avc: denied { getattr } for path="/proc/248" dev="proc" ino=7479 scontext=u:r:toolbox:s0 tcontext=u:r:hal_allocator_default:s0 tclass=dir permissive=1
10-16 09:41:24.248 I/pgrep ( 313): type=1400 audit(0.0:142): avc: denied { search } for name="248" dev="proc" ino=7479 scontext=u:r:toolbox:s0 tcontext=u:r:hal_allocator_default:s0 tclass=dir permissive=1
10-16 09:41:24.248 I/pgrep ( 313): type=1400 audit(0.0:143): avc: denied { open } for path="/proc/248/stat" dev="proc" ino=9556 scontext=u:r:toolbox:s0 tcontext=u:r:hal_allocator_default:s0 tclass=file permissive=1
10-16 09:41:24.248 I/pgrep ( 313): type=1400 audit(0.0:144): avc: denied { getattr } for path="/proc/249" dev="proc" ino=7483 scontext=u:r:toolbox:s0 tcontext=u:r:hal_audio_default:s0 tclass=dir permissive=1
10-16 09:41:24.248 I/pgrep ( 313): type=1400 audit(0.0:145): avc: denied { search } for name="249" dev="proc" ino=7483 scontext=u:r:toolbox:s0 tcontext=u:r:hal_audio_default:s0 tclass=dir permissive=1
10-16 09:41:24.248 I/pgrep ( 313): type=1400 audit(0.0:146): avc: denied { open } for path="/proc/249/stat" dev="proc" ino=9557 scontext=u:r:toolbox:s0 tcontext=u:r:hal_audio_default:s0 tclass=file permissive=1
10-16 09:41:24.248 I/pgrep ( 313): type=1400 audit(0.0:147): avc: denied { getattr } for path="/proc/250" dev="proc" ino=2747 scontext=u:r:toolbox:s0 tcontext=u:r:hal_bluetooth_default:s0 tclass=dir permissive=1
10-16 09:41:24.248 I/pgrep ( 313): type=1400 audit(0.0:148): avc: denied { search } for name="250" dev="proc" ino=2747 scontext=u:r:toolbox:s0 tcontext=u:r:hal_bluetooth_default:s0 tclass=dir permissive=1
10-16 09:41:24.248 I/pgrep ( 313): type=1400 audit(0.0:149): avc: denied { open } for path="/proc/250/stat" dev="proc" ino=9558 scontext=u:r:toolbox:s0 tcontext=u:r:hal_bluetooth_default:s0 tclass=file permissive=1
10-16 09:41:24.248 I/pgrep ( 313): type=1400 audit(0.0:150): avc: denied { getattr } for path="/proc/252" dev="proc" ino=6688 scontext=u:r:toolbox:s0 tcontext=u:r:hal_camera_default:s0 tclass=dir permissive=1
10-16 09:41:24.248 I/pgrep ( 313): type=1400 audit(0.0:151): avc: denied { search } for name="252" dev="proc" ino=6688 scontext=u:r:toolbox:s0 tcontext=u:r:hal_camera_default:s0 tclass=dir permissive=1
10-16 09:41:24.248 I/pgrep ( 313): type=1400 audit(0.0:152): avc: denied { open } for path="/proc/252/stat" dev="proc" ino=9560 scontext=u:r:toolbox:s0 tcontext=u:r:hal_camera_default:s0 tclass=file permissive=1
10-16 09:41:24.248 I/pgrep ( 313): type=1400 audit(0.0:153): avc: denied { getattr } for path="/proc/255" dev="proc" ino=6686 scontext=u:r:toolbox:s0 tcontext=u:r:hal_cas_default:s0 tclass=dir permissive=1
10-16 09:41:24.248 I/pgrep ( 313): type=1400 audit(0.0:154): avc: denied { search } for name="255" dev="proc" ino=6686 scontext=u:r:toolbox:s0 tcontext=u:r:hal_cas_default:s0 tclass=dir permissive=1
10-16 09:41:24.248 I/pgrep ( 313): type=1400 audit(0.0:155): avc: denied { open } for path="/proc/255/stat" dev="proc" ino=9562 scontext=u:r:toolbox:s0 tcontext=u:r:hal_cas_default:s0 tclass=file permissive=1
10-16 09:41:24.248 I/pgrep ( 313): type=1400 audit(0.0:156): avc: denied { getattr } for path="/proc/256" dev="proc" ino=6694 scontext=u:r:toolbox:s0 tcontext=u:r:hal_gatekeeper_default:s0 tclass=dir permissive=1
10-16 09:41:24.248 I/pgrep ( 313): type=1400 audit(0.0:157): avc: denied { search } for name="256" dev="proc" ino=6694 scontext=u:r:toolbox:s0 tcontext=u:r:hal_gatekeeper_default:s0 tclass=dir permissive=1
10-16 09:41:24.248 I/pgrep ( 313): type=1400 audit(0.0:158): avc: denied { open } for path="/proc/256/stat" dev="proc" ino=9563 scontext=u:r:toolbox:s0 tcontext=u:r:hal_gatekeeper_default:s0 tclass=file permissive=1
10-16 09:41:24.252 I/pgrep ( 313): type=1400 audit(0.0:159): avc: denied { getattr } for path="/proc/257" dev="proc" ino=8197 scontext=u:r:toolbox:s0 tcontext=u:r:hal_graphics_allocator_default:s0 tclass=dir permissive=1
10-16 09:41:24.252 I/pgrep ( 313): type=1400 audit(0.0:160): avc: denied { search } for name="257" dev="proc" ino=8197 scontext=u:r:toolbox:s0 tcontext=u:r:hal_graphics_allocator_default:s0 tclass=dir permissive=1
10-16 09:41:24.252 I/pgrep ( 313): type=1400 audit(0.0:161): avc: denied { open } for path="/proc/257/stat" dev="proc" ino=9564 scontext=u:r:toolbox:s0 tcontext=u:r:hal_graphics_allocator_default:s0 tclass=file permissive=1
10-16 09:41:24.252 I/pgrep ( 313): type=1400 audit(0.0:162): avc: denied { getattr } for path="/proc/258" dev="proc" ino=6692 scontext=u:r:toolbox:s0 tcontext=u:r:hal_graphics_composer_default:s0 tclass=dir permissive=1
10-16 09:41:24.252 I/pgrep ( 313): type=1400 audit(0.0:163): avc: denied { search } for name="258" dev="proc" ino=6692 scontext=u:r:toolbox:s0 tcontext=u:r:hal_graphics_composer_default:s0 tclass=dir permissive=1
10-16 09:41:24.252 I/pgrep ( 313): type=1400 audit(0.0:164): avc: denied { open } for path="/proc/258/stat" dev="proc" ino=9565 scontext=u:r:toolbox:s0 tcontext=u:r:hal_graphics_composer_default:s0 tclass=file permissive=1
10-16 09:41:24.252 I/pgrep ( 313): type=1400 audit(0.0:165): avc: denied { getattr } for path="/proc/259" dev="proc" ino=2835 scontext=u:r:toolbox:s0 tcontext=u:r:hal_health_default:s0 tclass=dir permissive=1
10-16 09:41:24.252 I/pgrep ( 313): type=1400 audit(0.0:166): avc: denied { search } for name="259" dev="proc" ino=2835 scontext=u:r:toolbox:s0 tcontext=u:r:hal_health_default:s0 tclass=dir permissive=1
10-16 09:41:24.252 I/pgrep ( 313): type=1400 audit(0.0:167): avc: denied { open } for path="/proc/259/stat" dev="proc" ino=9566 scontext=u:r:toolbox:s0 tcontext=u:r:hal_health_default:s0 tclass=file permissive=1
10-16 09:41:24.252 I/pgrep ( 313): type=1400 audit(0.0:168): avc: denied { getattr } for path="/proc/260" dev="proc" ino=6710 scontext=u:r:toolbox:s0 tcontext=u:r:hal_light_default:s0 tclass=dir permissive=1
10-16 09:41:24.252 I/pgrep ( 313): type=1400 audit(0.0:169): avc: denied { search } for name="260" dev="proc" ino=6710 scontext=u:r:toolbox:s0 tcontext=u:r:hal_light_default:s0 tclass=dir permissive=1
10-16 09:41:24.252 I/pgrep ( 313): type=1400 audit(0.0:170): avc: denied { open } for path="/proc/260/stat" dev="proc" ino=9567 scontext=u:r:toolbox:s0 tcontext=u:r:hal_light_default:s0 tclass=file permissive=1
10-16 09:41:24.252 I/pgrep ( 313): type=1400 audit(0.0:171): avc: denied { getattr } for path="/proc/261" dev="proc" ino=8231 scontext=u:r:toolbox:s0 tcontext=u:r:hal_power_default:s0 tclass=dir permissive=1
10-16 09:41:24.252 I/led_switch.sh( 317): type=1400 audit(0.0:172): avc: denied { write } for name="tmp" dev="mmcblk0p25" ino=85 scontext=u:r:init:s0 tcontext=u:object_r:shell_data_file:s0 tclass=dir permissive=1 bug=b/77873135
10-16 09:41:24.256 I/led_switch.sh( 317): type=1400 audit(0.0:173): avc: denied { add_name } for name="led_swith.txt" scontext=u:r:init:s0 tcontext=u:object_r:shell_data_file:s0 tclass=dir permissive=1 bug=b/77873135
10-16 09:41:24.256 I/led_switch.sh( 317): type=1400 audit(0.0:174): avc: denied { create } for name="led_swith.txt" scontext=u:r:init:s0 tcontext=u:object_r:shell_data_file:s0 tclass=file permissive=1 bug=b/77873135
10-16 09:41:24.256 I/led_switch.sh( 317): type=1400 audit(0.0:175): avc: denied { write open } for path="/data/local/tmp/led_swith.txt" dev="mmcblk0p25" ino=222 scontext=u:r:init:s0 tcontext=u:object_r:shell_data_file:s0 tclass=file permissive=1 bug=b/77873135
10-16 09:41:24.256 I/pgrep ( 313): type=1400 audit(0.0:176): avc: denied { search } for name="261" dev="proc" ino=8231 scontext=u:r:toolbox:s0 tcontext=u:r:hal_power_default:s0 tclass=dir permissive=1
10-16 09:41:24.256 I/pgrep ( 313): type=1400 audit(0.0:177): avc: denied { open } for path="/proc/261/stat" dev="proc" ino=6967 scontext=u:r:toolbox:s0 tcontext=u:r:hal_power_default:s0 tclass=file permissive=1
10-16 09:41:24.256 I/pgrep ( 313): type=1400 audit(0.0:178): avc: denied { getattr } for path="/proc/262" dev="proc" ino=6714 scontext=u:r:toolbox:s0 tcontext=u:r:hal_tv_cec_default:s0 tclass=dir permissive=1
10-16 09:41:24.256 I/pgrep ( 313): type=1400 audit(0.0:179): avc: denied { search } for name="262" dev="proc" ino=6714 scontext=u:r:toolbox:s0 tcontext=u:r:hal_tv_cec_default:s0 tclass=dir permissive=1
10-16 09:41:24.256 I/pgrep ( 313): type=1400 audit(0.0:180): avc: denied { open } for path="/proc/262/stat" dev="proc" ino=6968 scontext=u:r:toolbox:s0 tcontext=u:r:hal_tv_cec_default:s0 tclass=file permissive=1
10-16 09:41:24.260 I/pgrep ( 313): type=1400 audit(0.0:181): avc: denied { getattr } for path="/proc/263" dev="proc" ino=8244 scontext=u:r:toolbox:s0 tcontext=u:r:hal_usb_impl:s0 tclass=dir permissive=1
10-16 09:41:24.260 I/pgrep ( 313): type=1400 audit(0.0:182): avc: denied { search } for name="263" dev="proc" ino=8244 scontext=u:r:toolbox:s0 tcontext=u:r:hal_usb_impl:s0 tclass=dir permissive=1
10-16 09:41:24.260 I/pgrep ( 313): type=1400 audit(0.0:183): avc: denied { open } for path="/proc/263/stat" dev="proc" ino=6969 scontext=u:r:toolbox:s0 tcontext=u:r:hal_usb_impl:s0 tclass=file permissive=1
10-16 09:41:24.260 I/pgrep ( 313): type=1400 audit(0.0:184): avc: denied { getattr } for path="/proc/264" dev="proc" ino=6722 scontext=u:r:toolbox:s0 tcontext=u:r:hal_awdisplayoutput_default:s0 tclass=dir permissive=1
10-16 09:41:24.260 I/pgrep ( 313): type=1400 audit(0.0:185): avc: denied { search } for name="264" dev="proc" ino=6722 scontext=u:r:toolbox:s0 tcontext=u:r:hal_awdisplayoutput_default:s0 tclass=dir permissive=1
10-16 09:41:24.260 I/pgrep ( 313): type=1400 audit(0.0:186): avc: denied { open } for path="/proc/264/stat" dev="proc" ino=6970 scontext=u:r:toolbox:s0 tcontext=u:r:hal_awdisplayoutput_default:s0 tclass=file permissive=1
10-16 09:41:24.260 I/pgrep ( 313): type=1400 audit(0.0:187): avc: denied { getattr } for path="/proc/265" dev="proc" ino=6718 scontext=u:r:toolbox:s0 tcontext=u:r:hal_rebootescrow_default:s0 tclass=dir permissive=1
10-16 09:41:24.260 I/pgrep ( 313): type=1400 audit(0.0:188): avc: denied { search } for name="265" dev="proc" ino=6718 scontext=u:r:toolbox:s0 tcontext=u:r:hal_rebootescrow_default:s0 tclass=dir permissive=1
10-16 09:41:24.260 I/pgrep ( 313): type=1400 audit(0.0:189): avc: denied { open } for path="/proc/265/stat" dev="proc" ino=6971 scontext=u:r:toolbox:s0 tcontext=u:r:hal_rebootescrow_default:s0 tclass=file permissive=1
10-16 09:41:24.260 I/pgrep ( 313): type=1400 audit(0.0:190): avc: denied { getattr } for path="/proc/269" dev="proc" ino=3003 scontext=u:r:toolbox:s0 tcontext=u:r:audioserver:s0 tclass=dir permissive=1
10-16 09:41:24.260 I/pgrep ( 313): type=1400 audit(0.0:191): avc: denied { search } for name="269" dev="proc" ino=3003 scontext=u:r:toolbox:s0 tcontext=u:r:audioserver:s0 tclass=dir permissive=1
10-16 09:41:24.260 I/pgrep ( 313): type=1400 audit(0.0:192): avc: denied { open } for path="/proc/269/stat" dev="proc" ino=6972 scontext=u:r:toolbox:s0 tcontext=u:r:audioserver:s0 tclass=file permissive=1
10-16 09:41:24.260 I/pgrep ( 313): type=1400 audit(0.0:193): avc: denied { getattr } for path="/proc/270" dev="proc" ino=2913 scontext=u:r:toolbox:s0 tcontext=u:r:credstore:s0 tclass=dir permissive=1
10-16 09:41:24.260 I/pgrep ( 313): type=1400 audit(0.0:194): avc: denied { search } for name="270" dev="proc" ino=2913 scontext=u:r:toolbox:s0 tcontext=u:r:credstore:s0 tclass=dir permissive=1
10-16 09:41:24.260 I/pgrep ( 313): type=1400 audit(0.0:195): avc: denied { open } for path="/proc/270/stat" dev="proc" ino=6973 scontext=u:r:toolbox:s0 tcontext=u:r:credstore:s0 tclass=file permissive=1
10-16 09:41:24.260 I/pgrep ( 313): type=1400 audit(0.0:196): avc: denied { getattr } for path="/proc/274" dev="proc" ino=6804 scontext=u:r:toolbox:s0 tcontext=u:r:gpuservice:s0 tclass=dir permissive=1
10-16 09:41:24.260 I/pgrep ( 313): type=1400 audit(0.0:197): avc: denied { search } for name="274" dev="proc" ino=6804 scontext=u:r:toolbox:s0 tcontext=u:r:gpuservice:s0 tclass=dir permissive=1
10-16 09:41:24.260 I/pgrep ( 313): type=1400 audit(0.0:198): avc: denied { open } for path="/proc/274/stat" dev="proc" ino=6974 scontext=u:r:toolbox:s0 tcontext=u:r:gpuservice:s0 tclass=file permissive=1
10-16 09:41:24.260 I/pgrep ( 313): type=1400 audit(0.0:199): avc: denied { getattr } for path="/proc/276" dev="proc" ino=8394 scontext=u:r:toolbox:s0 tcontext=u:r:surfaceflinger:s0 tclass=dir permissive=1
10-16 09:41:24.260 I/pgrep ( 313): type=1400 audit(0.0:200): avc: denied { search } for name="276" dev="proc" ino=8394 scontext=u:r:toolbox:s0 tcontext=u:r:surfaceflinger:s0 tclass=dir permissive=1
10-16 09:41:24.260 I/pgrep ( 313): type=1400 audit(0.0:201): avc: denied { open } for path="/proc/276/stat" dev="proc" ino=6975 scontext=u:r:toolbox:s0 tcontext=u:r:surfaceflinger:s0 tclass=file permissive=1
10-16 09:41:24.260 I/pgrep ( 313): type=1400 audit(0.0:202): avc: denied { getattr } for path="/proc/277" dev="proc" ino=6808 scontext=u:r:toolbox:s0 tcontext=u:r:pqd:s0 tclass=dir permissive=1
10-16 09:41:24.260 I/pgrep ( 313): type=1400 audit(0.0:203): avc: denied { search } for name="277" dev="proc" ino=6808 scontext=u:r:toolbox:s0 tcontext=u:r:pqd:s0 tclass=dir permissive=1
10-16 09:41:24.260 I/pgrep ( 313): type=1400 audit(0.0:204): avc: denied { open } for path="/proc/277/stat" dev="proc" ino=6976 scontext=u:r:toolbox:s0 tcontext=u:r:pqd:s0 tclass=file permissive=1
10-16 09:41:24.260 I/pgrep ( 313): type=1400 audit(0.0:205): avc: denied { getattr } for path="/proc/304" dev="proc" ino=9224 scontext=u:r:toolbox:s0 tcontext=u:r:onstartup:s0 tclass=dir permissive=1
10-16 09:41:24.260 I/pgrep ( 313): type=1400 audit(0.0:206): avc: denied { search } for name="304" dev="proc" ino=9224 scontext=u:r:toolbox:s0 tcontext=u:r:onstartup:s0 tclass=dir permissive=1
10-16 09:41:24.260 I/pgrep ( 313): type=1400 audit(0.0:207): avc: denied { open } for path="/proc/304/stat" dev="proc" ino=6977 scontext=u:r:toolbox:s0 tcontext=u:r:onstartup:s0 tclass=file permissive=1
10-16 09:41:24.264 I/led_switch.sh( 321): type=1400 audit(0.0:208): avc: denied { execute_no_trans } for path="/vendor/bin/toolbox" dev="dm-1" ino=229 scontext=u:r:init:s0 tcontext=u:object_r:vendor_toolbox_exec:s0 tclass=file permissive=1
10-16 09:41:24.300 I/xiriservice_All( 310): type=1400 audit(0.0:209): avc: denied { watch } for path="/data/data" dev="mmcblk0p25" ino=87 scontext=u:r:init:s0 tcontext=u:object_r:system_data_file:s0 tclass=dir permissive=1
10-16 09:41:24.315 D/XM_HIDREAD( 323): hidread running 0429 d06.
10-16 09:41:24.316 D/XM_HIDREAD( 323): addr_len_t:26,addr_len:26
10-16 09:41:24.317 D/XM_HIDREAD( 323): server_socket:4
10-16 09:41:24.317 D/XM_HIDREAD( 323): pthread_join listen_thread before
10-16 09:41:24.317 D/XM_HIDREAD( 323): listener_thread has start 4.
10-16 09:41:24.317 D/XM_HIDREAD( 323): accept before.
10-16 09:41:24.317 D/AndroidRuntime( 244): >>>>>> START com.android.internal.os.ZygoteInit uid 0 <<<<<<
10-16 09:41:24.330 D/XM_HIDREAD( 323): >> start monitor uevent ...
10-16 09:41:24.331 E/cutils-trace( 276): Error opening trace file: No such file or directory (2)
10-16 09:41:24.338 I/hwservicemanager( 182): getTransport: Cannot find entry android.hardware.configstore@1.0::ISurfaceFlingerConfigs/default in either framework or device VINTF manifest.
10-16 09:41:24.350 I/ExtCamUtils@3.4( 252): loadFromCfg: load external camera config succeed!
10-16 09:41:24.350 I/ExtCamUtils@3.4( 252): loadFromCfg: no internal ignored device specified
