10-16 09:41:42.684 D/wpa_supplicant( 859): Registering interface to hidl control: wlan0
10-16 09:41:42.684 D/wpa_supplicant( 859): wlan0: Added interface wlan0
10-16 09:41:42.684 D/wpa_supplicant( 859): wlan0: State: INACTIVE -> DISCONNECTED
10-16 09:41:42.684 D/wpa_supplicant( 859): nl80211: Set wlan0 operstate 0->0 (DORMANT)
10-16 09:41:42.684 D/wpa_supplicant( 859): netlink: Operstate: ifindex=14 linkmode=-1 (no change), operstate=5 (IF_OPER_DORMANT)
10-16 09:41:42.684 D/wpa_supplicant( 859): Notifying state change event to hidl control: 0
10-16 09:41:42.684 D/wpa_supplicant( 859): nl80211: Create interface iftype 10 (P2P_DEVICE)
10-16 09:41:42.684 D/wpa_supplicant( 859): nl80211: New P2P Device interface p2p-dev-wlan0 (0x3) created
10-16 09:41:42.684 D/wpa_supplicant( 859): Override interface parameter: ctrl_interface ('/data/vendor/wifi/wpa/sockets' -> '/data/vendor/wifi/wpa/sockets')
10-16 09:41:42.684 D/wpa_supplicant( 859): Initializing interface 'p2p-dev-wlan0' conf '/data/vendor/wifi/wpa/wpa_supplicant.conf' driver 'nl80211' ctrl_interface '/data/vendor/wifi/wpa/sockets' bridge 'N/A'
10-16 09:41:42.684 D/wpa_supplicant( 859): Configuration file '/data/vendor/wifi/wpa/wpa_supplicant.conf' -> '/data/vendor/wifi/wpa/wpa_supplicant.conf'
10-16 09:41:42.684 D/wpa_supplicant( 859): Reading configuration file '/data/vendor/wifi/wpa/wpa_supplicant.conf'
10-16 09:41:42.685 D/wpa_supplicant( 859): update_config=1
10-16 09:41:42.685 D/wpa_supplicant( 859): eapol_version=1
10-16 09:41:42.685 D/wpa_supplicant( 859): ap_scan=1
10-16 09:41:42.685 D/wpa_supplicant( 859): fast_reauth=1
10-16 09:41:42.685 D/wpa_supplicant( 859): pmf=1
10-16 09:41:42.685 D/wpa_supplicant( 859): p2p_add_cli_chan=1
10-16 09:41:42.685 D/wpa_supplicant( 859): oce=1
10-16 09:41:42.685 D/wpa_supplicant( 859): sae_pwe=2
10-16 09:41:42.686 D/wpa_supplicant( 859): nl80211: Supported cipher 00-0f-ac:1
10-16 09:41:42.686 D/wpa_supplicant( 859): nl80211: Supported cipher 00-0f-ac:5
10-16 09:41:42.686 D/wpa_supplicant( 859): nl80211: Supported cipher 00-0f-ac:2
10-16 09:41:42.686 D/wpa_supplicant( 859): nl80211: Supported cipher 00-0f-ac:4
10-16 09:41:42.686 D/wpa_supplicant( 859): nl80211: Supported cipher 00-14-72:1
10-16 09:41:42.686 D/wpa_supplicant( 859): nl80211: Supported cipher 00-0f-ac:6
10-16 09:41:42.686 D/wpa_supplicant( 859): nl80211: Supported cipher 00-0f-ac:255
10-16 09:41:42.686 D/wpa_supplicant( 859): nl80211: Supported vendor command: vendor_id=0x1374 subcmd=9
10-16 09:41:42.686 D/wpa_supplicant( 859): nl80211: Supported vendor command: vendor_id=0x1374 subcmd=12
10-16 09:41:42.686 D/wpa_supplicant( 859): nl80211: Supported vendor command: vendor_id=0x1374 subcmd=14
10-16 09:41:42.686 D/wpa_supplicant( 859): nl80211: Supported vendor command: vendor_id=0x1374 subcmd=15
10-16 09:41:42.686 D/wpa_supplicant( 859): nl80211: Supported vendor command: vendor_id=0x1374 subcmd=16
10-16 09:41:42.687 D/wpa_supplicant( 859): nl80211: Supported vendor command: vendor_id=0x1374 subcmd=20
10-16 09:41:42.687 D/wpa_supplicant( 859): nl80211: Supported vendor command: vendor_id=0x1a11 subcmd=6
10-16 09:41:42.687 D/wpa_supplicant( 859): nl80211: Supported vendor command: vendor_id=0x1374 subcmd=21
10-16 09:41:42.687 D/wpa_supplicant( 859): nl80211: Supported vendor command: vendor_id=0x1374 subcmd=22
10-16 09:41:42.687 D/wpa_supplicant( 859): nl80211: Supported vendor command: vendor_id=0x1374 subcmd=23
10-16 09:41:42.687 D/wpa_supplicant( 859): nl80211: Supported vendor command: vendor_id=0x1374 subcmd=24
10-16 09:41:42.687 D/wpa_supplicant( 859): nl80211: Supported vendor command: vendor_id=0x1374 subcmd=29
10-16 09:41:42.687 D/wpa_supplicant( 859): nl80211: Supported vendor command: vendor_id=0x1374 subcmd=30
10-16 09:41:42.687 D/wpa_supplicant( 859): nl80211: Supported vendor command: vendor_id=0x1374 subcmd=32
10-16 09:41:42.687 D/wpa_supplicant( 859): nl80211: Supported vendor command: vendor_id=0x1374 subcmd=33
10-16 09:41:42.687 D/wpa_supplicant( 859): nl80211: Supported vendor command: vendor_id=0x1374 subcmd=38
10-16 09:41:42.687 D/wpa_supplicant( 859): nl80211: Supported vendor command: vendor_id=0x1374 subcmd=39
10-16 09:41:42.687 D/wpa_supplicant( 859): nl80211: Supported vendor command: vendor_id=0x1374 subcmd=42
10-16 09:41:42.687 D/wpa_supplicant( 859): nl80211: Supported vendor command: vendor_id=0x1374 subcmd=55
10-16 09:41:42.687 D/wpa_supplicant( 859): nl80211: Supported vendor command: vendor_id=0x1374 subcmd=61
10-16 09:41:42.687 D/wpa_supplicant( 859): nl80211: Supported vendor command: vendor_id=0x1374 subcmd=62
10-16 09:41:42.687 D/wpa_supplicant( 859): nl80211: Supported vendor command: vendor_id=0x1374 subcmd=63
10-16 09:41:42.687 D/wpa_supplicant( 859): nl80211: Supported vendor command: vendor_id=0x1374 subcmd=64
10-16 09:41:42.687 D/wpa_supplicant( 859): nl80211: Supported vendor command: vendor_id=0x1374 subcmd=65
10-16 09:41:42.687 D/wpa_supplicant( 859): nl80211: Supported vendor command: vendor_id=0x1374 subcmd=66
10-16 09:41:42.687 D/wpa_supplicant( 859): nl80211: Supported vendor command: vendor_id=0x1374 subcmd=69
10-16 09:41:42.687 D/wpa_supplicant( 859): nl80211: Supported vendor command: vendor_id=0x1374 subcmd=70
10-16 09:41:42.687 D/wpa_supplicant( 859): nl80211: Supported vendor command: vendor_id=0x1374 subcmd=71
10-16 09:41:42.687 D/wpa_supplicant( 859): nl80211: Supported vendor command: vendor_id=0x1374 subcmd=76
10-16 09:41:42.687 D/wpa_supplicant( 859): nl80211: Supported vendor command: vendor_id=0x1374 subcmd=77
10-16 09:41:42.687 D/wpa_supplicant( 859): nl80211: Supported vendor command: vendor_id=0x1374 subcmd=79
10-16 09:41:42.687 D/wpa_supplicant( 859): nl80211: Supported vendor command: vendor_id=0x1374 subcmd=80
10-16 09:41:42.687 D/wpa_supplicant( 859): nl80211: Supported vendor command: vendor_id=0x1374 subcmd=82
10-16 09:41:42.687 D/wpa_supplicant( 859): nl80211: Supported vendor command: vendor_id=0x1374 subcmd=85
10-16 09:41:42.687 D/wpa_supplicant( 859): nl80211: Supported vendor command: vendor_id=0x1374 subcmd=146
10-16 09:41:42.687 D/wpa_supplicant( 859): nl80211: Supported vendor command: vendor_id=0x1374 subcmd=12
10-16 09:41:42.687 D/wpa_supplicant( 859): nl80211: Supported vendor command: vendor_id=0x1374 subcmd=128
10-16 09:41:42.687 D/wpa_supplicant( 859): nl80211: Supported vendor command: vendor_id=0x1374 subcmd=129
10-16 09:41:42.687 D/wpa_supplicant( 859): nl80211: Supported vendor command: vendor_id=0x1374 subcmd=130
10-16 09:41:42.687 D/wpa_supplicant( 859): nl80211: Supported vendor command: vendor_id=0x1374 subcmd=133
10-16 09:41:42.687 D/wpa_supplicant( 859): nl80211: Supported vendor command: vendor_id=0x1374 subcmd=176
10-16 09:41:42.687 D/wpa_supplicant( 859): nl80211: Supported vendor event: vendor_id=0x1374 subcmd=80
10-16 09:41:42.687 D/wpa_supplicant( 859): nl80211: Supported vendor event: vendor_id=0x1374 subcmd=1
10-16 09:41:42.687 D/wpa_supplicant( 859): nl80211: Supported vendor event: vendor_id=0x1374 subcmd=1
10-16 09:41:42.687 D/wpa_supplicant( 859): nl80211: Supported vendor event: vendor_id=0x1374 subcmd=1
10-16 09:41:42.687 D/wpa_supplicant( 859): nl80211: Supported vendor event: vendor_id=0x1374 subcmd=1
10-16 09:41:42.687 D/wpa_supplicant( 859): nl80211: Supported vendor event: vendor_id=0x1374 subcmd=1
10-16 09:41:42.687 D/wpa_supplicant( 859): nl80211: Supported vendor event: vendor_id=0x1374 subcmd=20
10-16 09:41:42.687 D/wpa_supplicant( 859): nl80211: Supported vendor event: vendor_id=0x1374 subcmd=21
10-16 09:41:42.687 D/wpa_supplicant( 859): nl80211: Supported vendor event: vendor_id=0x1374 subcmd=23
10-16 09:41:42.687 D/wpa_supplicant( 859): nl80211: Supported vendor event: vendor_id=0x1374 subcmd=24
10-16 09:41:42.687 D/wpa_supplicant( 859): nl80211: Supported vendor event: vendor_id=0x1374 subcmd=25
10-16 09:41:42.687 D/wpa_supplicant( 859): nl80211: Supported vendor event: vendor_id=0x1374 subcmd=26
10-16 09:41:42.687 D/wpa_supplicant( 859): nl80211: Supported vendor event: vendor_id=0x1374 subcmd=27
10-16 09:41:42.687 D/wpa_supplicant( 859): nl80211: Supported vendor event: vendor_id=0x1374 subcmd=28
10-16 09:41:42.687 D/wpa_supplicant( 859): nl80211: Supported vendor event: vendor_id=0x1374 subcmd=41
10-16 09:41:42.687 D/wpa_supplicant( 859): nl80211: Supported vendor event: vendor_id=0x1374 subcmd=29
10-16 09:41:42.687 D/wpa_supplicant( 859): nl80211: Supported vendor event: vendor_id=0x1374 subcmd=30
10-16 09:41:42.687 D/wpa_supplicant( 859): nl80211: Supported vendor event: vendor_id=0x1374 subcmd=31
10-16 09:41:42.687 D/wpa_supplicant( 859): nl80211: Supported vendor event: vendor_id=0x1374 subcmd=32
10-16 09:41:42.687 D/wpa_supplicant( 859): nl80211: Supported vendor event: vendor_id=0x1374 subcmd=33
10-16 09:41:42.687 D/wpa_supplicant( 859): nl80211: Supported vendor event: vendor_id=0x0 subcmd=0
10-16 09:41:42.687 D/wpa_supplicant( 859): nl80211: Supported vendor event: vendor_id=0x0 subcmd=0
10-16 09:41:42.687 D/wpa_supplicant( 859): nl80211: Supported vendor event: vendor_id=0x0 subcmd=0
10-16 09:41:42.687 D/wpa_supplicant( 859): nl80211: Supported vendor event: vendor_id=0x0 subcmd=0
10-16 09:41:42.687 D/wpa_supplicant( 859): nl80211: Supported vendor event: vendor_id=0x0 subcmd=0
10-16 09:41:42.687 D/wpa_supplicant( 859): nl80211: Supported vendor event: vendor_id=0x0 subcmd=0
10-16 09:41:42.687 D/wpa_supplicant( 859): nl80211: Supported vendor event: vendor_id=0x0 subcmd=0
10-16 09:41:42.687 D/wpa_supplicant( 859): nl80211: Supported vendor event: vendor_id=0x0 subcmd=0
10-16 09:41:42.687 D/wpa_supplicant( 859): nl80211: Supported vendor event: vendor_id=0x0 subcmd=0
10-16 09:41:42.687 D/wpa_supplicant( 859): nl80211: Supported vendor event: vendor_id=0x0 subcmd=0
10-16 09:41:42.687 D/wpa_supplicant( 859): nl80211: Supported vendor event: vendor_id=0x0 subcmd=0
10-16 09:41:42.687 D/wpa_supplicant( 859): nl80211: Supported vendor event: vendor_id=0x0 subcmd=0
10-16 09:41:42.687 D/wpa_supplicant( 859): nl80211: Supported vendor event: vendor_id=0x1374 subcmd=5120
10-16 09:41:42.688 D/wpa_supplicant( 859): nl80211: Supported vendor event: vendor_id=0x0 subcmd=0
10-16 09:41:42.688 D/wpa_supplicant( 859): nl80211: Supported vendor event: vendor_id=0x0 subcmd=0
10-16 09:41:42.688 D/wpa_supplicant( 859): nl80211: Supported vendor event: vendor_id=0x0 subcmd=0
10-16 09:41:42.688 D/wpa_supplicant( 859): nl80211: Supported vendor event: vendor_id=0x0 subcmd=0
10-16 09:41:42.688 D/wpa_supplicant( 859): nl80211: Supported vendor event: vendor_id=0x0 subcmd=0
10-16 09:41:42.688 D/wpa_supplicant( 859): nl80211: Supported vendor event: vendor_id=0x0 subcmd=0
10-16 09:41:42.688 D/wpa_supplicant( 859): nl80211: Supported vendor event: vendor_id=0x0 subcmd=0
10-16 09:41:42.688 D/wpa_supplicant( 859): nl80211: Supported vendor event: vendor_id=0x0 subcmd=0
10-16 09:41:42.688 D/wpa_supplicant( 859): nl80211: Supported vendor event: vendor_id=0x0 subcmd=0
10-16 09:41:42.688 D/wpa_supplicant( 859): nl80211: Supported vendor event: vendor_id=0x0 subcmd=0
10-16 09:41:42.688 D/wpa_supplicant( 859): nl80211: Supported vendor event: vendor_id=0x0 subcmd=0
10-16 09:41:42.688 D/wpa_supplicant( 859): nl80211: Supported vendor event: vendor_id=0x0 subcmd=0
10-16 09:41:42.688 D/wpa_supplicant( 859): nl80211: Supported vendor event: vendor_id=0x0 subcmd=0
10-16 09:41:42.688 D/wpa_supplicant( 859): nl80211: Supported vendor event: vendor_id=0x0 subcmd=0
10-16 09:41:42.688 D/wpa_supplicant( 859): nl80211: Supported vendor event: vendor_id=0x0 subcmd=0
10-16 09:41:42.688 D/wpa_supplicant( 859): nl80211: Supported vendor event: vendor_id=0x0 subcmd=0
10-16 09:41:42.688 D/wpa_supplicant( 859): nl80211: Supported vendor event: vendor_id=0x0 subcmd=0
10-16 09:41:42.688 D/wpa_supplicant( 859): nl80211: Supported vendor event: vendor_id=0x0 subcmd=0
10-16 09:41:42.688 D/wpa_supplicant( 859): nl80211: Supported vendor event: vendor_id=0x0 subcmd=0
10-16 09:41:42.688 D/wpa_supplicant( 859): nl80211: Supported vendor event: vendor_id=0x0 subcmd=0
10-16 09:41:42.688 D/wpa_supplicant( 859): nl80211: Supported vendor event: vendor_id=0x0 subcmd=0
10-16 09:41:42.688 D/wpa_supplicant( 859): nl80211: Supported vendor event: vendor_id=0x0 subcmd=0
10-16 09:41:42.688 D/wpa_supplicant( 859): nl80211: Supported vendor event: vendor_id=0x0 subcmd=0
10-16 09:41:42.688 D/wpa_supplicant( 859): nl80211: Supported vendor event: vendor_id=0x0 subcmd=0
10-16 09:41:42.688 D/wpa_supplicant( 859): nl80211: Supported vendor event: vendor_id=0x0 subcmd=0
10-16 09:41:42.688 D/wpa_supplicant( 859): nl80211: Supported vendor event: vendor_id=0x0 subcmd=0
10-16 09:41:42.688 D/wpa_supplicant( 859): nl80211: Supported vendor event: vendor_id=0x0 subcmd=0
10-16 09:41:42.688 D/wpa_supplicant( 859): nl80211: Supported vendor event: vendor_id=0x0 subcmd=0
10-16 09:41:42.688 D/wpa_supplicant( 859): nl80211: Supported vendor event: vendor_id=0x0 subcmd=0
10-16 09:41:42.688 D/wpa_supplicant( 859): nl80211: Supported vendor event: vendor_id=0x0 subcmd=0
10-16 09:41:42.688 D/wpa_supplicant( 859): nl80211: Supported vendor event: vendor_id=0x0 subcmd=0
10-16 09:41:42.688 D/wpa_supplicant( 859): nl80211: Supported vendor event: vendor_id=0x1374 subcmd=131
10-16 09:41:42.688 D/wpa_supplicant( 859): nl80211: Supported vendor event: vendor_id=0x1374 subcmd=132
10-16 09:41:42.688 D/wpa_supplicant( 859): nl80211: Supported vendor event: vendor_id=0x0 subcmd=0
10-16 09:41:42.688 D/wpa_supplicant( 859): nl80211: Supported vendor event: vendor_id=0x0 subcmd=0
10-16 09:41:42.688 D/wpa_supplicant( 859): nl80211: Supported vendor event: vendor_id=0x0 subcmd=0
10-16 09:41:42.688 D/wpa_supplicant( 859): nl80211: Supported vendor event: vendor_id=0x0 subcmd=0
10-16 09:41:42.689 D/wpa_supplicant( 859): nl80211: Supported vendor event: vendor_id=0x0 subcmd=0
10-16 09:41:42.689 D/wpa_supplicant( 859): nl80211: Supported vendor event: vendor_id=0x0 subcmd=0
10-16 09:41:42.689 D/wpa_supplicant( 859): nl80211: Supported vendor event: vendor_id=0x1374 subcmd=72
10-16 09:41:42.689 D/wpa_supplicant( 859): nl80211: Use separate P2P group interface (driver advertised support)
10-16 09:41:42.689 D/wpa_supplicant( 859): nl80211: Enable multi-channel concurrent (driver advertised support)
10-16 09:41:42.689 D/wpa_supplicant( 859): nl80211: use P2P_DEVICE support
10-16 09:41:42.689 D/wpa_supplicant( 859): nl80211: key_mgmt=0xd0f enc=0x10f auth=0x7 flags=0x100100007a007ac0 rrm_flags=0x0 probe_resp_offloads=0x0 max_stations=10 max_remain_on_chan=5000 max_scan_ssids=12
10-16 09:41:42.689 D/wpa_supplicant( 859): nl80211: interface p2p-dev-wlan0 in phy phy0
10-16 09:41:42.690 D/wpa_supplicant( 859): nl80211: Set mode ifindex 0 iftype 10 (P2P_DEVICE)
10-16 09:41:42.690 D/wpa_supplicant( 859): nl80211: Failed to set interface 0 to mode 10: -22 (Invalid argument)
10-16 09:41:42.690 E/servicemanager( 181): Could not find android.hardware.gnss.IGnss/default in the VINTF manifest.
10-16 09:41:42.690 D/GnssLocationProviderJni( 522): Trying IGnss_V2_1::getService()
10-16 09:41:42.691 D/wpa_supplicant( 859): nl80211: Subscribe to mgmt frames with non-AP handle 0xec057848
10-16 09:41:42.691 D/wpa_supplicant( 859): nl80211: Register frame type=0xb0 (WLAN_FC_STYPE_AUTH) nl_handle=0xec057848 match=0300 multicast=0
10-16 09:41:42.691 D/wpa_supplicant( 859): nl80211: Register frame command failed (type=176): ret=-22 (Invalid argument)
10-16 09:41:42.691 D/wpa_supplicant( 859): nl80211: Register frame match - hexdump(len=2): 03 00
10-16 09:41:42.691 D/wpa_supplicant( 859): nl80211: Register frame type=0xd0 (WLAN_FC_STYPE_ACTION) nl_handle=0xec057848 match=0104 multicast=0
10-16 09:41:42.691 D/wpa_supplicant( 859): nl80211: Register frame type=0xd0 (WLAN_FC_STYPE_ACTION) nl_handle=0xec057848 match=040a multicast=0
10-16 09:41:42.691 D/wpa_supplicant( 859): nl80211: Register frame type=0xd0 (WLAN_FC_STYPE_ACTION) nl_handle=0xec057848 match=040b multicast=0
10-16 09:41:42.691 D/wpa_supplicant( 859): nl80211: Register frame type=0xd0 (WLAN_FC_STYPE_ACTION) nl_handle=0xec057848 match=040c multicast=0
10-16 09:41:42.692 D/wpa_supplicant( 859): nl80211: Register frame type=0xd0 (WLAN_FC_STYPE_ACTION) nl_handle=0xec057848 match=040d multicast=0
10-16 09:41:42.692 D/wpa_supplicant( 859): nl80211: Register frame type=0xd0 (WLAN_FC_STYPE_ACTION) nl_handle=0xec057848 match=090a multicast=0
10-16 09:41:42.692 D/wpa_supplicant( 859): nl80211: Register frame type=0xd0 (WLAN_FC_STYPE_ACTION) nl_handle=0xec057848 match=090b multicast=0
10-16 09:41:42.692 D/wpa_supplicant( 859): nl80211: Register frame type=0xd0 (WLAN_FC_STYPE_ACTION) nl_handle=0xec057848 match=090c multicast=0
10-16 09:41:42.692 D/wpa_supplicant( 859): nl80211: Register frame type=0xd0 (WLAN_FC_STYPE_ACTION) nl_handle=0xec057848 match=090d multicast=0
10-16 09:41:42.693 D/wpa_supplicant( 859): nl80211: Register frame type=0xd0 (WLAN_FC_STYPE_ACTION) nl_handle=0xec057848 match=0409506f9a09 multicast=0
10-16 09:41:42.694 D/wpa_supplicant( 859): nl80211: Register frame type=0xd0 (WLAN_FC_STYPE_ACTION) nl_handle=0xec057848 match=7f506f9a09 multicast=0
10-16 09:41:42.694 D/wpa_supplicant( 859): nl80211: Register frame type=0xd0 (WLAN_FC_STYPE_ACTION) nl_handle=0xec057848 match=0409506f9a1a multicast=0
10-16 09:41:42.694 D/wpa_supplicant( 859): nl80211: Register frame type=0xd0 (WLAN_FC_STYPE_ACTION) nl_handle=0xec057848 match=0801 multicast=0
10-16 09:41:42.694 I/hwservicemanager( 182): getTransport: Cannot find entry android.hardware.gnss@2.1::IGnss/default in either framework or device VINTF manifest.
10-16 09:41:42.694 D/wpa_supplicant( 859): nl80211: Register frame type=0xd0 (WLAN_FC_STYPE_ACTION) nl_handle=0xec057848 match=06 multicast=0
10-16 09:41:42.694 D/GnssLocationProviderJni( 522): gnssHal 2.1 was null, trying 2.0
10-16 09:41:42.694 D/wpa_supplicant( 859): nl80211: Register frame type=0xd0 (WLAN_FC_STYPE_ACTION) nl_handle=0xec057848 match=0a07 multicast=0
10-16 09:41:42.694 D/wpa_supplicant( 859): nl80211: Register frame type=0xd0 (WLAN_FC_STYPE_ACTION) nl_handle=0xec057848 match=0a11 multicast=0
10-16 09:41:42.695 I/hwservicemanager( 182): getTransport: Cannot find entry android.hardware.gnss@2.0::IGnss/default in either framework or device VINTF manifest.
10-16 09:41:42.695 D/wpa_supplicant( 859): nl80211: Register frame type=0xd0 (WLAN_FC_STYPE_ACTION) nl_handle=0xec057848 match=0a0b multicast=0
10-16 09:41:42.695 D/wpa_supplicant( 859): nl80211: Register frame type=0xd0 (WLAN_FC_STYPE_ACTION) nl_handle=0xec057848 match=0a1a multicast=0
10-16 09:41:42.695 D/GnssLocationProviderJni( 522): gnssHal 2.0 was null, trying 1.1
10-16 09:41:42.695 D/wpa_supplicant( 859): nl80211: Register frame type=0xd0 (WLAN_FC_STYPE_ACTION) nl_handle=0xec057848 match=1101 multicast=0
10-16 09:41:42.695 D/wpa_supplicant( 859): nl80211: Register frame type=0xd0 (WLAN_FC_STYPE_ACTION) nl_handle=0xec057848 match=1102 multicast=0
10-16 09:41:42.695 D/wpa_supplicant( 859): nl80211: Register frame type=0xd0 (WLAN_FC_STYPE_ACTION) nl_handle=0xec057848 match=0505 multicast=0
10-16 09:41:42.695 I/hwservicemanager( 182): getTransport: Cannot find entry android.hardware.gnss@1.1::IGnss/default in either framework or device VINTF manifest.
10-16 09:41:42.695 D/wpa_supplicant( 859): nl80211: Register frame type=0xd0 (WLAN_FC_STYPE_ACTION) nl_handle=0xec057848 match=0500 multicast=0
10-16 09:41:42.695 D/GnssLocationProviderJni( 522): gnssHal 1.1 was null, trying 1.0
10-16 09:41:42.695 D/wpa_supplicant( 859): nl80211: Register frame type=0xd0 (WLAN_FC_STYPE_ACTION) nl_handle=0xec057848 match=1305 multicast=0
10-16 09:41:42.695 I/hwservicemanager( 182): getTransport: Cannot find entry android.hardware.gnss@1.0::IGnss/default in either framework or device VINTF manifest.
10-16 09:41:42.696 I/wpa_supplicant( 859): rfkill: Cannot get wiphy information
10-16 09:41:42.696 D/wpa_supplicant( 859): nl80211: RFKILL status not available
10-16 09:41:42.699 D/Zygote ( 244): Forked child process 895
10-16 09:41:42.699 D/wpa_supplicant( 859): nl80211: Start P2P Device p2p-dev-wlan0 (0x3): Success
10-16 09:41:42.701 D/wpa_supplicant( 859): Add interface p2p-dev-wlan0 to existing radio phy0
10-16 09:41:42.702 D/wpa_supplicant( 859): nl80211: No channel number found for frequency 5920 MHz
10-16 09:41:42.702 D/wpa_supplicant( 859): nl80211: No channel number found for frequency 5940 MHz
10-16 09:41:42.702 D/wpa_supplicant( 859): nl80211: Regulatory information - country=CN (DFS-FCC)
10-16 09:41:42.702 D/wpa_supplicant( 859): nl80211: 2400-2483 @ 40 MHz 20 mBm
10-16 09:41:42.702 D/wpa_supplicant( 859): nl80211: 5150-5350 @ 80 MHz 20 mBm (DFS)
10-16 09:41:42.702 D/wpa_supplicant( 859): nl80211: 5725-5850 @ 80 MHz 33 mBm
10-16 09:41:42.702 D/wpa_supplicant( 859): nl80211: 57240-59400 @ 2160 MHz 28 mBm
10-16 09:41:42.702 D/wpa_supplicant( 859): nl80211: 59400-63720 @ 2160 MHz 44 mBm
10-16 09:41:42.702 D/wpa_supplicant( 859): nl80211: 63720-65880 @ 2160 MHz 28 mBm
10-16 09:41:42.703 D/wpa_supplicant( 859): nl80211: Added 802.11b mode based on 802.11g information
10-16 09:41:42.703 D/wpa_supplicant( 859): nl80211: Mode IEEE 802.11g: 2412 2417 2422 2427 2432 2437 2442 2447 2452 2457 2462 2467 2472 2484[DISABLED]
10-16 09:41:42.703 D/wpa_supplicant( 859): nl80211: Mode IEEE 802.11a: 5170[DISABLED] 5180 5200 5220 5240 5260[RADAR] 5280[RADAR] 5300[RADAR] 5320[RADAR] 5500[DISABLED][RADAR] 5520[DISABLED][RADAR] 5540[DISABLED][RADAR] 5560[DISABLED][RADAR] 5580[DISABLED][RADAR]
10-16 09:41:42.703 D/wpa_supplicant( 859): nl80211: Mode IEEE 802.11b: 2412 2417 2422 2427 2432 2437 2442 2447 2452 2457 2462 2467 2472 2484[DISABLED]
10-16 09:41:42.703 D/wpa_supplicant( 859): p2p-dev-wlan0: Own MAC address: b6:2f:03:c6:9f:6a
10-16 09:41:42.703 D/wpa_supplicant( 859): p2p-dev-wlan0: RSN: flushing PMKID list in the driver
10-16 09:41:42.703 D/wpa_supplicant( 859): nl80211: Flush PMKIDs
10-16 09:41:42.703 D/wpa_supplicant( 859): p2p-dev-wlan0: State: DISCONNECTED -> INACTIVE
10-16 09:41:42.703 D/wpa_supplicant( 859): p2p-dev-wlan0: WPS: UUID from the first interface: 54835833-aa70-5160-a7c7-5fc7fb7745d2
10-16 09:41:42.703 D/wpa_supplicant( 859): EAPOL: SUPP_PAE entering state DISCONNECTED
10-16 09:41:42.703 D/wpa_supplicant( 859): EAPOL: Supplicant port status: Unauthorized
10-16 09:41:42.703 W/ZygoteProcess( 522): Got error connecting to zygote, retrying. msg= Connection refused
10-16 09:41:42.703 D/wpa_supplicant( 859): nl80211: Skip set_supp_port(unauthorized) while not associated
10-16 09:41:42.703 D/wpa_supplicant( 859): EAPOL: KEY_RX entering state NO_KEY_RECEIVE
10-16 09:41:42.703 D/wpa_supplicant( 859): EAPOL: SUPP_BE entering state INITIALIZE
10-16 09:41:42.703 D/wpa_supplicant( 859): EAP: EAP entering state DISABLED
10-16 09:41:42.703 D/wpa_supplicant( 859): Using existing control interface directory.
10-16 09:41:42.704 D/wpa_supplicant( 859): P2P: Add operating class 81
10-16 09:41:42.704 D/wpa_supplicant( 859): P2P: Channels - hexdump(len=13): 01 02 03 04 05 06 07 08 09 0a 0b 0c 0d
10-16 09:41:42.704 D/wpa_supplicant( 859): P2P: Add operating class 115
10-16 09:41:42.704 D/wpa_supplicant( 859): P2P: Channels - hexdump(len=4): 24 28 2c 30
10-16 09:41:42.704 D/wpa_supplicant( 859): P2P: Add operating class 116
10-16 09:41:42.704 D/wpa_supplicant( 859): P2P: Channels - hexdump(len=2): 24 2c
10-16 09:41:42.704 D/wpa_supplicant( 859): P2P: Add operating class 117
10-16 09:41:42.704 D/wpa_supplicant( 859): P2P: Channels - hexdump(len=2): 28 30
10-16 09:41:42.704 D/wpa_supplicant( 859): P2P: Add operating class 124
10-16 09:41:42.704 D/wpa_supplicant( 859): P2P: Channels - hexdump(len=4): 95 99 9d a1
10-16 09:41:42.704 D/wpa_supplicant( 859): P2P: Add operating class 125
10-16 09:41:42.704 D/wpa_supplicant( 859): P2P: Channels - hexdump(len=5): 95 99 9d a1 a5
10-16 09:41:42.704 D/wpa_supplicant( 859): P2P: Add operating class 126
10-16 09:41:42.704 D/wpa_supplicant( 859): P2P: Channels - hexdump(len=2): 95 9d
10-16 09:41:42.704 D/wpa_supplicant( 859): P2P: Add operating class 127
10-16 09:41:42.704 D/wpa_supplicant( 859): P2P: Channels - hexdump(len=2): 99 a1
10-16 09:41:42.704 D/wpa_supplicant( 859): P2P: Add operating class 128
10-16 09:41:42.704 D/wpa_supplicant( 859): P2P: Channels - hexdump(len=8): 24 28 2c 30 95 99 9d a1
10-16 09:41:42.704 D/wpa_supplicant( 859): P2P: Add operating class 130
10-16 09:41:42.704 D/wpa_supplicant( 859): P2P: Channels - hexdump(len=9): 24 28 2c 30 95 99 9d a1 a5
10-16 09:41:42.704 D/wpa_supplicant( 859): P2P: Own listen channel: 81:1
10-16 09:41:42.704 D/wpa_supplicant( 859): P2P: Random operating channel: 81:11
10-16 09:41:42.705 D/wpa_supplicant( 859): P2P: initialized
10-16 09:41:42.705 D/wpa_supplicant( 859): P2P: channels: 81:1,2,3,4,5,6,7,8,9,10,11,12,13 115:36,40,44,48 116:36,44 117:40,48 124:149,153,157,161 125:149,153,157,161,165 126:149,157 127:153,161 128:36,40,44,48,149,153,157,161 130:36,40,44,48,149,153,157,161,165
10-16 09:41:42.706 D/wpa_supplicant( 859): P2P: cli_channels:
10-16 09:41:42.706 D/wpa_supplicant( 859): MBO: Update non-preferred channels, non_pref_chan=N/A
10-16 09:41:42.706 D/wpa_supplicant( 859): Registering interface to hidl control: p2p-dev-wlan0
10-16 09:41:42.706 D/wpa_supplicant( 859): p2p-dev-wlan0: Added interface p2p-dev-wlan0
10-16 09:41:42.706 D/wpa_supplicant( 859): p2p-dev-wlan0: State: INACTIVE -> DISCONNECTED
10-16 09:41:42.706 D/wpa_supplicant( 859): nl80211: Set p2p-dev-wlan0 operstate 0->0 (DORMANT)
10-16 09:41:42.706 D/wpa_supplicant( 859): netlink: Operstate: ifindex=0 linkmode=-1 (no change), operstate=5 (IF_OPER_DORMANT)
10-16 09:41:42.707 D/wpa_supplicant( 859): p2p-dev-wlan0: Determining shared radio frequencies (max len 2)
10-16 09:41:42.707 D/wpa_supplicant( 859): p2p-dev-wlan0: Shared frequencies (len=0): completed iteration
10-16 09:41:42.707 D/wpa_supplicant( 859): P2P: Add operating class 81
10-16 09:41:42.707 D/wpa_supplicant( 859): P2P: Channels - hexdump(len=13): 01 02 03 04 05 06 07 08 09 0a 0b 0c 0d
10-16 09:41:42.707 D/wpa_supplicant( 859): P2P: Add operating class 115
10-16 09:41:42.707 D/wpa_supplicant( 859): P2P: Channels - hexdump(len=4): 24 28 2c 30
10-16 09:41:42.707 D/wpa_supplicant( 859): P2P: Add operating class 116
10-16 09:41:42.707 D/wpa_supplicant( 859): P2P: Channels - hexdump(len=2): 24 2c
10-16 09:41:42.707 D/wpa_supplicant( 859): P2P: Add operating class 117
10-16 09:41:42.707 D/wpa_supplicant( 859): P2P: Channels - hexdump(len=2): 28 30
10-16 09:41:42.707 D/wpa_supplicant( 859): P2P: Add operating class 124
10-16 09:41:42.707 D/wpa_supplicant( 859): P2P: Channels - hexdump(len=4): 95 99 9d a1
10-16 09:41:42.707 D/wpa_supplicant( 859): P2P: Add operating class 125
10-16 09:41:42.707 D/wpa_supplicant( 859): P2P: Channels - hexdump(len=5): 95 99 9d a1 a5
10-16 09:41:42.707 D/wpa_supplicant( 859): P2P: Add operating class 126
10-16 09:41:42.707 D/wpa_supplicant( 859): P2P: Channels - hexdump(len=2): 95 9d
10-16 09:41:42.707 D/wpa_supplicant( 859): P2P: Add operating class 127
10-16 09:41:42.707 D/wpa_supplicant( 859): P2P: Channels - hexdump(len=2): 99 a1
10-16 09:41:42.707 D/wpa_supplicant( 859): P2P: Add operating class 128
10-16 09:41:42.707 D/wpa_supplicant( 859): P2P: Channels - hexdump(len=8): 24 28 2c 30 95 99 9d a1
10-16 09:41:42.707 D/wpa_supplicant( 859): P2P: Add operating class 130
10-16 09:41:42.708 D/wpa_supplicant( 859): P2P: Channels - hexdump(len=9): 24 28 2c 30 95 99 9d a1 a5
10-16 09:41:42.708 D/wpa_supplicant( 859): P2P: Update channel list
10-16 09:41:42.708 D/wpa_supplicant( 859): P2P: channels: 81:1,2,3,4,5,6,7,8,9,10,11,12,13 115:36,40,44,48 116:36,44 117:40,48 124:149,153,157,161 125:149,153,157,161,165 126:149,157 127:153,161 128:36,40,44,48,149,153,157,161 130:36,40,44,48,149,153,157,161,165
10-16 09:41:42.708 D/wpa_supplicant( 859): P2P: cli_channels:
10-16 09:41:42.708 D/wpa_supplicant( 859): RTM_NEWLINK: ifi_index=14 ifname=wlan0 operstate=5 linkmode=0 ifi_family=0 ifi_flags=0x11003 ([UP][LOWER_UP])
10-16 09:41:42.708 D/wpa_supplicant( 859): RTM_NEWLINK: ifi_index=14 ifname=wlan0 operstate=5 linkmode=1 ifi_family=0 ifi_flags=0x11003 ([UP][LOWER_UP])
10-16 09:41:42.709 I/Zygote ( 895): seccomp disabled by setenforce 0
10-16 09:41:42.712 I/rainbow_flow( 329): type=1400 audit(0.0:344): avc: denied { ioctl } for path="/dev/spidev1.0" dev="tmpfs" ino=1337 ioctlcmd=0x6b00 scontext=u:r:init:s0 tcontext=u:object_r:device:s0 tclass=chr_file permissive=1
10-16 09:41:42.717 D/SupplicantStaIfaceHal( 522): Newer HAL is found, skip V1_3 remaining init flow.
10-16 09:41:42.718 D/SupplicantStaIfaceHal( 522): Newer HAL is found, skip V1_2 remaining init flow.
10-16 09:41:42.718 D/SupplicantStaIfaceHal( 522): Newer HAL is found, skip V1_1 remaining init flow.
10-16 09:41:42.718 D/SupplicantStaIfaceHal( 522): Newer HAL is found, skip V1_0 remaining init flow.
10-16 09:41:42.720 I/WebViewZygoteInit( 895): Starting WebViewZygoteInit
10-16 09:41:42.723 E/LocationManagerService( 522): no geocoder provider found
10-16 09:41:42.723 E/ActivityRecognitionHardware( 522): activity_recognition HAL is deprecated. is_supported is effectively a no-op
10-16 09:41:42.723 E/LocationManagerService( 522): unable to bind ActivityRecognitionProxy
10-16 09:41:42.723 I/Zygote ( 895): seccomp disabled by setenforce 0
10-16 09:41:42.723 W/SystemServiceManager( 522): Service com.android.server.location.LocationManagerService$Lifecycle took 98 ms in onBootPhase
10-16 09:41:42.723 E/WifiHAL ( 721): wifi_get_logger_supported_feature_set: Error -5 happened.
10-16 09:41:42.724 I/WallpaperManagerService( 522): switch-user-0
10-16 09:41:42.725 V/WallpaperManagerService( 522): bindWallpaperComponentLocked: componentName=null
10-16 09:41:42.725 V/WallpaperManagerService( 522): No default component; using image wallpaper
10-16 09:41:42.725 E/WifiHAL ( 721): wifi_get_logger_supported_feature_set: Error -5 happened.
10-16 09:41:42.729 I/ieee80211 phy0( 721): sprdwl_vendor_get_support_feature
10-16 09:41:42.731 I/ieee80211 phy0( 721): sprdwl_vendor_get_support_feature
10-16 09:41:42.728 D/wpa_supplicant( 859): Driver capability mask: 0xd
10-16 09:41:42.729 I/WifiNative( 522): Successfully switched to connectivity mode on iface=Iface:{Name=wlan0,Id=0,Type=STA_CONNECTIVITY}
10-16 09:41:42.729 D/WifiClientModeManager[wlan0]( 522): entering ConnectModeState, starting ClientModeImpl
10-16 09:41:42.739 I/WebViewLoader-( 860): System.exit called, status: 0
10-16 09:41:42.741 I/AndroidRuntime( 860): VM exiting with result code 0, cleanup skipped.
10-16 09:41:42.745 W/hdr10p_Configure( 432): 116 callbacks suppressed
10-16 09:41:42.745 I/ ( 432): DVI mode selected: packets not configured
10-16 09:41:42.745 W/set_vsif_config( 432): 116 callbacks suppressed
10-16 09:41:42.745 I/ ( 432): Error: set vsif failed
10-16 09:41:42.762 D/WifiScoreReport( 522): setShouldReduceNetworkScore=false mNetworkAgent is null? true
10-16 09:41:42.765 D/SoundTriggerService( 522): onBootPhase: 600 : false
10-16 09:41:42.766 V/WifiClientModeManager[wlan0]( 522): ClientModeManager started in role: Role: ROLE_CLIENT_PRIMARY, RequestorWs: WorkSource{1000 com.android.tv.settings}, ModeListener: com.android.server.wifi.ActiveModeWarden$ClientListener@548d33
10-16 09:41:42.773 I/WebViewZygoteInit( 895): Beginning application preload for com.android.webview
10-16 09:41:42.778 I/ ( 432): DVI mode selected: packets not configured
10-16 09:41:42.778 I/ ( 432): Error: set vsif failed
10-16 09:41:42.785 D/WifiScanRequestProxy( 522): Sending scan available broadcast: true
10-16 09:41:42.792 I/keystore2( 205): keystore2::authorization: on_lock_screen_event(LockScreenEvent(0), user_id=0, password.is_some()=false, unlocking_sids=Some([]))
10-16 09:41:42.792 D/nativeloader( 895): classloader namespace configured for unbundled product apk. library_path=/product/app/webview/lib/arm:/product/app/webview/webview.apk!/lib/armeabi-v7a:/product/lib:/system/product/lib
10-16 09:41:42.795 I/WifiScanningService( 522): Received a request to enable scanning, UID = 1000
10-16 09:41:42.822 I/init ( 1): Sending signal 9 to service 'idmap2d' (pid 347) process group...
10-16 09:41:42.821 I/WifiScanningService( 522): Created a new impl for wlan0
10-16 09:41:42.824 E/WifiBackgroundScanStateMachine( 522): invalid max buckets in scan capabilities 0
10-16 09:41:42.829 I/ ( 432): DVI mode selected: packets not configured
10-16 09:41:42.829 I/ ( 432): Error: set vsif failed
10-16 09:41:42.830 I/libprocessgroup( 1): Successfully killed process cgroup uid 1000 pid 347 in 8ms
10-16 09:41:42.830 I/WifiScanRequestProxy( 522): Scanning is enabled
10-16 09:41:42.830 I/WifiScanRequestProxy( 522): Scanning for hidden networks is enabled
10-16 09:41:42.837 I/init ( 1): Control message: Processed ctl.stop for 'idmap2d' from pid: 522 (system_server)
10-16 09:41:42.837 I/init ( 1): Service 'idmap2d' (pid 347) received signal 9
10-16 09:41:42.839 W/OverlayManager( 522): service 'idmap' died
10-16 09:41:42.841 I/ActivityManager( 522): Process WebViewLoader-armeabi-v7a (pid 860) has died: psvc PER
10-16 09:41:42.844 I/Zygote ( 244): Process 860 exited cleanly (0)
10-16 09:41:42.848 E/WifiVendorHal( 522): setMultiStaUseCase(l.3286) failed {.code = ERROR_NOT_SUPPORTED, .description = }
10-16 09:41:42.852 E/WifiVendorHal( 522): setMultiStaPrimaryConnection(l.3252) failed {.code = ERROR_NOT_SUPPORTED, .description = }
10-16 09:41:42.862 I/ ( 432): DVI mode selected: packets not configured
10-16 09:41:42.862 I/ ( 432): Error: set vsif failed
10-16 09:41:42.871 I/WebViewZygoteInit( 895): Application preload done
10-16 09:41:42.886 I/libprocessgroup( 522): Successfully killed process cgroup uid 1037 pid 860 in 45ms
10-16 09:41:42.912 I/ ( 432): DVI mode selected: packets not configured
10-16 09:41:42.912 I/ ( 432): Error: set vsif failed
10-16 09:41:42.945 I/ ( 432): DVI mode selected: packets not configured
10-16 09:41:42.945 I/ ( 432): Error: set vsif failed
10-16 09:41:42.957 W/SystemServiceManager( 522): Service com.android.server.emergency.EmergencyAffordanceService took 114 ms in onBootPhase
10-16 09:41:42.960 D/WifiCountryCode( 522): evaluateAllCmmStateAndApplyIfAllReady: {ConcreteClientModeManager{id=24051 iface=wlan0 role=ROLE_CLIENT_PRIMARY}=true}
10-16 09:41:42.965 D/WifiCountryCode( 522): Reading country code from telephony
10-16 09:41:42.995 I/ ( 432): DVI mode selected: packets not configured
10-16 09:41:42.995 I/ ( 432): Error: set vsif failed
10-16 09:41:43.006 W/AlarmManager( 748): Unrecognized alarm listener com.android.systemui.keyguard.KeyguardSliceProvider$$ExternalSyntheticLambda0@ba28d02
10-16 09:41:43.008 D/WifiCountryCode( 522): Set telephony country code to:
10-16 09:41:43.029 I/ ( 432): DVI mode selected: packets not configured
10-16 09:41:43.029 I/ ( 432): Error: set vsif failed
10-16 09:41:43.026 D/WifiCountryCode( 522): updateCountryCode to CN
10-16 09:41:43.028 D/WifiHWInfo( 859): Start to load wireless module hardware info table...
10-16 09:41:43.029 W/AlarmManager( 522): Unrecognized alarm listener com.android.server.stats.StatsCompanionService$AnomalyAlarmListener@820d95b
10-16 09:41:43.029 W/AlarmManager( 522): Unrecognized alarm listener com.android.server.stats.StatsCompanionService$PullingAlarmListener@f9875f8
10-16 09:41:43.028 I/EventThread( 262): type=1400 audit(0.0:345): avc: denied { search } for name="extcon" dev="sysfs" ino=18109 scontext=u:r:hal_tv_cec_default:s0 tcontext=u:object_r:sysfs_extcon:s0 tclass=dir permissive=1
10-16 09:41:43.029 W/AlarmManager( 522): Unrecognized alarm listener com.android.server.stats.StatsCompanionService$PeriodicAlarmListener@dabfad1
10-16 09:41:43.029 D/WifiHWInfo( 859): Entry [01], BUS: SDIO, ID: 0x024C8179, Name: rtl8189es.
10-16 09:41:43.029 D/WifiHWInfo( 859): Entry [02], BUS: SDIO, ID: 0x024CB723, Name: rtl8723bs_vq0.
10-16 09:41:43.029 D/WifiHWInfo( 859): Entry [03], BUS: SDIO, ID: 0x024CB703, Name: rtl8723cs.
10-16 09:41:43.029 D/WifiHWInfo( 859): Entry [04], BUS: SDIO, ID: 0x024CD723, Name: rtl8723ds.
10-16 09:41:43.029 D/WifiHWInfo( 859): Entry [05], BUS: SDIO, ID: 0x024CF179, Name: rtl8189fs.
10-16 09:41:43.029 D/WifiHWInfo( 859): Entry [06], BUS: SDIO, ID: 0x024CB822, Name: rtl88x2bs.
10-16 09:41:43.029 D/WifiHWInfo( 859): Entry [07], BUS: USB, ID: 0x0BDAD723, Name: rtl8723du.
10-16 09:41:43.029 D/WifiHWInfo( 859): Entry [08], BUS: USB, ID: 0x0BDA8179, Name: rtl8188etv.
10-16 09:41:43.029 D/WifiHWInfo( 859): Entry [09], BUS: USB, ID: 0x0BDA0179, Name: rtl8188eu.
10-16 09:41:43.029 D/WifiHWInfo( 859): Entry [10], BUS: USB, ID: 0x0BDA818B, Name: rtl8192eu.
10-16 09:41:43.029 D/WifiHWInfo( 859): Entry [11], BUS: USB, ID: 0x0BDAB720, Name: rtl8723bu.
10-16 09:41:43.029 D/WifiHWInfo( 859): Entry [12], BUS: USB, ID: 0x0BDAC82C, Name: rtl8822cu.
10-16 09:41:43.029 D/WifiHWInfo( 859): Entry [13], BUS: USB, ID: 0x0BDAF179, Name: rtl8188fu.
10-16 09:41:43.029 D/WifiHWInfo( 859): Entry [14], BUS: SDIO, ID: 0x02D0A9A6, Name: ap6212.
10-16 09:41:43.029 D/WifiHWInfo( 859): Entry [15], BUS: SDIO, ID: 0x02D04330, Name: ap6330.
10-16 09:41:43.029 D/WifiHWInfo( 859): Entry [16], BUS: SDIO, ID: 0x02D04356, Name: ap6356s.
10-16 09:41:43.029 D/WifiHWInfo( 859): Entry [17], BUS: SDIO, ID: 0x02D0A9BF, Name: ap6255.
10-16 09:41:43.029 D/WifiHWInfo( 859): Entry [18], BUS: SDIO, ID: 0x02D04334, Name: bcm43342.
10-16 09:41:43.029 D/WifiHWInfo( 859): Entry [19], BUS: SDIO, ID: 0x00202281, Name: xr819.
10-16 09:41:43.029 D/WifiHWInfo( 859): Entry [20], BUS: SDIO, ID: 0x0A9E2282, Name: xr829.
10-16 09:41:43.029 D/WifiHWInfo( 859): Entry [21], BUS: SDIO, ID: 0x0271050A, Name: qca6174a.
10-16 09:41:43.029 D/WifiHWInfo( 859): Entry [22], BUS: SDIO, ID: 0x30303030, Name: ssv6x5x.
10-16 09:41:43.029 D/WifiHWInfo( 859): Entry [23], BUS: SDIO, ID: 0x00000000, Name: uwe5621.
10-16 09:41:43.029 D/WifiHWInfo( 859): Entry [24], BUS: SDIO, ID: 0x54490145, Name: aic8800.
10-16 09:41:43.029 D/WifiHWInfo( 859): Entry [25], BUS: SDIO, ID: 0xC8A1C08D, Name: aic8800.
10-16 09:41:43.029 D/WifiHWInfo( 859): Entry [26], BUS: USB, ID: 0xA69C8800, Name: aic8800.
10-16 09:41:43.029 D/WifiHWInfo( 859): Entry [27], BUS: USB, ID: 0x007A8888, Name: atbm6023is.
10-16 09:41:43.029 D/WifiHWInfo( 859): Entry [28], BUS: SDIO, ID: 0x02E79086, Name: 9012p.
10-16 09:41:43.029 D/WifiHWInfo( 859): Entry [29], BUS: SDIO, ID: 0x007A6011, Name: atbm613x_wifi_sdio.
10-16 09:41:43.029 D/WifiHWInfo( 859): Entry [30], BUS: SDIO, ID: 0x024CC822, Name: 88x2cs.
10-16 09:41:43.029 D/WifiHWInfo( 859): Entry [31], BUS: SDIO, ID: 0x000018F0, Name: dummy.
10-16 09:41:43.029 W/wpa_supplicant( 859): check_initialed for nl80211, use sprd wpa_supplicant_8_lib.
10-16 09:41:43.029 W/wpa_supplicant( 859): check_initialed found wpa_supplicant_8_lib vendor implement for sprd.
10-16 09:41:43.030 D/wpa_supplicant( 859): wlan0: Event CHANNEL_LIST_CHANGED (27) received
10-16 09:41:43.030 I/wpa_supplicant( 859): wlan0: CTRL-EVENT-REGDOM-CHANGE init=USER type=COUNTRY alpha2=CN
10-16 09:41:43.030 D/wpa_supplicant( 859): p2p-dev-wlan0: Updating hw mode
10-16 09:41:43.031 D/wpa_supplicant( 859): nl80211: No channel number found for frequency 5920 MHz
10-16 09:41:43.031 D/wpa_supplicant( 859): nl80211: No channel number found for frequency 5940 MHz
10-16 09:41:43.033 D/wpa_supplicant( 859): nl80211: Regulatory information - country=CN (DFS-FCC)
10-16 09:41:43.033 D/wpa_supplicant( 859): nl80211: 2400-2483 @ 40 MHz 20 mBm
10-16 09:41:43.033 D/wpa_supplicant( 859): nl80211: 5150-5350 @ 80 MHz 20 mBm (DFS)
10-16 09:41:43.033 D/wpa_supplicant( 859): nl80211: 5725-5850 @ 80 MHz 33 mBm
10-16 09:41:43.033 D/wpa_supplicant( 859): nl80211: 57240-59400 @ 2160 MHz 28 mBm
10-16 09:41:43.033 D/wpa_supplicant( 859): nl80211: 59400-63720 @ 2160 MHz 44 mBm
10-16 09:41:43.033 D/wpa_supplicant( 859): nl80211: 63720-65880 @ 2160 MHz 28 mBm
10-16 09:41:43.033 D/wpa_supplicant( 859): nl80211: Added 802.11b mode based on 802.11g information
10-16 09:41:43.033 D/wpa_supplicant( 859): nl80211: Mode IEEE 802.11g: 2412 2417 2422 2427 2432 2437 2442 2447 2452 2457 2462 2467 2472 2484[DISABLED]
10-16 09:41:43.033 D/wpa_supplicant( 859): nl80211: Mode IEEE 802.11a: 5170[DISABLED] 5180 5200 5220 5240 5260[RADAR] 5280[RADAR] 5300[RADAR] 5320[RADAR] 5500[DISABLED][RADAR] 5520[DISABLED][RADAR] 5540[DISABLED][RADAR] 5560[DISABLED][RADAR] 5580[DISABLED][RADAR]
10-16 09:41:43.033 D/wpa_supplicant( 859): nl80211: Mode IEEE 802.11b: 2412 2417 2422 2427 2432 2437 2442 2447 2452 2457 2462 2467 2472 2484[DISABLED]
10-16 09:41:43.033 D/wpa_supplicant( 859): wlan0: Updating hw mode
10-16 09:41:43.034 D/wpa_supplicant( 859): nl80211: No channel number found for frequency 5920 MHz
10-16 09:41:43.035 D/wpa_supplicant( 859): nl80211: No channel number found for frequency 5940 MHz
10-16 09:41:43.035 D/wpa_supplicant( 859): nl80211: Regulatory information - country=CN (DFS-FCC)
10-16 09:41:43.036 D/wpa_supplicant( 859): nl80211: 2400-2483 @ 40 MHz 20 mBm
10-16 09:41:43.036 D/wpa_supplicant( 859): nl80211: 5150-5350 @ 80 MHz 20 mBm (DFS)
10-16 09:41:43.036 D/wpa_supplicant( 859): nl80211: 5725-5850 @ 80 MHz 33 mBm
10-16 09:41:43.036 D/wpa_supplicant( 859): nl80211: 57240-59400 @ 2160 MHz 28 mBm
10-16 09:41:43.036 D/wpa_supplicant( 859): nl80211: 59400-63720 @ 2160 MHz 44 mBm
10-16 09:41:43.036 D/wpa_supplicant( 859): nl80211: 63720-65880 @ 2160 MHz 28 mBm
10-16 09:41:43.036 D/wpa_supplicant( 859): nl80211: Added 802.11b mode based on 802.11g information
10-16 09:41:43.036 D/wpa_supplicant( 859): nl80211: Mode IEEE 802.11g: 2412 2417 2422 2427 2432 2437 2442 2447 2452 2457 2462 2467 2472 2484[DISABLED]
10-16 09:41:43.036 D/wpa_supplicant( 859): nl80211: Mode IEEE 802.11a: 5170[DISABLED] 5180 5200 5220 5240 5260[RADAR] 5280[RADAR] 5300[RADAR] 5320[RADAR] 5500[DISABLED][RADAR] 5520[DISABLED][RADAR] 5540[DISABLED][RADAR] 5560[DISABLED][RADAR] 5580[DISABLED][RADAR]
10-16 09:41:43.036 D/wpa_supplicant( 859): nl80211: Mode IEEE 802.11b: 2412 2417 2422 2427 2432 2437 2442 2447 2452 2457 2462 2467 2472 2484[DISABLED]
10-16 09:41:43.036 D/wpa_supplicant( 859): wlan0: Determining shared radio frequencies (max len 2)
10-16 09:41:43.036 D/wpa_supplicant( 859): wlan0: Shared frequencies (len=0): completed iteration
10-16 09:41:43.036 D/wpa_supplicant( 859): P2P: Add operating class 81
10-16 09:41:43.036 D/wpa_supplicant( 859): P2P: Channels - hexdump(len=13): 01 02 03 04 05 06 07 08 09 0a 0b 0c 0d
10-16 09:41:43.036 D/wpa_supplicant( 859): P2P: Add operating class 115
10-16 09:41:43.036 D/wpa_supplicant( 859): P2P: Channels - hexdump(len=4): 24 28 2c 30
10-16 09:41:43.036 D/wpa_supplicant( 859): P2P: Add operating class 116
10-16 09:41:43.036 D/wpa_supplicant( 859): P2P: Channels - hexdump(len=2): 24 2c
10-16 09:41:43.036 D/wpa_supplicant( 859): P2P: Add operating class 117
10-16 09:41:43.036 D/wpa_supplicant( 859): P2P: Channels - hexdump(len=2): 28 30
10-16 09:41:43.036 D/wpa_supplicant( 859): P2P: Add operating class 124
10-16 09:41:43.036 D/wpa_supplicant( 859): P2P: Channels - hexdump(len=4): 95 99 9d a1
10-16 09:41:43.036 D/wpa_supplicant( 859): P2P: Add operating class 125
10-16 09:41:43.036 D/wpa_supplicant( 859): P2P: Channels - hexdump(len=5): 95 99 9d a1 a5
10-16 09:41:43.036 D/wpa_supplicant( 859): P2P: Add operating class 126
10-16 09:41:43.036 D/wpa_supplicant( 859): P2P: Channels - hexdump(len=2): 95 9d
10-16 09:41:43.036 D/wpa_supplicant( 859): P2P: Add operating class 127
10-16 09:41:43.036 D/wpa_supplicant( 859): P2P: Channels - hexdump(len=2): 99 a1
10-16 09:41:43.036 D/wpa_supplicant( 859): P2P: Add operating class 128
10-16 09:41:43.036 D/wpa_supplicant( 859): P2P: Channels - hexdump(len=8): 24 28 2c 30 95 99 9d a1
10-16 09:41:43.036 D/wpa_supplicant( 859): P2P: Add operating class 130
10-16 09:41:43.036 D/wpa_supplicant( 859): P2P: Channels - hexdump(len=9): 24 28 2c 30 95 99 9d a1 a5
10-16 09:41:43.036 D/wpa_supplicant( 859): P2P: Update channel list
10-16 09:41:43.036 D/wpa_supplicant( 859): P2P: channels: 81:1,2,3,4,5,6,7,8,9,10,11,12,13 115:36,40,44,48 116:36,44 117:40,48 124:149,153,157,161 125:149,153,157,161,165 126:149,157 127:153,161 128:36,40,44,48,149,153,157,161 130:36,40,44,48,149,153,157,161,165
10-16 09:41:43.036 D/wpa_supplicant( 859): P2P: cli_channels:
10-16 09:41:43.036 D/wpa_supplicant( 859): sprd_wpa_driver_nl80211_driver_cmd COUNTRY CN len = 0, 10
10-16 09:41:43.037 D/WifiNative( 522): onSetCountryCodeSucceeded: CN
10-16 09:41:43.037 I/WifiCountryCode( 522): Receive onSetCountryCodeSucceeded CN
10-16 09:41:43.040 D/WakeupController( 522): onWifiEnabled()
10-16 09:41:43.041 W/WifiClientModeImpl( 522): No cached packet filter to apply
10-16 09:41:43.042 D/WifiClientModeImpl[wlan0]( 522): entering ConnectableState: ifaceName = wlan0
10-16 09:41:43.045 D/wpa_supplicant( 859): sprd_wpa_driver_nl80211_driver_cmd SETSUSPENDMODE 1 len = 0, 16
10-16 09:41:43.047 D/WifiClientModeImpl[wlan0]( 522): Start makeIpClient ifaceName = wlan0
10-16 09:41:43.062 I/ ( 432): DVI mode selected: packets not configured
10-16 09:41:43.062 I/ ( 432): Error: set vsif failed
10-16 09:41:43.071 I/StatsCompanionService( 522): Told statsd that StatsCompanionService is alive.
10-16 09:41:43.071 D/StatsPullAtomService( 522): Registering NetworkStats pullers with statsd
10-16 09:41:43.074 I/SystemServerTiming( 522): StartNetworkStack
10-16 09:41:43.074 D/ConnectivityModuleConnector( 522): Starting networking module android.net.INetworkStackConnector
10-16 09:41:43.075 D/ConnectivityModuleConnector( 522): Starting networking module in network_stack process
10-16 09:41:43.076 W/BestClock( 522): java.time.DateTimeException: Missing NTP fix
10-16 09:41:43.103 D/CompatibilityChangeReporter( 522): Compat change id reported: 135634846; UID 1073; state: DISABLED
10-16 09:41:43.106 W/BestClock( 522): java.time.DateTimeException: Missing NTP fix
10-16 09:41:43.112 I/ ( 432): DVI mode selected: packets not configured
10-16 09:41:43.112 I/ ( 432): Error: set vsif failed
10-16 09:41:43.115 D/CCodecBufferChannel( 522): [c2.android.vorbis.decoder#503] MediaCodec discarded an unknown buffer
10-16 09:41:43.116 W/BestClock( 522): java.time.DateTimeException: Missing NTP fix
10-16 09:41:43.116 D/ConnectivityModuleConnector( 522): Networking module service start requested
10-16 09:41:43.117 I/SystemServerTiming( 522): StartTethering
10-16 09:41:43.117 D/ConnectivityModuleConnector( 522): Starting networking module android.net.ITetheringConnector
10-16 09:41:43.118 D/ConnectivityModuleConnector( 522): Starting networking module in network_stack process
10-16 09:41:43.119 V/SystemUIService( 748): SystemUIApplication created.
10-16 09:41:43.120 D/ConnectivityModuleConnector( 522): Networking module service start requested
10-16 09:41:43.120 I/SystemServerTiming( 522): MakeCountryDetectionServiceReady
10-16 09:41:43.121 I/SystemServerTiming( 522): MakeNetworkTimeUpdateReady
10-16 09:41:43.124 D/SystemUIService( 748): is homlet
10-16 09:41:43.129 W/BestClock( 522): java.time.DateTimeException: Missing NTP fix
10-16 09:41:43.131 W/BestClock( 522): java.time.DateTimeException: Missing NTP fix
10-16 09:41:43.134 I/SystemUIService( 748): Found SurfaceFlinger's GPU Priority: 12545
10-16 09:41:43.136 D/Zygote ( 244): Forked child process 916
10-16 09:41:43.137 D/ConnectivityService( 522): requestNetwork for uid/pid:1000/522 activeRequest: null callbackRequest: 16 [NetworkRequest [ REQUEST id=17, [ Capabilities: INTERNET&NOT_RESTRICTED&TRUSTED&NOT_VCN_MANAGED Uid: 1000 RequestorUid: 1000 RequestorPkg: android] ]] callback flags: 0 priority: 2147483647
10-16 09:41:43.140 I/SystemServerTiming( 522): MakeInputManagerServiceReady
10-16 09:41:43.146 I/Zygote ( 916): seccomp disabled by setenforce 0
10-16 09:41:43.147 D/CCodecBufferChannel( 522): [c2.android.vorbis.decoder#447] MediaCodec discarded an unknown buffer
10-16 09:41:43.148 W/ActivityManager( 522): Slow operation: 57ms so far, now at startProcess: done updating battery stats
10-16 09:41:43.148 W/ActivityManager( 522): Slow operation: 58ms so far, now at startProcess: building log message
10-16 09:41:43.148 I/ActivityManager( 522): app.processName = com.android.networkstack.process
10-16 09:41:43.148 I/ActivityManager( 522): Start proc 916:com.android.networkstack.process/1073 for service {com.android.networkstack/com.android.server.NetworkStackService}
10-16 09:41:43.148 W/ActivityManager( 522): Slow operation: 58ms so far, now at startProcess: starting to update pids map
10-16 09:41:43.150 D/ConnectivityService( 522): NetReassign [no changes]
10-16 09:41:43.150 I/hw-BpHwBinder( 522): onLastStrongRef automatically unlinking death recipients
10-16 09:41:43.152 D/Ethernet( 522): got request NetworkRequest [ REQUEST id=17, [ Capabilities: INTERNET&NOT_RESTRICTED&TRUSTED&NOT_VCN_MANAGED Uid: 1000 RequestorUid: 1000 RequestorPkg: android] ]
10-16 09:41:43.152 D/EthernetNetworkFactory( 522): acceptRequest, request: NetworkRequest [ REQUEST id=17, [ Capabilities: INTERNET&NOT_RESTRICTED&TRUSTED&NOT_VCN_MANAGED Uid: 1000 RequestorUid: 1000 RequestorPkg: android] ]
10-16 09:41:43.152 I/EthernetNetworkFactory( 522): networkForRequest, request: NetworkRequest [ REQUEST id=17, [ Capabilities: INTERNET&NOT_RESTRICTED&TRUSTED&NOT_VCN_MANAGED Uid: 1000 RequestorUid: 1000 RequestorPkg: android] ], network: null
10-16 09:41:43.152 D/PPPOE ( 522): got request NetworkRequest [ REQUEST id=17, [ Capabilities: INTERNET&NOT_RESTRICTED&TRUSTED&NOT_VCN_MANAGED Uid: 1000 RequestorUid: 1000 RequestorPkg: android] ]
10-16 09:41:43.153 W/BestClock( 522): java.time.DateTimeException: Missing NTP fix
10-16 09:41:43.161 W/BestClock( 522): java.time.DateTimeException: Missing NTP fix
10-16 09:41:43.163 I/hw-BpHwBinder( 373): onLastStrongRef automatically unlinking death recipients
10-16 09:41:43.164 I/hw-BpHwBinder( 522): onLastStrongRef automatically unlinking death recipients
10-16 09:41:43.166 V/C2Store ( 373): in ~ComponentModule
10-16 09:41:43.166 V/C2Store ( 373): unloading dll
10-16 09:41:43.167 W/ActivityManager( 522): Slow operation: 77ms so far, now at startProcess: done updating pids map
10-16 09:41:43.169 I/adbd ( 381): jdwp connection from 916
