10-16 09:41:48.452 W/FileUtils( 522): at com.android.server.wifi.WifiConfigManager.handleUserUnlock(WifiConfigManager.java:3012)
10-16 09:41:48.452 W/FileUtils( 522): at com.android.server.wifi.WifiServiceImpl.lambda$handleUserUnlock$4(WifiServiceImpl.java:575)
10-16 09:41:48.452 W/FileUtils( 522): at com.android.server.wifi.WifiServiceImpl.$r8$lambda$pIHmbQfs3TB9X9eA4_RgrBdIdio(Unknown Source:0)
10-16 09:41:48.452 W/FileUtils( 522): at com.android.server.wifi.WifiServiceImpl$$ExternalSyntheticLambda17.run(Unknown Source:4)
10-16 09:41:48.452 W/FileUtils( 522): at android.os.Handler.handleCallback(Handler.java:938)
10-16 09:41:48.452 W/FileUtils( 522): at android.os.Handler.dispatchMessage(Handler.java:99)
10-16 09:41:48.452 W/FileUtils( 522): at android.os.Looper.loopOnce(Looper.java:201)
10-16 09:41:48.452 W/FileUtils( 522): at android.os.Looper.loop(Looper.java:288)
10-16 09:41:48.452 W/FileUtils( 522): at android.os.HandlerThread.run(HandlerThread.java:67)
10-16 09:41:48.453 I/SELinux ( 522): SELinux: Loaded file_contexts
10-16 09:41:48.458 D/Zygote ( 244): Forked child process 1289
10-16 09:41:48.465 D/WifiConfigStore( 522): Writing to stores completed in 30 ms.
10-16 09:41:48.466 D/BluetoothOppFileProvider( 733): Initialized
10-16 09:41:48.470 I/Zygote ( 1289): seccomp disabled by setenforce 0
10-16 09:41:48.470 E/BackupPasswordManager( 522): Unable to read backup pw version
10-16 09:41:48.471 E/BackupPasswordManager( 522): Unable to read saved backup pw hash
10-16 09:41:48.473 I/ActivityManager( 522): app.processName = com.dangbei.lerad.etna.haqu
10-16 09:41:48.473 I/ActivityManager( 522): Start proc 1289:com.dangbei.lerad.etna.haqu/1000 for added application com.dangbei.lerad.etna.haqu
10-16 09:41:48.475 W/StorageManagerService( 522): Reporting emulated;0 unmounted due to system locked
10-16 09:41:48.479 I/adbd ( 381): jdwp connection from 1276
10-16 09:41:48.479 W/ActivityManager( 522): Slow operation: 54ms so far, now at startProcess: done updating pids map
10-16 09:41:48.491 W/NotificationHistory( 522): Attempted to add notif for locked/gone/disabled user 0
10-16 09:41:48.494 I/adbd ( 381): jdwp connection from 1270
10-16 09:41:48.503 D/XM_HIDREAD( 323): add@ add@/devices/platform/soc@3000000/5200400.ohci1-controller/usb6
10-16 09:41:48.503 D/XM_HIDREAD( 323): add@ add@/devices/platform/soc@3000000/5200400.ohci1-controller/usb6/6-0:1.0
10-16 09:41:48.504 D/BufferPoolAccessor2.0( 522): bufferpool2 0xf52549d8 : 0(0 size) total buffers - 0(0 size) used buffers - 2/7 (recycle/alloc) - 5/68 (fetch/transfer)
10-16 09:41:48.504 D/BufferPoolAccessor2.0( 522): bufferpool2 0xf3293a58 : 0(0 size) total buffers - 0(0 size) used buffers - 2/7 (recycle/alloc) - 6/46 (fetch/transfer)
10-16 09:41:48.504 D/BufferPoolAccessor2.0( 522): bufferpool2 0xf3e03458 : 0(0 size) total buffers - 0(0 size) used buffers - 1/7 (recycle/alloc) - 6/294 (fetch/transfer)
10-16 09:41:48.504 D/BufferPoolAccessor2.0( 522): bufferpool2 0xf3293b98 : 0(0 size) total buffers - 0(0 size) used buffers - 2/7 (recycle/alloc) - 5/42 (fetch/transfer)
10-16 09:41:48.504 D/BufferPoolAccessor2.0( 522): bufferpool2 0xf5254b18 : 0(0 size) total buffers - 0(0 size) used buffers - 1/7 (recycle/alloc) - 6/76 (fetch/transfer)
10-16 09:41:48.504 D/BufferPoolAccessor2.0( 522): evictor expired: 5, evicted: 5
10-16 09:41:48.508 I/usb6 ( 164): New USB device found, idVendor=1d6b, idProduct=0001, bcdDevice= 5.04
10-16 09:41:48.508 I/usb6 ( 164): New USB device strings: Mfr=3, Product=2, SerialNumber=1
10-16 09:41:48.508 I/usb6 ( 164): Product: OHCI Host Controller
10-16 09:41:48.508 I/usb6 ( 164): Manufacturer: Linux 5.4.125+ ohci_hcd
10-16 09:41:48.508 I/usb6 ( 164): SerialNumber: sunxi-ohci
10-16 09:41:48.509 I/hub 6-0 ( 164): 1.0: USB hub found
10-16 09:41:48.510 I/hub 6-0 ( 164): 1.0: 1 port detected
10-16 09:41:48.508 D/XM_HIDREAD( 323): add@ add@/devices/virtual/devlink/regulator.8--5310400.ohci2-controller
10-16 09:41:48.515 D/CompatibilityChangeReporter( 522): Compat change id reported: 168419799; UID 10074; state: DISABLED
10-16 09:41:48.513 W/ ( 164): sunxi ohci2-controller don't init wakeup source
10-16 09:41:48.513 W/[sunxi-ohci2]( 164): probe, pdev->name: 5310400.ohci2-controller, sunxi_ohci: 0xffffffc008f820f8
10-16 09:41:48.514 I/sunxi-ohci 5310400.ohci2-controller( 164): OHCI Host Controller
10-16 09:41:48.514 I/sunxi-ohci 5310400.ohci2-controller( 164): new USB bus registered, assigned bus number 7
10-16 09:41:48.514 E/debugfs ( 164): Directory 'sunxi-ohci' with parent 'ohci' already present!
10-16 09:41:48.520 D/BufferPoolAccessor2.0( 373): bufferpool2 0xf6791558 : 0(0 size) total buffers - 0(0 size) used buffers - 28/32 (recycle/alloc) - 4/31 (fetch/transfer)
10-16 09:41:48.520 D/BufferPoolAccessor2.0( 373): bufferpool2 0xf67912d8 : 0(0 size) total buffers - 0(0 size) used buffers - 141/145 (recycle/alloc) - 4/144 (fetch/transfer)
10-16 09:41:48.520 D/BufferPoolAccessor2.0( 373): bufferpool2 0xf6791198 : 0(0 size) total buffers - 0(0 size) used buffers - 17/21 (recycle/alloc) - 4/20 (fetch/transfer)
10-16 09:41:48.520 D/BufferPoolAccessor2.0( 373): bufferpool2 0xf6791698 : 0(0 size) total buffers - 0(0 size) used buffers - 32/36 (recycle/alloc) - 4/35 (fetch/transfer)
10-16 09:41:48.520 D/BufferPoolAccessor2.0( 373): bufferpool2 0xf6791cd8 : 0(0 size) total buffers - 0(0 size) used buffers - 15/19 (recycle/alloc) - 4/18 (fetch/transfer)
10-16 09:41:48.520 D/BufferPoolAccessor2.0( 373): evictor expired: 5, evicted: 5
10-16 09:41:48.524 V/GraphicsEnvironment( 1149): ANGLE Developer option for 'android.ext.services' set to: 'default'
10-16 09:41:48.524 V/GraphicsEnvironment( 1149): Neither updatable production driver nor prerelease driver is supported.
10-16 09:41:48.527 D/NetworkSecurityConfig( 1149): No Network Security Config specified, using platform default
10-16 09:41:48.527 D/NetworkSecurityConfig( 1149): No Network Security Config specified, using platform default
10-16 09:41:48.529 W/Looper ( 522): Slow dispatch took 163ms main h=com.android.server.notification.NotificationManagerService$WorkerHandler c=com.android.server.notification.NotificationManagerService$PostNotificationRunnable@df61834 m=0
10-16 09:41:48.534 I/sunxi-ohci 5310400.ohci2-controller( 164): irq 55, io mem 0x05310400
10-16 09:41:48.532 D/BluetoothManagerService( 522): MESSAGE_RESTART_BLUETOOTH_SERVICE: retry count=1
10-16 09:41:48.534 W/Searchables( 522): No global search activity found
10-16 09:41:48.535 D/BluetoothAdapterService( 733): enable() - Enable called with quiet mode status = false
10-16 09:41:48.535 I/AdapterState( 733): ON : Unhandled message - BLE_TURN_ON
10-16 09:41:48.548 V/BackupManagerConstants( 522): getKeyValueBackupIntervalMilliseconds(...) returns 14400000
10-16 09:41:48.548 V/BackupManagerConstants( 522): getKeyValueBackupFuzzMilliseconds(...) returns 600000
10-16 09:41:48.548 V/BackupManagerConstants( 522): getKeyValueBackupRequiredNetworkType(...) returns 1
10-16 09:41:48.548 V/BackupManagerConstants( 522): getKeyValueBackupRequireCharging(...) returns true
10-16 09:41:48.548 V/KeyValueBackupJob( 522): Scheduling k/v pass in 244 minutes
10-16 09:41:48.554 W/Looper ( 522): Slow dispatch took 122ms android.ui h=com.android.server.am.PreBootBroadcaster$1 c=null m=1
10-16 09:41:48.555 I/adbd ( 381): jdwp connection from 1289
10-16 09:41:48.558 D/CompatibilityChangeReporter( 1276): Compat change id reported: 171979766; UID 10074; state: DISABLED
10-16 09:41:48.559 V/BackupManagerService( 522): [UserID:0] No ancestral data
10-16 09:41:48.568 D/ConnectivityService( 522): requestNetwork for uid/pid:1000/522 activeRequest: null callbackRequest: 22 [NetworkRequest [ REQUEST id=23, [ Capabilities: INTERNET&NOT_RESTRICTED&TRUSTED&NOT_VCN_MANAGED Uid: 1000 RequestorUid: 1000 RequestorPkg: android] ]] callback flags: 0 priority: 2147483647
10-16 09:41:48.569 D/CompatibilityChangeReporter( 1270): Compat change id reported: 171979766; UID 1000; state: ENABLED
10-16 09:41:48.570 D/AudioFlinger( 269): mixer(0xf07c8a40) throttle end: throttle time(6)
10-16 09:41:48.581 D/ConnectivityService( 522): NetReassign [no changes]
10-16 09:41:48.584 D/WifiNl80211Manager( 522): Scan result ready event
10-16 09:41:48.584 D/WifiNative( 522): Scan result ready event
10-16 09:41:48.586 D/PPPOE ( 522): got request NetworkRequest [ REQUEST id=23, [ Capabilities: INTERNET&NOT_RESTRICTED&TRUSTED&NOT_VCN_MANAGED Uid: 1000 RequestorUid: 1000 RequestorPkg: android] ]
10-16 09:41:48.586 D/Ethernet( 522): got request NetworkRequest [ REQUEST id=23, [ Capabilities: INTERNET&NOT_RESTRICTED&TRUSTED&NOT_VCN_MANAGED Uid: 1000 RequestorUid: 1000 RequestorPkg: android] ]
10-16 09:41:48.586 D/EthernetNetworkFactory( 522): acceptRequest, request: NetworkRequest [ REQUEST id=23, [ Capabilities: INTERNET&NOT_RESTRICTED&TRUSTED&NOT_VCN_MANAGED Uid: 1000 RequestorUid: 1000 RequestorPkg: android] ]
10-16 09:41:48.587 I/EthernetNetworkFactory( 522): networkForRequest, request: NetworkRequest [ REQUEST id=23, [ Capabilities: INTERNET&NOT_RESTRICTED&TRUSTED&NOT_VCN_MANAGED Uid: 1000 RequestorUid: 1000 RequestorPkg: android] ], network: null
10-16 09:41:48.590 D/WifiNetworkFactory( 522): got request NetworkRequest [ REQUEST id=23, [ Capabilities: INTERNET&NOT_RESTRICTED&TRUSTED&NOT_VCN_MANAGED Uid: 1000 RequestorUid: 1000 RequestorPkg: android] ]
10-16 09:41:48.590 D/UntrustedWifiNetworkFactory( 522): got request NetworkRequest [ REQUEST id=23, [ Capabilities: INTERNET&NOT_RESTRICTED&TRUSTED&NOT_VCN_MANAGED Uid: 1000 RequestorUid: 1000 RequestorPkg: android] ]
10-16 09:41:48.591 D/XM_HIDREAD( 323): add@ add@/devices/platform/soc@3000000/5310400.ohci2-controller/usb7
10-16 09:41:48.592 D/XM_HIDREAD( 323): add@ add@/devices/platform/soc@3000000/5310400.ohci2-controller/usb7/7-0:1.0
10-16 09:41:48.596 I/usb7 ( 164): New USB device found, idVendor=1d6b, idProduct=0001, bcdDevice= 5.04
10-16 09:41:48.596 I/usb7 ( 164): New USB device strings: Mfr=3, Product=2, SerialNumber=1
10-16 09:41:48.596 I/usb7 ( 164): Product: OHCI Host Controller
10-16 09:41:48.596 I/usb7 ( 164): Manufacturer: Linux 5.4.125+ ohci_hcd
10-16 09:41:48.596 I/usb7 ( 164): SerialNumber: sunxi-ohci
10-16 09:41:48.598 I/hub 7-0 ( 164): 1.0: USB hub found
10-16 09:41:48.598 I/hub 7-0 ( 164): 1.0: 1 port detected
10-16 09:41:48.600 W/ ( 164): sunxi ohci3-controller don't init wakeup source
10-16 09:41:48.600 W/[sunxi-ohci3]( 164): probe, pdev->name: 5311400.ohci3-controller, sunxi_ohci: 0xffffffc008f827b8
10-16 09:41:48.600 I/sunxi-ohci 5311400.ohci3-controller( 164): OHCI Host Controller
10-16 09:41:48.600 I/sunxi-ohci 5311400.ohci3-controller( 164): new USB bus registered, assigned bus number 8
10-16 09:41:48.600 E/debugfs ( 164): Directory 'sunxi-ohci' with parent 'ohci' already present!
10-16 09:41:48.594 D/OemPaidWifiNetworkFactory( 522): got request NetworkRequest [ REQUEST id=23, [ Capabilities: INTERNET&NOT_RESTRICTED&TRUSTED&NOT_VCN_MANAGED Uid: 1000 RequestorUid: 1000 RequestorPkg: android] ]
10-16 09:41:48.594 D/XM_HIDREAD( 323): add@ add@/devices/virtual/devlink/regulator.8--5311400.ohci3-controller
10-16 09:41:48.606 E/system_server( 522): No package ID 7f found for ID 0x7f070090.
10-16 09:41:48.606 E/system_server( 522): No package ID 7f found for ID 0x7f10009b.
10-16 09:41:48.612 I/sunxi-ohci 5311400.ohci3-controller( 164): irq 57, io mem 0x05311400
10-16 09:41:48.611 V/NotificationAssistants( 522): enabling notification assistant for 0: ComponentInfo{android.ext.services/android.ext.services.notification.Assistant}
10-16 09:41:48.611 V/NotificationAssistants( 522): Not registering ComponentInfo{android.ext.services/android.ext.services.notification.Assistant} is already bound
10-16 09:41:48.613 D/CompatibilityChangeReporter( 522): Compat change id reported: 168419799; UID 1000; state: DISABLED
10-16 09:41:48.625 D/CompatibilityChangeReporter( 1289): Compat change id reported: 171979766; UID 1000; state: DISABLED
10-16 09:41:48.641 D/ApplicationLoaders( 1289): Returning zygote-cached class loader: /system/framework/android.test.base.jar
10-16 09:41:48.644 D/ApplicationLoaders( 1289): Returning zygote-cached class loader: /system/framework/android.hidl.manager-V1.0-java.jar
10-16 09:41:48.646 D/ApplicationLoaders( 1289): Returning zygote-cached class loader: /system/framework/android.hidl.base-V1.0-java.jar
10-16 09:41:48.651 I/BackupManagerService( 522): isBackupEnabled() => false due to absent settings file
10-16 09:41:48.651 D/BackupManagerService( 522): user:0 readBackupEnableState enabled:false
10-16 09:41:48.651 I/BackupManagerService( 522): [UserID:0] Backup enabled => false
10-16 09:41:48.654 D/PasspointManager( 522): ANQP entry not found for: 10:7c:61:1a:4b:90:<2.4G>
10-16 09:41:48.655 D/PasspointManager( 522): ANQP entry not found for: 10:7c:61:1a:4b:94:<5G>
10-16 09:41:48.662 E/WifiHAL ( 721): wifi_get_link_stats: requestResponse Error:-5
10-16 09:41:48.664 E/WifiVendorHal( 522): getWifiLinkLayerStats_1_5_Internal(l.1191) failed {.code = ERROR_INVALID_ARGS, .description = }
10-16 09:41:48.672 D/XM_HIDREAD( 323): add@ add@/devices/platform/soc@3000000/5311400.ohci3-controller/usb8
10-16 09:41:48.677 I/usb8 ( 164): New USB device found, idVendor=1d6b, idProduct=0001, bcdDevice= 5.04
10-16 09:41:48.677 I/usb8 ( 164): New USB device strings: Mfr=3, Product=2, SerialNumber=1
10-16 09:41:48.677 I/usb8 ( 164): Product: OHCI Host Controller
10-16 09:41:48.677 I/usb8 ( 164): Manufacturer: Linux 5.4.125+ ohci_hcd
10-16 09:41:48.677 I/usb8 ( 164): SerialNumber: sunxi-ohci
10-16 09:41:48.674 D/XM_HIDREAD( 323): add@ add@/devices/platform/soc@3000000/5311400.ohci3-controller/usb8/8-0:1.0
10-16 09:41:48.677 I/AccountsDb( 522): Creating DE database for user 0
10-16 09:41:48.681 I/hub 8-0 ( 164): 1.0: USB hub found
10-16 09:41:48.681 I/hub 8-0 ( 164): 1.0: 1 port detected
10-16 09:41:48.680 D/XM_HIDREAD( 323): add@ add@/bus/platform/drivers/sunxi-ohci
10-16 09:41:48.681 D/XM_HIDREAD( 323): add@ add@/module/ohci_sunxi
10-16 09:41:48.692 V/GraphicsEnvironment( 1276): ANGLE Developer option for 'com.android.providers.media.module' set to: 'default'
10-16 09:41:48.693 V/GraphicsEnvironment( 1276): Neither updatable production driver nor prerelease driver is supported.
10-16 09:41:48.695 D/NetworkSecurityConfig( 1276): No Network Security Config specified, using platform default
10-16 09:41:48.696 D/NetworkSecurityConfig( 1276): No Network Security Config specified, using platform default
10-16 09:41:48.709 I/ActivityManager( 522): com.android.keychain is exempt from freezer
10-16 09:41:48.712 D/CompatibilityChangeReporter( 522): Compat change id reported: 135634846; UID 1000; state: DISABLED
10-16 09:41:48.726 I/AccountManagerService( 522): User 0 is unlocked - opening CE database
10-16 09:41:48.733 D/ ( 164): get det_vbus is fail, -84
10-16 09:41:48.733 D/ ( 164): get id is fail, -84
10-16 09:41:48.729 D/XM_HIDREAD( 323): add@ add@/bus/platform/drivers/otg manager
10-16 09:41:48.729 D/XM_HIDREAD( 323): add@ add@/module/sunxi_usbc
10-16 09:41:48.735 D/Zygote ( 244): Forked child process 1342
10-16 09:41:48.739 D/awplayer( 355): : we have 95 ms
10-16 09:41:48.739 D/awplayer( 355): <__SdControl:260>: __SdControll : unknown command (101)...
10-16 09:41:48.739 I/ActivityManager( 522): app.processName = com.android.keychain
10-16 09:41:48.739 I/ActivityManager( 522): Start proc 1342:com.android.keychain/1000 for service {com.android.keychain/com.android.keychain.KeyChainService}
10-16 09:41:48.744 D/awplayer( 355): : we still have 95 ms and pass 5 ms
10-16 09:41:48.746 I/Zygote ( 1342): seccomp disabled by setenforce 0
10-16 09:41:48.749 D/awplayer( 355): : we still have 95 ms and pass 10 ms
10-16 09:41:48.754 D/awplayer( 355): : we still have 95 ms and pass 15 ms
10-16 09:41:48.761 D/awplayer( 355): : we still have 73 ms and pass 21 ms
10-16 09:41:48.768 V/MediaProvider( 1276): Attached media from com.android.providers.media.module
10-16 09:41:48.766 D/awplayer( 355): : we still have 73 ms and pass 27 ms
10-16 09:41:48.777 D/awplayer( 355): : we still have 73 ms and pass 37 ms
10-16 09:41:48.778 I/AccountsDb( 522): Creating CE database /data/system_ce/0/accounts_ce.db
10-16 09:41:48.782 D/awplayer( 355): : we still have 52 ms and pass 43 ms
10-16 09:41:48.787 D/awplayer( 355): : we still have 52 ms and pass 48 ms
10-16 09:41:48.793 D/awplayer( 355): : we still have 52 ms and pass 53 ms
10-16 09:41:48.797 V/GraphicsEnvironment( 1270): ANGLE Developer option for 'com.android.tv.settings' set to: 'default'
10-16 09:41:48.797 V/GraphicsEnvironment( 1270): Neither updatable production driver nor prerelease driver is supported.
10-16 09:41:48.798 D/awplayer( 355): : we still have 52 ms and pass 59 ms
10-16 09:41:48.799 W/Looper ( 522): Slow dispatch took 177ms main h=android.app.ActivityThread$H c=android.app.LoadedApk$ReceiverDispatcher$Args$$ExternalSyntheticLambda0@31e2919 m=0
10-16 09:41:48.799 D/NetworkSecurityConfig( 1270): No Network Security Config specified, using platform default
10-16 09:41:48.799 W/Looper ( 522): Slow delivery took 246ms main h=com.android.server.notification.NotificationManagerService$WorkerHandler c=com.android.server.notification.NotificationManagerService$EnqueueNotificationRunnable@3c5fbbf m=0
10-16 09:41:48.800 D/NetworkSecurityConfig( 1270): No Network Security Config specified, using platform default
10-16 09:41:48.803 D/awplayer( 355): : we still have 30 ms and pass 64 ms
10-16 09:41:48.805 I/SyncManager( 522): Loaded persisted syncs: 0 periodic syncs, 0 oneshot syncs, 15 total system server jobs, JobStats: FirstLoad: 0/0/0 LastSave: 1/1/0
10-16 09:41:48.812 D/awplayer( 355): : we still have 30 ms and pass 73 ms
10-16 09:41:48.817 D/awplayer( 355): : we still have 30 ms and pass 78 ms
10-16 09:41:48.820 I/adbd ( 381): jdwp connection from 1342
10-16 09:41:48.823 D/awplayer( 355): : we still have 8 ms and pass 83 ms
10-16 09:41:48.823 W/awplayer( 355): : we quit but still have 8 ms
10-16 09:41:48.855 V/NotificationAssistants( 522): 0 notification assistant service connected: ComponentInfo{android.ext.services/android.ext.services.notification.Assistant}
10-16 09:41:48.857 V/BackupManagerConstants( 522): getKeyValueBackupIntervalMilliseconds(...) returns 14400000
10-16 09:41:48.857 V/BackupManagerConstants( 522): getKeyValueBackupFuzzMilliseconds(...) returns 600000
10-16 09:41:48.857 V/BackupManagerConstants( 522): getKeyValueBackupRequiredNetworkType(...) returns 1
10-16 09:41:48.857 V/BackupManagerConstants( 522): getKeyValueBackupRequireCharging(...) returns true
10-16 09:41:48.857 V/KeyValueBackupJob( 522): Scheduling k/v pass in 241 minutes
10-16 09:41:48.860 I/ExplicitHealthCheckController( 522): Explicit health check service is connected ComponentInfo{android.ext.services/android.ext.services.watchdog.ExplicitHealthCheckServiceImpl}
10-16 09:41:48.862 I/ExplicitHealthCheckController( 522): Service initialized, syncing requests
10-16 09:41:48.872 V/GraphicsEnvironment( 1289): ANGLE Developer option for 'com.dangbei.lerad.etna.haqu' set to: 'default'
10-16 09:41:48.874 D/CompatibilityChangeReporter( 522): Compat change id reported: 168419799; UID 1000; state: DISABLED
10-16 09:41:48.877 V/GraphicsEnvironment( 1289): Neither updatable production driver nor prerelease driver is supported.
10-16 09:41:48.880 D/NetworkSecurityConfig( 1289): Using Network Security Config from resource network_security_config debugBuild: false
10-16 09:41:48.886 W/NotificationHistory( 522): Attempted to add notif for locked/gone/disabled user 0
10-16 09:41:48.889 D/CompatibilityChangeReporter( 1342): Compat change id reported: 171979766; UID 1000; state: ENABLED
10-16 09:41:48.890 D/NetworkSecurityConfig( 1289): Using Network Security Config from resource network_security_config debugBuild: false
10-16 09:41:48.892 I/PackageWatchdog( 522): Syncing health check requests for packages: {}
10-16 09:41:48.892 D/ExplicitHealthCheckController( 522): Getting health check supported packages
10-16 09:41:48.893 W/Looper ( 522): Drained
10-16 09:41:48.897 D/VoHCI ( 1345): VoHCI service version: v1.0.0
10-16 09:41:48.898 I/ExplicitHealthCheckController( 522): Explicit health check supported packages [PackageConfig{com.android.networkstack, 86400000}]
10-16 09:41:48.898 D/PackageWatchdog( 522): Received supported packages [PackageConfig{com.android.networkstack, 86400000}]
10-16 09:41:48.898 D/ExplicitHealthCheckController( 522): Getting health check requested packages
10-16 09:41:48.900 I/ExplicitHealthCheckController( 522): Explicit health check requested packages []
10-16 09:41:48.901 I/ExplicitHealthCheckController( 522): No more health check requests, unbinding...
10-16 09:41:48.906 I/ExplicitHealthCheckController( 522): Explicit health check service is unbound
10-16 09:41:48.907 E/VoHCI ( 1345): Cannot get card id for name: VoHCILoopback
10-16 09:41:48.917 W/ContextImpl( 1270): Calling a method in the system process without a qualified user: android.app.ContextImpl.startService:1816 android.content.ContextWrapper.startService:774 android.content.ContextWrapper.startService:774 com.android.tv.settings.users.UserSwitchListenerService$BootReceiver.onReceive:50 android.app.ActivityThread.handleReceiver:4308
10-16 09:41:48.931 I/system_server( 522): Background young concurrent copying GC freed 248655(10MB) AllocSpace objects, 95(3820KB) LOS objects, 56% free, 9737KB/21MB, paused 1.368ms total 533.015ms
10-16 09:41:48.934 D/PackageManager( 522): Instant App installer not found with android.intent.action.INSTALL_INSTANT_APP_PACKAGE
10-16 09:41:48.934 D/PackageManager( 522): Clear ephemeral installer activity
10-16 09:41:48.939 D/ColorDisplayService( 522): setUp: currentUser=0
10-16 09:41:48.939 D/DeviceProvisionedControllerImpl( 748): Setting change: content://settings/secure/user_setup_complete
10-16 09:41:48.944 D/ColorDisplayService( 522): onNightDisplayAutoModeChanged: autoMode=0
10-16 09:41:48.946 I/ColorDisplayService( 522): Turning off night display
10-16 09:41:48.948 D/CompatibilityChangeReporter( 522): Compat change id reported: 135634846; UID 10031; state: DISABLED
10-16 09:41:48.948 D/CompatibilityChangeReporter( 522): Compat change id reported: 177438394; UID 10031; state: DISABLED
10-16 09:41:48.948 D/CompatibilityChangeReporter( 522): Compat change id reported: 135772972; UID 10031; state: DISABLED
10-16 09:41:48.948 D/CompatibilityChangeReporter( 522): Compat change id reported: 135754954; UID 10031; state: ENABLED
10-16 09:41:48.949 D/ColorDisplayService( 522): Setting bright color reduction level: 50
10-16 09:41:48.953 D/CompatibilityChangeReporter( 522): Compat change id reported: 143937733; UID 10031; state: ENABLED
10-16 09:41:48.953 W/System ( 522): A resource failed to call release.
10-16 09:41:48.954 W/System ( 522): A resource failed to call release.
10-16 09:41:48.968 I/TranscodeHelper( 1276): Empty transcode compat stale
10-16 09:41:48.969 I/TranscodeHelper( 1276): Parsed 0 packages from resource
10-16 09:41:48.970 I/TranscodeHelper( 1276): Empty device config transcode compat manifest
10-16 09:41:48.975 D/Zygote ( 244): Forked child process 1386
10-16 09:41:48.977 I/ActivityManager( 522): app.processName = com.android.documentsui
10-16 09:41:48.977 I/ActivityManager( 522): Start proc 1386:com.android.documentsui/u0a31 for broadcast {com.android.documentsui/com.android.documentsui.PreBootReceiver}
10-16 09:41:48.985 I/MultiDex( 1289): VM with version 2.1.0 has multidex support
10-16 09:41:48.986 I/MultiDex( 1289): Installing application
10-16 09:41:48.987 I/MultiDex( 1289): VM has multidex support, MultiDex support library is disabled.
10-16 09:41:48.995 I/Zygote ( 1386): seccomp disabled by setenforce 0
10-16 09:41:49.018 I/adbd ( 381): jdwp connection from 1386
10-16 09:41:49.019 D/QuickLifeImpl( 1289): DatabaseHelper
10-16 09:41:49.035 D/CompatibilityChangeReporter( 522): Compat change id reported: 168419799; UID 10031; state: DISABLED
10-16 09:41:49.040 V/MediaStore( 1276): Examining volume emulated;0 with name external_primary and state checking
10-16 09:41:49.050 D/CompatibilityChangeReporter( 1386): Compat change id reported: 171979766; UID 10031; state: DISABLED
10-16 09:41:49.061 D/CompatibilityChangeReporter( 1276): Compat change id reported: 148180766; UID 10074; state: ENABLED
10-16 09:41:49.063 D/quicklife( 1289): ContentValuesUtil initConditionValues
10-16 09:41:49.063 D/quicklife( 1289): ContentValuesUtil initConditionValues
10-16 09:41:49.063 D/quicklife( 1289): ContentValuesUtil initConditionValues
10-16 09:41:49.064 D/quicklife( 1289): ContentValuesUtil initConditionValues
10-16 09:41:49.064 D/quicklife( 1289): ContentValuesUtil initConditionValues
10-16 09:41:49.064 D/quicklife( 1289): ContentValuesUtil initConditionValues
10-16 09:41:49.064 D/quicklife( 1289): ContentValuesUtil initConditionValues
10-16 09:41:49.064 D/quicklife( 1289): ContentValuesUtil initConditionValues
10-16 09:41:49.064 D/quicklife( 1289): ContentValuesUtil initConditionValues
10-16 09:41:49.064 D/quicklife( 1289): ContentValuesUtil initConditionValues
10-16 09:41:49.064 D/quicklife( 1289): ContentValuesUtil initConditionValues
10-16 09:41:49.064 D/quicklife( 1289): ContentValuesUtil initConditionValues
10-16 09:41:49.064 D/quicklife( 1289): ContentValuesUtil initConditionValues
10-16 09:41:49.073 D/PulledMetrics( 1276): Registering callback with StatsManager
10-16 09:41:49.081 D/QuickLifeImpl( 1289): DatabaseHelper onCreate
10-16 09:41:49.103 I/StorageUserConnection( 522): Service: [ComponentInfo{com.android.providers.media.module/com.android.providers.media.fuse.ExternalStorageServiceImpl}] connected. User [0]
10-16 09:41:49.107 I/ExternalStorageServiceImpl( 1276): Starting session for id: emulated;0
10-16 09:41:49.109 V/GraphicsEnvironment( 1342): ANGLE Developer option for 'com.android.keychain' set to: 'default'
10-16 09:41:49.109 I/LockSettingsService( 522): Reporting device setup complete to IGateKeeperService
10-16 09:41:49.110 V/GraphicsEnvironment( 1342): Neither updatable production driver nor prerelease driver is supported.
10-16 09:41:49.113 D/NetworkSecurityConfig( 1342): No Network Security Config specified, using platform default
10-16 09:41:49.114 D/NetworkSecurityConfig( 1342): No Network Security Config specified, using platform default
10-16 09:41:49.117 D/PermissionCache( 374): checking android.permission.ACCESS_KEYGUARD_SECURE_STORAGE for uid=1000 => granted (6708 us)
10-16 09:41:49.118 I/gatekeeperd( 374): cold boot: clearing state
10-16 09:41:49.128 V/MediaProvider( 1276): onConfigure() for external.db
10-16 09:41:49.136 V/FuseDaemonThread( 1276): Waiting 1000ms for FUSE start. Count 4
10-16 09:41:49.137 V/GraphicsEnvironment( 1386): ANGLE Developer option for 'com.android.documentsui' set to: 'default'
10-16 09:41:49.137 V/GraphicsEnvironment( 1386): Neither updatable production driver nor prerelease driver is supported.
10-16 09:41:49.137 I/FuseDaemonThread( 1276): Starting thread for emulated;0 ...
10-16 09:41:49.138 I/FuseDaemon( 1276): Starting fuse...
10-16 09:41:49.139 D/NetworkSecurityConfig( 1386): No Network Security Config specified, using platform default
10-16 09:41:49.139 D/NetworkSecurityConfig( 1386): No Network Security Config specified, using platform default
10-16 09:41:49.141 W/StorageManagerService( 522): Reporting emulated;0 unmounted due to system locked
10-16 09:41:49.142 D/GattService( 733): Unlocked userId 0
10-16 09:41:49.142 D/HeadsetService( 733): Unlocked userId 0
10-16 09:41:49.142 D/A2dpService( 733): Unlocked userId 0
10-16 09:41:49.142 D/HidHostService( 733): Unlocked userId 0
10-16 09:41:49.142 D/PanService( 733): Unlocked userId 0
10-16 09:41:49.142 D/BluetoothMapService( 733): Unlocked userId 0
10-16 09:41:49.142 D/AvrcpTargetService( 733): Unlocked userId 0
10-16 09:41:49.143 I/AvrcpTargetService( 733): User unlocked, initializing the service
10-16 09:41:49.143 V/MediaPlayerList( 733): Initializing MediaPlayerList
10-16 09:41:49.145 I/AvrcpBrowsedPlayerWrapper( 733): Wrapping Media Browser com.android.music
10-16 09:41:49.147 D/HidDeviceService( 733): Unlocked userId 0
10-16 09:41:49.147 D/BluetoothOppService( 733): Unlocked userId 0
10-16 09:41:49.147 D/BluetoothPbapService( 733): Unlocked userId 0
10-16 09:41:49.147 I/BluetoothPbapService( 733): setUserUnlocked(0)
10-16 09:41:49.150 V/MediaProvider( 1276): onCreate() for external.db
10-16 09:41:49.156 D/CompatibilityChangeReporter( 522): Compat change id reported: 135634846; UID 10050; state: DISABLED
10-16 09:41:49.157 D/CompatibilityChangeReporter( 522): Compat change id reported: 177438394; UID 10050; state: DISABLED
10-16 09:41:49.159 D/CompatibilityChangeReporter( 522): Compat change id reported: 135772972; UID 10050; state: DISABLED
10-16 09:41:49.159 D/DeviceProvisionedControllerImpl( 748): Setting change: content://settings/global/device_provisioned
10-16 09:41:49.160 D/CompatibilityChangeReporter( 522): Compat change id reported: 135754954; UID 10050; state: DISABLED
10-16 09:41:49.160 D/CompatibilityChangeReporter( 522): Compat change id reported: 143937733; UID 10050; state: DISABLED
10-16 09:41:49.182 D/Zygote ( 244): Forked child process 1429
10-16 09:41:49.184 I/ActivityManager( 522): app.processName = com.android.music
10-16 09:41:49.184 I/ActivityManager( 522): Start proc 1429:com.android.music/u0a50 for service {com.android.music/com.android.music.MediaPlaybackService}
10-16 09:41:49.194 I/Zygote ( 1429): seccomp disabled by setenforce 0
10-16 09:41:49.211 I/system_server( 522): Using smaps_rollup for pss collection
10-16 09:41:49.228 I/adbd ( 381): jdwp connection from 1429
10-16 09:41:49.240 I/preinstall.sh( 1455): type=1400 audit(0.0:509): avc: denied { execute } for name="sh" dev="dm-0" ino=1202 scontext=u:r:system_server:s0 tcontext=u:object_r:shell_exec:s0 tclass=file permissive=1
10-16 09:41:49.240 I/preinstall.sh( 1455): type=1400 audit(0.0:510): avc: denied { read open } for path="/system/bin/sh" dev="dm-0" ino=1202 scontext=u:r:system_server:s0 tcontext=u:object_r:shell_exec:s0 tclass=file permissive=1
10-16 09:41:49.244 I/pm ( 1455): type=1400 audit(0.0:511): avc: denied { map } for path="/system/bin/sh" dev="dm-0" ino=1202 scontext=u:r:system_server:s0 tcontext=u:object_r:shell_exec:s0 tclass=file permissive=1
10-16 09:41:49.244 I/pm ( 1455): type=1400 audit(0.0:512): avc: denied { getattr } for path="/system/bin/sh" dev="dm-0" ino=1202 scontext=u:r:system_server:s0 tcontext=u:object_r:shell_exec:s0 tclass=file permissive=1
10-16 09:41:49.251 W/StorageManagerService( 522): Reporting emulated;0 unmounted due to system locked
10-16 09:41:49.252 I/oid.documentsui( 1386): type=1400 audit(0.0:513): avc: denied { search } for name="com.android.documentsui" dev="mmcblk0p25" ino=673 scontext=u:r:platform_app:s0:c512,c768 tcontext=u:object_r:app_data_file:s0:c512,c768 tclass=dir permissive=1 app=com.android.documentsui
10-16 09:41:49.263 W/StorageManagerService( 522): Reporting emulated;0 unmounted due to system locked
10-16 09:41:49.265 W/audit ( 1386): audit_lost=59 audit_rate_limit=5 audit_backlog_limit=64
10-16 09:41:49.265 E/audit ( 1386): rate limit exceeded
10-16 09:41:49.276 D/CompatibilityChangeReporter( 522): Compat change id reported: 168419799; UID 10050; state: DISABLED
10-16 09:41:49.304 D/CompatibilityChangeReporter( 1429): Compat change id reported: 171979766; UID 10050; state: DISABLED
10-16 09:41:49.308 D/CompatibilityChangeReporter( 522): Compat change id reported: 135634846; UID 10018; state: DISABLED
10-16 09:41:49.308 D/CompatibilityChangeReporter( 522): Compat change id reported: 177438394; UID 10018; state: DISABLED
10-16 09:41:49.308 D/CompatibilityChangeReporter( 522): Compat change id reported: 135772972; UID 10018; state: DISABLED
10-16 09:41:49.308 D/CompatibilityChangeReporter( 522): Compat change id reported: 135754954; UID 10018; state: ENABLED
10-16 09:41:49.316 D/CompatibilityChangeReporter( 522): Compat change id reported: 143937733; UID 10018; state: ENABLED
10-16 09:41:49.336 D/ApplicationLoaders( 1429): Returning zygote-cached class loader: /system/framework/android.test.base.jar
10-16 09:41:49.337 D/Zygote ( 244): Forked child process 1473
10-16 09:41:49.343 I/ActivityManager( 522): app.processName = android.process.media
10-16 09:41:49.343 I/ActivityManager( 522): Start proc 1473:android.process.media/u0a18 for content provider {com.android.providers.downloads/com.android.providers.downloads.DownloadStorageProvider}
10-16 09:41:49.349 D/CompatibilityChangeReporter( 522): Compat change id reported: 149924527; UID 1000; state: ENABLED
10-16 09:41:49.353 D/CompatibilityChangeReporter( 522): Compat change id reported: 132649864; UID 1000; state: DISABLED
10-16 09:41:49.356 I/Zygote ( 1473): seccomp disabled by setenforce 0
10-16 09:41:49.370 W/StorageManagerService( 522): Reporting emulated;0 unmounted due to system locked
10-16 09:41:49.388 I/adbd ( 381): jdwp connection from 1473
10-16 09:41:49.401 I/AudioFlinger( 269): BUFFER TIMEOUT: remove(55) from active list on thread 0xf07c8a40
10-16 09:41:49.415 D/CompatibilityChangeReporter( 522): Compat change id reported: 168419799; UID 10018; state: DISABLED
10-16 09:41:49.422 V/GraphicsEnvironment( 1429): ANGLE Developer option for 'com.android.music' set to: 'default'
10-16 09:41:49.422 V/GraphicsEnvironment( 1429): Neither updatable production driver nor prerelease driver is supported.
10-16 09:41:49.427 W/IorapForwardingService( 522): No service published for: iorapd
10-16 09:41:49.428 D/NetworkSecurityConfig( 1429): No Network Security Config specified, using platform default
10-16 09:41:49.429 D/NetworkSecurityConfig( 1429): No Network Security Config specified, using platform default
10-16 09:41:49.439 I/MediaProvider( 1276): Changed schema version on external from 0 to 1209, 0 items taking 283ms UUID 118c3aa6-49af-458b-a213-b076336dec1f
10-16 09:41:49.459 W/ActivityManager( 522): Slow operation: 70ms so far, now at attachApplicationLocked: after updateOomAdjLocked
10-16 09:41:49.461 V/MediaProvider( 1276): onOpen() for external.db
10-16 09:41:49.467 E/PackageManager( 522): Unknown package: com.oranth.filebrowser
10-16 09:41:49.469 D/CompatibilityChangeReporter( 1473): Compat change id reported: 171979766; UID 10018; state: ENABLED
10-16 09:41:49.472 D/music_MediaPlaybackSer( 1429): onCreate()
10-16 09:41:49.472 D/music_MediaPlaybackSer( 1429): Create MusicProvider
10-16 09:41:49.473 D/music_MediaPlaybackSer( 1429): Create MediaSession
10-16 09:41:49.473 I/id.ext.service( 1149): Background young concurrent copying GC freed 5090(303KB) AllocSpace objects, 0(0B) LOS objects, 95% free, 1065KB/25MB, paused 8.013ms total 141.923ms
10-16 09:41:49.480 W/PreBootReceiver( 1386): Can't get valid overlay info
10-16 09:41:49.481 D/DocumentsApplication( 1386): OverlayManager.setEnabled() result: true
10-16 09:41:49.482 I/PreBootBroadcaster( 522): Pre-boot of {com.android.managedprovisioning/com.android.managedprovisioning.ota.PreBootListener} for user 0
10-16 09:41:49.486 I/ActivityManager( 522): com.android.managedprovisioning is exempt from freezer
10-16 09:41:49.487 D/CompatibilityChangeReporter( 522): Compat change id reported: 135634846; UID 10022; state: DISABLED
10-16 09:41:49.487 D/CompatibilityChangeReporter( 522): Compat change id reported: 177438394; UID 10022; state: DISABLED
10-16 09:41:49.488 D/CompatibilityChangeReporter( 522): Compat change id reported: 135772972; UID 10022; state: DISABLED
10-16 09:41:49.490 D/CompatibilityChangeReporter( 522): Compat change id reported: 135754954; UID 10022; state: ENABLED
10-16 09:41:49.491 D/CompatibilityChangeReporter( 522): Compat change id reported: 143937733; UID 10022; state: ENABLED
10-16 09:41:49.503 V/MediaPlayerList( 733): onActiveSessionsChanged: number of controllers: 0
10-16 09:41:49.510 D/Zygote ( 244): Forked child process 1512
10-16 09:41:49.520 I/ActivityManager( 522): app.processName = com.android.managedprovisioning
10-16 09:41:49.520 I/ActivityManager( 522): Start proc 1512:com.android.managedprovisioning/u0a22 for broadcast {com.android.managedprovisioning/com.android.managedprovisioning.ota.PreBootListener}
10-16 09:41:49.524 D/CompatibilityChangeReporter( 1429): Compat change id reported: 160794467; UID 10050; state: DISABLED
10-16 09:41:49.526 I/Zygote ( 1512): seccomp disabled by setenforce 0
10-16 09:41:49.538 D/music_MediaPlaybackSer( 1429): updatePlaybackState, playback state=0
10-16 09:41:49.548 V/GraphicsEnvironment( 1473): ANGLE Developer option for 'com.android.providers.downloads' set to: 'default'
10-16 09:41:49.548 V/GraphicsEnvironment( 1473): Neither updatable production driver nor prerelease driver is supported.
10-16 09:41:49.550 I/adbd ( 381): jdwp connection from 1512
10-16 09:41:49.553 D/NetworkSecurityConfig( 1473): No Network Security Config specified, using platform default
10-16 09:41:49.556 D/NetworkSecurityConfig( 1473): No Network Security Config specified, using platform default
10-16 09:41:49.564 D/CompatibilityChangeReporter( 522): Compat change id reported: 168419799; UID 10022; state: DISABLED
10-16 09:41:49.573 D/music_MusicApp( 1429): add mount callback: com.android.music.MediaPlaybackService@e0dbcdd
10-16 09:41:49.576 D/CompatibilityChangeReporter( 1512): Compat change id reported: 171979766; UID 10022; state: ENABLED
10-16 09:41:49.586 E/PackageManager( 522): Unknown package: com.oranth.filebrowser
10-16 09:41:49.580 D/music_MediaPlaybackSer( 1429): OnGetRoot: clientPackageName=com.android.bluetooth; clientUid=1002 ; rootHints=null
10-16 09:41:49.591 I/AvrcpBrowsedPlayerWrapper( 733): onConnected: com.android.music is connected
10-16 09:41:49.592 D/AvrcpBrowsablePlayerConnector( 733): Browse player callback called: package=com.android.music : status=0
10-16 09:41:49.592 D/AvrcpBrowsablePlayerConnector( 733): Received a message: msg.what=1
10-16 09:41:49.592 I/AvrcpBrowsablePlayerConnector( 733): Checking root contents for com.android.music
10-16 09:41:49.597 D/music_MediaPlaybackSer( 1429): onDestroy
10-16 09:41:49.600 D/music_MusicApp( 1429): remove mount callback: com.android.music.MediaPlaybackService@e0dbcdd
10-16 09:41:49.600 D/music_MediaPlaybackSer( 1429): handleStopRequest: mState=0 error=destroy
10-16 09:41:49.600 D/music_MediaPlaybackSer( 1429): updatePlaybackState, playback state=1
10-16 09:41:49.602 D/Playback( 1429): giveUpAudioFocus
10-16 09:41:49.602 D/Playback( 1429): relaxResources. releaseMediaPlayer=true
10-16 09:41:49.607 D/music_MediaPlaybackSer( 1429): updatePlaybackState, playback state=1
10-16 09:41:49.629 D/music_MediaPlaybackSer( 1429): onCreate()
10-16 09:41:49.629 D/music_MediaPlaybackSer( 1429): Create MusicProvider
10-16 09:41:49.629 D/music_MediaPlaybackSer( 1429): Create MediaSession
10-16 09:41:49.636 V/MediaPlayerList( 733): onActiveSessionsChanged: number of controllers: 0
10-16 09:41:49.640 V/MediaPlayerList( 733): onActiveSessionsChanged: number of controllers: 0
10-16 09:41:49.656 D/music_MediaPlaybackSer( 1429): updatePlaybackState, playback state=0
10-16 09:41:49.666 D/music_MusicApp( 1429): add mount callback: com.android.music.MediaPlaybackService@555fc20
10-16 09:41:49.670 D/music_MediaPlaybackSer( 1429): OnGetRoot: clientPackageName=com.android.bluetooth; clientUid=1002 ; rootHints=null
10-16 09:41:49.671 I/AvrcpBrowsedPlayerWrapper( 733): onConnected: com.android.music is connected
10-16 09:41:49.672 I/AvrcpBrowsedPlayerWrapper( 733): getFolderItems: Connected to browsable player: com.android.music
10-16 09:41:49.674 D/music_MediaPlaybackSer( 1429): OnLoadChildren: parentMediaId=__ROOT__
10-16 09:41:49.674 D/MusicProvider( 1429): retrieveMediaAsync called
10-16 09:41:49.689 V/GraphicsEnvironment( 1512): ANGLE Developer option for 'com.android.managedprovisioning' set to: 'default'
10-16 09:41:49.690 V/GraphicsEnvironment( 1512): Neither updatable production driver nor prerelease driver is supported.
10-16 09:41:49.692 D/NetworkSecurityConfig( 1512): No Network Security Config specified, using platform default
10-16 09:41:49.693 D/NetworkSecurityConfig( 1512): No Network Security Config specified, using platform default
10-16 09:41:49.693 E/MediaProvider( 1276): Volume external_primary not found, calling identity: UserHandle{0}, attached volumes: {MediaVolume name: [internal] id: [null] user: [null] path: [null]}
10-16 09:41:49.697 E/DatabaseUtils( 1276): Writing exception to parcel
10-16 09:41:49.697 E/DatabaseUtils( 1276): java.lang.IllegalArgumentException: Volume external_primary not found
10-16 09:41:49.697 E/DatabaseUtils( 1276): at com.android.providers.media.MediaProvider.query(MediaProvider.java:2726)
10-16 09:41:49.697 E/DatabaseUtils( 1276): at com.android.providers.media.MediaProvider.query(MediaProvider.java:2717)
10-16 09:41:49.697 E/DatabaseUtils( 1276): at android.content.ContentProvider$Transport.query(ContentProvider.java:272)
10-16 09:41:49.697 E/DatabaseUtils( 1276): at android.content.ContentProviderNative.onTransact(ContentProviderNative.java:107)
10-16 09:41:49.697 E/DatabaseUtils( 1276): at android.os.Binder.execTransactInternal(Binder.java:1179)
10-16 09:41:49.697 E/DatabaseUtils( 1276): at android.os.Binder.execTransact(Binder.java:1143) --------- beginning of crash
10-16 09:41:49.705 E/AndroidRuntime( 1429): FATAL EXCEPTION: AsyncTask #1
10-16 09:41:49.705 E/AndroidRuntime( 1429): Process: com.android.music, PID: 1429
10-16 09:41:49.705 E/AndroidRuntime( 1429): java.lang.RuntimeException: An error occurred while executing doInBackground()
10-16 09:41:49.705 E/AndroidRuntime( 1429): at android.os.AsyncTask$4.done(AsyncTask.java:415)
10-16 09:41:49.705 E/AndroidRuntime( 1429): at java.util.concurrent.FutureTask.finishCompletion(FutureTask.java:383)
10-16 09:41:49.705 E/AndroidRuntime( 1429): at java.util.concurrent.FutureTask.setException(FutureTask.java:252)
10-16 09:41:49.705 E/AndroidRuntime( 1429): at java.util.concurrent.FutureTask.run(FutureTask.java:271)
10-16 09:41:49.705 E/AndroidRuntime( 1429): at android.os.AsyncTask$SerialExecutor$1.run(AsyncTask.java:305)
10-16 09:41:49.705 E/AndroidRuntime( 1429): at java.util.concurrent.ThreadPoolExecutor.runWorker(ThreadPoolExecutor.java:1167)
10-16 09:41:49.705 E/AndroidRuntime( 1429): at java.util.concurrent.ThreadPoolExecutor$Worker.run(ThreadPoolExecutor.java:641)
10-16 09:41:49.705 E/AndroidRuntime( 1429): at java.lang.Thread.run(Thread.java:920)
10-16 09:41:49.705 E/AndroidRuntime( 1429): Caused by: java.lang.IllegalArgumentException: Volume external_primary not found
10-16 09:41:49.705 E/AndroidRuntime( 1429): at android.database.DatabaseUtils.readExceptionFromParcel(DatabaseUtils.java:172)
10-16 09:41:49.705 E/AndroidRuntime( 1429): at android.database.DatabaseUtils.readExceptionFromParcel(DatabaseUtils.java:142)
10-16 09:41:49.705 E/AndroidRuntime( 1429): at android.content.ContentProviderProxy.query(ContentProviderNative.java:481)
10-16 09:41:49.705 E/AndroidRuntime( 1429): at android.content.ContentResolver.query(ContentResolver.java:1219)
10-16 09:41:49.705 E/AndroidRuntime( 1429): at android.content.ContentResolver.query(ContentResolver.java:1151)
10-16 09:41:49.705 E/AndroidRuntime( 1429): at android.content.ContentResolver.query(ContentResolver.java:1107)
10-16 09:41:49.705 E/AndroidRuntime( 1429): at com.android.music.utils.MusicProvider.retrieveMedia(MusicProvider.java:357)
10-16 09:41:49.705 E/AndroidRuntime( 1429): at com.android.music.utils.MusicProvider.access$100(MusicProvider.java:51)
10-16 09:41:49.705 E/AndroidRuntime( 1429): at com.android.music.utils.MusicProvider$1.doInBackground(MusicProvider.java:246)
10-16 09:41:49.705 E/AndroidRuntime( 1429): at com.android.music.utils.MusicProvider$1.doInBackground(MusicProvider.java:237)
10-16 09:41:49.705 E/AndroidRuntime( 1429): at android.os.AsyncTask$3.call(AsyncTask.java:394)
10-16 09:41:49.705 E/AndroidRuntime( 1429): at java.util.concurrent.FutureTask.run(FutureTask.java:266)
10-16 09:41:49.705 E/AndroidRuntime( 1429): ... 4 more
10-16 09:41:49.721 D/PinnerService( 522): pinRangeStream: null
10-16 09:41:49.735 I/Process ( 1429): Sending signal. PID: 1429 SIG: 9
10-16 09:41:49.737 I/DropBoxManagerService( 522): add tag=system_app_crash isTagEnabled=true flags=0x2
10-16 09:41:49.750 W/hdr10p_Configure( 432): 115 callbacks suppressed
10-16 09:41:49.750 I/ ( 432): DVI mode selected: packets not configured
10-16 09:41:49.750 W/set_vsif_config( 432): 115 callbacks suppressed
10-16 09:41:49.750 I/ ( 432): Error: set vsif failed
10-16 09:41:49.747 I/DownloadManager( 1473): Upgrading downloads database from version 0 to version 114, which will destroy all old data
10-16 09:41:49.767 I/ ( 432): DVI mode selected: packets not configured
10-16 09:41:49.767 I/ ( 432): Error: set vsif failed
10-16 09:41:49.780 I/CarUiInstaller( 1512): CarUiInstaller started for com.android.managedprovisioning
10-16 09:41:49.788 D/PinnerService( 522): pinRangeStream: null
10-16 09:41:49.788 D/PinnerService( 522): pinRangeStream: null
10-16 09:41:49.789 D/AutofillUI( 522): destroySaveUiUiThread(): already destroyed
10-16 09:41:49.791 D/AutofillManagerServiceImpl( 522): Reset component for user 0:
10-16 09:41:49.792 D/AutofillManagerServiceImpl( 522): Reset component for user 0:
10-16 09:41:49.792 D/FieldClassificationStrategy( 522): reset(): service is not bound. Do nothing.
10-16 09:41:49.793 D/AutofillUI( 522): destroySaveUiUiThread(): already destroyed
10-16 09:41:49.817 I/ActivityManager( 522): Process com.android.music (pid 1429) has died: vis IMPF
10-16 09:41:49.817 I/AvrcpBrowsedPlayerWrapper( 733): getFolderItems: Connected to browsable player: com.android.music
10-16 09:41:49.818 I/libprocessgroup( 522): Successfully killed process cgroup uid 10050 pid 1429 in 0ms
10-16 09:41:49.818 W/ActivityManager( 522): Scheduling restart of crashed service com.android.music/.MediaPlaybackService in 1000ms for connection
10-16 09:41:49.818 I/AvrcpBrowsedPlayerWrapper( 733): onConnectionSuspended: Connection Suspended with com.android.music
10-16 09:41:49.822 I/Zygote ( 244): Process 1429 exited due to signal 9 (Killed)
10-16 09:41:49.879 V/MediaPlayerList( 733): onActiveSessionsChanged: number of controllers: 0
10-16 09:41:49.886 I/ ( 432): DVI mode selected: packets not configured
10-16 09:41:49.886 I/ ( 432): Error: set vsif failed
10-16 09:41:49.898 I/ ( 432): DVI mode selected: packets not configured
10-16 09:41:49.898 I/ ( 432): Error: set vsif failed
10-16 09:41:49.912 I/ ( 432): DVI mode selected: packets not configured
10-16 09:41:49.912 I/ ( 432): Error: set vsif failed
10-16 09:41:49.917 I/PreBootBroadcaster( 522): Pre-boot of {com.android.providers.calendar/com.android.providers.calendar.CalendarUpgradeReceiver} for user 0
10-16 09:41:49.925 D/CompatibilityChangeReporter( 522): Compat change id reported: 135634846; UID 10028; state: DISABLED
10-16 09:41:49.925 D/CompatibilityChangeReporter( 522): Compat change id reported: 177438394; UID 10028; state: DISABLED
10-16 09:41:49.925 D/CompatibilityChangeReporter( 522): Compat change id reported: 135772972; UID 10028; state: DISABLED
10-16 09:41:49.925 D/CompatibilityChangeReporter( 522): Compat change id reported: 135754954; UID 10028; state: ENABLED
10-16 09:41:49.929 D/CompatibilityChangeReporter( 522): Compat change id reported: 143937733; UID 10028; state: ENABLED
10-16 09:41:49.929 I/ ( 432): DVI mode selected: packets not configured
10-16 09:41:49.929 I/ ( 432): Error: set vsif failed
10-16 09:41:49.945 I/ ( 432): DVI mode selected: packets not configured
10-16 09:41:49.945 I/ ( 432): Error: set vsif failed
10-16 09:41:49.947 D/Zygote ( 244): Forked child process 1587
10-16 09:41:49.950 I/ActivityManager( 522): app.processName = com.android.providers.calendar
10-16 09:41:49.950 I/ActivityManager( 522): Start proc 1587:com.android.providers.calendar/u0a28 for broadcast {com.android.providers.calendar/com.android.providers.calendar.CalendarUpgradeReceiver}
10-16 09:41:49.962 I/ ( 432): DVI mode selected: packets not configured
10-16 09:41:49.962 I/ ( 432): Error: set vsif failed
10-16 09:41:49.965 D/MediaProvider( 1276): Starting migration from legacy provider
10-16 09:41:49.965 W/StorageManagerService( 522): Reporting emulated;0 unmounted due to system locked
10-16 09:41:49.966 I/Zygote ( 1587): seccomp disabled by setenforce 0
10-16 09:41:49.970 D/CompatibilityChangeReporter( 522): Compat change id reported: 149924527; UID 10018; state: ENABLED
10-16 09:41:49.971 D/CompatibilityChangeReporter( 522): Compat change id reported: 132649864; UID 10018; state: DISABLED
10-16 09:41:49.979 I/ ( 432): DVI mode selected: packets not configured
10-16 09:41:49.979 I/ ( 432): Error: set vsif failed
10-16 09:41:49.995 I/ ( 432): DVI mode selected: packets not configured
10-16 09:41:49.995 I/ ( 432): Error: set vsif failed
10-16 09:41:49.992 V/MediaProvider( 1473): onConfigure() for external.db
10-16 09:41:49.998 V/MediaProvider( 1473): onCreate() for external.db
10-16 09:41:50.003 I/ProvidersCache( 1386): Provider returned no roots. Possibly naughty: com.android.providers.media.documents
10-16 09:41:50.004 I/adbd ( 381): jdwp connection from 1587
10-16 09:41:50.025 W/MediaProvider( 1473): No column annotation provided; not creating views
10-16 09:41:50.028 D/CompatibilityChangeReporter( 522): Compat change id reported: 168419799; UID 10028; state: DISABLED
10-16 09:41:50.042 D/CompatibilityChangeReporter( 522): Compat change id reported: 135634846; UID 10019; state: DISABLED
10-16 09:41:50.043 D/CompatibilityChangeReporter( 522): Compat change id reported: 177438394; UID 10019; state: DISABLED
10-16 09:41:50.043 D/CompatibilityChangeReporter( 522): Compat change id reported: 135772972; UID 10019; state: DISABLED
10-16 09:41:50.043 D/CompatibilityChangeReporter( 522): Compat change id reported: 135754954; UID 10019; state: ENABLED
10-16 09:41:50.044 D/CompatibilityChangeReporter( 522): Compat change id reported: 143937733; UID 10019; state: ENABLED
10-16 09:41:50.046 D/CompatibilityChangeReporter( 1587): Compat change id reported: 171979766; UID 10028; state: ENABLED
