10-16 09:47:47.183 I/hq ( 1777): 当小贝:::showMessage from=mActivityLifecycleCallbacks
10-16 09:47:47.183 I/hq ( 1777): 当小贝:::showMessage 新手引导不显示
10-16 09:47:47.190 I/awplayer( 355): : isPlaying
10-16 09:47:47.190 I/awplayer( 355): : isPlaying
10-16 09:47:47.191 I/awplayer( 355): : isPlaying
10-16 09:47:47.191 E/martin ( 1777): onResume isState=0
10-16 09:47:47.196 D/NsdService( 522): unregister service
10-16 09:47:47.196 D/NsdService( 522): mdnssd [stop-register, 4]
10-16 09:47:47.197 W/netd ( 243): dnssd_clientstub DNSServiceProcessResult called with NULL DNSServiceRef
10-16 09:47:47.198 D/NsdService( 522): unregister service
10-16 09:47:47.198 D/NsdService( 522): mdnssd [stop-register, 3]
10-16 09:47:47.199 W/netd ( 243): dnssd_clientstub DNSServiceProcessResult called with NULL DNSServiceRef
10-16 09:47:47.200 D/NsdService( 522): unregister service
10-16 09:47:47.200 D/NsdService( 522): mdnssd [stop-register, 2]
10-16 09:47:47.201 W/netd ( 243): dnssd_clientstub DNSServiceProcessResult called with NULL DNSServiceRef
10-16 09:47:47.204 W/System.err( 2146): java.net.SocketException: Socket closed
10-16 09:47:47.208 W/System.err( 2146): at java.net.PlainSocketImpl.socketAccept(PlainSocketImpl.java:213)
10-16 09:47:47.208 W/System.err( 2146): at java.net.AbstractPlainSocketImpl.accept(AbstractPlainSocketImpl.java:451)
10-16 09:47:47.208 W/System.err( 2146): at java.net.ServerSocket.implAccept(ServerSocket.java:547)
10-16 09:47:47.208 W/System.err( 2146): at java.net.ServerSocket.accept(ServerSocket.java:515)
10-16 09:47:47.208 W/System.err( 2146): at b.f.f.t.f.run(Unknown Source:40)
10-16 09:47:47.208 W/System.err( 2146): at java.lang.Thread.run(Thread.java:920)
10-16 09:47:47.211 W/InputManager-JNI( 522): Input channel object 'c733ebf Toast (client)' was disposed without first being removed with the input manager!
10-16 09:47:47.213 E/StartupService( 2146): showToast: app is background
10-16 09:47:47.214 W/IorapForwardingService( 522): No service published for: iorapd
10-16 09:47:47.219 D/HiSight-SinkService( 2146): setDiscoverable true
10-16 09:47:47.219 D/HiSight-Discovery( 2146): set deviceInfo type:46
10-16 09:47:47.219 D/HiSight-Discovery( 2146): startAdvertise 3
10-16 09:47:47.219 D/HiSight-Discovery( 2146): stopAdvertise.
10-16 09:47:47.219 D/NearFieldManager( 2146): StopListen moduleId: CastPlusDiscoveryModule
10-16 09:47:47.220 D/NearFieldManagerImpl( 2723): stopListen: moduleId: CastPlusDiscoveryModule
10-16 09:47:47.220 D/NearFieldManagerImpl( 2723): registerCapability() called with: capabilityBitmapNum = 1, capabilityBitmap = [0]
10-16 09:47:47.220 I/HicomNf_java_to_c( 2723): registerCapability, capabilityBitmapNum: 1
10-16 09:47:47.220 I/HicomNfMainCtrlManager( 2723): RegisterCapability: 1, 0
10-16 09:47:47.220 D/NearFieldManagerImpl( 2723): Register capability succeed with capabilityBitmapNum = 1, capabilityBitmap = [0]
10-16 09:47:47.223 D/HiSight-Discovery( 2146): nearFieldStartListen deviceType 46
10-16 09:47:47.225 D/NearFieldManagerImpl( 2723): setServiceData, sServiceData=[32], serviceData=[32]
10-16 09:47:47.225 E/NearFieldManagerImpl( 2723): setServiceData, serviceData exists
10-16 09:47:47.225 E/NearFieldManager( 2146): setIdnNetworkPriority: networkPortPriority is empty
10-16 09:47:47.225 D/NearFieldManager( 2146): StartListen moduleId: CastPlusDiscoveryModule
10-16 09:47:47.226 D/NearFieldManagerImpl( 2723): startListen: moduleId: CastPlusDiscoveryModule
10-16 09:47:47.226 D/NearFieldUtils( 2723): getPreferredIpAddress exec
10-16 09:47:47.226 D/NearFieldUtils( 2723): getPreferredIpAddress by custom priority
10-16 09:47:47.226 D/NearFieldUtils( 2723): getIpByInterfaceSetting customIdnNetworkPriority:[]
10-16 09:47:47.226 D/NearFieldUtils( 2723): getPreferredIpAddress by default priority
10-16 09:47:47.231 W/NotificationService( 522): Toast already killed. pkg=com.dangbei.hqguide token=android.os.BinderProxy@dbda198
10-16 09:47:47.240 W/UpnpServiceImpl( 2146): >>> Shutting down UPnP service...
10-16 09:47:47.241 W/Router ( 2146): disable lock:org.fourthline.cling.android.AndroidRouter@622568a_java.util.concurrent.locks.ReentrantReadWriteLock$WriteLock@bb914fb[Unlocked]
10-16 09:47:47.241 W/Router ( 2146): disable unlock:org.fourthline.cling.android.AndroidRouter@622568a
10-16 09:47:47.249 W/UpnpServiceImpl( 2146): <<< UPnP service shutdown completed
10-16 09:47:47.255 I/hq ( 1777): hq:::curl -X POST -H "Content-Type:application/x-www-form-urlencoded" -d 'nothings=pzcJgKapKRo%3D&rommodelnumber=40I2XonQAUU%3D&cpuserial=PlZpqfc1JpxOOZ0anAV38AcloAYinsDQ&pattern=4Beei9NZNdo%3D&rommodel=Pqlpla5YRarwmFg%2B5VG%2FRQ%3D%3D&sn=ia%2FaFKiHtUJ1u58Y9p9KPj1X0TLoj2r4&lang=vT%2FCsDI%2Fr10%3D&brand=elfd%2FN0Mw6U%3D&theme=L%2B%2FPU%2FFQgEY%3D&vcode=o%2BppAkqptlQ%3D&vname=oql4Ml1tHJc%3D&license=Hs4jp68qr9I%3D&channel=TIQ8TWTDuwcufJjk0AcBhA%3D%3D&packagename=qzBdBNULiCmiu3CIMurjL7PIryC36aZ2YdCJzQtyjcQ%3D&romvercode=LElfY4n9b%2B8%3D&romvername=DKxT5CPc%2FX8%3D&network=4Beei9NZNdo%3D&deviceEid=15kCayeHBjDzwhuc7uqAYhZuA10W9o6roKk6qg40gc%2BTdvC0EjQY3A%3D%3D&mac=iP4TVZLko9XYBFJ3BlZQaifIGwHlhPtk&userid=pctYUOG3RH0%3D' "https://ottdbui-tyapiqun7.yysh.mgtv.com/v1/mg/auth"
10-16 09:47:47.267 I/efs.base( 2146): lt=event`ev_ct=efs_core`ev_ac=log_lag`tm=2025-10-16 09:47:26`dn=24ddd0c8-7370-405a-b4f4-97ed473316be`ps=com.dangbei.screencast`um_os=android`stime=1760578915063`pid=2146`fr=android`pkg=com.dangbei.screencast`vcode=20830`dsp_w=1920`uid=24ddd0c8-7370-405a-b4f4-97ed473316be`rom=12`wid=24ddd0c8-7370-405a-b4f4-97ed473316be`um_app_carrier=`um_access=unknow`um_app_channel=os`um_crash_sdk_version=1.4.0`ctime=1760579267`model=dbbox-a2`lang=zh`net=wifi`brand=dangbei`dsp_h=1080`um_network_type=0`ver=v2.8.3`cnt=2`build_model=DBBOX-A2`w_tm=1760579267`appid=5fc60c21094d637f3130af19`um_umid_header=ai38d6d6eca9cd43edd1d32eaf33946135`sdk=31`tzone=Asia/Shanghai`sdk_ver=1.3.6.umeng
10-16 09:47:47.284 E/martin ( 1777): 准备完毕 true
10-16 09:47:47.285 W/System.err( 1777): java.lang.IllegalArgumentException: The surface has been released
10-16 09:47:47.287 W/System.err( 1777): at android.media.MediaPlayer._setVideoSurface(Native Method)
10-16 09:47:47.287 W/System.err( 1777): at android.media.MediaPlayer.setDisplay(MediaPlayer.java:784)
10-16 09:47:47.287 W/System.err( 1777): at com.dangbei.launcher.home.callback.view.WelcomeView.play$lambda$17$lambda$14(SourceFile:69)
10-16 09:47:47.288 W/System.err( 1777): at com.dangbei.launcher.home.callback.view.WelcomeView.d(Unknown Source:0)
10-16 09:47:47.288 W/System.err( 1777): at a8.a.onPrepared(Unknown Source:4)
10-16 09:47:47.288 W/System.err( 1777): at android.media.MediaPlayer$EventHandler.handleMessage(MediaPlayer.java:3567)
10-16 09:47:47.288 W/System.err( 1777): at android.os.Handler.dispatchMessage(Handler.java:106)
10-16 09:47:47.288 W/System.err( 1777): at android.os.Looper.loopOnce(Looper.java:201)
10-16 09:47:47.288 W/System.err( 1777): at android.os.Looper.loop(Looper.java:288)
10-16 09:47:47.288 W/System.err( 1777): at android.app.ActivityThread.main(ActivityThread.java:7854)
10-16 09:47:47.288 W/System.err( 1777): at java.lang.reflect.Method.invoke(Native Method)
10-16 09:47:47.288 W/System.err( 1777): at com.android.internal.os.RuntimeInit$MethodAndArgsCaller.run(RuntimeInit.java:548)
10-16 09:47:47.288 W/System.err( 1777): at com.android.internal.os.ZygoteInit.main(ZygoteInit.java:1182)
10-16 09:47:47.288 E/martin ( 1777): setDisplay 异常
10-16 09:47:47.300 D/MediaRouter( 522): onRestoreRoute() : route=RouteInfo{ name=手机, description=null, status=null, category=RouteCategory{ name=系统 types=ROUTE_TYPE_LIVE_AUDIO ROUTE_TYPE_LIVE_VIDEO groupable=false }, supportedTypes=ROUTE_TYPE_LIVE_AUDIO ROUTE_TYPE_LIVE_VIDEO , presentationDisplay=null }
10-16 09:47:47.301 W/ZramWriteback( 522): Writeback device is not set
10-16 09:47:47.301 D/ZramWriteback( 522): wait to flush
10-16 09:47:47.303 V/MediaRouter( 522): Selecting route: RouteInfo{ name=手机, description=null, status=null, category=RouteCategory{ name=系统 types=ROUTE_TYPE_LIVE_AUDIO ROUTE_TYPE_LIVE_VIDEO groupable=false }, supportedTypes=ROUTE_TYPE_LIVE_AUDIO ROUTE_TYPE_LIVE_VIDEO , presentationDisplay=null }
10-16 09:47:47.306 I/hq ( 1777): hq:::tag=requestMangoAuth 请求结果={"code":0,"data":{"auth":1,"mac":"2002FE19FAEC"},"message":"设备认证通过"}
10-16 09:47:47.314 I/cedarc ( 355): : Video Stream Information:
10-16 09:47:47.314 I/cedarc ( 355): : codec = H264
10-16 09:47:47.314 I/cedarc ( 355): : width = 1920 pixels
10-16 09:47:47.314 I/cedarc ( 355): : height = 1080 pixels
10-16 09:47:47.314 I/cedarc ( 355): : frame rate = 25000
10-16 09:47:47.314 I/cedarc ( 355): : frame duration = 0 us
10-16 09:47:47.314 I/cedarc ( 355): : aspect ratio = 0
10-16 09:47:47.314 I/cedarc ( 355): : is 3D stream = no
10-16 09:47:47.315 W/awplayer( 355): : lc is NULL
10-16 09:47:47.322 D/CompatibilityChangeReporter( 522): Compat change id reported: 158002302; UID 1000; state: ENABLED
10-16 09:47:47.335 D/SurfaceUtils( 355): connecting to surface 0xe7fd3808, reason setVideoSurfaceTexture
10-16 09:47:47.345 I/cedarc ( 355): : Video Stream Information:
10-16 09:47:47.345 I/cedarc ( 355): : codec = H264
10-16 09:47:47.345 I/cedarc ( 355): : width = 1920 pixels
10-16 09:47:47.345 I/cedarc ( 355): : height = 1080 pixels
10-16 09:47:47.345 I/cedarc ( 355): : frame rate = 25000
10-16 09:47:47.345 I/cedarc ( 355): : frame duration = 0 us
10-16 09:47:47.345 I/cedarc ( 355): : aspect ratio = 0
10-16 09:47:47.345 I/cedarc ( 355): : is 3D stream = no
10-16 09:47:47.347 I/hwservicemanager( 182): getTransport: Cannot find entry android.hardware.configstore@1.0::ISurfaceFlingerConfigs/default in either framework or device VINTF manifest.
10-16 09:47:47.349 D/NearFieldUtils( 2723): to get wlan0 ip address
10-16 09:47:47.350 D/NearFieldUtils( 2723): get wlan0 IP succeed.
10-16 09:47:47.350 D/NearFieldManagerImpl( 2723): sDeviceType: 46
10-16 09:47:47.350 D/NearFieldManagerImpl( 2723): registerDevice() is called.
10-16 09:47:47.350 I/HicomNfMainCtrlManager( 2723): NSTACKX_RegisterDevice is called
10-16 09:47:47.350 I/nStackXDFinder( 2723): UpdateLocalNetworkInterface:[472] :UpdateLocalNetworkInterface exec,initerfaceName:wlan0
10-16 09:47:47.350 E/nStackXDFinder( 2723): GetLocalIp:[401] :GetLocalIp exec
10-16 09:47:47.350 I/nStackXDFinder( 2723): UpdateLocalNetworkInterface:[498] :UpdateLocalNetworkInterface copy ip value in default process
10-16 09:47:47.350 E/nStackXDFinder( 2723): GetLocalIp:[401] :GetLocalIp exec
10-16 09:47:47.350 I/nStackXDFinder( 2723): UpdateLocalNetworkInterface:[505] :UpdateLocalNetworkInterface: ip not change
10-16 09:47:47.350 D/NearFieldManagerImpl( 2723): Register device success.
10-16 09:47:47.350 I/NearFieldManagerImpl( 2723): serviceName is castPlus
10-16 09:47:47.351 D/NearFieldManagerImpl( 2723): registerCapability() called with: capabilityBitmapNum = 1, capabilityBitmap = [8]
10-16 09:47:47.351 I/HicomNf_java_to_c( 2723): registerCapability, capabilityBitmapNum: 1
10-16 09:47:47.351 I/HicomNfMainCtrlManager( 2723): RegisterCapability: 1, 8
10-16 09:47:47.351 D/NearFieldManagerImpl( 2723): Register capability succeed with capabilityBitmapNum = 1, capabilityBitmap = [8]
10-16 09:47:47.351 D/NearFieldManagerImpl( 2723): registerServiceData() called with: serviceData = 32
10-16 09:47:47.351 I/nStackXDFinder( 2723): RegisterServiceData:[728] :RegisterServiceData, serviceData=[32]
10-16 09:47:47.351 D/NearFieldManagerImpl( 2723): registerModule() called with: packageModuleName = com.huawei.connection+CastPlusDiscoveryModule
10-16 09:47:47.351 D/NearFieldManagerImpl( 2723): registerModule, registered before
10-16 09:47:47.351 I/HicomNf_java_to_c( 2723): registerModule, moduleName: com.huawei.connection+CastPlusDiscoveryModule
10-16 09:47:47.351 I/HicomNfMainCtrlManager( 2723): Enter RegisterModule
10-16 09:47:47.351 I/HicomNfRegManager( 2723): RegisterModule OK, already registered com.huawei.connection+CastPlusDiscoveryModule
10-16 09:47:47.355 W/AbstractChannel( 2146): Can't invoke task later as EventLoop rejected it
10-16 09:47:47.355 W/AbstractChannel( 2146): java.util.concurrent.RejectedExecutionException: event executor terminated
10-16 09:47:47.355 W/AbstractChannel( 2146): at io.netty.util.concurrent.SingleThreadEventExecutor.reject(Unknown Source:4)
10-16 09:47:47.355 W/AbstractChannel( 2146): at io.netty.util.concurrent.SingleThreadEventExecutor.offerTask(Unknown Source:6)
10-16 09:47:47.355 W/AbstractChannel( 2146): at io.netty.util.concurrent.SingleThreadEventExecutor.addTask(Unknown Source:5)
10-16 09:47:47.355 W/AbstractChannel( 2146): at io.netty.util.concurrent.SingleThreadEventExecutor.execute(Unknown Source:4)
10-16 09:47:47.355 W/AbstractChannel( 2146): at io.netty.util.concurrent.SingleThreadEventExecutor.execute(Unknown Source:18)
10-16 09:47:47.355 W/AbstractChannel( 2146): at io.netty.channel.AbstractChannel$AbstractUnsafe.invokeLater(Unknown Source:6)
10-16 09:47:47.355 W/AbstractChannel( 2146): at io.netty.channel.AbstractChannel$AbstractUnsafe.deregister(Unknown Source:24)
10-16 09:47:47.355 W/AbstractChannel( 2146): at io.netty.channel.AbstractChannel$AbstractUnsafe.fireChannelInactiveAndDeregister(Unknown Source:17)
10-16 09:47:47.355 W/AbstractChannel( 2146): at io.netty.channel.AbstractChannel$AbstractUnsafe.close(Unknown Source:112)
10-16 09:47:47.355 W/AbstractChannel( 2146): at io.netty.channel.AbstractChannel$AbstractUnsafe.close(Unknown Source:12)
10-16 09:47:47.355 W/AbstractChannel( 2146): at io.netty.channel.nio.NioEventLoop.closeAll(Unknown Source:86)
10-16 09:47:47.355 W/AbstractChannel( 2146): at io.netty.channel.nio.NioEventLoop.run(Unknown Source:202)
10-16 09:47:47.355 W/AbstractChannel( 2146): at io.netty.util.concurrent.SingleThreadEventExecutor$4.run(Unknown Source:41)
10-16 09:47:47.355 W/AbstractChannel( 2146): at io.netty.util.internal.ThreadExecutorMap$2.run(Unknown Source:8)
10-16 09:47:47.355 W/AbstractChannel( 2146): at io.netty.util.concurrent.FastThreadLocalRunnable.run(Unknown Source:2)
10-16 09:47:47.355 W/AbstractChannel( 2146): at java.lang.Thread.run(Thread.java:920)
10-16 09:47:47.358 I/hwservicemanager( 182): getTransport: Cannot find entry android.hardware.graphics.mapper@4.0::IMapper/default in either framework or device VINTF manifest.
10-16 09:47:47.359 I/Gralloc4( 1777): mapper 4.x is not supported
10-16 09:47:47.359 I/hwservicemanager( 182): getTransport: Cannot find entry android.hardware.graphics.mapper@3.0::IMapper/default in either framework or device VINTF manifest.
10-16 09:47:47.359 W/Gralloc3( 1777): mapper 3.x is not supported
10-16 09:47:47.363 E/raop ( 2146): httpd_stop running 1 joined 0
10-16 09:47:47.363 E/raop ( 2146): httpd_stop connection->socket_fd=0
10-16 09:47:47.363 E/raop ( 2146): httpd_stop connection->socket_fd=0
10-16 09:47:47.363 E/raop ( 2146): httpd_stop connection->socket_fd=0
10-16 09:47:47.363 E/raop ( 2146): httpd_stop connection->socket_fd=0
10-16 09:47:47.363 E/raop ( 2146): httpd_stop connection->socket_fd=0
10-16 09:47:47.363 E/raop ( 2146): httpd_stop connection->socket_fd=0
10-16 09:47:47.363 E/raop ( 2146): httpd_stop connection->socket_fd=0
10-16 09:47:47.363 E/raop ( 2146): httpd_stop connection->socket_fd=0
10-16 09:47:47.363 E/raop ( 2146): httpd_stop connection->socket_fd=0
10-16 09:47:47.363 E/raop ( 2146): httpd_stop connection->socket_fd=0
10-16 09:47:47.365 E/gralloc ( 1777): Arm Module v1.0
10-16 09:47:47.367 I/hwservicemanager( 182): getTransport: Cannot find entry android.hardware.graphics.allocator@4.0::IAllocator/default in either framework or device VINTF manifest.
10-16 09:47:47.368 W/Gralloc4( 1777): allocator 4.x is not supported
10-16 09:47:47.368 I/hwservicemanager( 182): getTransport: Cannot find entry android.hardware.graphics.allocator@3.0::IAllocator/default in either framework or device VINTF manifest.
10-16 09:47:47.368 W/Gralloc3( 1777): allocator 3.x is not supported
10-16 09:47:47.370 I/gralloc ( 257): alloc buffer:W:1920 H:1088 S:1920 PL[1920 1088] SZ:3133504 fmt:842094169 if:0 af:842094169 usg:410960 fg:00000004
10-16 09:47:47.371 E/ion ( 1777): ioctl c0044901 failed with code -1: Inappropriate ioctl for device
10-16 09:47:47.372 E/HuaweiCastService( 2146): onStartCommand in 0
10-16 09:47:47.378 E/HWComposer( 276): getSupportedContentTypes: getSupportedContentTypes failed for display 0: Unsupported (8)
10-16 09:47:47.379 I/WifiService( 522): acquireMulticastLock uid=10030
10-16 09:47:47.382 I/WM-WorkerWrapper( 2392): Worker result SUCCESS for Work [ id=2e97652d-662a-4c9e-bf02-a2afb0204ae8, tags={ com.android.statementservice.domain.worker.SingleV1RequestWorker } ]
10-16 09:47:47.385 I/hwservicemanager( 182): getTransport: Cannot find entry android.hardware.graphics.mapper@4.0::IMapper/default in either framework or device VINTF manifest.
10-16 09:47:47.387 I/WifiService( 522): acquireMulticastLock uid=10030
10-16 09:47:47.389 I/Gralloc4( 355): mapper 4.x is not supported
10-16 09:47:47.393 I/WM-WorkerWrapper( 2392): Setting status to enqueued for 67f7840a-180a-4151-b601-180ca747babc
10-16 09:47:47.395 I/gralloc ( 257): alloc buffer:W:1920 H:1080 S:1920 PL[1920 1080] SZ:8294400 fmt:1 if:0 af:1 usg:20000b00 fg:00000004
10-16 09:47:47.399 I/hwservicemanager( 182): getTransport: Cannot find entry android.hardware.graphics.mapper@3.0::IMapper/default in either framework or device VINTF manifest.
10-16 09:47:47.399 W/Gralloc3( 355): mapper 3.x is not supported
10-16 09:47:47.448 E/gralloc ( 355): Arm Module v1.0
10-16 09:47:47.455 E/ion ( 355): ioctl c0044901 failed with code -1: Inappropriate ioctl for device
10-16 09:47:47.493 W/[Gralloc-Warning]( 355): mali_gralloc_lock:288 Buffers with YUV compatible formats should be locked using GRALLOC1_FUNCTION_LOCK_FLEX. Requested format is:0x32315659
10-16 09:47:47.495 I/gralloc ( 257): alloc buffer:W:1920 H:1088 S:1920 PL[1920 1088] SZ:3133504 fmt:842094169 if:0 af:842094169 usg:410960 fg:00000004
10-16 09:47:47.499 W/[Gralloc-Warning]( 355): mali_gralloc_lock:288 Buffers with YUV compatible formats should be locked using GRALLOC1_FUNCTION_LOCK_FLEX. Requested format is:0x32315659
10-16 09:47:47.503 I/gralloc ( 257): alloc buffer:W:1920 H:1088 S:1920 PL[1920 1088] SZ:3133504 fmt:842094169 if:0 af:842094169 usg:410960 fg:00000004
10-16 09:47:47.505 W/[Gralloc-Warning]( 355): mali_gralloc_lock:288 Buffers with YUV compatible formats should be locked using GRALLOC1_FUNCTION_LOCK_FLEX. Requested format is:0x32315659
10-16 09:47:47.506 I/cedarc ( 355): : Video Stream Information:
10-16 09:47:47.507 I/cedarc ( 355): : codec = H264
10-16 09:47:47.507 I/cedarc ( 355): : width = 1920 pixels
10-16 09:47:47.507 I/cedarc ( 355): : height = 1080 pixels
10-16 09:47:47.507 I/cedarc ( 355): : frame rate = 25000
10-16 09:47:47.507 I/cedarc ( 355): : frame duration = 0 us
10-16 09:47:47.507 I/cedarc ( 355): : aspect ratio = 0
10-16 09:47:47.507 I/cedarc ( 355): : is 3D stream = no
10-16 09:47:47.509 I/gralloc ( 257): alloc buffer:W:1920 H:1088 S:1920 PL[1920 1088] SZ:3133504 fmt:842094169 if:0 af:842094169 usg:410960 fg:00000004
10-16 09:47:47.514 W/[Gralloc-Warning]( 355): mali_gralloc_lock:288 Buffers with YUV compatible formats should be locked using GRALLOC1_FUNCTION_LOCK_FLEX. Requested format is:0x32315659
10-16 09:47:47.518 I/gralloc ( 257): alloc buffer:W:1920 H:1088 S:1920 PL[1920 1088] SZ:3133504 fmt:842094169 if:0 af:842094169 usg:410960 fg:00000004
10-16 09:47:47.521 W/[Gralloc-Warning]( 355): mali_gralloc_lock:288 Buffers with YUV compatible formats should be locked using GRALLOC1_FUNCTION_LOCK_FLEX. Requested format is:0x32315659
10-16 09:47:47.525 I/gralloc ( 257): alloc buffer:W:1920 H:1088 S:1920 PL[1920 1088] SZ:3133504 fmt:842094169 if:0 af:842094169 usg:410960 fg:00000004
10-16 09:47:47.529 W/[Gralloc-Warning]( 355): mali_gralloc_lock:288 Buffers with YUV compatible formats should be locked using GRALLOC1_FUNCTION_LOCK_FLEX. Requested format is:0x32315659
10-16 09:47:47.533 I/gralloc ( 257): alloc buffer:W:1920 H:1088 S:1920 PL[1920 1088] SZ:3133504 fmt:842094169 if:0 af:842094169 usg:410960 fg:00000004
10-16 09:47:47.536 W/[Gralloc-Warning]( 355): mali_gralloc_lock:288 Buffers with YUV compatible formats should be locked using GRALLOC1_FUNCTION_LOCK_FLEX. Requested format is:0x32315659
10-16 09:47:47.539 I/gralloc ( 257): alloc buffer:W:1920 H:1088 S:1920 PL[1920 1088] SZ:3133504 fmt:842094169 if:0 af:842094169 usg:410960 fg:00000004
10-16 09:47:47.542 W/[Gralloc-Warning]( 355): mali_gralloc_lock:288 Buffers with YUV compatible formats should be locked using GRALLOC1_FUNCTION_LOCK_FLEX. Requested format is:0x32315659
10-16 09:47:47.545 I/efs.base( 2146): wa upload succ, HttpResponse {succ=true, code=200, data='暂不支持该服务', extra={req_url=https://errlog.umeng.com/api/crashsdk/logcollect}}
10-16 09:47:47.548 I/gralloc ( 257): alloc buffer:W:1920 H:1088 S:1920 PL[1920 1088] SZ:3133504 fmt:842094169 if:0 af:842094169 usg:410960 fg:00000004
10-16 09:47:47.552 W/[Gralloc-Warning]( 355): mali_gralloc_lock:288 Buffers with YUV compatible formats should be locked using GRALLOC1_FUNCTION_LOCK_FLEX. Requested format is:0x32315659
10-16 09:47:47.557 I/gralloc ( 257): alloc buffer:W:1920 H:1088 S:1920 PL[1920 1088] SZ:3133504 fmt:842094169 if:0 af:842094169 usg:410960 fg:00000004
10-16 09:47:47.563 I/efs.base( 2146): wa upload succ, HttpResponse {succ=true, code=200, data='暂不支持该服务', extra={req_url=https://errlog.umeng.com/api/crashsdk/logcollect}}
10-16 09:47:47.564 W/[Gralloc-Warning]( 355): mali_gralloc_lock:288 Buffers with YUV compatible formats should be locked using GRALLOC1_FUNCTION_LOCK_FLEX. Requested format is:0x32315659
10-16 09:47:47.570 I/gralloc ( 257): alloc buffer:W:1920 H:1088 S:1920 PL[1920 1088] SZ:3133504 fmt:842094169 if:0 af:842094169 usg:410960 fg:00000004
10-16 09:47:47.576 W/[Gralloc-Warning]( 355): mali_gralloc_lock:288 Buffers with YUV compatible formats should be locked using GRALLOC1_FUNCTION_LOCK_FLEX. Requested format is:0x32315659
10-16 09:47:47.583 I/gralloc ( 257): alloc buffer:W:1920 H:1088 S:1920 PL[1920 1088] SZ:3133504 fmt:842094169 if:0 af:842094169 usg:410960 fg:00000004
10-16 09:47:47.590 W/[Gralloc-Warning]( 355): mali_gralloc_lock:288 Buffers with YUV compatible formats should be locked using GRALLOC1_FUNCTION_LOCK_FLEX. Requested format is:0x32315659
10-16 09:47:47.597 I/gralloc ( 257): alloc buffer:W:1920 H:1088 S:1920 PL[1920 1088] SZ:3133504 fmt:842094169 if:0 af:842094169 usg:410960 fg:00000004
10-16 09:47:47.601 W/[Gralloc-Warning]( 355): mali_gralloc_lock:288 Buffers with YUV compatible formats should be locked using GRALLOC1_FUNCTION_LOCK_FLEX. Requested format is:0x32315659
10-16 09:47:47.608 I/gralloc ( 257): alloc buffer:W:1920 H:1088 S:1920 PL[1920 1088] SZ:3133504 fmt:842094169 if:0 af:842094169 usg:410960 fg:00000004
10-16 09:47:47.612 W/[Gralloc-Warning]( 355): mali_gralloc_lock:288 Buffers with YUV compatible formats should be locked using GRALLOC1_FUNCTION_LOCK_FLEX. Requested format is:0x32315659
10-16 09:47:47.613 I/awplayer( 355): : xxxxxxxxxx video size : width = 1920, height = 1080
10-16 09:47:47.614 W/MediaPlayerNative( 1777): info/warning (3, 0)
10-16 09:47:47.628 I/WindowManager( 522): Force finishing ActivityRecord{925044a u0 com.softwinner.provision/.DefaultActivity t7 f}}
10-16 09:47:47.628 W/ActivityTaskManager( 522): Duplicate finish request for r=ActivityRecord{925044a u0 com.softwinner.provision/.DefaultActivity t7 f}}
10-16 09:47:47.630 V/ActivityTaskManager( 522): mReseveprocess special = false
10-16 09:47:47.657 V/MediaPlayerList( 733): mPackageChangedBroadcastReceiver: action: android.intent.action.PACKAGE_CHANGED
10-16 09:47:47.657 D/MediaPlayerList( 733): Name of package changed: com.softwinner.provision
10-16 09:47:47.664 I/WM-WorkerWrapper( 2392): Worker result SUCCESS for Work [ id=67f7840a-180a-4151-b601-180ca747babc, tags={ com.android.statementservice.domain.worker.CollectV1Worker } ]
10-16 09:47:47.671 D/DeviceIdleController( 522): find package null
10-16 09:47:47.694 I/RoleService( 522): Granting default roles...
10-16 09:47:47.705 I/WindowManager( 522): Force finishing ActivityRecord{a4a88e5 u0 com.dangbei.hqguide/.main.MainActivity t6 f}}
10-16 09:47:47.705 W/ActivityTaskManager( 522): Duplicate finish request for r=ActivityRecord{a4a88e5 u0 com.dangbei.hqguide/.main.MainActivity t6 f}}
10-16 09:47:47.705 V/ActivityTaskManager( 522): mReseveprocess special = false
10-16 09:47:47.724 W/Searchables( 522): No global search activity found
10-16 09:47:47.728 W/SQLiteLog( 1777): (28) double-quoted string literal: "1760579267252"
10-16 09:47:47.728 W/SQLiteLog( 1777): (28) double-quoted string literal: ""
10-16 09:47:47.728 W/SQLiteLog( 1777): (28) double-quoted string literal: ""
10-16 09:47:47.728 W/SQLiteLog( 1777): (28) double-quoted string literal: ""
10-16 09:47:47.812 V/MediaPlayerList( 733): mPackageChangedBroadcastReceiver: action: android.intent.action.PACKAGE_CHANGED
10-16 09:47:47.812 D/MediaPlayerList( 733): Name of package changed: com.dangbei.hqguide
10-16 09:47:47.850 W/VoiceInteractionManager( 522): no available voice recognition services found for user 0
10-16 09:47:47.860 I/PermissionControllerServiceImpl( 768): Updating user sensitive for uid 10063
10-16 09:47:47.892 I/InputReader( 522): Reconfiguring input devices, changes=KEYBOARD_LAYOUTS |
10-16 09:47:47.892 W/Searchables( 522): No global search activity found
10-16 09:47:47.894 W/InputManager-JNI( 522): Input channel object '6cffd37 com.dangbei.hqguide/com.dangbei.hqguide.main.MainActivity (client)' was disposed without first being removed with the input manager!
10-16 09:47:47.909 W/Looper ( 522): Slow dispatch took 208ms main h=com.android.server.job.JobSchedulerService$JobHandler c=null m=1
10-16 09:47:47.910 W/Looper ( 522): Slow delivery took 217ms main h=android.os.Handler c=com.android.server.tv.TvRemoteProviderWatcher$2@de9c75b m=0
10-16 09:47:47.925 W/VoiceInteractionManager( 522): no available voice recognition services found for user 0
10-16 09:47:47.931 D/DeviceIdleController( 522): find package null
10-16 09:47:47.949 I/PermissionControllerServiceImpl( 768): Updating user sensitive for uid 10021
10-16 09:47:47.967 W/Looper ( 522): Drained
10-16 09:47:47.989 I/ActivityManager( 522): Killing 2391:com.android.traceur/u0a16 (adj 975): empty #17
10-16 09:47:48.026 W/Role ( 768): Cannot get ApplicationInfo for default holder: com.android.messaging
10-16 09:47:48.034 I/libprocessgroup( 522): Successfully killed process cgroup uid 10016 pid 2391 in 44ms
10-16 09:47:48.047 I/InputReader( 522): Reconfiguring input devices, changes=KEYBOARD_LAYOUTS |
10-16 09:47:48.047 D/TvPipController( 748): onTaskStackChanged()
10-16 09:47:48.068 I/Zygote ( 244): Process 2391 exited due to signal 9 (Killed)
10-16 09:47:48.084 W/eventbuscore( 1777): post Event:com.dangbei.leard.base.proider.mango.MangoAutoStatus
10-16 09:47:48.088 W/Role ( 768): Cannot get ApplicationInfo for default holder: com.android.contacts
10-16 09:47:48.090 D/OsInitLaunch( 1777): send: mangoAuth, null, AUTH_SUCCEED, null
10-16 09:47:48.092 I/Choreographer( 1777): Skipped 46 frames! The application may be doing too much work on its main thread.
10-16 09:47:48.097 E/ActivityRecord( 522): real home.....com.dangbei.leard.leradlauncher/com.dangbei.launcher.home.LauncherActivity
10-16 09:47:48.097 E/+++ActivityRecord( 522): pre led_switch = 1
10-16 09:47:48.105 I/init ( 1): processing action (vendor.led_switch=*) from (/vendor/etc/init/hw/init.oranth.rc:149)
10-16 09:47:48.106 I/init ( 1): starting service 'exec 20 (/vendor/bin/led_switch.sh 1)'...
10-16 09:47:48.104 I/init ( 6540): type=1400 audit(0.0:2582): avc: denied { execute } for name="led_switch.sh" dev="dm-1" ino=129 scontext=u:r:init:s0 tcontext=u:object_r:vendor_file:s0 tclass=file permissive=1
10-16 09:47:48.104 I/init ( 6540): type=1400 audit(0.0:2583): avc: denied { execute_no_trans } for path="/vendor/bin/led_switch.sh" dev="dm-1" ino=129 scontext=u:r:init:s0 tcontext=u:object_r:vendor_file:s0 tclass=file permissive=1
10-16 09:47:48.108 I/android.anim( 6539): type=1400 audit(0.0:2584): avc: denied { execute } for name="preinstall.sh" dev="dm-0" ino=1155 scontext=u:r:system_server:s0 tcontext=u:object_r:preinstall_exec:s0 tclass=file permissive=1
10-16 09:47:48.108 I/android.anim( 6539): type=1400 audit(0.0:2585): avc: denied { read open } for path="/system/bin/preinstall.sh" dev="dm-0" ino=1155 scontext=u:r:system_server:s0 tcontext=u:object_r:preinstall_exec:s0 tclass=file permissive=1
10-16 09:47:48.113 I/init ( 1): SVC_EXEC service 'exec 20 (/vendor/bin/led_switch.sh 1)' pid 6540 (uid 0 gid 0+0 context default) started; waiting...
10-16 09:47:48.112 I/android.anim( 6539): type=1400 audit(0.0:2586): avc: denied { execute_no_trans } for path="/system/bin/preinstall.sh" dev="dm-0" ino=1155 scontext=u:r:system_server:s0 tcontext=u:object_r:preinstall_exec:s0 tclass=file permissive=1
10-16 09:47:48.119 I/gralloc ( 257): alloc buffer:W:1920 H:1080 S:1920 PL[1920 1080] SZ:8294400 fmt:1 if:0 af:1 usg:20000b00 fg:00000004
10-16 09:47:48.125 W/audit ( 6539): audit_lost=1982 audit_rate_limit=5 audit_backlog_limit=64
10-16 09:47:48.125 E/audit ( 6539): rate limit exceeded
10-16 09:47:48.124 I/awplayer( 355): : isPlaying
10-16 09:47:48.131 W/Role ( 768): Cannot get ApplicationInfo for default holder: com.android.gallery3d
10-16 09:47:48.143 I/WindowManager( 522): ******* TELLING SURFACE FLINGER WE ARE BOOTED!
10-16 09:47:48.144 E/SurfaceFlinger( 276): Extra call to bootFinished
10-16 09:47:48.163 I/AW_PowerHAL( 261): Power setMode: SUSTAINED_PERFORMANCE to: 0
10-16 09:47:48.163 I/AW_PowerHAL( 261): BootCompleted
10-16 09:47:48.165 I/AW_PowerHAL( 261): cur-mode:SCHEDUTIL-Home
10-16 09:47:48.184 I/init ( 1): Sending signal 9 to service 'rainbow_flow' (pid 6204) process group...
10-16 09:47:48.190 I/libprocessgroup( 1): Successfully killed process cgroup uid 0 pid 6204 in 5ms
10-16 09:47:48.191 I/init ( 1): Control message: Processed ctl.stop for 'rainbow_flow' from pid: 6543 (stop rainbow_flow voice breathe flow_led net_disconnect)
10-16 09:47:48.192 I/init ( 1): Service 'rainbow_flow' (pid 6204) received signal 9 oneshot service took 6.473000 seconds in background
10-16 09:47:48.197 I/init ( 1): Control message: Processed ctl.stop for 'voice' from pid: 6543 (stop rainbow_flow voice breathe flow_led net_disconnect)
10-16 09:47:48.199 I/init ( 1): Control message: Processed ctl.stop for 'breathe' from pid: 6543 (stop rainbow_flow voice breathe flow_led net_disconnect)
10-16 09:47:48.200 I/init ( 1): Control message: Processed ctl.stop for 'flow_led' from pid: 6543 (stop rainbow_flow voice breathe flow_led net_disconnect)
10-16 09:47:48.222 D/audio_hw_primary( 249): out_standby
10-16 09:47:48.222 W/IorapForwardingService( 522): No service published for: iorapd
10-16 09:47:48.240 I/ActivityTaskManager( 522): +++Displayed com.dangbei.leard.leradlauncher/com.dangbei.launcher.home.LauncherActivity: +1s282ms
10-16 09:47:48.259 W/sunxihwc( 258): computeLayerMemoryFootprint: Unknown pixelformat(-1)
10-16 09:47:48.267 I/DefaultIMS( 3205): onStartInput attribute=android.view.inputmethod.EditorInfo@5282a66 restarting=false inputType: 0
10-16 09:47:48.275 D/aaa ( 1965): LedStatusService onStartCommand begin
10-16 09:47:48.293 D/UMLog ( 1777): 当前发送策略为:启动时发送。详见链接 https://developer.umeng.com/docs/66632/detail/66976?um_channel=sdk
10-16 09:47:48.295 E/raop ( 2146): httpd_stop running 0 joined 1
10-16 09:47:48.298 D/aaa ( 1965): topPkg is -------------- :com.dangbei.leard.leradlauncher
10-16 09:47:48.316 D/aaa ( 1965): WiFi is connect
10-16 09:47:48.497 W/Role ( 768): Cannot get ApplicationInfo for default holder: com.android.dialer
10-16 09:47:48.512 I/Role ( 768): com.dangbei.hqguide not qualified for android.app.role.HOME due to missing RequiredComponent{mIntentFilterData=IntentFilterData{mAction='android.intent.action.MAIN', mCategories='[android.intent.category.HOME]', mDataScheme='null', mDataType='null'}, mPermission='null'}
10-16 09:47:48.513 I/hq ( 1777): hq:::curl -X POST -H "Content-Type:application/x-www-form-urlencoded" -d 'nothing=pzcJgKapKRo%3D&rommodelnumber=40I2XonQAUU%3D&cpuserial=PlZpqfc1JpxOOZ0anAV38AcloAYinsDQ&pattern=4Beei9NZNdo%3D&rommodel=Pqlpla5YRarwmFg%2B5VG%2FRQ%3D%3D&sn=ia%2FaFKiHtUJ1u58Y9p9KPj1X0TLoj2r4&lang=vT%2FCsDI%2Fr10%3D&brand=elfd%2FN0Mw6U%3D&theme=L%2B%2FPU%2FFQgEY%3D&vcode=o%2BppAkqptlQ%3D&vname=oql4Ml1tHJc%3D&license=Hs4jp68qr9I%3D&channel=TIQ8TWTDuwcufJjk0AcBhA%3D%3D&packagename=qzBdBNULiCmiu3CIMurjL7PIryC36aZ2YdCJzQtyjcQ%3D&romvercode=LElfY4n9b%2B8%3D&romvername=DKxT5CPc%2FX8%3D&network=4Beei9NZNdo%3D&deviceEid=15kCayeHBjDzwhuc7uqAYhZuA10W9o6roKk6qg40gc%2BTdvC0EjQY3A%3D%3D&mac=iP4TVZLko9XYBFJ3BlZQaifIGwHlhPtk&userid=pctYUOG3RH0%3D' "https://ottdbui-tyapiqun7.yysh.mgtv.com/v1/boot/agreement"
10-16 09:47:48.513 I/RoleControllerServiceImpl( 768): Removing package that no longer qualifies for the role, package: com.dangbei.hqguide, role: android.app.role.HOME
10-16 09:47:48.615 I/Process ( 976): Sending signal. PID: 976 SIG: 9
10-16 09:47:48.657 I/RoleControllerServiceImpl( 768): Adding package as default/fallback role holder, package: com.dangbei.leard.leradlauncher, role: android.app.role.HOME
10-16 09:47:48.690 I/hq ( 1777): hq:::tag=requestUserAgreement 请求结果={"code":0,"data":{"brief-btn-text":"《当贝OS用户协议》、《当贝OS隐私政策》 、《当贝OS儿童隐私政策》","brief-content":"\n\n\n \n \n \n 用户协议\n \n\n\n
\n
        · 请充分阅读并理解《当贝OS用户协议》、《当贝OS隐私政策》 、《当贝OS儿童隐私政策》,\n 您可借此了解我们收集、使用、存储和共享您个人信息的情况,以及您所享有的相关权利。
\n
        · 我们会收集设备信息、日志信息,用于信息推送和安全风控,及与我们的必要合作方共同向您提供特定功能和服务。
\n
        · 我们会按照《当贝OS隐私政策》、《当贝OS儿童隐私政策》 各项约定收集、使用、存储、保护、共享您的个人信息。
\n
\n\n","content-url":"http://dbosh5.qun7.com/v1/boot/agreement_content","version":20210615},"message":"success"}
10-16 09:47:48.694 E/UserProtocolInterceptorImpl( 1777): doNetWork: -1 20210615
10-16 09:47:48.718 E/Trigger ( 1777): ContinuousTrigger register 0: UserProtocolActivity 队列name: launcer
10-16 09:47:48.719 E/Trigger ( 1777): comparePriorities : WelcomeCallback proority:30 队列name: launcer
10-16 09:47:48.725 E/hq ( 1777): router:::startLauncher: JumpConfig{type=0, link='db://protocol', param=null, limitVipId=null, appInfo=null}
10-16 09:47:48.749 I/RoleService( 522): Granting default roles...
10-16 09:47:48.749 D/TheRouter::Navigator::navigationFragment( 1777): begin navigate db://protocol
10-16 09:47:48.749 D/TheRouter::Navigator::navigationFragment( 1777): path replace to db://protocol
10-16 09:47:48.755 D/TheRouter::Navigator::navigationFragment( 1777): match route RouteItem(path='db://protocol', className='com.dangbei.leard.base.proider.windows.user_protocol.UserProtocolActivity', action='', description='', extras=Bundle[{data=com.dangbei.leard.base.entity.currency.UserProtocolEntity@fa07d7c}])
10-16 09:47:48.756 D/TheRouter::Navigator::navigationFragment( 1777): route replace to RouteItem(path='db://protocol', className='com.dangbei.leard.base.proider.windows.user_protocol.UserProtocolActivity', action='', description='', extras=Bundle[{data=com.dangbei.leard.base.entity.currency.UserProtocolEntity@fa07d7c}])
10-16 09:47:48.775 I/fragmentlink( 1777): fragmentPaths onLost
10-16 09:47:48.776 E/ActivityLinkRouter( 1777): startDefault: path=db://protocol
10-16 09:47:48.777 D/TheRouter::Navigator::navigation( 1777): begin navigate db://protocol
10-16 09:47:48.777 D/TheRouter::Navigator::navigation( 1777): db://protocol replace to db://protocol
10-16 09:47:48.777 D/TheRouter::Navigator::navigation( 1777): match route RouteItem(path='db://protocol', className='com.dangbei.leard.base.proider.windows.user_protocol.UserProtocolActivity', action='', description='', extras=Bundle[{data=com.dangbei.leard.base.entity.currency.UserProtocolEntity@fa07d7c}])
10-16 09:47:48.778 D/TheRouter::Navigator::navigation( 1777): NavigationCallback on found
10-16 09:47:48.778 E/ActivityLinkRouter( 1777): onFound: path:db://protocol
10-16 09:47:48.779 I/MLoginRouterInterceptor( 1777): 登录拦截器 process: db://protocol
10-16 09:47:48.821 D/TheRouter::Navigator::navigation( 1777): startActivity com.dangbei.leard.base.proider.windows.user_protocol.UserProtocolActivity
10-16 09:47:48.836 W/ContextImpl( 1777): Calling a method in the system process without a qualified user: android.app.ContextImpl.startActivity:1067 android.content.ContextWrapper.startActivity:433 com.monster.therouter.router.Navigator$navigation$callback111$1.invoke:30 com.monster.therouter.router.Navigator$navigation$callback111$1.invoke:1 com.monster.therouter.router.NavigatorKt$setRouterInterceptor$1$1.onContinue:7
10-16 09:47:48.885 I/ActivityManager( 522): Process com.dangbei.hqguide (pid 976) has died: cch+5 CEM
10-16 09:47:48.890 I/libprocessgroup( 522): Successfully killed process cgroup uid 10021 pid 976 in 0ms
10-16 09:47:48.910 I/ActivityStarter( 522): ---START u0 {flg=0x10000000 cmp=com.dangbei.leard.leradlauncher/com.dangbei.leard.base.proider.windows.user_protocol.UserProtocolActivity (has extras)} from uid 1000
10-16 09:47:48.919 W/ActivityTaskManager( 522): Can't find TaskDisplayArea to determine support for multi window. Task id=9 attached=false
10-16 09:47:48.939 I/AW_PowerHAL( 261): Power setMode: LAUNCH to: 1
10-16 09:47:48.946 V/SplashScreenExceptionList( 522): SplashScreen checking exception for package com.dangbei.leard.leradlauncher (target sdk:28) -> false
10-16 09:47:48.950 I/Zygote ( 244): Process 976 exited due to signal 9 (Killed)
10-16 09:47:48.963 I/awplayer( 355): : isPlaying
10-16 09:47:48.963 E/martin ( 1777): 暂停播放
10-16 09:47:48.970 I/AW_PowerHAL( 261): cur-mode:LAUNCH
10-16 09:47:48.976 W/Role ( 768): Cannot get ApplicationInfo for default holder: com.android.messaging
10-16 09:47:48.982 W/Role ( 768): Cannot get ApplicationInfo for default holder: com.android.contacts
10-16 09:47:48.990 W/Role ( 768): Cannot get ApplicationInfo for default holder: com.android.gallery3d
10-16 09:47:49.026 W/SQLiteLog( 1777): (28) double-quoted string literal: "E5E614DDDC41DB585CDE2533D7B4E86A"
10-16 09:47:49.029 E/BufferQueueProducer( 1777): [SurfaceView[com.dangbei.leard.leradlauncher/com.dangbei.launcher.home.LauncherActivity]#1(BLAST Consumer)1](id:6f100000001,api:3,p:355,c:1777) connect: already connected (cur=3 req=3)
10-16 09:47:49.044 I/cedarc ( 355): : DestroyVideoDecoder, pDecoder=0xe7fc2380
10-16 09:47:49.066 I/cedarc ( 355): : not malloc locks
10-16 09:47:49.072 D/ ( 6466): disable_cedar_hw_clk,546
10-16 09:47:49.080 W/ActivityTaskManager( 522): Tried to set launchTime (0) < mLastActivityLaunchTime (389774)
10-16 09:47:49.080 D/AW_CODE ( 522): rotation =0
10-16 09:47:49.082 W/Role ( 768): Cannot get ApplicationInfo for default holder: com.android.dialer
10-16 09:47:49.084 I/system_server( 522): Background young concurrent copying GC freed 85520(4671KB) AllocSpace objects, 54(2576KB) LOS objects, 34% free, 11MB/17MB, paused 7.247ms total 447.848ms
10-16 09:47:49.105 I/BpBinder( 276): onLastStrongRef automatically unlinking death recipients:
10-16 09:47:49.190 D/TvPipController( 748): onTaskStackChanged()
10-16 09:47:49.223 W/IorapForwardingService( 522): No service published for: iorapd
10-16 09:47:49.235 I/cr_LibraryLoader( 1777): Loaded native library version number "91.0.4472.114"
10-16 09:47:49.246 I/cr_CachingUmaRecorder( 1777): Flushed 9 samples from 9 histograms.
10-16 09:47:49.252 I/System.out( 1777): true
10-16 09:47:49.255 W/SQLiteLog( 1777): (28) double-quoted string literal: "E5E614DDDC41DB585CDE2533D7B4E86A"
10-16 09:47:49.274 W/SQLiteLog( 1777): (28) double-quoted string literal: "E5E614DDDC41DB585CDE2533D7B4E86A"
10-16 09:47:49.274 W/SQLiteLog( 1777): (28) double-quoted string literal: ""
10-16 09:47:49.275 W/SQLiteLog( 1777): (28) double-quoted string literal: "E5E614DDDC41DB585CDE2533D7B4E86A"
10-16 09:47:49.275 W/SQLiteLog( 1777): (28) double-quoted string literal: "-1"
10-16 09:47:49.284 I/BLEAudioDrive_HV410( 249): select timeout!
10-16 09:47:49.285 D/UMLog ( 1777): 当前发送策略为:启动时发送。详见链接 https://developer.umeng.com/docs/66632/detail/66976?um_channel=sdk
10-16 09:47:49.286 D/MobclickAgent( 1777): Report policy : ReportAtLaunch
10-16 09:47:49.287 D/UMLog ( 1777): 当前发送策略为:启动时发送。详见链接 https://developer.umeng.com/docs/66632/detail/66976?um_channel=sdk
10-16 09:47:49.293 W/ContextImpl( 1777): Calling a method in the system process without a qualified user: android.app.ContextImpl.bindIsolatedService:1909 android.content.ContextWrapper.bindIsolatedService:822 android.content.ContextWrapper.bindIsolatedService:822 X3.a:1 od.b:2
10-16 09:47:49.300 D/CompatibilityChangeReporter( 522): Compat change id reported: 135634846; UID 1000; state: DISABLED
10-16 09:47:49.301 D/CompatibilityChangeReporter( 522): Compat change id reported: 143937733; UID 1000; state: ENABLED
10-16 09:47:49.302 W/ContextImpl( 1777): Calling a method in the system process without a qualified user: android.app.ContextImpl.bindIsolatedService:1909 android.content.ContextWrapper.bindIsolatedService:822 android.content.ContextWrapper.bindIsolatedService:822 X3.a:1 od.b:2
10-16 09:47:49.329 D/Zygote ( 895): Forked child process 6607
10-16 09:47:49.334 I/Zygote ( 6607): seccomp disabled by setenforce 0
10-16 09:47:49.338 I/ActivityManager( 522): app.processName = com.android.webview:sandboxed_process0:org.chromium.content.app.SandboxedProcessService0:0
10-16 09:47:49.338 I/ActivityManager( 522): Start proc 6607:com.android.webview:sandboxed_process0:org.chromium.content.app.SandboxedProcessService0:0/u0ai9000 for {com.dangbei.leard.leradlauncher/org.chromium.content.app.SandboxedProcessService0:0}
10-16 09:47:49.340 I/rainbow_flow( 6550): type=1400 audit(0.0:2604): avc: denied { ioctl } for path="/dev/spidev1.0" dev="tmpfs" ino=1337 ioctlcmd=0x6b00 scontext=u:r:init:s0 tcontext=u:object_r:device:s0 tclass=chr_file permissive=1
10-16 09:47:49.353 I/adbd ( 381): jdwp connection from 6607
10-16 09:47:49.376 I/preinstall.sh( 6624): type=1400 audit(0.0:2605): avc: denied { execute } for name="sh" dev="dm-0" ino=1202 scontext=u:r:system_server:s0 tcontext=u:object_r:shell_exec:s0 tclass=file permissive=1
10-16 09:47:49.376 I/preinstall.sh( 6624): type=1400 audit(0.0:2606): avc: denied { read open } for path="/system/bin/sh" dev="dm-0" ino=1202 scontext=u:r:system_server:s0 tcontext=u:object_r:shell_exec:s0 tclass=file permissive=1
10-16 09:47:49.380 I/pm ( 6624): type=1400 audit(0.0:2607): avc: denied { map } for path="/system/bin/sh" dev="dm-0" ino=1202 scontext=u:r:system_server:s0 tcontext=u:object_r:shell_exec:s0 tclass=file permissive=1
10-16 09:47:49.380 I/pm ( 6624): type=1400 audit(0.0:2608): avc: denied { getattr } for path="/system/bin/sh" dev="dm-0" ino=1202 scontext=u:r:system_server:s0 tcontext=u:object_r:shell_exec:s0 tclass=file permissive=1
10-16 09:47:49.387 D/CompatibilityChangeReporter( 6607): Compat change id reported: 171979766; UID 99000; state: ENABLED
10-16 09:47:49.400 D/TvWindowManager( 522): key event key = KEYCODE_DPAD_RIGHT down = true
10-16 09:47:49.402 D/GpioService( 522): mFlickerEnable = true
10-16 09:47:49.417 D/NetworkSecurityConfig( 6607): No Network Security Config specified, using platform default
10-16 09:47:49.417 D/NetworkSecurityConfig( 6607): No Network Security Config specified, using platform default
10-16 09:47:49.424 W/audit ( 279): audit_lost=1999 audit_rate_limit=5 audit_backlog_limit=64
10-16 09:47:49.424 E/audit ( 279): rate limit exceeded
10-16 09:47:49.424 I/cr_ChildProcessService( 6607): Creating new ChildProcessService pid=6607
10-16 09:47:49.432 E/SELinux ( 181): avc: denied { find } for pid=6607 uid=99000 name=content_capture scontext=u:r:isolated_app:s0:c512,c768 tcontext=u:object_r:content_capture_service:s0 tclass=service_manager permissive=1
10-16 09:47:49.496 D/TvWindowManager( 522): key event key = KEYCODE_DPAD_RIGHT down = false
10-16 09:47:49.506 D/MobclickAgent( 1777): constructMessage:{"ekv":[{"E5E614DDDC41DB585CDE2533D7B4E86A":[{"id":"launcher_start","ts":1760578914451,"launcher_start":"","ds":0,"pn":"com.dangbei.leard.leradlauncher"}]}],"sdk_version":"8.0.0","device_id":"665caba3888fb370","device_model":"DBBOX-A2","version":102944,"appkey":"5bc71fa4b465f5845d0001b8","channel":"HQOS_DBBOX-A2"}
10-16 09:47:49.526 I/MobclickAgent( 1777): Start new session: E5E614DDDC41DB585CDE2533D7B4E86A
10-16 09:47:49.531 I/MobclickAgent( 1777): Send message to server. status code is: 200
10-16 09:47:49.574 W/SQLiteLog( 1777): (28) double-quoted string literal: "E5E614DDDC41DB585CDE2533D7B4E86A"
10-16 09:47:49.578 W/SQLiteLog( 1777): (28) double-quoted string literal: "iShSncR9j8wv/qMAmN4++rdt4vtBpROt2PSDHPOA+m5oNbmnMvoDku3YDM3is0b4CSRRZucaOscg
10-16 09:47:49.578 W/SQLiteLog( 1777): w0kDfKnuu5IJv219w05DNsJraOluG1tRXjWKnLsMzBh/RZmgHC8rvOkLl97+H9Cg6bIZA5pFkBwV
10-16 09:47:49.578 W/SQLiteLog( 1777): VwM43viothiNtWLAMr8=
10-16 09:47:49.578 W/SQLiteLog( 1777): "
10-16 09:47:49.581 W/SQLiteLog( 1777): (28) double-quoted string literal: "E5E614DDDC41DB585CDE2533D7B4E86A"
10-16 09:47:49.597 I/MobclickAgent( 1777): send log:succeed
10-16 09:47:49.600 D/TvWindowManager( 522): key event key = KEYCODE_DPAD_RIGHT down = true
10-16 09:47:49.631 I/System.out( 1777): true
10-16 09:47:49.688 D/TvWindowManager( 522): key event key = KEYCODE_DPAD_RIGHT down = false
10-16 09:47:49.713 D/AutofillManagerServiceImpl( 522): Reset component for user 0:
10-16 09:47:49.713 D/AutofillUI( 522): destroySaveUiUiThread(): already destroyed
10-16 09:47:49.725 E/WifiHAL ( 721): wifi_get_link_stats: requestResponse Error:-5
10-16 09:47:49.727 E/WifiVendorHal( 522): getWifiLinkLayerStats_1_5_Internal(l.1191) failed {.code = ERROR_INVALID_ARGS, .description = }
10-16 09:47:49.759 D/CompatibilityChangeReporter( 1777): Compat change id reported: 171228096; UID 1000; state: ENABLED
10-16 09:47:49.781 D/ConnectivityService( 522): requestNetwork for uid/pid:1000/1777 activeRequest: null callbackRequest: 37 [NetworkRequest [ REQUEST id=38, [ Capabilities: INTERNET&NOT_RESTRICTED&TRUSTED&NOT_VCN_MANAGED Uid: 1000 RequestorUid: 1000 RequestorPkg: com.dangbei.leard.leradlauncher] ]] callback flags: 0 priority: 2147483647
10-16 09:47:49.783 D/ConnectivityService( 522): NetReassign [38 : null → 100]
10-16 09:47:49.788 D/Ethernet( 522): got request NetworkRequest [ REQUEST id=38, [ Capabilities: INTERNET&NOT_RESTRICTED&TRUSTED&NOT_VCN_MANAGED Uid: 1000 RequestorUid: 1000 RequestorPkg: com.dangbei.leard.leradlauncher] ]
10-16 09:47:49.790 D/EthernetNetworkFactory( 522): acceptRequest, request: NetworkRequest [ REQUEST id=38, [ Capabilities: INTERNET&NOT_RESTRICTED&TRUSTED&NOT_VCN_MANAGED Uid: 1000 RequestorUid: 1000 RequestorPkg: com.dangbei.leard.leradlauncher] ]
10-16 09:47:49.790 I/EthernetNetworkFactory( 522): networkForRequest, request: NetworkRequest [ REQUEST id=38, [ Capabilities: INTERNET&NOT_RESTRICTED&TRUSTED&NOT_VCN_MANAGED Uid: 1000 RequestorUid: 1000 RequestorPkg: com.dangbei.leard.leradlauncher] ], network: null
10-16 09:47:49.791 D/WifiNetworkFactory( 522): got request NetworkRequest [ REQUEST id=38, [ Capabilities: INTERNET&NOT_RESTRICTED&TRUSTED&NOT_VCN_MANAGED Uid: 1000 RequestorUid: 1000 RequestorPkg: com.dangbei.leard.leradlauncher] ]
10-16 09:47:49.791 D/UntrustedWifiNetworkFactory( 522): got request NetworkRequest [ REQUEST id=38, [ Capabilities: INTERNET&NOT_RESTRICTED&TRUSTED&NOT_VCN_MANAGED Uid: 1000 RequestorUid: 1000 RequestorPkg: com.dangbei.leard.leradlauncher] ]
10-16 09:47:49.791 D/OemPaidWifiNetworkFactory( 522): got request NetworkRequest [ REQUEST id=38, [ Capabilities: INTERNET&NOT_RESTRICTED&TRUSTED&NOT_VCN_MANAGED Uid: 1000 RequestorUid: 1000 RequestorPkg: com.dangbei.leard.leradlauncher] ]
10-16 09:47:49.792 D/TvWindowManager( 522): key event key = KEYCODE_DPAD_RIGHT down = true
10-16 09:47:49.799 D/ConnectivityService( 522): NetReassign [no changes]
10-16 09:47:49.800 D/RockyManager( 1745): switchWakeIsAllow isQuitBootGuide: true isBtMode: false
10-16 09:47:49.800 D/RockyManager( 1745): switchWakeIsAllow isAllowFarWake: true
10-16 09:47:49.849 I/d.leradlaunche( 1777): Background concurrent copying GC freed 268224(17MB) AllocSpace objects, 102(4468KB) LOS objects, 49% free, 5375KB/10MB, paused 287us total 391.931ms
10-16 09:47:49.870 W/System ( 1777): A resource failed to call close.
10-16 09:47:49.871 W/System ( 1777): A resource failed to call close.
10-16 09:47:49.872 D/TvWindowManager( 522): key event key = KEYCODE_DPAD_RIGHT down = false
10-16 09:47:49.872 W/System ( 1777): A resource failed to call close.
10-16 09:47:49.942 W/eventbuscore( 1777): observe Event:com.dangbei.leard.base.entity.currency.UserProtocolEntity
10-16 09:47:49.947 W/eventbuscore( 1777): observe Event:com.dangbei.leard.base.entity.event.HomeEvent
10-16 09:47:49.953 I/cr_LibraryLoader( 6607): Loaded native library version number "91.0.4472.114"
10-16 09:47:49.957 I/hq ( 1777): 当小贝:::showMessage from=mActivityLifecycleCallbacks
10-16 09:47:49.957 I/hq ( 1777): 当小贝:::showMessage 用户协议不显示
10-16 09:47:49.957 W/ocessService0:( 6607): Accessing hidden field Ljava/util/Collections$SynchronizedCollection;->mutex:Ljava/lang/Object; (max-target-o, reflection, denied)
10-16 09:47:49.959 W/ocessService0:( 6607): Accessing hidden method Ljava/util/Collections$SynchronizedSet;->(Ljava/util/Set;Ljava/lang/Object;)V (max-target-o, reflection, denied)
10-16 09:47:49.959 I/MobclickAgent( 1777): Send message to server. status code is: 200
10-16 09:47:49.961 W/ocessService0:( 6607): Accessing hidden method Ljava/util/Collections$SynchronizedCollection;->(Ljava/util/Collection;Ljava/lang/Object;)V (max-target-o, reflection, denied)
10-16 09:47:49.962 W/SQLiteLog( 1777): (28) double-quoted string literal: "E5E614DDDC41DB585CDE2533D7B4E86A"
10-16 09:47:49.964 I/cr_CachingUmaRecorder( 6607): Flushed 1 samples from 1 histograms.
10-16 09:47:49.970 I/MobclickAgent( 1777): Extend current session: E5E614DDDC41DB585CDE2533D7B4E86A
10-16 09:47:49.976 D/TvWindowManager( 522): key event key = KEYCODE_DPAD_RIGHT down = true
10-16 09:47:49.981 I/MobclickAgent( 1777): send log:succeed
10-16 09:47:49.983 W/SQLiteLog( 1777): (28) double-quoted string literal: "E5E614DDDC41DB585CDE2533D7B4E86A"
