10-16 09:41:40.843 I/UsbPortManager( 522): Usb hal service started android.hardware.usb@1.0::IUsb default
10-16 09:41:40.844 I/android_os_HwBinder( 522): HwBinder: Starting thread pool for getting: android.hardware.usb@1.0::IUsb/default
10-16 09:41:40.845 I/android.hardware.usb@1.0-service( 263): registering callback
10-16 09:41:40.845 E/android.hardware.usb@1.0-service( 263): Failed to open /sys/class/typec
10-16 09:41:40.846 E/android.hardware.usb@1.0-service( 263): creating thread
10-16 09:41:40.846 I/UsbPortManager( 522): USB HAL version: 10
10-16 09:41:40.848 I/SystemServerTiming( 522): StartAppWidgetService
10-16 09:41:40.848 I/SystemServiceManager( 522): Starting com.android.server.appwidget.AppWidgetService
10-16 09:41:40.849 D/SystemServerInitThreadPool( 522): Finished executing UsbService$Lifecycle#onStart
10-16 09:41:40.850 I/SystemServerTiming( 522): StartVoiceRecognitionManager
10-16 09:41:40.850 I/SystemServiceManager( 522): Starting com.android.server.voiceinteraction.VoiceInteractionManagerService
10-16 09:41:40.856 I/RolesPersistenceImpl( 522): roles.xml not found
10-16 09:41:40.857 I/RoleServicePlatformHelperImpl( 522): Legacy roles.xml not found
10-16 09:41:40.858 I/SystemServerTiming( 522): StartAppHibernationService
10-16 09:41:40.858 I/SystemServiceManager( 522): Starting com.android.server.apphibernation.AppHibernationService
10-16 09:41:40.861 I/SystemServerTiming( 522): StartGestureLauncher
10-16 09:41:40.861 I/SystemServiceManager( 522): Starting com.android.server.GestureLauncherService
10-16 09:41:40.861 I/SystemServerTiming( 522): StartSensorNotification
10-16 09:41:40.861 I/SystemServiceManager( 522): Starting com.android.server.SensorNotificationService
10-16 09:41:40.861 I/SystemServerTiming( 522): StartDiskStatsService
10-16 09:41:40.866 I/SystemServerTiming( 522): RuntimeService
10-16 09:41:40.867 I/SystemServerTiming( 522): StartNetworkTimeUpdateService
10-16 09:41:40.869 I/SystemServerTiming( 522): CertBlacklister
10-16 09:41:40.871 I/SystemServerTiming( 522): StartEmergencyAffordanceService
10-16 09:41:40.871 I/SystemServiceManager( 522): Starting com.android.server.emergency.EmergencyAffordanceService
10-16 09:41:40.873 I/SystemServerTimingAsync( 522): InitThreadPoolExec:startBlobStoreManagerService
10-16 09:41:40.873 D/SystemServerInitThreadPool( 522): Started executing startBlobStoreManagerService
10-16 09:41:40.873 I/SystemServerTimingAsync( 522): startBlobStoreManagerService
10-16 09:41:40.873 I/SystemServiceManager( 522): Starting com.android.server.blob.BlobStoreManagerService
10-16 09:41:40.874 I/SystemServerTiming( 522): StartDreamManager
10-16 09:41:40.874 I/SystemServiceManager( 522): Starting com.android.server.dreams.DreamManagerService
10-16 09:41:40.875 I/SystemServerTiming( 522): AddGraphicsStatsService
10-16 09:41:40.878 D/SystemServerInitThreadPool( 522): Finished executing startBlobStoreManagerService
10-16 09:41:40.880 I/ServiceManager( 242): Waiting for service 'statscompanion' on '/dev/binder'...
10-16 09:41:40.880 I/SystemServerTiming( 522): StartRestrictionManager
10-16 09:41:40.880 I/SystemServiceManager( 522): Starting com.android.server.restrictions.RestrictionsManagerService
10-16 09:41:40.882 I/SystemServerTiming( 522): StartMediaSessionService
10-16 09:41:40.882 I/SystemServiceManager( 522): Starting com.android.server.media.MediaSessionService
10-16 09:41:40.887 I/SystemServerTiming( 522): StartHdmiControlService
10-16 09:41:40.887 I/SystemServiceManager( 522): Starting com.android.server.hdmi.HdmiControlService
10-16 09:41:40.895 I/hwservicemanager( 182): getTransport: Cannot find entry android.hardware.tv.cec@1.1::IHdmiCec/default in either framework or device VINTF manifest.
10-16 09:41:40.895 E/HDMI ( 522): [1]:Couldn't connect to cec@1.1java.util.NoSuchElementException
10-16 09:41:40.895 W/HDMI ( 522): [1]:Couldn't get tv.cec service.
10-16 09:41:40.895 W/HDMI ( 522): [1]:Unable to use cec@1.1
10-16 09:41:40.897 I/android_os_HwBinder( 522): HwBinder: Starting thread pool for getting: android.hardware.tv.cec@1.0::IHdmiCec/default
10-16 09:41:40.899 I/HdmiControlService( 522): Device does not support MHL-control.
10-16 09:41:40.900 D/hdmi-cec( 262): setOption, flag=0x0002, value=0x00000000
10-16 09:41:40.909 I/SystemServerTiming( 522): StartTvInputManager
10-16 09:41:40.909 I/SystemServiceManager( 522): Starting com.android.server.tv.TvInputManagerService
10-16 09:41:40.913 I/hwservicemanager( 182): getTransport: Cannot find entry android.hardware.tv.input@1.0::ITvInput/default in either framework or device VINTF manifest.
10-16 09:41:40.913 E/TvInputHal( 522): Couldn't get tv.input service.
10-16 09:41:40.916 I/SystemServerTiming( 522): StartMediaResourceMonitor
10-16 09:41:40.916 I/SystemServiceManager( 522): Starting com.android.server.media.MediaResourceMonitorService
10-16 09:41:40.917 I/SystemServerTiming( 522): StartTvRemoteService
10-16 09:41:40.917 I/SystemServiceManager( 522): Starting com.android.server.tv.TvRemoteService
10-16 09:41:40.917 I/SystemServerTiming( 522): StartMediaRouterService
10-16 09:41:40.918 V/HistoricalRegistry( 522): Interaction before persistence initialized
10-16 09:41:40.919 I/SystemServerTiming( 522): StartBiometricService
10-16 09:41:40.919 I/SystemServiceManager( 522): Starting com.android.server.biometrics.BiometricService
10-16 09:41:40.924 I/SystemServerTiming( 522): StartAuthService
10-16 09:41:40.924 I/SystemServiceManager( 522): Starting com.android.server.biometrics.AuthService
10-16 09:41:40.926 I/SystemServerTiming( 522): StartBackgroundDexOptService
10-16 09:41:40.926 W/BackgroundDexOptService( 522): SysProp pm.dexopt.downgrade_after_inactive_days not set
10-16 09:41:40.927 I/SystemServerTiming( 522): StartDynamicCodeLoggingService
10-16 09:41:40.928 I/SystemServerTiming( 522): StartPruneInstantAppsJobService
10-16 09:41:40.928 I/SystemServerTiming( 522): StartShortcutServiceLifecycle
10-16 09:41:40.928 I/SystemServiceManager( 522): Starting com.android.server.pm.ShortcutService$Lifecycle
10-16 09:41:40.930 V/HistoricalRegistry( 522): Interaction before persistence initialized
10-16 09:41:40.931 I/SystemServerTiming( 522): StartLauncherAppsService
10-16 09:41:40.931 I/SystemServiceManager( 522): Starting com.android.server.pm.LauncherAppsService
10-16 09:41:40.933 I/SystemServerTiming( 522): StartCrossProfileAppsService
10-16 09:41:40.933 I/SystemServiceManager( 522): Starting com.android.server.pm.CrossProfileAppsService
10-16 09:41:40.934 I/SystemServerTiming( 522): StartPeopleService
10-16 09:41:40.934 I/SystemServiceManager( 522): Starting com.android.server.people.PeopleService
10-16 09:41:40.934 I/SystemServerTiming( 522): StartMediaMetricsManager
10-16 09:41:40.934 I/SystemServiceManager( 522): Starting com.android.server.media.metrics.MediaMetricsManagerService
10-16 09:41:40.937 I/SystemServerTiming( 522): StartMediaProjectionManager
10-16 09:41:40.937 I/SystemServiceManager( 522): Starting com.android.server.media.projection.MediaProjectionManagerService
10-16 09:41:40.939 V/MediaRouter( 522): Selecting route: RouteInfo{ name=手机, description=null, status=null, category=RouteCategory{ name=系统 types=ROUTE_TYPE_LIVE_AUDIO ROUTE_TYPE_LIVE_VIDEO groupable=false }, supportedTypes=ROUTE_TYPE_LIVE_AUDIO ROUTE_TYPE_LIVE_VIDEO , presentationDisplay=null }
10-16 09:41:40.939 I/MediaRouter( 522): Skip setBluetoothA2dpOn(): types=8388615, isPlaybackActive()=false, BT route=null
10-16 09:41:40.940 I/SystemServerTiming( 522): StartSliceManagerService
10-16 09:41:40.940 I/SystemServiceManager( 522): Starting com.android.server.slice.SliceManagerService$Lifecycle
10-16 09:41:40.943 I/SystemServerTiming( 522): StartStatsCompanion
10-16 09:41:40.949 I/SystemServiceManager( 522): Starting com.android.server.stats.StatsCompanion$Lifecycle
10-16 09:41:40.949 E/system_server( 522): Could not write anonymous vdex /apex/com.android.os.statsd/javalib/oat/arm/service-statsd.vdex: Could not create directory /apex/com.android.os.statsd/javalib/oat
10-16 09:41:40.953 I/SystemServerTiming( 522): StartRebootReadinessManagerService
10-16 09:41:40.959 I/SystemServiceManager( 522): Starting com.android.server.scheduling.RebootReadinessManagerService$Lifecycle
10-16 09:41:40.960 E/system_server( 522): Could not write anonymous vdex /apex/com.android.scheduling/javalib/oat/arm/service-scheduling.vdex: Could not create directory /apex/com.android.scheduling/javalib/oat
10-16 09:41:40.964 I/TetheringManager( 522): registerTetheringEventCallback:android
10-16 09:41:40.964 I/TetheringManager( 522): registerTetheringEventCallback caller:android
10-16 09:41:40.965 I/SystemServerTiming( 522): StartStatsPullAtomService
10-16 09:41:40.966 I/SystemServiceManager( 522): Starting com.android.server.stats.pull.StatsPullAtomService
10-16 09:41:40.966 I/SystemServerTiming( 522): StartIncidentCompanionService
10-16 09:41:40.966 I/SystemServiceManager( 522): Starting com.android.server.incident.IncidentCompanionService
10-16 09:41:40.966 I/SystemServerTiming( 522): StartMmsService
10-16 09:41:40.966 I/SystemServiceManager( 522): Starting com.android.server.MmsServiceBroker
10-16 09:41:40.968 I/SystemServerTiming( 522): StartAutoFillService
10-16 09:41:40.968 I/SystemServiceManager( 522): Starting com.android.server.autofill.AutofillManagerService
10-16 09:41:40.970 D/AutofillManagerService( 522): setLogLevelFromSettings(): level=2, debug=true, verbose=false
10-16 09:41:40.970 D/AutofillManagerService( 522): setMaxPartitionsFromSettings(): 10
10-16 09:41:40.970 D/AutofillManagerService( 522): setMaxVisibleDatasetsFromSettings(): 0
10-16 09:41:40.971 D/AutofillUI( 522): destroySaveUiUiThread(): already destroyed
10-16 09:41:40.971 D/AutofillManagerServiceImpl( 522): Reset component for user 0:
10-16 09:41:40.973 D/SystemServer( 522): TranslationService not defined by OEM
10-16 09:41:40.973 I/SystemServerTiming( 522): StartClipboardService
10-16 09:41:40.973 I/SystemServiceManager( 522): Starting com.android.server.clipboard.ClipboardService
10-16 09:41:40.976 I/SystemServerTiming( 522): AppServiceManager
10-16 09:41:40.976 I/SystemServiceManager( 522): Starting com.android.server.appbinding.AppBindingService$Lifecycle
10-16 09:41:40.977 I/SystemServerTiming( 522): startTracingServiceProxy
10-16 09:41:40.977 I/SystemServiceManager( 522): Starting com.android.server.tracing.TracingServiceProxy
10-16 09:41:40.979 I/SystemServerTiming( 522): startOranthService
10-16 09:41:40.979 I/SystemServiceManager( 522): Starting com.android.server.oranth.OranthManagerService$Lifecycle
10-16 09:41:40.979 I/OranthManagerService( 522): -------------- OranthManagerService --------------
10-16 09:41:40.980 E/SELinux ( 181): avc: denied { add } for pid=522 uid=1000 name=oranth_manager scontext=u:r:system_server:s0 tcontext=u:object_r:default_android_service:s0 tclass=service_manager permissive=1
10-16 09:41:40.980 I/ServiceManager( 242): Waiting for service 'statscompanion' on '/dev/binder' successful after waiting 101ms
10-16 09:41:40.980 I/SystemServerTiming( 522): MakeLockSettingsServiceReady
10-16 09:41:40.993 I/LockSettingsService( 522): Migrated lock settings to new location
10-16 09:41:40.995 I/LockSettingsService( 522): Migrated per-user lock settings to new location
10-16 09:41:40.997 I/LockSettingsService( 522): Migrated biometric weak to use the fallback instead
10-16 09:41:40.998 I/LockSettingsService( 522): Migrated lockscreen disabled flag
10-16 09:41:40.999 I/LockSettingsService( 522): Migrated keys to LSS namespace
10-16 09:41:41.001 I/hwservicemanager( 182): getTransport: Cannot find entry android.hardware.weaver@1.0::IWeaver/default in either framework or device VINTF manifest.
10-16 09:41:41.001 I/SyntheticPasswordManager( 522): Device does not support weaver
10-16 09:41:41.002 I/hwservicemanager( 182): getTransport: Cannot find entry android.hardware.authsecret@1.0::IAuthSecret/default in either framework or device VINTF manifest.
10-16 09:41:41.002 I/LockSettingsService( 522): Device doesn't implement AuthSecret HAL
10-16 09:41:41.004 I/SystemServerTiming( 522): StartBootPhaseLockSettingsReady
10-16 09:41:41.004 I/SystemServiceManager( 522): Starting phase 480
10-16 09:41:41.004 I/SystemServerTiming( 522): OnBootPhase_480
10-16 09:41:41.005 D/SoundTriggerService( 522): onBootPhase: 480 : false
10-16 09:41:41.007 I/SystemServerTiming( 522): StartBootPhaseSystemServicesReady
10-16 09:41:41.007 I/SystemServiceManager( 522): Starting phase 500
10-16 09:41:41.007 I/SystemServerTiming( 522): OnBootPhase_500
10-16 09:41:41.007 E/StatsPullAtomCallbackImpl( 522): Failed to start PowerStatsService statsd pullers
10-16 09:41:41.011 D/ConnectivityService( 522): requestNetwork for uid/pid:1000/522 activeRequest: null callbackRequest: 9 [NetworkRequest [ REQUEST id=10, [ Capabilities: INTERNET&NOT_RESTRICTED&TRUSTED&NOT_VCN_MANAGED Uid: 1000 RequestorUid: 1000 RequestorPkg: android] ]] callback flags: 0 priority: 2147483647
10-16 09:41:41.011 E/BatteryStatsService( 522): Could not register PowerStatsInternal
10-16 09:41:41.011 D/ConnectivityService( 522): NetReassign [no changes]
10-16 09:41:41.013 V/HintManagerService( 522): Initializing HintManager service...
10-16 09:41:41.013 V/HistoricalRegistry( 522): Interaction before persistence initialized
10-16 09:41:41.016 D/AppStandbyController( 522): Setting app idle enabled state
10-16 09:41:41.018 D/AppStandbyController( 522): Initializing defaults for system apps on user 0, appIdleEnabled=false
10-16 09:41:41.023 E/AppIdleHistory( 522): Unable to read app idle file for user 0
10-16 09:41:41.023 E/AppIdleHistory( 522): java.io.FileNotFoundException: /data/system/users/0/app_idle_stats.xml: open failed: ENOENT (No such file or directory)
10-16 09:41:41.023 E/AppIdleHistory( 522): at libcore.io.IoBridge.open(IoBridge.java:575)
10-16 09:41:41.023 E/AppIdleHistory( 522): at java.io.FileInputStream.(FileInputStream.java:160)
10-16 09:41:41.023 E/AppIdleHistory( 522): at android.util.AtomicFile.openRead(AtomicFile.java:260)
10-16 09:41:41.023 E/AppIdleHistory( 522): at com.android.server.usage.AppIdleHistory.readAppIdleTimes(AppIdleHistory.java:597)
10-16 09:41:41.023 E/AppIdleHistory( 522): at com.android.server.usage.AppIdleHistory.getUserHistory(AppIdleHistory.java:332)
10-16 09:41:41.023 E/AppIdleHistory( 522): at com.android.server.usage.AppIdleHistory.reportUsage(AppIdleHistory.java:321)
10-16 09:41:41.023 E/AppIdleHistory( 522): at com.android.server.usage.AppStandbyController.initializeDefaultsForSystemApps(AppStandbyController.java:1860)
10-16 09:41:41.023 E/AppIdleHistory( 522): at com.android.server.usage.AppStandbyController.onBootPhase(AppStandbyController.java:531)
10-16 09:41:41.023 E/AppIdleHistory( 522): at com.android.server.usage.UsageStatsService.onBootPhase(UsageStatsService.java:315)
10-16 09:41:41.023 E/AppIdleHistory( 522): at com.android.server.SystemServiceManager.startBootPhase(SystemServiceManager.java:237)
10-16 09:41:41.023 E/AppIdleHistory( 522): at com.android.server.SystemServer.startOtherServices(SystemServer.java:2670)
10-16 09:41:41.023 E/AppIdleHistory( 522): at com.android.server.SystemServer.run(SystemServer.java:928)
10-16 09:41:41.023 E/AppIdleHistory( 522): at com.android.server.SystemServer.main(SystemServer.java:628)
10-16 09:41:41.023 E/AppIdleHistory( 522): at java.lang.reflect.Method.invoke(Native Method)
10-16 09:41:41.023 E/AppIdleHistory( 522): at com.android.internal.os.RuntimeInit$MethodAndArgsCaller.run(RuntimeInit.java:548)
10-16 09:41:41.023 E/AppIdleHistory( 522): at com.android.internal.os.ZygoteInit.main(ZygoteInit.java:1160)
10-16 09:41:41.023 E/AppIdleHistory( 522): Caused by: android.system.ErrnoException: open failed: ENOENT (No such file or directory)
10-16 09:41:41.023 E/AppIdleHistory( 522): at libcore.io.Linux.open(Native Method)
10-16 09:41:41.023 E/AppIdleHistory( 522): at libcore.io.ForwardingOs.open(ForwardingOs.java:567)
10-16 09:41:41.023 E/AppIdleHistory( 522): at libcore.io.BlockGuardOs.open(BlockGuardOs.java:273)
10-16 09:41:41.023 E/AppIdleHistory( 522): at libcore.io.IoBridge.open(IoBridge.java:561)
10-16 09:41:41.023 E/AppIdleHistory( 522): ... 15 more
10-16 09:41:41.035 V/HistoricalRegistry( 522): Interaction before persistence initialized
10-16 09:41:41.041 V/VibratorManagerService( 522): Initializing VibratorManager service...
10-16 09:41:41.041 V/HistoricalRegistry( 522): Interaction before persistence initialized
10-16 09:41:41.042 V/VibratorManagerService( 522): VibratorManager service initialized
10-16 09:41:41.047 D/ConnectivityService( 522): NetReassign [no changes]
10-16 09:41:41.051 I/ActivityTaskManager( 522): Config changes=200 {1.0 ?mcc?mnc [zh_CN] ldltr sw720dp w1280dp h696dp 240dpi xlrg long land television -touch qwerty/v/v dpad/v winConfig={ mBounds=Rect(0, 0 - 1920, 1080) mAppBounds=Rect(0, 0 - 1920, 1080) mMaxBounds=Rect(0, 0 - 1920, 1080) mWindowingMode=fullscreen mDisplayWindowingMode=fullscreen mActivityType=undefined mAlwaysOnTop=undefined mRotation=ROTATION_0} s.4 ?fontWeightAdjustment}
10-16 09:41:41.053 I/WindowManager( 522): Override config changes=200 {1.0 ?mcc?mnc [zh_CN] ldltr sw720dp w1280dp h696dp 240dpi xlrg long land television -touch qwerty/v/v dpad/v winConfig={ mBounds=Rect(0, 0 - 1920, 1080) mAppBounds=Rect(0, 0 - 1920, 1080) mMaxBounds=Rect(0, 0 - 1920, 1080) mWindowingMode=fullscreen mDisplayWindowingMode=fullscreen mActivityType=undefined mAlwaysOnTop=undefined mRotation=ROTATION_0} s.4 ?fontWeightAdjustment} for displayId=0
10-16 09:41:41.056 D/TestHarnessModeService( 522): Setting up test harness mode
10-16 09:41:41.056 D/TestHarnessModeService( 522): Getting PersistentDataBlockManagerInternal from LocalServices
10-16 09:41:41.068 V/HistoricalRegistry( 522): Interaction before persistence initialized
10-16 09:41:41.071 W/NetworkPolicy( 522): setRestrictBackgroundUL: already false
10-16 09:41:41.073 I/WifiScanningService( 522): Starting wifiscanner
10-16 09:41:41.076 I/EthernetServiceImpl( 522): Starting Ethernet service
10-16 09:41:41.077 I/WifiSettingsConfigStore( 522): Migrating data out of settings to shared preferences
10-16 09:41:41.078 D/EthernetTracker( 522): Interface match regexp set to 'eth\d'
10-16 09:41:41.080 D/Ethernet( 522): Registering NetworkFactory
10-16 09:41:41.081 D/ConnectivityService( 522): Got NetworkProvider Messenger for Ethernet
10-16 09:41:41.102 E/IpConfigStore( 522): Error opening configuration file: java.io.FileNotFoundException: /data/misc/ethernet/ipconfig.txt: open failed: ENOENT (No such file or directory)
10-16 09:41:41.103 I/PppoeServiceImpl( 522): Starting PPPOE service
10-16 09:41:41.104 D/WifiConfigStore( 522): Reading from all stores completed in 29 ms.
10-16 09:41:41.105 I/EthernetTracker( 522): maybeTrackInterface: eth0
10-16 09:41:41.105 W/WifiConfigManager( 522): No stored networks found.
10-16 09:41:41.105 D/PPPOE ( 522): Registering NetworkFactory
10-16 09:41:41.106 D/ConnectivityService( 522): Got NetworkProvider Messenger for PPPOE
10-16 09:41:41.107 W/PppoeServiceImpl( 522): pppoe interface file not exist!
10-16 09:41:41.109 D/XM_HIDREAD( 323): add@ add@/devices/platform/soc@3000000/5030000.eth/mdio_bus/5030000.eth-0
10-16 09:41:41.109 D/XM_HIDREAD( 323): add@ add@/devices/platform/soc@3000000/5030000.eth/mdio_bus/5030000.eth-0/5030000.eth-0:00
10-16 09:41:41.111 I/WifiInjector( 522): enableVerboseLogging(0): false
10-16 09:41:41.111 E/SupplicantStaIfaceHal( 522): Can't call setDebugParams, ISupplicant is null
10-16 09:41:41.111 E/HostapdHal( 522): Can't call setDebugParams, IHostapd is null
10-16 09:41:41.112 I/WifiService( 522): WifiService starting up with Wi-Fi enabled
10-16 09:41:41.112 D/XM_HIDREAD( 323): add@ add@/devices/platform/soc@3000000/5030000.eth/mdio_bus/5030000.eth-0/5030000.eth-0:10
10-16 09:41:41.104 I/xm_hidread( 323): type=1400 audit(0.0:319): avc: denied { read } for scontext=u:r:init:s0 tcontext=u:r:init:s0 tclass=netlink_kobject_uevent_socket permissive=1
10-16 09:41:41.113 D/PPPOE ( 522): got request NetworkRequest [ REQUEST id=10, [ Capabilities: INTERNET&NOT_RESTRICTED&TRUSTED&NOT_VCN_MANAGED Uid: 1000 RequestorUid: 1000 RequestorPkg: android] ]
10-16 09:41:41.113 D/PppoeNetworkFactory( 522): onRequestNetwork
10-16 09:41:41.113 D/PPPOE ( 522): got request NetworkRequest [ REQUEST id=1, [ Capabilities: INTERNET&NOT_RESTRICTED&TRUSTED&NOT_VPN&NOT_VCN_MANAGED RequestorUid: 1000 RequestorPkg: android] ]
10-16 09:41:41.114 D/PPPOE ( 522): got request NetworkRequest [ REQUEST id=5, [ Transports: PPPOE Capabilities: INTERNET&NOT_RESTRICTED&TRUSTED&NOT_VPN&NOT_VCN_MANAGED RequestorUid: 1000 RequestorPkg: android] ]
10-16 09:41:41.117 D/WifiController( 522): isAirplaneModeOn = false, isWifiEnabled = true, isScanningAvailable = false, isLocationModeActive = true
10-16 09:41:41.117 V/HistoricalRegistry( 522): Interaction before persistence initialized
10-16 09:41:41.117 D/WifiActiveModeWarden( 522): Starting primary ClientModeManager in connect mode
10-16 09:41:41.120 I/android_os_HwBinder( 522): HwBinder: Starting thread pool for getting: android.hidl.manager@1.2::IServiceManager/default
10-16 09:41:41.122 I/hwservicemanager( 182): Since android.hardware.wifi@1.0::IWifi/default is not registered, trying to start it as a lazy HAL.
10-16 09:41:41.123 I/hwservicemanager( 182): Since android.hardware.wifi@1.0::IWifi/default is not registered, trying to start it as a lazy HAL.
10-16 09:41:41.131 I/init ( 1): starting service 'vendor.wifi_hal_legacy'...
10-16 09:41:41.129 I/HidlServiceManagement( 522): getService: Trying again for android.hardware.wifi@1.0::IWifi/default...
10-16 09:41:41.130 V/HistoricalRegistry( 522): Interaction before persistence initialized
10-16 09:41:41.131 D/SoundTriggerService( 522): onBootPhase: 500 : false
10-16 09:41:41.137 I/init ( 1): Control message: Processed ctl.interface_start for 'android.hardware.wifi@1.0::IWifi/default' from pid: 182 (/system/bin/hwservicemanager)
10-16 09:41:41.137 I/init ( 1): Control message: Processed ctl.interface_start for 'android.hardware.wifi@1.0::IWifi/default' from pid: 182 (/system/bin/hwservicemanager)
10-16 09:41:41.139 I/SystemServerTiming( 522): MakeWindowManagerServiceReady
10-16 09:41:41.142 I/hwservicemanager( 182): getTransport: Cannot find entry android.hardware.configstore@1.1::ISurfaceFlingerConfigs/default in either framework or device VINTF manifest.
10-16 09:41:41.143 I/hwservicemanager( 182): getTransport: Cannot find entry android.hardware.configstore@1.1::ISurfaceFlingerConfigs/default in either framework or device VINTF manifest.
10-16 09:41:41.145 E/KernelCpuThreadReader( 522): Failed to initialize KernelCpuThreadReader
10-16 09:41:41.145 E/KernelCpuThreadReader( 522): java.nio.file.NoSuchFileException: /proc/self/time_in_state
10-16 09:41:41.145 E/KernelCpuThreadReader( 522): at sun.nio.fs.UnixFileSystemProvider.newByteChannel(UnixFileSystemProvider.java:214)
10-16 09:41:41.145 E/KernelCpuThreadReader( 522): at java.nio.file.Files.newByteChannel(Files.java:361)
10-16 09:41:41.145 E/KernelCpuThreadReader( 522): at java.nio.file.Files.newByteChannel(Files.java:407)
10-16 09:41:41.145 E/KernelCpuThreadReader( 522): at java.nio.file.Files.readAllBytes(Files.java:3152)
10-16 09:41:41.145 E/KernelCpuThreadReader( 522): at com.android.internal.os.ProcTimeInStateReader.initializeTimeInStateFormat(ProcTimeInStateReader.java:159)
10-16 09:41:41.145 E/KernelCpuThreadReader( 522): at com.android.internal.os.ProcTimeInStateReader.(ProcTimeInStateReader.java:106)
10-16 09:41:41.145 E/KernelCpuThreadReader( 522): at com.android.internal.os.KernelCpuThreadReader.(KernelCpuThreadReader.java:138)
10-16 09:41:41.145 E/KernelCpuThreadReader( 522): at com.android.internal.os.KernelCpuThreadReader.create(KernelCpuThreadReader.java:151)
10-16 09:41:41.145 E/KernelCpuThreadReader( 522): at com.android.internal.os.KernelCpuThreadReaderSettingsObserver.(KernelCpuThreadReaderSettingsObserver.java:95)
10-16 09:41:41.145 E/KernelCpuThreadReader( 522): at com.android.internal.os.KernelCpuThreadReaderSettingsObserver.getSettingsModifiedReader(KernelCpuThreadReaderSettingsObserver.java:80)
10-16 09:41:41.145 E/KernelCpuThreadReader( 522): at com.android.server.stats.pull.StatsPullAtomService.initializePullersState(StatsPullAtomService.java:798)
10-16 09:41:41.145 E/KernelCpuThreadReader( 522): at com.android.server.stats.pull.StatsPullAtomService.lambda$onBootPhase$0$StatsPullAtomService(StatsPullAtomService.java:757)
10-16 09:41:41.145 E/KernelCpuThreadReader( 522): at com.android.server.stats.pull.StatsPullAtomService$$ExternalSyntheticLambda14.run(Unknown Source:2)
10-16 09:41:41.145 E/KernelCpuThreadReader( 522): at android.os.Handler.handleCallback(Handler.java:938)
10-16 09:41:41.145 E/KernelCpuThreadReader( 522): at android.os.Handler.dispatchMessage(Handler.java:99)
10-16 09:41:41.145 E/KernelCpuThreadReader( 522): at android.os.Looper.loopOnce(Looper.java:201)
10-16 09:41:41.145 E/KernelCpuThreadReader( 522): at android.os.Looper.loop(Looper.java:288)
10-16 09:41:41.145 E/KernelCpuThreadReader( 522): at android.os.HandlerThread.run(HandlerThread.java:67)
10-16 09:41:41.145 I/hwservicemanager( 182): getTransport: Cannot find entry android.hardware.configstore@1.1::ISurfaceFlingerConfigs/default in either framework or device VINTF manifest.
10-16 09:41:41.147 I/android_os_HwBinder( 522): HwBinder: Starting thread pool for getting: android.hardware.health@2.0::IHealth/default
10-16 09:41:41.148 I/SystemServerTiming( 522): MakePowerManagerServiceReady
10-16 09:41:41.150 I/AttentionDetector( 522): readValuesFromDeviceConfig():
10-16 09:41:41.150 I/AttentionDetector( 522): mMaximumExtensionMillis=900000
10-16 09:41:41.150 I/AttentionDetector( 522): mPreDimCheckDurationMillis=2000
10-16 09:41:41.150 I/AttentionDetector( 522): mRequestedPostDimTimeoutMillis=0
10-16 09:41:41.151 I/android_os_HwBinder( 522): HwBinder: Starting thread pool for getting: android.hidl.manager@1.0::IServiceManager/default
10-16 09:41:41.153 I/HealthServiceWrapper( 522): health: HealthServiceWrapper listening to instance default
10-16 09:41:41.155 I/android_os_HwBinder( 522): HwBinder: Starting thread pool for getting: android.hardware.health@2.0::IHealth/default
10-16 09:41:41.158 E/DisplayPowerController[0]( 522): failed to set up display white-balance: java.lang.IllegalStateException: cannot find light sensor
10-16 09:41:41.158 D/StatsPullAtomService( 522): Registering pullers with statsd
10-16 09:41:41.160 I/AW_PowerHAL( 261): isBoostSupported: 0
10-16 09:41:41.165 W/KeyguardServiceDelegate( 522): onScreenTurningOn(): no keyguard service!
10-16 09:41:41.165 D/ConnectivityService( 522): NetReassign [no changes]
10-16 09:41:41.166 I/StatsPullAtomService( 522): register thermal listener successfully
10-16 09:41:41.167 V/DisplayPowerController[0]( 522): Brightness [0.39763778] reason changing to: 'override', previous reason: '0'.
10-16 09:41:41.168 I/AW_PowerHAL( 261): Power setMode: DISPLAY_INACTIVE to: 0
10-16 09:41:41.168 I/AW_PowerHAL( 261): not completed yet, ignore mode request other
10-16 09:41:41.169 D/SurfaceFlinger( 276): Setting power mode 2 on display 0
10-16 09:41:41.169 I/DisplayDeviceRepository( 522): Display device changed state: "内置屏幕", ON
10-16 09:41:41.170 I/FaceDownDetector( 522): readValuesFromDeviceConfig():
10-16 09:41:41.170 I/FaceDownDetector( 522): mAccelerationThreshold=0.2
10-16 09:41:41.170 I/FaceDownDetector( 522): mZAccelerationThreshold=-9.5
10-16 09:41:41.170 I/FaceDownDetector( 522): mTimeThreshold=PT1S
10-16 09:41:41.170 I/FaceDownDetector( 522): mIsEnabled=false
10-16 09:41:41.170 W/KernelCpuProcStringReader( 522): File not found. It's normal if not implemented: /proc/uid_time_in_state
10-16 09:41:41.171 I/android.hardware.lights-service( 260): Lights setting state for id=0 to color ffffffff
10-16 09:41:41.171 I/InputManager-JNI( 522): Viewport [0] to add: local:0, isActive: true
10-16 09:41:41.173 I/InputReader( 522): Reconfiguring input devices, changes=DISPLAY_INFO |
10-16 09:41:41.173 W/KernelCpuProcStringReader( 522): File not found. It's normal if not implemented: /proc/uid_concurrent_active_time
10-16 09:41:41.174 W/KernelCpuProcStringReader( 522): File not found. It's normal if not implemented: /proc/uid_concurrent_policy_time
10-16 09:41:41.174 I/android.hardware.lights-service( 260): Lights setting state for id=0 to color ff6a6a6a
10-16 09:41:41.175 E/KernelCpuSpeedReader( 522): Failed to read cpu-freq: /sys/devices/system/cpu/cpu0/cpufreq/stats/time_in_state: open failed: ENOENT (No such file or directory)
10-16 09:41:41.175 E/system_server( 522): Cannot read thread CPU times for PID 522
10-16 09:41:41.180 I/SystemServerTiming( 522): StartPermissionPolicyService
10-16 09:41:41.180 I/SystemServiceManager( 522): Starting com.android.server.policy.PermissionPolicyService
10-16 09:41:41.183 I/SystemServerTiming( 522): MakePackageManagerServiceReady
10-16 09:41:41.194 V/UserDataPreparer( 522): Found /data/user_de/0 with serial number -1
10-16 09:41:41.194 D/UserDataPreparer( 522): Serial number missing on /data/user_de/0; assuming current is valid
10-16 09:41:41.195 V/UserDataPreparer( 522): Found /data/user/0 with serial number -1
10-16 09:41:41.195 D/UserDataPreparer( 522): Serial number missing on /data/user/0; assuming current is valid
10-16 09:41:41.195 V/UserDataPreparer( 522): Found /data/system_de/0 with serial number -1
10-16 09:41:41.195 D/UserDataPreparer( 522): Serial number missing on /data/system_de/0; assuming current is valid
10-16 09:41:41.198 I/PackageManager( 522): Permission ownership changed. Updating all permissions.
10-16 09:41:41.214 I/android.hardware.wifi@1.0-service-lazy( 721): Wifi Hal is booting up...
10-16 09:41:41.215 I/HidlLazyUtils( 721): Registering HAL: android.hardware.wifi@1.5::IWifi with name: default
10-16 09:41:41.215 E/cutils-trace( 721): Error opening trace file: No such file or directory (2)
10-16 09:41:41.218 I/HidlServiceManagement( 721): Registered android.hardware.wifi@1.5::IWifi/default
10-16 09:41:41.218 D/HalDevMgr( 522): IWifi registration notification: fqName=android.hardware.wifi@1.0::IWifi, name=default, preexisting=false
10-16 09:41:41.218 I/HidlServiceManagement( 721): Removing namespace from process name android.hardware.wifi@1.0-service-lazy to wifi@1.0-service-lazy.
10-16 09:41:41.219 I/hw-BpHwBinder( 182): onLastStrongRef automatically unlinking death recipients
10-16 09:41:41.219 I/android_os_HwBinder( 522): HwBinder: Starting thread pool for getting: android.hardware.wifi@1.0::IWifi/default
10-16 09:41:41.225 D/WifiNl80211Manager( 522): tearing down interfaces in wificond
10-16 09:41:41.263 I/DefaultPermGrantPolicy( 522): Granting permissions to platform components for user 0
10-16 09:41:41.264 D/WifiAdaptConnObserver( 522): Adaptive connectivity status initialized to: true
10-16 09:41:41.264 D/WifiController( 522): EnabledState.enter()
10-16 09:41:41.264 D/WifiClientModeManager[unknown]( 522): entering IdleState
10-16 09:41:41.268 W/FileUtils( 522): Failed to chmod(/data/misc/apexdata/com.android.wifi/WifiConfigStore.xml, 384):
10-16 09:41:41.268 W/FileUtils( 522): android.system.ErrnoException: chmod failed: ENOENT (No such file or directory)
10-16 09:41:41.268 W/FileUtils( 522): at libcore.io.Linux.chmod(Native Method)
10-16 09:41:41.268 W/FileUtils( 522): at libcore.io.ForwardingOs.chmod(ForwardingOs.java:168)
10-16 09:41:41.268 W/FileUtils( 522): at libcore.io.BlockGuardOs.chmod(BlockGuardOs.java:83)
10-16 09:41:41.268 W/FileUtils( 522): at android.system.Os.chmod(Os.java:121)
10-16 09:41:41.268 W/FileUtils( 522): at com.android.server.wifi.util.FileUtils.chmod(FileUtils.java:44)
10-16 09:41:41.268 W/FileUtils( 522): at com.android.server.wifi.WifiConfigStore$StoreFile.writeBufferedRawData(WifiConfigStore.java:941)
10-16 09:41:41.268 W/FileUtils( 522): at com.android.server.wifi.WifiConfigStore.writeBufferedData(WifiConfigStore.java:506)
10-16 09:41:41.268 W/FileUtils( 522): at com.android.server.wifi.WifiConfigStore.write(WifiConfigStore.java:430)
10-16 09:41:41.268 W/FileUtils( 522): at com.android.server.wifi.WifiConfigManager.saveToStore(WifiConfigManager.java:3386)
10-16 09:41:41.268 W/FileUtils( 522): at com.android.server.wifi.WifiSettingsConfigStore.lambda$triggerSaveToStoreAndInvokeAllListeners$1(WifiSettingsConfigStore.java:176)
10-16 09:41:41.268 W/FileUtils( 522): at com.android.server.wifi.WifiSettingsConfigStore.$r8$lambda$WnnFUIWIh9IlN-FFHL0orNEdHVI(Unknown Source:0)
10-16 09:41:41.268 W/FileUtils( 522): at com.android.server.wifi.WifiSettingsConfigStore$$ExternalSyntheticLambda0.run(Unknown Source:2)
10-16 09:41:41.268 W/FileUtils( 522): at android.os.Handler.handleCallback(Handler.java:938)
10-16 09:41:41.268 W/FileUtils( 522): at android.os.Handler.dispatchMessage(Handler.java:99)
10-16 09:41:41.268 W/FileUtils( 522): at android.os.Looper.loopOnce(Looper.java:201)
10-16 09:41:41.268 W/FileUtils( 522): at android.os.Looper.loop(Looper.java:288)
10-16 09:41:41.268 W/FileUtils( 522): at android.os.HandlerThread.run(HandlerThread.java:67)
10-16 09:41:41.269 D/WifiConfigStore( 522): Writing to stores completed in 2 ms.
10-16 09:41:41.270 D/WifiHWInfo( 721): Start to load wireless module hardware info table...
10-16 09:41:41.271 D/WifiHWInfo( 721): Entry [01], BUS: SDIO, ID: 0x024C8179, Name: rtl8189es.
10-16 09:41:41.271 D/WifiHWInfo( 721): Entry [02], BUS: SDIO, ID: 0x024CB723, Name: rtl8723bs_vq0.
10-16 09:41:41.271 D/WifiHWInfo( 721): Entry [03], BUS: SDIO, ID: 0x024CB703, Name: rtl8723cs.
10-16 09:41:41.271 D/WifiHWInfo( 721): Entry [04], BUS: SDIO, ID: 0x024CD723, Name: rtl8723ds.
10-16 09:41:41.271 D/WifiHWInfo( 721): Entry [05], BUS: SDIO, ID: 0x024CF179, Name: rtl8189fs.
10-16 09:41:41.271 D/WifiHWInfo( 721): Entry [06], BUS: SDIO, ID: 0x024CB822, Name: rtl88x2bs.
10-16 09:41:41.271 D/WifiHWInfo( 721): Entry [07], BUS: USB, ID: 0x0BDAD723, Name: rtl8723du.
10-16 09:41:41.271 D/WifiHWInfo( 721): Entry [08], BUS: USB, ID: 0x0BDA8179, Name: rtl8188etv.
10-16 09:41:41.271 D/WifiHWInfo( 721): Entry [09], BUS: USB, ID: 0x0BDA0179, Name: rtl8188eu.
10-16 09:41:41.271 D/WifiHWInfo( 721): Entry [10], BUS: USB, ID: 0x0BDA818B, Name: rtl8192eu.
10-16 09:41:41.271 D/WifiHWInfo( 721): Entry [11], BUS: USB, ID: 0x0BDAB720, Name: rtl8723bu.
10-16 09:41:41.271 D/WifiHWInfo( 721): Entry [12], BUS: USB, ID: 0x0BDAC82C, Name: rtl8822cu.
10-16 09:41:41.271 D/WifiHWInfo( 721): Entry [13], BUS: USB, ID: 0x0BDAF179, Name: rtl8188fu.
10-16 09:41:41.271 D/WifiHWInfo( 721): Entry [14], BUS: SDIO, ID: 0x02D0A9A6, Name: ap6212.
10-16 09:41:41.271 D/WifiHWInfo( 721): Entry [15], BUS: SDIO, ID: 0x02D04330, Name: ap6330.
10-16 09:41:41.271 D/WifiHWInfo( 721): Entry [16], BUS: SDIO, ID: 0x02D04356, Name: ap6356s.
10-16 09:41:41.271 D/WifiHWInfo( 721): Entry [17], BUS: SDIO, ID: 0x02D0A9BF, Name: ap6255.
10-16 09:41:41.271 D/WifiHWInfo( 721): Entry [18], BUS: SDIO, ID: 0x02D04334, Name: bcm43342.
10-16 09:41:41.271 D/WifiHWInfo( 721): Entry [19], BUS: SDIO, ID: 0x00202281, Name: xr819.
10-16 09:41:41.271 D/WifiHWInfo( 721): Entry [20], BUS: SDIO, ID: 0x0A9E2282, Name: xr829.
10-16 09:41:41.271 D/WifiHWInfo( 721): Entry [21], BUS: SDIO, ID: 0x0271050A, Name: qca6174a.
10-16 09:41:41.271 D/WifiHWInfo( 721): Entry [22], BUS: SDIO, ID: 0x30303030, Name: ssv6x5x.
10-16 09:41:41.271 D/WifiHWInfo( 721): Entry [23], BUS: SDIO, ID: 0x00000000, Name: uwe5621.
10-16 09:41:41.271 D/WifiHWInfo( 721): Entry [24], BUS: SDIO, ID: 0x54490145, Name: aic8800.
10-16 09:41:41.271 D/WifiHWInfo( 721): Entry [25], BUS: SDIO, ID: 0xC8A1C08D, Name: aic8800.
10-16 09:41:41.271 D/WifiHWInfo( 721): Entry [26], BUS: USB, ID: 0xA69C8800, Name: aic8800.
10-16 09:41:41.271 D/WifiHWInfo( 721): Entry [27], BUS: USB, ID: 0x007A8888, Name: atbm6023is.
10-16 09:41:41.271 D/WifiHWInfo( 721): Entry [28], BUS: SDIO, ID: 0x02E79086, Name: 9012p.
10-16 09:41:41.271 D/WifiHWInfo( 721): Entry [29], BUS: SDIO, ID: 0x007A6011, Name: atbm613x_wifi_sdio.
10-16 09:41:41.271 D/WifiHWInfo( 721): Entry [30], BUS: SDIO, ID: 0x024CC822, Name: 88x2cs.
10-16 09:41:41.271 D/WifiHWInfo( 721): Entry [31], BUS: SDIO, ID: 0x000018F0, Name: dummy.
10-16 09:41:41.271 W/android.hardware.wifi@1.0-service-lazy( 721): DRIVER_MODULE_TAG: sprdwl_ng : Success
10-16 09:41:41.272 I/android.hardware.wifi@1.0-service-lazy( 721): driver_module_path: /vendor/lib/modules/sprdwl_ng.ko
10-16 09:41:41.272 I/android.hardware.wifi@1.0-service-lazy( 721): driver_module_arg:
10-16 09:41:41.279 W/DefaultPermGrantPolicy( 522): Permission not found: android.permission.MEDIA_SESSION
10-16 09:41:41.280 W/DefaultPermGrantPolicy( 522): Permission not found: com.google.android.assistant.READ_HOTWORD_STATE
10-16 09:41:41.280 W/DefaultPermGrantPolicy( 522): Permission not found: com.google.android.assistant.WRITE_HOTWORD_STATE
10-16 09:41:41.280 W/DefaultPermGrantPolicy( 522): Permission not found: android.permission.READ_MEDIA_STORAGE
10-16 09:41:41.281 W/DefaultPermGrantPolicy( 522): Permission not found: mimir.permission.service.update
10-16 09:41:41.281 W/DefaultPermGrantPolicy( 522): Permission not found: android.permission.HI_SYSTEM_MANAGER_SERVICE
10-16 09:41:41.282 W/DefaultPermGrantPolicy( 522): Permission not found: android.permission_ACCESS_WIFI_STATE
10-16 09:41:41.282 W/DefaultPermGrantPolicy( 522): Permission not found: com.google.android.permission.INSTALL_WEARABLE_PACKAGES
10-16 09:41:41.282 W/DefaultPermGrantPolicy( 522): Permission not found: android.permission.HDMI_CONTROL
10-16 09:41:41.282 W/DefaultPermGrantPolicy( 522): Permission not found: android.permission.UPDATE_ENGINE
10-16 09:41:41.285 W/DefaultPermGrantPolicy( 522): Permission not found: android.permission.MANAGE_WIFI_WHEN_WIRELESS_CONSENT_REQUIRED
10-16 09:41:41.288 W/DefaultPermGrantPolicy( 522): Permission not found: android.car.permission.CONTROL_CAR_CLIMATE
10-16 09:41:41.288 W/DefaultPermGrantPolicy( 522): Permission not found: android.car.permission.CAR_CONTROL_AUDIO_VOLUME
10-16 09:41:41.288 W/DefaultPermGrantPolicy( 522): Permission not found: android.permission.NEARBY_WIFI_DEVICES
10-16 09:41:41.290 I/DefaultPermGrantPolicy( 522): Granting permissions to default platform handlers for user 0
10-16 09:41:41.291 W/VoiceInteractionManager( 522): no available voice interaction services found for user 0
10-16 09:41:41.292 W/VoiceInteractionManager( 522): no available voice recognition services found for user 0
10-16 09:41:41.296 I/SyncManager( 522): No initial accounts
10-16 09:41:41.307 D/XM_HIDREAD( 323): add@ add@/bus/platform/drivers/unisoc_wifi
10-16 09:41:41.311 D/XM_HIDREAD( 323): add@ add@/devices/platform/unisoc_wifi
10-16 09:41:41.318 I/WCN ( 721): start_marlin [MARLIN_WIFI]
10-16 09:41:41.318 D/ ( 721): CPU: 1 PID: 721 Comm: wifi@1.0-servic Tainted: G O 5.4.125+ #1
10-16 09:41:41.318 D/Hardware name( 721): sun50iw9 (DT)
10-16 09:41:41.318 D/Call trace( 721):
10-16 09:41:41.318 D/ ( 721): dump_backtrace.cfi_jt+0x0/0x4
10-16 09:41:41.318 D/ ( 721): dump_stack+0xbc/0x104
10-16 09:41:41.318 D/ ( 721): marlin_set_power+0x2c/0x78c [uwe5621_bsp_sdio]
10-16 09:41:41.318 D/ ( 721): start_marlin+0xbc/0x14c [uwe5621_bsp_sdio]
10-16 09:41:41.318 D/ ( 721): sprdwl_probe+0x28/0x3f4 [sprdwl_ng]
10-16 09:41:41.318 D/ ( 721): platform_drv_probe+0xac/0xf0
10-16 09:41:41.318 D/ ( 721): really_probe+0x340/0x8f8
10-16 09:41:41.318 D/ ( 721): driver_probe_device+0x70/0x144
10-16 09:41:41.318 D/ ( 721): __device_attach_driver+0x14c/0x210
10-16 09:41:41.318 D/ ( 721): bus_for_each_drv+0x98/0x10c
10-16 09:41:41.318 D/ ( 721): __device_attach.llvm.14547616182355937686+0x108/0x1a8
10-16 09:41:41.318 D/ ( 721): bus_probe_device+0x3c/0xdc
10-16 09:41:41.318 D/ ( 721): device_add+0x950/0xb78
10-16 09:41:41.318 D/ ( 721): platform_device_add+0x90/0x260
10-16 09:41:41.318 D/ ( 721): init_module+0x48/0xfc4 [sprdwl_ng]
10-16 09:41:41.318 D/ ( 721): do_one_initcall+0xc4/0x238
10-16 09:41:41.318 D/ ( 721): do_init_module+0x58/0x2e0
10-16 09:41:41.318 D/ ( 721): load_module+0x31b8/0x3a40
10-16 09:41:41.318 D/ ( 721): __arm64_sys_finit_module+0xbc/0x120
10-16 09:41:41.318 D/ ( 721): el0_svc_common+0xb8/0x1cc
10-16 09:41:41.318 D/ ( 721): el0_svc_compat_handler+0x1c/0x28
10-16 09:41:41.318 D/ ( 721): el0_svc_compat+0x8/0x24
10-16 09:41:41.318 I/WCN ( 721): marlin power state:0, subsys: [MARLIN_WIFI] power 1
10-16 09:41:41.318 I/WCN ( 721): the first power on start
10-16 09:41:41.318 W/DefaultPermGrantPolicy( 522): Permission not found: com.google.android.googleapps.permission.GOOGLE_AUTH
10-16 09:41:41.318 W/DefaultPermGrantPolicy( 522): Permission not found: com.google.android.googleapps.permission.GOOGLE_AUTH.cl
10-16 09:41:41.319 W/DefaultPermGrantPolicy( 522): Permission not found: android.permission.PROCESS_PHONE_ACCOUNT_REGISTRATION
10-16 09:41:41.320 W/DefaultPermGrantPolicy( 522): Permission not found: com.google.android.setupwizard.SETUP_COMPAT_SERVICE
10-16 09:41:41.328 E/DefaultPermGrantPolicy( 522): Package not found: org.xbmc.kodi
10-16 09:41:41.328 W/DefaultPermGrantPolicy( 522): No such package:org.xbmc.kodi
10-16 09:41:41.329 E/DefaultPermGrantPolicy( 522): Package not found: cm.aptoidetv.pt
10-16 09:41:41.329 W/DefaultPermGrantPolicy( 522): No such package:cm.aptoidetv.pt
10-16 09:41:41.329 E/DefaultPermGrantPolicy( 522): Package not found: com.softwinner.TvdFileManager
10-16 09:41:41.329 W/DefaultPermGrantPolicy( 522): No such package:com.softwinner.TvdFileManager
10-16 09:41:41.329 E/DefaultPermGrantPolicy( 522): Package not found: com.softwinner.TvdVideo
10-16 09:41:41.329 W/DefaultPermGrantPolicy( 522): No such package:com.softwinner.TvdVideo
10-16 09:41:41.329 E/DefaultPermGrantPolicy( 522): Package not found: com.android.chrome
10-16 09:41:41.329 W/DefaultPermGrantPolicy( 522): No such package:com.android.chrome
10-16 09:41:41.329 E/DefaultPermGrantPolicy( 522): Package not found: com.android.vending
10-16 09:41:41.329 W/DefaultPermGrantPolicy( 522): No such package:com.android.vending
10-16 09:41:41.330 E/DefaultPermGrantPolicy( 522): Package not found: com.google.android.tts
10-16 09:41:41.330 W/DefaultPermGrantPolicy( 522): No such package:com.google.android.tts
10-16 09:41:41.330 E/DefaultPermGrantPolicy( 522): Package not found: com.google.android.youtube.tv
10-16 09:41:41.330 W/DefaultPermGrantPolicy( 522): No such package:com.google.android.youtube.tv
10-16 09:41:41.330 E/DefaultPermGrantPolicy( 522): Package not found: com.google.android.katniss
10-16 09:41:41.330 W/DefaultPermGrantPolicy( 522): No such package:com.google.android.katniss
10-16 09:41:41.330 E/DefaultPermGrantPolicy( 522): Package not found: com.google.android.gms
10-16 09:41:41.330 W/DefaultPermGrantPolicy( 522): No such package:com.google.android.gms
10-16 09:41:41.341 I/SystemServerTiming( 522): MakeDisplayManagerServiceReady
10-16 09:41:41.342 I/system_server( 522): Background young concurrent copying GC freed 64628(3537KB) AllocSpace objects, 11(412KB) LOS objects, 31% free, 7120KB/10MB, paused 279us total 123.607ms
10-16 09:41:41.343 W/JHwRemoteBinder( 522): BinderProxy is being destroyed but the application did not call unlinkToDeath to unlink all of its death recipients beforehand. Releasing leaked death recipient: com.android.server.usb.UsbDeviceManager$UsbHandlerHal$UsbGadgetDeathRecipient
10-16 09:41:41.346 E/DisplayModeDirector( 522): Asked about unknown display, returning empty display mode specs!(id=0)
10-16 09:41:41.347 E/DisplayModeDirector( 522): Asked about unknown display, returning empty display mode specs!(id=0)
10-16 09:41:41.349 I/SystemServerTiming( 522): StartDeviceSpecificServices
10-16 09:41:41.349 I/SystemServerTiming( 522): GameManagerService
10-16 09:41:41.349 I/SystemServiceManager( 522): Starting com.android.server.app.GameManagerService$Lifecycle
10-16 09:41:41.355 I/SystemServerTiming( 522): StartBootPhaseDeviceSpecificServicesReady
10-16 09:41:41.355 I/SystemServiceManager( 522): Starting phase 520
10-16 09:41:41.355 I/SystemServerTiming( 522): OnBootPhase_520
10-16 09:41:41.355 D/SoundTriggerService( 522): onBootPhase: 520 : false
10-16 09:41:41.356 I/SystemServerTiming( 522): AppSearchManagerService
10-16 09:41:41.357 I/SystemServiceManager( 522): Starting com.android.server.appsearch.AppSearchManagerService
10-16 09:41:41.360 I/SystemServerTiming( 522): StartMediaCommunicationService
10-16 09:41:41.360 I/SystemServiceManager( 522): Starting com.android.server.media.MediaCommunicationService
10-16 09:41:41.363 I/SystemServerTiming( 522): PhaseActivityManagerReady
10-16 09:41:41.363 I/SystemServerTiming( 522): controllersReady
10-16 09:41:41.367 I/SystemServerTimingAsync( 522): InitThreadPoolExec:Update app-ops uidState in case package android changed
10-16 09:41:41.367 D/SystemServerInitThreadPool( 522): Started executing Update app-ops uidState in case package android changed
10-16 09:41:41.367 D/SystemServerInitThreadPool( 522): Finished executing Update app-ops uidState in case package android changed
10-16 09:41:41.368 I/SystemServerTiming( 522): killProcesses
10-16 09:41:41.368 I/ActivityManager( 522): System now ready
10-16 09:41:41.369 I/SystemServerTiming( 522): updateTopComponentForFactoryTest
10-16 09:41:41.369 I/SystemServerTiming( 522): registerActivityLaunchObserver
10-16 09:41:41.369 I/SystemServerTiming( 522): watchDeviceProvisioning
10-16 09:41:41.370 I/SystemServerTiming( 522): retrieveSettings
10-16 09:41:41.373 I/ActivityTaskManager( 522): Config changes=10000000 {1.0 ?mcc?mnc [zh_CN] ldltr sw720dp w1280dp h696dp 240dpi xlrg long land television -touch qwerty/v/v dpad/v winConfig={ mBounds=Rect(0, 0 - 1920, 1080) mAppBounds=Rect(0, 0 - 1920, 1080) mMaxBounds=Rect(0, 0 - 1920, 1080) mWindowingMode=fullscreen mDisplayWindowingMode=fullscreen mActivityType=undefined mAlwaysOnTop=undefined mRotation=ROTATION_0} s.6 fontWeightAdjustment=0}
10-16 09:41:41.374 I/WindowManager( 522): Override config changes=10000000 {1.0 ?mcc?mnc [zh_CN] ldltr sw720dp w1280dp h696dp 240dpi xlrg long land television -touch qwerty/v/v dpad/v winConfig={ mBounds=Rect(0, 0 - 1920, 1080) mAppBounds=Rect(0, 0 - 1920, 1080) mMaxBounds=Rect(0, 0 - 1920, 1080) mWindowingMode=fullscreen mDisplayWindowingMode=fullscreen mActivityType=undefined mAlwaysOnTop=undefined mRotation=ROTATION_0} s.6 fontWeightAdjustment=0} for displayId=0
10-16 09:41:41.377 I/SystemServerTiming( 522): Ugm.onSystemReady
10-16 09:41:41.378 I/SystemServerTiming( 522): updateForceBackgroundCheck
10-16 09:41:41.378 I/SystemServer( 522): Making services ready
10-16 09:41:41.378 I/SystemServerTiming( 522): StartActivityManagerReadyPhase
10-16 09:41:41.378 I/SystemServiceManager( 522): Starting phase 550
10-16 09:41:41.378 I/SystemServerTiming( 522): OnBootPhase_550
10-16 09:41:41.380 I/hwservicemanager( 182): getTransport: Cannot find entry android.hardware.thermal@2.0::IThermal/default in either framework or device VINTF manifest.
10-16 09:41:41.380 E/ThermalHalWrapper( 522): Thermal HAL 2.0 service not connected.
10-16 09:41:41.381 I/hwservicemanager( 182): getTransport: Cannot find entry android.hardware.thermal@1.1::IThermal/default in either framework or device VINTF manifest.
10-16 09:41:41.381 E/ThermalHalWrapper( 522): Thermal HAL 1.1 service not connected.
10-16 09:41:41.381 I/hwservicemanager( 182): getTransport: Cannot find entry android.hardware.thermal@1.0::IThermal/default in either framework or device VINTF manifest.
10-16 09:41:41.382 E/ThermalHalWrapper( 522): Thermal HAL 1.0 service not connected.
10-16 09:41:41.382 W/ThermalManagerService( 522): No Thermal HAL service on this device
10-16 09:41:41.384 W/ActivityManager( 522): Unable to start service Intent { act=com.android.ITelecomService cmp=com.android.server.telecom/.components.TelecomService } U=0: not found
10-16 09:41:41.384 D/BluetoothManagerService( 522): Bluetooth boot completed
10-16 09:41:41.385 D/BluetoothManagerService( 522): Auto-enabling Bluetooth.
10-16 09:41:41.385 D/BluetoothManagerService( 522): MESSAGE_ENABLE(0): mBluetooth = null
10-16 09:41:41.385 D/BluetoothManagerService( 522): binding Bluetooth service
10-16 09:41:41.386 D/BluetoothA2dp( 522): Binding service...
10-16 09:41:41.389 D/CompatibilityChangeReporter( 522): Compat change id reported: 135634846; UID 1002; state: DISABLED
10-16 09:41:41.390 I/BluetoothAirplaneModeListener( 522): start
10-16 09:41:41.403 W/IorapForwardingService( 522): No service published for: iorapd
10-16 09:41:41.403 W/InputMethodUtils( 522): Found no fallback locale. imis=[InputMethodInfo{com.sohu.inputmethod.sogou.tv/.SogouIME, settings: com.sohu.inputmethod.sogou.SogouIMESettingsLauncher}]
10-16 09:41:41.404 D/Zygote ( 244): Forked child process 733
10-16 09:41:41.406 W/InputMethodUtils( 522): No software keyboard is found. imis=[InputMethodInfo{com.sohu.inputmethod.sogou.tv/.SogouIME, settings: com.sohu.inputmethod.sogou.SogouIMESettingsLauncher}] systemLocale=zh_CN fallbackLocale=null
10-16 09:41:41.407 I/ActivityManager( 522): app.processName = com.android.bluetooth
10-16 09:41:41.407 I/ActivityManager( 522): Start proc 733:com.android.bluetooth/1002 for service {com.android.bluetooth/com.android.bluetooth.btservice.AdapterService}
10-16 09:41:41.408 I/rainbow_flow( 329): type=1400 audit(0.0:320): avc: denied { ioctl } for path="/dev/spidev1.0" dev="tmpfs" ino=1337 ioctlcmd=0x6b00 scontext=u:r:init:s0 tcontext=u:object_r:device:s0 tclass=chr_file permissive=1
10-16 09:41:41.413 I/Zygote ( 733): seccomp disabled by setenforce 0
10-16 09:41:41.421 I/LockSettingsService( 522): Migrated migrated_frp.
10-16 09:41:41.421 I/RebootEscrowManager( 522): No reboot escrow data found for users, skipping loading escrow data
10-16 09:41:41.424 I/WallpaperManagerService( 522): No static wallpaper imagery; defaults will be shown
10-16 09:41:41.424 V/WallpaperManagerService( 522): bindWallpaperComponentLocked: componentName=ComponentInfo{com.android.systemui/com.android.systemui.ImageWallpaper}
10-16 09:41:41.428 I/adbd ( 381): jdwp connection from 733
