10-16 09:41:46.511 D/BluetoothAdapterService( 733): updateAdapterState() - Broadcasting state ON to 1 receivers.
10-16 09:41:46.511 D/BluetoothManagerService( 522): MESSAGE_BLUETOOTH_STATE_CHANGE: TURNING_ON > ON
10-16 09:41:46.512 D/BluetoothManagerService( 522): Broadcasting onBluetoothStateChange(true) to 4 receivers.
10-16 09:41:46.512 D/BluetoothHeadset( 522): onBluetoothStateChange: up=true
10-16 09:41:46.512 D/BluetoothManagerService( 522): Creating new ProfileServiceConnections object for profile: 1
10-16 09:41:46.512 I/bluetooth( 733): system/bt/btif/src/btif_sock_l2cap.cc:316 btsock_l2cap_alloc_l: Allocated l2cap socket structure socket_id:1
10-16 09:41:46.513 I/bt_l2cap( 733): system/bt/stack/l2cap/l2c_api.cc:134 L2CA_Register: L2CAP Registered service classic PSM: 0x1001
10-16 09:41:46.513 I/bluetooth( 733): system/bt/btif/src/btif_sock_l2cap.cc:341 send_app_psm_or_chan_l: Sending l2cap socket socket_id:1 channel:4097
10-16 09:41:46.513 D/BluetoothAdapter( 733): listenUsingL2capOn: set assigned channel to 4097
10-16 09:41:46.513 D/ObexServerSockets( 733): Succeed to create listening sockets
10-16 09:41:46.513 D/ObexServerSockets0( 733): startAccept()
10-16 09:41:46.515 D/PackageManager( 522): Instant App installer not found with android.intent.action.INSTALL_INSTANT_APP_PACKAGE
10-16 09:41:46.516 D/PackageManager( 522): Clear ephemeral installer activity
10-16 09:41:46.518 D/BluetoothSdpJni( 733): sdpCreatePbapPseRecordNative
10-16 09:41:46.518 I/bt_bta_dm( 733): system/bt/bta/dm/bta_dm_act.cc:3191 bta_dm_eir_update_uuid: EIR Adding UUID=0x112F into extended inquiry response
10-16 09:41:46.518 I/bt_bta_dm( 733): system/bt/bta/dm/bta_dm_act.cc:2890 bta_dm_set_eir: Generating extended inquiry response packet EIR
10-16 09:41:46.518 D/BluetoothSdpJni( 733): SDP Create record success - handle: 0
10-16 09:41:46.518 D/BluetoothPbapService( 733): created Sdp record, mSdpHandle=0
10-16 09:41:46.519 D/BluetoothManagerService( 522): Sending BLE State Change: TURNING_ON > ON
10-16 09:41:46.520 D/BluetoothManagerService( 522): Sending State Change: TURNING_ON > ON
10-16 09:41:46.521 D/ObexServerSockets0( 733): Accepting socket connection...
10-16 09:41:46.521 D/ObexServerSockets0( 733): Accepting socket connection...
10-16 09:41:46.527 D/LocalBluetoothProfileManager( 748): Adding local A2DP profile
10-16 09:41:46.529 D/BluetoothActiveDeviceManager( 733): handleMessage(MESSAGE_ADAPTER_ACTION_STATE_CHANGED): newState=12
10-16 09:41:46.530 D/BluetoothA2dp( 748): Binding service...
10-16 09:41:46.535 D/BluetoothAdapterService( 733): isQuetModeEnabled() - Enabled = false
10-16 09:41:46.536 I/BluetoothPhonePolicy( 733): autoConnect: Initiate auto connection on BT on...
10-16 09:41:46.536 D/BluetoothDatabase( 733): getMostRecentlyConnectedA2dpDevice: Invalid address for device LocalStorage
10-16 09:41:46.537 E/BluetoothPhonePolicy( 733): autoConnect: most recently active a2dp device is null
10-16 09:41:46.537 D/BtOppService( 733): start Socket Listeners
10-16 09:41:46.537 D/BtOppService( 733): stopListeners: mServerSocket is null
10-16 09:41:46.537 D/ObexServerSockets( 733): create(rfcomm = -2, l2capPsm = -2)
10-16 09:41:46.537 D/LocalBluetoothProfileManager( 748): Adding local HEADSET profile
10-16 09:41:46.538 D/BluetoothA2dp( 748): Proxy object connected
10-16 09:41:46.541 I/bt_btif_sock_rfcomm( 733): system/bt/btif/src/btif_sock_rfc.cc:303 btsock_rfc_listen: Adding listening socket service_name: (null) - channel: -2
10-16 09:41:46.542 I/bt_stack( 733): [INFO:port_api.cc(234)] RFCOMM_CreateConnection: bd_addr=ff:ff:ff:ff:ff:ff, scn=5, is_server=1, mtu=990, uuid=000000, dlci=10, signal_state=0x0b, p_port=0xcc014c0c
10-16 09:41:46.542 D/BluetoothAdapter( 733): listenUsingInsecureL2capOn: port=-2
10-16 09:41:46.543 D/LocalBluetoothProfileManager( 748): Adding local MAP profile
10-16 09:41:46.544 D/BluetoothMap( 748): Create BluetoothMap proxy object
10-16 09:41:46.545 D/BluetoothMap( 748): Binding service...
10-16 09:41:46.545 I/bluetooth( 733): system/bt/btif/src/btif_sock_l2cap.cc:316 btsock_l2cap_alloc_l: Allocated l2cap socket structure socket_id:2
10-16 09:41:46.546 I/bt_l2cap( 733): system/bt/stack/l2cap/l2c_api.cc:134 L2CA_Register: L2CAP Registered service classic PSM: 0x1003
10-16 09:41:46.546 I/bluetooth( 733): system/bt/btif/src/btif_sock_l2cap.cc:341 send_app_psm_or_chan_l: Sending l2cap socket socket_id:2 channel:4099
10-16 09:41:46.547 D/BluetoothAdapter( 733): listenUsingInsecureL2capOn: set assigned channel to 4099
10-16 09:41:46.547 D/ObexServerSockets( 733): Succeed to create listening sockets
10-16 09:41:46.547 D/ObexServerSockets1( 733): startAccept()
10-16 09:41:46.548 D/BluetoothSdpJni( 733): sdpCreateOppOpsRecordNative
10-16 09:41:46.548 D/BluetoothSdpJni( 733): SDP Create record success - handle: 1
10-16 09:41:46.548 D/BtOppService( 733): mOppSdpHandle :1
10-16 09:41:46.548 I/bt_bta_dm( 733): system/bt/bta/dm/bta_dm_act.cc:3191 bta_dm_eir_update_uuid: EIR Adding UUID=0x1105 into extended inquiry response
10-16 09:41:46.548 I/bt_bta_dm( 733): system/bt/bta/dm/bta_dm_act.cc:2890 bta_dm_set_eir: Generating extended inquiry response packet EIR
10-16 09:41:46.548 D/ObexServerSockets1( 733): Accepting socket connection...
10-16 09:41:46.549 D/ObexServerSockets1( 733): Accepting socket connection...
10-16 09:41:46.554 D/BluetoothMap( 748): Proxy object connected
10-16 09:41:46.555 D/LocalBluetoothProfileManager( 748): Adding local OPP profile
10-16 09:41:46.555 D/BluetoothMap( 748): getConnectedDevices()
10-16 09:41:46.556 D/LocalBluetoothProfileManager( 748): Adding local HID_HOST profile
10-16 09:41:46.558 D/BluetoothHidHost( 748): Binding service...
10-16 09:41:46.564 D/BluetoothHidHost( 748): Proxy object connected
10-16 09:41:46.567 D/LocalBluetoothProfileManager( 748): Adding local HID_DEVICE profile
10-16 09:41:46.569 D/BluetoothHidDevice( 748): Binding service...
10-16 09:41:46.574 D/LocalBluetoothProfileManager( 748): Adding local PAN profile
10-16 09:41:46.575 D/BluetoothHidDevice( 748): Proxy object connected
10-16 09:41:46.576 D/BluetoothPan( 748): Binding service...
10-16 09:41:46.581 D/LocalBluetoothProfileManager( 748): Adding local PBAP profile
10-16 09:41:46.581 D/BluetoothPan( 748): Proxy object connected
10-16 09:41:46.620 D/BluetoothHeadset( 522): Proxy object connected
10-16 09:41:46.622 I/AS.BtHelper( 522): setBtScoActiveDevice: (null) -> (null)
10-16 09:41:46.641 D/BluetoothHeadset( 748): Proxy object connected
10-16 09:41:46.668 I/rainbow_flow( 329): type=1400 audit(0.0:369): avc: denied { ioctl } for path="/dev/spidev1.0" dev="tmpfs" ino=1337 ioctlcmd=0x6b00 scontext=u:r:init:s0 tcontext=u:object_r:device:s0 tclass=chr_file permissive=1
10-16 09:41:46.688 W/WindowManager( 522): Failed looking up window session=Session{f12aef8 976:u0a10021} callers=com.android.server.wm.WindowManagerService.windowForClientLocked:5702 com.android.server.wm.Session.insetsModified:629 android.view.IWindowSession$Stub.onTransact:1151
10-16 09:41:46.702 D/awplayer( 355): : setLooping
10-16 09:41:46.703 D/awplayer( 355): : setLooping
10-16 09:41:46.703 D/awplayer( 355): : start
10-16 09:41:46.705 W/awplayer( 355): : input invalid args.
10-16 09:41:46.705 D/awplayer( 355): : start
10-16 09:41:46.705 D/awplayer( 355): : process message XPLAYER_COMMAND_START.
10-16 09:41:46.705 D/awplayer( 355): : player start
10-16 09:41:46.705 D/awplayer( 355): : audio decoder receive cmd: start
10-16 09:41:46.706 D/Allwinner Audio Middle Layer( 355): ver : 2017-8-4-18-00 Create Decoder!!=====
10-16 09:41:46.706 D/awplayer( 355): : Create libadecoder success...
10-16 09:41:46.706 D/Allwinner Audio Middle Layer( 355): ver : 2017-8-4-18-00 AudioDec_Installaudiolib ok
10-16 09:41:46.706 D/Allwinner Audio Middle Layer( 355): ver : 2017-8-4-18-00 audio decoder init start ...
10-16 09:41:46.706 D/AllwinnerAlibs( 355): ver : 2017-8-4-18-00
10-16 09:41:46.706 D/AllwinnerAlibs( 355): >>>>>>>>>>>>>>>>>>>>>>>>>>>>>>> Audio <<<<<<<<<<<<<<<<<<<<<<<<<<<<<<<
10-16 09:41:46.706 D/AllwinnerAlibs( 355): tag : audiocodec-v1.2
10-16 09:41:46.706 D/AllwinnerAlibs( 355): branch: new
10-16 09:41:46.706 D/AllwinnerAlibs( 355): commit: 3ba65962c01cbf1280ddda19d843009b6ef8ce85
10-16 09:41:46.706 D/AllwinnerAlibs( 355): date : Tue Jan 8 16:25:27 2019 +0800
10-16 09:41:46.706 D/AllwinnerAlibs( 355): ----------------------------------------------------------------------
10-16 09:41:46.707 D/AllwinnerAlibs( 355): ver : 2017-8-4-18-00 ----Loading so success!
10-16 09:41:46.707 D/AllwinnerAlibs( 355): ver : 2017-8-4-18-00 *************pAudioStreamInfo start******************
10-16 09:41:46.707 D/AllwinnerAlibs( 355): ver : 2017-8-4-18-00 eCodecFormat :id(3), name(mpeg layer-III)
10-16 09:41:46.707 D/AllwinnerAlibs( 355): ver : 2017-8-4-18-00 eSubCodecFormat :0
10-16 09:41:46.707 D/AllwinnerAlibs( 355): ver : 2017-8-4-18-00 nChannelNum :1
10-16 09:41:46.707 D/AllwinnerAlibs( 355): ver : 2017-8-4-18-00 nBitsPerSample :16
10-16 09:41:46.707 D/AllwinnerAlibs( 355): ver : 2017-8-4-18-00 nSampleRate :16000
10-16 09:41:46.707 D/AllwinnerAlibs( 355): ver : 2017-8-4-18-00 nAvgBitrate :48000
10-16 09:41:46.708 D/AllwinnerAlibs( 355): ver : 2017-8-4-18-00 nMaxBitRate :48000
10-16 09:41:46.708 D/AllwinnerAlibs( 355): ver : 2017-8-4-18-00 nFileSize :0
10-16 09:41:46.708 D/AllwinnerAlibs( 355): ver : 2017-8-4-18-00 eAudioBitstreamSource:0
10-16 09:41:46.708 D/AllwinnerAlibs( 355): ver : 2017-8-4-18-00 eDataEncodeType :0
10-16 09:41:46.708 D/AllwinnerAlibs( 355): ver : 2017-8-4-18-00 nCodecSpecificDataLen:0
10-16 09:41:46.708 D/AllwinnerAlibs( 355): ver : 2017-8-4-18-00 pCodecSpecificData :0x0
10-16 09:41:46.708 D/AllwinnerAlibs( 355): ver : 2017-8-4-18-00 nFlags :0
10-16 09:41:46.708 D/AllwinnerAlibs( 355): ver : 2017-8-4-18-00 nBlockAlign :0
10-16 09:41:46.708 D/AllwinnerAlibs( 355): ver : 2017-8-4-18-00 *************pAudioStreamInfo end ******************
10-16 09:41:46.708 D/Allwinner Audio Libs( 355): ver : 2017-8-4-18-00 init successs...
10-16 09:41:46.708 D/Allwinner Audio Middle Layer( 355): ver : 2017-8-4-18-00 AUDIO DECODE INIT OK...0
10-16 09:41:46.708 D/awplayer( 355): : audio render receive cmd: start
10-16 09:41:46.708 I/awplayer( 355): : audio render process start message.
10-16 09:41:46.708 D/awplayer( 355): : init sound device.
10-16 09:41:46.708 D/awplayer( 355): : set sound devide param, sample rate = 16000, channel num = 1.
10-16 09:41:46.708 W/awplayer( 355): : message 0x40a not handled.
10-16 09:41:46.709 D/demuxComponent( 355): : process message DEMUX_COMMAND_START.
10-16 09:41:46.710 W/awplayer( 355): : eos...
10-16 09:41:46.710 D/awplayer( 355): : audio decoder receive cmd: eos
10-16 09:41:46.713 D/awplayer( 355): : audio render receive cmd: eos
10-16 09:41:46.714 I/awplayer( 355): : audio render process set_eos message.
10-16 09:41:46.714 D/awplayer( 355): : start sound device.
10-16 09:41:46.714 D/awplayer( 355): <__SdStart:279>: : start
10-16 09:41:46.724 I/Thread-2( 976): type=1400 audit(0.0:370): avc: denied { search } for name="net" dev="sysfs" ino=10442 scontext=u:r:platform_app:s0:c512,c768 tcontext=u:object_r:sysfs_net:s0 tclass=dir permissive=1 app=com.dangbei.hqguide
10-16 09:41:46.724 I/Thread-2( 976): type=1400 audit(0.0:371): avc: denied { read } for name="address" dev="sysfs" ino=16906 scontext=u:r:platform_app:s0:c512,c768 tcontext=u:object_r:sysfs_net:s0 tclass=file permissive=1 app=com.dangbei.hqguide
10-16 09:41:46.727 D/AudioFlinger( 269): Client defaulted notificationFrames to 870 for frameCount 1740
10-16 09:41:46.724 I/Thread-2( 976): type=1400 audit(0.0:372): avc: denied { open } for path="/sys/devices/virtual/net/dummy0/address" dev="sysfs" ino=16906 scontext=u:r:platform_app:s0:c512,c768 tcontext=u:object_r:sysfs_net:s0 tclass=file permissive=1 app=com.dangbei.hqguide
10-16 09:41:46.724 I/Thread-2( 976): type=1400 audit(0.0:373): avc: denied { getattr } for path="/sys/devices/virtual/net/dummy0/address" dev="sysfs" ino=16906 scontext=u:r:platform_app:s0:c512,c768 tcontext=u:object_r:sysfs_net:s0 tclass=file permissive=1 app=com.dangbei.hqguide
10-16 09:41:46.734 D/BluetoothAdapter( 976): isLeEnabled(): ON
10-16 09:41:46.736 D/AF::TrackHandle( 269): OpPlayAudio: track:55 usage:1 not muted
10-16 09:41:46.742 I/bluetooth( 733): system/bt/stack/gatt/gatt_api.cc:1019 GATT_Register: Allocated name:GattClient uuid:b4301282-d05f-9a9c-e461-cdb96dd9b399 gatt_if:5 eatt_support:0
10-16 09:41:46.743 D/BluetoothLeScanner( 976): onScannerRegistered() - status=0 scannerId=5 mScannerId=0
10-16 09:41:46.744 D/awplayer( 355): : audio device start end
10-16 09:41:46.744 D/awplayer( 355): : first audio pts = 0
10-16 09:41:46.749 D/audio_hw_primary( 249): start_output_stream out->format : 0x00000000
10-16 09:41:46.750 V/audio_hw_primary( 249): start_output_stream, line: 1503
10-16 09:41:46.750 V/audio_hw_primary( 249): use AUDIO_CODEC to playback audio
10-16 09:41:46.750 D/audio_route( 249): Apply path: media-speaker-headphones
10-16 09:41:46.750 D/audio_route( 249): Apply path: media-headset-mic
10-16 09:41:46.748 I/writer ( 249): type=1400 audit(0.0:374): avc: denied { read } for name="u:object_r:default_prop:s0" dev="tmpfs" ino=3773 scontext=u:r:hal_audio_default:s0 tcontext=u:object_r:default_prop:s0 tclass=file permissive=1
10-16 09:41:46.750 D/audio_hw_primary( 249): open card=0, port=0
10-16 09:41:46.750 D/audio_hw_primary( 249): config:2 44100 960 2 0 5760 1 0
10-16 09:41:46.750 D/audio_hw_primary( 249): set_raw_flag(card=0, raw_flag=1)
10-16 09:41:46.748 I/writer ( 249): type=1400 audit(0.0:375): avc: denied { open } for path="/dev/__properties__/u:object_r:default_prop:s0" dev="tmpfs" ino=3773 scontext=u:r:hal_audio_default:s0 tcontext=u:object_r:default_prop:s0 tclass=file permissive=1
10-16 09:41:46.748 I/writer ( 249): type=1400 audit(0.0:376): avc: denied { getattr } for path="/dev/__properties__/u:object_r:default_prop:s0" dev="tmpfs" ino=3773 scontext=u:r:hal_audio_default:s0 tcontext=u:object_r:default_prop:s0 tclass=file permissive=1
10-16 09:41:46.748 I/writer ( 249): type=1400 audit(0.0:377): avc: denied { map } for path="/dev/__properties__/u:object_r:default_prop:s0" dev="tmpfs" ino=3773 scontext=u:r:hal_audio_default:s0 tcontext=u:object_r:default_prop:s0 tclass=file permissive=1
10-16 09:41:46.751 V/audio_hw_primary( 249): do not use out resampler
10-16 09:41:46.766 W/UnsafeUtil( 733): platform method missing - proto runtime falling back to safer methods: java.lang.NoSuchMethodException: sun.misc.Unsafe.copyMemory [class java.lang.Object, long, class java.lang.Object, long, long]
10-16 09:41:46.775 D/AudioFlinger( 269): mixer(0xf07c8a40) throttle end: throttle time(7)
10-16 09:41:46.836 I/Binder:522_5( 522): type=1400 audit(0.0:378): avc: denied { read } for name="u:object_r:vendor_default_prop:s0" dev="tmpfs" ino=3925 scontext=u:r:system_server:s0 tcontext=u:object_r:vendor_default_prop:s0 tclass=file permissive=1
10-16 09:41:46.836 I/Binder:522_5( 522): type=1400 audit(0.0:379): avc: denied { open } for path="/dev/__properties__/u:object_r:vendor_default_prop:s0" dev="tmpfs" ino=3925 scontext=u:r:system_server:s0 tcontext=u:object_r:vendor_default_prop:s0 tclass=file permissive=1
10-16 09:41:46.836 I/Binder:522_5( 522): type=1400 audit(0.0:380): avc: denied { getattr } for path="/dev/__properties__/u:object_r:vendor_default_prop:s0" dev="tmpfs" ino=3925 scontext=u:r:system_server:s0 tcontext=u:object_r:vendor_default_prop:s0 tclass=file permissive=1
10-16 09:41:46.836 I/Binder:522_5( 522): type=1400 audit(0.0:381): avc: denied { map } for path="/dev/__properties__/u:object_r:vendor_default_prop:s0" dev="tmpfs" ino=3925 scontext=u:r:system_server:s0 tcontext=u:object_r:vendor_default_prop:s0 tclass=file permissive=1
10-16 09:41:46.843 D/CompatibilityChangeReporter( 522): Compat change id reported: 158002302; UID 10021; state: ENABLED
10-16 09:41:46.847 W/ServiceManager( 276): Permission failure: android.permission.ACCESS_SURFACE_FLINGER from uid=10021 pid=976
10-16 09:41:46.847 D/PermissionCache( 276): checking android.permission.ACCESS_SURFACE_FLINGER for uid=10021 => denied (652 us)
10-16 09:41:46.847 W/ServiceManager( 276): Permission failure: android.permission.ROTATE_SURFACE_FLINGER from uid=10021 pid=976
10-16 09:41:46.847 D/PermissionCache( 276): checking android.permission.ROTATE_SURFACE_FLINGER for uid=10021 => denied (231 us)
10-16 09:41:46.861 I/hwservicemanager( 182): getTransport: Cannot find entry android.hardware.configstore@1.0::ISurfaceFlingerConfigs/default in either framework or device VINTF manifest.
10-16 09:41:46.872 I/RenderThread( 976): type=1400 audit(0.0:382): avc: denied { search } for name="com.dangbei.hqguide" dev="mmcblk0p25" ino=1004 scontext=u:r:platform_app:s0:c512,c768 tcontext=u:object_r:app_data_file:s0:c512,c768 tclass=dir permissive=1 app=com.dangbei.hqguide
10-16 09:41:46.876 E/HWComposer( 276): getSupportedContentTypes: getSupportedContentTypes failed for display 0: Unsupported (8)
10-16 09:41:46.879 I/hwservicemanager( 182): getTransport: Cannot find entry android.hardware.graphics.mapper@4.0::IMapper/default in either framework or device VINTF manifest.
10-16 09:41:46.879 I/Gralloc4( 976): mapper 4.x is not supported
10-16 09:41:46.879 I/hwservicemanager( 182): getTransport: Cannot find entry android.hardware.graphics.mapper@3.0::IMapper/default in either framework or device VINTF manifest.
10-16 09:41:46.879 W/Gralloc3( 976): mapper 3.x is not supported
10-16 09:41:46.884 E/gralloc ( 976): Arm Module v1.0
10-16 09:41:46.886 I/hwservicemanager( 182): getTransport: Cannot find entry android.hardware.graphics.allocator@4.0::IAllocator/default in either framework or device VINTF manifest.
10-16 09:41:46.886 W/Gralloc4( 976): allocator 4.x is not supported
10-16 09:41:46.887 I/hwservicemanager( 182): getTransport: Cannot find entry android.hardware.graphics.allocator@3.0::IAllocator/default in either framework or device VINTF manifest.
10-16 09:41:46.887 W/Gralloc3( 976): allocator 3.x is not supported
10-16 09:41:46.891 I/gralloc ( 257): alloc buffer:W:1920 H:1080 S:1920 PL[1920 1080] SZ:8294400 fmt:1 if:0 af:1 usg:20000b00 fg:00000004
10-16 09:41:46.891 E/ion ( 976): ioctl c0044901 failed with code -1: Inappropriate ioctl for device
10-16 09:41:46.892 I/gralloc ( 257): alloc buffer:W:1920 H:1080 S:1920 PL[1920 1080] SZ:8294400 fmt:1 if:0 af:1 usg:20000b00 fg:00000004
10-16 09:41:46.895 I/gralloc ( 257): alloc buffer:W:1920 H:1080 S:1920 PL[1920 1080] SZ:8294400 fmt:1 if:0 af:1 usg:20000b00 fg:00000004
10-16 09:41:47.002 E/ActivityRecord( 522): real home.....com.dangbei.hqguide/.main.MainActivity
10-16 09:41:47.002 E/+++ActivityRecord( 522): pre led_switch = 1
10-16 09:41:47.010 I/init ( 1): processing action (vendor.led_switch=*) from (/vendor/etc/init/hw/init.oranth.rc:149)
10-16 09:41:47.000 I//system/bin/init( 1): type=1107 audit(0.0:383): uid=0 auid=4294967295 ses=4294967295 subj=u:r:init:s0 msg='avc: denied { set } for property=vendor.led_switch pid=522 uid=1000 gid=1000 scontext=u:r:system_server:s0 tcontext=u:object_r:vendor_default_prop:s0 tclass=property_service permissive=1'
10-16 09:41:47.011 I/init ( 1): starting service 'exec 16 (/vendor/bin/led_switch.sh 5)'...
10-16 09:41:47.016 I/init ( 1): SVC_EXEC service 'exec 16 (/vendor/bin/led_switch.sh 5)' pid 1111 (uid 0 gid 0+0 context default) started; waiting...
10-16 09:41:47.008 I/init ( 1111): type=1400 audit(0.0:384): avc: denied { execute } for name="led_switch.sh" dev="dm-1" ino=129 scontext=u:r:init:s0 tcontext=u:object_r:vendor_file:s0 tclass=file permissive=1
10-16 09:41:47.008 I/android.anim( 1112): type=1400 audit(0.0:385): avc: denied { execute } for name="preinstall.sh" dev="dm-0" ino=1155 scontext=u:r:system_server:s0 tcontext=u:object_r:preinstall_exec:s0 tclass=file permissive=1
10-16 09:41:47.008 I/android.anim( 1112): type=1400 audit(0.0:386): avc: denied { read open } for path="/system/bin/preinstall.sh" dev="dm-0" ino=1155 scontext=u:r:system_server:s0 tcontext=u:object_r:preinstall_exec:s0 tclass=file permissive=1
10-16 09:41:47.008 I/android.anim( 1112): type=1400 audit(0.0:387): avc: denied { execute_no_trans } for path="/system/bin/preinstall.sh" dev="dm-0" ino=1155 scontext=u:r:system_server:s0 tcontext=u:object_r:preinstall_exec:s0 tclass=file permissive=1
10-16 09:41:47.008 I/android.anim( 1112): type=1400 audit(0.0:388): avc: denied { execute } for name="sh" dev="dm-0" ino=1202 scontext=u:r:system_server:s0 tcontext=u:object_r:shell_exec:s0 tclass=file permissive=1
10-16 09:41:47.008 I/android.anim( 1112): type=1400 audit(0.0:389): avc: denied { read open } for path="/system/bin/sh" dev="dm-0" ino=1202 scontext=u:r:system_server:s0 tcontext=u:object_r:shell_exec:s0 tclass=file permissive=1
10-16 09:41:47.008 I/preinstall.sh( 1112): type=1400 audit(0.0:390): avc: denied { map } for path="/system/bin/sh" dev="dm-0" ino=1202 scontext=u:r:system_server:s0 tcontext=u:object_r:shell_exec:s0 tclass=file permissive=1
10-16 09:41:47.008 I/init ( 1111): type=1400 audit(0.0:391): avc: denied { execute_no_trans } for path="/vendor/bin/led_switch.sh" dev="dm-1" ino=129 scontext=u:r:init:s0 tcontext=u:object_r:vendor_file:s0 tclass=file permissive=1
10-16 09:41:47.012 I/preinstall.sh( 1112): type=1400 audit(0.0:392): avc: denied { getattr } for path="/system/bin/sh" dev="dm-0" ino=1202 scontext=u:r:system_server:s0 tcontext=u:object_r:shell_exec:s0 tclass=file permissive=1
10-16 09:41:47.016 I/android.anim( 1113): type=1400 audit(0.0:393): avc: denied { execute } for name="am" dev="dm-1" ino=1164 scontext=u:r:system_server:s0 tcontext=u:object_r:vendor_file:s0 tclass=file permissive=1
10-16 09:41:47.016 I/android.anim( 1113): type=1400 audit(0.0:394): avc: denied { read open } for path="/vendor/xbin/am" dev="dm-1" ino=1164 scontext=u:r:system_server:s0 tcontext=u:object_r:vendor_file:s0 tclass=file permissive=1
10-16 09:41:47.016 I/android.anim( 1113): type=1400 audit(0.0:395): avc: denied { execute_no_trans } for path="/vendor/xbin/am" dev="dm-1" ino=1164 scontext=u:r:system_server:s0 tcontext=u:object_r:vendor_file:s0 tclass=file permissive=1
10-16 09:41:47.022 I/WindowManager( 522): ******* TELLING SURFACE FLINGER WE ARE BOOTED!
10-16 09:41:47.022 I/SurfaceFlinger( 276): Boot is finished (22672 ms)
10-16 09:41:47.032 I/servicemanager( 181): Found android.hardware.power.IPower/default in device VINTF manifest.
10-16 09:41:47.028 I/led_switch.sh( 1111): type=1400 audit(0.0:396): avc: denied { write } for name="tmp" dev="mmcblk0p25" ino=85 scontext=u:r:init:s0 tcontext=u:object_r:shell_data_file:s0 tclass=dir permissive=1 bug=b/77873135
10-16 09:41:47.033 I/PowerAdvisor( 276): Loaded AIDL Power HAL service
10-16 09:41:47.033 I/AW_PowerHAL( 261): check: Mode 6 not Supported ,do nothing
10-16 09:41:47.034 I/AW_PowerHAL( 261): isBoostSupported: 1
10-16 09:41:47.028 I/led_switch.sh( 1111): type=1400 audit(0.0:397): avc: denied { write } for name="led_swith.txt" dev="mmcblk0p25" ino=222 scontext=u:r:init:s0 tcontext=u:object_r:shell_data_file:s0 tclass=file permissive=1 bug=b/77873135
10-16 09:41:47.028 I/led_switch.sh( 1111): type=1400 audit(0.0:398): avc: denied { open } for path="/data/local/tmp/led_swith.txt" dev="mmcblk0p25" ino=222 scontext=u:r:init:s0 tcontext=u:object_r:shell_data_file:s0 tclass=file permissive=1 bug=b/77873135
10-16 09:41:47.032 I/preinstall.sh( 1112): type=1400 audit(0.0:399): avc: denied { read } for name="preinstall.sh" dev="dm-0" ino=1155 scontext=u:r:system_server:s0 tcontext=u:object_r:preinstall_exec:s0 tclass=file permissive=1
10-16 09:41:47.032 I/preinstall.sh( 1112): type=1400 audit(0.0:400): avc: denied { open } for path="/system/bin/preinstall.sh" dev="dm-0" ino=1155 scontext=u:r:system_server:s0 tcontext=u:object_r:preinstall_exec:s0 tclass=file permissive=1
10-16 09:41:47.036 I/led_switch.sh( 1116): type=1400 audit(0.0:401): avc: denied { execute_no_trans } for path="/vendor/bin/toolbox" dev="dm-1" ino=229 scontext=u:r:init:s0 tcontext=u:object_r:vendor_toolbox_exec:s0 tclass=file permissive=1
10-16 09:41:47.046 D/BootAnimation( 509): BootAnimationStopTiming start time: 29980ms
10-16 09:41:47.064 I/am ( 1119): type=1400 audit(0.0:402): avc: denied { execute_no_trans } for path="/system/bin/cmd" dev="dm-0" ino=937 scontext=u:r:system_server:s0 tcontext=u:object_r:system_file:s0 tclass=file permissive=1
10-16 09:41:47.078 I/init ( 1): Sending signal 9 to service 'rainbow_flow' (pid 329) process group...
10-16 09:41:47.084 I/libprocessgroup( 1): Successfully killed process cgroup uid 0 pid 329 in 5ms
10-16 09:41:47.085 I/init ( 1): Control message: Processed ctl.stop for 'rainbow_flow' from pid: 1116 (stop rainbow_flow voice breathe flow_led net_disconnect)
10-16 09:41:47.085 I/init ( 1): Service 'rainbow_flow' (pid 329) received signal 9 oneshot service took 22.733000 seconds in background
10-16 09:41:47.087 I/init ( 1): Control message: Processed ctl.stop for 'voice' from pid: 1116 (stop rainbow_flow voice breathe flow_led net_disconnect)
10-16 09:41:47.088 I/init ( 1): Control message: Processed ctl.stop for 'breathe' from pid: 1116 (stop rainbow_flow voice breathe flow_led net_disconnect)
10-16 09:41:47.089 I/init ( 1): Control message: Processed ctl.stop for 'flow_led' from pid: 1116 (stop rainbow_flow voice breathe flow_led net_disconnect)
10-16 09:41:47.088 I/AW_PowerHAL( 261): Power setMode: LAUNCH to: 0
10-16 09:41:47.088 I/AW_PowerHAL( 261): not completed yet, ignore mode request other
10-16 09:41:47.088 I/ActivityManagerTiming( 522): FinishBooting
10-16 09:41:47.107 W/ActivityManager( 522): Unable to start service Intent { cmp=com.oranth.ledstatus/.LedStatusService } U=0: not found
10-16 09:41:47.113 I/ActivityManagerTiming( 522): FinishBooting
10-16 09:41:47.113 W/Zygote ( 244): forkRepeatedly terminated due to non-simple command
10-16 09:41:47.113 D/Zygote ( 244): mbuffer starts with 1 , nice name is , mEnd = 19, mNext = 19, mLinesLeft = 0, mFd = 4
10-16 09:41:47.116 I/ActivityManager( 522): About to commit checkpoint
10-16 09:41:47.117 I/SystemServiceManager( 522): Starting phase 1000
10-16 09:41:47.117 I/ActivityManagerTiming( 522): OnBootPhase_1000
10-16 09:41:47.117 E/PowerStatsService( 522): Failed to start PowerStatsService loggers
10-16 09:41:47.120 I/init ( 1130): type=1400 audit(0.0:403): avc: denied { execute } for name="net_disconnect.sh" dev="dm-1" ino=158 scontext=u:r:init:s0 tcontext=u:object_r:vendor_file:s0 tclass=file permissive=1
10-16 09:41:47.123 V/DisplayPowerController[0]( 522): Brightness [0.39763778] reason changing to: 'manual', previous reason: 'override'.
10-16 09:41:47.127 D/RollbackManager( 522): mRollbackLifetimeDurationInMillis=1209600000
10-16 09:41:47.124 I/init ( 1130): type=1400 audit(0.0:404): avc: denied { execute_no_trans } for path="/vendor/bin/net_disconnect.sh" dev="dm-1" ino=158 scontext=u:r:init:s0 tcontext=u:object_r:vendor_file:s0 tclass=file permissive=1
10-16 09:41:47.131 D/AppStandbyController( 522): Loading headless system app cache. appIdleEnabled=false
10-16 09:41:47.145 D/IorapForwardingService( 522): BgJob Scheduled (jobId=283673059, interval: 86400000ms)
10-16 09:41:47.146 D/TestHarnessModeService( 522): Completing Test Harness Mode setup.
10-16 09:41:47.146 D/StorageManagerService( 522): Thinking about init, mBootCompleted=true, mDaemonConnected=true
10-16 09:41:47.146 D/StorageManagerService( 522): Setting up emulation state, initlocked=false
10-16 09:41:47.147 D/vold ( 186): fscrypt_unlock_user_key 0 serial=0
10-16 09:41:47.147 E/vold ( 186): Failed to chmod /data/system_ce/0: No such file or directory
10-16 09:41:47.147 E/vold ( 186): Failed to chmod /data/misc_ce/0: No such file or directory
10-16 09:41:47.147 E/vold ( 186): Failed to chmod /data/media/0: No such file or directory
10-16 09:41:47.148 D/StorageManagerService( 522): Thinking about reset, mBootCompleted=true, mDaemonConnected=true
10-16 09:41:47.148 I/StorageSessionController( 522): Started resetting external storage service...
10-16 09:41:47.148 I/StorageSessionController( 522): Finished resetting external storage service
10-16 09:41:47.149 I/StorageManagerService( 522): Resetting vold...
10-16 09:41:47.149 I/StorageManagerService( 522): Reset vold
10-16 09:41:47.150 I/vold ( 186): onUserAdded: 0
10-16 09:41:47.164 D/WifiService( 522): Handle boot completed
10-16 09:41:47.165 D/AdbService( 522): boot completed
10-16 09:41:47.168 D/SoundTriggerService( 522): onBootPhase: 1000 : false
10-16 09:41:47.170 I/Tethering( 916): USB bcast connected:false configured:false rndis:false ncm:false
10-16 09:41:47.172 I/WifiScoreCard( 522): Installing MemoryStore
10-16 09:41:47.173 I/WifiHealthMonitor( 522): Installing MemoryStore
10-16 09:41:47.172 I/rgb_led_ctl( 1132): type=1400 audit(0.0:405): avc: denied { write } for name="spidev1.0" dev="tmpfs" ino=1337 scontext=u:r:init:s0 tcontext=u:object_r:device:s0 tclass=chr_file permissive=1
10-16 09:41:47.172 I/rgb_led_ctl( 1132): type=1400 audit(0.0:406): avc: denied { open } for path="/dev/spidev1.0" dev="tmpfs" ino=1337 scontext=u:r:init:s0 tcontext=u:object_r:device:s0 tclass=chr_file permissive=1
10-16 09:41:47.178 I/adbd ( 381): adbd_auth: received a new framework connection
10-16 09:41:47.178 I/adbd ( 381): adbd_auth: received new framework fd 31 (current = -1)
10-16 09:41:47.180 I/HibernationStateDiskStore( 522): No hibernation file on disk for file /data/system/hibernation/states
10-16 09:41:47.183 D/CompatibilityChangeReporter( 522): Compat change id reported: 168936375; UID 1000; state: DISABLED
10-16 09:41:47.184 D/CompatibilityChangeReporter( 522): Compat change id reported: 168936375; UID 1000; state: ENABLED
10-16 09:41:47.185 D/WifiNetworkFactory( 522): Registering NetworkFactory
10-16 09:41:47.186 D/ConnectivityService( 522): Got NetworkProvider Messenger for WifiNetworkFactory
10-16 09:41:47.187 D/UntrustedWifiNetworkFactory( 522): Registering NetworkFactory
10-16 09:41:47.190 D/OemPaidWifiNetworkFactory( 522): Registering NetworkFactory
10-16 09:41:47.192 D/ConnectivityService( 522): Got NetworkProvider Messenger for UntrustedWifiNetworkFactory
10-16 09:41:47.193 D/CompatibilityChangeReporter( 522): Compat change id reported: 73144566; UID 1000; state: DISABLED
10-16 09:41:47.193 D/ConnectivityService( 522): Got NetworkProvider Messenger for OemPaidWifiNetworkFactory
10-16 09:41:47.194 D/CompatibilityChangeReporter( 522): Compat change id reported: 73144566; UID 1000; state: ENABLED
10-16 09:41:47.204 I/AdbDebuggingManager( 522): Not connected to any wireless network. Not enabling adbwifi.
10-16 09:41:47.207 I/WifiService( 522): onDriverCountryCodeChanged CN
10-16 09:41:47.214 D/GameManagerService( 522): onBootCompleted
10-16 09:41:47.218 D/WifiNetworkFactory( 522): got request NetworkRequest [ REQUEST id=17, [ Capabilities: INTERNET&NOT_RESTRICTED&TRUSTED&NOT_VCN_MANAGED Uid: 1000 RequestorUid: 1000 RequestorPkg: android] ]
10-16 09:41:47.220 D/WifiConnectivityHelper( 522): Firmware supported feature set: d8108a801003d
10-16 09:41:47.220 D/WifiConnectivityHelper( 522): Firmware roaming is not supported
10-16 09:41:47.228 E/WifiHAL ( 721): wifi_get_link_stats: requestResponse Error:-5
10-16 09:41:47.229 D/AdbService( 522): setAdbEnabled(true), mIsAdbUsbEnabled=true, mIsAdbWifiEnabled=true, transportType=1
10-16 09:41:47.231 E/WifiVendorHal( 522): getWifiLinkLayerStats_1_5_Internal(l.1191) failed {.code = ERROR_INVALID_ARGS, .description = }
10-16 09:41:47.233 E/WifiScoringParams( 522): Invalid frequency(-1), using 5G as default rssi array
10-16 09:41:47.233 D/AppSearchStatsCollector( 522): atoms registered
10-16 09:41:47.233 D/ActivityManagerTiming( 522): TotalBootTime took to complete: 17680ms
10-16 09:41:47.233 D/SystemServerInitThreadPool( 522): Shutdown requested
10-16 09:41:47.233 I/SystemServerTiming( 522): WaitInitThreadPoolShutdown
10-16 09:41:47.238 D/SystemServerInitThreadPool( 522): Shutdown successful
10-16 09:41:47.239 D/WifiNetworkFactory( 522): got request NetworkRequest [ REQUEST id=19, [ Capabilities: INTERNET&NOT_RESTRICTED&TRUSTED&NOT_VCN_MANAGED Uid: 1073 RequestorUid: 1073 RequestorPkg: com.android.networkstack] ]
10-16 09:41:47.239 D/WifiNetworkFactory( 522): got request NetworkRequest [ REQUEST id=1, [ Capabilities: INTERNET&NOT_RESTRICTED&TRUSTED&NOT_VPN&NOT_VCN_MANAGED RequestorUid: 1000 RequestorPkg: android] ]
10-16 09:41:47.240 D/WifiNetworkFactory( 522): got request NetworkRequest [ REQUEST id=3, [ Transports: WIFI Capabilities: INTERNET&NOT_RESTRICTED&TRUSTED&NOT_VPN&NOT_VCN_MANAGED RequestorUid: 1000 RequestorPkg: android] ]
10-16 09:41:47.240 D/WifiNetworkFactory( 522): got request NetworkRequest [ REQUEST id=10, [ Capabilities: INTERNET&NOT_RESTRICTED&TRUSTED&NOT_VCN_MANAGED Uid: 1000 RequestorUid: 1000 RequestorPkg: android] ]
10-16 09:41:47.240 D/UntrustedWifiNetworkFactory( 522): got request NetworkRequest [ REQUEST id=17, [ Capabilities: INTERNET&NOT_RESTRICTED&TRUSTED&NOT_VCN_MANAGED Uid: 1000 RequestorUid: 1000 RequestorPkg: android] ]
10-16 09:41:47.240 D/UntrustedWifiNetworkFactory( 522): got request NetworkRequest [ REQUEST id=19, [ Capabilities: INTERNET&NOT_RESTRICTED&TRUSTED&NOT_VCN_MANAGED Uid: 1073 RequestorUid: 1073 RequestorPkg: com.android.networkstack] ]
10-16 09:41:47.240 D/UntrustedWifiNetworkFactory( 522): got request NetworkRequest [ REQUEST id=1, [ Capabilities: INTERNET&NOT_RESTRICTED&TRUSTED&NOT_VPN&NOT_VCN_MANAGED RequestorUid: 1000 RequestorPkg: android] ]
10-16 09:41:47.240 D/UntrustedWifiNetworkFactory( 522): got request NetworkRequest [ REQUEST id=3, [ Transports: WIFI Capabilities: INTERNET&NOT_RESTRICTED&TRUSTED&NOT_VPN&NOT_VCN_MANAGED RequestorUid: 1000 RequestorPkg: android] ]
10-16 09:41:47.241 D/UntrustedWifiNetworkFactory( 522): got request NetworkRequest [ REQUEST id=10, [ Capabilities: INTERNET&NOT_RESTRICTED&TRUSTED&NOT_VCN_MANAGED Uid: 1000 RequestorUid: 1000 RequestorPkg: android] ]
10-16 09:41:47.241 D/OemPaidWifiNetworkFactory( 522): got request NetworkRequest [ REQUEST id=17, [ Capabilities: INTERNET&NOT_RESTRICTED&TRUSTED&NOT_VCN_MANAGED Uid: 1000 RequestorUid: 1000 RequestorPkg: android] ]
10-16 09:41:47.241 D/OemPaidWifiNetworkFactory( 522): got request NetworkRequest [ REQUEST id=19, [ Capabilities: INTERNET&NOT_RESTRICTED&TRUSTED&NOT_VCN_MANAGED Uid: 1073 RequestorUid: 1073 RequestorPkg: com.android.networkstack] ]
10-16 09:41:47.241 D/OemPaidWifiNetworkFactory( 522): got request NetworkRequest [ REQUEST id=1, [ Capabilities: INTERNET&NOT_RESTRICTED&TRUSTED&NOT_VPN&NOT_VCN_MANAGED RequestorUid: 1000 RequestorPkg: android] ]
10-16 09:41:47.241 D/OemPaidWifiNetworkFactory( 522): got request NetworkRequest [ REQUEST id=3, [ Transports: WIFI Capabilities: INTERNET&NOT_RESTRICTED&TRUSTED&NOT_VPN&NOT_VCN_MANAGED RequestorUid: 1000 RequestorPkg: android] ]
10-16 09:41:47.241 D/OemPaidWifiNetworkFactory( 522): got request NetworkRequest [ REQUEST id=10, [ Capabilities: INTERNET&NOT_RESTRICTED&TRUSTED&NOT_VCN_MANAGED Uid: 1000 RequestorUid: 1000 RequestorPkg: android] ]
10-16 09:41:47.242 D/CompatibilityChangeReporter( 522): Compat change id reported: 135634846; UID 10075; state: DISABLED
10-16 09:41:47.243 D/CompatibilityChangeReporter( 522): Compat change id reported: 143937733; UID 10075; state: ENABLED
10-16 09:41:47.245 D/ActivityManager( 522): refreshZramWriteback
10-16 09:41:47.245 D/ActivityManager( 522): real start flush
10-16 09:41:47.246 D/ActivityManager( 522): set persist.sys.boot.first to false
10-16 09:41:47.256 I/ActivityManager( 522): User 0 state changed from BOOTING to RUNNING_LOCKED
10-16 09:41:47.257 W/ActivityManager( 522): UserLifecycleEvent 4 received without an active userJourneySession.
10-16 09:41:47.280 W/ZramWriteback( 522): Writeback device is not set
10-16 09:41:47.280 D/ZramWriteback( 522): wait to flush
10-16 09:41:47.282 D/Zygote ( 244): Forked child process 1149
10-16 09:41:47.284 D/StorageManagerService( 522): unlockUserKey: 0 isFileEncryptedNativeOrEmulated: false hasToken: false hasSecret: false
10-16 09:41:47.285 W/ActivityManager( 522): UserLifecycleEvent 5 received without an active userJourneySession.
10-16 09:41:47.285 D/ActivityManager( 522): Started unlocking user 0
10-16 09:41:47.286 D/ActivityManager( 522): Unlocking user 0 progress 0
10-16 09:41:47.286 D/ActivityManager( 522): Unlocking user 0 progress 5
10-16 09:41:47.286 D/vold ( 186): fscrypt_prepare_user_storage for volume null, user 0, serial 0, flags 2
10-16 09:41:47.287 D/vold ( 186): Preparing: /data/system_ce/0
10-16 09:41:47.287 D/vold ( 186): Preparing: /data/misc_ce/0
10-16 09:41:47.287 D/vold ( 186): Preparing: /data/vendor_ce/0
10-16 09:41:47.287 D/vold ( 186): Preparing: /data/media/0
10-16 09:41:47.288 D/vold ( 186): Preparing: /data/data
10-16 09:41:47.288 D/vold ( 186): Starting restorecon of /data/system_ce/0
10-16 09:41:47.296 D/vold ( 186): Finished restorecon of /data/system_ce/0
10-16 09:41:47.297 D/vold ( 186): Starting restorecon of /data/vendor_ce/0
10-16 09:41:47.300 D/vold ( 186): Finished restorecon of /data/vendor_ce/0
10-16 09:41:47.301 D/vold ( 186): Starting restorecon of /data/misc_ce/0
10-16 09:41:47.304 D/vold ( 186): Finished restorecon of /data/misc_ce/0
10-16 09:41:47.304 D/vold ( 186): /system/bin/vold_prepare_subdirs
10-16 09:41:47.304 D/vold ( 186): prepare
10-16 09:41:47.305 D/vold ( 186):
10-16 09:41:47.305 D/vold ( 186): 0
10-16 09:41:47.305 D/vold ( 186): 2
10-16 09:41:47.315 I/Zygote ( 1149): seccomp disabled by setenforce 0
10-16 09:41:47.349 I/adbd ( 381): jdwp connection from 1149
10-16 09:41:47.352 D/vold_prepare_subdirs( 1157): Setting up mode 771 uid 1000 gid 1000 context u:object_r:system_data_file:s0:c512,c768 on path: /data/data
10-16 09:41:47.352 I/vold_prepare_subdirs( 1157): Relabelling from u:object_r:system_data_file:s0 to u:object_r:system_data_file:s0:c512,c768: /data/data
10-16 09:41:47.353 D/vold_prepare_subdirs( 1157): Setting up mode 700 uid 0 gid 0 context u:object_r:vold_data_file:s0 on path: /data/misc_ce/0/vold
10-16 09:41:47.354 D/vold_prepare_subdirs( 1157): Setting up mode 700 uid 0 gid 0 context u:object_r:storaged_data_file:s0 on path: /data/misc_ce/0/storaged
10-16 09:41:47.355 D/vold_prepare_subdirs( 1157): Setting up mode 700 uid 0 gid 0 context u:object_r:rollback_data_file:s0 on path: /data/misc_ce/0/rollback
10-16 09:41:47.355 D/vold_prepare_subdirs( 1157): Setting up mode 700 uid 0 gid 0 context u:object_r:apex_rollback_data_file:s0 on path: /data/misc_ce/0/apexrollback
10-16 09:41:47.356 D/vold_prepare_subdirs( 1157): Setting up mode 711 uid 0 gid 0 context u:object_r:apex_module_data_file:s0 on path: /data/misc_ce/0/apexdata
10-16 09:41:47.356 D/vold_prepare_subdirs( 1157): Setting up mode 771 uid 0 gid 1000 context u:object_r:apex_wifi_data_file:s0 on path: /data/misc_ce/0/apexdata/com.android.wifi
10-16 09:41:47.357 D/vold_prepare_subdirs( 1157): Setting up mode 771 uid 0 gid 1000 context u:object_r:apex_module_data_file:s0 on path: /data/misc_ce/0/apexdata/com.android.vndk.v31
10-16 09:41:47.358 D/vold_prepare_subdirs( 1157): Setting up mode 771 uid 0 gid 1000 context u:object_r:apex_module_data_file:s0 on path: /data/misc_ce/0/apexdata/com.android.tzdata
10-16 09:41:47.358 D/vold_prepare_subdirs( 1157): Setting up mode 771 uid 0 gid 1000 context u:object_r:apex_module_data_file:s0 on path: /data/misc_ce/0/apexdata/com.android.tethering
10-16 09:41:47.359 D/vold_prepare_subdirs( 1157): Setting up mode 771 uid 0 gid 1000 context u:object_r:apex_module_data_file:s0 on path: /data/misc_ce/0/apexdata/com.android.sdkext
10-16 09:41:47.360 D/vold_prepare_subdirs( 1157): Setting up mode 771 uid 0 gid 1000 context u:object_r:apex_module_data_file:s0 on path: /data/misc_ce/0/apexdata/com.android.scheduling
10-16 09:41:47.360 D/vold_prepare_subdirs( 1157): Setting up mode 771 uid 0 gid 1000 context u:object_r:apex_module_data_file:s0 on path: /data/misc_ce/0/apexdata/com.android.runtime
10-16 09:41:47.361 D/vold_prepare_subdirs( 1157): Setting up mode 771 uid 0 gid 1000 context u:object_r:apex_module_data_file:s0 on path: /data/misc_ce/0/apexdata/com.android.resolv
10-16 09:41:47.365 D/vold_prepare_subdirs( 1157): Setting up mode 771 uid 0 gid 1000 context u:object_r:apex_permission_data_file:s0 on path: /data/misc_ce/0/apexdata/com.android.permission
10-16 09:41:47.366 D/vold_prepare_subdirs( 1157): Setting up mode 771 uid 0 gid 1000 context u:object_r:apex_module_data_file:s0 on path: /data/misc_ce/0/apexdata/com.android.os.statsd
10-16 09:41:47.367 D/vold_prepare_subdirs( 1157): Setting up mode 771 uid 0 gid 1000 context u:object_r:apex_module_data_file:s0 on path: /data/misc_ce/0/apexdata/com.android.neuralnetworks
10-16 09:41:47.368 D/vold_prepare_subdirs( 1157): Setting up mode 771 uid 0 gid 1000 context u:object_r:apex_module_data_file:s0 on path: /data/misc_ce/0/apexdata/com.android.mediaprovider
10-16 09:41:47.368 D/vold_prepare_subdirs( 1157): Setting up mode 771 uid 0 gid 1000 context u:object_r:apex_module_data_file:s0 on path: /data/misc_ce/0/apexdata/com.android.media.swcodec
10-16 09:41:47.369 D/vold_prepare_subdirs( 1157): Setting up mode 771 uid 0 gid 1000 context u:object_r:apex_module_data_file:s0 on path: /data/misc_ce/0/apexdata/com.android.media
10-16 09:41:47.370 D/vold_prepare_subdirs( 1157): Setting up mode 771 uid 0 gid 1000 context u:object_r:apex_module_data_file:s0 on path: /data/misc_ce/0/apexdata/com.android.ipsec
10-16 09:41:47.371 D/vold_prepare_subdirs( 1157): Setting up mode 771 uid 0 gid 1000 context u:object_r:apex_module_data_file:s0 on path: /data/misc_ce/0/apexdata/com.android.i18n
10-16 09:41:47.371 D/vold_prepare_subdirs( 1157): Setting up mode 771 uid 0 gid 1000 context u:object_r:apex_module_data_file:s0 on path: /data/misc_ce/0/apexdata/com.android.extservices
10-16 09:41:47.373 D/vold_prepare_subdirs( 1157): Setting up mode 771 uid 0 gid 1000 context u:object_r:apex_module_data_file:s0 on path: /data/misc_ce/0/apexdata/com.android.conscrypt
10-16 09:41:47.374 D/vold_prepare_subdirs( 1157): Setting up mode 771 uid 0 gid 1000 context u:object_r:apex_module_data_file:s0 on path: /data/misc_ce/0/apexdata/com.android.art
10-16 09:41:47.379 I/binder ( 34): undelivered transaction 25692, process died.
10-16 09:41:47.375 D/vold_prepare_subdirs( 1157): Setting up mode 771 uid 0 gid 1000 context u:object_r:apex_appsearch_data_file:s0 on path: /data/misc_ce/0/apexdata/com.android.appsearch
10-16 09:41:47.376 D/vold_prepare_subdirs( 1157): Setting up mode 771 uid 0 gid 1000 context u:object_r:apex_module_data_file:s0 on path: /data/misc_ce/0/apexdata/com.android.adbd
10-16 09:41:47.376 D/vold_prepare_subdirs( 1157): Setting up mode 700 uid 1000 gid 1000 context u:object_r:backup_data_file:s0 on path: /data/system_ce/0/backup
10-16 09:41:47.377 D/vold_prepare_subdirs( 1157): Setting up mode 700 uid 1000 gid 1000 context u:object_r:backup_data_file:s0 on path: /data/system_ce/0/backup_stage
10-16 09:41:47.372 I/EventThread( 262): type=1400 audit(0.0:407): avc: denied { search } for name="extcon" dev="sysfs" ino=18109 scontext=u:r:hal_tv_cec_default:s0 tcontext=u:object_r:sysfs_extcon:s0 tclass=dir permissive=1
10-16 09:41:47.377 D/vold_prepare_subdirs( 1157): Setting up mode 700 uid 1000 gid 1000 context u:object_r:face_vendor_data_file:s0 on path: /data/vendor_ce/0/facedata
10-16 09:41:47.378 D/WifiNl80211Manager( 522): Scan result ready event
10-16 09:41:47.379 D/WifiNative( 522): Scan result ready event
10-16 09:41:47.382 V/UserDataPreparer( 522): Found /data/user/0 with serial number 0
10-16 09:41:47.383 V/UserDataPreparer( 522): Found /data/system_ce/0 with serial number -1
10-16 09:41:47.383 D/UserDataPreparer( 522): Serial number missing on /data/system_ce/0; assuming current is valid
10-16 09:41:47.386 D/UserDataPreparer( 522): Setting property: sys.user.0.ce_available=true
10-16 09:41:47.388 V/PackageManager( 522): reconcileAppsData for null u0 0x2 migrateAppData=true
10-16 09:41:47.388 I/preinstall.sh( 1177): type=1400 audit(0.0:408): avc: denied { execute } for name="sh" dev="dm-0" ino=1202 scontext=u:r:system_server:s0 tcontext=u:object_r:shell_exec:s0 tclass=file permissive=1
10-16 09:41:47.388 I/preinstall.sh( 1177): type=1400 audit(0.0:409): avc: denied { read open } for path="/system/bin/sh" dev="dm-0" ino=1202 scontext=u:r:system_server:s0 tcontext=u:object_r:shell_exec:s0 tclass=file permissive=1
10-16 09:41:47.388 I/settings( 1177): type=1400 audit(0.0:410): avc: denied { map } for path="/system/bin/sh" dev="dm-0" ino=1202 scontext=u:r:system_server:s0 tcontext=u:object_r:shell_exec:s0 tclass=file permissive=1
10-16 09:41:47.388 I/settings( 1177): type=1400 audit(0.0:411): avc: denied { getattr } for path="/system/bin/sh" dev="dm-0" ino=1202 scontext=u:r:system_server:s0 tcontext=u:object_r:shell_exec:s0 tclass=file permissive=1
10-16 09:41:47.408 I/net_disconnect.( 1130): type=1400 audit(0.0:412): avc: denied { execute } for name="rgb_led_ctl" dev="dm-1" ino=188 scontext=u:r:init:s0 tcontext=u:object_r:vendor_file:s0 tclass=file permissive=1
10-16 09:41:47.412 I/net_disconnect.( 1179): type=1400 audit(0.0:413): avc: denied { execute_no_trans } for path="/vendor/bin/rgb_led_ctl" dev="dm-1" ino=188 scontext=u:r:init:s0 tcontext=u:object_r:vendor_file:s0 tclass=file permissive=1
10-16 09:41:47.418 W/IorapForwardingService( 522): No service published for: iorapd
10-16 09:41:47.432 I/rgb_led_ctl( 1179): type=1400 audit(0.0:414): avc: denied { write } for name="spidev1.0" dev="tmpfs" ino=1337 scontext=u:r:init:s0 tcontext=u:object_r:device:s0 tclass=chr_file permissive=1
10-16 09:41:47.432 I/rgb_led_ctl( 1179): type=1400 audit(0.0:415): avc: denied { open } for path="/dev/spidev1.0" dev="tmpfs" ino=1337 scontext=u:r:init:s0 tcontext=u:object_r:device:s0 tclass=chr_file permissive=1
10-16 09:41:47.432 I/rgb_led_ctl( 1179): type=1400 audit(0.0:416): avc: denied { ioctl } for path="/dev/spidev1.0" dev="tmpfs" ino=1337 ioctlcmd=0x6b01 scontext=u:r:init:s0 tcontext=u:object_r:device:s0 tclass=chr_file permissive=1
10-16 09:41:47.496 D/BufferPoolAccessor2.0( 522): bufferpool2 0xf3e03318 : 0(0 size) total buffers - 0(0 size) used buffers - 0/7 (recycle/alloc) - 6/294 (fetch/transfer)
10-16 09:41:47.496 D/BufferPoolAccessor2.0( 522): evictor expired: 1, evicted: 1
10-16 09:41:47.497 D/BufferPoolAccessor2.0( 373): bufferpool2 0xf6791058 : 0(0 size) total buffers - 0(0 size) used buffers - 141/145 (recycle/alloc) - 4/144 (fetch/transfer)
10-16 09:41:47.497 D/BufferPoolAccessor2.0( 373): evictor expired: 1, evicted: 1
10-16 09:41:47.526 I/update_engine( 376): [INFO:cleanup_previous_update_action.cc(112)] Executing task 12
10-16 09:41:47.528 I/update_engine( 376): [INFO:cleanup_previous_update_action.cc(189)] Boot completed, waiting on markBootSuccessful()
10-16 09:41:47.530 I/update_engine( 376): EnsureMetadataMounted does nothing in Android mode.
10-16 09:41:47.532 I/update_engine( 376): Read merge statistics file failed: No such file or directory
10-16 09:41:47.539 I/update_engine( 376): [INFO:cleanup_previous_update_action.cc(261)] Waiting for any previous merge request to complete. This can take up to several minutes.
10-16 09:41:47.541 E/update_engine( 376): Read state file failed: No such file or directory
10-16 09:41:47.542 E/update_engine( 376): Read state file failed: No such file or directory
10-16 09:41:47.544 I/update_engine( 376): CheckMergeState for snapshots returned: 0
10-16 09:41:47.546 I/update_engine( 376): ProcessUpdateState handling state: 0
10-16 09:41:47.547 I/update_engine( 376): [INFO:cleanup_previous_update_action.cc(287)] Can't find any snapshot to merge.
10-16 09:41:47.549 E/update_engine( 376): Read state file failed: No such file or directory
10-16 09:41:47.551 I/update_engine( 376): [INFO:cleanup_previous_update_action.cc(130)] Stopping/suspending/completing CleanupPreviousUpdateAction
10-16 09:41:47.553 I/update_engine( 376): [INFO:cleanup_previous_update_action.cc(469)] Not reporting merge stats because state is None
10-16 09:41:47.554 I/update_engine( 376): [INFO:cleanup_previous_update_action.cc(130)] Stopping/suspending/completing CleanupPreviousUpdateAction
10-16 09:41:47.556 I/update_engine( 376): [INFO:action_processor.cc(116)] ActionProcessor: finished last action CleanupPreviousUpdateAction with code ErrorCode::kSuccess
10-16 09:41:47.557 I/update_engine( 376): [INFO:update_attempter_android.cc(549)] Processing Done.
10-16 09:41:47.560 I/update_engine( 376): [INFO:update_attempter_android.cc(701)] Terminating cleanup previous update.
10-16 09:41:47.590 D/XiriService( 310): check file name: /data/data/com.android.cts.priv.ctsshim/lib
10-16 09:41:47.588 I/xiriservice_All( 310): type=1400 audit(0.0:417): avc: denied { search } for name="com.android.cts.priv.ctsshim" dev="mmcblk0p25" ino=569 scontext=u:r:init:s0 tcontext=u:object_r:privapp_data_file:s0:c512,c768 tclass=dir permissive=1
10-16 09:41:47.591 D/XiriService( 310): check file name: /data/data/com.android.cts.priv.ctsshim/lib
10-16 09:41:47.591 D/XiriService( 310): check file name: /data/data/com.android.cts.priv.ctsshim/lib
10-16 09:41:47.588 I/xiriservice_All( 310): type=1400 audit(0.0:418): avc: denied { read } for name="lib" dev="mmcblk0p25" ino=1701 scontext=u:r:init:s0 tcontext=u:object_r:privapp_data_file:s0:c512,c768 tclass=lnk_file permissive=1
10-16 09:41:47.594 D/XiriService( 310): check file name: /data/data/com.android.cts.priv.ctsshim/lib
10-16 09:41:47.594 D/XiriService( 310): check file name: /data/data/com.android.cts.priv.ctsshim/lib
10-16 09:41:47.595 D/XiriService( 310): check file name: /data/data/com.android.cts.priv.ctsshim/lib
10-16 09:41:47.595 D/XiriService( 310): check file name: /data/data/com.android.cts.priv.ctsshim/lib
10-16 09:41:47.596 D/XiriService( 310): check file name: /data/data/com.android.dynsystem/lib
10-16 09:41:47.596 D/XiriService( 310): check file name: /data/data/com.android.dynsystem/lib
