10-16 09:41:43.175 I/InputReader( 522): Reconfiguring input devices, changes=DEVICE_ALIAS |
10-16 09:41:43.181 I/InputReader( 522): Reconfiguring input devices, changes=KEYBOARD_LAYOUTS |
10-16 09:41:43.182 I/SystemServerTiming( 522): MakeTelephonyRegistryReady
10-16 09:41:43.183 I/SystemServerTiming( 522): MakeMediaRouterServiceReady
10-16 09:41:43.184 I/SystemServerTiming( 522): MakeMmsServiceReady
10-16 09:41:43.184 I/MmsServiceBroker( 522): Delay connecting to MmsService until an API is called
10-16 09:41:43.184 I/SystemServerTiming( 522): IncidentDaemonReady
10-16 09:41:43.185 I/SystemServerTiming( 522): MakeIncrementalServiceReady
10-16 09:41:43.186 I/SystemServerTiming( 522): getCurrentUser
10-16 09:41:43.186 I/ActivityManager( 522): Current user:0
10-16 09:41:43.186 I/SystemServerTiming( 522): ActivityManagerStartApps
10-16 09:41:43.186 I/SystemServerTiming( 522): ssm.StartUser-0
10-16 09:41:43.186 I/SystemServiceManager( 522): Calling onStartUser 0
10-16 09:41:43.197 W/BestClock( 522): java.time.DateTimeException: Missing NTP fix
10-16 09:41:43.200 W/BestClock( 522): java.time.DateTimeException: Missing NTP fix
10-16 09:41:43.200 W/BestClock( 522): java.time.DateTimeException: Missing NTP fix
10-16 09:41:43.200 W/BestClock( 522): java.time.DateTimeException: Missing NTP fix
10-16 09:41:43.204 I/RoleService( 522): Granting default roles...
10-16 09:41:43.209 D/MediaCodecList( 522): codecHandlesFormat: no format, so no extra checks
10-16 09:41:43.214 D/CCodec ( 522): allocate(c2.android.vorbis.decoder)
10-16 09:41:43.214 V/C2Store ( 373): in init
10-16 09:41:43.214 V/C2Store ( 373): loading dll
10-16 09:41:43.218 D/CompatibilityChangeReporter( 522): Compat change id reported: 168419799; UID 1073; state: DISABLED
10-16 09:41:43.222 I/CCodec ( 522): Created component [c2.android.vorbis.decoder]
10-16 09:41:43.222 D/CCodecConfig( 522): read media type: audio/vorbis
10-16 09:41:43.225 D/MediaCodecList( 522): codecHandlesFormat: no format, so no extra checks
10-16 09:41:43.229 D/ReflectedParamUpdater( 522): extent() != 1 for single value type: algo.buffers.max-count.values
10-16 09:41:43.230 D/ReflectedParamUpdater( 522): extent() != 1 for single value type: output.subscribed-indices.values
10-16 09:41:43.230 D/ReflectedParamUpdater( 522): extent() != 1 for single value type: input.buffers.allocator-ids.values
10-16 09:41:43.230 D/ReflectedParamUpdater( 522): extent() != 1 for single value type: output.buffers.allocator-ids.values
10-16 09:41:43.230 D/ReflectedParamUpdater( 522): extent() != 1 for single value type: algo.buffers.allocator-ids.values
10-16 09:41:43.230 D/ReflectedParamUpdater( 522): extent() != 1 for single value type: output.buffers.pool-ids.values
10-16 09:41:43.231 D/ReflectedParamUpdater( 522): extent() != 1 for single value type: algo.buffers.pool-ids.values
10-16 09:41:43.232 W/BestClock( 522): java.time.DateTimeException: Missing NTP fix
10-16 09:41:43.234 I/CCodecConfig( 522): query failed after returning 7 values (BAD_INDEX)
10-16 09:41:43.234 D/CCodecConfig( 522): c2 config diff is Dict {
10-16 09:41:43.234 D/CCodecConfig( 522): c2::u32 coded.bitrate.value = 64000
10-16 09:41:43.234 D/CCodecConfig( 522): c2::u32 input.buffers.max-size.value = 32768
10-16 09:41:43.234 D/CCodecConfig( 522): c2::u32 input.delay.value = 0
10-16 09:41:43.234 D/CCodecConfig( 522): string input.media-type.value = "audio/vorbis"
10-16 09:41:43.234 D/CCodecConfig( 522): string output.media-type.value = "audio/raw"
10-16 09:41:43.234 D/CCodecConfig( 522): c2::u32 raw.channel-count.value = 1
10-16 09:41:43.234 D/CCodecConfig( 522): c2::u32 raw.sample-rate.value = 48000
10-16 09:41:43.234 D/CCodecConfig( 522): }
10-16 09:41:43.236 D/CCodec ( 522): [c2.android.vorbis.decoder] buffers are bound to CCodec for this session
10-16 09:41:43.236 W/BestClock( 522): java.time.DateTimeException: Missing NTP fix
10-16 09:41:43.236 D/CCodecConfig( 522): no c2 equivalents for durationUs
10-16 09:41:43.236 D/CCodecConfig( 522): no c2 equivalents for track-id
10-16 09:41:43.236 D/CCodecConfig( 522): no c2 equivalents for csd-1
10-16 09:41:43.236 D/CCodecConfig( 522): no c2 equivalents for channel-mask
10-16 09:41:43.236 D/CCodecConfig( 522): no c2 equivalents for flags
10-16 09:41:43.237 D/CCodecConfig( 522): c2 config diff is c2::u32 coded.bitrate.value = 499821
10-16 09:41:43.237 D/CCodecConfig( 522): c2::u32 raw.channel-count.value = 2
10-16 09:41:43.237 D/CCodecConfig( 522): c2::u32 raw.sample-rate.value = 44100
10-16 09:41:43.239 W/Codec2Client( 522): query -- param skipped: index = 1107298332.
10-16 09:41:43.239 D/CCodec ( 522): setup formats input: AMessage(what = 0x00000000) = {
10-16 09:41:43.239 D/CCodec ( 522): int32_t bitrate = 499821
10-16 09:41:43.239 D/CCodec ( 522): int32_t channel-count = 2
10-16 09:41:43.239 D/CCodec ( 522): int32_t max-input-size = 32768
10-16 09:41:43.239 D/CCodec ( 522): string mime = "audio/vorbis"
10-16 09:41:43.239 D/CCodec ( 522): int32_t sample-rate = 44100
10-16 09:41:43.239 D/CCodec ( 522): }
10-16 09:41:43.239 D/CCodec ( 522): setup formats output: AMessage(what = 0x00000000) = {
10-16 09:41:43.239 D/CCodec ( 522): int32_t channel-count = 2
10-16 09:41:43.239 D/CCodec ( 522): string mime = "audio/raw"
10-16 09:41:43.239 D/CCodec ( 522): int32_t sample-rate = 44100
10-16 09:41:43.239 D/CCodec ( 522): int32_t channel-mask = 3
10-16 09:41:43.239 D/CCodec ( 522): }
10-16 09:41:43.240 I/CCodecConfig( 522): query failed after returning 7 values (BAD_INDEX)
10-16 09:41:43.242 D/CCodec ( 522): allocate(c2.android.vorbis.decoder)
10-16 09:41:43.244 W/Codec2Client( 522): query -- param skipped: index = 1342179345.
10-16 09:41:43.244 W/Codec2Client( 522): query -- param skipped: index = 2415921170.
10-16 09:41:43.245 D/CCodecBufferChannel( 522): [c2.android.vorbis.decoder#391] Created input block pool with allocatorID 16 => poolID 19 - OK (0)
10-16 09:41:43.246 I/CCodec ( 522): Created component [c2.android.vorbis.decoder]
10-16 09:41:43.246 D/CCodecConfig( 522): read media type: audio/vorbis
10-16 09:41:43.247 I/CCodecBufferChannel( 522): [c2.android.vorbis.decoder#391] Created output block pool with allocatorID 16 => poolID 19 - OK
10-16 09:41:43.247 D/CCodecBufferChannel( 522): [c2.android.vorbis.decoder#391] Configured output block pool ids 19 => OK
10-16 09:41:43.248 D/CompatibilityChangeReporter( 522): Compat change id reported: 168419799; UID 1073; state: DISABLED
10-16 09:41:43.250 D/ReflectedParamUpdater( 522): extent() != 1 for single value type: algo.buffers.max-count.values
10-16 09:41:43.251 D/ReflectedParamUpdater( 522): extent() != 1 for single value type: output.subscribed-indices.values
10-16 09:41:43.251 D/ReflectedParamUpdater( 522): extent() != 1 for single value type: input.buffers.allocator-ids.values
10-16 09:41:43.251 D/ReflectedParamUpdater( 522): extent() != 1 for single value type: output.buffers.allocator-ids.values
10-16 09:41:43.252 D/SimpleC2Component( 373): Using output block pool with poolID 19 => got 19 - 0
10-16 09:41:43.252 D/ReflectedParamUpdater( 522): extent() != 1 for single value type: algo.buffers.allocator-ids.values
10-16 09:41:43.253 W/ActivityManager( 522): Slow operation: 56ms so far, now at attachApplicationLocked: after mServices.attachApplicationLocked
10-16 09:41:43.253 D/ReflectedParamUpdater( 522): extent() != 1 for single value type: output.buffers.pool-ids.values
10-16 09:41:43.253 D/ReflectedParamUpdater( 522): extent() != 1 for single value type: algo.buffers.pool-ids.values
10-16 09:41:43.259 I/CCodecConfig( 522): query failed after returning 7 values (BAD_INDEX)
10-16 09:41:43.259 D/CCodecConfig( 522): c2 config diff is Dict {
10-16 09:41:43.259 D/CCodecConfig( 522): c2::u32 coded.bitrate.value = 64000
10-16 09:41:43.259 D/CCodecConfig( 522): c2::u32 input.buffers.max-size.value = 32768
10-16 09:41:43.259 D/CCodecConfig( 522): c2::u32 input.delay.value = 0
10-16 09:41:43.259 D/CCodecConfig( 522): string input.media-type.value = "audio/vorbis"
10-16 09:41:43.259 D/CCodecConfig( 522): string output.media-type.value = "audio/raw"
10-16 09:41:43.259 D/CCodecConfig( 522): c2::u32 raw.channel-count.value = 1
10-16 09:41:43.259 D/CCodecConfig( 522): c2::u32 raw.sample-rate.value = 48000
10-16 09:41:43.259 D/CCodecConfig( 522): }
10-16 09:41:43.263 D/CCodec ( 522): [c2.android.vorbis.decoder] buffers are bound to CCodec for this session
10-16 09:41:43.263 D/CCodecConfig( 522): no c2 equivalents for durationUs
10-16 09:41:43.263 D/CCodecConfig( 522): no c2 equivalents for track-id
10-16 09:41:43.263 D/CCodecConfig( 522): no c2 equivalents for csd-1
10-16 09:41:43.264 D/CCodecConfig( 522): no c2 equivalents for channel-mask
10-16 09:41:43.264 D/CCodecConfig( 522): no c2 equivalents for flags
10-16 09:41:43.264 D/CompatibilityChangeReporter( 522): Compat change id reported: 168419799; UID 10073; state: DISABLED
10-16 09:41:43.266 D/CCodecConfig( 522): c2 config diff is c2::u32 coded.bitrate.value = 499821
10-16 09:41:43.266 D/CCodecConfig( 522): c2::u32 raw.channel-count.value = 2
10-16 09:41:43.266 D/CCodecConfig( 522): c2::u32 raw.sample-rate.value = 44100
10-16 09:41:43.268 W/Codec2Client( 522): query -- param skipped: index = 1107298332.
10-16 09:41:43.268 D/CCodec ( 522): setup formats input: AMessage(what = 0x00000000) = {
10-16 09:41:43.268 D/CCodec ( 522): int32_t bitrate = 499821
10-16 09:41:43.268 D/CCodec ( 522): int32_t channel-count = 2
10-16 09:41:43.268 D/CCodec ( 522): int32_t max-input-size = 32768
10-16 09:41:43.268 D/CCodec ( 522): string mime = "audio/vorbis"
10-16 09:41:43.268 D/CCodec ( 522): int32_t sample-rate = 44100
10-16 09:41:43.268 D/CCodec ( 522): }
10-16 09:41:43.268 D/CCodec ( 522): setup formats output: AMessage(what = 0x00000000) = {
10-16 09:41:43.268 D/CCodec ( 522): int32_t channel-count = 2
10-16 09:41:43.268 D/CCodec ( 522): string mime = "audio/raw"
10-16 09:41:43.268 D/CCodec ( 522): int32_t sample-rate = 44100
10-16 09:41:43.268 D/CCodec ( 522): int32_t channel-mask = 3
10-16 09:41:43.268 D/CCodec ( 522): }
10-16 09:41:43.268 W/BestClock( 522): java.time.DateTimeException: Missing NTP fix
10-16 09:41:43.268 I/CCodecConfig( 522): query failed after returning 7 values (BAD_INDEX)
10-16 09:41:43.270 W/Codec2Client( 522): query -- param skipped: index = 1342179345.
10-16 09:41:43.270 W/Codec2Client( 522): query -- param skipped: index = 2415921170.
10-16 09:41:43.272 D/CCodecBufferChannel( 522): [c2.android.vorbis.decoder#895] Created input block pool with allocatorID 16 => poolID 20 - OK (0)
10-16 09:41:43.273 W/BestClock( 522): java.time.DateTimeException: Missing NTP fix
10-16 09:41:43.274 I/CCodecBufferChannel( 522): [c2.android.vorbis.decoder#895] Created output block pool with allocatorID 16 => poolID 20 - OK
10-16 09:41:43.274 W/BestClock( 522): java.time.DateTimeException: Missing NTP fix
10-16 09:41:43.274 D/CompatibilityChangeReporter( 916): Compat change id reported: 171979766; UID 1073; state: ENABLED
10-16 09:41:43.274 D/CCodecBufferChannel( 522): [c2.android.vorbis.decoder#895] Configured output block pool ids 20 => OK
10-16 09:41:43.276 W/BestClock( 522): java.time.DateTimeException: Missing NTP fix
10-16 09:41:43.277 W/BestClock( 522): java.time.DateTimeException: Missing NTP fix
10-16 09:41:43.278 D/SimpleC2Component( 373): Using output block pool with poolID 20 => got 20 - 0
10-16 09:41:43.282 W/BestClock( 522): java.time.DateTimeException: Missing NTP fix
10-16 09:41:43.317 W/BestClock( 522): java.time.DateTimeException: Missing NTP fix
10-16 09:41:43.320 W/Role ( 768): Cannot get ApplicationInfo for default holder: com.android.messaging
10-16 09:41:43.344 W/BestClock( 522): java.time.DateTimeException: Missing NTP fix
10-16 09:41:43.345 W/BestClock( 522): java.time.DateTimeException: Missing NTP fix
10-16 09:41:43.345 I/hw-BpHwBinder( 522): onLastStrongRef automatically unlinking death recipients
10-16 09:41:43.347 I/RoleUserState( 522): Added new role: android.app.role.SYSTEM_CONTACTS
10-16 09:41:43.347 I/RoleUserState( 522): Added new role: android.app.role.COMPANION_DEVICE_WATCH
10-16 09:41:43.347 I/RoleUserState( 522): Added new role: android.app.role.CALL_SCREENING
10-16 09:41:43.348 I/RoleUserState( 522): Added new role: android.app.role.SYSTEM_NOTIFICATION_INTELLIGENCE
10-16 09:41:43.348 I/RoleUserState( 522): Added new role: android.app.role.SYSTEM_GALLERY
10-16 09:41:43.348 I/RoleUserState( 522): Added new role: android.app.role.SYSTEM_SHELL
10-16 09:41:43.348 I/RoleUserState( 522): Added new role: android.app.role.SYSTEM_WELLBEING
10-16 09:41:43.348 I/RoleUserState( 522): Added new role: android.app.role.SYSTEM_VISUAL_INTELLIGENCE
10-16 09:41:43.348 I/RoleUserState( 522): Added new role: android.app.role.SYSTEM_TELEVISION_REMOTE_SERVICE
10-16 09:41:43.348 I/RoleUserState( 522): Added new role: android.app.role.SYSTEM_TEXT_INTELLIGENCE
10-16 09:41:43.348 I/RoleUserState( 522): Added new role: android.app.role.SYSTEM_AUTOMOTIVE_PROJECTION
10-16 09:41:43.348 I/RoleUserState( 522): Added new role: android.app.role.SYSTEM_ACTIVITY_RECOGNIZER
10-16 09:41:43.348 I/RoleUserState( 522): Added new role: android.app.role.SYSTEM_COMPANION_DEVICE_PROVIDER
10-16 09:41:43.348 I/RoleUserState( 522): Added new role: android.app.role.SYSTEM_UI_INTELLIGENCE
10-16 09:41:43.348 I/RoleUserState( 522): Added new role: android.app.role.DIALER
10-16 09:41:43.348 I/RoleUserState( 522): Added new role: android.app.role.HOME
10-16 09:41:43.348 I/RoleUserState( 522): Added new role: android.app.role.SYSTEM_SPEECH_RECOGNIZER
10-16 09:41:43.348 I/RoleUserState( 522): Added new role: android.app.role.SYSTEM_UI
10-16 09:41:43.348 I/RoleUserState( 522): Added new role: android.app.role.SYSTEM_WIFI_COEX_MANAGER
10-16 09:41:43.348 I/RoleUserState( 522): Added new role: android.app.role.ASSISTANT
10-16 09:41:43.348 I/RoleUserState( 522): Added new role: android.app.role.SYSTEM_AMBIENT_AUDIO_INTELLIGENCE
10-16 09:41:43.348 I/RoleUserState( 522): Added new role: android.app.role.SYSTEM_TELEVISION_NOTIFICATION_HANDLER
10-16 09:41:43.348 I/RoleUserState( 522): Added new role: android.app.role.EMERGENCY
10-16 09:41:43.348 I/RoleUserState( 522): Added new role: android.app.role.CALL_REDIRECTION
10-16 09:41:43.348 I/RoleUserState( 522): Added new role: android.app.role.SYSTEM_AUDIO_INTELLIGENCE
10-16 09:41:43.348 I/RoleUserState( 522): Added new role: android.app.role.BROWSER
10-16 09:41:43.349 D/CompatibilityChangeReporter( 522): Compat change id reported: 171306433; UID 1000; state: ENABLED
10-16 09:41:43.357 W/Role ( 768): Cannot get ApplicationInfo for default holder: com.android.contacts
10-16 09:41:43.368 W/BestClock( 522): java.time.DateTimeException: Missing NTP fix
10-16 09:41:43.371 W/BestClock( 522): java.time.DateTimeException: Missing NTP fix
10-16 09:41:43.378 D/CCodecBufferChannel( 522): [c2.android.vorbis.decoder#895] MediaCodec discarded an unknown buffer
10-16 09:41:43.379 D/CCodecBufferChannel( 522): [c2.android.vorbis.decoder#895] MediaCodec discarded an unknown buffer
10-16 09:41:43.379 V/GraphicsEnvironment( 916): ANGLE Developer option for 'com.android.networkstack' set to: 'default'
10-16 09:41:43.380 V/GraphicsEnvironment( 916): Neither updatable production driver nor prerelease driver is supported.
10-16 09:41:43.381 D/CompatibilityChangeReporter( 522): Compat change id reported: 168419799; UID 10061; state: DISABLED
10-16 09:41:43.383 D/NetworkSecurityConfig( 916): No Network Security Config specified, using platform default
10-16 09:41:43.383 D/NetworkSecurityConfig( 916): No Network Security Config specified, using platform default
10-16 09:41:43.383 W/Role ( 768): Cannot get ApplicationInfo for default holder: com.android.gallery3d
10-16 09:41:43.388 I/hw-BpHwBinder( 522): onLastStrongRef automatically unlinking death recipients
10-16 09:41:43.388 I/hw-BpHwBinder( 373): onLastStrongRef automatically unlinking death recipients
10-16 09:41:43.392 V/C2Store ( 373): in ~ComponentModule
10-16 09:41:43.392 V/C2Store ( 373): unloading dll
10-16 09:41:43.395 I/RoleControllerServiceImpl( 768): Adding package as default/fallback role holder, package: com.android.shell, role: android.app.role.SYSTEM_SHELL
10-16 09:41:43.397 D/MediaCodecList( 522): codecHandlesFormat: no format, so no extra checks
10-16 09:41:43.408 W/BestClock( 522): java.time.DateTimeException: Missing NTP fix
10-16 09:41:43.410 D/MediaCodecList( 522): codecHandlesFormat: no format, so no extra checks
10-16 09:41:43.411 W/BestClock( 522): java.time.DateTimeException: Missing NTP fix
10-16 09:41:43.412 W/IorapForwardingService( 522): No service published for: iorapd
10-16 09:41:43.431 D/TvPipController( 748): onImeVisibilityChanged(), visible=false, height=0
10-16 09:41:43.431 D/TvPipController( 748): onActionsChanged()
10-16 09:41:43.432 D/TvPipMenuController( 748): setAppActions()
10-16 09:41:43.432 D/TvPipController( 748): onImeVisibilityChanged(), visible=false, height=0
10-16 09:41:43.432 D/TvPipController( 748): onActionsChanged()
10-16 09:41:43.432 D/TvPipMenuController( 748): setAppActions()
10-16 09:41:43.434 D/CCodec ( 522): allocate(c2.android.vorbis.decoder)
10-16 09:41:43.434 D/CCodec ( 522): allocate(c2.android.vorbis.decoder)
10-16 09:41:43.435 V/C2Store ( 373): in init
10-16 09:41:43.435 V/C2Store ( 373): loading dll
10-16 09:41:43.437 W/KeyguardUpdateMonitor( 748): invalid subId in handleServiceStateChange()
10-16 09:41:43.437 I/system_server( 522): Background concurrent copying GC freed 114295(5487KB) AllocSpace objects, 16(576KB) LOS objects, 49% free, 10MB/21MB, paused 954us total 1.179s
10-16 09:41:43.440 I/CCodec ( 522): Created component [c2.android.vorbis.decoder]
10-16 09:41:43.441 D/CCodecConfig( 522): read media type: audio/vorbis
10-16 09:41:43.441 I/CCodec ( 522): Created component [c2.android.vorbis.decoder]
10-16 09:41:43.442 D/CCodecConfig( 522): read media type: audio/vorbis
10-16 09:41:43.445 D/ReflectedParamUpdater( 522): extent() != 1 for single value type: algo.buffers.max-count.values
10-16 09:41:43.445 D/ReflectedParamUpdater( 522): extent() != 1 for single value type: algo.buffers.max-count.values
10-16 09:41:43.445 D/ReflectedParamUpdater( 522): extent() != 1 for single value type: output.subscribed-indices.values
10-16 09:41:43.445 D/ReflectedParamUpdater( 522): extent() != 1 for single value type: input.buffers.allocator-ids.values
10-16 09:41:43.446 D/ReflectedParamUpdater( 522): extent() != 1 for single value type: output.subscribed-indices.values
10-16 09:41:43.446 D/ReflectedParamUpdater( 522): extent() != 1 for single value type: output.buffers.allocator-ids.values
10-16 09:41:43.446 D/ReflectedParamUpdater( 522): extent() != 1 for single value type: input.buffers.allocator-ids.values
10-16 09:41:43.446 D/ReflectedParamUpdater( 522): extent() != 1 for single value type: output.buffers.allocator-ids.values
10-16 09:41:43.446 D/ReflectedParamUpdater( 522): extent() != 1 for single value type: algo.buffers.allocator-ids.values
10-16 09:41:43.446 D/ReflectedParamUpdater( 522): extent() != 1 for single value type: algo.buffers.allocator-ids.values
10-16 09:41:43.446 D/ReflectedParamUpdater( 522): extent() != 1 for single value type: output.buffers.pool-ids.values
10-16 09:41:43.446 D/ReflectedParamUpdater( 522): extent() != 1 for single value type: algo.buffers.pool-ids.values
10-16 09:41:43.447 D/ReflectedParamUpdater( 522): extent() != 1 for single value type: output.buffers.pool-ids.values
10-16 09:41:43.447 D/ReflectedParamUpdater( 522): extent() != 1 for single value type: algo.buffers.pool-ids.values
10-16 09:41:43.449 I/CCodecConfig( 522): query failed after returning 7 values (BAD_INDEX)
10-16 09:41:43.450 D/CCodecConfig( 522): c2 config diff is Dict {
10-16 09:41:43.450 D/CCodecConfig( 522): c2::u32 coded.bitrate.value = 64000
10-16 09:41:43.450 D/CCodecConfig( 522): c2::u32 input.buffers.max-size.value = 32768
10-16 09:41:43.450 D/CCodecConfig( 522): c2::u32 input.delay.value = 0
10-16 09:41:43.450 D/CCodecConfig( 522): string input.media-type.value = "audio/vorbis"
10-16 09:41:43.450 D/CCodecConfig( 522): string output.media-type.value = "audio/raw"
10-16 09:41:43.450 D/CCodecConfig( 522): c2::u32 raw.channel-count.value = 1
10-16 09:41:43.450 D/CCodecConfig( 522): c2::u32 raw.sample-rate.value = 48000
10-16 09:41:43.450 D/CCodecConfig( 522): }
10-16 09:41:43.451 D/CCodec ( 522): [c2.android.vorbis.decoder] buffers are bound to CCodec for this session
10-16 09:41:43.451 D/CCodecConfig( 522): no c2 equivalents for durationUs
10-16 09:41:43.451 D/CCodecConfig( 522): no c2 equivalents for track-id
10-16 09:41:43.452 D/CCodecConfig( 522): no c2 equivalents for csd-1
10-16 09:41:43.452 D/CCodecConfig( 522): no c2 equivalents for channel-mask
10-16 09:41:43.452 D/CCodecConfig( 522): no c2 equivalents for flags
10-16 09:41:43.452 I/CCodecConfig( 522): query failed after returning 7 values (BAD_INDEX)
10-16 09:41:43.452 D/CCodecConfig( 522): c2 config diff is Dict {
10-16 09:41:43.452 D/CCodecConfig( 522): c2::u32 coded.bitrate.value = 64000
10-16 09:41:43.452 D/CCodecConfig( 522): c2::u32 input.buffers.max-size.value = 32768
10-16 09:41:43.452 D/CCodecConfig( 522): c2::u32 input.delay.value = 0
10-16 09:41:43.452 D/CCodecConfig( 522): string input.media-type.value = "audio/vorbis"
10-16 09:41:43.452 D/CCodecConfig( 522): string output.media-type.value = "audio/raw"
10-16 09:41:43.452 D/CCodecConfig( 522): c2::u32 raw.channel-count.value = 1
10-16 09:41:43.452 D/CCodecConfig( 522): c2::u32 raw.sample-rate.value = 48000
10-16 09:41:43.452 D/CCodecConfig( 522): }
10-16 09:41:43.452 W/BestClock( 522): java.time.DateTimeException: Missing NTP fix
10-16 09:41:43.454 D/CCodec ( 522): [c2.android.vorbis.decoder] buffers are bound to CCodec for this session
10-16 09:41:43.454 D/CCodecConfig( 522): no c2 equivalents for durationUs
10-16 09:41:43.454 D/CCodecConfig( 522): no c2 equivalents for track-id
10-16 09:41:43.454 D/CCodecConfig( 522): no c2 equivalents for csd-1
10-16 09:41:43.454 D/CCodecConfig( 522): no c2 equivalents for channel-mask
10-16 09:41:43.454 D/CCodecConfig( 522): no c2 equivalents for flags
10-16 09:41:43.455 D/CCodecConfig( 522): c2 config diff is c2::u32 coded.bitrate.value = 499821
10-16 09:41:43.455 D/CCodecConfig( 522): c2::u32 raw.channel-count.value = 2
10-16 09:41:43.455 D/CCodecConfig( 522): c2::u32 raw.sample-rate.value = 44100
10-16 09:41:43.457 W/Codec2Client( 522): query -- param skipped: index = 1107298332.
10-16 09:41:43.457 W/BestClock( 522): java.time.DateTimeException: Missing NTP fix
10-16 09:41:43.457 D/CCodec ( 522): setup formats input: AMessage(what = 0x00000000) = {
10-16 09:41:43.457 D/CCodec ( 522): int32_t bitrate = 499821
10-16 09:41:43.457 D/CCodec ( 522): int32_t channel-count = 2
10-16 09:41:43.457 D/CCodec ( 522): int32_t max-input-size = 32768
10-16 09:41:43.457 D/CCodec ( 522): string mime = "audio/vorbis"
10-16 09:41:43.457 D/CCodec ( 522): int32_t sample-rate = 44100
10-16 09:41:43.457 D/CCodec ( 522): }
10-16 09:41:43.458 D/CCodec ( 522): setup formats output: AMessage(what = 0x00000000) = {
10-16 09:41:43.458 D/CCodec ( 522): int32_t channel-count = 2
10-16 09:41:43.458 D/CCodec ( 522): string mime = "audio/raw"
10-16 09:41:43.458 D/CCodec ( 522): int32_t sample-rate = 44100
10-16 09:41:43.458 D/CCodec ( 522): int32_t channel-mask = 3
10-16 09:41:43.458 D/CCodec ( 522): }
10-16 09:41:43.458 D/CCodecConfig( 522): c2 config diff is c2::u32 coded.bitrate.value = 239920
10-16 09:41:43.458 D/CCodecConfig( 522): c2::u32 raw.sample-rate.value = 44100
10-16 09:41:43.460 I/CCodecConfig( 522): query failed after returning 7 values (BAD_INDEX)
10-16 09:41:43.460 W/Codec2Client( 522): query -- param skipped: index = 1107298332.
10-16 09:41:43.460 D/CCodec ( 522): setup formats input: AMessage(what = 0x00000000) = {
10-16 09:41:43.460 D/CCodec ( 522): int32_t bitrate = 239920
10-16 09:41:43.460 D/CCodec ( 522): int32_t channel-count = 1
10-16 09:41:43.460 D/CCodec ( 522): int32_t max-input-size = 32768
10-16 09:41:43.460 D/CCodec ( 522): string mime = "audio/vorbis"
10-16 09:41:43.460 D/CCodec ( 522): int32_t sample-rate = 44100
10-16 09:41:43.460 D/CCodec ( 522): }
10-16 09:41:43.460 D/CCodec ( 522): setup formats output: AMessage(what = 0x00000000) = {
10-16 09:41:43.460 D/CCodec ( 522): int32_t channel-count = 1
10-16 09:41:43.460 D/CCodec ( 522): string mime = "audio/raw"
10-16 09:41:43.460 D/CCodec ( 522): int32_t sample-rate = 44100
10-16 09:41:43.460 D/CCodec ( 522): int32_t channel-mask = 1
10-16 09:41:43.460 D/CCodec ( 522): }
10-16 09:41:43.460 I/CCodecConfig( 522): query failed after returning 7 values (BAD_INDEX)
10-16 09:41:43.461 W/Codec2Client( 522): query -- param skipped: index = 1342179345.
10-16 09:41:43.461 W/Codec2Client( 522): query -- param skipped: index = 2415921170.
10-16 09:41:43.461 W/Codec2Client( 522): query -- param skipped: index = 1342179345.
10-16 09:41:43.461 W/System ( 522): A resource failed to call release.
10-16 09:41:43.462 W/Codec2Client( 522): query -- param skipped: index = 2415921170.
10-16 09:41:43.462 W/System ( 522): A resource failed to call release.
10-16 09:41:43.462 D/CCodecBufferChannel( 522): [c2.android.vorbis.decoder#839] Created input block pool with allocatorID 16 => poolID 21 - OK (0)
10-16 09:41:43.463 D/CCodecBufferChannel( 522): [c2.android.vorbis.decoder#783] Created input block pool with allocatorID 16 => poolID 22 - OK (0)
10-16 09:41:43.463 I/CCodecBufferChannel( 522): [c2.android.vorbis.decoder#839] Created output block pool with allocatorID 16 => poolID 21 - OK
10-16 09:41:43.464 D/CCodecBufferChannel( 522): [c2.android.vorbis.decoder#839] Configured output block pool ids 21 => OK
10-16 09:41:43.464 I/CCodecBufferChannel( 522): [c2.android.vorbis.decoder#783] Created output block pool with allocatorID 16 => poolID 22 - OK
10-16 09:41:43.464 D/CCodecBufferChannel( 522): [c2.android.vorbis.decoder#783] Configured output block pool ids 22 => OK
10-16 09:41:43.469 D/SimpleC2Component( 373): Using output block pool with poolID 22 => got 22 - 0
10-16 09:41:43.472 D/SimpleC2Component( 373): Using output block pool with poolID 21 => got 21 - 0
10-16 09:41:43.501 I/update_engine( 376): [INFO:cleanup_previous_update_action.cc(112)] Executing task 10
10-16 09:41:43.502 W/BestClock( 522): java.time.DateTimeException: Missing NTP fix
10-16 09:41:43.506 W/BestClock( 522): java.time.DateTimeException: Missing NTP fix
10-16 09:41:43.507 W/BestClock( 522): java.time.DateTimeException: Missing NTP fix
10-16 09:41:43.516 I/update_engine( 376): [INFO:cleanup_previous_update_action.cc(124)] CleanupPreviousUpdateAction scheduled task ID 11 for WaitBootCompleted
10-16 09:41:43.544 W/BestClock( 522): java.time.DateTimeException: Missing NTP fix
10-16 09:41:43.546 W/BestClock( 522): java.time.DateTimeException: Missing NTP fix
10-16 09:41:43.548 W/BestClock( 522): java.time.DateTimeException: Missing NTP fix
10-16 09:41:43.552 W/BestClock( 522): java.time.DateTimeException: Missing NTP fix
10-16 09:41:43.553 W/BestClock( 522): java.time.DateTimeException: Missing NTP fix
10-16 09:41:43.556 W/BestClock( 522): java.time.DateTimeException: Missing NTP fix
10-16 09:41:43.557 W/BestClock( 522): java.time.DateTimeException: Missing NTP fix
10-16 09:41:43.557 I/ndroid.systemu( 748): Background young concurrent copying GC freed 23222(1367KB) AllocSpace objects, 0(0B) LOS objects, 92% free, 1871KB/25MB, paused 8.066ms total 91.800ms
10-16 09:41:43.558 W/BestClock( 522): java.time.DateTimeException: Missing NTP fix
10-16 09:41:43.573 W/BestClock( 522): java.time.DateTimeException: Missing NTP fix
10-16 09:41:43.581 W/BestClock( 522): java.time.DateTimeException: Missing NTP fix
10-16 09:41:43.582 D/ConnectivityService( 522): requestNetwork for uid/pid:1073/916 activeRequest: null callbackRequest: 18 [NetworkRequest [ REQUEST id=19, [ Capabilities: INTERNET&NOT_RESTRICTED&TRUSTED&NOT_VCN_MANAGED Uid: 1073 RequestorUid: 1073 RequestorPkg: com.android.networkstack] ]] callback flags: 0 priority: 2147483647
10-16 09:41:43.582 D/ConnectivityService( 522): NetReassign [no changes]
10-16 09:41:43.584 D/PPPOE ( 522): got request NetworkRequest [ REQUEST id=19, [ Capabilities: INTERNET&NOT_RESTRICTED&TRUSTED&NOT_VCN_MANAGED Uid: 1073 RequestorUid: 1073 RequestorPkg: com.android.networkstack] ]
10-16 09:41:43.584 D/Ethernet( 522): got request NetworkRequest [ REQUEST id=19, [ Capabilities: INTERNET&NOT_RESTRICTED&TRUSTED&NOT_VCN_MANAGED Uid: 1073 RequestorUid: 1073 RequestorPkg: com.android.networkstack] ]
10-16 09:41:43.584 D/EthernetNetworkFactory( 522): acceptRequest, request: NetworkRequest [ REQUEST id=19, [ Capabilities: INTERNET&NOT_RESTRICTED&TRUSTED&NOT_VCN_MANAGED Uid: 1073 RequestorUid: 1073 RequestorPkg: com.android.networkstack] ]
10-16 09:41:43.584 W/BestClock( 522): java.time.DateTimeException: Missing NTP fix
10-16 09:41:43.584 I/EthernetNetworkFactory( 522): networkForRequest, request: NetworkRequest [ REQUEST id=19, [ Capabilities: INTERNET&NOT_RESTRICTED&TRUSTED&NOT_VCN_MANAGED Uid: 1073 RequestorUid: 1073 RequestorPkg: com.android.networkstack] ], network: null
10-16 09:41:43.593 D/ConnectivityService( 522): NetReassign [no changes]
10-16 09:41:43.594 I/hw-BpHwBinder( 522): onLastStrongRef automatically unlinking death recipients
10-16 09:41:43.598 I/hw-BpHwBinder( 522): onLastStrongRef automatically unlinking death recipients
10-16 09:41:43.599 I/hw-BpHwBinder( 373): onLastStrongRef automatically unlinking death recipients
10-16 09:41:43.599 V/C2Store ( 373): in ~ComponentModule
10-16 09:41:43.600 V/C2Store ( 373): unloading dll
10-16 09:41:43.610 W/BestClock( 522): java.time.DateTimeException: Missing NTP fix
10-16 09:41:43.612 W/BestClock( 522): java.time.DateTimeException: Missing NTP fix
10-16 09:41:43.613 W/BestClock( 522): java.time.DateTimeException: Missing NTP fix
10-16 09:41:43.617 D/ApplicationLoaders( 916): Returning zygote-cached class loader: /system/framework/android.test.base.jar
10-16 09:41:43.635 D/NetworkSecurityConfig( 916): No Network Security Config specified, using platform default
10-16 09:41:43.642 I/ssioncontrolle( 768): Background young concurrent copying GC freed 44536(2201KB) AllocSpace objects, 1(20KB) LOS objects, 92% free, 1898KB/25MB, paused 3.822ms total 108.563ms
10-16 09:41:43.646 W/Role ( 768): Cannot get ApplicationInfo for default holder: com.android.dialer
10-16 09:41:43.647 I/droid.bluetoot( 733): Background young concurrent copying GC freed 3209(457KB) AllocSpace objects, 0(0B) LOS objects, 95% free, 1162KB/25MB, paused 176us total 223.928ms
10-16 09:41:43.648 W/Role ( 768): Cannot get ApplicationInfo for default holder: com.android.dialer
10-16 09:41:43.652 W/BestClock( 522): java.time.DateTimeException: Missing NTP fix
10-16 09:41:43.655 W/BestClock( 522): java.time.DateTimeException: Missing NTP fix
10-16 09:41:43.658 I/RoleControllerServiceImpl( 768): Adding package as default/fallback role holder, package: com.dangbei.hqguide, role: android.app.role.HOME
10-16 09:41:43.670 D/NetworkStats( 522): registerNetworkStatsProvider from OffloadController uid/pid=1073/916
10-16 09:41:43.672 I/RoleControllerServiceImpl( 768): Adding package as default/fallback role holder, package: com.android.systemui, role: android.app.role.SYSTEM_UI
10-16 09:41:43.681 D/wpa_supplicant( 859): EAPOL: disable timer tick
10-16 09:41:43.684 W/BestClock( 522): java.time.DateTimeException: Missing NTP fix
10-16 09:41:43.687 D/CountryDetector( 522): Using custom country detector class: com.android.server.location.ComprehensiveCountryDetector
10-16 09:41:43.688 E/CountryDetector( 522): Could not instantiate the custom country detector class
10-16 09:41:43.688 D/CountryDetector( 522): Using default country detector
10-16 09:41:43.691 W/BestClock( 522): java.time.DateTimeException: Missing NTP fix
10-16 09:41:43.692 W/BestClock( 522): java.time.DateTimeException: Missing NTP fix
10-16 09:41:43.693 W/BestClock( 522): java.time.DateTimeException: Missing NTP fix
10-16 09:41:43.694 W/BestClock( 522): java.time.DateTimeException: Missing NTP fix
10-16 09:41:43.695 W/BestClock( 522): java.time.DateTimeException: Missing NTP fix
10-16 09:41:43.696 W/BestClock( 522): java.time.DateTimeException: Missing NTP fix
10-16 09:41:43.696 W/BestClock( 522): java.time.DateTimeException: Missing NTP fix
10-16 09:41:43.697 W/BestClock( 522): java.time.DateTimeException: Missing NTP fix
10-16 09:41:43.697 W/BestClock( 522): java.time.DateTimeException: Missing NTP fix
10-16 09:41:43.698 W/BestClock( 522): java.time.DateTimeException: Missing NTP fix
10-16 09:41:43.698 W/BestClock( 522): java.time.DateTimeException: Missing NTP fix
10-16 09:41:43.699 W/BestClock( 522): java.time.DateTimeException: Missing NTP fix
10-16 09:41:43.703 D/wpa_supplicant( 859): EAPOL: disable timer tick
10-16 09:41:43.711 D/NetworkStats( 522): registerNetworkStatsProvider from BpfCoordinator uid/pid=1073/916
10-16 09:41:43.723 W/SystemServiceManager( 522): Service com.android.role.RoleService took 535 ms in onStartUser-0
10-16 09:41:43.724 D/CompatibilityChangeReporter( 916): Compat change id reported: 147600208; UID 1073; state: ENABLED
10-16 09:41:43.727 V/StorageManagerService( 522): Package com.dangbei.lerad.leradwatcher has legacy storage
10-16 09:41:43.727 D/CompatibilityChangeReporter( 522): Compat change id reported: 182478738; UID 1073; state: DISABLED
10-16 09:41:43.727 V/StorageManagerService( 522): Package com.android.cts.priv.ctsshim does not have legacy storage
10-16 09:41:43.727 V/StorageManagerService( 522): Package com.android.dynsystem does not have legacy storage
10-16 09:41:43.727 V/StorageManagerService( 522): Package com.dangbei.lerad.rocky does not have legacy storage
10-16 09:41:43.727 V/StorageManagerService( 522): Package com.android.providers.calendar does not have legacy storage
10-16 09:41:43.727 V/StorageManagerService( 522): Package com.android.tv.settings does not have legacy storage
10-16 09:41:43.728 V/StorageManagerService( 522): Package com.android.providers.media does not have legacy storage
10-16 09:41:43.728 V/StorageManagerService( 522): Package com.oranth.factory does not have legacy storage
10-16 09:41:43.728 V/StorageManagerService( 522): Package com.android.internal.systemui.navbar.gestural_wide_back does not have legacy storage
10-16 09:41:43.728 V/StorageManagerService( 522): Package com.dangbei.zhushou.os does not have legacy storage
10-16 09:41:43.728 V/StorageManagerService( 522): Package com.android.wallpapercropper does not have legacy storage
10-16 09:41:43.728 V/StorageManagerService( 522): Package com.softwinner.provision does not have legacy storage
10-16 09:41:43.728 V/StorageManagerService( 522): Package com.softwinner.awlogsettings does not have legacy storage
10-16 09:41:43.728 V/StorageManagerService( 522): Package com.android.documentsui does not have legacy storage
10-16 09:41:43.728 V/StorageManagerService( 522): Package com.sohu.inputmethod.sogou.tv has legacy storage
10-16 09:41:43.728 V/StorageManagerService( 522): Package com.android.externalstorage does not have legacy storage
10-16 09:41:43.728 V/StorageManagerService( 522): Package com.android.htmlviewer does not have legacy storage
10-16 09:41:43.728 V/StorageManagerService( 522): Package com.android.companiondevicemanager does not have legacy storage
10-16 09:41:43.728 V/StorageManagerService( 522): Package com.android.mms.service does not have legacy storage
10-16 09:41:43.729 V/StorageManagerService( 522): Package com.android.providers.downloads does not have legacy storage
10-16 09:41:43.724 I/rainbow_flow( 329): type=1400 audit(0.0:346): avc: denied { ioctl } for path="/dev/spidev1.0" dev="tmpfs" ino=1337 ioctlcmd=0x6b00 scontext=u:r:init:s0 tcontext=u:object_r:device:s0 tclass=chr_file permissive=1
10-16 09:41:43.729 V/StorageManagerService( 522): Package com.android.providers.tv does not have legacy storage
10-16 09:41:43.729 V/StorageManagerService( 522): Package com.android.internal.systemui.onehanded.gestural does not have legacy storage
10-16 09:41:43.729 V/StorageManagerService( 522): Package com.oranth.ledstatus does not have legacy storage
10-16 09:41:43.729 V/StorageManagerService( 522): Package com.dangbei.lerad.videoposter has legacy storage
10-16 09:41:43.729 V/StorageManagerService( 522): Package com.android.providers.downloads.ui does not have legacy storage
10-16 09:41:43.729 V/StorageManagerService( 522): Package com.android.pacprocessor does not have legacy storage
10-16 09:41:43.729 V/StorageManagerService( 522): Package com.android.simappdialog does not have legacy storage
10-16 09:41:43.730 V/StorageManagerService( 522): Package com.android.networkstack does not have legacy storage
10-16 09:41:43.730 V/StorageManagerService( 522): Package com.android.connectivity.resources does not have legacy storage
10-16 09:41:43.730 V/StorageManagerService( 522): Package com.android.modulemetadata does not have legacy storage
10-16 09:41:43.730 V/StorageManagerService( 522): Package com.android.certinstaller does not have legacy storage
10-16 09:41:43.730 V/StorageManagerService( 522): Package com.android.carrierconfig does not have legacy storage
10-16 09:41:43.730 V/StorageManagerService( 522): Package com.google.android.apps.searchlite.overlay does not have legacy storage
10-16 09:41:43.730 V/StorageManagerService( 522): Package com.android.internal.systemui.navbar.threebutton does not have legacy storage
10-16 09:41:43.730 V/StorageManagerService( 522): Package android does not have legacy storage
10-16 09:41:43.730 V/StorageManagerService( 522): Package com.google.android.networkstackconfig does not have legacy storage
10-16 09:41:43.730 V/StorageManagerService( 522): Package com.softwinner.settingssetup does not have legacy storage
10-16 09:41:43.730 V/StorageManagerService( 522): Package com.android.egg does not have legacy storage
10-16 09:41:43.730 V/StorageManagerService( 522): Package com.android.mtp does not have legacy storage
10-16 09:41:43.730 V/StorageManagerService( 522): Package com.android.backupconfirm does not have legacy storage
10-16 09:41:43.730 V/StorageManagerService( 522): Package com.softwinner.timerswitch does not have legacy storage
10-16 09:41:43.731 V/StorageManagerService( 522): Package com.android.statementservice does not have legacy storage
10-16 09:41:43.731 V/StorageManagerService( 522): Package com.dangbei.screencast has legacy storage
10-16 09:41:43.731 V/StorageManagerService( 522): Package com.android.settings.intelligence does not have legacy storage
10-16 09:41:43.731 V/StorageManagerService( 522): Package com.android.internal.systemui.navbar.gestural_extra_wide_back does not have legacy storage
10-16 09:41:43.731 V/StorageManagerService( 522): Package com.dangbei.leard.leradlauncher does not have legacy storage
10-16 09:41:43.731 V/StorageManagerService( 522): Package com.android.providers.settings does not have legacy storage
10-16 09:41:43.731 V/StorageManagerService( 522): Package com.android.sharedstoragebackup does not have legacy storage
10-16 09:41:43.731 V/StorageManagerService( 522): Package com.android.printspooler does not have legacy storage
10-16 09:41:43.731 V/StorageManagerService( 522): Package com.android.dreams.basic does not have legacy storage
10-16 09:41:43.731 V/StorageManagerService( 522): Package com.android.webview does not have legacy storage
10-16 09:41:43.731 V/StorageManagerService( 522): Package com.android.se does not have legacy storage
10-16 09:41:43.731 V/StorageManagerService( 522): Package com.android.tv does not have legacy storage
10-16 09:41:43.731 V/StorageManagerService( 522): Package com.android.inputdevices does not have legacy storage
10-16 09:41:43.731 V/StorageManagerService( 522): Package com.android.bips does not have legacy storage
10-16 09:41:43.731 V/StorageManagerService( 522): Package com.oranth.inputmacsn does not have legacy storage
10-16 09:41:43.731 V/StorageManagerService( 522): Package com.android.musicfx does not have legacy storage
10-16 09:41:43.732 V/StorageManagerService( 522): Package com.dangbei.hqguide does not have legacy storage
10-16 09:41:43.732 V/StorageManagerService( 522): Package android.ext.shared does not have legacy storage
10-16 09:41:43.732 V/StorageManagerService( 522): Package com.android.onetimeinitializer does not have legacy storage
10-16 09:41:43.732 V/StorageManagerService( 522): Package com.android.keychain does not have legacy storage
10-16 09:41:43.732 V/StorageManagerService( 522): Package com.android.printservice.recommendation does not have legacy storage
10-16 09:41:43.732 V/StorageManagerService( 522): Package com.google.android.networkstack.tetheringconfig does not have legacy storage
10-16 09:41:43.732 V/StorageManagerService( 522): Package android.ext.services does not have legacy storage
10-16 09:41:43.732 V/StorageManagerService( 522): Package com.android.wifi.resources does not have legacy storage
10-16 09:41:43.732 V/StorageManagerService( 522): Package com.android.localtransport does not have legacy storage
10-16 09:41:43.732 V/StorageManagerService( 522): Package com.android.packageinstaller does not have legacy storage
10-16 09:41:43.732 V/StorageManagerService( 522): Package com.android.theme.font.notoserifsource does not have legacy storage
10-16 09:41:43.732 V/StorageManagerService( 522): Package com.android.proxyhandler does not have legacy storage
10-16 09:41:43.732 V/StorageManagerService( 522): Package com.softwinner.screenshot does not have legacy storage
10-16 09:41:43.732 V/StorageManagerService( 522): Package com.android.managedprovisioning does not have legacy storage
10-16 09:41:43.732 V/StorageManagerService( 522): Package com.oranth.usbopenft does not have legacy storage
10-16 09:41:43.732 V/StorageManagerService( 522): Package com.android.networkstack.tethering does not have legacy storage
10-16 09:41:43.733 V/StorageManagerService( 522): Package com.android.soundpicker does not have legacy storage
10-16 09:41:43.733 V/StorageManagerService( 522): Package com.dangbei.lerad.etna.haqu does not have legacy storage
10-16 09:41:43.733 V/StorageManagerService( 522): Package com.allwinnertech.packageoverride does not have legacy storage
10-16 09:41:43.733 V/StorageManagerService( 522): Package com.android.smspush does not have legacy storage
10-16 09:41:43.733 V/StorageManagerService( 522): Package com.android.wallpaper.livepicker does not have legacy storage
10-16 09:41:43.733 V/StorageManagerService( 522): Package com.tv.filemanager.os has legacy storage
10-16 09:41:43.733 V/StorageManagerService( 522): Package com.oranth.powerwindow does not have legacy storage
10-16 09:41:43.733 V/StorageManagerService( 522): Package com.android.storagemanager does not have legacy storage
10-16 09:41:43.733 V/StorageManagerService( 522): Package com.android.bookmarkprovider does not have legacy storage
10-16 09:41:43.733 V/StorageManagerService( 522): Package com.android.networkstack.permissionconfig does not have legacy storage
10-16 09:41:43.733 V/StorageManagerService( 522): Package com.android.cts.ctsshim does not have legacy storage
10-16 09:41:43.733 V/StorageManagerService( 522): Package com.dangbei.lerad.screensaver does not have legacy storage
10-16 09:41:43.733 V/StorageManagerService( 522): Package com.android.remoteprovisioner does not have legacy storage
10-16 09:41:43.733 V/StorageManagerService( 522): Package com.softwinner.theme.icon does not have legacy storage
10-16 09:41:43.733 V/StorageManagerService( 522): Package com.android.wallpaper does not have legacy storage
10-16 09:41:43.733 V/StorageManagerService( 522): Package com.android.vpndialogs does not have legacy storage
10-16 09:41:43.734 V/StorageManagerService( 522): Package com.android.music does not have legacy storage
10-16 09:41:43.734 V/StorageManagerService( 522): Package com.android.shell does not have legacy storage
10-16 09:41:43.734 V/StorageManagerService( 522): Package com.android.wallpaperbackup does not have legacy storage
10-16 09:41:43.734 V/StorageManagerService( 522): Package com.android.providers.blockednumber does not have legacy storage
10-16 09:41:43.734 V/StorageManagerService( 522): Package com.android.providers.userdictionary does not have legacy storage
10-16 09:41:43.734 V/StorageManagerService( 522): Package com.android.providers.media.module does not have legacy storage
10-16 09:41:43.734 V/StorageManagerService( 522): Package com.softwinner.theme.color does not have legacy storage
10-16 09:41:43.734 V/StorageManagerService( 522): Package com.oranth.storage does not have legacy storage
10-16 09:41:43.734 V/StorageManagerService( 522): Package com.android.hotspot2.osulogin does not have legacy storage
10-16 09:41:43.734 V/StorageManagerService( 522): Package com.android.internal.systemui.navbar.gestural does not have legacy storage
10-16 09:41:43.734 V/StorageManagerService( 522): Package com.android.location.fused does not have legacy storage
10-16 09:41:43.734 V/StorageManagerService( 522): Package com.android.systemui does not have legacy storage
10-16 09:41:43.734 V/StorageManagerService( 522): Package com.dangbei.haqusetting does not have legacy storage
10-16 09:41:43.734 V/StorageManagerService( 522): Package com.android.bluetoothmidiservice does not have legacy storage
10-16 09:41:43.734 V/StorageManagerService( 522): Package com.softwinner.awmanager does not have legacy storage
10-16 09:41:43.734 V/StorageManagerService( 522): Package com.android.permissioncontroller does not have legacy storage
10-16 09:41:43.735 V/StorageManagerService( 522): Package com.softwinner.miracastReceiver does not have legacy storage
10-16 09:41:43.735 V/StorageManagerService( 522): Package com.android.traceur does not have legacy storage
10-16 09:41:43.735 V/StorageManagerService( 522): Package com.android.bluetooth does not have legacy storage
10-16 09:41:43.735 V/StorageManagerService( 522): Package com.android.providers.contacts does not have legacy storage
10-16 09:41:43.735 V/StorageManagerService( 522): Package com.android.captiveportallogin does not have legacy storage
10-16 09:41:43.735 V/StorageManagerService( 522): Package com.android.internal.systemui.navbar.gestural_narrow_back does not have legacy storage
10-16 09:41:43.735 V/StorageManagerService( 522): Package android.auto_generated_rro_vendor__ does not have legacy storage
10-16 09:41:43.738 W/VoiceInteractionManager( 522): no available voice recognition services found for user 0
10-16 09:41:43.738 W/AppBindingService( 522): [Default SMS app] u0 Target package not found
10-16 09:41:43.740 V/GameManagerService( 522): Settings file doesn't exists, skip reading
10-16 09:41:43.740 I/SystemServerTiming( 522): startPersistentApps
10-16 09:41:43.742 D/CompatibilityChangeReporter( 522): Compat change id reported: 135634846; UID 1068; state: DISABLED
10-16 09:41:43.743 I/SystemServerTiming( 522): startHomeOnAllDisplays
10-16 09:41:43.745 I/ActivityStarter( 522): ---START u0 {act=android.intent.action.MAIN cat=[android.intent.category.HOME] flg=0x10000100 cmp=com.dangbei.hqguide/.main.MainActivity (has extras)} from uid 0
10-16 09:41:43.746 V/WifiManager( 916): registerSoftApCallback: callback=com.android.networkstack.tethering.Tethering$TetheringSoftApCallback@77364fe, executor=com.android.networkstack.tethering.Tethering$TetheringThreadExecutor@f5b945f
10-16 09:41:43.752 D/ConnectivityService( 522): requestNetwork for uid/pid:1073/916 activeRequest: null callbackRequest: 21 [NetworkRequest [ TRACK_SYSTEM_DEFAULT id=21, [ Capabilities: INTERNET&NOT_RESTRICTED&TRUSTED&NOT_VPN&NOT_VCN_MANAGED RequestorUid: 1073 RequestorPkg: com.android.networkstack.tethering] ]] callback flags: 0 priority: 2147483647
10-16 09:41:43.754 D/CompatibilityChangeReporter( 522): Compat change id reported: 184838306; UID 10021; state: DISABLED
10-16 09:41:43.754 D/ConnectivityService( 522): NetReassign [no changes]
10-16 09:41:43.755 D/CompatibilityChangeReporter( 522): Compat change id reported: 185004937; UID 10021; state: DISABLED
10-16 09:41:43.756 D/CompatibilityChangeReporter( 522): Compat change id reported: 181136395; UID 10021; state: DISABLED
10-16 09:41:43.757 D/CompatibilityChangeReporter( 522): Compat change id reported: 174042936; UID 10021; state: DISABLED
10-16 09:41:43.757 D/CompatibilityChangeReporter( 522): Compat change id reported: 174042980; UID 10021; state: DISABLED
10-16 09:41:43.758 D/Zygote ( 244): Forked child process 954
10-16 09:41:43.764 I/Zygote ( 954): seccomp disabled by setenforce 0
10-16 09:41:43.768 D/libcheckfile( 522): checkfile_init
10-16 09:41:43.769 D/ActivityTaskManager( 522): isHomeLauncher info= ActivityInfo{d903fba com.dangbei.hqguide.main.MainActivity}
10-16 09:41:43.772 I/system_server( 955): type=1400 audit(0.0:347): avc: denied { execute } for name="am" dev="dm-1" ino=1164 scontext=u:r:system_server:s0 tcontext=u:object_r:vendor_file:s0 tclass=file permissive=1
10-16 09:41:43.772 I/system_server( 955): type=1400 audit(0.0:348): avc: denied { read open } for path="/vendor/xbin/am" dev="dm-1" ino=1164 scontext=u:r:system_server:s0 tcontext=u:object_r:vendor_file:s0 tclass=file permissive=1
10-16 09:41:43.772 I/system_server( 955): type=1400 audit(0.0:349): avc: denied { execute_no_trans } for path="/vendor/xbin/am" dev="dm-1" ino=1164 scontext=u:r:system_server:s0 tcontext=u:object_r:vendor_file:s0 tclass=file permissive=1
10-16 09:41:43.772 I/system_server( 955): type=1400 audit(0.0:350): avc: denied { execute } for name="sh" dev="dm-0" ino=1202 scontext=u:r:system_server:s0 tcontext=u:object_r:shell_exec:s0 tclass=file permissive=1
10-16 09:41:43.772 I/system_server( 955): type=1400 audit(0.0:351): avc: denied { read open } for path="/system/bin/sh" dev="dm-0" ino=1202 scontext=u:r:system_server:s0 tcontext=u:object_r:shell_exec:s0 tclass=file permissive=1
10-16 09:41:43.772 I/am ( 955): type=1400 audit(0.0:352): avc: denied { map } for path="/system/bin/sh" dev="dm-0" ino=1202 scontext=u:r:system_server:s0 tcontext=u:object_r:shell_exec:s0 tclass=file permissive=1
