10-16 09:41:58.386 D/CompatibilityChangeReporter( 522): Compat change id reported: 168419799; UID 1000; state: DISABLED
10-16 09:41:58.387 D/NetworkSecurityConfig( 522): No Network Security Config specified, using platform default
10-16 09:41:58.392 E/BootReceiver( 522): Could not open /sys/kernel/tracing/instances/bootreceiver/trace_pipe
10-16 09:41:58.392 E/BootReceiver( 522): android.system.ErrnoException: open failed: ENOENT (No such file or directory)
10-16 09:41:58.392 E/BootReceiver( 522): at libcore.io.Linux.open(Native Method)
10-16 09:41:58.392 E/BootReceiver( 522): at libcore.io.ForwardingOs.open(ForwardingOs.java:567)
10-16 09:41:58.392 E/BootReceiver( 522): at libcore.io.BlockGuardOs.open(BlockGuardOs.java:273)
10-16 09:41:58.392 E/BootReceiver( 522): at android.system.Os.open(Os.java:501)
10-16 09:41:58.392 E/BootReceiver( 522): at com.android.server.BootReceiver.onReceive(BootReceiver.java:167)
10-16 09:41:58.392 E/BootReceiver( 522): at android.app.ActivityThread.handleReceiver(ActivityThread.java:4308)
10-16 09:41:58.392 E/BootReceiver( 522): at android.app.ActivityThread.access$1600(ActivityThread.java:247)
10-16 09:41:58.392 E/BootReceiver( 522): at android.app.ActivityThread$H.handleMessage(ActivityThread.java:2064)
10-16 09:41:58.392 E/BootReceiver( 522): at android.os.Handler.dispatchMessage(Handler.java:106)
10-16 09:41:58.392 E/BootReceiver( 522): at android.os.Looper.loopOnce(Looper.java:201)
10-16 09:41:58.392 E/BootReceiver( 522): at android.os.Looper.loop(Looper.java:288)
10-16 09:41:58.392 E/BootReceiver( 522): at com.android.server.SystemServer.run(SystemServer.java:966)
10-16 09:41:58.392 E/BootReceiver( 522): at com.android.server.SystemServer.main(SystemServer.java:628)
10-16 09:41:58.392 E/BootReceiver( 522): at java.lang.reflect.Method.invoke(Native Method)
10-16 09:41:58.392 E/BootReceiver( 522): at com.android.internal.os.RuntimeInit$MethodAndArgsCaller.run(RuntimeInit.java:548)
10-16 09:41:58.392 E/BootReceiver( 522): at com.android.internal.os.ZygoteInit.main(ZygoteInit.java:1160)
10-16 09:41:58.399 D/hdmi-cec( 262): receive invalid cec message!
10-16 09:41:58.400 D/hdmi-cec( 262): receive poll message [04], skip!
10-16 09:41:58.400 W/ContextImpl( 1270): Calling a method in the system process without a qualified user: android.app.ContextImpl.startService:1816 android.content.ContextWrapper.startService:774 android.content.ContextWrapper.startService:774 com.android.tv.settings.users.UserSwitchListenerService$BootReceiver.onReceive:50 android.app.ActivityThread.handleReceiver:4308
10-16 09:41:58.402 I/RecoverySystem( 522): No recovery log file
10-16 09:41:58.410 I/BootReceiver( 522): No existing last log timestamp file /data/system/log-files.xml; starting empty
10-16 09:41:58.414 I/DropBoxManagerService( 522): add tag=SYSTEM_BOOT isTagEnabled=true flags=0x2
10-16 09:41:58.417 V/AudioDeviceManagerObserver( 522): AudioDeviceManagerObserver init()
10-16 09:41:58.418 D/AudioDeviceManagerObserver( 522): AudioDeviceManagerObserver: newCardId: /sys/class/sound/card0/id
10-16 09:41:58.420 I/BootReceiver( 522): Copying audit failures to DropBox
10-16 09:41:58.426 D/AudioDeviceManagerObserver( 522): AudioDeviceManagerObserver: devName: pcmC0D0p
10-16 09:41:58.426 D/AudioDeviceManagerObserver( 522): ~~~~~~~~ AudioDeviceManagerObserver: findNameMap: id: audiocodec
10-16 09:41:58.427 D/AudioDeviceManagerObserver( 522): AudioDeviceManagerObserver: name_linux: audiocodec, name_android: AUDIO_CODEC
10-16 09:41:58.427 D/AudioDeviceManagerObserver( 522): AudioDeviceManagerObserver: newCardId: /sys/class/sound/card1/id
10-16 09:41:58.430 I/BootReceiver( 522): Checking for fsck errors
10-16 09:41:58.430 D/AudioDeviceManagerObserver( 522): AudioDeviceManagerObserver: devName: pcmC1D0c
10-16 09:41:58.430 D/AudioDeviceManagerObserver( 522): ~~~~~~~~ AudioDeviceManagerObserver: findNameMap: id: sndspdif
10-16 09:41:58.430 D/AudioDeviceManagerObserver( 522): AudioDeviceManagerObserver: devName: pcmC1D0p
10-16 09:41:58.430 D/AudioDeviceManagerObserver( 522): ~~~~~~~~ AudioDeviceManagerObserver: findNameMap: id: sndspdif
10-16 09:41:58.430 D/AudioDeviceManagerObserver( 522): AudioDeviceManagerObserver: name_linux: sndspdif, name_android: AUDIO_SPDIF
10-16 09:41:58.430 D/AudioDeviceManagerObserver( 522): AudioDeviceManagerObserver: newCardId: /sys/class/sound/card2/id
10-16 09:41:58.431 D/AudioDeviceManagerObserver( 522): AudioDeviceManagerObserver: name_linux: ahubdam, name_android: AUDIO_SPDIF
10-16 09:41:58.432 D/AudioDeviceManagerObserver( 522): AudioDeviceManagerObserver: newCardId: /sys/class/sound/card3/id
10-16 09:41:58.433 D/AudioDeviceManagerObserver( 522): AudioDeviceManagerObserver: devName: pcmC3D0c
10-16 09:41:58.433 D/AudioDeviceManagerObserver( 522): ~~~~~~~~ AudioDeviceManagerObserver: findNameMap: id: ahubhdmi
10-16 09:41:58.434 D/AudioDeviceManagerObserver( 522): AudioDeviceManagerObserver: devName: pcmC3D0p
10-16 09:41:58.434 D/AudioDeviceManagerObserver( 522): ~~~~~~~~ AudioDeviceManagerObserver: findNameMap: id: ahubhdmi
10-16 09:41:58.434 D/AudioDeviceManagerObserver( 522): AudioDeviceManagerObserver: name_linux: ahubhdmi, name_android: AUDIO_USB_ahubhdmi
10-16 09:41:58.434 D/AudioDeviceManagerObserver( 522): AudioDeviceManagerObserver: newCardId: /sys/class/sound/card4/id
10-16 09:41:58.436 D/AudioDeviceManagerObserver( 522): AudioDeviceManagerObserver: devName: pcmC4D0c
10-16 09:41:58.436 D/AudioDeviceManagerObserver( 522): ~~~~~~~~ AudioDeviceManagerObserver: findNameMap: id: ahubi2s2
10-16 09:41:58.437 D/AudioDeviceManagerObserver( 522): AudioDeviceManagerObserver: devName: pcmC4D0p
10-16 09:41:58.437 D/AudioDeviceManagerObserver( 522): ~~~~~~~~ AudioDeviceManagerObserver: findNameMap: id: ahubi2s2
10-16 09:41:58.437 D/AudioDeviceManagerObserver( 522): AudioDeviceManagerObserver: name_linux: ahubi2s2, name_android: AUDIO_USB_ahubi2s2
10-16 09:41:58.437 D/AudioDeviceManagerObserver( 522): AudioDeviceManagerObserver: newCardId: /sys/class/sound/card5/id
10-16 09:41:58.438 V/AudioDeviceManagerObserver( 522): This kernel does not have sound card5
10-16 09:41:58.448 D/AudioManagerEx( 522): AudioManagerEx
10-16 09:41:58.449 V/TvNotificationHandler( 748): Notification not added because it isn't relevant for tv
10-16 09:41:58.451 D/audio_hw_primary( 249): getAudioDevices()
10-16 09:41:58.451 D/audio_hw_primary( 249): out dev:AUDIO_CODEC
10-16 09:41:58.451 D/audio_hw_primary( 249): in dev:AUDIO_SPDIF
10-16 09:41:58.451 D/audio_hw_primary( 249): out dev:AUDIO_SPDIF
10-16 09:41:58.451 D/audio_hw_primary( 249): in dev:AUDIO_HDMI
10-16 09:41:58.451 D/audio_hw_primary( 249): out dev:AUDIO_HDMI
10-16 09:41:58.451 D/audio_hw_primary( 249): in dev:AUDIO_I2S2
10-16 09:41:58.451 D/audio_hw_primary( 249): out playback: AUDIO_CODEC,AUDIO_SPDIF,AUDIO_HDMI
10-16 09:41:58.452 D/xm_audio( 249): adev_get_parameters
10-16 09:41:58.452 I/hash_map_utils( 269): system/bt/osi/src/hash_map_utils.cc:81 hash_map_utils_dump_string_keys_string_values: key: 'audio_devices_out' value: ''
10-16 09:41:58.453 D/AudioManagerEx( 522): type audio_devices_out list AUDIO_CODEC,AUDIO_SPDIF,AUDIO_HDMI=
10-16 09:41:58.459 D/AudioManagerPolicy( 522): get AUDIO_MANAGE_POLICY is 2
10-16 09:41:58.462 E/AudioDeviceManagerObserver( 522): Could not parse switch state for /sys/devices/virtual/switch/h2w/state ,fail because /sys/devices/virtual/switch/h2w/state: open failed: ENOENT (No such file or directory)
10-16 09:41:58.463 D/AudioManagerPolicy( 522): no usb audio i=3 size=3
10-16 09:41:58.465 D/AudioManagerPolicy( 522): curType4 isHdmiPlugin =true
10-16 09:41:58.466 D/AudioManagerPolicy( 522): hdmi is available on init.
10-16 09:41:58.466 D/AudioManagerPolicy( 522): notifyHdmiAvailable hdmi is available
10-16 09:41:58.512 W/IorapForwardingService( 522): No service published for: iorapd
10-16 09:41:58.570 D/audio_hw_primary( 249): Mic get_audio_devices_active:
10-16 09:41:58.574 D/audio_hw_primary( 249): get_audio_devices_active: AUDIO_CODEC
10-16 09:41:58.579 D/xm_audio( 249): adev_get_parameters
10-16 09:41:58.579 I/hash_map_utils( 269): system/bt/osi/src/hash_map_utils.cc:81 hash_map_utils_dump_string_keys_string_values: key: 'audio_devices_out_active' value: ''
10-16 09:41:58.579 D/AudioManagerEx( 522): type audio_devices_out_active list AUDIO_CODEC=
10-16 09:41:58.580 D/AudioManagerEx( 522): AudioManagerEx
10-16 09:41:58.581 D/AudioManagerPolicy( 522): save audio is AUDIO_CODEC,AUDIO_HDMI,AUDIO_SPDIF
10-16 09:41:58.581 D/AudioManagerPolicy( 522): get AUDIO_MANAGE_POLICY is 2
10-16 09:41:58.581 D/AudioManagerPolicy( 522): POLICY_2 Remove USB Audio or No USB Audio Output Device Connected!
10-16 09:41:58.582 D/AudioManagerEx( 522): state=audio_devices_out_active,dev=[AUDIO_SPDIF, AUDIO_CODEC, AUDIO_HDMI]
10-16 09:41:58.582 D/AudioManagerEx( 522): enablePassThrough = true
10-16 09:41:58.583 D/AudioManagerEx( 522): Hdmi status true,true,3
10-16 09:41:58.583 D/AudioManagerEx( 522): HDMI AUDIO_SPDIF
10-16 09:41:58.583 D/AudioManagerEx( 522): AUDIO_NAME_HDMI
10-16 09:41:58.585 V/audio_hw_primary( 249): adev_set_parameters, mediasw.sft.rawdata=HDMI_RAW
10-16 09:41:58.587 D/AudioManagerEx( 522): audio=AUDIO_HDMI
10-16 09:41:58.590 V/audio_hw_primary( 249): adev_set_parameters, audio_devices_out_active=AUDIO_HDMI
10-16 09:41:58.590 V/audio_hw_primary( 249): out AUDIO_PARAMETER_DEVICES_OUT_ACTIVE: AUDIO_HDMI
10-16 09:41:58.596 V/audio_hw_primary( 249): set property persist.vendor.audio.output.active: AUDIO_HDMI ok
10-16 09:41:58.596 V/audio_hw_primary( 249): AUDIO_HDMI output device will be active
10-16 09:41:58.596 D/audio_hw_primary( 249): start_output_stream out->format : 0x00000000
10-16 09:41:58.596 V/audio_hw_primary( 249): start_output_stream, line: 1503
10-16 09:41:58.596 V/audio_hw_primary( 249): use AUDIO_HDMI to playback audio
10-16 09:41:58.596 D/audio_hw_primary( 249): open card=3, port=0
10-16 09:41:58.596 D/audio_hw_primary( 249): config:2 44100 960 2 0 5760 1 0
10-16 09:41:58.596 D/audio_hw_primary( 249): set_raw_flag(card=3, raw_flag=1)
10-16 09:41:58.597 D/audio_hw_primary( 249): set_raw_flag control_name = audio data format control_value PCM)
10-16 09:41:58.598 V/audio_hw_primary( 249): do not use out resampler
10-16 09:41:58.604 I/ ( 1092): HDMI Audio Enable Successfully
10-16 09:41:58.599 D/AudioManagerEx( 522): Update Settings.System.AUDIO_OUTPUT_CHANNEL, now save audio is AUDIO_HDMI
10-16 09:41:58.599 D/AudioManagerPolicy( 522): get AUDIO_MANAGE_POLICY is 2
10-16 09:41:58.600 D/audio_hw_primary( 249): getAudioDevices()
10-16 09:41:58.600 D/audio_hw_primary( 249): out dev:AUDIO_CODEC
10-16 09:41:58.600 D/audio_hw_primary( 249): in dev:AUDIO_SPDIF
10-16 09:41:58.600 D/audio_hw_primary( 249): out dev:AUDIO_SPDIF
10-16 09:41:58.600 D/audio_hw_primary( 249): in dev:AUDIO_HDMI
10-16 09:41:58.600 D/audio_hw_primary( 249): out dev:AUDIO_HDMI
10-16 09:41:58.600 D/audio_hw_primary( 249): in dev:AUDIO_I2S2
10-16 09:41:58.600 D/audio_hw_primary( 249): in capture: AUDIO_SPDIF,AUDIO_HDMI,AUDIO_I2S2
10-16 09:41:58.601 D/xm_audio( 249): adev_get_parameters
10-16 09:41:58.601 I/hash_map_utils( 269): system/bt/osi/src/hash_map_utils.cc:81 hash_map_utils_dump_string_keys_string_values: key: 'audio_devices_in' value: ''
10-16 09:41:58.602 D/AudioManagerEx( 522): type audio_devices_in list AUDIO_SPDIF,AUDIO_HDMI,AUDIO_I2S2=
10-16 09:41:58.602 D/AudioManagerEx( 522): state=audio_devices_in_active,dev=[AUDIO_CODEC]
10-16 09:41:58.602 D/AudioManagerEx( 522): enablePassThrough = true
10-16 09:41:58.602 D/AudioManagerEx( 522): audio=AUDIO_CODEC
10-16 09:41:58.602 V/audio_hw_primary( 249): adev_set_parameters, audio_devices_in_active=AUDIO_CODEC
10-16 09:41:58.602 V/audio_hw_primary( 249): in AUDIO_PARAMETER_DEVICES_IN_ACTIVE: AUDIO_CODEC
10-16 09:41:58.608 V/audio_hw_primary( 249): set property persist.vendor.audio.input.active: AUDIO_CODEC ok
10-16 09:41:58.610 D/audio_hw_primary( 249): start_output_stream out->format : 0x00000000
10-16 09:41:58.610 V/audio_hw_primary( 249): start_output_stream, line: 1503
10-16 09:41:58.610 V/audio_hw_primary( 249): use AUDIO_HDMI to playback audio
10-16 09:41:58.610 D/audio_hw_primary( 249): open card=3, port=0
10-16 09:41:58.610 D/audio_hw_primary( 249): config:2 44100 960 2 0 5760 1 0
10-16 09:41:58.610 D/audio_hw_primary( 249): set_raw_flag(card=3, raw_flag=1)
10-16 09:41:58.611 D/audio_hw_primary( 249): set_raw_flag control_name = audio data format control_value PCM)
10-16 09:41:58.611 V/audio_hw_primary( 249): do not use out resampler
10-16 09:41:58.613 W/Looper ( 522): Slow dispatch took 196ms main h=android.app.ActivityThread$H c=android.app.LoadedApk$ReceiverDispatcher$Args$$ExternalSyntheticLambda0@777a2fd m=0
10-16 09:41:58.614 D/AudioDeviceManagerObserver( 522): name: AUDIO_HDMI, state: 0, type: 1
10-16 09:41:58.619 D/AudioManagerPolicy( 522): On Audio device plug in/out receive,name=AUDIO_HDMI type=1 state=0 extra=null
10-16 09:41:58.619 V/AudioManagerPolicy( 522): chengkan------------- hdmi inactive
10-16 09:41:58.624 D/AudioManagerPolicy( 522): get AUDIO_MANAGE_POLICY is 2
10-16 09:41:58.624 D/AudioManagerPolicy( 522): Policy2 HDMI Plug Out/In Switch! Booting
10-16 09:41:58.625 D/AudioManagerEx( 522): AudioManagerEx
10-16 09:41:58.626 D/AudioManagerPolicy( 522): save audio is AUDIO_HDMI
10-16 09:41:58.626 D/AudioManagerPolicy( 522): get AUDIO_MANAGE_POLICY is 2
10-16 09:41:58.626 D/AudioManagerPolicy( 522): POLICY_2 Remove USB Audio or No USB Audio Output Device Connected!
10-16 09:41:58.627 D/AudioManagerEx( 522): state=audio_devices_out_active,dev=[AUDIO_HDMI]
10-16 09:41:58.627 D/AudioManagerEx( 522): enablePassThrough = true
10-16 09:41:58.628 D/AudioManagerEx( 522): Hdmi status true,true,1
10-16 09:41:58.628 D/AudioManagerEx( 522): HDMI AUDIO_HDMI
10-16 09:41:58.628 D/AudioManagerEx( 522): AUDIO_NAME_HDMI
10-16 09:41:58.629 V/audio_hw_primary( 249): adev_set_parameters, mediasw.sft.rawdata=HDMI_RAW
10-16 09:41:58.631 D/AudioManagerEx( 522): audio=AUDIO_HDMI
10-16 09:41:58.631 V/audio_hw_primary( 249): adev_set_parameters, audio_devices_out_active=AUDIO_HDMI
10-16 09:41:58.631 V/audio_hw_primary( 249): out AUDIO_PARAMETER_DEVICES_OUT_ACTIVE: AUDIO_HDMI
10-16 09:41:58.635 V/audio_hw_primary( 249): set property persist.vendor.audio.output.active: AUDIO_HDMI ok
10-16 09:41:58.635 V/audio_hw_primary( 249): AUDIO_HDMI output device will be active
10-16 09:41:58.635 D/audio_hw_primary( 249): start_output_stream out->format : 0x00000000
10-16 09:41:58.635 V/audio_hw_primary( 249): start_output_stream, line: 1503
10-16 09:41:58.635 V/audio_hw_primary( 249): use AUDIO_HDMI to playback audio
10-16 09:41:58.635 D/audio_hw_primary( 249): open card=3, port=0
10-16 09:41:58.635 D/audio_hw_primary( 249): config:2 44100 960 2 0 5760 1 0
10-16 09:41:58.635 D/audio_hw_primary( 249): set_raw_flag(card=3, raw_flag=1)
10-16 09:41:58.636 D/audio_hw_primary( 249): set_raw_flag control_name = audio data format control_value PCM)
10-16 09:41:58.636 V/audio_hw_primary( 249): do not use out resampler
10-16 09:41:58.637 D/AudioManagerEx( 522): Update Settings.System.AUDIO_OUTPUT_CHANNEL, now save audio is AUDIO_HDMI
10-16 09:41:58.642 I/ActivityManager( 522): com.android.dynsystem is exempt from freezer
10-16 09:41:58.643 D/CompatibilityChangeReporter( 522): Compat change id reported: 135634846; UID 1000; state: DISABLED
10-16 09:41:58.666 D/Zygote ( 244): Forked child process 2493
10-16 09:41:58.669 I/ActivityManager( 522): app.processName = com.android.dynsystem
10-16 09:41:58.669 I/ActivityManager( 522): Start proc 2493:com.android.dynsystem/1000 for broadcast {com.android.dynsystem/com.android.dynsystem.BootCompletedReceiver}
10-16 09:41:58.678 I/Zygote ( 2493): seccomp disabled by setenforce 0
10-16 09:41:58.703 I/adbd ( 381): jdwp connection from 2493
10-16 09:41:58.779 D/CompatibilityChangeReporter( 2493): Compat change id reported: 171979766; UID 1000; state: ENABLED
10-16 09:41:58.876 V/GraphicsEnvironment( 2493): ANGLE Developer option for 'com.android.dynsystem' set to: 'default'
10-16 09:41:58.877 V/GraphicsEnvironment( 2493): Neither updatable production driver nor prerelease driver is supported.
10-16 09:41:58.880 D/NetworkSecurityConfig( 2493): No Network Security Config specified, using platform default
10-16 09:41:58.881 D/NetworkSecurityConfig( 2493): No Network Security Config specified, using platform default
10-16 09:41:58.892 I/ActivityManager( 522): com.android.dynsystem is exempt from freezer
10-16 09:41:58.894 D/CompatibilityChangeReporter( 522): Compat change id reported: 135634846; UID 1000; state: DISABLED
10-16 09:41:58.913 D/CompatibilityChangeReporter( 522): Compat change id reported: 168419799; UID 10022; state: DISABLED
10-16 09:41:58.916 I/gedprovisioning( 1512): type=1400 audit(0.0:969): avc: denied { search } for name="com.android.managedprovisioning" dev="mmcblk0p25" ino=1065 scontext=u:r:platform_app:s0:c512,c768 tcontext=u:object_r:app_data_file:s0:c512,c768 tclass=dir permissive=1 app=com.android.managedprovisioning
10-16 09:41:58.926 D/Zygote ( 244): Forked child process 2523
10-16 09:41:58.928 I/ActivityManager( 522): app.processName = com.android.dynsystem:dynsystem
10-16 09:41:58.928 I/ActivityManager( 522): Start proc 2523:com.android.dynsystem:dynsystem/1000 for service {com.android.dynsystem/com.android.dynsystem.DynamicSystemInstallationService}
10-16 09:41:58.940 I/Zygote ( 2523): seccomp disabled by setenforce 0
10-16 09:41:58.942 D/NetworkSecurityConfig( 1473): No Network Security Config specified, using platform default
10-16 09:41:58.946 I/keystore2( 205): keystore2::watchdog: Watchdog thread idle -> terminating. Have a great day.
10-16 09:41:58.953 D/CompatibilityChangeReporter( 522): Compat change id reported: 135634846; UID 10055; state: DISABLED
10-16 09:41:58.953 D/CompatibilityChangeReporter( 522): Compat change id reported: 177438394; UID 10055; state: DISABLED
10-16 09:41:58.953 D/CompatibilityChangeReporter( 522): Compat change id reported: 135772972; UID 10055; state: DISABLED
10-16 09:41:58.953 D/CompatibilityChangeReporter( 522): Compat change id reported: 135754954; UID 10055; state: ENABLED
10-16 09:41:58.955 D/CompatibilityChangeReporter( 522): Compat change id reported: 143937733; UID 10055; state: ENABLED
10-16 09:41:58.965 I/adbd ( 381): jdwp connection from 2523
10-16 09:41:58.980 D/Zygote ( 244): Forked child process 2538
10-16 09:41:58.982 I/ActivityManager( 522): app.processName = com.android.onetimeinitializer
10-16 09:41:58.982 I/ActivityManager( 522): Start proc 2538:com.android.onetimeinitializer/u0a55 for broadcast {com.android.onetimeinitializer/com.android.onetimeinitializer.OneTimeInitializerReceiver}
10-16 09:41:59.007 D/CompatibilityChangeReporter( 2523): Compat change id reported: 171979766; UID 1000; state: ENABLED
10-16 09:41:59.010 I/Zygote ( 2538): seccomp disabled by setenforce 0
10-16 09:41:59.020 I/rgb_led_ctl( 2539): type=1400 audit(0.0:970): avc: denied { write } for name="spidev1.0" dev="tmpfs" ino=1337 scontext=u:r:init:s0 tcontext=u:object_r:device:s0 tclass=chr_file permissive=1
10-16 09:41:59.020 I/rgb_led_ctl( 2539): type=1400 audit(0.0:971): avc: denied { open } for path="/dev/spidev1.0" dev="tmpfs" ino=1337 scontext=u:r:init:s0 tcontext=u:object_r:device:s0 tclass=chr_file permissive=1
10-16 09:41:59.044 I/adbd ( 381): jdwp connection from 2538
10-16 09:41:59.050 D/hq ( 1777): NetWorkStateReceiver:::检查网络,并且持续更新 isConnect=false
10-16 09:41:59.020 I/rgb_led_ctl( 2539): type=1400 audit(0.0:972): avc: denied { ioctl } for path="/dev/spidev1.0" dev="tmpfs" ino=1337 ioctlcmd=0x6b01 scontext=u:r:init:s0 tcontext=u:object_r:device:s0 tclass=chr_file permissive=1
10-16 09:41:59.062 V/GraphicsEnvironment( 2523): ANGLE Developer option for 'com.android.dynsystem' set to: 'default'
10-16 09:41:59.063 V/GraphicsEnvironment( 2523): Neither updatable production driver nor prerelease driver is supported.
10-16 09:41:59.066 D/NetworkSecurityConfig( 2523): No Network Security Config specified, using platform default
10-16 09:41:59.067 D/NetworkSecurityConfig( 2523): No Network Security Config specified, using platform default
10-16 09:41:59.085 D/CompatibilityChangeReporter( 522): Compat change id reported: 168419799; UID 10055; state: DISABLED
10-16 09:41:59.088 D/DynamicSystemInstallationService( 2523): onStartCommand(): action=android.os.image.action.NOTIFY_IF_IN_USE
10-16 09:41:59.091 I/DynamicSystemService( 522): isInstalled(): false
10-16 09:41:59.102 D/CompatibilityChangeReporter( 2538): Compat change id reported: 171979766; UID 10055; state: ENABLED
10-16 09:41:59.133 D/nativeloader( 2538): classloader namespace configured for unbundled product apk. library_path=/product/priv-app/OneTimeInitializer/lib/arm:/product/lib:/system/product/lib
10-16 09:41:59.147 D/AvrcpBrowsablePlayerConnector( 733): Received a message: msg.what=2
10-16 09:41:59.147 V/AvrcpBrowsablePlayerConnector( 733): Timed out waiting for players
10-16 09:41:59.148 I/AvrcpBrowsablePlayerConnector( 733): Successfully connected to 0 browsable players.
10-16 09:41:59.148 I/MediaPlayerList( 733): init: Browsable Player list size is 0
10-16 09:41:59.148 D/MediaPlayerList( 733): Initializing list of current media players
10-16 09:41:59.164 V/GraphicsEnvironment( 2538): ANGLE Developer option for 'com.android.onetimeinitializer' set to: 'default'
10-16 09:41:59.164 V/GraphicsEnvironment( 2538): Neither updatable production driver nor prerelease driver is supported.
10-16 09:41:59.166 D/NetworkSecurityConfig( 2538): No Network Security Config specified, using platform default
10-16 09:41:59.166 D/NetworkSecurityConfig( 2538): No Network Security Config specified, using platform default
10-16 09:41:59.169 V/OneTimeInitializerReceiver( 2538): OneTimeInitializerReceiver.onReceive
10-16 09:41:59.176 I/OneTimeInitializer( 2538): Updating to version 1.
10-16 09:41:59.179 E/ActivityThread( 2538): Failed to find provider info for com.android.launcher2.settings
10-16 09:41:59.185 I/ActivityManager( 522): com.android.packageinstaller is exempt from freezer
10-16 09:41:59.186 D/CompatibilityChangeReporter( 522): Compat change id reported: 135634846; UID 1000; state: DISABLED
10-16 09:41:59.212 D/Zygote ( 244): Forked child process 2561
10-16 09:41:59.214 I/ActivityManager( 522): app.processName = com.android.packageinstaller
10-16 09:41:59.214 I/ActivityManager( 522): Start proc 2561:com.android.packageinstaller/1000 for broadcast {com.android.packageinstaller/com.android.packageinstaller.TemporaryFileManager}
10-16 09:41:59.220 I/Zygote ( 2561): seccomp disabled by setenforce 0
10-16 09:41:59.245 I/adbd ( 381): jdwp connection from 2561
10-16 09:41:59.256 I/net_disconnect.( 1130): type=1400 audit(0.0:973): avc: denied { execute } for name="rgb_led_ctl" dev="dm-1" ino=188 scontext=u:r:init:s0 tcontext=u:object_r:vendor_file:s0 tclass=file permissive=1
10-16 09:41:59.268 D/CompatibilityChangeReporter( 522): Compat change id reported: 168419799; UID 1000; state: DISABLED
10-16 09:41:59.271 W/audit ( 2576): audit_lost=474 audit_rate_limit=5 audit_backlog_limit=64
10-16 09:41:59.271 E/audit ( 2576): rate limit exceeded
10-16 09:41:59.281 D/CompatibilityChangeReporter( 2561): Compat change id reported: 171979766; UID 1000; state: ENABLED
10-16 09:41:59.364 V/GraphicsEnvironment( 2561): ANGLE Developer option for 'com.android.packageinstaller' set to: 'default'
10-16 09:41:59.365 V/GraphicsEnvironment( 2561): Neither updatable production driver nor prerelease driver is supported.
10-16 09:41:59.368 D/NetworkSecurityConfig( 2561): No Network Security Config specified, using platform default
10-16 09:41:59.368 D/NetworkSecurityConfig( 2561): No Network Security Config specified, using platform default
10-16 09:41:59.383 I/ActivityManager( 522): Killing 1386:com.android.documentsui/u0a31 (adj 985): empty #17
10-16 09:41:59.386 I/libprocessgroup( 522): Successfully killed process cgroup uid 10031 pid 1386 in 0ms
10-16 09:41:59.418 D/ProfileInstaller( 1777): Installing profile for com.dangbei.leard.leradlauncher
10-16 09:41:59.444 I/Zygote ( 244): Process 1386 exited due to signal 9 (Killed)
10-16 09:41:59.460 I/HibernationPolicy( 768): scheduleHibernationJob with frequency 1296000000ms and threshold 7776000000ms
10-16 09:41:59.464 I/HibernationPolicy( 768): user 0 is a profileowner. Running hibernation job.
10-16 09:41:59.465 I/HibernationPolicy( 768): No existing job, scheduling a new one
10-16 09:41:59.483 D/CompatibilityChangeReporter( 522): Compat change id reported: 168419799; UID 10028; state: DISABLED
10-16 09:41:59.486 I/HibernationPolicy( 768): onStartJob
10-16 09:41:59.486 I/HibernationPolicy( 768): Skipping auto revoke first run when scheduled by system
10-16 09:41:59.497 D/CompatibilityChangeReporter( 1587): Compat change id reported: 160794467; UID 10028; state: ENABLED
10-16 09:41:59.510 D/CompatibilityChangeReporter( 522): Compat change id reported: 171306433; UID 10028; state: ENABLED
10-16 09:41:59.514 W/IorapForwardingService( 522): No service published for: iorapd
10-16 09:41:59.550 D/CompatibilityChangeReporter( 522): Compat change id reported: 168419799; UID 10020; state: DISABLED
10-16 09:41:59.585 D/CompatibilityChangeReporter( 522): Compat change id reported: 135634846; UID 10064; state: DISABLED
10-16 09:41:59.585 D/CompatibilityChangeReporter( 522): Compat change id reported: 177438394; UID 10064; state: DISABLED
10-16 09:41:59.585 D/CompatibilityChangeReporter( 522): Compat change id reported: 135772972; UID 10064; state: DISABLED
10-16 09:41:59.585 D/CompatibilityChangeReporter( 522): Compat change id reported: 135754954; UID 10064; state: ENABLED
10-16 09:41:59.586 D/CompatibilityChangeReporter( 522): Compat change id reported: 143937733; UID 10064; state: ENABLED
10-16 09:41:59.610 D/Zygote ( 244): Forked child process 2587
10-16 09:41:59.614 I/ActivityManager( 522): app.processName = com.android.remoteprovisioner
10-16 09:41:59.614 I/ActivityManager( 522): Start proc 2587:com.android.remoteprovisioner/u0a64 for broadcast {com.android.remoteprovisioner/com.android.remoteprovisioner.BootReceiver}
10-16 09:41:59.630 I/Zygote ( 2587): seccomp disabled by setenforce 0
10-16 09:41:59.660 I/adbd ( 381): jdwp connection from 2587
10-16 09:41:59.683 D/CompatibilityChangeReporter( 522): Compat change id reported: 168419799; UID 10064; state: DISABLED
10-16 09:41:59.700 D/CompatibilityChangeReporter( 2587): Compat change id reported: 171979766; UID 10064; state: ENABLED
10-16 09:41:59.768 V/GraphicsEnvironment( 2587): ANGLE Developer option for 'com.android.remoteprovisioner' set to: 'default'
10-16 09:41:59.768 V/GraphicsEnvironment( 2587): Neither updatable production driver nor prerelease driver is supported.
10-16 09:41:59.770 D/NetworkSecurityConfig( 2587): No Network Security Config specified, using platform default
10-16 09:41:59.771 D/NetworkSecurityConfig( 2587): No Network Security Config specified, using platform default
10-16 09:41:59.778 I/RemoteProvisioningBootReceiver( 2587): Caught boot intent, waking up.
10-16 09:41:59.786 I/RemoteProvisionerSettings( 2587): Setting ID
10-16 09:41:59.811 D/ConnectivityService( 522): requestNetwork for uid/pid:1000/522 asUid: 10064 activeRequest: null callbackRequest: 33 [NetworkRequest [ REQUEST id=34, [ Capabilities: INTERNET&NOT_RESTRICTED&TRUSTED&NOT_VCN_MANAGED Uid: 10064 RequestorUid: 1000 RequestorPkg: android] ]] callback flags: 0 priority: 2147483647
10-16 09:41:59.813 D/ConnectivityService( 522): NetReassign [no changes]
10-16 09:41:59.814 D/PPPOE ( 522): got request NetworkRequest [ REQUEST id=34, [ Capabilities: INTERNET&NOT_RESTRICTED&TRUSTED&NOT_VCN_MANAGED Uid: 10064 RequestorUid: 1000 RequestorPkg: android] ]
10-16 09:41:59.815 D/WifiNetworkFactory( 522): got request NetworkRequest [ REQUEST id=34, [ Capabilities: INTERNET&NOT_RESTRICTED&TRUSTED&NOT_VCN_MANAGED Uid: 10064 RequestorUid: 1000 RequestorPkg: android] ]
10-16 09:41:59.815 D/UntrustedWifiNetworkFactory( 522): got request NetworkRequest [ REQUEST id=34, [ Capabilities: INTERNET&NOT_RESTRICTED&TRUSTED&NOT_VCN_MANAGED Uid: 10064 RequestorUid: 1000 RequestorPkg: android] ]
10-16 09:41:59.815 D/OemPaidWifiNetworkFactory( 522): got request NetworkRequest [ REQUEST id=34, [ Capabilities: INTERNET&NOT_RESTRICTED&TRUSTED&NOT_VCN_MANAGED Uid: 10064 RequestorUid: 1000 RequestorPkg: android] ]
10-16 09:41:59.818 D/Ethernet( 522): got request NetworkRequest [ REQUEST id=34, [ Capabilities: INTERNET&NOT_RESTRICTED&TRUSTED&NOT_VCN_MANAGED Uid: 10064 RequestorUid: 1000 RequestorPkg: android] ]
10-16 09:41:59.818 D/EthernetNetworkFactory( 522): acceptRequest, request: NetworkRequest [ REQUEST id=34, [ Capabilities: INTERNET&NOT_RESTRICTED&TRUSTED&NOT_VCN_MANAGED Uid: 10064 RequestorUid: 1000 RequestorPkg: android] ]
10-16 09:41:59.819 I/EthernetNetworkFactory( 522): networkForRequest, request: NetworkRequest [ REQUEST id=34, [ Capabilities: INTERNET&NOT_RESTRICTED&TRUSTED&NOT_VCN_MANAGED Uid: 10064 RequestorUid: 1000 RequestorPkg: android] ], network: null
10-16 09:41:59.828 I/ActivityManager( 522): com.android.shell is exempt from freezer
10-16 09:41:59.828 D/CompatibilityChangeReporter( 522): Compat change id reported: 135634846; UID 2000; state: DISABLED
10-16 09:41:59.829 D/CompatibilityChangeReporter( 522): Compat change id reported: 177438394; UID 2000; state: DISABLED
10-16 09:41:59.829 D/CompatibilityChangeReporter( 522): Compat change id reported: 135772972; UID 2000; state: DISABLED
10-16 09:41:59.829 D/CompatibilityChangeReporter( 522): Compat change id reported: 135754954; UID 2000; state: ENABLED
10-16 09:41:59.831 I/ActivityManager( 522): Killing 1342:com.android.keychain/1000 (adj 975): empty #17
10-16 09:41:59.839 I/libprocessgroup( 522): Successfully killed process cgroup uid 1000 pid 1342 in 0ms
10-16 09:41:59.845 D/audio_hw_primary( 249): out_standby
10-16 09:41:59.861 D/Zygote ( 244): Forked child process 2613
10-16 09:41:59.864 I/ActivityManager( 522): app.processName = com.android.shell
10-16 09:41:59.864 I/ActivityManager( 522): Start proc 2613:com.android.shell/2000 for broadcast {com.android.shell/com.android.shell.HeapDumpReceiver}
10-16 09:41:59.877 I/Zygote ( 2613): seccomp disabled by setenforce 0
10-16 09:41:59.882 I/Zygote ( 244): Process 1342 exited due to signal 9 (Killed)
10-16 09:41:59.906 I/adbd ( 381): jdwp connection from 2613
10-16 09:41:59.932 D/CompatibilityChangeReporter( 522): Compat change id reported: 168419799; UID 2000; state: DISABLED
10-16 09:41:59.947 D/CompatibilityChangeReporter( 2613): Compat change id reported: 171979766; UID 2000; state: ENABLED
10-16 09:42:00.013 V/GraphicsEnvironment( 2613): ANGLE Developer option for 'com.android.shell' set to: 'default'
10-16 09:42:00.014 V/GraphicsEnvironment( 2613): Neither updatable production driver nor prerelease driver is supported.
10-16 09:42:00.016 D/NetworkSecurityConfig( 2613): No Network Security Config specified, using platform default
10-16 09:42:00.016 D/NetworkSecurityConfig( 2613): No Network Security Config specified, using platform default
10-16 09:42:00.032 D/HeapDumpReceiver( 2613): onReceive(): Intent { act=android.intent.action.BOOT_COMPLETED flg=0x89000010 cmp=com.android.shell/.HeapDumpReceiver (has extras) }
10-16 09:42:00.035 D/HeapDumpReceiver( 2613): Deleting from /data/user_de/0/com.android.shell/files/heapdumps
10-16 09:42:00.046 D/CompatibilityChangeReporter( 522): Compat change id reported: 168419799; UID 10029; state: DISABLED
10-16 09:42:00.044 I/pool-2-thread-1( 2392): type=1400 audit(0.0:989): avc: denied { lock } for path="/data/user/0/com.android.statementservice/no_backup/androidx.work.workdb-shm" dev="mmcblk0p25" ino=2152 scontext=u:r:platform_app:s0:c512,c768 tcontext=u:object_r:app_data_file:s0:c512,c768 tclass=file permissive=1 app=com.android.statementservice
10-16 09:42:00.052 D/CompatibilityChangeReporter( 522): Compat change id reported: 135634846; UID 10057; state: DISABLED
10-16 09:42:00.052 D/CompatibilityChangeReporter( 522): Compat change id reported: 177438394; UID 10057; state: DISABLED
10-16 09:42:00.052 D/CompatibilityChangeReporter( 522): Compat change id reported: 135772972; UID 10057; state: DISABLED
10-16 09:42:00.052 D/CompatibilityChangeReporter( 522): Compat change id reported: 135754954; UID 10057; state: DISABLED
10-16 09:42:00.053 D/CompatibilityChangeReporter( 522): Compat change id reported: 143937733; UID 10057; state: DISABLED
10-16 09:42:00.054 I/ActivityManager( 522): Killing 1855:com.android.localtransport/1000 (adj 975): empty #17
10-16 09:42:00.086 D/Zygote ( 244): Forked child process 2633
10-16 09:42:00.097 I/ActivityManager( 522): app.processName = com.android.tv
10-16 09:42:00.097 I/ActivityManager( 522): Start proc 2633:com.android.tv/u0a57 for broadcast {com.android.tv/com.android.tv.receiver.BootCompletedReceiver}
10-16 09:42:00.098 I/Zygote ( 2633): seccomp disabled by setenforce 0
10-16 09:42:00.099 I/libprocessgroup( 522): Successfully killed process cgroup uid 1000 pid 1855 in 43ms
10-16 09:42:00.096 I/rgb_led_ctl( 2632): type=1400 audit(0.0:990): avc: denied { write } for name="spidev1.0" dev="tmpfs" ino=1337 scontext=u:r:init:s0 tcontext=u:object_r:device:s0 tclass=chr_file permissive=1
10-16 09:42:00.100 I/rgb_led_ctl( 2632): type=1400 audit(0.0:991): avc: denied { open } for path="/dev/spidev1.0" dev="tmpfs" ino=1337 scontext=u:r:init:s0 tcontext=u:object_r:device:s0 tclass=chr_file permissive=1
10-16 09:42:00.100 I/rgb_led_ctl( 2632): type=1400 audit(0.0:992): avc: denied { ioctl } for path="/dev/spidev1.0" dev="tmpfs" ino=1337 ioctlcmd=0x6b01 scontext=u:r:init:s0 tcontext=u:object_r:device:s0 tclass=chr_file permissive=1
10-16 09:42:00.108 I/pool-2-thread-2( 2392): type=1400 audit(0.0:993): avc: denied { lock } for path="/data/user/0/com.android.statementservice/no_backup/androidx.work.workdb-shm" dev="mmcblk0p25" ino=2152 scontext=u:r:platform_app:s0:c512,c768 tcontext=u:object_r:app_data_file:s0:c512,c768 tclass=file permissive=1 app=com.android.statementservice
10-16 09:42:00.135 I/Zygote ( 244): Process 1855 exited due to signal 9 (Killed)
10-16 09:42:00.148 I/adbd ( 381): jdwp connection from 2633
10-16 09:42:00.166 D/CompatibilityChangeReporter( 522): Compat change id reported: 168419799; UID 10057; state: DISABLED
10-16 09:42:00.184 D/CompatibilityChangeReporter( 2633): Compat change id reported: 171979766; UID 10057; state: DISABLED
10-16 09:42:00.196 D/ApplicationLoaders( 2633): Returning zygote-cached class loader: /system/framework/android.test.base.jar
10-16 09:42:00.218 D/nativeloader( 2633): classloader namespace configured for unbundled product apk. library_path=/product/priv-app/LiveTv/lib/arm:/product/lib:/system/product/lib
10-16 09:42:00.255 V/GraphicsEnvironment( 2633): ANGLE Developer option for 'com.android.tv' set to: 'default'
10-16 09:42:00.255 V/GraphicsEnvironment( 2633): Neither updatable production driver nor prerelease driver is supported.
10-16 09:42:00.258 D/NetworkSecurityConfig( 2633): No Network Security Config specified, using platform default
10-16 09:42:00.259 D/NetworkSecurityConfig( 2633): No Network Security Config specified, using platform default
10-16 09:42:00.347 W/UnsafeUtil( 2633): platform method missing - proto runtime falling back to safer methods: java.lang.NoSuchMethodException: sun.misc.Unsafe.copyMemory [class java.lang.Object, long, class java.lang.Object, long, long]
10-16 09:42:00.376 W/audit ( 2654): audit_lost=489 audit_rate_limit=5 audit_backlog_limit=64
10-16 09:42:00.376 E/audit ( 2654): rate limit exceeded
10-16 09:42:00.490 D/CompatibilityChangeReporter( 522): Compat change id reported: 135634846; UID 10057; state: DISABLED
10-16 09:42:00.490 D/CompatibilityChangeReporter( 522): Compat change id reported: 177438394; UID 10057; state: DISABLED
10-16 09:42:00.490 D/CompatibilityChangeReporter( 522): Compat change id reported: 135772972; UID 10057; state: DISABLED
10-16 09:42:00.490 D/CompatibilityChangeReporter( 522): Compat change id reported: 135754954; UID 10057; state: DISABLED
10-16 09:42:00.491 D/CompatibilityChangeReporter( 522): Compat change id reported: 143937733; UID 10057; state: DISABLED
10-16 09:42:00.512 I/TvApplication( 2633): Starting TV app 1.24-asop
10-16 09:42:00.514 I/TvApplication( 2633): Started TV app 1.24-asop
10-16 09:42:00.515 D/Zygote ( 244): Forked child process 2660
10-16 09:42:00.516 W/IorapForwardingService( 522): No service published for: iorapd
10-16 09:42:00.517 I/ActivityManager( 522): app.processName = com.android.tv.common
10-16 09:42:00.517 I/ActivityManager( 522): Start proc 2660:com.android.tv.common/u0a57 for content provider {com.android.tv/com.android.tv.common.CommonPreferenceProvider}
10-16 09:42:00.526 I/Zygote ( 2660): seccomp disabled by setenforce 0
10-16 09:42:00.561 I/adbd ( 381): jdwp connection from 2660
10-16 09:42:00.585 I/EpgFetcherImpl( 2633): EPG fetching routine service started.
10-16 09:42:00.600 W/JobInfo ( 2633): Requested interval +10m0s0ms for job 1000001 is too small; raising to +15m0s0ms
10-16 09:42:00.635 I/ActivityManager( 522): Background started FGS: Allowed [callingPackage: com.android.tv; callingUid: 10057; uidState: TRNB; intent: Intent { cmp=com.android.tv/.dvr.recorder.DvrRecordingService (has extras) }; code:BACKGROUND_ACTIVITY_PERMISSION; tempAllowListReason:; targetSdkVersion:29; callerTargetSdkVersion:29; startForegroundCount:0; bindFromPackage:null]
10-16 09:42:00.641 D/CompatibilityChangeReporter( 2660): Compat change id reported: 171979766; UID 10057; state: DISABLED
10-16 09:42:00.662 D/ApplicationLoaders( 2660): Returning zygote-cached class loader: /system/framework/android.test.base.jar
10-16 09:42:00.676 D/nativeloader( 2660): classloader namespace configured for unbundled product apk. library_path=/product/priv-app/LiveTv/lib/arm:/product/lib:/system/product/lib
10-16 09:42:00.719 V/GraphicsEnvironment( 2660): ANGLE Developer option for 'com.android.tv' set to: 'default'
10-16 09:42:00.720 V/GraphicsEnvironment( 2660): Neither updatable production driver nor prerelease driver is supported.
10-16 09:42:00.728 E/ConnectivityService( 522): Exception = android.content.pm.PackageManager$NameNotFoundException: android.net.cts
10-16 09:42:00.728 D/NetworkSecurityConfig( 2660): No Network Security Config specified, using platform default
10-16 09:42:00.729 I/ActivityManager( 522): Deferring FGS notification in legacy app com.android.tv/u0a57 : Notification(channel=dvr_notification_channel shortcut=null contentView=null vibrate=null sound=null defaults=0x0 flags=0x40 color=0x00000000 vis=PRIVATE)
10-16 09:42:00.729 D/NetworkSecurityConfig( 2660): No Network Security Config specified, using platform default
10-16 09:42:00.732 I/efs.config( 2146): Config refresh fail, network is disconnected.
10-16 09:42:00.733 I/efs.config( 2146): efs config is
10-16 09:42:00.746 D/PackageManager( 522): Instant App installer not found with android.intent.action.INSTALL_INSTANT_APP_PACKAGE
10-16 09:42:00.746 D/PackageManager( 522): Clear ephemeral installer activity
10-16 09:42:00.748 I/TvApplication( 2633): Hide TV app.
10-16 09:42:00.750 I/ActivityManager( 522): Killing 2633:com.android.tv/u0a57 (adj 100): change com.android.tv
10-16 09:42:00.754 W/ActivityManager( 522): Scheduling restart of crashed service com.android.tv/.dvr.recorder.DvrRecordingService in 1000ms for start-requested
10-16 09:42:00.754 W/ActivityManager( 522): Scheduling restart of crashed service com.android.tv/.data.epg.EpgFetchService in 10999ms for connection
10-16 09:42:00.755 W/UnsafeUtil( 2660): platform method missing - proto runtime falling back to safer methods: java.lang.NoSuchMethodException: sun.misc.Unsafe.copyMemory [class java.lang.Object, long, class java.lang.Object, long, long]
10-16 09:42:00.760 I/ActivityManager( 522): Killing 2660:com.android.tv.common/u0a57 (adj 0): change com.android.tv
10-16 09:42:00.780 D/DeviceIdleController( 522): find package null
10-16 09:42:00.784 V/MediaPlayerList( 733): mPackageChangedBroadcastReceiver: action: android.intent.action.PACKAGE_CHANGED
10-16 09:42:00.785 D/MediaPlayerList( 733): Name of package changed: com.android.tv
10-16 09:42:00.794 I/libprocessgroup( 522): Successfully killed process cgroup uid 10057 pid 2633 in 42ms
10-16 09:42:00.798 I/PermissionControllerServiceImpl( 768): Updating user sensitive for uid 10057
10-16 09:42:00.807 I/RoleService( 522): Granting default roles...
10-16 09:42:00.811 W/ContextImpl( 1270): Calling a method in the system process without a qualified user: android.app.ContextImpl.startService:1816 android.content.ContextWrapper.startService:774 android.content.ContextWrapper.startService:774 com.android.tv.settings.help.BootBroadcastReceiver.onReceive:18 android.app.ActivityThread.handleReceiver:4308
10-16 09:42:00.813 W/ActivityManager( 522): Unable to start service Intent { cmp=com.android.tv.settings/.app_lock.MainService } U=0: not found
10-16 09:42:00.815 V/BootBroadcastReceiver( 1270): autorun
10-16 09:42:00.819 D/CompatibilityChangeReporter( 522): Compat change id reported: 168419799; UID 1000; state: DISABLED
10-16 09:42:00.825 I/InputReader( 522): Reconfiguring input devices, changes=KEYBOARD_LAYOUTS |
10-16 09:42:00.828 W/Searchables( 522): No global search activity found
10-16 09:42:00.831 I/ActivityManager( 522): com.dangbei.zhushou.os is exempt from freezer
10-16 09:42:00.832 D/CompatibilityChangeReporter( 522): Compat change id reported: 135634846; UID 1000; state: DISABLED
10-16 09:42:00.845 V/ActivityManager( 522): Got obituary of 2660:com.android.tv.common
10-16 09:42:00.847 W/Role ( 768): Cannot get ApplicationInfo for default holder: com.android.messaging
10-16 09:42:00.848 W/VoiceInteractionManager( 522): no available voice recognition services found for user 0
10-16 09:42:00.868 V/ActivityManager( 522): Got obituary of 2633:com.android.tv
10-16 09:42:00.871 D/Zygote ( 244): Forked child process 2690
10-16 09:42:00.874 I/Zygote ( 244): Process 2633 exited due to signal 9 (Killed)
10-16 09:42:00.875 I/Zygote ( 244): Process 2660 exited due to signal 9 (Killed)
10-16 09:42:00.877 I/ActivityManager( 522): app.processName = com.dangbei.zhushou.os
10-16 09:42:00.877 I/ActivityManager( 522): Start proc 2690:com.dangbei.zhushou.os/1000 for broadcast {com.dangbei.zhushou.os/com.dangbei.projector.assistant.receiver.BootReceiver}
10-16 09:42:00.879 W/Role ( 768): Cannot get ApplicationInfo for default holder: com.android.contacts
10-16 09:42:00.884 I/libprocessgroup( 522): Successfully killed process cgroup uid 10057 pid 2660 in 0ms
10-16 09:42:00.884 I/Zygote ( 2690): seccomp disabled by setenforce 0
10-16 09:42:00.903 W/Role ( 768): Cannot get ApplicationInfo for default holder: com.android.gallery3d
10-16 09:42:00.909 I/adbd ( 381): jdwp connection from 2690
10-16 09:42:00.960 D/CompatibilityChangeReporter( 2690): Compat change id reported: 171979766; UID 1000; state: DISABLED
10-16 09:42:00.974 D/ApplicationLoaders( 2690): Returning zygote-cached class loader: /system/framework/android.test.base.jar
10-16 09:42:00.974 D/ApplicationLoaders( 2690): Returning zygote-cached class loader: /system/framework/android.hidl.manager-V1.0-java.jar
10-16 09:42:00.974 D/ApplicationLoaders( 2690): Returning zygote-cached class loader: /system/framework/android.hidl.base-V1.0-java.jar
10-16 09:42:01.021 W/Role ( 768): Cannot get ApplicationInfo for default holder: com.android.dialer
10-16 09:42:01.052 D/hq ( 1777): NetWorkStateReceiver:::检查网络,并且持续更新 isConnect=false
10-16 09:42:01.093 V/GraphicsEnvironment( 2690): ANGLE Developer option for 'com.dangbei.zhushou.os' set to: 'default'
10-16 09:42:01.094 V/GraphicsEnvironment( 2690): Neither updatable production driver nor prerelease driver is supported.
10-16 09:42:01.096 D/NetworkSecurityConfig( 2690): No Network Security Config specified, using platform default
10-16 09:42:01.096 D/NetworkSecurityConfig( 2690): No Network Security Config specified, using platform default
10-16 09:42:01.100 I/MultiDex( 2690): VM with version 2.1.0 has multidex support
10-16 09:42:01.100 I/MultiDex( 2690): Installing application
10-16 09:42:01.100 I/MultiDex( 2690): VM has multidex support, MultiDex support library is disabled.
10-16 09:42:01.156 I/net_disconnect.( 1130): type=1400 audit(0.0:1010): avc: denied { execute } for name="rgb_led_ctl" dev="dm-1" ino=188 scontext=u:r:init:s0 tcontext=u:object_r:vendor_file:s0 tclass=file permissive=1
10-16 09:42:01.156 I/net_disconnect.( 2714): type=1400 audit(0.0:1011): avc: denied { execute_no_trans } for path="/vendor/bin/rgb_led_ctl" dev="dm-1" ino=188 scontext=u:r:init:s0 tcontext=u:object_r:vendor_file:s0 tclass=file permissive=1
10-16 09:42:01.166 I/WifiService( 522): releaseMulticastLock uid=10030
10-16 09:42:01.177 I/WifiService( 522): releaseMulticastLock uid=10030
10-16 09:42:01.184 D/HiSight-SinkService( 2146): setDiscoverable true
10-16 09:42:01.186 D/NearFieldManager( 2146): init.
10-16 09:42:01.186 D/NearFieldManager( 2146): try check dmsdp
10-16 09:42:01.206 D/NearFieldManager( 2146): package not exist
10-16 09:42:01.215 D/CompatibilityChangeReporter( 522): Compat change id reported: 135634846; UID 10030; state: DISABLED
10-16 09:42:01.217 D/CompatibilityChangeReporter( 522): Compat change id reported: 143937733; UID 10030; state: DISABLED
10-16 09:42:01.218 D/NearFieldManager( 2146): bind nearfield service true
10-16 09:42:01.227 D/NearFieldManager( 2146): registerCallback true
10-16 09:42:01.227 D/HiSight-Discovery( 2146): set deviceInfo type:46
10-16 09:42:01.227 D/HiSight-Discovery( 2146): startAdvertise 1
10-16 09:42:01.240 I/gbei.zhushou.os( 2690): type=1400 audit(0.0:1012): avc: denied { read } for name="address" dev="sysfs" ino=25879 scontext=u:r:system_app:s0 tcontext=u:object_r:sysfs:s0 tclass=file permissive=1
10-16 09:42:01.244 I/gbei.zhushou.os( 2690): type=1400 audit(0.0:1013): avc: denied { open } for path="/sys/devices/platform/unisoc_wifi/net/wlan1/address" dev="sysfs" ino=25879 scontext=u:r:system_app:s0 tcontext=u:object_r:sysfs:s0 tclass=file permissive=1
10-16 09:42:01.244 I/gbei.zhushou.os( 2690): type=1400 audit(0.0:1014): avc: denied { getattr } for path="/sys/devices/platform/unisoc_wifi/net/wlan1/address" dev="sysfs" ino=25879 scontext=u:r:system_app:s0 tcontext=u:object_r:sysfs:s0 tclass=file permissive=1
10-16 09:42:01.250 D/Zygote ( 244): Forked child process 2723
10-16 09:42:01.254 I/ActivityManager( 522): app.processName = com.huawei.connection
10-16 09:42:01.257 I/ActivityManager( 522): Start proc 2723:com.huawei.connection/u0a30 for service {com.dangbei.screencast/com.huawei.connection.service.NearFieldManagerService}
10-16 09:42:01.262 I/Zygote ( 2723): seccomp disabled by setenforce 0
10-16 09:42:01.292 I/adbd ( 381): jdwp connection from 2723
10-16 09:42:01.314 D/CompatibilityChangeReporter( 522): Compat change id reported: 168419799; UID 10030; state: DISABLED
10-16 09:42:01.326 D/CompatibilityChangeReporter( 2723): Compat change id reported: 171979766; UID 10030; state: DISABLED
10-16 09:42:01.339 D/ApplicationLoaders( 2723): Returning zygote-cached class loader: /system/framework/android.test.base.jar
10-16 09:42:01.340 D/ApplicationLoaders( 2723): Returning zygote-cached class loader: /system/framework/android.hidl.manager-V1.0-java.jar
10-16 09:42:01.340 D/ApplicationLoaders( 2723): Returning zygote-cached class loader: /system/framework/android.hidl.base-V1.0-java.jar
10-16 09:42:01.385 W/audit ( 2322): audit_lost=513 audit_rate_limit=5 audit_backlog_limit=64
10-16 09:42:01.385 E/audit ( 2322): rate limit exceeded
10-16 09:42:01.388 V/GraphicsEnvironment( 2723): ANGLE Developer option for 'com.dangbei.screencast' set to: 'default'
10-16 09:42:01.391 V/GraphicsEnvironment( 2723): Neither updatable production driver nor prerelease driver is supported.
10-16 09:42:01.397 D/NetworkSecurityConfig( 2723): Using Network Security Config from resource network_security_config debugBuild: false
10-16 09:42:01.402 D/NetworkSecurityConfig( 2723): Using Network Security Config from resource network_security_config debugBuild: false
10-16 09:42:01.410 I/MultiDex( 2723): VM with version 2.1.0 has multidex support
10-16 09:42:01.410 I/MultiDex( 2723): Installing application
10-16 09:42:01.410 I/MultiDex( 2723): VM has multidex support, MultiDex support library is disabled.
10-16 09:42:01.441 I/b ( 2690): -----------> Auto switch user, userId: -3377459
10-16 09:42:01.441 I/b ( 2690): -----------> doSwitchUserInternal, userId: -3377459
10-16 09:42:01.455 D/yl ( 2690): com.wangjie.rapidorm.c.b.a-------------------the tables are {class com.dangbei.setting.provider.dal.db.model.UserPreference=com.dangbei.setting.provider.dal.db.model.b@5695804, class com.dangbei.setting.provider.dal.db.model.User=com.dangbei.setting.provider.dal.db.model.c@dc3e1ed}
10-16 09:42:01.517 W/IorapForwardingService( 522): No service published for: iorapd
10-16 09:42:01.629 D/CompatibilityChangeReporter( 2690): Compat change id reported: 147600208; UID 1000; state: DISABLED
10-16 09:42:01.631 I/crashsdk( 2723): version unique build id: 6230cced
10-16 09:42:01.642 I/crashsdk( 2723): begin hack android.os.Process
10-16 09:42:01.643 I/crashsdk( 2723): end hack android.os.Process
10-16 09:42:01.647 D/crashsdk( 2723): Native log stat thread 2788 setup, waiting
10-16 09:42:01.716 I/TDLog ( 2723): setReportUncaughtExceptions: true
10-16 09:42:01.736 I/Matrix.AnrTracer( 2723): anrTrace, final mAnrBeatTime:400, mAnrBeatRate:400
10-16 09:42:01.746 E/Application( 2723): onCreate:Version:v2.8.3/20830/883432e
10-16 09:42:01.765 D/CompatibilityChangeReporter( 522): Compat change id reported: 135634846; UID 10057; state: DISABLED
10-16 09:42:01.768 D/CompatibilityChangeReporter( 522): Compat change id reported: 177438394; UID 10057; state: DISABLED
10-16 09:42:01.768 D/CompatibilityChangeReporter( 522): Compat change id reported: 135772972; UID 10057; state: DISABLED
10-16 09:42:01.768 D/CompatibilityChangeReporter( 522): Compat change id reported: 135754954; UID 10057; state: DISABLED
