10-16 09:41:41.679 W/omx_vdec( 366): <__AwOmxVdecGetExtensionIndex:1737>: GetExtensionIndex OMX.google.android.index.describeColorFormat, err [0x80001001].
10-16 09:41:41.679 W/omx_vdec( 366): <__AwOmxVdecGetExtensionIndex:1737>: GetExtensionIndex OMX.google.android.index.describeColorFormat2, err [0x80001001].
10-16 09:41:41.679 E/omx_vdec( 366): : erro: pParamData->nIndex > m_sPortFormatType.nIndex
10-16 09:41:41.679 W/omx_vdec( 366): <__AwOmxVdecGetExtensionIndex:1737>: GetExtensionIndex OMX.google.android.index.describeColorFormat, err [0x80001001].
10-16 09:41:41.679 W/omx_vdec( 366): <__AwOmxVdecGetExtensionIndex:1737>: GetExtensionIndex OMX.google.android.index.describeColorFormat2, err [0x80001001].
10-16 09:41:41.679 E/omx_vdec( 366): : erro: pParamData->nIndex > m_sPortFormatType.nIndex
10-16 09:41:41.679 W/omx_vdec( 366): <__AwOmxVdecGetExtensionIndex:1737>: GetExtensionIndex OMX.google.android.index.describeColorFormat, err [0x80001001].
10-16 09:41:41.680 W/omx_vdec( 366): <__AwOmxVdecGetExtensionIndex:1737>: GetExtensionIndex OMX.google.android.index.describeColorFormat2, err [0x80001001].
10-16 09:41:41.680 E/omx_vdec( 366): : erro: pParamData->nIndex > m_sPortFormatType.nIndex
10-16 09:41:41.680 W/omx_vdec( 366): <__AwOmxVdecGetExtensionIndex:1737>: GetExtensionIndex OMX.google.android.index.describeColorFormat, err [0x80001001].
10-16 09:41:41.680 W/omx_vdec( 366): <__AwOmxVdecGetExtensionIndex:1737>: GetExtensionIndex OMX.google.android.index.describeColorFormat2, err [0x80001001].
10-16 09:41:41.680 E/omx_vdec( 366): : erro: pParamData->nIndex > m_sPortFormatType.nIndex
10-16 09:41:41.680 W/omx_vdec( 366): <__AwOmxVdecGetExtensionIndex:1737>: GetExtensionIndex OMX.google.android.index.describeColorFormat, err [0x80001001].
10-16 09:41:41.680 W/omx_vdec( 366): <__AwOmxVdecGetExtensionIndex:1737>: GetExtensionIndex OMX.google.android.index.describeColorFormat2, err [0x80001001].
10-16 09:41:41.680 E/omx_vdec( 366): : erro: pParamData->nIndex > m_sPortFormatType.nIndex
10-16 09:41:41.680 W/omx_vdec( 366): <__AwOmxVdecGetExtensionIndex:1737>: GetExtensionIndex OMX.google.android.index.describeColorFormat, err [0x80001001].
10-16 09:41:41.681 W/omx_vdec( 366): <__AwOmxVdecGetExtensionIndex:1737>: GetExtensionIndex OMX.google.android.index.describeColorFormat2, err [0x80001001].
10-16 09:41:41.681 E/omx_vdec( 366): : erro: pParamData->nIndex > m_sPortFormatType.nIndex
10-16 09:41:41.681 W/omx_vdec( 366): <__AwOmxVdecGetExtensionIndex:1737>: GetExtensionIndex OMX.google.android.index.describeColorFormat, err [0x80001001].
10-16 09:41:41.681 W/omx_vdec( 366): <__AwOmxVdecGetExtensionIndex:1737>: GetExtensionIndex OMX.google.android.index.describeColorFormat2, err [0x80001001].
10-16 09:41:41.681 E/omx_vdec( 366): : erro: pParamData->nIndex > m_sPortFormatType.nIndex
10-16 09:41:41.681 W/omx_vdec( 366): <__AwOmxVdecGetExtensionIndex:1737>: GetExtensionIndex OMX.google.android.index.describeColorFormat, err [0x80001001].
10-16 09:41:41.681 W/omx_vdec( 366): <__AwOmxVdecGetExtensionIndex:1737>: GetExtensionIndex OMX.google.android.index.describeColorFormat2, err [0x80001001].
10-16 09:41:41.681 E/omx_vdec( 366): : erro: pParamData->nIndex > m_sPortFormatType.nIndex
10-16 09:41:41.681 W/omx_vdec( 366): <__AwOmxVdecGetExtensionIndex:1737>: GetExtensionIndex OMX.google.android.index.describeColorFormat, err [0x80001001].
10-16 09:41:41.682 W/omx_vdec( 366): <__AwOmxVdecGetExtensionIndex:1737>: GetExtensionIndex OMX.google.android.index.describeColorFormat2, err [0x80001001].
10-16 09:41:41.682 E/omx_vdec( 366): : erro: pParamData->nIndex > m_sPortFormatType.nIndex
10-16 09:41:41.682 W/omx_vdec( 366): <__AwOmxVdecGetExtensionIndex:1737>: GetExtensionIndex OMX.google.android.index.describeColorFormat, err [0x80001001].
10-16 09:41:41.682 W/omx_vdec( 366): <__AwOmxVdecGetExtensionIndex:1737>: GetExtensionIndex OMX.google.android.index.describeColorFormat2, err [0x80001001].
10-16 09:41:41.682 E/omx_vdec( 366): : erro: pParamData->nIndex > m_sPortFormatType.nIndex
10-16 09:41:41.682 W/omx_vdec( 366): <__AwOmxVdecGetExtensionIndex:1737>: GetExtensionIndex OMX.google.android.index.describeColorFormat, err [0x80001001].
10-16 09:41:41.682 W/omx_vdec( 366): <__AwOmxVdecGetExtensionIndex:1737>: GetExtensionIndex OMX.google.android.index.describeColorFormat2, err [0x80001001].
10-16 09:41:41.682 E/omx_vdec( 366): : erro: pParamData->nIndex > m_sPortFormatType.nIndex
10-16 09:41:41.682 W/omx_vdec( 366): <__AwOmxVdecGetExtensionIndex:1737>: GetExtensionIndex OMX.google.android.index.describeColorFormat, err [0x80001001].
10-16 09:41:41.683 W/omx_vdec( 366): <__AwOmxVdecGetExtensionIndex:1737>: GetExtensionIndex OMX.google.android.index.describeColorFormat2, err [0x80001001].
10-16 09:41:41.683 E/omx_vdec( 366): : erro: pParamData->nIndex > m_sPortFormatType.nIndex
10-16 09:41:41.683 W/omx_vdec( 366): <__AwOmxVdecGetExtensionIndex:1737>: GetExtensionIndex OMX.google.android.index.describeColorFormat, err [0x80001001].
10-16 09:41:41.683 W/omx_vdec( 366): <__AwOmxVdecGetExtensionIndex:1737>: GetExtensionIndex OMX.google.android.index.describeColorFormat2, err [0x80001001].
10-16 09:41:41.683 E/omx_vdec( 366): : erro: pParamData->nIndex > m_sPortFormatType.nIndex
10-16 09:41:41.684 W/omx_vdec( 366): <__AwOmxVdecGetExtensionIndex:1737>: GetExtensionIndex OMX.google.android.index.describeColorFormat, err [0x80001001].
10-16 09:41:41.684 W/omx_vdec( 366): <__AwOmxVdecGetExtensionIndex:1737>: GetExtensionIndex OMX.google.android.index.describeColorFormat2, err [0x80001001].
10-16 09:41:41.684 E/omx_vdec( 366): : erro: pParamData->nIndex > m_sPortFormatType.nIndex
10-16 09:41:41.684 W/omx_vdec( 366): <__AwOmxVdecGetExtensionIndex:1737>: GetExtensionIndex OMX.google.android.index.describeColorFormat, err [0x80001001].
10-16 09:41:41.684 W/omx_vdec( 366): <__AwOmxVdecGetExtensionIndex:1737>: GetExtensionIndex OMX.google.android.index.describeColorFormat2, err [0x80001001].
10-16 09:41:41.684 E/omx_vdec( 366): : erro: pParamData->nIndex > m_sPortFormatType.nIndex
10-16 09:41:41.684 W/omx_vdec( 366): <__AwOmxVdecGetExtensionIndex:1737>: GetExtensionIndex OMX.google.android.index.describeColorFormat, err [0x80001001].
10-16 09:41:41.684 W/omx_vdec( 366): <__AwOmxVdecGetExtensionIndex:1737>: GetExtensionIndex OMX.google.android.index.describeColorFormat2, err [0x80001001].
10-16 09:41:41.685 E/omx_vdec( 366): : erro: pParamData->nIndex > m_sPortFormatType.nIndex
10-16 09:41:41.685 W/omx_vdec( 366): <__AwOmxVdecGetExtensionIndex:1737>: GetExtensionIndex OMX.google.android.index.describeColorFormat, err [0x80001001].
10-16 09:41:41.685 W/Role ( 768): Cannot get ApplicationInfo for default holder: com.android.messaging
10-16 09:41:41.685 W/omx_vdec( 366): <__AwOmxVdecGetExtensionIndex:1737>: GetExtensionIndex OMX.google.android.index.describeColorFormat2, err [0x80001001].
10-16 09:41:41.685 E/omx_vdec( 366): : erro: pParamData->nIndex > m_sPortFormatType.nIndex
10-16 09:41:41.685 W/omx_vdec( 366): <__AwOmxVdecGetExtensionIndex:1737>: GetExtensionIndex OMX.google.android.index.describeColorFormat, err [0x80001001].
10-16 09:41:41.685 W/omx_vdec( 366): <__AwOmxVdecGetExtensionIndex:1737>: GetExtensionIndex OMX.google.android.index.describeColorFormat2, err [0x80001001].
10-16 09:41:41.685 E/omx_vdec( 366): : erro: pParamData->nIndex > m_sPortFormatType.nIndex
10-16 09:41:41.685 W/omx_vdec( 366): <__AwOmxVdecGetExtensionIndex:1737>: GetExtensionIndex OMX.google.android.index.describeColorFormat, err [0x80001001].
10-16 09:41:41.686 W/omx_vdec( 366): <__AwOmxVdecGetExtensionIndex:1737>: GetExtensionIndex OMX.google.android.index.describeColorFormat2, err [0x80001001].
10-16 09:41:41.686 E/omx_vdec( 366): : erro: pParamData->nIndex > m_sPortFormatType.nIndex
10-16 09:41:41.686 W/omx_vdec( 366): <__AwOmxVdecGetExtensionIndex:1737>: GetExtensionIndex OMX.google.android.index.describeColorFormat, err [0x80001001].
10-16 09:41:41.686 W/omx_vdec( 366): <__AwOmxVdecGetExtensionIndex:1737>: GetExtensionIndex OMX.google.android.index.describeColorFormat2, err [0x80001001].
10-16 09:41:41.686 E/omx_vdec( 366): : erro: pParamData->nIndex > m_sPortFormatType.nIndex
10-16 09:41:41.687 W/omx_vdec( 366): <__AwOmxVdecGetExtensionIndex:1737>: GetExtensionIndex OMX.google.android.index.describeColorFormat, err [0x80001001].
10-16 09:41:41.687 W/omx_vdec( 366): <__AwOmxVdecGetExtensionIndex:1737>: GetExtensionIndex OMX.google.android.index.describeColorFormat2, err [0x80001001].
10-16 09:41:41.687 E/omx_vdec( 366): : erro: pParamData->nIndex > m_sPortFormatType.nIndex
10-16 09:41:41.687 W/omx_vdec( 366): <__AwOmxVdecGetExtensionIndex:1737>: GetExtensionIndex OMX.google.android.index.describeColorFormat, err [0x80001001].
10-16 09:41:41.687 W/omx_vdec( 366): <__AwOmxVdecGetExtensionIndex:1737>: GetExtensionIndex OMX.google.android.index.describeColorFormat2, err [0x80001001].
10-16 09:41:41.688 E/omx_vdec( 366): : erro: pParamData->nIndex > m_sPortFormatType.nIndex
10-16 09:41:41.688 W/omx_vdec( 366): <__AwOmxVdecGetExtensionIndex:1737>: GetExtensionIndex OMX.google.android.index.describeColorFormat, err [0x80001001].
10-16 09:41:41.688 W/omx_vdec( 366): <__AwOmxVdecGetExtensionIndex:1737>: GetExtensionIndex OMX.google.android.index.describeColorFormat2, err [0x80001001].
10-16 09:41:41.688 E/omx_vdec( 366): : erro: pParamData->nIndex > m_sPortFormatType.nIndex
10-16 09:41:41.688 W/omx_vdec( 366): <__AwOmxVdecGetExtensionIndex:1737>: GetExtensionIndex OMX.google.android.index.describeColorFormat, err [0x80001001].
10-16 09:41:41.688 W/omx_vdec( 366): <__AwOmxVdecGetExtensionIndex:1737>: GetExtensionIndex OMX.google.android.index.describeColorFormat2, err [0x80001001].
10-16 09:41:41.688 E/omx_vdec( 366): : erro: pParamData->nIndex > m_sPortFormatType.nIndex
10-16 09:41:41.688 W/omx_vdec( 366): <__AwOmxVdecGetExtensionIndex:1737>: GetExtensionIndex OMX.google.android.index.describeColorFormat, err [0x80001001].
10-16 09:41:41.688 W/omx_vdec( 366): <__AwOmxVdecGetExtensionIndex:1737>: GetExtensionIndex OMX.google.android.index.describeColorFormat2, err [0x80001001].
10-16 09:41:41.688 W/ACodec ( 355): [OMX.allwinner.video.decoder.mpeg2] stopping checking formats after 32: COLOR_FormatYUV420Planar(13)
10-16 09:41:41.689 W/omx_vdec( 366): <__AwOmxVdecGetExtensionIndex:1737>: GetExtensionIndex OMX.google.android.index.configureVideoTunnelMode, err [0x80001001].
10-16 09:41:41.689 E/OMXNodeInstance( 366): getExtensionIndex(0xf4de1000:allwinner.decoder.mpeg2, OMX.google.android.index.configureVideoTunnelMode) ERROR: Undefined(0x80001001)
10-16 09:41:41.689 D/MediaCodecInfo( 355): detail feature-tunneled-playback wasn't present to remove
10-16 09:41:41.689 W/omx_vdec( 366): <__AwOmxVdecGetExtensionIndex:1737>: GetExtensionIndex OMX.google.android.index.storeANWBufferInMetadata, err [0x80001001].
10-16 09:41:41.689 W/omx_vdec_aw( 366): <__anSetExtPara:3011>: Setparameter: unknown param 2131755011
10-16 09:41:41.689 W/OMXNodeInstance( 366): [0xf4de1000:allwinner.decoder.mpeg2] component does not support metadata mode; using fallback
10-16 09:41:41.690 D/PackageManager( 522): Instant App installer not found with android.intent.action.INSTALL_INSTANT_APP_PACKAGE
10-16 09:41:41.690 D/PackageManager( 522): Clear ephemeral installer activity
10-16 09:41:41.692 V/SystemUIService( 748): SystemUIApplication constructed.
10-16 09:41:41.692 W/libc ( 366): invalid pthread_t (0) passed to pthread_join
10-16 09:41:41.692 W/libc ( 366): invalid pthread_t (0) passed to pthread_join
10-16 09:41:41.692 W/libc ( 366): invalid pthread_t (0) passed to pthread_join
10-16 09:41:41.699 I/OMXClient( 355): IOmx service obtained
10-16 09:41:41.699 I/OMXStore( 366): makeComponentInstance(OMX.allwinner.video.decoder.mpeg4) in android.hardwar process
10-16 09:41:41.700 I/omx_vdec_aw( 366): : OmxDecoderCreate.
10-16 09:41:41.701 W/omx_vdec( 366): <__AwOmxVdecSetParameter:1561>: Set Parameter called in valid state
10-16 09:41:41.704 I/WCN ( 33): marlin_write_cali_data sync init_state:0x0
10-16 09:41:41.702 W/omx_vdec( 366): : pParamProfileLevel->nProfileIndex[0x2] error!
10-16 09:41:41.702 E/OMXNodeInstance( 366): getParameter(0xf4de1000:allwinner.decoder.mpeg4, ParamVideoProfileLevelQuerySupported(0x600000f)) ERROR: BadParameter(0x80001005)
10-16 09:41:41.702 W/omx_vdec( 366): <__AwOmxVdecGetExtensionIndex:1737>: GetExtensionIndex OMX.google.android.index.describeColorFormat, err [0x80001001].
10-16 09:41:41.702 W/omx_vdec( 366): <__AwOmxVdecGetExtensionIndex:1737>: GetExtensionIndex OMX.google.android.index.describeColorFormat2, err [0x80001001].
10-16 09:41:41.703 E/omx_vdec( 366): : erro: pParamData->nIndex > m_sPortFormatType.nIndex
10-16 09:41:41.703 W/omx_vdec( 366): <__AwOmxVdecGetExtensionIndex:1737>: GetExtensionIndex OMX.google.android.index.describeColorFormat, err [0x80001001].
10-16 09:41:41.703 W/omx_vdec( 366): <__AwOmxVdecGetExtensionIndex:1737>: GetExtensionIndex OMX.google.android.index.describeColorFormat2, err [0x80001001].
10-16 09:41:41.703 E/omx_vdec( 366): : erro: pParamData->nIndex > m_sPortFormatType.nIndex
10-16 09:41:41.703 W/omx_vdec( 366): <__AwOmxVdecGetExtensionIndex:1737>: GetExtensionIndex OMX.google.android.index.describeColorFormat, err [0x80001001].
10-16 09:41:41.703 W/omx_vdec( 366): <__AwOmxVdecGetExtensionIndex:1737>: GetExtensionIndex OMX.google.android.index.describeColorFormat2, err [0x80001001].
10-16 09:41:41.703 E/omx_vdec( 366): : erro: pParamData->nIndex > m_sPortFormatType.nIndex
10-16 09:41:41.704 W/omx_vdec( 366): <__AwOmxVdecGetExtensionIndex:1737>: GetExtensionIndex OMX.google.android.index.describeColorFormat, err [0x80001001].
10-16 09:41:41.704 W/omx_vdec( 366): <__AwOmxVdecGetExtensionIndex:1737>: GetExtensionIndex OMX.google.android.index.describeColorFormat2, err [0x80001001].
10-16 09:41:41.704 E/omx_vdec( 366): : erro: pParamData->nIndex > m_sPortFormatType.nIndex
10-16 09:41:41.704 W/omx_vdec( 366): <__AwOmxVdecGetExtensionIndex:1737>: GetExtensionIndex OMX.google.android.index.describeColorFormat, err [0x80001001].
10-16 09:41:41.704 W/omx_vdec( 366): <__AwOmxVdecGetExtensionIndex:1737>: GetExtensionIndex OMX.google.android.index.describeColorFormat2, err [0x80001001].
10-16 09:41:41.704 E/omx_vdec( 366): : erro: pParamData->nIndex > m_sPortFormatType.nIndex
10-16 09:41:41.704 W/omx_vdec( 366): <__AwOmxVdecGetExtensionIndex:1737>: GetExtensionIndex OMX.google.android.index.describeColorFormat, err [0x80001001].
10-16 09:41:41.704 W/omx_vdec( 366): <__AwOmxVdecGetExtensionIndex:1737>: GetExtensionIndex OMX.google.android.index.describeColorFormat2, err [0x80001001].
10-16 09:41:41.704 E/omx_vdec( 366): : erro: pParamData->nIndex > m_sPortFormatType.nIndex
10-16 09:41:41.705 W/omx_vdec( 366): <__AwOmxVdecGetExtensionIndex:1737>: GetExtensionIndex OMX.google.android.index.describeColorFormat, err [0x80001001].
10-16 09:41:41.705 W/omx_vdec( 366): <__AwOmxVdecGetExtensionIndex:1737>: GetExtensionIndex OMX.google.android.index.describeColorFormat2, err [0x80001001].
10-16 09:41:41.705 E/omx_vdec( 366): : erro: pParamData->nIndex > m_sPortFormatType.nIndex
10-16 09:41:41.705 W/omx_vdec( 366): <__AwOmxVdecGetExtensionIndex:1737>: GetExtensionIndex OMX.google.android.index.describeColorFormat, err [0x80001001].
10-16 09:41:41.705 W/omx_vdec( 366): <__AwOmxVdecGetExtensionIndex:1737>: GetExtensionIndex OMX.google.android.index.describeColorFormat2, err [0x80001001].
10-16 09:41:41.705 E/omx_vdec( 366): : erro: pParamData->nIndex > m_sPortFormatType.nIndex
10-16 09:41:41.705 W/omx_vdec( 366): <__AwOmxVdecGetExtensionIndex:1737>: GetExtensionIndex OMX.google.android.index.describeColorFormat, err [0x80001001].
10-16 09:41:41.705 W/omx_vdec( 366): <__AwOmxVdecGetExtensionIndex:1737>: GetExtensionIndex OMX.google.android.index.describeColorFormat2, err [0x80001001].
10-16 09:41:41.705 E/omx_vdec( 366): : erro: pParamData->nIndex > m_sPortFormatType.nIndex
10-16 09:41:41.706 W/omx_vdec( 366): <__AwOmxVdecGetExtensionIndex:1737>: GetExtensionIndex OMX.google.android.index.describeColorFormat, err [0x80001001].
10-16 09:41:41.706 W/omx_vdec( 366): <__AwOmxVdecGetExtensionIndex:1737>: GetExtensionIndex OMX.google.android.index.describeColorFormat2, err [0x80001001].
10-16 09:41:41.706 E/omx_vdec( 366): : erro: pParamData->nIndex > m_sPortFormatType.nIndex
10-16 09:41:41.706 W/omx_vdec( 366): <__AwOmxVdecGetExtensionIndex:1737>: GetExtensionIndex OMX.google.android.index.describeColorFormat, err [0x80001001].
10-16 09:41:41.706 W/omx_vdec( 366): <__AwOmxVdecGetExtensionIndex:1737>: GetExtensionIndex OMX.google.android.index.describeColorFormat2, err [0x80001001].
10-16 09:41:41.706 E/omx_vdec( 366): : erro: pParamData->nIndex > m_sPortFormatType.nIndex
10-16 09:41:41.706 W/omx_vdec( 366): <__AwOmxVdecGetExtensionIndex:1737>: GetExtensionIndex OMX.google.android.index.describeColorFormat, err [0x80001001].
10-16 09:41:41.706 W/omx_vdec( 366): <__AwOmxVdecGetExtensionIndex:1737>: GetExtensionIndex OMX.google.android.index.describeColorFormat2, err [0x80001001].
10-16 09:41:41.707 E/omx_vdec( 366): : erro: pParamData->nIndex > m_sPortFormatType.nIndex
10-16 09:41:41.707 W/omx_vdec( 366): <__AwOmxVdecGetExtensionIndex:1737>: GetExtensionIndex OMX.google.android.index.describeColorFormat, err [0x80001001].
10-16 09:41:41.707 W/omx_vdec( 366): <__AwOmxVdecGetExtensionIndex:1737>: GetExtensionIndex OMX.google.android.index.describeColorFormat2, err [0x80001001].
10-16 09:41:41.707 E/omx_vdec( 366): : erro: pParamData->nIndex > m_sPortFormatType.nIndex
10-16 09:41:41.707 W/omx_vdec( 366): <__AwOmxVdecGetExtensionIndex:1737>: GetExtensionIndex OMX.google.android.index.describeColorFormat, err [0x80001001].
10-16 09:41:41.707 W/omx_vdec( 366): <__AwOmxVdecGetExtensionIndex:1737>: GetExtensionIndex OMX.google.android.index.describeColorFormat2, err [0x80001001].
10-16 09:41:41.707 E/omx_vdec( 366): : erro: pParamData->nIndex > m_sPortFormatType.nIndex
10-16 09:41:41.707 W/omx_vdec( 366): <__AwOmxVdecGetExtensionIndex:1737>: GetExtensionIndex OMX.google.android.index.describeColorFormat, err [0x80001001].
10-16 09:41:41.707 W/omx_vdec( 366): <__AwOmxVdecGetExtensionIndex:1737>: GetExtensionIndex OMX.google.android.index.describeColorFormat2, err [0x80001001].
10-16 09:41:41.708 E/omx_vdec( 366): : erro: pParamData->nIndex > m_sPortFormatType.nIndex
10-16 09:41:41.708 W/omx_vdec( 366): <__AwOmxVdecGetExtensionIndex:1737>: GetExtensionIndex OMX.google.android.index.describeColorFormat, err [0x80001001].
10-16 09:41:41.708 W/omx_vdec( 366): <__AwOmxVdecGetExtensionIndex:1737>: GetExtensionIndex OMX.google.android.index.describeColorFormat2, err [0x80001001].
10-16 09:41:41.708 E/omx_vdec( 366): : erro: pParamData->nIndex > m_sPortFormatType.nIndex
10-16 09:41:41.708 W/omx_vdec( 366): <__AwOmxVdecGetExtensionIndex:1737>: GetExtensionIndex OMX.google.android.index.describeColorFormat, err [0x80001001].
10-16 09:41:41.708 W/omx_vdec( 366): <__AwOmxVdecGetExtensionIndex:1737>: GetExtensionIndex OMX.google.android.index.describeColorFormat2, err [0x80001001].
10-16 09:41:41.708 E/omx_vdec( 366): : erro: pParamData->nIndex > m_sPortFormatType.nIndex
10-16 09:41:41.709 W/omx_vdec( 366): <__AwOmxVdecGetExtensionIndex:1737>: GetExtensionIndex OMX.google.android.index.describeColorFormat, err [0x80001001].
10-16 09:41:41.709 W/omx_vdec( 366): <__AwOmxVdecGetExtensionIndex:1737>: GetExtensionIndex OMX.google.android.index.describeColorFormat2, err [0x80001001].
10-16 09:41:41.709 E/omx_vdec( 366): : erro: pParamData->nIndex > m_sPortFormatType.nIndex
10-16 09:41:41.709 W/omx_vdec( 366): <__AwOmxVdecGetExtensionIndex:1737>: GetExtensionIndex OMX.google.android.index.describeColorFormat, err [0x80001001].
10-16 09:41:41.709 W/omx_vdec( 366): <__AwOmxVdecGetExtensionIndex:1737>: GetExtensionIndex OMX.google.android.index.describeColorFormat2, err [0x80001001].
10-16 09:41:41.709 E/omx_vdec( 366): : erro: pParamData->nIndex > m_sPortFormatType.nIndex
10-16 09:41:41.709 W/omx_vdec( 366): <__AwOmxVdecGetExtensionIndex:1737>: GetExtensionIndex OMX.google.android.index.describeColorFormat, err [0x80001001].
10-16 09:41:41.708 I/ndroid.systemui( 748): type=1400 audit(0.0:327): avc: denied { getattr } for path="/data/user_de/0/com.android.systemui/cache" dev="mmcblk0p25" ino=487 scontext=u:r:platform_app:s0:c512,c768 tcontext=u:object_r:app_data_file:s0:c512,c768 tclass=dir permissive=1 app=com.softwinner.screenshot
10-16 09:41:41.710 W/omx_vdec( 366): <__AwOmxVdecGetExtensionIndex:1737>: GetExtensionIndex OMX.google.android.index.describeColorFormat2, err [0x80001001].
10-16 09:41:41.710 E/omx_vdec( 366): : erro: pParamData->nIndex > m_sPortFormatType.nIndex
10-16 09:41:41.710 W/omx_vdec( 366): <__AwOmxVdecGetExtensionIndex:1737>: GetExtensionIndex OMX.google.android.index.describeColorFormat, err [0x80001001].
10-16 09:41:41.711 W/omx_vdec( 366): <__AwOmxVdecGetExtensionIndex:1737>: GetExtensionIndex OMX.google.android.index.describeColorFormat2, err [0x80001001].
10-16 09:41:41.711 E/omx_vdec( 366): : erro: pParamData->nIndex > m_sPortFormatType.nIndex
10-16 09:41:41.711 W/omx_vdec( 366): <__AwOmxVdecGetExtensionIndex:1737>: GetExtensionIndex OMX.google.android.index.describeColorFormat, err [0x80001001].
10-16 09:41:41.711 W/omx_vdec( 366): <__AwOmxVdecGetExtensionIndex:1737>: GetExtensionIndex OMX.google.android.index.describeColorFormat2, err [0x80001001].
10-16 09:41:41.712 E/omx_vdec( 366): : erro: pParamData->nIndex > m_sPortFormatType.nIndex
10-16 09:41:41.712 W/StorageManagerService( 522): No primary storage defined yet; hacking together a stub
10-16 09:41:41.712 W/omx_vdec( 366): <__AwOmxVdecGetExtensionIndex:1737>: GetExtensionIndex OMX.google.android.index.describeColorFormat, err [0x80001001].
10-16 09:41:41.712 W/omx_vdec( 366): <__AwOmxVdecGetExtensionIndex:1737>: GetExtensionIndex OMX.google.android.index.describeColorFormat2, err [0x80001001].
10-16 09:41:41.712 E/omx_vdec( 366): : erro: pParamData->nIndex > m_sPortFormatType.nIndex
10-16 09:41:41.712 W/omx_vdec( 366): <__AwOmxVdecGetExtensionIndex:1737>: GetExtensionIndex OMX.google.android.index.describeColorFormat, err [0x80001001].
10-16 09:41:41.712 W/omx_vdec( 366): <__AwOmxVdecGetExtensionIndex:1737>: GetExtensionIndex OMX.google.android.index.describeColorFormat2, err [0x80001001].
10-16 09:41:41.712 E/omx_vdec( 366): : erro: pParamData->nIndex > m_sPortFormatType.nIndex
10-16 09:41:41.713 W/omx_vdec( 366): <__AwOmxVdecGetExtensionIndex:1737>: GetExtensionIndex OMX.google.android.index.describeColorFormat, err [0x80001001].
10-16 09:41:41.713 W/omx_vdec( 366): <__AwOmxVdecGetExtensionIndex:1737>: GetExtensionIndex OMX.google.android.index.describeColorFormat2, err [0x80001001].
10-16 09:41:41.713 E/omx_vdec( 366): : erro: pParamData->nIndex > m_sPortFormatType.nIndex
10-16 09:41:41.713 W/omx_vdec( 366): <__AwOmxVdecGetExtensionIndex:1737>: GetExtensionIndex OMX.google.android.index.describeColorFormat, err [0x80001001].
10-16 09:41:41.713 W/omx_vdec( 366): <__AwOmxVdecGetExtensionIndex:1737>: GetExtensionIndex OMX.google.android.index.describeColorFormat2, err [0x80001001].
10-16 09:41:41.713 E/omx_vdec( 366): : erro: pParamData->nIndex > m_sPortFormatType.nIndex
10-16 09:41:41.713 W/omx_vdec( 366): <__AwOmxVdecGetExtensionIndex:1737>: GetExtensionIndex OMX.google.android.index.describeColorFormat, err [0x80001001].
10-16 09:41:41.713 W/omx_vdec( 366): <__AwOmxVdecGetExtensionIndex:1737>: GetExtensionIndex OMX.google.android.index.describeColorFormat2, err [0x80001001].
10-16 09:41:41.713 E/omx_vdec( 366): : erro: pParamData->nIndex > m_sPortFormatType.nIndex
10-16 09:41:41.714 W/omx_vdec( 366): <__AwOmxVdecGetExtensionIndex:1737>: GetExtensionIndex OMX.google.android.index.describeColorFormat, err [0x80001001].
10-16 09:41:41.714 W/omx_vdec( 366): <__AwOmxVdecGetExtensionIndex:1737>: GetExtensionIndex OMX.google.android.index.describeColorFormat2, err [0x80001001].
10-16 09:41:41.714 E/omx_vdec( 366): : erro: pParamData->nIndex > m_sPortFormatType.nIndex
10-16 09:41:41.714 W/omx_vdec( 366): <__AwOmxVdecGetExtensionIndex:1737>: GetExtensionIndex OMX.google.android.index.describeColorFormat, err [0x80001001].
10-16 09:41:41.714 W/omx_vdec( 366): <__AwOmxVdecGetExtensionIndex:1737>: GetExtensionIndex OMX.google.android.index.describeColorFormat2, err [0x80001001].
10-16 09:41:41.714 E/omx_vdec( 366): : erro: pParamData->nIndex > m_sPortFormatType.nIndex
10-16 09:41:41.714 W/omx_vdec( 366): <__AwOmxVdecGetExtensionIndex:1737>: GetExtensionIndex OMX.google.android.index.describeColorFormat, err [0x80001001].
10-16 09:41:41.714 W/omx_vdec( 366): <__AwOmxVdecGetExtensionIndex:1737>: GetExtensionIndex OMX.google.android.index.describeColorFormat2, err [0x80001001].
10-16 09:41:41.715 E/omx_vdec( 366): : erro: pParamData->nIndex > m_sPortFormatType.nIndex
10-16 09:41:41.715 W/omx_vdec( 366): <__AwOmxVdecGetExtensionIndex:1737>: GetExtensionIndex OMX.google.android.index.describeColorFormat, err [0x80001001].
10-16 09:41:41.715 W/omx_vdec( 366): <__AwOmxVdecGetExtensionIndex:1737>: GetExtensionIndex OMX.google.android.index.describeColorFormat2, err [0x80001001].
10-16 09:41:41.715 E/omx_vdec( 366): : erro: pParamData->nIndex > m_sPortFormatType.nIndex
10-16 09:41:41.715 W/omx_vdec( 366): <__AwOmxVdecGetExtensionIndex:1737>: GetExtensionIndex OMX.google.android.index.describeColorFormat, err [0x80001001].
10-16 09:41:41.715 W/omx_vdec( 366): <__AwOmxVdecGetExtensionIndex:1737>: GetExtensionIndex OMX.google.android.index.describeColorFormat2, err [0x80001001].
10-16 09:41:41.715 E/omx_vdec( 366): : erro: pParamData->nIndex > m_sPortFormatType.nIndex
10-16 09:41:41.715 W/omx_vdec( 366): <__AwOmxVdecGetExtensionIndex:1737>: GetExtensionIndex OMX.google.android.index.describeColorFormat, err [0x80001001].
10-16 09:41:41.716 W/omx_vdec( 366): <__AwOmxVdecGetExtensionIndex:1737>: GetExtensionIndex OMX.google.android.index.describeColorFormat2, err [0x80001001].
10-16 09:41:41.716 W/ACodec ( 355): [OMX.allwinner.video.decoder.mpeg4] stopping checking formats after 32: COLOR_FormatYUV420Planar(13)
10-16 09:41:41.716 W/omx_vdec( 366): <__AwOmxVdecGetExtensionIndex:1737>: GetExtensionIndex OMX.google.android.index.configureVideoTunnelMode, err [0x80001001].
10-16 09:41:41.716 E/OMXNodeInstance( 366): getExtensionIndex(0xf4de1000:allwinner.decoder.mpeg4, OMX.google.android.index.configureVideoTunnelMode) ERROR: Undefined(0x80001001)
10-16 09:41:41.716 D/MediaCodecInfo( 355): detail feature-tunneled-playback wasn't present to remove
10-16 09:41:41.716 W/omx_vdec( 366): <__AwOmxVdecGetExtensionIndex:1737>: GetExtensionIndex OMX.google.android.index.storeANWBufferInMetadata, err [0x80001001].
10-16 09:41:41.716 W/omx_vdec_aw( 366): <__anSetExtPara:3011>: Setparameter: unknown param 2131755011
10-16 09:41:41.716 W/OMXNodeInstance( 366): [0xf4de1000:allwinner.decoder.mpeg4] component does not support metadata mode; using fallback
10-16 09:41:41.716 W/libc ( 366): invalid pthread_t (0) passed to pthread_join
10-16 09:41:41.717 W/libc ( 366): invalid pthread_t (0) passed to pthread_join
10-16 09:41:41.717 W/libc ( 366): invalid pthread_t (0) passed to pthread_join
10-16 09:41:41.719 I/OMXClient( 355): IOmx service obtained
10-16 09:41:41.719 I/OMXStore( 366): makeComponentInstance(OMX.allwinner.video.decoder.vp8) in android.hardwar process
10-16 09:41:41.720 I/omx_vdec_aw( 366): : OmxDecoderCreate.
10-16 09:41:41.721 W/omx_vdec( 366): <__AwOmxVdecSetParameter:1561>: Set Parameter called in valid state
10-16 09:41:41.721 I/RuntimePermissions( 768): observing UserPackageInfoLiveData for 0 in RuntimePermissionsUpgradeController
10-16 09:41:41.722 W/omx_vdec( 366): : OMX_IndexParamVideoProfileLevelQuerySupported, Format[0x9] not support
10-16 09:41:41.722 E/OMXNodeInstance( 366): getParameter(0xf4de1000:allwinner.decoder.vp8, ParamVideoProfileLevelQuerySupported(0x600000f)) ERROR: BadParameter(0x80001005)
10-16 09:41:41.723 W/omx_vdec( 366): <__AwOmxVdecGetExtensionIndex:1737>: GetExtensionIndex OMX.google.android.index.describeColorFormat, err [0x80001001].
10-16 09:41:41.723 W/omx_vdec( 366): <__AwOmxVdecGetExtensionIndex:1737>: GetExtensionIndex OMX.google.android.index.describeColorFormat2, err [0x80001001].
10-16 09:41:41.723 E/omx_vdec( 366): : erro: pParamData->nIndex > m_sPortFormatType.nIndex
10-16 09:41:41.723 W/omx_vdec( 366): <__AwOmxVdecGetExtensionIndex:1737>: GetExtensionIndex OMX.google.android.index.describeColorFormat, err [0x80001001].
10-16 09:41:41.724 W/omx_vdec( 366): <__AwOmxVdecGetExtensionIndex:1737>: GetExtensionIndex OMX.google.android.index.describeColorFormat2, err [0x80001001].
10-16 09:41:41.724 E/omx_vdec( 366): : erro: pParamData->nIndex > m_sPortFormatType.nIndex
10-16 09:41:41.724 W/omx_vdec( 366): <__AwOmxVdecGetExtensionIndex:1737>: GetExtensionIndex OMX.google.android.index.describeColorFormat, err [0x80001001].
10-16 09:41:41.724 W/omx_vdec( 366): <__AwOmxVdecGetExtensionIndex:1737>: GetExtensionIndex OMX.google.android.index.describeColorFormat2, err [0x80001001].
10-16 09:41:41.724 E/omx_vdec( 366): : erro: pParamData->nIndex > m_sPortFormatType.nIndex
10-16 09:41:41.724 W/omx_vdec( 366): <__AwOmxVdecGetExtensionIndex:1737>: GetExtensionIndex OMX.google.android.index.describeColorFormat, err [0x80001001].
10-16 09:41:41.724 W/omx_vdec( 366): <__AwOmxVdecGetExtensionIndex:1737>: GetExtensionIndex OMX.google.android.index.describeColorFormat2, err [0x80001001].
10-16 09:41:41.724 E/omx_vdec( 366): : erro: pParamData->nIndex > m_sPortFormatType.nIndex
10-16 09:41:41.724 W/omx_vdec( 366): <__AwOmxVdecGetExtensionIndex:1737>: GetExtensionIndex OMX.google.android.index.describeColorFormat, err [0x80001001].
10-16 09:41:41.725 W/omx_vdec( 366): <__AwOmxVdecGetExtensionIndex:1737>: GetExtensionIndex OMX.google.android.index.describeColorFormat2, err [0x80001001].
10-16 09:41:41.725 E/omx_vdec( 366): : erro: pParamData->nIndex > m_sPortFormatType.nIndex
10-16 09:41:41.725 W/omx_vdec( 366): <__AwOmxVdecGetExtensionIndex:1737>: GetExtensionIndex OMX.google.android.index.describeColorFormat, err [0x80001001].
10-16 09:41:41.725 W/omx_vdec( 366): <__AwOmxVdecGetExtensionIndex:1737>: GetExtensionIndex OMX.google.android.index.describeColorFormat2, err [0x80001001].
10-16 09:41:41.725 E/omx_vdec( 366): : erro: pParamData->nIndex > m_sPortFormatType.nIndex
10-16 09:41:41.725 W/omx_vdec( 366): <__AwOmxVdecGetExtensionIndex:1737>: GetExtensionIndex OMX.google.android.index.describeColorFormat, err [0x80001001].
10-16 09:41:41.725 W/omx_vdec( 366): <__AwOmxVdecGetExtensionIndex:1737>: GetExtensionIndex OMX.google.android.index.describeColorFormat2, err [0x80001001].
10-16 09:41:41.725 E/omx_vdec( 366): : erro: pParamData->nIndex > m_sPortFormatType.nIndex
10-16 09:41:41.726 W/omx_vdec( 366): <__AwOmxVdecGetExtensionIndex:1737>: GetExtensionIndex OMX.google.android.index.describeColorFormat, err [0x80001001].
10-16 09:41:41.726 W/omx_vdec( 366): <__AwOmxVdecGetExtensionIndex:1737>: GetExtensionIndex OMX.google.android.index.describeColorFormat2, err [0x80001001].
10-16 09:41:41.726 E/omx_vdec( 366): : erro: pParamData->nIndex > m_sPortFormatType.nIndex
10-16 09:41:41.726 W/omx_vdec( 366): <__AwOmxVdecGetExtensionIndex:1737>: GetExtensionIndex OMX.google.android.index.describeColorFormat, err [0x80001001].
10-16 09:41:41.726 W/omx_vdec( 366): <__AwOmxVdecGetExtensionIndex:1737>: GetExtensionIndex OMX.google.android.index.describeColorFormat2, err [0x80001001].
10-16 09:41:41.726 E/omx_vdec( 366): : erro: pParamData->nIndex > m_sPortFormatType.nIndex
10-16 09:41:41.726 W/omx_vdec( 366): <__AwOmxVdecGetExtensionIndex:1737>: GetExtensionIndex OMX.google.android.index.describeColorFormat, err [0x80001001].
10-16 09:41:41.726 W/omx_vdec( 366): <__AwOmxVdecGetExtensionIndex:1737>: GetExtensionIndex OMX.google.android.index.describeColorFormat2, err [0x80001001].
10-16 09:41:41.726 E/omx_vdec( 366): : erro: pParamData->nIndex > m_sPortFormatType.nIndex
10-16 09:41:41.727 W/omx_vdec( 366): <__AwOmxVdecGetExtensionIndex:1737>: GetExtensionIndex OMX.google.android.index.describeColorFormat, err [0x80001001].
10-16 09:41:41.727 W/omx_vdec( 366): <__AwOmxVdecGetExtensionIndex:1737>: GetExtensionIndex OMX.google.android.index.describeColorFormat2, err [0x80001001].
10-16 09:41:41.727 E/omx_vdec( 366): : erro: pParamData->nIndex > m_sPortFormatType.nIndex
10-16 09:41:41.727 W/omx_vdec( 366): <__AwOmxVdecGetExtensionIndex:1737>: GetExtensionIndex OMX.google.android.index.describeColorFormat, err [0x80001001].
10-16 09:41:41.727 W/omx_vdec( 366): <__AwOmxVdecGetExtensionIndex:1737>: GetExtensionIndex OMX.google.android.index.describeColorFormat2, err [0x80001001].
10-16 09:41:41.727 E/omx_vdec( 366): : erro: pParamData->nIndex > m_sPortFormatType.nIndex
10-16 09:41:41.727 W/omx_vdec( 366): <__AwOmxVdecGetExtensionIndex:1737>: GetExtensionIndex OMX.google.android.index.describeColorFormat, err [0x80001001].
10-16 09:41:41.727 W/omx_vdec( 366): <__AwOmxVdecGetExtensionIndex:1737>: GetExtensionIndex OMX.google.android.index.describeColorFormat2, err [0x80001001].
10-16 09:41:41.727 E/omx_vdec( 366): : erro: pParamData->nIndex > m_sPortFormatType.nIndex
10-16 09:41:41.727 W/omx_vdec( 366): <__AwOmxVdecGetExtensionIndex:1737>: GetExtensionIndex OMX.google.android.index.describeColorFormat, err [0x80001001].
10-16 09:41:41.727 W/omx_vdec( 366): <__AwOmxVdecGetExtensionIndex:1737>: GetExtensionIndex OMX.google.android.index.describeColorFormat2, err [0x80001001].
10-16 09:41:41.728 E/omx_vdec( 366): : erro: pParamData->nIndex > m_sPortFormatType.nIndex
10-16 09:41:41.728 W/omx_vdec( 366): <__AwOmxVdecGetExtensionIndex:1737>: GetExtensionIndex OMX.google.android.index.describeColorFormat, err [0x80001001].
10-16 09:41:41.728 W/omx_vdec( 366): <__AwOmxVdecGetExtensionIndex:1737>: GetExtensionIndex OMX.google.android.index.describeColorFormat2, err [0x80001001].
10-16 09:41:41.728 E/omx_vdec( 366): : erro: pParamData->nIndex > m_sPortFormatType.nIndex
10-16 09:41:41.728 W/omx_vdec( 366): <__AwOmxVdecGetExtensionIndex:1737>: GetExtensionIndex OMX.google.android.index.describeColorFormat, err [0x80001001].
10-16 09:41:41.728 W/omx_vdec( 366): <__AwOmxVdecGetExtensionIndex:1737>: GetExtensionIndex OMX.google.android.index.describeColorFormat2, err [0x80001001].
10-16 09:41:41.728 E/droid.bluetoot( 733): [1016/094141.727910:ERROR:hal_version_manager.h(125)] HalVersionManager No supported HAL version
10-16 09:41:41.728 E/omx_vdec( 366): : erro: pParamData->nIndex > m_sPortFormatType.nIndex
10-16 09:41:41.728 W/omx_vdec( 366): <__AwOmxVdecGetExtensionIndex:1737>: GetExtensionIndex OMX.google.android.index.describeColorFormat, err [0x80001001].
10-16 09:41:41.728 W/omx_vdec( 366): <__AwOmxVdecGetExtensionIndex:1737>: GetExtensionIndex OMX.google.android.index.describeColorFormat2, err [0x80001001].
10-16 09:41:41.728 E/omx_vdec( 366): : erro: pParamData->nIndex > m_sPortFormatType.nIndex
10-16 09:41:41.729 W/omx_vdec( 366): <__AwOmxVdecGetExtensionIndex:1737>: GetExtensionIndex OMX.google.android.index.describeColorFormat, err [0x80001001].
10-16 09:41:41.729 W/omx_vdec( 366): <__AwOmxVdecGetExtensionIndex:1737>: GetExtensionIndex OMX.google.android.index.describeColorFormat2, err [0x80001001].
10-16 09:41:41.729 E/omx_vdec( 366): : erro: pParamData->nIndex > m_sPortFormatType.nIndex
10-16 09:41:41.729 W/omx_vdec( 366): <__AwOmxVdecGetExtensionIndex:1737>: GetExtensionIndex OMX.google.android.index.describeColorFormat, err [0x80001001].
10-16 09:41:41.729 W/omx_vdec( 366): <__AwOmxVdecGetExtensionIndex:1737>: GetExtensionIndex OMX.google.android.index.describeColorFormat2, err [0x80001001].
10-16 09:41:41.729 E/omx_vdec( 366): : erro: pParamData->nIndex > m_sPortFormatType.nIndex
10-16 09:41:41.729 W/omx_vdec( 366): <__AwOmxVdecGetExtensionIndex:1737>: GetExtensionIndex OMX.google.android.index.describeColorFormat, err [0x80001001].
10-16 09:41:41.729 W/omx_vdec( 366): <__AwOmxVdecGetExtensionIndex:1737>: GetExtensionIndex OMX.google.android.index.describeColorFormat2, err [0x80001001].
10-16 09:41:41.729 E/omx_vdec( 366): : erro: pParamData->nIndex > m_sPortFormatType.nIndex
10-16 09:41:41.729 W/omx_vdec( 366): <__AwOmxVdecGetExtensionIndex:1737>: GetExtensionIndex OMX.google.android.index.describeColorFormat, err [0x80001001].
10-16 09:41:41.729 W/omx_vdec( 366): <__AwOmxVdecGetExtensionIndex:1737>: GetExtensionIndex OMX.google.android.index.describeColorFormat2, err [0x80001001].
10-16 09:41:41.730 E/omx_vdec( 366): : erro: pParamData->nIndex > m_sPortFormatType.nIndex
10-16 09:41:41.730 W/omx_vdec( 366): <__AwOmxVdecGetExtensionIndex:1737>: GetExtensionIndex OMX.google.android.index.describeColorFormat, err [0x80001001].
10-16 09:41:41.730 W/omx_vdec( 366): <__AwOmxVdecGetExtensionIndex:1737>: GetExtensionIndex OMX.google.android.index.describeColorFormat2, err [0x80001001].
10-16 09:41:41.730 E/omx_vdec( 366): : erro: pParamData->nIndex > m_sPortFormatType.nIndex
10-16 09:41:41.730 W/omx_vdec( 366): <__AwOmxVdecGetExtensionIndex:1737>: GetExtensionIndex OMX.google.android.index.describeColorFormat, err [0x80001001].
10-16 09:41:41.730 W/omx_vdec( 366): <__AwOmxVdecGetExtensionIndex:1737>: GetExtensionIndex OMX.google.android.index.describeColorFormat2, err [0x80001001].
10-16 09:41:41.730 E/omx_vdec( 366): : erro: pParamData->nIndex > m_sPortFormatType.nIndex
10-16 09:41:41.730 W/omx_vdec( 366): <__AwOmxVdecGetExtensionIndex:1737>: GetExtensionIndex OMX.google.android.index.describeColorFormat, err [0x80001001].
10-16 09:41:41.731 W/omx_vdec( 366): <__AwOmxVdecGetExtensionIndex:1737>: GetExtensionIndex OMX.google.android.index.describeColorFormat2, err [0x80001001].
10-16 09:41:41.731 E/omx_vdec( 366): : erro: pParamData->nIndex > m_sPortFormatType.nIndex
10-16 09:41:41.731 W/omx_vdec( 366): <__AwOmxVdecGetExtensionIndex:1737>: GetExtensionIndex OMX.google.android.index.describeColorFormat, err [0x80001001].
10-16 09:41:41.731 W/omx_vdec( 366): <__AwOmxVdecGetExtensionIndex:1737>: GetExtensionIndex OMX.google.android.index.describeColorFormat2, err [0x80001001].
10-16 09:41:41.731 E/omx_vdec( 366): : erro: pParamData->nIndex > m_sPortFormatType.nIndex
10-16 09:41:41.731 W/omx_vdec( 366): <__AwOmxVdecGetExtensionIndex:1737>: GetExtensionIndex OMX.google.android.index.describeColorFormat, err [0x80001001].
10-16 09:41:41.731 W/omx_vdec( 366): <__AwOmxVdecGetExtensionIndex:1737>: GetExtensionIndex OMX.google.android.index.describeColorFormat2, err [0x80001001].
10-16 09:41:41.731 E/omx_vdec( 366): : erro: pParamData->nIndex > m_sPortFormatType.nIndex
10-16 09:41:41.731 W/omx_vdec( 366): <__AwOmxVdecGetExtensionIndex:1737>: GetExtensionIndex OMX.google.android.index.describeColorFormat, err [0x80001001].
10-16 09:41:41.732 W/omx_vdec( 366): <__AwOmxVdecGetExtensionIndex:1737>: GetExtensionIndex OMX.google.android.index.describeColorFormat2, err [0x80001001].
10-16 09:41:41.732 E/omx_vdec( 366): : erro: pParamData->nIndex > m_sPortFormatType.nIndex
10-16 09:41:41.732 W/omx_vdec( 366): <__AwOmxVdecGetExtensionIndex:1737>: GetExtensionIndex OMX.google.android.index.describeColorFormat, err [0x80001001].
10-16 09:41:41.732 W/omx_vdec( 366): <__AwOmxVdecGetExtensionIndex:1737>: GetExtensionIndex OMX.google.android.index.describeColorFormat2, err [0x80001001].
10-16 09:41:41.732 E/omx_vdec( 366): : erro: pParamData->nIndex > m_sPortFormatType.nIndex
10-16 09:41:41.732 W/omx_vdec( 366): <__AwOmxVdecGetExtensionIndex:1737>: GetExtensionIndex OMX.google.android.index.describeColorFormat, err [0x80001001].
10-16 09:41:41.732 W/omx_vdec( 366): <__AwOmxVdecGetExtensionIndex:1737>: GetExtensionIndex OMX.google.android.index.describeColorFormat2, err [0x80001001].
10-16 09:41:41.732 E/omx_vdec( 366): : erro: pParamData->nIndex > m_sPortFormatType.nIndex
10-16 09:41:41.732 W/omx_vdec( 366): <__AwOmxVdecGetExtensionIndex:1737>: GetExtensionIndex OMX.google.android.index.describeColorFormat, err [0x80001001].
10-16 09:41:41.732 W/omx_vdec( 366): <__AwOmxVdecGetExtensionIndex:1737>: GetExtensionIndex OMX.google.android.index.describeColorFormat2, err [0x80001001].
10-16 09:41:41.733 I/droid.bluetoot( 733): [1016/094141.733626:INFO:btif_config_cache.cc(61)] BtifConfigCache, capacity: 10000
10-16 09:41:41.736 I/WCN ( 33): marlin_write_cali_data sync init_state:0x0
10-16 09:41:41.734 E/omx_vdec( 366): : erro: pParamData->nIndex > m_sPortFormatType.nIndex
10-16 09:41:41.734 W/omx_vdec( 366): <__AwOmxVdecGetExtensionIndex:1737>: GetExtensionIndex OMX.google.android.index.describeColorFormat, err [0x80001001].
10-16 09:41:41.734 W/omx_vdec( 366): <__AwOmxVdecGetExtensionIndex:1737>: GetExtensionIndex OMX.google.android.index.describeColorFormat2, err [0x80001001].
10-16 09:41:41.734 E/omx_vdec( 366): : erro: pParamData->nIndex > m_sPortFormatType.nIndex
10-16 09:41:41.735 W/omx_vdec( 366): <__AwOmxVdecGetExtensionIndex:1737>: GetExtensionIndex OMX.google.android.index.describeColorFormat, err [0x80001001].
10-16 09:41:41.735 W/omx_vdec( 366): <__AwOmxVdecGetExtensionIndex:1737>: GetExtensionIndex OMX.google.android.index.describeColorFormat2, err [0x80001001].
10-16 09:41:41.735 E/omx_vdec( 366): : erro: pParamData->nIndex > m_sPortFormatType.nIndex
10-16 09:41:41.735 W/omx_vdec( 366): <__AwOmxVdecGetExtensionIndex:1737>: GetExtensionIndex OMX.google.android.index.describeColorFormat, err [0x80001001].
10-16 09:41:41.735 W/omx_vdec( 366): <__AwOmxVdecGetExtensionIndex:1737>: GetExtensionIndex OMX.google.android.index.describeColorFormat2, err [0x80001001].
10-16 09:41:41.735 W/ACodec ( 355): [OMX.allwinner.video.decoder.vp8] stopping checking formats after 32: COLOR_FormatYUV420Planar(13)
10-16 09:41:41.736 W/omx_vdec( 366): <__AwOmxVdecGetExtensionIndex:1737>: GetExtensionIndex OMX.google.android.index.configureVideoTunnelMode, err [0x80001001].
10-16 09:41:41.736 E/OMXNodeInstance( 366): getExtensionIndex(0xf4de1000:allwinner.decoder.vp8, OMX.google.android.index.configureVideoTunnelMode) ERROR: Undefined(0x80001001)
10-16 09:41:41.736 D/MediaCodecInfo( 355): detail feature-tunneled-playback wasn't present to remove
10-16 09:41:41.736 W/omx_vdec( 366): <__AwOmxVdecGetExtensionIndex:1737>: GetExtensionIndex OMX.google.android.index.storeANWBufferInMetadata, err [0x80001001].
10-16 09:41:41.736 W/omx_vdec_aw( 366): <__anSetExtPara:3011>: Setparameter: unknown param 2131755011
10-16 09:41:41.736 W/OMXNodeInstance( 366): [0xf4de1000:allwinner.decoder.vp8] component does not support metadata mode; using fallback
10-16 09:41:41.736 W/libc ( 366): invalid pthread_t (0) passed to pthread_join
10-16 09:41:41.736 W/libc ( 366): invalid pthread_t (0) passed to pthread_join
10-16 09:41:41.737 W/libc ( 366): invalid pthread_t (0) passed to pthread_join
10-16 09:41:41.738 I/OMXClient( 355): IOmx service obtained
10-16 09:41:41.739 I/OMXStore( 366): makeComponentInstance(OMX.allwinner.video.decoder.vp9) in android.hardwar process
10-16 09:41:41.740 I/omx_vdec_aw( 366): : OmxDecoderCreate.
10-16 09:41:41.741 W/omx_vdec( 366): <__AwOmxVdecSetParameter:1561>: Set Parameter called in valid state
10-16 09:41:41.741 W/omx_vdec( 366): : OMX_IndexParamVideoProfileLevelQuerySupported, Format[0xa] not support
10-16 09:41:41.741 E/OMXNodeInstance( 366): getParameter(0xf4de1000:allwinner.decoder.vp9, ParamVideoProfileLevelQuerySupported(0x600000f)) ERROR: BadParameter(0x80001005)
10-16 09:41:41.741 W/omx_vdec( 366): <__AwOmxVdecGetExtensionIndex:1737>: GetExtensionIndex OMX.google.android.index.describeColorFormat, err [0x80001001].
10-16 09:41:41.741 W/omx_vdec( 366): <__AwOmxVdecGetExtensionIndex:1737>: GetExtensionIndex OMX.google.android.index.describeColorFormat2, err [0x80001001].
10-16 09:41:41.741 E/omx_vdec( 366): : erro: pParamData->nIndex > m_sPortFormatType.nIndex
10-16 09:41:41.741 W/omx_vdec( 366): <__AwOmxVdecGetExtensionIndex:1737>: GetExtensionIndex OMX.google.android.index.describeColorFormat, err [0x80001001].
10-16 09:41:41.741 W/omx_vdec( 366): <__AwOmxVdecGetExtensionIndex:1737>: GetExtensionIndex OMX.google.android.index.describeColorFormat2, err [0x80001001].
10-16 09:41:41.742 E/omx_vdec( 366): : erro: pParamData->nIndex > m_sPortFormatType.nIndex
10-16 09:41:41.742 W/omx_vdec( 366): <__AwOmxVdecGetExtensionIndex:1737>: GetExtensionIndex OMX.google.android.index.describeColorFormat, err [0x80001001].
10-16 09:41:41.742 W/omx_vdec( 366): <__AwOmxVdecGetExtensionIndex:1737>: GetExtensionIndex OMX.google.android.index.describeColorFormat2, err [0x80001001].
10-16 09:41:41.742 E/omx_vdec( 366): : erro: pParamData->nIndex > m_sPortFormatType.nIndex
10-16 09:41:41.742 W/omx_vdec( 366): <__AwOmxVdecGetExtensionIndex:1737>: GetExtensionIndex OMX.google.android.index.describeColorFormat, err [0x80001001].
10-16 09:41:41.742 W/omx_vdec( 366): <__AwOmxVdecGetExtensionIndex:1737>: GetExtensionIndex OMX.google.android.index.describeColorFormat2, err [0x80001001].
10-16 09:41:41.742 E/omx_vdec( 366): : erro: pParamData->nIndex > m_sPortFormatType.nIndex
10-16 09:41:41.742 W/omx_vdec( 366): <__AwOmxVdecGetExtensionIndex:1737>: GetExtensionIndex OMX.google.android.index.describeColorFormat, err [0x80001001].
10-16 09:41:41.743 W/omx_vdec( 366): <__AwOmxVdecGetExtensionIndex:1737>: GetExtensionIndex OMX.google.android.index.describeColorFormat2, err [0x80001001].
10-16 09:41:41.743 E/omx_vdec( 366): : erro: pParamData->nIndex > m_sPortFormatType.nIndex
10-16 09:41:41.743 W/omx_vdec( 366): <__AwOmxVdecGetExtensionIndex:1737>: GetExtensionIndex OMX.google.android.index.describeColorFormat, err [0x80001001].
10-16 09:41:41.743 W/omx_vdec( 366): <__AwOmxVdecGetExtensionIndex:1737>: GetExtensionIndex OMX.google.android.index.describeColorFormat2, err [0x80001001].
10-16 09:41:41.743 E/omx_vdec( 366): : erro: pParamData->nIndex > m_sPortFormatType.nIndex
10-16 09:41:41.743 W/omx_vdec( 366): <__AwOmxVdecGetExtensionIndex:1737>: GetExtensionIndex OMX.google.android.index.describeColorFormat, err [0x80001001].
10-16 09:41:41.743 W/omx_vdec( 366): <__AwOmxVdecGetExtensionIndex:1737>: GetExtensionIndex OMX.google.android.index.describeColorFormat2, err [0x80001001].
10-16 09:41:41.743 E/omx_vdec( 366): : erro: pParamData->nIndex > m_sPortFormatType.nIndex
10-16 09:41:41.743 W/omx_vdec( 366): <__AwOmxVdecGetExtensionIndex:1737>: GetExtensionIndex OMX.google.android.index.describeColorFormat, err [0x80001001].
10-16 09:41:41.743 W/omx_vdec( 366): <__AwOmxVdecGetExtensionIndex:1737>: GetExtensionIndex OMX.google.android.index.describeColorFormat2, err [0x80001001].
10-16 09:41:41.744 E/omx_vdec( 366): : erro: pParamData->nIndex > m_sPortFormatType.nIndex
10-16 09:41:41.750 W/omx_vdec( 366): <__AwOmxVdecGetExtensionIndex:1737>: GetExtensionIndex OMX.google.android.index.describeColorFormat, err [0x80001001].
10-16 09:41:41.752 W/omx_vdec( 366): <__AwOmxVdecGetExtensionIndex:1737>: GetExtensionIndex OMX.google.android.index.describeColorFormat2, err [0x80001001].
10-16 09:41:41.752 E/omx_vdec( 366): : erro: pParamData->nIndex > m_sPortFormatType.nIndex
10-16 09:41:41.752 W/omx_vdec( 366): <__AwOmxVdecGetExtensionIndex:1737>: GetExtensionIndex OMX.google.android.index.describeColorFormat, err [0x80001001].
10-16 09:41:41.752 W/omx_vdec( 366): <__AwOmxVdecGetExtensionIndex:1737>: GetExtensionIndex OMX.google.android.index.describeColorFormat2, err [0x80001001].
10-16 09:41:41.752 E/omx_vdec( 366): : erro: pParamData->nIndex > m_sPortFormatType.nIndex
10-16 09:41:41.753 W/omx_vdec( 366): <__AwOmxVdecGetExtensionIndex:1737>: GetExtensionIndex OMX.google.android.index.describeColorFormat, err [0x80001001].
10-16 09:41:41.753 W/omx_vdec( 366): <__AwOmxVdecGetExtensionIndex:1737>: GetExtensionIndex OMX.google.android.index.describeColorFormat2, err [0x80001001].
10-16 09:41:41.755 E/omx_vdec( 366): : erro: pParamData->nIndex > m_sPortFormatType.nIndex
10-16 09:41:41.756 W/omx_vdec( 366): <__AwOmxVdecGetExtensionIndex:1737>: GetExtensionIndex OMX.google.android.index.describeColorFormat, err [0x80001001].
10-16 09:41:41.757 W/omx_vdec( 366): <__AwOmxVdecGetExtensionIndex:1737>: GetExtensionIndex OMX.google.android.index.describeColorFormat2, err [0x80001001].
10-16 09:41:41.758 E/omx_vdec( 366): : erro: pParamData->nIndex > m_sPortFormatType.nIndex
10-16 09:41:41.758 W/omx_vdec( 366): <__AwOmxVdecGetExtensionIndex:1737>: GetExtensionIndex OMX.google.android.index.describeColorFormat, err [0x80001001].
10-16 09:41:41.760 W/omx_vdec( 366): <__AwOmxVdecGetExtensionIndex:1737>: GetExtensionIndex OMX.google.android.index.describeColorFormat2, err [0x80001001].
10-16 09:41:41.761 E/omx_vdec( 366): : erro: pParamData->nIndex > m_sPortFormatType.nIndex
10-16 09:41:41.761 W/omx_vdec( 366): <__AwOmxVdecGetExtensionIndex:1737>: GetExtensionIndex OMX.google.android.index.describeColorFormat, err [0x80001001].
10-16 09:41:41.761 W/omx_vdec( 366): <__AwOmxVdecGetExtensionIndex:1737>: GetExtensionIndex OMX.google.android.index.describeColorFormat2, err [0x80001001].
10-16 09:41:41.761 E/omx_vdec( 366): : erro: pParamData->nIndex > m_sPortFormatType.nIndex
10-16 09:41:41.762 W/omx_vdec( 366): <__AwOmxVdecGetExtensionIndex:1737>: GetExtensionIndex OMX.google.android.index.describeColorFormat, err [0x80001001].
10-16 09:41:41.762 W/omx_vdec( 366): <__AwOmxVdecGetExtensionIndex:1737>: GetExtensionIndex OMX.google.android.index.describeColorFormat2, err [0x80001001].
10-16 09:41:41.764 I/WCN ( 33): marlin_write_cali_data sync init_state:0xf0f0f0f1
10-16 09:41:41.764 I/WCN ( 33): sdio_config bt_wake_host trigger:[high]
10-16 09:41:41.764 I/WCN ( 33): sdio_config irq:[inband]
10-16 09:41:41.764 I/WCN ( 33): sdio_config wake_host_level_duration_time:[20ms]
10-16 09:41:41.764 I/WCN ( 33): sdio_config wake_host_data_separation:[bt/wifi reuse]
10-16 09:41:41.764 I/WCN ( 33): marlin_send_sdio_config_to_cp sdio_config:0x80f01 (enable config)
10-16 09:41:41.764 I/WCN ( 33): marlin_write_cali_data finish
10-16 09:41:41.764 I/WCN ( 33): check_cp_ready sync val:0xf0f0f0f2, prj_type val:0xe0e0e0e0
