10-16 15:07:03.437 W/audio_route( 247): Control 'LEFT ADC input Mixer MIC1 boost Switch' doesn't exist - skipping
10-16 15:07:03.437 W/audio_route( 247): Control 'ADCL Mux' doesn't exist - skipping
10-16 15:07:03.437 W/audio_route( 247): Control 'AIF2 ADL Mixer ADCL Switch' doesn't exist - skipping
10-16 15:07:03.437 W/audio_route( 247): Control 'AIF2OUTL Mux' doesn't exist - skipping
10-16 15:07:03.437 W/audio_route( 247): Control 'AIF2INL Mux' doesn't exist - skipping
10-16 15:07:03.437 W/audio_route( 247): Control 'AIF2INL Mux switch aif2inl aif2Switch' doesn't exist - skipping
10-16 15:07:03.437 W/audio_route( 247): Control 'DACL Mixer AIF2DACL Switch' doesn't exist - skipping
10-16 15:07:03.437 W/audio_route( 247): Control 'EAR Mux' doesn't exist - skipping
10-16 15:07:03.437 W/audio_route( 247): Control 'Earpiece Switch' doesn't exist - skipping
10-16 15:07:03.437 W/audio_route( 247): Control 'AIF1 AD0L Mixer ADCL Switch' doesn't exist - skipping
10-16 15:07:03.437 W/audio_route( 247): Control 'AIF1 AD0L Mixer AIF2 DACL Switch' doesn't exist - skipping
10-16 15:07:03.437 W/audio_route( 247): Control 'AIF1OUT0L Mux' doesn't exist - skipping
10-16 15:07:03.437 W/audio_route( 247): Control 'AIF1 AD0L Mixer ADCL Switch' doesn't exist - skipping
10-16 15:07:03.437 W/audio_route( 247): Control 'AIF1 AD0L Mixer AIF2 DACL Switch' doesn't exist - skipping
10-16 15:07:03.437 W/audio_route( 247): Control 'AIF1OUT0L Mux' doesn't exist - skipping
10-16 15:07:03.437 W/audio_route( 247): Control 'AIF1 AD0L Mixer AIF2 DACL Switch' doesn't exist - skipping
10-16 15:07:03.437 W/audio_route( 247): Control 'AIF1 AD0L Mixer AIF2 DACR Switch' doesn't exist - skipping
10-16 15:07:03.437 W/audio_route( 247): Control 'AIF1OUT0L Mux' doesn't exist - skipping
10-16 15:07:03.438 W/audio_route( 247): Control 'Line Out Mixer MIC1 boost Switch' doesn't exist - skipping
10-16 15:07:03.438 W/audio_route( 247): Control 'MIC2 SRC' doesn't exist - skipping
10-16 15:07:03.438 W/audio_route( 247): Control 'Line Out Mixer MIC2 boost Switch' doesn't exist - skipping
10-16 15:07:03.438 W/audio_route( 247): Control 'Left Output Mixer LINEINL-LINEINR Switch' doesn't exist - skipping
10-16 15:07:03.438 W/audio_route( 247): Control 'Right Output Mixer LINEINL-LINEINR Switch' doesn't exist - skipping
10-16 15:07:03.438 W/audio_route( 247): Control 'EAR Mux' doesn't exist - skipping
10-16 15:07:03.438 W/audio_route( 247): Control 'External Speaker Switch' doesn't exist - skipping
10-16 15:07:03.438 W/audio_route( 247): Control 'Headphone Switch' doesn't exist - skipping
10-16 15:07:03.438 W/audio_route( 247): Control 'Headphone Switch' doesn't exist - skipping
10-16 15:07:03.438 W/audio_route( 247): Control 'Earpiece Switch' doesn't exist - skipping
10-16 15:07:03.438 W/audio_route( 247): Control 'LEFT ADC input Mixer LININL-R Switch' doesn't exist - skipping
10-16 15:07:03.438 W/audio_route( 247): Control 'ADCL Mux' doesn't exist - skipping
10-16 15:07:03.438 W/audio_route( 247): Control 'AIF2 ADL Mixer ADCL Switch' doesn't exist - skipping
10-16 15:07:03.438 W/audio_route( 247): Control 'AIF3OUT Mux' doesn't exist - skipping
10-16 15:07:03.438 W/audio_route( 247): Control 'AIF2INL Mux switch aif2inl aif2Switch' doesn't exist - skipping
10-16 15:07:03.438 W/audio_route( 247): Control 'AIF2INR Mux VIR switch aif2inr aif3Switch' doesn't exist - skipping
10-16 15:07:03.438 W/audio_route( 247): Control 'DACR Mixer AIF2DACR Switch' doesn't exist - skipping
10-16 15:07:03.438 W/audio_route( 247): Control 'Right Output Mixer DACR Switch' doesn't exist - skipping
10-16 15:07:03.438 W/audio_route( 247): Control 'Line Out Mixer Right Output mixer Switch' doesn't exist - skipping
10-16 15:07:03.438 W/audio_route( 247): Control 'AIF1OUT0L Mux' doesn't exist - skipping
10-16 15:07:03.438 W/audio_route( 247): Control 'AIF1 AD0L Mixer ADCL Switch' doesn't exist - skipping
10-16 15:07:03.438 W/audio_route( 247): Control 'ADCL Mux' doesn't exist - skipping
10-16 15:07:03.438 W/audio_route( 247): Control 'LEFT ADC input Mixer MIC1 boost Switch' doesn't exist - skipping
10-16 15:07:03.438 W/audio_route( 247): Control 'LEFT ADC input Mixer LININL-R Switch' doesn't exist - skipping
10-16 15:07:03.438 W/audio_route( 247): Control 'AIF1OUT0L Mux' doesn't exist - skipping
10-16 15:07:03.438 W/audio_route( 247): Control 'AIF1 AD0L Mixer ADCL Switch' doesn't exist - skipping
10-16 15:07:03.438 W/audio_route( 247): Control 'ADCL Mux' doesn't exist - skipping
10-16 15:07:03.438 W/audio_route( 247): Control 'LEFT ADC input Mixer MIC2 boost Switch' doesn't exist - skipping
10-16 15:07:03.438 W/audio_route( 247): Control 'LEFT ADC input Mixer LININL-R Switch' doesn't exist - skipping
10-16 15:07:03.438 W/audio_route( 247): Control 'AIF1OUT0L Mux' doesn't exist - skipping
10-16 15:07:03.438 W/audio_route( 247): Control 'AIF1 AD0L Mixer ADCL Switch' doesn't exist - skipping
10-16 15:07:03.438 W/audio_route( 247): Control 'AIF1 AD0L Mixer AIF2 DACR Switch' doesn't exist - skipping
10-16 15:07:03.438 W/audio_route( 247): Control 'AIF1IN0L Mux' doesn't exist - skipping
10-16 15:07:03.438 W/audio_route( 247): Control 'AIF2 ADL Mixer AIF1 DA0L Switch' doesn't exist - skipping
10-16 15:07:03.438 W/audio_route( 247): Control 'AIF2 ADL Mixer AIF1 DA0L Switch' doesn't exist - skipping
10-16 15:07:03.439 W/audio_route( 247): Control 'AIF3OUT Mux' doesn't exist - skipping
10-16 15:07:03.439 W/audio_route( 247): Control 'AIF2INR Mux switch aif2inr aif2Switch' doesn't exist - skipping
10-16 15:07:03.439 W/audio_route( 247): Control 'AIF2INR Mux VIR switch aif2inr aif3Switch' doesn't exist - skipping
10-16 15:07:03.439 W/audio_route( 247): Control 'AIF1 AD0L Mixer AIF2 DACR Switch' doesn't exist - skipping
10-16 15:07:03.439 W/audio_route( 247): Control 'AIF1OUT0L Mux' doesn't exist - skipping
10-16 15:07:03.439 W/audio_route( 247): Control 'AC DACR mixer I2S_DACDATR Switch' doesn't exist - skipping
10-16 15:07:03.439 W/audio_route( 247): Control 'AC DACL mixer I2S_DACDATL Switch' doesn't exist - skipping
10-16 15:07:03.439 W/audio_route( 247): Control 'Right Output Mixer DACR Switch' doesn't exist - skipping
10-16 15:07:03.439 W/audio_route( 247): Control 'Left Output Mixer DACL Switch' doesn't exist - skipping
10-16 15:07:03.439 W/audio_route( 247): Control 'External Speaker Switch' doesn't exist - skipping
10-16 15:07:03.439 D/audio_route( 247): Apply path: media-speaker-headphones
10-16 15:07:03.439 D/audio_route( 247): Apply path: media-headset-mic
10-16 15:07:03.440 V/audio_hw_primary( 247): adev_get_master_volume, line: 3587
10-16 15:07:03.441 V/audio_hw_primary( 247): adev_set_master_volume, line: 3579
10-16 15:07:03.441 I/AudioFlinger( 269): loadHwModule() Loaded primary audio interface, handle 10
10-16 15:07:03.444 D/multiir ( 354): uevent listen start
10-16 15:07:03.445 I/AudioFlinger( 269): openOutput() this 0xf6c9c000, module 10 Device type:0x2,@:, SamplingRate 48000, Format 0x000001, Channels 0x3, flags 0x2
10-16 15:07:03.446 D/audio_hw_primary( 247): adev_open_output_stream
10-16 15:07:03.446 V/audio_hw_primary( 247): adev_open_output_stream, flags: 2
10-16 15:07:03.446 V/audio_hw_primary( 247): +++++++++++++++ adev_open_output_stream: req_sample_rate: 44100, fmt: 1, channel_count: 3
10-16 15:07:03.448 I/AudioFlinger( 269): HAL output buffer size 960 frames, normal sink buffer size 960 frames
10-16 15:07:03.500 I/BufferProvider( 269): found effect "Multichannel Downmix To Stereo" from The Android Open Source Project
10-16 15:07:03.501 D/AudioFlinger( 269): Failed to add event callback
10-16 15:07:03.502 I/AudioFlinger( 269): AudioFlinger's thread 0xf6992ac0 tid=440 ready to run
10-16 15:07:03.503 W/AudioFlinger( 269): no wake lock to update, system not ready yet
10-16 15:07:03.503 D/AudioFlinger( 269): ro.audio.silent is ignored since no output device is set
10-16 15:07:03.503 D/audio_hw_primary( 247): out_standby
10-16 15:07:03.505 W/AudioFlinger( 269): no wake lock to update, system not ready yet
10-16 15:07:03.505 D/AudioFlinger( 269): ro.audio.silent is ignored since no output device is set
10-16 15:07:03.506 V/APM_AudioPolicyManager( 269): checkAndSetVolume cannot set volume group 3 volume when isn ot requested for comm
10-16 15:07:03.512 W/AudioFlinger( 269): moveEffects() bad srcOutput 0
10-16 15:07:03.512 V/APM_AudioPolicyManager( 269): selectOutputForMusicEffects selected output 13
10-16 15:07:03.512 V/APM_AudioPolicyManager( 269): setOutputDevices device {type:0x2,@:} delayMs 0
10-16 15:07:03.512 V/APM_AudioPolicyManager( 269): setOutputDevices() prevDevice {type:0x2,@:}
10-16 15:07:03.513 V/APM_AudioPolicyManager( 269): setOutputDevices changing device to {type:0x2,@:}
10-16 15:07:03.515 D/multiir ( 354): find target device, path=/dev/input/event0
10-16 15:07:03.517 D/multiir ( 354): MultiirService create
10-16 15:07:03.518 E/SELinux ( 179): avc: denied { add } for pid=354 uid=0 name=softwinner.multi_ir scontext=u:r:multi_ir:s0 tcontext=u:object_r:default_android_service:s0 tclass=service_manager permissive=1
10-16 15:07:03.535 V/audio_hw_primary( 247): adev_create_audio_patch num_sources: 1, num_sinks: 1
10-16 15:07:03.535 V/audio_hw_primary( 247): playback device: 2
10-16 15:07:03.536 V/APM_AudioPolicyManager( 269): setOutputDevices() AF::createAudioPatch returned 0 patchHandle 12 num_sources 1 num_sinks 1
10-16 15:07:03.538 V/APM_AudioPolicyManager( 269): checkAndSetVolume cannot set volume group 3 volume when isn ot requested for comm
10-16 15:07:03.540 I/AudioFlinger( 269): openOutput() this 0xf6c9c000, module 10 Device type:0x2,@:, SamplingRate 32000, Format 0x000003, Channels 0x3, flags 0x1
10-16 15:07:03.541 D/audio_hw_primary( 247): adev_open_output_stream
10-16 15:07:03.541 V/audio_hw_primary( 247): adev_open_output_stream, flags: 1
10-16 15:07:03.541 D/audio_hw_primary( 247): config format 0x3 raw_flag 1
10-16 15:07:03.541 V/audio_hw_primary( 247): +++++++++++++++ adev_open_output_stream: req_sample_rate: 32000, fmt: 3, channel_count: 3
10-16 15:07:03.542 I/AudioFlinger( 269): HAL output buffer size 2048 frames, normal sink buffer size 2048 frames
10-16 15:07:03.543 D/AudioFlinger( 269): Failed to add event callback
10-16 15:07:03.547 I/AudioFlinger( 269): AudioFlinger's thread 0xf6b57380 tid=444 ready to run
10-16 15:07:03.549 W/AudioFlinger( 269): no wake lock to update, system not ready yet
10-16 15:07:03.549 D/AudioFlinger( 269): ro.audio.silent is ignored since no output device is set
10-16 15:07:03.550 V/audio_hw_primary( 247): out_set_parameters: closing=true
10-16 15:07:03.550 D/audio_hw_primary( 247): out_standby
10-16 15:07:03.552 V/audio_hw_primary( 247): out_set_parameters: exiting=1
10-16 15:07:03.552 E/AudioFlinger( 269): Error when setting parameters on exit: -61
10-16 15:07:03.553 W/AudioFlinger( 269): no wake lock to update, system not ready yet
10-16 15:07:03.553 D/AudioFlinger( 269): ro.audio.silent is ignored since no output device is set
10-16 15:07:03.553 D/audio_hw_primary( 247): out_standby
10-16 15:07:03.554 W/APM_AudioPolicyManager( 269): Input profile contains no device on module primary
10-16 15:07:03.554 W/APM_AudioPolicyManager( 269): Input profile contains no device on module primary
10-16 15:07:03.558 D/xm_audio( 247): -->adev_open, name=audio_hw_if, socketthread_running=false, pth_listen=0
10-16 15:07:03.559 I/AudioFlinger( 269): loadHwModule() Loaded xm_hidraw audio interface, handle 18
10-16 15:07:03.560 D/xm_audio( 247): -->adev_open_input_stream
10-16 15:07:03.560 D/xm_audio( 247): -->adev_open_input_stream, config->sample_rate=16000
10-16 15:07:03.560 D/xm_audio( 247): -->adev_open_input_stream exit
10-16 15:07:03.560 I/xm_audio( 247): in_get_sample_rate
10-16 15:07:03.561 I/xm_audio( 247): in_get_channels
10-16 15:07:03.562 I/xm_audio( 247): in_get_sample_rate
10-16 15:07:03.563 I/xm_audio( 247): in_get_channels
10-16 15:07:03.563 I/xm_audio( 247): in_get_channels
10-16 15:07:03.563 I/xm_audio( 247): in_get_buffer_size
10-16 15:07:03.563 I/xm_audio( 247): in_get_buffer_size: fsize=512.000000, size=512
10-16 15:07:03.564 I/xm_audio( 247): in_get_buffer_size
10-16 15:07:03.564 I/xm_audio( 247): in_get_buffer_size: fsize=512.000000, size=512
10-16 15:07:03.564 I/xm_audio( 247): in_get_sample_rate
10-16 15:07:03.564 I/xm_audio( 247): in_get_channels
10-16 15:07:03.567 D/xm_audio( 247): socket_thread start
10-16 15:07:03.569 D/xm_audio( 247): create socket g_is_running4
10-16 15:07:03.569 D/xm_audio( 247): create socket g_is_running5
10-16 15:07:03.569 E/xm_audio( 247): so socket connect suc
10-16 15:07:03.569 D/XM_HIDREAD( 318): Client connected.
10-16 15:07:03.569 D/XM_HIDREAD( 318): accept before.
10-16 15:07:03.569 I/AudioFlinger( 269): AudioFlinger's thread 0xf6923e80 tid=447 ready to run
10-16 15:07:03.570 D/xm_audio( 247): -->adev_close_input_stream
10-16 15:07:03.570 D/xm_audio( 247): -->adev_close_input_stream ready free stream.
10-16 15:07:03.570 D/xm_audio( 247): -->adev_close_input_stream free stream finish.
10-16 15:07:03.571 D/xm_audio( 247): data_thread start
10-16 15:07:03.572 D/XM_HIDREAD( 318): handle_client start.
10-16 15:07:03.623 I/bt_a2dp_hw( 269): system/bt/audio_a2dp_hw/src/audio_a2dp_hw.cc:1893 adev_open: adev_open: adev_open in A2dp_hw module
10-16 15:07:03.624 I/AudioFlinger( 269): loadHwModule() Loaded a2dp audio interface, handle 26
10-16 15:07:03.624 V/APM_AudioPolicyManager( 269): onNewAudioModulesAvailableInt: Input device list is empty! for profile a2dp input
10-16 15:07:03.640 I/r_submix( 247): adev_open(name=audio_hw_if)
10-16 15:07:03.644 I/r_submix( 247): adev_init_check()
10-16 15:07:03.644 I/AudioFlinger( 269): loadHwModule() Loaded r_submix audio interface, handle 34
10-16 15:07:03.647 D/r_submix( 247): adev_open_input_stream(addr=0)
10-16 15:07:03.647 D/r_submix( 247): submix_audio_device_create_pipe_l(addr=0, idx=9)
10-16 15:07:03.647 D/r_submix( 247): now using address 0 for route 9
10-16 15:07:03.660 I/AudioFlinger( 269): AudioFlinger's thread 0xf665ce00 tid=454 ready to run
10-16 15:07:03.660 I/r_submix( 247): in_standby()
10-16 15:07:03.664 W/AudioFlinger( 269): no wake lock to update, system not ready yet
10-16 15:07:03.664 I/r_submix( 247): in_standby()
10-16 15:07:03.665 W/AudioFlinger( 269): no wake lock to update, system not ready yet
10-16 15:07:03.665 D/r_submix( 247): adev_close_input_stream()
10-16 15:07:03.665 D/r_submix( 247): submix_audio_device_release_pipe_l(idx=9) addr=0
10-16 15:07:03.665 D/r_submix( 247): submix_audio_device_destroy_pipe_l(): pipe destroyed
10-16 15:07:03.673 D/audio_so_hv_309( 247): creat hbg mic rcv thread
10-16 15:07:03.673 D/audio_so_hv_309( 247): 0208creat rcv thread!
10-16 15:07:03.673 I/BLEAudioDrive_HV410( 247): hbg_init enter
10-16 15:07:03.673 I/BLEAudioDrive_HV410( 247): hbg_chengshi_android12
10-16 15:07:03.674 I/BLEAudioDrive_HV410( 247): hbg_init exit
10-16 15:07:03.668 I/HwBinder:247_3( 247): type=1400 audit(0.0:293): avc: denied { write } for name="HBG" dev="mmcblk0p25" ino=217 scontext=u:r:hal_audio_default:s0 tcontext=u:object_r:vendor_data_file:s0 tclass=dir permissive=1
10-16 15:07:03.668 I/HwBinder:247_3( 247): type=1400 audit(0.0:294): avc: denied { remove_name } for name="ble" dev="mmcblk0p25" ino=5432 scontext=u:r:hal_audio_default:s0 tcontext=u:object_r:vendor_data_file:s0 tclass=dir permissive=1
10-16 15:07:03.676 I/BLEAudioDrive_HV410( 247): CONFIG_PRODUCT 10: PRODUCT_ID
10-16 15:07:03.668 I/HwBinder:247_3( 247): type=1400 audit(0.0:295): avc: denied { unlink } for name="ble" dev="mmcblk0p25" ino=5432 scontext=u:r:hal_audio_default:s0 tcontext=u:object_r:vendor_data_file:s0 tclass=file permissive=1
10-16 15:07:03.672 I/HwBinder:247_3( 247): type=1400 audit(0.0:296): avc: denied { read } for name="remote.txt" dev="mmcblk0p25" ino=218 scontext=u:r:hal_audio_default:s0 tcontext=u:object_r:vendor_data_file:s0 tclass=lnk_file permissive=1
10-16 15:07:03.678 I/BLEAudioDrive_HV410( 247): current line info : VENDOR_ID:0x1d5a
10-16 15:07:03.678 I/BLEAudioDrive_HV410( 247):
10-16 15:07:03.678 I/BLEAudioDrive_HV410( 247): config vendor : 0x1d5a
10-16 15:07:03.678 I/BLEAudioDrive_HV410( 247): current line info : PRODUCT_ID:0xc081
10-16 15:07:03.678 I/BLEAudioDrive_HV410( 247):
10-16 15:07:03.678 I/BLEAudioDrive_HV410( 247): config product : 0xc081
10-16 15:07:03.678 I/BLEAudioDrive_HV410( 247): current line info : AUDIOKEY_REPORTID:0x01
10-16 15:07:03.678 I/BLEAudioDrive_HV410( 247):
10-16 15:07:03.678 I/BLEAudioDrive_HV410( 247): config report_id : 1
10-16 15:07:03.678 I/BLEAudioDrive_HV410( 247): current line info : AUDIOKEY_VALUE:0x3e
10-16 15:07:03.678 I/BLEAudioDrive_HV410( 247):
10-16 15:07:03.678 I/BLEAudioDrive_HV410( 247): config key value : 3e 0
10-16 15:07:03.678 I/BLEAudioDrive_HV410( 247): current line info : DYNAMIC_BLE:1
10-16 15:07:03.678 I/BLEAudioDrive_HV410( 247):
10-16 15:07:03.678 I/BLEAudioDrive_HV410( 247): config DYNAMIC BLE : 1
10-16 15:07:03.678 I/BLEAudioDrive_HV410( 247): current line info : START_RADIO:
10-16 15:07:03.678 I/BLEAudioDrive_HV410( 247):
10-16 15:07:03.678 I/BLEAudioDrive_HV410( 247): not set boardcast !!
10-16 15:07:03.678 I/BLEAudioDrive_HV410( 247): config start broadcast :
10-16 15:07:03.678 I/BLEAudioDrive_HV410( 247):
10-16 15:07:03.678 I/BLEAudioDrive_HV410( 247): current line info : STOP_RADIO:
10-16 15:07:03.678 I/BLEAudioDrive_HV410( 247):
10-16 15:07:03.678 I/BLEAudioDrive_HV410( 247): current line info : DEBUG_LOG:4
10-16 15:07:03.678 I/BLEAudioDrive_HV410( 247):
10-16 15:07:03.678 I/BLEAudioDrive_HV410( 247): config debug level : 4
10-16 15:07:03.678 I/BLEAudioDrive_HV410( 247): current line info : FORMAT_AU:1
10-16 15:07:03.678 I/BLEAudioDrive_HV410( 247):
10-16 15:07:03.678 I/BLEAudioDrive_HV410( 247): config audioF : 1
10-16 15:07:03.678 I/BLEAudioDrive_HV410( 247): current line info : CMD_REPORTID:0x01
10-16 15:07:03.678 I/BLEAudioDrive_HV410( 247):
10-16 15:07:03.678 I/BLEAudioDrive_HV410( 247): config cmd_report_id : 1
10-16 15:07:03.678 I/BLEAudioDrive_HV410( 247): current line info :
10-16 15:07:03.678 I/BLEAudioDrive_HV410( 247):
10-16 15:07:03.678 I/BLEAudioDrive_HV410( 247): current line info :
10-16 15:07:03.678 I/BLEAudioDrive_HV410( 247):
10-16 15:07:03.678 I/BLEAudioDrive_HV410( 247): current line info :
10-16 15:07:03.678 I/BLEAudioDrive_HV410( 247):
10-16 15:07:03.678 I/BLEAudioDrive_HV410( 247): devices vendor is 0x1d5a
10-16 15:07:03.678 I/BLEAudioDrive_HV410( 247): devices product is 0xc081
10-16 15:07:03.678 I/BLEAudioDrive_HV410( 247): doinit_thread exit
10-16 15:07:03.679 I/BLEAudioDrive_HV410( 247): decode audio_thread start.
10-16 15:07:03.679 D/audio_so_hv_309( 247): ---0208 ReceiveAudioDataThread ---
10-16 15:07:03.679 I/BLEAudioDrive_HV410( 247): monit_audio_thread start.
10-16 15:07:03.679 I/BLEAudioDrive_HV410( 247): write to remote stop:-1
10-16 15:07:03.679 I/BLEAudioDrive_HV410( 247): send stop to remote fail: Bad file descriptor
10-16 15:07:03.679 I/BLEAudioDrive_HV410( 247): audSever stop!
10-16 15:07:03.679 D/audio_so_hv_309( 247): ---0223 monit_mic_Thread ---
10-16 15:07:03.679 D/audio_so_hv_309( 247): HBG remote is powerdown!
10-16 15:07:03.692 I/BLEAudioDrive_HV410( 247): hidraw_read_task
10-16 15:07:03.698 I/AudioFlinger( 269): loadHwModule() Loaded blehid audio interface, handle 42
10-16 15:07:03.698 D/audio_so_hv_309( 247): open HBG MIC audio channel!!!
10-16 15:07:03.699 I/BLEAudioDrive_HV410( 247): write to remote start:-1
10-16 15:07:03.699 I/BLEAudioDrive_HV410( 247): send start to remote fail: Bad file descriptor
10-16 15:07:03.696 I/HwBinder:247_3( 247): type=1400 audit(0.0:297): avc: denied { read } for name="/" dev="tmpfs" ino=1075 scontext=u:r:hal_audio_default:s0 tcontext=u:object_r:device:s0 tclass=dir permissive=1
10-16 15:07:03.700 D/Zygote ( 242): VMRuntime.setVerifierEnabled(false)
10-16 15:07:03.705 I/BLEAudioDrive_HV410( 247): write to remote start:-1
10-16 15:07:03.708 I/BLEAudioDrive_HV410( 247): send start to remote fail: Bad file descriptor
10-16 15:07:03.708 I/BLEAudioDrive_HV410( 247): audSever start!
10-16 15:07:03.704 I/HwBinder:247_3( 247): type=1400 audit(0.0:298): avc: denied { watch } for path="/dev" dev="tmpfs" ino=1075 scontext=u:r:hal_audio_default:s0 tcontext=u:object_r:device:s0 tclass=dir permissive=1
10-16 15:07:03.729 I/BLEAudioDrive_HV410( 247): send start to remote fail: Bad file descriptor
10-16 15:07:03.759 I/BLEAudioDrive_HV410( 247): send start to remote fail: Bad file descriptor
10-16 15:07:03.790 I/BLEAudioDrive_HV410( 247): send start to remote fail: Bad file descriptor
10-16 15:07:03.820 I/BLEAudioDrive_HV410( 247): send start to remote fail: Bad file descriptor
10-16 15:07:03.850 I/BLEAudioDrive_HV410( 247): send start to remote fail: Bad file descriptor
10-16 15:07:03.881 I/BLEAudioDrive_HV410( 247): send start to remote fail: Bad file descriptor
10-16 15:07:03.893 I/zygote ( 242): Verified 2763 classes from mainline modules in 305.976ms
10-16 15:07:03.911 I/BLEAudioDrive_HV410( 247): send start to remote fail: Bad file descriptor
10-16 15:07:03.942 I/BLEAudioDrive_HV410( 247): send start to remote fail: Bad file descriptor
10-16 15:07:03.972 I/BLEAudioDrive_HV410( 247): hidraw_path return<0
10-16 15:07:03.972 D/audio_so_hv_309( 247): --- registerAudioDataCB 0 ---
10-16 15:07:03.978 I/AudioFlinger( 269): AudioFlinger's thread 0xf665c900 tid=470 ready to run
10-16 15:07:03.979 D/audio_so_hv_309( 247): --- unRegisterAudioDataCB 0---
10-16 15:07:03.979 D/audio_so_hv_309( 247): unRegisterAudioDataCB:DeInitRingBuffer
10-16 15:07:03.982 I/BLEAudioDrive_HV410( 247): write to remote stop:-1
10-16 15:07:03.982 I/BLEAudioDrive_HV410( 247): send stop to remote fail: Bad file descriptor
10-16 15:07:03.982 I/BLEAudioDrive_HV410( 247): audSever stop!
10-16 15:07:03.986 I/audioserver( 269): Waiting for activity service
10-16 15:07:04.000 W/awplayer( 353): : Set log level to 3
10-16 15:07:04.055 I/cedarc ( 353): : register avs decoder success!
10-16 15:07:04.056 I/cedarc ( 353): : register h264 decoder success!
10-16 15:07:04.056 I/cedarc ( 353): : register h265 decoder success!
10-16 15:07:04.057 I/cedarc ( 353): : register mjpeg decoder success!
10-16 15:07:04.057 I/cedarc ( 353): : register mjpegplus decoder success!
10-16 15:07:04.057 I/cedarc ( 353): : register mpeg2 decoder success!
10-16 15:07:04.057 W/awplayer( 353): : Invalid plugin,function CedarPluginVDInit not found.
10-16 15:07:04.058 I/cedarc ( 353): : register mpeg4dx decoder success!
10-16 15:07:04.058 I/cedarc ( 353): : register mpeg4H263 decoder success!
10-16 15:07:04.058 I/cedarc ( 353): : register mpeg4Normal decoder success!
10-16 15:07:04.058 I/cedarc ( 353): : register Mpeg4Vp6 decoder success!
10-16 15:07:04.059 I/cedarc ( 353): : register vp6Soft decoder success!
10-16 15:07:04.059 I/cedarc ( 353): : register vp8 decoder success!
10-16 15:07:04.059 E/cedarc ( 353): : register Wmv12Soft decoder failure!!!
10-16 15:07:04.059 I/cedarc ( 353): : register vc1 decoder success!
10-16 15:07:04.060 D/cedarc ( 353): : register Vp9Hw decoder success!
10-16 15:07:04.060 I/cedarc ( 353): : register avs2 decoder success!
10-16 15:07:04.064 D/awplayer( 353): : aw stream init...
10-16 15:07:04.064 D/awplayer( 353): : Register stream rtp version v1.1
10-16 15:07:04.075 I/mediaserver( 353): ServiceManager: 0xf7a5e960
10-16 15:07:04.076 W/BatteryNotifier( 353): batterystats service unavailable!
10-16 15:07:04.077 W/BatteryNotifier( 353): batterystats service unavailable!
10-16 15:07:04.114 E/cutils-trace( 476): Error opening trace file: No such file or directory (2)
10-16 15:07:04.124 I/adbd ( 381): adbd mDNS service _adb._tcp registered: 1
10-16 15:07:04.124 I/adbd ( 381): adbd mDNS service _adb-tls-connect._tcp registered: 1
10-16 15:07:04.169 E/cutils-trace( 479): Error opening trace file: No such file or directory (2)
10-16 15:07:04.195 D/Zygote ( 242): VMRuntime.setVerifierEnabled(true)
10-16 15:07:04.228 I/zygote ( 242): Explicit concurrent copying GC freed 6063(605KB) AllocSpace objects, 0(0B) LOS objects, 68% free, 721KB/2257KB, paused 125us total 32.112ms
10-16 15:07:04.253 I/zygote ( 242): Explicit concurrent copying GC freed 229(40KB) AllocSpace objects, 0(0B) LOS objects, 68% free, 713KB/2249KB, paused 57us total 25.014ms
10-16 15:07:04.331 D/Zygote ( 242): Forked child process 486
10-16 15:07:04.332 I/Zygote ( 242): System server process 486 has been created
10-16 15:07:04.333 I/Zygote ( 242): Accepting command socket connections
10-16 15:07:04.655 I/Zygote ( 486): seccomp disabled by setenforce 0
10-16 15:07:04.674 W/system_server( 486): Failed to upload odrefresh metrics: metrics file '/data/misc/odrefresh/odrefresh-metrics.txt' could not be opened: No such file or directory
10-16 15:07:04.668 I/rainbow_flow( 324): type=1400 audit(0.0:299): avc: denied { ioctl } for path="/dev/spidev1.0" dev="tmpfs" ino=1274 ioctlcmd=0x6b00 scontext=u:r:init:s0 tcontext=u:object_r:device:s0 tclass=chr_file permissive=1
10-16 15:07:04.680 I/adbd ( 381): jdwp connection from 486
10-16 15:07:04.685 D/Zygote ( 486): begin preload_base
10-16 15:07:04.686 I/Zygote ( 486): Calling ZygoteHooks.beginPreload()
10-16 15:07:04.852 I/EventThread( 262): type=1400 audit(0.0:300): avc: denied { search } for name="extcon" dev="sysfs" ino=18109 scontext=u:r:hal_tv_cec_default:s0 tcontext=u:object_r:sysfs_extcon:s0 tclass=dir permissive=1
10-16 15:07:04.889 D/ApplicationLoaders( 486): Created zygote-cached class loader: /system/framework/android.hidl.base-V1.0-java.jar
10-16 15:07:04.896 D/ApplicationLoaders( 486): Created zygote-cached class loader: /system/framework/android.hidl.manager-V1.0-java.jar
10-16 15:07:04.902 D/ApplicationLoaders( 486): Created zygote-cached class loader: /system/framework/android.test.base.jar
10-16 15:07:04.903 I/Zygote ( 486): Preloading resources...
10-16 15:07:04.929 W/Resources( 486): Preloaded drawable resource #0x1080286 (android:drawable/dialog_background_material) that varies with configuration!!
10-16 15:07:04.962 I/Zygote ( 486): ...preloaded 64 resources in 59ms.
10-16 15:07:04.968 I/Zygote ( 486): ...preloaded 41 resources in 6ms.
10-16 15:07:04.969 D/Zygote ( 486): Zygote:ThreadPreadloadBase took 285ms.
10-16 15:07:04.971 D/Zygote ( 486): Zygote:ThreadPreadloadClass start
10-16 15:07:04.973 I/Zygote ( 486): Preloading classes...
10-16 15:07:04.975 I/SystemServerTiming( 486): InitBeforeStartServices
10-16 15:07:04.986 I/SystemServer( 486): Entered the Android system server!
10-16 15:07:05.012 D/RenderEngine( 273): shader cache generated - 48 shaders in 1724.745850 ms
10-16 15:07:05.018 D/libEGL ( 486): loaded /vendor/lib/egl/libGLES_mali.so
10-16 15:07:05.023 I/HidlServiceManagement( 273): Registered android.frameworks.displayservice@1.0::IDisplayService/default
10-16 15:07:05.024 D/SurfaceFlinger( 273): Setting power mode 2 on display 0
10-16 15:07:05.024 D/sunxihwc( 256): setPowerMode: device(hdmi0) power mode: On
10-16 15:07:05.024 I/sunxihwc( 256): setRuntimeState: disp2 blank control [unblank], driver usage [1]
10-16 15:07:05.024 D/SurfaceFlinger( 273): Finished setting power mode 2 on display 0
10-16 15:07:05.075 I/Typeface( 486): Preloading /system/fonts/Roboto-Regular.ttf
10-16 15:07:05.092 I/Typeface( 486): Preloading /system/fonts/RobotoStatic-Regular.ttf
10-16 15:07:05.176 I/update_engine( 370): [INFO:cleanup_previous_update_action.cc(112)] Executing task 1
10-16 15:07:05.179 I/update_engine( 370): [INFO:cleanup_previous_update_action.cc(124)] CleanupPreviousUpdateAction scheduled task ID 3 for WaitBootCompleted
10-16 15:07:05.191 I/Typeface( 486): Preloading /system/fonts/NotoSansCJK-Regular.ttc
10-16 15:07:05.191 I/Typeface( 486): Preloading /system/fonts/NotoSerifCJK-Regular.ttc
10-16 15:07:05.233 E/ActivityRecognitionHardware( 486): activity_recognition HAL is deprecated. class_init is effectively a no-op
10-16 15:07:05.296 D/BootAnimation( 522): BootAnimationPreloadTiming start time: 10232ms
10-16 15:07:05.314 E/UsbAlsaJackDetectorJNI( 486): Can't register UsbAlsaJackDetector native methods
10-16 15:07:05.325 E/BootAnimation( 522): no audio.wav could be found!
10-16 15:07:05.325 D/BootAnimation( 522): BootAnimationPreloadStopTiming start time: 10262ms
10-16 15:07:05.327 E/HWComposer( 273): getSupportedContentTypes: getSupportedContentTypes failed for display 0: Unsupported (8)
10-16 15:07:05.329 E/cutils-trace( 522): Error opening trace file: No such file or directory (2)
10-16 15:07:05.344 I/SystemServerInitThreadPool( 486): Creating instance with 4 threads
10-16 15:07:05.346 I/SystemServerTimingAsync( 486): InitThreadPoolExec:loadPreinstalledSystemFontMap
10-16 15:07:05.346 D/SystemServerInitThreadPool( 486): Started executing loadPreinstalledSystemFontMap
10-16 15:07:05.346 I/SystemServerTimingAsync( 486): loadPreinstalledSystemFontMap
10-16 15:07:05.347 I/SystemServerTiming( 486): StartServices
10-16 15:07:05.347 D/SystemServer( 486): VMRuntime.setVerifierEnabled(false)
10-16 15:07:05.347 I/SystemServerTiming( 486): startBootstrapServices
10-16 15:07:05.347 I/SystemServerTiming( 486): StartWatchdog
10-16 15:07:05.350 D/libEGL ( 522): loaded /vendor/lib/egl/libGLES_mali.so
10-16 15:07:05.362 I/SystemServer( 486): Reading configuration...
10-16 15:07:05.363 I/SystemServerTiming( 486): ReadingSystemConfig
10-16 15:07:05.364 I/SystemServerTiming( 486): PlatformCompat
10-16 15:07:05.367 I/SystemServerTimingAsync( 486): InitThreadPoolExec:ReadingSystemConfig
10-16 15:07:05.367 D/CompatConfig( 486): Found a config file: /system/etc/compatconfig/framework-platform-compat-config.xml
10-16 15:07:05.367 D/SystemServerInitThreadPool( 486): Started executing ReadingSystemConfig
10-16 15:07:05.371 D/CompatConfig( 486): Adding: com.android.server.compat.config.Change@99f4ecd
10-16 15:07:05.373 D/CompatConfig( 486): Adding: com.android.server.compat.config.Change@2653382
10-16 15:07:05.374 I/SystemConfig( 486): Reading permissions from /system/etc/sysconfig/preinstalled-packages-platform-full-base.xml
10-16 15:07:05.374 D/CompatConfig( 486): Adding: com.android.server.compat.config.Change@c9e6ad0
10-16 15:07:05.376 D/CompatConfig( 486): Adding: com.android.server.compat.config.Change@df0ac9
10-16 15:07:05.377 D/CompatConfig( 486): Adding: com.android.server.compat.config.Change@4b705ce
10-16 15:07:05.379 D/CompatConfig( 486): Adding: com.android.server.compat.config.Change@1066cef
10-16 15:07:05.379 I/incfs ( 486): Initial API level of the device: 31
10-16 15:07:05.380 D/CompatConfig( 486): Adding: com.android.server.compat.config.Change@4c763fc
10-16 15:07:05.380 I/incfs ( 486): ro.incremental.enable: module:/vendor/lib/modules/incrementalfs.ko
10-16 15:07:05.387 D/MtpDeviceJNI( 486): register_android_mtp_MtpDevice
10-16 15:07:05.388 D/CompatConfig( 486): Adding: com.android.server.compat.config.Change@a448a85
10-16 15:07:05.388 I/incfs ( 486): isFsAvailable: false
10-16 15:07:05.388 I/incfs ( 486): isFsAvailable: false
10-16 15:07:05.388 E/incfs ( 486): could not open IncFs kernel module "/vendor/lib/modules/incrementalfs.ko": No such file or directory
10-16 15:07:05.389 D/CompatConfig( 486): Adding: com.android.server.compat.config.Change@941b0da
10-16 15:07:05.389 D/CompatConfig( 486): Adding: com.android.server.compat.config.Change@776e90b
10-16 15:07:05.390 D/CompatConfig( 486): Adding: com.android.server.compat.config.Change@224c3e8
10-16 15:07:05.390 E/incfs ( 486): IncFs_Features: failed to open features dir, assuming v1/none.: No such file or directory
10-16 15:07:05.390 D/CompatConfig( 486): Adding: com.android.server.compat.config.Change@ac84a01
10-16 15:07:05.391 D/CompatConfig( 486): Adding: com.android.server.compat.config.Change@b9a00a6
10-16 15:07:05.392 D/CompatConfig( 486): Adding: com.android.server.compat.config.Change@3290ae7
10-16 15:07:05.392 D/CompatConfig( 486): Adding: com.android.server.compat.config.Change@f763694
10-16 15:07:05.393 D/CompatConfig( 486): Adding: com.android.server.compat.config.Change@9d58132
10-16 15:07:05.393 I/SystemConfig( 486): Reading permissions from /system/etc/sysconfig/preinstalled-packages-com.android.providers.media.module.xml
10-16 15:07:05.394 D/CompatConfig( 486): Adding: com.android.server.compat.config.Change@bf16e83
10-16 15:07:05.394 D/CompatConfig( 486): Adding: com.android.server.compat.config.Change@1ca2800
10-16 15:07:05.395 D/CompatConfig( 486): Adding: com.android.server.compat.config.Change@b433839
10-16 15:07:05.396 D/CompatConfig( 486): Adding: com.android.server.compat.config.Change@bd67e7e
10-16 15:07:05.397 D/CompatConfig( 486): Adding: com.android.server.compat.config.Change@8526fdf
10-16 15:07:05.398 D/CompatConfig( 486): Adding: com.android.server.compat.config.Change@ea9c42c
10-16 15:07:05.399 D/CompatConfig( 486): Adding: com.android.server.compat.config.Change@e161ef5
10-16 15:07:05.400 D/CompatConfig( 486): Adding: com.android.server.compat.config.Change@358048a
10-16 15:07:05.401 D/CompatConfig( 486): Adding: com.android.server.compat.config.Change@a982afb
10-16 15:07:05.402 D/CompatConfig( 486): Adding: com.android.server.compat.config.Change@904f718
10-16 15:07:05.403 D/CompatConfig( 486): Adding: com.android.server.compat.config.Change@ef6b571
10-16 15:07:05.404 D/CompatConfig( 486): Adding: com.android.server.compat.config.Change@b9df56
10-16 15:07:05.405 D/CompatConfig( 486): Adding: com.android.server.compat.config.Change@3b47bd7
10-16 15:07:05.406 D/CompatConfig( 486): Adding: com.android.server.compat.config.Change@de6cc4
10-16 15:07:05.408 D/CompatConfig( 486): Adding: com.android.server.compat.config.Change@77037ad
10-16 15:07:05.408 D/CompatConfig( 486): Adding: com.android.server.compat.config.Change@88c9ae2
10-16 15:07:05.409 D/CompatConfig( 486): Adding: com.android.server.compat.config.Change@7dafe73
10-16 15:07:05.411 D/CompatConfig( 486): Adding: com.android.server.compat.config.Change@1b79130
10-16 15:07:05.412 D/CompatConfig( 486): Adding: com.android.server.compat.config.Change@485a1a9
10-16 15:07:05.413 D/CompatConfig( 486): Adding: com.android.server.compat.config.Change@5dd832e
10-16 15:07:05.414 D/CompatConfig( 486): Adding: com.android.server.compat.config.Change@bbc905c
10-16 15:07:05.415 D/CompatConfig( 486): Adding: com.android.server.compat.config.Change@66daf65
10-16 15:07:05.416 I/SystemConfig( 486): Reading permissions from /system/etc/sysconfig/hiddenapi-package-whitelist.xml
10-16 15:07:05.416 D/CompatConfig( 486): Adding: com.android.server.compat.config.Change@542a43a
10-16 15:07:05.416 D/CompatConfig( 486): Adding: com.android.server.compat.config.Change@a45c8eb
10-16 15:07:05.417 D/CompatConfig( 486): Adding: com.android.server.compat.config.Change@3b05648
10-16 15:07:05.417 I/SystemConfig( 486): Reading permissions from /system/etc/sysconfig/preinstalled-packages-platform.xml
10-16 15:07:05.418 D/CompatConfig( 486): Adding: com.android.server.compat.config.Change@4a6ca06
10-16 15:07:05.418 D/CompatConfig( 486): Adding: com.android.server.compat.config.Change@33608c7
10-16 15:07:05.419 D/CompatConfig( 486): Adding: com.android.server.compat.config.Change@5988ef4
10-16 15:07:05.420 D/CompatConfig( 486): Adding: com.android.server.compat.config.Change@23b661d
10-16 15:07:05.420 D/CompatConfig( 486): Adding: com.android.server.compat.config.Change@3d58092
10-16 15:07:05.421 D/CompatConfig( 486): Adding: com.android.server.compat.config.Change@629a660
10-16 15:07:05.422 I/SystemConfig( 486): Reading permissions from /system/etc/sysconfig/framework-sysconfig.xml
10-16 15:07:05.422 D/CompatConfig( 486): Adding: com.android.server.compat.config.Change@ead4719
10-16 15:07:05.423 D/CompatConfig( 486): Adding: com.android.server.compat.config.Change@1c713de
10-16 15:07:05.423 D/CompatConfig( 486): Adding: com.android.server.compat.config.Change@58549bf
10-16 15:07:05.424 D/CompatConfig( 486): Adding: com.android.server.compat.config.Change@ef2c88c
10-16 15:07:05.425 D/CompatConfig( 486): Adding: com.android.server.compat.config.Change@ec23bd5
10-16 15:07:05.426 D/CompatConfig( 486): Adding: com.android.server.compat.config.Change@2ac8fea
10-16 15:07:05.427 D/CompatConfig( 486): Adding: com.android.server.compat.config.Change@4ec2db
10-16 15:07:05.427 D/CompatConfig( 486): Adding: com.android.server.compat.config.Change@149e178
10-16 15:07:05.428 D/CompatConfig( 486): Adding: com.android.server.compat.config.Change@9f7c051
10-16 15:07:05.429 D/CompatConfig( 486): Adding: com.android.server.compat.config.Change@abbc0b6
10-16 15:07:05.429 I/SystemConfig( 486): Reading permissions from /system/etc/permissions/privapp-vendor-permissions.xml
10-16 15:07:05.429 D/CompatConfig( 486): Adding: com.android.server.compat.config.Change@bf79d24
10-16 15:07:05.430 D/CompatConfig( 486): Found a config file: /system/etc/compatconfig/services-platform-compat-config.xml
10-16 15:07:05.434 D/CompatConfig( 486): Adding: com.android.server.compat.config.Change@9bb3242
10-16 15:07:05.436 D/CompatConfig( 486): Adding: com.android.server.compat.config.Change@f10b253
10-16 15:07:05.436 D/CompatConfig( 486): Adding: com.android.server.compat.config.Change@fa36790
10-16 15:07:05.437 D/CompatConfig( 486): Adding: com.android.server.compat.config.Change@b812889
10-16 15:07:05.438 D/CompatConfig( 486): Adding: com.android.server.compat.config.Change@34e308e
10-16 15:07:05.438 D/CompatConfig( 486): Adding: com.android.server.compat.config.Change@6ea20af
10-16 15:07:05.432 I/BootAnimation( 522): type=1400 audit(0.0:301): avc: denied { search } for name="data" dev="mmcblk0p25" ino=87 scontext=u:r:bootanim:s0 tcontext=u:object_r:system_data_file:s0:c512,c768 tclass=dir permissive=1
10-16 15:07:05.439 D/CompatConfig( 486): Adding: com.android.server.compat.config.Change@dff6cbc
10-16 15:07:05.441 D/CompatConfig( 486): Adding: com.android.server.compat.config.Change@e4ac445
10-16 15:07:05.441 D/CompatConfig( 486): Adding: com.android.server.compat.config.Change@c79a
10-16 15:07:05.442 D/CompatConfig( 486): Adding: com.android.server.compat.config.Change@84218cb
10-16 15:07:05.443 D/CompatConfig( 486): Adding: com.android.server.compat.config.Change@fb498a8
10-16 15:07:05.443 D/CompatConfig( 486): Adding: com.android.server.compat.config.Change@585fc1
10-16 15:07:05.444 D/CompatConfig( 486): Adding: com.android.server.compat.config.Change@313c366
10-16 15:07:05.444 I/hwservicemanager( 180): getTransport: Cannot find entry android.hardware.configstore@1.0::ISurfaceFlingerConfigs/default in either framework or device VINTF manifest.
10-16 15:07:05.444 D/CompatConfig( 486): Adding: com.android.server.compat.config.Change@bd776a7
10-16 15:07:05.445 D/CompatConfig( 486): Adding: com.android.server.compat.config.Change@d0e9754
10-16 15:07:05.445 D/CompatConfig( 486): Adding: com.android.server.compat.config.Change@4a36fd
10-16 15:07:05.446 D/CompatConfig( 486): Adding: com.android.server.compat.config.Change@108aff2
10-16 15:07:05.446 D/CompatConfig( 486): Adding: com.android.server.compat.config.Change@d7ad643
10-16 15:07:05.447 D/CompatConfig( 486): Adding: com.android.server.compat.config.Change@567d4c0
10-16 15:07:05.447 D/CompatConfig( 486): Adding: com.android.server.compat.config.Change@c8845f9
10-16 15:07:05.448 D/CompatConfig( 486): Adding: com.android.server.compat.config.Change@2edd93e
10-16 15:07:05.449 D/CompatConfig( 486): Adding: com.android.server.compat.config.Change@b6a939f
10-16 15:07:05.449 D/CompatConfig( 486): Adding: com.android.server.compat.config.Change@1557cec
10-16 15:07:05.450 D/CompatConfig( 486): Adding: com.android.server.compat.config.Change@7fe48b5
10-16 15:07:05.450 D/CompatConfig( 486): Adding: com.android.server.compat.config.Change@26a4b4a
10-16 15:07:05.450 D/CompatConfig( 486): Adding: com.android.server.compat.config.Change@f6ecabb
10-16 15:07:05.451 D/CompatConfig( 486): Adding: com.android.server.compat.config.Change@b937bd8
10-16 15:07:05.452 D/CompatConfig( 486): Adding: com.android.server.compat.config.Change@e97bb31
10-16 15:07:05.452 D/CompatConfig( 486): Adding: com.android.server.compat.config.Change@a89d216
10-16 15:07:05.453 D/CompatConfig( 486): Adding: com.android.server.compat.config.Change@db55797
10-16 15:07:05.453 D/CompatConfig( 486): Adding: com.android.server.compat.config.Change@cb07d84
10-16 15:07:05.454 D/CompatConfig( 486): Adding: com.android.server.compat.config.Change@57bd96d
10-16 15:07:05.454 D/CompatConfig( 486): Adding: com.android.server.compat.config.Change@948f9a2
10-16 15:07:05.454 D/CompatConfig( 486): Adding: com.android.server.compat.config.Change@56dd633
10-16 15:07:05.455 D/CompatConfig( 486): Adding: com.android.server.compat.config.Change@579edf0
10-16 15:07:05.455 D/CompatConfig( 486): Adding: com.android.server.compat.config.Change@3099f69
10-16 15:07:05.456 D/CompatConfig( 486): Adding: com.android.server.compat.config.Change@de10dee
10-16 15:07:05.456 D/CompatConfig( 486): Adding: com.android.server.compat.config.Change@f25a28f
10-16 15:07:05.457 D/CompatConfig( 486): Adding: com.android.server.compat.config.Change@427f91c
10-16 15:07:05.457 D/CompatConfig( 486): Adding: com.android.server.compat.config.Change@a93c925
10-16 15:07:05.457 D/CompatConfig( 486): Adding: com.android.server.compat.config.Change@fd41afa
10-16 15:07:05.458 D/CompatConfig( 486): Adding: com.android.server.compat.config.Change@4e3d8ab
10-16 15:07:05.458 D/CompatConfig( 486): Adding: com.android.server.compat.config.Change@498b08
10-16 15:07:05.458 D/CompatConfig( 486): Adding: com.android.server.compat.config.Change@7dcd2a1
10-16 15:07:05.459 D/CompatConfig( 486): Adding: com.android.server.compat.config.Change@ab8ecc6
10-16 15:07:05.459 D/CompatConfig( 486): Adding: com.android.server.compat.config.Change@55487
10-16 15:07:05.459 D/CompatConfig( 486): Adding: com.android.server.compat.config.Change@9704fb4
10-16 15:07:05.460 D/CompatConfig( 486): Adding: com.android.server.compat.config.Change@652f7dd
10-16 15:07:05.460 D/CompatConfig( 486): Adding: com.android.server.compat.config.Change@ac70f52
10-16 15:07:05.460 D/CompatConfig( 486): Adding: com.android.server.compat.config.Change@8d8b223
10-16 15:07:05.461 D/CompatConfig( 486): Adding: com.android.server.compat.config.Change@49cb320
10-16 15:07:05.461 D/CompatConfig( 486): Adding: com.android.server.compat.config.Change@c34d9
10-16 15:07:05.462 D/CompatConfig( 486): Found a config file: /system/etc/compatconfig/icu4j-platform-compat-config.xml
10-16 15:07:05.463 D/CompatConfig( 486): Adding: com.android.server.compat.config.Change@3fa4d7f
10-16 15:07:05.464 D/CompatConfig( 486): Found a config file: /system/etc/compatconfig/calendar-provider-compat-config.xml
10-16 15:07:05.466 D/CompatConfig( 486): Adding: com.android.server.compat.config.Change@824595
10-16 15:07:05.467 D/CompatConfig( 486): Found a config file: /system/etc/compatconfig/documents-ui-compat-config.xml
10-16 15:07:05.470 D/CompatConfig( 486): Adding: com.android.server.compat.config.Change@7f9c638
10-16 15:07:05.472 D/CompatConfig( 486): No directory /system/system_ext/etc/compatconfig, skipping
10-16 15:07:05.473 I/SystemConfig( 486): Reading permissions from /system/etc/permissions/oranth-privapp-permissions.xml
10-16 15:07:05.473 D/CompatConfig( 486): No directory /apex/com.android.wifi/etc/compatconfig, skipping
10-16 15:07:05.473 D/CompatConfig( 486): No directory /apex/com.android.vndk.v31/etc/compatconfig, skipping
10-16 15:07:05.474 D/CompatConfig( 486): No directory /apex/com.android.tzdata/etc/compatconfig, skipping
10-16 15:07:05.474 D/CompatConfig( 486): No directory /apex/com.android.tethering/etc/compatconfig, skipping
10-16 15:07:05.474 D/CompatConfig( 486): No directory /apex/com.android.sdkext/etc/compatconfig, skipping
10-16 15:07:05.474 D/CompatConfig( 486): No directory /apex/com.android.scheduling/etc/compatconfig, skipping
10-16 15:07:05.474 D/CompatConfig( 486): No directory /apex/com.android.runtime/etc/compatconfig, skipping
10-16 15:07:05.474 D/CompatConfig( 486): No directory /apex/com.android.resolv/etc/compatconfig, skipping
10-16 15:07:05.474 D/CompatConfig( 486): No directory /apex/com.android.permission/etc/compatconfig, skipping
10-16 15:07:05.474 D/CompatConfig( 486): No directory /apex/com.android.os.statsd/etc/compatconfig, skipping
10-16 15:07:05.475 D/CompatConfig( 486): No directory /apex/com.android.neuralnetworks/etc/compatconfig, skipping
10-16 15:07:05.480 D/CompatConfig( 486): Found a config file: /apex/com.android.mediaprovider/etc/compatconfig/media-provider-platform-compat-config.xml
10-16 15:07:05.481 I/SystemConfig( 486): Reading permissions from /system/etc/permissions/com.android.future.usb.accessory.xml
10-16 15:07:05.486 I/SystemConfig( 486): Reading permissions from /system/etc/permissions/org.apache.http.legacy.xml
10-16 15:07:05.488 D/CompatConfig( 486): Adding: com.android.server.compat.config.Change@526924d
10-16 15:07:05.491 D/CompatConfig( 486): Adding: com.android.server.compat.config.Change@36a6a13
10-16 15:07:05.493 D/CompatConfig( 486): Adding: com.android.server.compat.config.Change@e532450
10-16 15:07:05.493 I/SystemConfig( 486): Reading permissions from /system/etc/permissions/android.test.runner.xml
10-16 15:07:05.494 D/BootAnimation( 522): BootAnimationShownTiming start time: 10430ms
10-16 15:07:05.494 D/CompatConfig( 486): Adding: com.android.server.compat.config.Change@4570649
10-16 15:07:05.494 D/CompatConfig( 486): Adding: com.android.server.compat.config.Change@26e1b4e
10-16 15:07:05.495 D/CompatConfig( 486): Adding: com.android.server.compat.config.Change@187946f
10-16 15:07:05.495 D/CompatConfig( 486): Adding: com.android.server.compat.config.Change@2ce357c
10-16 15:07:05.496 D/CompatConfig( 486): No directory /apex/com.android.media.swcodec/etc/compatconfig, skipping
10-16 15:07:05.496 D/CompatConfig( 486): No directory /apex/com.android.media/etc/compatconfig, skipping
10-16 15:07:05.496 D/CompatConfig( 486): No directory /apex/com.android.ipsec/etc/compatconfig, skipping
10-16 15:07:05.497 D/CompatConfig( 486): No directory /apex/com.android.i18n/etc/compatconfig, skipping
10-16 15:07:05.497 D/CompatConfig( 486): No directory /apex/com.android.extservices/etc/compatconfig, skipping
10-16 15:07:05.497 D/CompatConfig( 486): No directory /apex/com.android.conscrypt/etc/compatconfig, skipping
10-16 15:07:05.498 I/SystemConfig( 486): Reading permissions from /system/etc/permissions/com.android.networkstack.tethering.xml
10-16 15:07:05.498 D/CompatConfig( 486): Found a config file: /apex/com.android.art/etc/compatconfig/libcore-platform-compat-config.xml
10-16 15:07:05.501 D/CompatConfig( 486): Adding: com.android.server.compat.config.Change@b872d68
10-16 15:07:05.502 I/SystemConfig( 486): Reading permissions from /system/etc/permissions/com.android.documentsui.xml
10-16 15:07:05.502 D/CompatConfig( 486): Adding: com.android.server.compat.config.Change@b6e4626
10-16 15:07:05.504 I/SystemConfig( 486): Reading permissions from /system/etc/permissions/javax.obex.xml
10-16 15:07:05.506 D/CompatConfig( 486): Adding: com.android.server.compat.config.Change@a55b814
10-16 15:07:05.508 I/SystemConfig( 486): Reading permissions from /system/etc/permissions/permissions-awbms.xml
10-16 15:07:05.509 D/CompatConfig( 486): Adding: com.android.server.compat.config.Change@6689eb2
10-16 15:07:05.511 D/CompatConfig( 486): Adding: com.android.server.compat.config.Change@a91fe03
10-16 15:07:05.512 D/CompatConfig( 486): No directory /apex/com.android.appsearch/etc/compatconfig, skipping
10-16 15:07:05.513 D/CompatConfig( 486): No directory /apex/com.android.adbd/etc/compatconfig, skipping
10-16 15:07:05.515 I/SystemConfig( 486): Reading permissions from /system/etc/permissions/android.hardware.hdmi.cec.xml
10-16 15:07:05.517 I/SystemConfig( 486): Reading permissions from /system/etc/permissions/privapp-permissions-platform.xml
10-16 15:07:05.523 I/SystemServerTiming( 486): StartFileIntegrityService
10-16 15:07:05.523 I/SystemServiceManager( 486): Starting com.android.server.security.FileIntegrityService
10-16 15:07:05.527 I/SystemConfig( 486): Reading permissions from /system/etc/permissions/android.software.webview.xml
10-16 15:07:05.529 I/SystemConfig( 486): Reading permissions from /system/etc/permissions/android.software.live_wallpaper.xml
10-16 15:07:05.531 I/SystemConfig( 486): Reading permissions from /system/etc/permissions/com.android.mediadrm.signer.xml
10-16 15:07:05.533 I/SystemConfig( 486): Reading permissions from /system/etc/permissions/android.software.controls.xml
10-16 15:07:05.535 I/SystemConfig( 486): Reading permissions from /system/etc/permissions/com.android.media.remotedisplay.xml
10-16 15:07:05.537 I/SystemConfig( 486): Reading permissions from /system/etc/permissions/com.android.location.provider.xml
10-16 15:07:05.539 I/SystemConfig( 486): Reading permissions from /system/etc/permissions/android.hardware.location.network.xml
10-16 15:07:05.542 I/SystemConfig( 486): Reading permissions from /system/etc/permissions/com.android.networkstack.xml
10-16 15:07:05.544 I/SystemConfig( 486): Reading permissions from /system/etc/permissions/android.test.base.xml
10-16 15:07:05.548 I/SystemConfig( 486): Reading permissions from /system/etc/permissions/android.test.mock.xml
10-16 15:07:05.551 I/SystemConfig( 486): Reading permissions from /system/etc/permissions/platform.xml
10-16 15:07:05.560 I/Zygote ( 486): Preloading shared libraries...
10-16 15:07:05.562 I/SystemConfig( 486): Reading permissions from /vendor/etc/permissions/android.software.pppoe.xml
10-16 15:07:05.563 I/hwservicemanager( 180): getTransport: Cannot find entry android.hardware.graphics.mapper@4.0::IMapper/default in either framework or device VINTF manifest.
10-16 15:07:05.565 I/SystemConfig( 486): Reading permissions from /vendor/etc/permissions/android.software.midi.xml
10-16 15:07:05.567 I/SystemConfig( 486): Reading permissions from /vendor/etc/permissions/android.hardware.touchscreen.multitouch.xml
10-16 15:07:05.568 I/Gralloc4( 522): mapper 4.x is not supported
10-16 15:07:05.568 I/hwservicemanager( 180): getTransport: Cannot find entry android.hardware.graphics.mapper@3.0::IMapper/default in either framework or device VINTF manifest.
