10-16 15:07:09.783 D/SystemServerInitThreadPool( 486): Started executing Update app-ops uidState in case package android changed
10-16 15:07:09.783 D/SystemServerInitThreadPool( 486): Finished executing Update app-ops uidState in case package android changed
10-16 15:07:09.783 I/SystemServerTimingAsync( 486): InitThreadPoolExec:Update app-ops uidState in case package com.dangbei.leard.leradlauncher changed
10-16 15:07:09.783 D/SystemServerInitThreadPool( 486): Started executing Update app-ops uidState in case package com.dangbei.leard.leradlauncher changed
10-16 15:07:09.783 D/SystemServerInitThreadPool( 486): Finished executing Update app-ops uidState in case package com.dangbei.leard.leradlauncher changed
10-16 15:07:09.783 I/SystemServerTimingAsync( 486): InitThreadPoolExec:Update app-ops uidState in case package com.android.providers.settings changed
10-16 15:07:09.783 D/SystemServerInitThreadPool( 486): Started executing Update app-ops uidState in case package com.android.providers.settings changed
10-16 15:07:09.783 D/SystemServerInitThreadPool( 486): Finished executing Update app-ops uidState in case package com.android.providers.settings changed
10-16 15:07:09.783 I/SystemServerTimingAsync( 486): InitThreadPoolExec:Update app-ops uidState in case package com.android.packageinstaller changed
10-16 15:07:09.783 D/SystemServerInitThreadPool( 486): Started executing Update app-ops uidState in case package com.android.packageinstaller changed
10-16 15:07:09.783 D/SystemServerInitThreadPool( 486): Finished executing Update app-ops uidState in case package com.android.packageinstaller changed
10-16 15:07:09.783 I/SystemServerTimingAsync( 486): InitThreadPoolExec:Update app-ops uidState in case package com.dangbei.lerad.etna.haqu changed
10-16 15:07:09.783 D/SystemServerInitThreadPool( 486): Started executing Update app-ops uidState in case package com.dangbei.lerad.etna.haqu changed
10-16 15:07:09.783 D/SystemServerInitThreadPool( 486): Finished executing Update app-ops uidState in case package com.dangbei.lerad.etna.haqu changed
10-16 15:07:09.783 I/SystemServerTimingAsync( 486): InitThreadPoolExec:Update app-ops uidState in case package com.oranth.powerwindow changed
10-16 15:07:09.783 D/SystemServerInitThreadPool( 486): Started executing Update app-ops uidState in case package com.oranth.powerwindow changed
10-16 15:07:09.783 D/SystemServerInitThreadPool( 486): Finished executing Update app-ops uidState in case package com.oranth.powerwindow changed
10-16 15:07:09.783 I/SystemServerTimingAsync( 486): InitThreadPoolExec:Update app-ops uidState in case package com.android.location.fused changed
10-16 15:07:09.783 D/SystemServerInitThreadPool( 486): Started executing Update app-ops uidState in case package com.android.location.fused changed
10-16 15:07:09.783 D/SystemServerInitThreadPool( 486): Finished executing Update app-ops uidState in case package com.android.location.fused changed
10-16 15:07:09.783 I/SystemServerTimingAsync( 486): InitThreadPoolExec:Update app-ops uidState in case package com.dangbei.haqusetting changed
10-16 15:07:09.783 D/SystemServerInitThreadPool( 486): Started executing Update app-ops uidState in case package com.dangbei.haqusetting changed
10-16 15:07:09.783 D/SystemServerInitThreadPool( 486): Finished executing Update app-ops uidState in case package com.dangbei.haqusetting changed
10-16 15:07:09.784 D/SystemServerInitThreadPool( 486): Finished executing Update app-ops uidState in case package com.android.tv changed
10-16 15:07:09.784 I/ActivityManager( 486): System now ready
10-16 15:07:09.784 I/SystemServerTiming( 486): updateTopComponentForFactoryTest
10-16 15:07:09.784 I/SystemServerTiming( 486): registerActivityLaunchObserver
10-16 15:07:09.784 I/SystemServerTiming( 486): watchDeviceProvisioning
10-16 15:07:09.785 I/SystemServerTimingAsync( 486): InitThreadPoolExec:Update app-ops uidState in case package com.dangbei.lerad.rocky changed
10-16 15:07:09.785 D/SystemServerInitThreadPool( 486): Started executing Update app-ops uidState in case package com.dangbei.lerad.rocky changed
10-16 15:07:09.785 D/SystemServerInitThreadPool( 486): Finished executing Update app-ops uidState in case package com.android.music changed
10-16 15:07:09.785 D/SystemServerInitThreadPool( 486): Finished executing Update app-ops uidState in case package com.dangbei.lerad.rocky changed
10-16 15:07:09.795 I/SystemServerTiming( 486): retrieveSettings
10-16 15:07:09.797 I/ActivityTaskManager( 486): Config changes=10000000 {1.0 ?mcc?mnc [zh_CN] ldltr sw720dp w1280dp h696dp 240dpi xlrg long land television -touch qwerty/v/v dpad/v winConfig={ mBounds=Rect(0, 0 - 1920, 1080) mAppBounds=Rect(0, 0 - 1920, 1080) mMaxBounds=Rect(0, 0 - 1920, 1080) mWindowingMode=fullscreen mDisplayWindowingMode=fullscreen mActivityType=undefined mAlwaysOnTop=undefined mRotation=ROTATION_0} s.6 fontWeightAdjustment=0}
10-16 15:07:09.798 I/WindowManager( 486): Override config changes=10000000 {1.0 ?mcc?mnc [zh_CN] ldltr sw720dp w1280dp h696dp 240dpi xlrg long land television -touch qwerty/v/v dpad/v winConfig={ mBounds=Rect(0, 0 - 1920, 1080) mAppBounds=Rect(0, 0 - 1920, 1080) mMaxBounds=Rect(0, 0 - 1920, 1080) mWindowingMode=fullscreen mDisplayWindowingMode=fullscreen mActivityType=undefined mAlwaysOnTop=undefined mRotation=ROTATION_0} s.6 fontWeightAdjustment=0} for displayId=0
10-16 15:07:09.801 I/SystemServerTiming( 486): Ugm.onSystemReady
10-16 15:07:09.802 I/SystemServerTiming( 486): updateForceBackgroundCheck
10-16 15:07:09.802 I/SystemServer( 486): Making services ready
10-16 15:07:09.802 I/SystemServerTiming( 486): StartActivityManagerReadyPhase
10-16 15:07:09.802 I/SystemServiceManager( 486): Starting phase 550
10-16 15:07:09.802 I/SystemServerTiming( 486): OnBootPhase_550
10-16 15:07:09.803 I/hwservicemanager( 180): getTransport: Cannot find entry android.hardware.thermal@2.0::IThermal/default in either framework or device VINTF manifest.
10-16 15:07:09.804 E/ThermalHalWrapper( 486): Thermal HAL 2.0 service not connected.
10-16 15:07:09.805 I/hwservicemanager( 180): getTransport: Cannot find entry android.hardware.thermal@1.1::IThermal/default in either framework or device VINTF manifest.
10-16 15:07:09.806 E/ThermalHalWrapper( 486): Thermal HAL 1.1 service not connected.
10-16 15:07:09.806 I/hwservicemanager( 180): getTransport: Cannot find entry android.hardware.thermal@1.0::IThermal/default in either framework or device VINTF manifest.
10-16 15:07:09.806 E/ThermalHalWrapper( 486): Thermal HAL 1.0 service not connected.
10-16 15:07:09.806 W/ThermalManagerService( 486): No Thermal HAL service on this device
10-16 15:07:09.810 W/ActivityManager( 486): Unable to start service Intent { act=com.android.ITelecomService cmp=com.android.server.telecom/.components.TelecomService } U=0: not found
10-16 15:07:09.813 I/SyncManager( 486): No initial accounts
10-16 15:07:09.818 D/BluetoothManagerService( 486): Bluetooth boot completed
10-16 15:07:09.819 D/BluetoothManagerService( 486): Auto-enabling Bluetooth.
10-16 15:07:09.820 D/BluetoothA2dp( 486): Binding service...
10-16 15:07:09.823 D/BluetoothManagerService( 486): MESSAGE_ENABLE(0): mBluetooth = null
10-16 15:07:09.823 D/BluetoothManagerService( 486): binding Bluetooth service
10-16 15:07:09.824 I/BluetoothAirplaneModeListener( 486): start
10-16 15:07:09.828 D/CompatibilityChangeReporter( 486): Compat change id reported: 135634846; UID 1002; state: DISABLED
10-16 15:07:09.844 W/InputMethodUtils( 486): Found no fallback locale. imis=[InputMethodInfo{com.sohu.inputmethod.sogou.tv/.SogouIME, settings: com.sohu.inputmethod.sogou.SogouIMESettingsLauncher}]
10-16 15:07:09.845 W/InputMethodUtils( 486): No software keyboard is found. imis=[InputMethodInfo{com.sohu.inputmethod.sogou.tv/.SogouIME, settings: com.sohu.inputmethod.sogou.SogouIMESettingsLauncher}] systemLocale=zh_CN fallbackLocale=null
10-16 15:07:09.845 D/Zygote ( 242): Forked child process 669
10-16 15:07:09.847 I/ActivityManager( 486): app.processName = com.android.bluetooth
10-16 15:07:09.847 I/ActivityManager( 486): Start proc 669:com.android.bluetooth/1002 for service {com.android.bluetooth/com.android.bluetooth.btservice.AdapterService}
10-16 15:07:09.847 I/RebootEscrowManager( 486): No reboot escrow data found for users, skipping loading escrow data
10-16 15:07:09.851 I/WallpaperManagerService( 486): No static wallpaper imagery; defaults will be shown
10-16 15:07:09.851 V/WallpaperManagerService( 486): bindWallpaperComponentLocked: componentName=ComponentInfo{com.android.systemui/com.android.systemui.ImageWallpaper}
10-16 15:07:09.853 I/Zygote ( 669): seccomp disabled by setenforce 0
10-16 15:07:09.855 D/CompatibilityChangeReporter( 486): Compat change id reported: 135634846; UID 10061; state: DISABLED
10-16 15:07:09.855 D/CompatibilityChangeReporter( 486): Compat change id reported: 177438394; UID 10061; state: DISABLED
10-16 15:07:09.856 D/CompatibilityChangeReporter( 486): Compat change id reported: 135772972; UID 10061; state: DISABLED
10-16 15:07:09.856 D/CompatibilityChangeReporter( 486): Compat change id reported: 135754954; UID 10061; state: ENABLED
10-16 15:07:09.856 D/CompatibilityChangeReporter( 486): Compat change id reported: 143937733; UID 10061; state: ENABLED
10-16 15:07:09.860 I/EventThread( 262): type=1400 audit(0.0:336): avc: denied { search } for name="extcon" dev="sysfs" ino=18109 scontext=u:r:hal_tv_cec_default:s0 tcontext=u:object_r:sysfs_extcon:s0 tclass=dir permissive=1
10-16 15:07:09.869 D/Zygote ( 242): Forked child process 676
10-16 15:07:09.871 I/ActivityManager( 486): app.processName = com.android.systemui
10-16 15:07:09.871 I/ActivityManager( 486): Start proc 676:com.android.systemui/u0a61 for service {com.android.systemui/com.android.systemui.ImageWallpaper}
10-16 15:07:09.873 I/adbd ( 381): jdwp connection from 669
10-16 15:07:09.875 E/BitmapFactory( 486): Unable to decode stream: java.io.FileNotFoundException: /data/system/users/0/wallpaper_orig: open failed: ENOENT (No such file or directory)
10-16 15:07:09.875 W/WallpaperManagerService( 486): Invalid wallpaper data
10-16 15:07:09.875 E/WallpaperManagerService( 486): Unable to apply new wallpaper
10-16 15:07:09.877 D/AdbService( 486): systemReady
10-16 15:07:09.878 D/SoundTriggerService( 486): onBootPhase: 550 : false
10-16 15:07:09.878 I/SystemServerTimingAsync( 486): InitThreadPoolExec:UsbService$Lifecycle#onBootPhase
10-16 15:07:09.878 D/SystemServerInitThreadPool( 486): Started executing UsbService$Lifecycle#onBootPhase
10-16 15:07:09.878 V/audio_hw_primary( 247): adev_set_parameters, A2dpSuspended=false
10-16 15:07:09.880 E/android.hardware.usb@1.0-service( 263): Failed to open /sys/class/typec
10-16 15:07:09.880 D/SystemServerInitThreadPool( 486): Finished executing UsbService$Lifecycle#onBootPhase
10-16 15:07:09.880 E/UsbPortManager( 486): port status enquiry failed
10-16 15:07:09.881 D/BluetoothManagerService( 486): Trying to bind to profile: 1, while Bluetooth was disabled
10-16 15:07:09.881 I/AppBindingService( 486): Updating constants with: null
10-16 15:07:09.882 D/BluetoothA2dp( 486): Binding service...
10-16 15:07:09.884 I/Zygote ( 676): seccomp disabled by setenforce 0
10-16 15:07:09.897 I/PackageManager( 486): Permission ownership changed. Updating all permissions.
10-16 15:07:09.901 D/audio_hw_primary( 247): Mic get_audio_devices_active:
10-16 15:07:09.901 D/audio_hw_primary( 247): get_audio_devices_active: AUDIO_HDMI
10-16 15:07:09.901 D/xm_audio( 247): adev_get_parameters
10-16 15:07:09.902 I/hash_map_utils( 269): system/bt/osi/src/hash_map_utils.cc:81 hash_map_utils_dump_string_keys_string_values: key: 'audio_devices_out_active' value: ''
10-16 15:07:09.903 V/audio_hw_primary( 247): adev_set_parameters, mediasw.sft.rawdata=HDMI_RAW
10-16 15:07:09.900 I//system/bin/init( 1): type=1107 audit(0.0:337): uid=0 auid=4294967295 ses=4294967295 subj=u:r:init:s0 msg='avc: denied { set } for property=vendor.mediasw.sft.rawdata pid=247 uid=1041 gid=1005 scontext=u:r:hal_audio_default:s0 tcontext=u:object_r:vendor_audio_prop:s0 tclass=property_service permissive=1'
10-16 15:07:09.906 I/adbd ( 381): jdwp connection from 676
10-16 15:07:09.911 I/AudioFlinger( 269): systemReady
10-16 15:07:09.915 D/AS.AudioService( 486): No vibrator found
10-16 15:07:09.924 I/rainbow_flow( 324): type=1400 audit(0.0:338): avc: denied { ioctl } for path="/dev/spidev1.0" dev="tmpfs" ino=1274 ioctlcmd=0x6b00 scontext=u:r:init:s0 tcontext=u:object_r:device:s0 tclass=chr_file permissive=1
10-16 15:07:09.942 D/MediaCodecList( 353): Allowing all OMX codecs
10-16 15:07:09.944 E/cutils-trace( 353): Error opening trace file: No such file or directory (2)
10-16 15:07:09.948 I/OMXClient( 353): IOmx service obtained
10-16 15:07:09.949 I/OMXStore( 362): makeComponentInstance(OMX.allwinner.video.decoder.avc) in android.hardwar process
10-16 15:07:09.950 W/SystemServiceManager( 486): Service com.android.server.policy.PermissionPolicyService took 68 ms in onBootPhase
10-16 15:07:09.950 W/ActivityManager( 486): Slow operation: 53ms so far, now at attachApplicationLocked: before bindApplication
10-16 15:07:09.950 I/SystemServerTiming( 486): StartObservingNativeCrashes
10-16 15:07:09.950 I/SystemServerTiming( 486): RegisterAppOpsPolicy
10-16 15:07:09.951 D/CompatibilityChangeReporter( 486): Compat change id reported: 168419799; UID 1002; state: DISABLED
10-16 15:07:09.951 W/ActivityManager( 486): Slow operation: 55ms so far, now at attachApplicationLocked: immediately before bindApplication
10-16 15:07:09.957 W/ActivityManager( 486): Slow operation: 61ms so far, now at attachApplicationLocked: immediately after bindApplication
10-16 15:07:09.958 W/ActivityManager( 486): Slow operation: 61ms so far, now at attachApplicationLocked: after updateLruProcessLocked
10-16 15:07:09.958 I/omx_vdec_aw( 362): : OmxDecoderCreate.
10-16 15:07:09.959 W/omx_vdec( 362): <__AwOmxVdecSetParameter:1561>: Set Parameter called in valid state
10-16 15:07:09.960 W/omx_vdec( 362): : pParamProfileLevel->nProfileIndex[0x3] error!
10-16 15:07:09.960 E/OMXNodeInstance( 362): getParameter(0xea0fb000:allwinner.decoder.avc, ParamVideoProfileLevelQuerySupported(0x600000f)) ERROR: BadParameter(0x80001005)
10-16 15:07:09.962 W/omx_vdec( 362): <__AwOmxVdecGetExtensionIndex:1737>: GetExtensionIndex OMX.google.android.index.describeColorFormat, err [0x80001001].
10-16 15:07:09.962 W/omx_vdec( 362): <__AwOmxVdecGetExtensionIndex:1737>: GetExtensionIndex OMX.google.android.index.describeColorFormat2, err [0x80001001].
10-16 15:07:09.962 E/omx_vdec( 362): : erro: pParamData->nIndex > m_sPortFormatType.nIndex
10-16 15:07:09.962 W/omx_vdec( 362): <__AwOmxVdecGetExtensionIndex:1737>: GetExtensionIndex OMX.google.android.index.describeColorFormat, err [0x80001001].
10-16 15:07:09.962 W/omx_vdec( 362): <__AwOmxVdecGetExtensionIndex:1737>: GetExtensionIndex OMX.google.android.index.describeColorFormat2, err [0x80001001].
10-16 15:07:09.962 E/omx_vdec( 362): : erro: pParamData->nIndex > m_sPortFormatType.nIndex
10-16 15:07:09.962 W/omx_vdec( 362): <__AwOmxVdecGetExtensionIndex:1737>: GetExtensionIndex OMX.google.android.index.describeColorFormat, err [0x80001001].
10-16 15:07:09.962 W/omx_vdec( 362): <__AwOmxVdecGetExtensionIndex:1737>: GetExtensionIndex OMX.google.android.index.describeColorFormat2, err [0x80001001].
10-16 15:07:09.963 E/omx_vdec( 362): : erro: pParamData->nIndex > m_sPortFormatType.nIndex
10-16 15:07:09.963 W/omx_vdec( 362): <__AwOmxVdecGetExtensionIndex:1737>: GetExtensionIndex OMX.google.android.index.describeColorFormat, err [0x80001001].
10-16 15:07:09.963 W/omx_vdec( 362): <__AwOmxVdecGetExtensionIndex:1737>: GetExtensionIndex OMX.google.android.index.describeColorFormat2, err [0x80001001].
10-16 15:07:09.963 E/omx_vdec( 362): : erro: pParamData->nIndex > m_sPortFormatType.nIndex
10-16 15:07:09.963 W/ActivityManager( 486): Slow operation: 66ms so far, now at attachApplicationLocked: after mServices.attachApplicationLocked
10-16 15:07:09.963 W/omx_vdec( 362): <__AwOmxVdecGetExtensionIndex:1737>: GetExtensionIndex OMX.google.android.index.describeColorFormat, err [0x80001001].
10-16 15:07:09.963 W/omx_vdec( 362): <__AwOmxVdecGetExtensionIndex:1737>: GetExtensionIndex OMX.google.android.index.describeColorFormat2, err [0x80001001].
10-16 15:07:09.963 E/omx_vdec( 362): : erro: pParamData->nIndex > m_sPortFormatType.nIndex
10-16 15:07:09.963 W/omx_vdec( 362): <__AwOmxVdecGetExtensionIndex:1737>: GetExtensionIndex OMX.google.android.index.describeColorFormat, err [0x80001001].
10-16 15:07:09.964 W/omx_vdec( 362): <__AwOmxVdecGetExtensionIndex:1737>: GetExtensionIndex OMX.google.android.index.describeColorFormat2, err [0x80001001].
10-16 15:07:09.964 E/omx_vdec( 362): : erro: pParamData->nIndex > m_sPortFormatType.nIndex
10-16 15:07:09.964 W/omx_vdec( 362): <__AwOmxVdecGetExtensionIndex:1737>: GetExtensionIndex OMX.google.android.index.describeColorFormat, err [0x80001001].
10-16 15:07:09.964 W/omx_vdec( 362): <__AwOmxVdecGetExtensionIndex:1737>: GetExtensionIndex OMX.google.android.index.describeColorFormat2, err [0x80001001].
10-16 15:07:09.964 E/omx_vdec( 362): : erro: pParamData->nIndex > m_sPortFormatType.nIndex
10-16 15:07:09.964 W/omx_vdec( 362): <__AwOmxVdecGetExtensionIndex:1737>: GetExtensionIndex OMX.google.android.index.describeColorFormat, err [0x80001001].
10-16 15:07:09.964 W/omx_vdec( 362): <__AwOmxVdecGetExtensionIndex:1737>: GetExtensionIndex OMX.google.android.index.describeColorFormat2, err [0x80001001].
10-16 15:07:09.965 D/CompatibilityChangeReporter( 669): Compat change id reported: 171979766; UID 1002; state: ENABLED
10-16 15:07:09.965 E/omx_vdec( 362): : erro: pParamData->nIndex > m_sPortFormatType.nIndex
10-16 15:07:09.965 W/omx_vdec( 362): <__AwOmxVdecGetExtensionIndex:1737>: GetExtensionIndex OMX.google.android.index.describeColorFormat, err [0x80001001].
10-16 15:07:09.965 W/omx_vdec( 362): <__AwOmxVdecGetExtensionIndex:1737>: GetExtensionIndex OMX.google.android.index.describeColorFormat2, err [0x80001001].
10-16 15:07:09.965 E/omx_vdec( 362): : erro: pParamData->nIndex > m_sPortFormatType.nIndex
10-16 15:07:09.965 W/omx_vdec( 362): <__AwOmxVdecGetExtensionIndex:1737>: GetExtensionIndex OMX.google.android.index.describeColorFormat, err [0x80001001].
10-16 15:07:09.965 W/omx_vdec( 362): <__AwOmxVdecGetExtensionIndex:1737>: GetExtensionIndex OMX.google.android.index.describeColorFormat2, err [0x80001001].
10-16 15:07:09.966 E/omx_vdec( 362): : erro: pParamData->nIndex > m_sPortFormatType.nIndex
10-16 15:07:09.966 W/omx_vdec( 362): <__AwOmxVdecGetExtensionIndex:1737>: GetExtensionIndex OMX.google.android.index.describeColorFormat, err [0x80001001].
10-16 15:07:09.966 W/omx_vdec( 362): <__AwOmxVdecGetExtensionIndex:1737>: GetExtensionIndex OMX.google.android.index.describeColorFormat2, err [0x80001001].
10-16 15:07:09.966 E/omx_vdec( 362): : erro: pParamData->nIndex > m_sPortFormatType.nIndex
10-16 15:07:09.966 W/omx_vdec( 362): <__AwOmxVdecGetExtensionIndex:1737>: GetExtensionIndex OMX.google.android.index.describeColorFormat, err [0x80001001].
10-16 15:07:09.966 W/omx_vdec( 362): <__AwOmxVdecGetExtensionIndex:1737>: GetExtensionIndex OMX.google.android.index.describeColorFormat2, err [0x80001001].
10-16 15:07:09.966 E/omx_vdec( 362): : erro: pParamData->nIndex > m_sPortFormatType.nIndex
10-16 15:07:09.967 W/omx_vdec( 362): <__AwOmxVdecGetExtensionIndex:1737>: GetExtensionIndex OMX.google.android.index.describeColorFormat, err [0x80001001].
10-16 15:07:09.967 D/CompatibilityChangeReporter( 486): Compat change id reported: 168419799; UID 10061; state: DISABLED
10-16 15:07:09.967 W/omx_vdec( 362): <__AwOmxVdecGetExtensionIndex:1737>: GetExtensionIndex OMX.google.android.index.describeColorFormat2, err [0x80001001].
10-16 15:07:09.967 E/omx_vdec( 362): : erro: pParamData->nIndex > m_sPortFormatType.nIndex
10-16 15:07:09.967 W/omx_vdec( 362): <__AwOmxVdecGetExtensionIndex:1737>: GetExtensionIndex OMX.google.android.index.describeColorFormat, err [0x80001001].
10-16 15:07:09.967 W/omx_vdec( 362): <__AwOmxVdecGetExtensionIndex:1737>: GetExtensionIndex OMX.google.android.index.describeColorFormat2, err [0x80001001].
10-16 15:07:09.967 E/omx_vdec( 362): : erro: pParamData->nIndex > m_sPortFormatType.nIndex
10-16 15:07:09.967 V/audio_hw_primary( 247): adev_set_parameters, BT_SCO=off
10-16 15:07:09.968 W/omx_vdec( 362): <__AwOmxVdecGetExtensionIndex:1737>: GetExtensionIndex OMX.google.android.index.describeColorFormat, err [0x80001001].
10-16 15:07:09.968 W/omx_vdec( 362): <__AwOmxVdecGetExtensionIndex:1737>: GetExtensionIndex OMX.google.android.index.describeColorFormat2, err [0x80001001].
10-16 15:07:09.968 E/omx_vdec( 362): : erro: pParamData->nIndex > m_sPortFormatType.nIndex
10-16 15:07:09.968 W/omx_vdec( 362): <__AwOmxVdecGetExtensionIndex:1737>: GetExtensionIndex OMX.google.android.index.describeColorFormat, err [0x80001001].
10-16 15:07:09.968 I/AS.AudioDeviceInventory( 486): removePreferredDevicesForStrategySync, strategy: 14
10-16 15:07:09.973 W/omx_vdec( 362): <__AwOmxVdecGetExtensionIndex:1737>: GetExtensionIndex OMX.google.android.index.describeColorFormat2, err [0x80001001].
10-16 15:07:09.974 E/omx_vdec( 362): : erro: pParamData->nIndex > m_sPortFormatType.nIndex
10-16 15:07:09.974 W/omx_vdec( 362): <__AwOmxVdecGetExtensionIndex:1737>: GetExtensionIndex OMX.google.android.index.describeColorFormat, err [0x80001001].
10-16 15:07:09.974 W/omx_vdec( 362): <__AwOmxVdecGetExtensionIndex:1737>: GetExtensionIndex OMX.google.android.index.describeColorFormat2, err [0x80001001].
10-16 15:07:09.974 E/omx_vdec( 362): : erro: pParamData->nIndex > m_sPortFormatType.nIndex
10-16 15:07:09.974 W/omx_vdec( 362): <__AwOmxVdecGetExtensionIndex:1737>: GetExtensionIndex OMX.google.android.index.describeColorFormat, err [0x80001001].
10-16 15:07:09.974 W/omx_vdec( 362): <__AwOmxVdecGetExtensionIndex:1737>: GetExtensionIndex OMX.google.android.index.describeColorFormat2, err [0x80001001].
10-16 15:07:09.974 E/omx_vdec( 362): : erro: pParamData->nIndex > m_sPortFormatType.nIndex
10-16 15:07:09.975 W/omx_vdec( 362): <__AwOmxVdecGetExtensionIndex:1737>: GetExtensionIndex OMX.google.android.index.describeColorFormat, err [0x80001001].
10-16 15:07:09.975 W/omx_vdec( 362): <__AwOmxVdecGetExtensionIndex:1737>: GetExtensionIndex OMX.google.android.index.describeColorFormat2, err [0x80001001].
10-16 15:07:09.975 E/omx_vdec( 362): : erro: pParamData->nIndex > m_sPortFormatType.nIndex
10-16 15:07:09.975 W/omx_vdec( 362): <__AwOmxVdecGetExtensionIndex:1737>: GetExtensionIndex OMX.google.android.index.describeColorFormat, err [0x80001001].
10-16 15:07:09.975 W/omx_vdec( 362): <__AwOmxVdecGetExtensionIndex:1737>: GetExtensionIndex OMX.google.android.index.describeColorFormat2, err [0x80001001].
10-16 15:07:09.976 E/omx_vdec( 362): : erro: pParamData->nIndex > m_sPortFormatType.nIndex
10-16 15:07:09.976 W/omx_vdec( 362): <__AwOmxVdecGetExtensionIndex:1737>: GetExtensionIndex OMX.google.android.index.describeColorFormat, err [0x80001001].
10-16 15:07:09.976 W/omx_vdec( 362): <__AwOmxVdecGetExtensionIndex:1737>: GetExtensionIndex OMX.google.android.index.describeColorFormat2, err [0x80001001].
10-16 15:07:09.976 D/CompatibilityChangeReporter( 676): Compat change id reported: 171979766; UID 10061; state: ENABLED
10-16 15:07:09.977 E/omx_vdec( 362): : erro: pParamData->nIndex > m_sPortFormatType.nIndex
10-16 15:07:09.977 W/omx_vdec( 362): <__AwOmxVdecGetExtensionIndex:1737>: GetExtensionIndex OMX.google.android.index.describeColorFormat, err [0x80001001].
10-16 15:07:09.977 I/SystemServerTiming( 486): MakeNetworkManagementServiceReady
10-16 15:07:09.977 W/omx_vdec( 362): <__AwOmxVdecGetExtensionIndex:1737>: GetExtensionIndex OMX.google.android.index.describeColorFormat2, err [0x80001001].
10-16 15:07:09.977 I/SystemServerTimingAsync( 486): InitThreadPoolExec:WebViewFactoryPreparation
10-16 15:07:09.977 D/SystemServerInitThreadPool( 486): Started executing WebViewFactoryPreparation
10-16 15:07:09.977 I/SystemServer( 486): WebViewFactoryPreparation
10-16 15:07:09.977 I/SystemServerTimingAsync( 486): WebViewFactoryPreparation
10-16 15:07:09.977 E/omx_vdec( 362): : erro: pParamData->nIndex > m_sPortFormatType.nIndex
10-16 15:07:09.977 W/omx_vdec( 362): <__AwOmxVdecGetExtensionIndex:1737>: GetExtensionIndex OMX.google.android.index.describeColorFormat, err [0x80001001].
10-16 15:07:09.978 W/omx_vdec( 362): <__AwOmxVdecGetExtensionIndex:1737>: GetExtensionIndex OMX.google.android.index.describeColorFormat2, err [0x80001001].
10-16 15:07:09.978 E/omx_vdec( 362): : erro: pParamData->nIndex > m_sPortFormatType.nIndex
10-16 15:07:09.978 W/omx_vdec( 362): <__AwOmxVdecGetExtensionIndex:1737>: GetExtensionIndex OMX.google.android.index.describeColorFormat, err [0x80001001].
10-16 15:07:09.978 W/omx_vdec( 362): <__AwOmxVdecGetExtensionIndex:1737>: GetExtensionIndex OMX.google.android.index.describeColorFormat2, err [0x80001001].
10-16 15:07:09.978 E/omx_vdec( 362): : erro: pParamData->nIndex > m_sPortFormatType.nIndex
10-16 15:07:09.978 W/NetworkManagement( 486): setDataSaverMode(): already false
10-16 15:07:09.978 W/omx_vdec( 362): <__AwOmxVdecGetExtensionIndex:1737>: GetExtensionIndex OMX.google.android.index.describeColorFormat, err [0x80001001].
10-16 15:07:09.978 W/omx_vdec( 362): <__AwOmxVdecGetExtensionIndex:1737>: GetExtensionIndex OMX.google.android.index.describeColorFormat2, err [0x80001001].
10-16 15:07:09.979 E/omx_vdec( 362): : erro: pParamData->nIndex > m_sPortFormatType.nIndex
10-16 15:07:09.979 W/omx_vdec( 362): <__AwOmxVdecGetExtensionIndex:1737>: GetExtensionIndex OMX.google.android.index.describeColorFormat, err [0x80001001].
10-16 15:07:09.979 W/omx_vdec( 362): <__AwOmxVdecGetExtensionIndex:1737>: GetExtensionIndex OMX.google.android.index.describeColorFormat2, err [0x80001001].
10-16 15:07:09.979 E/omx_vdec( 362): : erro: pParamData->nIndex > m_sPortFormatType.nIndex
10-16 15:07:09.980 W/omx_vdec( 362): <__AwOmxVdecGetExtensionIndex:1737>: GetExtensionIndex OMX.google.android.index.describeColorFormat, err [0x80001001].
10-16 15:07:09.980 W/omx_vdec( 362): <__AwOmxVdecGetExtensionIndex:1737>: GetExtensionIndex OMX.google.android.index.describeColorFormat2, err [0x80001001].
10-16 15:07:09.980 E/omx_vdec( 362): : erro: pParamData->nIndex > m_sPortFormatType.nIndex
10-16 15:07:09.980 I/SystemServerTiming( 486): MakeIpSecServiceReady
10-16 15:07:09.980 W/omx_vdec( 362): <__AwOmxVdecGetExtensionIndex:1737>: GetExtensionIndex OMX.google.android.index.describeColorFormat, err [0x80001001].
10-16 15:07:09.980 W/omx_vdec( 362): <__AwOmxVdecGetExtensionIndex:1737>: GetExtensionIndex OMX.google.android.index.describeColorFormat2, err [0x80001001].
10-16 15:07:09.980 E/omx_vdec( 362): : erro: pParamData->nIndex > m_sPortFormatType.nIndex
10-16 15:07:09.980 D/CompatibilityChangeReporter( 486): Compat change id reported: 135634846; UID 1000; state: DISABLED
10-16 15:07:09.981 W/omx_vdec( 362): <__AwOmxVdecGetExtensionIndex:1737>: GetExtensionIndex OMX.google.android.index.describeColorFormat, err [0x80001001].
10-16 15:07:09.981 W/omx_vdec( 362): <__AwOmxVdecGetExtensionIndex:1737>: GetExtensionIndex OMX.google.android.index.describeColorFormat2, err [0x80001001].
10-16 15:07:09.981 E/omx_vdec( 362): : erro: pParamData->nIndex > m_sPortFormatType.nIndex
10-16 15:07:09.981 W/omx_vdec( 362): <__AwOmxVdecGetExtensionIndex:1737>: GetExtensionIndex OMX.google.android.index.describeColorFormat, err [0x80001001].
10-16 15:07:09.982 W/omx_vdec( 362): <__AwOmxVdecGetExtensionIndex:1737>: GetExtensionIndex OMX.google.android.index.describeColorFormat2, err [0x80001001].
10-16 15:07:09.982 E/omx_vdec( 362): : erro: pParamData->nIndex > m_sPortFormatType.nIndex
10-16 15:07:09.982 W/omx_vdec( 362): <__AwOmxVdecGetExtensionIndex:1737>: GetExtensionIndex OMX.google.android.index.describeColorFormat, err [0x80001001].
10-16 15:07:09.982 W/omx_vdec( 362): <__AwOmxVdecGetExtensionIndex:1737>: GetExtensionIndex OMX.google.android.index.describeColorFormat2, err [0x80001001].
10-16 15:07:09.982 E/omx_vdec( 362): : erro: pParamData->nIndex > m_sPortFormatType.nIndex
10-16 15:07:09.982 D/CompatibilityChangeReporter( 486): Compat change id reported: 177438394; UID 1000; state: DISABLED
10-16 15:07:09.982 W/omx_vdec( 362): <__AwOmxVdecGetExtensionIndex:1737>: GetExtensionIndex OMX.google.android.index.describeColorFormat, err [0x80001001].
10-16 15:07:09.982 D/CompatibilityChangeReporter( 486): Compat change id reported: 135772972; UID 1000; state: DISABLED
10-16 15:07:09.982 D/CompatibilityChangeReporter( 486): Compat change id reported: 178038272; UID 1000; state: DISABLED
10-16 15:07:09.983 W/omx_vdec( 362): <__AwOmxVdecGetExtensionIndex:1737>: GetExtensionIndex OMX.google.android.index.describeColorFormat2, err [0x80001001].
10-16 15:07:09.983 E/omx_vdec( 362): : erro: pParamData->nIndex > m_sPortFormatType.nIndex
10-16 15:07:09.983 W/omx_vdec( 362): <__AwOmxVdecGetExtensionIndex:1737>: GetExtensionIndex OMX.google.android.index.describeColorFormat, err [0x80001001].
10-16 15:07:09.985 D/SystemServerInitThreadPool( 486): Finished executing WebViewFactoryPreparation
10-16 15:07:09.986 W/omx_vdec( 362): <__AwOmxVdecGetExtensionIndex:1737>: GetExtensionIndex OMX.google.android.index.describeColorFormat2, err [0x80001001].
10-16 15:07:09.987 W/ACodec ( 353): [OMX.allwinner.video.decoder.avc] stopping checking formats after 32: COLOR_FormatYUV420Planar(13)
10-16 15:07:09.987 W/omx_vdec( 362): <__AwOmxVdecGetExtensionIndex:1737>: GetExtensionIndex OMX.google.android.index.configureVideoTunnelMode, err [0x80001001].
10-16 15:07:09.987 E/OMXNodeInstance( 362): getExtensionIndex(0xea0fb000:allwinner.decoder.avc, OMX.google.android.index.configureVideoTunnelMode) ERROR: Undefined(0x80001001)
10-16 15:07:09.987 D/MediaCodecInfo( 353): detail feature-tunneled-playback wasn't present to remove
10-16 15:07:09.988 W/omx_vdec( 362): <__AwOmxVdecGetExtensionIndex:1737>: GetExtensionIndex OMX.google.android.index.storeANWBufferInMetadata, err [0x80001001].
10-16 15:07:09.988 W/omx_vdec_aw( 362): <__anSetExtPara:3011>: Setparameter: unknown param 2131755011
10-16 15:07:09.988 W/OMXNodeInstance( 362): [0xea0fb000:allwinner.decoder.avc] component does not support metadata mode; using fallback
10-16 15:07:09.989 W/libc ( 362): invalid pthread_t (0) passed to pthread_join
10-16 15:07:09.989 W/libc ( 362): invalid pthread_t (0) passed to pthread_join
10-16 15:07:09.989 W/libc ( 362): invalid pthread_t (0) passed to pthread_join
10-16 15:07:09.994 I/OMXClient( 353): IOmx service obtained
10-16 15:07:09.994 I/OMXStore( 362): makeComponentInstance(OMX.allwinner.video.decoder.avc.secure) in android.hardwar process
10-16 15:07:09.999 E/omx_vdec( 362): : This platform does not support secure video playback
10-16 15:07:09.999 E/omx_sem ( 362): : handle is null
10-16 15:07:09.999 E/omx_sem ( 362): : handle is null
10-16 15:07:09.999 E/omx_sem ( 362): : handle is null
10-16 15:07:09.999 E/omx_sem ( 362): : handle is null
10-16 15:07:09.999 E/omx_sem ( 362): : handle is null
10-16 15:07:09.999 W/omx_vdec_aw( 362): : pdec is null
10-16 15:07:09.999 E/android.hardware.media.omx@1.0-service( 362): Failed to allocate omx component 'OMX.allwinner.video.decoder.avc.secure' err=InvalidComponentName(0x80001002)
10-16 15:07:10.000 W/OmxInfoBuilder( 353): Fail to add media type video/avc to codec OMX.allwinner.video.decoder.avc.secure
10-16 15:07:10.002 I/OMXClient( 353): IOmx service obtained
10-16 15:07:10.002 I/OMXStore( 362): makeComponentInstance(OMX.allwinner.video.decoder.hevc) in android.hardwar process
10-16 15:07:10.003 D/Zygote ( 242): Forked child process 717
10-16 15:07:10.003 I/omx_vdec_aw( 362): : OmxDecoderCreate.
10-16 15:07:10.004 I/ActivityManager( 486): app.processName = WebViewLoader-armeabi-v7a
10-16 15:07:10.004 I/ActivityManager( 486): Start proc 717:WebViewLoader-armeabi-v7a/1037 [android.webkit.WebViewLibraryLoader$RelroFileCreator] for null
10-16 15:07:10.005 W/omx_vdec( 362): <__AwOmxVdecSetParameter:1561>: Set Parameter called in valid state
10-16 15:07:10.006 W/omx_vdec( 362): : pParamProfileLevel->nProfileIndex[0x1] error!
10-16 15:07:10.006 E/OMXNodeInstance( 362): getParameter(0xea0fb000:allwinner.decoder.hevc, ParamVideoProfileLevelQuerySupported(0x600000f)) ERROR: BadParameter(0x80001005)
10-16 15:07:10.006 W/omx_vdec( 362): <__AwOmxVdecGetExtensionIndex:1737>: GetExtensionIndex OMX.google.android.index.describeColorFormat, err [0x80001001].
10-16 15:07:10.006 W/omx_vdec( 362): <__AwOmxVdecGetExtensionIndex:1737>: GetExtensionIndex OMX.google.android.index.describeColorFormat2, err [0x80001001].
10-16 15:07:10.006 E/omx_vdec( 362): : erro: pParamData->nIndex > m_sPortFormatType.nIndex
10-16 15:07:10.006 W/omx_vdec( 362): <__AwOmxVdecGetExtensionIndex:1737>: GetExtensionIndex OMX.google.android.index.describeColorFormat, err [0x80001001].
10-16 15:07:10.007 W/omx_vdec( 362): <__AwOmxVdecGetExtensionIndex:1737>: GetExtensionIndex OMX.google.android.index.describeColorFormat2, err [0x80001001].
10-16 15:07:10.007 E/omx_vdec( 362): : erro: pParamData->nIndex > m_sPortFormatType.nIndex
10-16 15:07:10.007 D/IpSecService( 486): IpSecService is ready
10-16 15:07:10.007 I/SystemServerTiming( 486): MakeNetworkStatsServiceReady
10-16 15:07:10.007 W/omx_vdec( 362): <__AwOmxVdecGetExtensionIndex:1737>: GetExtensionIndex OMX.google.android.index.describeColorFormat, err [0x80001001].
10-16 15:07:10.007 W/omx_vdec( 362): <__AwOmxVdecGetExtensionIndex:1737>: GetExtensionIndex OMX.google.android.index.describeColorFormat2, err [0x80001001].
10-16 15:07:10.007 E/omx_vdec( 362): : erro: pParamData->nIndex > m_sPortFormatType.nIndex
10-16 15:07:10.007 W/omx_vdec( 362): <__AwOmxVdecGetExtensionIndex:1737>: GetExtensionIndex OMX.google.android.index.describeColorFormat, err [0x80001001].
10-16 15:07:10.008 W/omx_vdec( 362): <__AwOmxVdecGetExtensionIndex:1737>: GetExtensionIndex OMX.google.android.index.describeColorFormat2, err [0x80001001].
10-16 15:07:10.008 E/omx_vdec( 362): : erro: pParamData->nIndex > m_sPortFormatType.nIndex
10-16 15:07:10.008 W/omx_vdec( 362): <__AwOmxVdecGetExtensionIndex:1737>: GetExtensionIndex OMX.google.android.index.describeColorFormat, err [0x80001001].
10-16 15:07:10.008 W/omx_vdec( 362): <__AwOmxVdecGetExtensionIndex:1737>: GetExtensionIndex OMX.google.android.index.describeColorFormat2, err [0x80001001].
10-16 15:07:10.008 E/omx_vdec( 362): : erro: pParamData->nIndex > m_sPortFormatType.nIndex
10-16 15:07:10.008 W/omx_vdec( 362): <__AwOmxVdecGetExtensionIndex:1737>: GetExtensionIndex OMX.google.android.index.describeColorFormat, err [0x80001001].
10-16 15:07:10.008 W/omx_vdec( 362): <__AwOmxVdecGetExtensionIndex:1737>: GetExtensionIndex OMX.google.android.index.describeColorFormat2, err [0x80001001].
10-16 15:07:10.008 E/omx_vdec( 362): : erro: pParamData->nIndex > m_sPortFormatType.nIndex
10-16 15:07:10.009 W/omx_vdec( 362): <__AwOmxVdecGetExtensionIndex:1737>: GetExtensionIndex OMX.google.android.index.describeColorFormat, err [0x80001001].
10-16 15:07:10.009 W/omx_vdec( 362): <__AwOmxVdecGetExtensionIndex:1737>: GetExtensionIndex OMX.google.android.index.describeColorFormat2, err [0x80001001].
10-16 15:07:10.009 E/omx_vdec( 362): : erro: pParamData->nIndex > m_sPortFormatType.nIndex
10-16 15:07:10.009 W/omx_vdec( 362): <__AwOmxVdecGetExtensionIndex:1737>: GetExtensionIndex OMX.google.android.index.describeColorFormat, err [0x80001001].
10-16 15:07:10.009 W/omx_vdec( 362): <__AwOmxVdecGetExtensionIndex:1737>: GetExtensionIndex OMX.google.android.index.describeColorFormat2, err [0x80001001].
10-16 15:07:10.009 E/omx_vdec( 362): : erro: pParamData->nIndex > m_sPortFormatType.nIndex
10-16 15:07:10.009 W/omx_vdec( 362): <__AwOmxVdecGetExtensionIndex:1737>: GetExtensionIndex OMX.google.android.index.describeColorFormat, err [0x80001001].
10-16 15:07:10.010 W/omx_vdec( 362): <__AwOmxVdecGetExtensionIndex:1737>: GetExtensionIndex OMX.google.android.index.describeColorFormat2, err [0x80001001].
10-16 15:07:10.010 E/omx_vdec( 362): : erro: pParamData->nIndex > m_sPortFormatType.nIndex
10-16 15:07:10.010 W/omx_vdec( 362): <__AwOmxVdecGetExtensionIndex:1737>: GetExtensionIndex OMX.google.android.index.describeColorFormat, err [0x80001001].
10-16 15:07:10.010 W/omx_vdec( 362): <__AwOmxVdecGetExtensionIndex:1737>: GetExtensionIndex OMX.google.android.index.describeColorFormat2, err [0x80001001].
10-16 15:07:10.010 E/omx_vdec( 362): : erro: pParamData->nIndex > m_sPortFormatType.nIndex
10-16 15:07:10.010 W/omx_vdec( 362): <__AwOmxVdecGetExtensionIndex:1737>: GetExtensionIndex OMX.google.android.index.describeColorFormat, err [0x80001001].
10-16 15:07:10.010 W/omx_vdec( 362): <__AwOmxVdecGetExtensionIndex:1737>: GetExtensionIndex OMX.google.android.index.describeColorFormat2, err [0x80001001].
10-16 15:07:10.010 E/omx_vdec( 362): : erro: pParamData->nIndex > m_sPortFormatType.nIndex
10-16 15:07:10.011 W/omx_vdec( 362): <__AwOmxVdecGetExtensionIndex:1737>: GetExtensionIndex OMX.google.android.index.describeColorFormat, err [0x80001001].
10-16 15:07:10.011 W/omx_vdec( 362): <__AwOmxVdecGetExtensionIndex:1737>: GetExtensionIndex OMX.google.android.index.describeColorFormat2, err [0x80001001].
10-16 15:07:10.011 W/BatteryExternalStatsWorker( 486): error reading modem stats:ERROR_PHONE_NOT_AVAILABLE
10-16 15:07:10.011 E/omx_vdec( 362): : erro: pParamData->nIndex > m_sPortFormatType.nIndex
10-16 15:07:10.011 W/omx_vdec( 362): <__AwOmxVdecGetExtensionIndex:1737>: GetExtensionIndex OMX.google.android.index.describeColorFormat, err [0x80001001].
10-16 15:07:10.011 W/omx_vdec( 362): <__AwOmxVdecGetExtensionIndex:1737>: GetExtensionIndex OMX.google.android.index.describeColorFormat2, err [0x80001001].
10-16 15:07:10.011 E/omx_vdec( 362): : erro: pParamData->nIndex > m_sPortFormatType.nIndex
10-16 15:07:10.011 I/Zygote ( 717): seccomp disabled by setenforce 0
10-16 15:07:10.012 W/omx_vdec( 362): <__AwOmxVdecGetExtensionIndex:1737>: GetExtensionIndex OMX.google.android.index.describeColorFormat, err [0x80001001].
10-16 15:07:10.012 W/omx_vdec( 362): <__AwOmxVdecGetExtensionIndex:1737>: GetExtensionIndex OMX.google.android.index.describeColorFormat2, err [0x80001001].
10-16 15:07:10.012 E/omx_vdec( 362): : erro: pParamData->nIndex > m_sPortFormatType.nIndex
10-16 15:07:10.012 W/omx_vdec( 362): <__AwOmxVdecGetExtensionIndex:1737>: GetExtensionIndex OMX.google.android.index.describeColorFormat, err [0x80001001].
10-16 15:07:10.012 W/NetworkPolicy( 486): setRestrictBackgroundUL: already false
10-16 15:07:10.013 W/omx_vdec( 362): <__AwOmxVdecGetExtensionIndex:1737>: GetExtensionIndex OMX.google.android.index.describeColorFormat2, err [0x80001001].
10-16 15:07:10.013 E/omx_vdec( 362): : erro: pParamData->nIndex > m_sPortFormatType.nIndex
10-16 15:07:10.013 W/omx_vdec( 362): <__AwOmxVdecGetExtensionIndex:1737>: GetExtensionIndex OMX.google.android.index.describeColorFormat, err [0x80001001].
10-16 15:07:10.013 W/omx_vdec( 362): <__AwOmxVdecGetExtensionIndex:1737>: GetExtensionIndex OMX.google.android.index.describeColorFormat2, err [0x80001001].
10-16 15:07:10.013 E/omx_vdec( 362): : erro: pParamData->nIndex > m_sPortFormatType.nIndex
10-16 15:07:10.013 W/omx_vdec( 362): <__AwOmxVdecGetExtensionIndex:1737>: GetExtensionIndex OMX.google.android.index.describeColorFormat, err [0x80001001].
10-16 15:07:10.014 W/omx_vdec( 362): <__AwOmxVdecGetExtensionIndex:1737>: GetExtensionIndex OMX.google.android.index.describeColorFormat2, err [0x80001001].
10-16 15:07:10.014 E/omx_vdec( 362): : erro: pParamData->nIndex > m_sPortFormatType.nIndex
10-16 15:07:10.014 W/omx_vdec( 362): <__AwOmxVdecGetExtensionIndex:1737>: GetExtensionIndex OMX.google.android.index.describeColorFormat, err [0x80001001].
10-16 15:07:10.014 W/omx_vdec( 362): <__AwOmxVdecGetExtensionIndex:1737>: GetExtensionIndex OMX.google.android.index.describeColorFormat2, err [0x80001001].
10-16 15:07:10.014 E/omx_vdec( 362): : erro: pParamData->nIndex > m_sPortFormatType.nIndex
10-16 15:07:10.014 W/omx_vdec( 362): <__AwOmxVdecGetExtensionIndex:1737>: GetExtensionIndex OMX.google.android.index.describeColorFormat, err [0x80001001].
10-16 15:07:10.014 W/omx_vdec( 362): <__AwOmxVdecGetExtensionIndex:1737>: GetExtensionIndex OMX.google.android.index.describeColorFormat2, err [0x80001001].
10-16 15:07:10.015 E/omx_vdec( 362): : erro: pParamData->nIndex > m_sPortFormatType.nIndex
10-16 15:07:10.015 W/omx_vdec( 362): <__AwOmxVdecGetExtensionIndex:1737>: GetExtensionIndex OMX.google.android.index.describeColorFormat, err [0x80001001].
10-16 15:07:10.015 W/omx_vdec( 362): <__AwOmxVdecGetExtensionIndex:1737>: GetExtensionIndex OMX.google.android.index.describeColorFormat2, err [0x80001001].
10-16 15:07:10.015 E/omx_vdec( 362): : erro: pParamData->nIndex > m_sPortFormatType.nIndex
10-16 15:07:10.015 W/omx_vdec( 362): <__AwOmxVdecGetExtensionIndex:1737>: GetExtensionIndex OMX.google.android.index.describeColorFormat, err [0x80001001].
10-16 15:07:10.015 W/omx_vdec( 362): <__AwOmxVdecGetExtensionIndex:1737>: GetExtensionIndex OMX.google.android.index.describeColorFormat2, err [0x80001001].
10-16 15:07:10.015 E/omx_vdec( 362): : erro: pParamData->nIndex > m_sPortFormatType.nIndex
10-16 15:07:10.016 W/omx_vdec( 362): <__AwOmxVdecGetExtensionIndex:1737>: GetExtensionIndex OMX.google.android.index.describeColorFormat, err [0x80001001].
10-16 15:07:10.016 W/omx_vdec( 362): <__AwOmxVdecGetExtensionIndex:1737>: GetExtensionIndex OMX.google.android.index.describeColorFormat2, err [0x80001001].
10-16 15:07:10.016 E/omx_vdec( 362): : erro: pParamData->nIndex > m_sPortFormatType.nIndex
10-16 15:07:10.016 W/omx_vdec( 362): <__AwOmxVdecGetExtensionIndex:1737>: GetExtensionIndex OMX.google.android.index.describeColorFormat, err [0x80001001].
10-16 15:07:10.016 W/omx_vdec( 362): <__AwOmxVdecGetExtensionIndex:1737>: GetExtensionIndex OMX.google.android.index.describeColorFormat2, err [0x80001001].
10-16 15:07:10.016 E/omx_vdec( 362): : erro: pParamData->nIndex > m_sPortFormatType.nIndex
10-16 15:07:10.016 W/omx_vdec( 362): <__AwOmxVdecGetExtensionIndex:1737>: GetExtensionIndex OMX.google.android.index.describeColorFormat, err [0x80001001].
10-16 15:07:10.016 W/omx_vdec( 362): <__AwOmxVdecGetExtensionIndex:1737>: GetExtensionIndex OMX.google.android.index.describeColorFormat2, err [0x80001001].
10-16 15:07:10.017 E/omx_vdec( 362): : erro: pParamData->nIndex > m_sPortFormatType.nIndex
10-16 15:07:10.017 W/omx_vdec( 362): <__AwOmxVdecGetExtensionIndex:1737>: GetExtensionIndex OMX.google.android.index.describeColorFormat, err [0x80001001].
10-16 15:07:10.017 W/omx_vdec( 362): <__AwOmxVdecGetExtensionIndex:1737>: GetExtensionIndex OMX.google.android.index.describeColorFormat2, err [0x80001001].
10-16 15:07:10.017 E/omx_vdec( 362): : erro: pParamData->nIndex > m_sPortFormatType.nIndex
10-16 15:07:10.017 W/omx_vdec( 362): <__AwOmxVdecGetExtensionIndex:1737>: GetExtensionIndex OMX.google.android.index.describeColorFormat, err [0x80001001].
10-16 15:07:10.017 W/omx_vdec( 362): <__AwOmxVdecGetExtensionIndex:1737>: GetExtensionIndex OMX.google.android.index.describeColorFormat2, err [0x80001001].
10-16 15:07:10.017 E/omx_vdec( 362): : erro: pParamData->nIndex > m_sPortFormatType.nIndex
10-16 15:07:10.017 W/omx_vdec( 362): <__AwOmxVdecGetExtensionIndex:1737>: GetExtensionIndex OMX.google.android.index.describeColorFormat, err [0x80001001].
10-16 15:07:10.018 W/omx_vdec( 362): <__AwOmxVdecGetExtensionIndex:1737>: GetExtensionIndex OMX.google.android.index.describeColorFormat2, err [0x80001001].
10-16 15:07:10.018 E/omx_vdec( 362): : erro: pParamData->nIndex > m_sPortFormatType.nIndex
10-16 15:07:10.018 W/omx_vdec( 362): <__AwOmxVdecGetExtensionIndex:1737>: GetExtensionIndex OMX.google.android.index.describeColorFormat, err [0x80001001].
10-16 15:07:10.018 W/omx_vdec( 362): <__AwOmxVdecGetExtensionIndex:1737>: GetExtensionIndex OMX.google.android.index.describeColorFormat2, err [0x80001001].
10-16 15:07:10.018 E/omx_vdec( 362): : erro: pParamData->nIndex > m_sPortFormatType.nIndex
10-16 15:07:10.018 W/omx_vdec( 362): <__AwOmxVdecGetExtensionIndex:1737>: GetExtensionIndex OMX.google.android.index.describeColorFormat, err [0x80001001].
10-16 15:07:10.018 W/omx_vdec( 362): <__AwOmxVdecGetExtensionIndex:1737>: GetExtensionIndex OMX.google.android.index.describeColorFormat2, err [0x80001001].
10-16 15:07:10.019 E/omx_vdec( 362): : erro: pParamData->nIndex > m_sPortFormatType.nIndex
10-16 15:07:10.019 W/omx_vdec( 362): <__AwOmxVdecGetExtensionIndex:1737>: GetExtensionIndex OMX.google.android.index.describeColorFormat, err [0x80001001].
10-16 15:07:10.019 W/omx_vdec( 362): <__AwOmxVdecGetExtensionIndex:1737>: GetExtensionIndex OMX.google.android.index.describeColorFormat2, err [0x80001001].
10-16 15:07:10.019 E/omx_vdec( 362): : erro: pParamData->nIndex > m_sPortFormatType.nIndex
10-16 15:07:10.019 W/omx_vdec( 362): <__AwOmxVdecGetExtensionIndex:1737>: GetExtensionIndex OMX.google.android.index.describeColorFormat, err [0x80001001].
10-16 15:07:10.019 W/omx_vdec( 362): <__AwOmxVdecGetExtensionIndex:1737>: GetExtensionIndex OMX.google.android.index.describeColorFormat2, err [0x80001001].
10-16 15:07:10.019 E/omx_vdec( 362): : erro: pParamData->nIndex > m_sPortFormatType.nIndex
10-16 15:07:10.019 W/omx_vdec( 362): <__AwOmxVdecGetExtensionIndex:1737>: GetExtensionIndex OMX.google.android.index.describeColorFormat, err [0x80001001].
10-16 15:07:10.020 W/omx_vdec( 362): <__AwOmxVdecGetExtensionIndex:1737>: GetExtensionIndex OMX.google.android.index.describeColorFormat2, err [0x80001001].
10-16 15:07:10.020 E/omx_vdec( 362): : erro: pParamData->nIndex > m_sPortFormatType.nIndex
10-16 15:07:10.020 W/omx_vdec( 362): <__AwOmxVdecGetExtensionIndex:1737>: GetExtensionIndex OMX.google.android.index.describeColorFormat, err [0x80001001].
10-16 15:07:10.020 W/omx_vdec( 362): <__AwOmxVdecGetExtensionIndex:1737>: GetExtensionIndex OMX.google.android.index.describeColorFormat2, err [0x80001001].
10-16 15:07:10.020 W/ACodec ( 353): [OMX.allwinner.video.decoder.hevc] stopping checking formats after 32: COLOR_FormatYUV420Planar(13)
10-16 15:07:10.020 W/omx_vdec( 362): <__AwOmxVdecGetExtensionIndex:1737>: GetExtensionIndex OMX.google.android.index.configureVideoTunnelMode, err [0x80001001].
10-16 15:07:10.020 E/OMXNodeInstance( 362): getExtensionIndex(0xea0fb000:allwinner.decoder.hevc, OMX.google.android.index.configureVideoTunnelMode) ERROR: Undefined(0x80001001)
10-16 15:07:10.020 D/MediaCodecInfo( 353): detail feature-tunneled-playback wasn't present to remove
10-16 15:07:10.021 W/omx_vdec( 362): <__AwOmxVdecGetExtensionIndex:1737>: GetExtensionIndex OMX.google.android.index.storeANWBufferInMetadata, err [0x80001001].
10-16 15:07:10.021 W/omx_vdec_aw( 362): <__anSetExtPara:3011>: Setparameter: unknown param 2131755011
10-16 15:07:10.021 W/OMXNodeInstance( 362): [0xea0fb000:allwinner.decoder.hevc] component does not support metadata mode; using fallback
10-16 15:07:10.021 W/BestClock( 486): java.time.DateTimeException: Missing NTP fix
10-16 15:07:10.021 W/libc ( 362): invalid pthread_t (0) passed to pthread_join
10-16 15:07:10.021 W/libc ( 362): invalid pthread_t (0) passed to pthread_join
10-16 15:07:10.021 W/libc ( 362): invalid pthread_t (0) passed to pthread_join
10-16 15:07:10.027 I/OMXClient( 353): IOmx service obtained
10-16 15:07:10.027 I/OMXStore( 362): makeComponentInstance(OMX.allwinner.video.decoder.hevc.secure) in android.hardwar process
10-16 15:07:10.029 E/omx_vdec( 362): : This platform does not support secure video playback
10-16 15:07:10.029 E/omx_sem ( 362): : handle is null
10-16 15:07:10.029 E/omx_sem ( 362): : handle is null
10-16 15:07:10.029 E/omx_sem ( 362): : handle is null
10-16 15:07:10.029 E/omx_sem ( 362): : handle is null
10-16 15:07:10.029 E/omx_sem ( 362): : handle is null
10-16 15:07:10.029 W/omx_vdec_aw( 362): : pdec is null
10-16 15:07:10.029 E/android.hardware.media.omx@1.0-service( 362): Failed to allocate omx component 'OMX.allwinner.video.decoder.hevc.secure' err=InvalidComponentName(0x80001002)
10-16 15:07:10.030 W/OmxInfoBuilder( 353): Fail to add media type video/hevc to codec OMX.allwinner.video.decoder.hevc.secure
10-16 15:07:10.031 I/OMXClient( 353): IOmx service obtained
10-16 15:07:10.032 I/OMXStore( 362): makeComponentInstance(OMX.allwinner.video.decoder.mpeg2) in android.hardwar process
10-16 15:07:10.033 I/omx_vdec_aw( 362): : OmxDecoderCreate.
10-16 15:07:10.034 W/omx_vdec( 362): <__AwOmxVdecSetParameter:1561>: Set Parameter called in valid state
10-16 15:07:10.035 W/omx_vdec( 362): : pParamProfileLevel->nProfileIndex[0x2] error!
10-16 15:07:10.035 E/OMXNodeInstance( 362): getParameter(0xea0fb000:allwinner.decoder.mpeg2, ParamVideoProfileLevelQuerySupported(0x600000f)) ERROR: BadParameter(0x80001005)
10-16 15:07:10.035 W/omx_vdec( 362): <__AwOmxVdecGetExtensionIndex:1737>: GetExtensionIndex OMX.google.android.index.describeColorFormat, err [0x80001001].
10-16 15:07:10.035 W/omx_vdec( 362): <__AwOmxVdecGetExtensionIndex:1737>: GetExtensionIndex OMX.google.android.index.describeColorFormat2, err [0x80001001].
10-16 15:07:10.035 E/omx_vdec( 362): : erro: pParamData->nIndex > m_sPortFormatType.nIndex
10-16 15:07:10.035 W/omx_vdec( 362): <__AwOmxVdecGetExtensionIndex:1737>: GetExtensionIndex OMX.google.android.index.describeColorFormat, err [0x80001001].
10-16 15:07:10.035 W/omx_vdec( 362): <__AwOmxVdecGetExtensionIndex:1737>: GetExtensionIndex OMX.google.android.index.describeColorFormat2, err [0x80001001].
10-16 15:07:10.036 E/omx_vdec( 362): : erro: pParamData->nIndex > m_sPortFormatType.nIndex
10-16 15:07:10.036 W/omx_vdec( 362): <__AwOmxVdecGetExtensionIndex:1737>: GetExtensionIndex OMX.google.android.index.describeColorFormat, err [0x80001001].
10-16 15:07:10.036 W/omx_vdec( 362): <__AwOmxVdecGetExtensionIndex:1737>: GetExtensionIndex OMX.google.android.index.describeColorFormat2, err [0x80001001].
10-16 15:07:10.036 E/omx_vdec( 362): : erro: pParamData->nIndex > m_sPortFormatType.nIndex
