10-16 15:07:03.079 W/mediaextractor( 351): libminijail[351]: compile_file: (25): previous definition here
10-16 15:07:03.079 W/mediaextractor( 351): libminijail[351]: compile_file: /apex/com.android.media/etc/seccomp_policy/crash_dump.arm.policy(34): syscall mmap2 redefined here
10-16 15:07:03.079 W/mediaextractor( 351): libminijail[351]: compile_file: (8): previous definition here
10-16 15:07:03.080 W/mediaextractor( 351): libminijail[351]: compile_file: /apex/com.android.media/etc/seccomp_policy/crash_dump.arm.policy(35): syscall geteuid32 redefined here
10-16 15:07:03.088 W/mediaextractor( 351): libminijail[351]: compile_file: (38): previous definition here
10-16 15:07:03.088 I/android.hardware.usb.gadget@1.1-service.aw( 263): setCurrentUsbFunctions Adb
10-16 15:07:03.088 W/mediaextractor( 351): libminijail[351]: compile_file: /apex/com.android.media/etc/seccomp_policy/crash_dump.arm.policy(36): syscall getgid32 redefined here
10-16 15:07:03.088 W/mediaextractor( 351): libminijail[351]: compile_file: (39): previous definition here
10-16 15:07:03.088 W/mediaextractor( 351): libminijail[351]: compile_file: /apex/com.android.media/etc/seccomp_policy/crash_dump.arm.policy(37): syscall getegid32 redefined here
10-16 15:07:03.088 I/cedarc ( 362): : register vp8 decoder success!
10-16 15:07:03.088 W/mediaextractor( 351): libminijail[351]: compile_file: (40): previous definition here
10-16 15:07:03.088 W/mediaextractor( 351): libminijail[351]: compile_file: /apex/com.android.media/etc/seccomp_policy/crash_dump.arm.policy(38): syscall getgroups32 redefined here
10-16 15:07:03.088 W/mediaextractor( 351): libminijail[351]: compile_file: (41): previous definition here
10-16 15:07:03.089 I/android.hardware.usb.gadget@1.1-service.aw( 263): Service started
10-16 15:07:03.089 I/android.hardware.usb.gadget@1.1-service.aw( 263): enable usbradio debug functions
10-16 15:07:03.089 I/cedarc ( 362): : register vc1 decoder success!
10-16 15:07:03.089 I/android.hardware.usb.gadget@1.1-service.aw( 263): Usb Gadget setcurrent functions called successfully
10-16 15:07:03.091 W/mediaextractor( 351): libminijail[351]: logging seccomp filter failures
10-16 15:07:03.092 D/AudioPowerUsage( 352): AudioPowerUsage
10-16 15:07:03.092 D/AudioAnalytics( 352): AudioAnalytics
10-16 15:07:03.092 I/RenderEngine( 273): OpenGL ES informations:
10-16 15:07:03.092 I/RenderEngine( 273): vendor : ARM
10-16 15:07:03.092 D/MediaMetricsService( 352): MediaMetricsService
10-16 15:07:03.093 I/RenderEngine( 273): renderer : Mali-G31
10-16 15:07:03.093 I/RenderEngine( 273): version : OpenGL ES 3.2 v1.r20p0-01rel0.9f6475d0baffb05079096179e1278b1d
10-16 15:07:03.093 I/RenderEngine( 273): extensions: GL_EXT_debug_marker GL_ARM_rgba8 GL_ARM_mali_shader_binary GL_OES_depth24 GL_OES_depth_texture GL_OES_depth_texture_cube_map GL_OES_packed_depth_stencil GL_OES_rgb8_rgba8 GL_EXT_read_format_bgra GL_OES_compressed_paletted_texture GL_OES_compressed_ETC1_RGB8_texture GL_OES_standard_derivatives GL_OES_EGL_image GL_OES_EGL_image_external GL_OES_EGL_image_external_essl3 GL_OES_EGL_sync GL_OES_texture_npot GL_OES_vertex_half_float GL_OES_required_internalformat GL_OES_vertex_array_object GL_OES_mapbuffer GL_EXT_texture_format_BGRA8888 GL_EXT_texture_rg GL_EXT_texture_type_2_10_10_10_REV GL_OES_fbo_render_mipmap GL_OES_element_index_uint GL_EXT_shadow_samplers GL_OES_texture_compression_astc GL_KHR_texture_compression_astc_ldr GL_KHR_texture_compression_astc_hdr GL_KHR_texture_compression_astc_sliced_3d GL_EXT_texture_compression_astc_decode_mode GL_EXT_texture_compression_astc_decode_mode_rgb9e5 GL_KHR_debug GL_EXT_occlusion_query_boolean GL_EXT_disjoint_timer_query GL_EXT_blend_minmax GL_EXT_discard_
10-16 15:07:03.093 I/RenderEngine( 273): GL_MAX_TEXTURE_SIZE = 8192
10-16 15:07:03.093 I/RenderEngine( 273): GL_MAX_VIEWPORT_DIMS = 8192
10-16 15:07:03.093 W/libprocessgroup( 273): Failed to open /dev/cpuset/system-background/tasks: Permission denied: Permission denied
10-16 15:07:03.093 W/libprocessgroup( 273): Failed to apply SFMainPolicy task profile: Permission denied
10-16 15:07:03.094 I/adbd ( 381): persist.adb.watchdog set to ''
10-16 15:07:03.094 I/adbd ( 381): persist.sys.test_harness set to ''
10-16 15:07:03.094 I/adbd ( 381): adb watchdog timeout set to 600 seconds
10-16 15:07:03.096 I/adbd ( 381): Setup mdns on port= 5555
10-16 15:07:03.096 I/hwservicemanager( 180): Tried to start vendor.display.config@1.0::IDisplayConfig/default as a lazy service, but was unable to. Usually this happens when a service is not installed, but if the service is intended to be used as a lazy service, then it may be configured incorrectly.
10-16 15:07:03.096 I/adbd ( 381): Waiting for persist.adb.tls_server.enable=1
10-16 15:07:03.096 I/adbd ( 381): persist.adb.tls_server.enable changed to 1
10-16 15:07:03.097 I/adbd ( 381): adbd listening on tcp:5555
10-16 15:07:03.097 I/adbd ( 381): adbd listening on vsock:5555
10-16 15:07:03.100 I/adbd ( 381): adbd started
10-16 15:07:03.104 I/adbd ( 381): opening control endpoint /dev/usb-ffs/adb/ep0
10-16 15:07:03.104 E/cutils-trace( 370): Error opening trace file: No such file or directory (2)
10-16 15:07:03.105 I/android.hardware.usb.gadget@1.1-service.aw( 263): GADGET pulled up
10-16 15:07:03.110 I/ ( 390): read descriptors
10-16 15:07:03.106 I/adbd ( 381): UsbFfsConnection constructed
10-16 15:07:03.110 I/ ( 390): read strings
10-16 15:07:03.100 I/xiriservice_All( 330): type=1400 audit(0.0:279): avc: denied { read } for scontext=u:r:init:s0 tcontext=u:r:init:s0 tclass=netlink_kobject_uevent_socket permissive=1
10-16 15:07:03.110 I/mediaswcodec( 368): media swcodec service starting
10-16 15:07:03.114 I/adbd ( 381): UsbFfs-monitor thread spawned
10-16 15:07:03.115 I/adbd ( 381): USB event: FUNCTIONFS_BIND
10-16 15:07:03.116 I/SoftOMXPlugin( 362): createOMXPlugin
10-16 15:07:03.117 D/MediaCodecsXmlParser( 362): parsing /vendor/etc/media_codecs.xml...
10-16 15:07:03.120 I/adbd ( 381): adbwifi started on port 35363
10-16 15:07:03.120 I/adbd ( 381): TlsServer running on port 35363
10-16 15:07:03.120 I/adbd ( 381): adb wifi started on port 35363
10-16 15:07:03.121 I/adbd ( 381): Waiting for persist.adb.tls_server.enable=0
10-16 15:07:03.128 W/mediaswcodec( 368): Could not read additional policy file '/vendor/etc/seccomp_policy/mediaswcodec.policy'
10-16 15:07:03.128 D/MediaCodecsXmlParser( 362): parsing /vendor/etc/media_codecs_google_audio.xml...
10-16 15:07:03.128 D/MediaCodecsXmlParser( 362): unable to open media codecs configuration xml file: /vendor/etc/media_codecs_google_audio.xml
10-16 15:07:03.128 W/mediaswcodec( 368): libminijail[368]: failed to get path of fd 4: No such file or directory
10-16 15:07:03.128 W/mediaswcodec( 368): libminijail[368]: allowing syscall: clock_gettime
10-16 15:07:03.128 W/mediaswcodec( 368): libminijail[368]: allowing syscall: connect
10-16 15:07:03.128 W/mediaswcodec( 368): libminijail[368]: allowing syscall: fcntl64
10-16 15:07:03.129 W/mediaswcodec( 368): libminijail[368]: allowing syscall: socket
10-16 15:07:03.129 W/mediaswcodec( 368): libminijail[368]: allowing syscall: writev
10-16 15:07:03.129 W/mediaswcodec( 368): libminijail[368]: compile_file: (71): syscall futex redefined here
10-16 15:07:03.129 W/mediaswcodec( 368): libminijail[368]: compile_file: (15): previous definition here
10-16 15:07:03.130 I/adbd ( 381): Registering secure_connect service (adb-DOH51118253607647-1gc1RN)
10-16 15:07:03.131 D/MediaCodecsXmlParser( 362): parsing /vendor/etc/media_codecs_google_video.xml...
10-16 15:07:03.131 D/MediaCodecsXmlParser( 362): unable to open media codecs configuration xml file: /vendor/etc/media_codecs_google_video.xml
10-16 15:07:03.132 I/hwservicemanager( 180): getTransport: Cannot find entry android.hardware.graphics.mapper@4.0::IMapper/default in either framework or device VINTF manifest.
10-16 15:07:03.132 I/ComposerResources( 256): failed to get mapper 4.0 service, falling back to mapper 3.0
10-16 15:07:03.133 I/hwservicemanager( 180): getTransport: Cannot find entry android.hardware.graphics.mapper@3.0::IMapper/default in either framework or device VINTF manifest.
10-16 15:07:03.133 W/mediaswcodec( 368): libminijail[368]: logging seccomp filter failures
10-16 15:07:03.133 I/ComposerResources( 256): failed to get mapper 3.0 service, falling back to mapper 2.0
10-16 15:07:03.134 I/update_engine( 370): [INFO:boot_control_android.cc(69)] Loaded boot control hidl hal.
10-16 15:07:03.135 I/CodecServiceRegistrant( 368): Creating software Codec2 service...
10-16 15:07:03.135 D/MediaCodecsXmlParser( 362): parsing /vendor/etc/media_codecs_performance.xml...
10-16 15:07:03.137 E/cutils-trace( 368): Error opening trace file: No such file or directory (2)
10-16 15:07:03.138 E/gralloc ( 256): Arm Module v1.0
10-16 15:07:03.138 D/MediaCodecsXmlParser( 362): MediaCodec: cannot update non-existing codec: OMX.google.h264.encoder at line 25 of /vendor/etc/media_codecs_performance.xml
10-16 15:07:03.138 D/MediaCodecsXmlParser( 362): MediaCodec: cannot update non-existing codec: OMX.google.h263.encoder at line 31 of /vendor/etc/media_codecs_performance.xml
10-16 15:07:03.138 D/MediaCodecsXmlParser( 362): MediaCodec: cannot update non-existing codec: OMX.google.mpeg4.encoder at line 34 of /vendor/etc/media_codecs_performance.xml
10-16 15:07:03.138 D/MediaCodecsXmlParser( 362): MediaCodec: cannot update non-existing codec: OMX.google.vp8.encoder at line 37 of /vendor/etc/media_codecs_performance.xml
10-16 15:07:03.138 D/MediaCodecsXmlParser( 362): MediaCodec: cannot update non-existing codec: OMX.allwinner.video.decoder.h263 at line 59 of /vendor/etc/media_codecs_performance.xml
10-16 15:07:03.138 D/MediaCodecsXmlParser( 362): MediaCodec: cannot update non-existing codec: OMX.google.mpeg4.decoder at line 80 of /vendor/etc/media_codecs_performance.xml
10-16 15:07:03.139 D/MediaCodecsXmlParser( 362): MediaCodec: cannot update non-existing codec: OMX.google.h264.decoder at line 83 of /vendor/etc/media_codecs_performance.xml
10-16 15:07:03.139 D/MediaCodecsXmlParser( 362): MediaCodec: cannot update non-existing codec: OMX.google.h263.decoder at line 89 of /vendor/etc/media_codecs_performance.xml
10-16 15:07:03.139 D/MediaCodecsXmlParser( 362): MediaCodec: cannot update non-existing codec: OMX.google.hevc.decoder at line 93 of /vendor/etc/media_codecs_performance.xml
10-16 15:07:03.139 D/MediaCodecsXmlParser( 362): MediaCodec: cannot update non-existing codec: OMX.google.vp8.decoder at line 101 of /vendor/etc/media_codecs_performance.xml
10-16 15:07:03.139 D/MediaCodecsXmlParser( 362): MediaCodec: cannot update non-existing codec: OMX.google.vp9.decoder at line 107 of /vendor/etc/media_codecs_performance.xml
10-16 15:07:03.139 I/MediaCodecsXmlParser( 362): Did not find media_codecs_shaping.xml in search path
10-16 15:07:03.144 E/cutils-trace( 362): Error opening trace file: No such file or directory (2)
10-16 15:07:03.146 I/sunxihwc( 256): createDeviceFactory: IDeviceFactory from hardware/aw/display/hwc-hal/disp2/HomletDeviceFactory.cpp
10-16 15:07:03.146 I/sunxihwc( 256): Device name: raven
10-16 15:07:03.147 I/update_engine( 370): [INFO:daemon_state_android.cc(44)] Booted in dev mode.
10-16 15:07:03.148 I/sunxihwc( 256): threadLoop: EventThread start
10-16 15:07:03.148 D/sunxihwc( 256): Device config file: /vendor/etc/dispconfigs/homlet-default.json
10-16 15:07:03.151 D/sunxihwc( 256): Parse 'Display0' config
10-16 15:07:03.151 D/sunxihwc( 256): Parse 'Display1' config
10-16 15:07:03.159 I/update_engine( 370): [INFO:update_attempter_android.cc(1082)] Scheduling CleanupPreviousUpdateAction.
10-16 15:07:03.160 W/displayd( 256): xxxxxxx: threadedStartup begin
10-16 15:07:03.161 I/sunxihwc( 256): Device name: raven
10-16 15:07:03.162 I/update_engine( 370): [INFO:action_processor.cc(51)] ActionProcessor: starting CleanupPreviousUpdateAction
10-16 15:07:03.164 D/sunxihwc( 256): Device config file: /vendor/etc/dispconfigs/homlet-default.json
10-16 15:07:03.165 I/update_engine( 370): [INFO:cleanup_previous_update_action.cc(149)] Starting/resuming CleanupPreviousUpdateAction
10-16 15:07:03.166 D/sunxihwc( 256): Parse 'Display0' config
10-16 15:07:03.168 D/sunxihwc( 256): Parse 'Display1' config
10-16 15:07:03.169 W/displayd( 256): xxxxxxx: HAL device config file: /vendor/etc/dispconfigs/homlet-default.json
10-16 15:07:03.169 W/displayd( 256): Displays (2 entries)
10-16 15:07:03.169 W/displayd( 256): + Display{id=0, framebuffer=1920x1080(override=1), dpi=160x160}
10-16 15:07:03.169 W/displayd( 256): DisplayEnginePortId=0
10-16 15:07:03.169 W/displayd( 256): InterfaceType=HDMI
10-16 15:07:03.169 W/displayd( 256): DefaultOutputMode=0
10-16 15:07:03.169 W/displayd( 256): HotplugSupported=0
10-16 15:07:03.169 W/displayd( 256): AfbcSupported=0
10-16 15:07:03.169 W/displayd( 256): HardwareRotateSupported=0
10-16 15:07:03.169 W/displayd( 256): BandwidthLimited=338800 Bytes per frame
10-16 15:07:03.169 W/displayd( 256): + Display{id=1, framebuffer=1920x1080(override=1), dpi=160x160}
10-16 15:07:03.169 W/displayd( 256): DisplayEnginePortId=1
10-16 15:07:03.169 W/displayd( 256): InterfaceType=CVBS
10-16 15:07:03.169 W/displayd( 256): DefaultOutputMode=0
10-16 15:07:03.169 W/displayd( 256): HotplugSupported=0
10-16 15:07:03.169 W/displayd( 256): AfbcSupported=0
10-16 15:07:03.169 W/displayd( 256): HardwareRotateSupported=0
10-16 15:07:03.169 W/displayd( 256): BandwidthLimited=338800 Bytes per frame
10-16 15:07:03.164 I/MQ-Thread( 256): type=1400 audit(0.0:280): avc: denied { read } for name="u:object_r:system_prop:s0" dev="tmpfs" ino=2361 scontext=u:r:hal_graphics_composer_default:s0 tcontext=u:object_r:system_prop:s0 tclass=file permissive=1
10-16 15:07:03.164 I/MQ-Thread( 256): type=1400 audit(0.0:281): avc: denied { open } for path="/dev/__properties__/u:object_r:system_prop:s0" dev="tmpfs" ino=2361 scontext=u:r:hal_graphics_composer_default:s0 tcontext=u:object_r:system_prop:s0 tclass=file permissive=1
10-16 15:07:03.164 I/MQ-Thread( 256): type=1400 audit(0.0:282): avc: denied { getattr } for path="/dev/__properties__/u:object_r:system_prop:s0" dev="tmpfs" ino=2361 scontext=u:r:hal_graphics_composer_default:s0 tcontext=u:object_r:system_prop:s0 tclass=file permissive=1
10-16 15:07:03.168 I/MQ-Thread( 256): type=1400 audit(0.0:283): avc: denied { map } for path="/dev/__properties__/u:object_r:system_prop:s0" dev="tmpfs" ino=2361 scontext=u:r:hal_graphics_composer_default:s0 tcontext=u:object_r:system_prop:s0 tclass=file permissive=1
10-16 15:07:03.172 W/displayd( 256): xxxxxxx: display output policy: dual
10-16 15:07:03.173 W/displayd( 256): xxxxxxx: Display.0 output type: 4
10-16 15:07:03.173 W/displayd( 256): xxxxxxx: Display.1 output type: 2
10-16 15:07:03.173 W/displayd( 256): xxxxxxx: createDevice: type=4 on port 0
10-16 15:07:03.174 I/update_engine( 370): [INFO:cleanup_previous_update_action.cc(124)] CleanupPreviousUpdateAction scheduled task ID 1 for WaitBootCompleted
10-16 15:07:03.172 I/MQ-Thread( 256): type=1400 audit(0.0:284): avc: denied { read } for name="u:object_r:default_prop:s0" dev="tmpfs" ino=2234 scontext=u:r:hal_graphics_composer_default:s0 tcontext=u:object_r:default_prop:s0 tclass=file permissive=1
10-16 15:07:03.172 I/MQ-Thread( 256): type=1400 audit(0.0:285): avc: denied { open } for path="/dev/__properties__/u:object_r:default_prop:s0" dev="tmpfs" ino=2234 scontext=u:r:hal_graphics_composer_default:s0 tcontext=u:object_r:default_prop:s0 tclass=file permissive=1
10-16 15:07:03.172 I/MQ-Thread( 256): type=1400 audit(0.0:286): avc: denied { getattr } for path="/dev/__properties__/u:object_r:default_prop:s0" dev="tmpfs" ino=2234 scontext=u:r:hal_graphics_composer_default:s0 tcontext=u:object_r:default_prop:s0 tclass=file permissive=1
10-16 15:07:03.172 I/MQ-Thread( 256): type=1400 audit(0.0:287): avc: denied { map } for path="/dev/__properties__/u:object_r:default_prop:s0" dev="tmpfs" ino=2234 scontext=u:r:hal_graphics_composer_default:s0 tcontext=u:object_r:default_prop:s0 tclass=file permissive=1
10-16 15:07:03.178 W/displayd( 256): xxxxxxx: Device hdmi init
10-16 15:07:03.179 W/displayd( 256): xxxxxxx: createDevice: type=2 on port 1
10-16 15:07:03.180 W/displayd( 256): xxxxxxx: Device cvbs init
10-16 15:07:03.180 W/displayd( 256): xxxxxxx: Initizlize display device mapping
10-16 15:07:03.180 D/displayd( 256): xxxxxxx: updateConnectState: type=-1 connected=-1
10-16 15:07:03.176 I/MQ-Thread( 256): type=1400 audit(0.0:288): avc: denied { getattr } for path="/sys/devices/platform/soc@3000000/6520000.tv0/extcon/extcon1/state" dev="sysfs" ino=19386 scontext=u:r:hal_graphics_composer_default:s0 tcontext=u:object_r:sysfs:s0 tclass=file permissive=1
10-16 15:07:03.183 W/displayd( 256): xxxxxxx: platformGetDeviceConnectStatePath:
10-16 15:07:03.183 W/displayd( 256): hdmi: /sys/class/extcon/extcon0/state
10-16 15:07:03.183 W/displayd( 256): cvbs: /sys/class/extcon/extcon1/state
10-16 15:07:03.183 D/displayd( 256): xxxxxxx: updated: type=2 connected=0
10-16 15:07:03.183 D/displayd( 256): xxxxxxx: updated: type=4 connected=1
10-16 15:07:03.184 W/displayd( 256): xxxxxxx: setupDefaultOutput: hdmi user strategy: 255
10-16 15:07:03.184 W/edid ( 256): Parse block0:
10-16 15:07:03.184 W/edid ( 256): Extension block count: 1
10-16 15:07:03.188 W/edid ( 256): Parse CEA extension block (version: 3)
10-16 15:07:03.188 W/edid ( 256): CEA data length: 88 bytes
10-16 15:07:03.188 E/edid ( 256): parseCeaDataBlocks:unhandled EXTENDED_TAG code0
10-16 15:07:03.184 I//system/bin/init( 1): type=1107 audit(0.0:289): uid=0 auid=4294967295 ses=4294967295 subj=u:r:init:s0 msg='avc: denied { set } for property=vendor.sys.tv_vdid_fex pid=256 uid=1000 gid=1003 scontext=u:r:hal_graphics_composer_default:s0 tcontext=u:object_r:vendor_default_prop:s0 tclass=property_service permissive=1'
10-16 15:07:03.190 W/displayd( 256): xxxxxxx: performDefaultConfig dirty=0
10-16 15:07:03.190 W/displayd( 256): xxxxxxx: Old config: type[4] mode[34] pixelformat[3] bits[0] eotf[4] colorspace[257]
10-16 15:07:03.190 W/displayd( 256): xxxxxxx: New config: type[4] mode[34] pixelformat[3] bits[0] eotf[4] colorspace[257]
10-16 15:07:03.190 I/sunxihwc( 256): switchDevice: display[1]: type=2 mode=0 enable=0
10-16 15:07:03.190 I/sunxihwc( 256): switchDevice: display[0]: type=4 mode=34 enable=1
10-16 15:07:03.190 I/sunxihwc( 256): setMargin: display[0]: margin 100 100 100 100
10-16 15:07:03.207 I/HidlServiceManagement( 368): Registered android.hardware.media.c2@1.2::IComponentStore/software
10-16 15:07:03.207 I/HidlServiceManagement( 362): Registered android.hardware.media.omx@1.0::IOmx/default
10-16 15:07:03.208 I/HidlServiceManagement( 362): Removing namespace from process name android.hardware.media.omx@1.0-service to omx@1.0-service.
10-16 15:07:03.208 I/android.hardware.media.omx@1.0-service( 362): IOmx HAL service created.
10-16 15:07:03.209 E/cutils-trace( 366): Error opening trace file: No such file or directory (2)
10-16 15:07:03.210 I/OmxStore( 362): omx common prefix: 'OMX.'
10-16 15:07:03.210 D/MediaCodecsXmlParser( 362): parsing /vendor/etc/media_codecs.xml...
10-16 15:07:03.210 D/MediaCodecsXmlParser( 362): parsing /vendor/etc/media_codecs_google_audio.xml...
10-16 15:07:03.210 D/MediaCodecsXmlParser( 362): unable to open media codecs configuration xml file: /vendor/etc/media_codecs_google_audio.xml
10-16 15:07:03.213 D/MediaCodecsXmlParser( 362): parsing /vendor/etc/media_codecs_google_video.xml...
10-16 15:07:03.213 D/MediaCodecsXmlParser( 362): unable to open media codecs configuration xml file: /vendor/etc/media_codecs_google_video.xml
10-16 15:07:03.213 I/ServiceManager( 269): Waiting for service 'media.metrics' on '/dev/binder' successful after waiting 751ms
10-16 15:07:03.213 D/MediaCodecsXmlParser( 362): parsing /vendor/etc/media_codecs_performance.xml...
10-16 15:07:03.219 I/AudioFlinger( 269): Using default 3000 mSec as standby time.
10-16 15:07:03.222 I/HidlServiceManagement( 256): Registered vendor.display.config@1.0::IDisplayConfig/default
10-16 15:07:03.223 D/android.hardware.graphics.composer@2.2-service( 256): IDisplayConfig register: ok
10-16 15:07:03.223 I/sunxihwc( 256): initialize: DisplayConfigService init: ok
10-16 15:07:03.223 D/sunxihwc( 256): setHotplugState: mbHotplug = 1
10-16 15:07:03.223 I/sunxihwc( 256): createSyncTimeline: DisplayEngine Frequency: 696000000 Hz
10-16 15:07:03.223 I/sunxihwc( 256): setup: timeline0 create
10-16 15:07:03.223 E/sunxihwc( 256): readFromFile: Could not open '/sys/firmware/devicetree/base/dram/dram_clk', No such file or directory(2)
10-16 15:07:03.223 E/sunxihwc( 256): readFromFile: Could not open '/sys/firmware/devicetree/base/dram/dram_mr1', No such file or directory(2)
10-16 15:07:03.223 E/sunxihwc( 256): readFromFile: Could not open '/sys/firmware/devicetree/base/dram/dram_type', No such file or directory(2)
10-16 15:07:03.223 I/sunxihwc( 256): getDramInfoFromDeviceTree: draminfo: freq 0 MHz, bus width 32 bits, type 0
10-16 15:07:03.223 I/sunxihwc( 256): computeEffectiveBandwidth: dram effective bandwidth: 0 MBytes
10-16 15:07:03.223 E/sunxihwc( 256): calculateBandwidthLimitation: getDramFrequency return error(0), fallback to default bandwidth config
10-16 15:07:03.223 I/sunxihwc( 256): setup: Bandwidth limitation: 49152000 Bytes per frame
10-16 15:07:03.223 D/MediaCodecsXmlParser( 362): MediaCodec: cannot update non-existing codec: OMX.google.h264.encoder at line 25 of /vendor/etc/media_codecs_performance.xml
10-16 15:07:03.224 D/MediaCodecsXmlParser( 362): MediaCodec: cannot update non-existing codec: OMX.google.h263.encoder at line 31 of /vendor/etc/media_codecs_performance.xml
10-16 15:07:03.224 D/MediaCodecsXmlParser( 362): MediaCodec: cannot update non-existing codec: OMX.google.mpeg4.encoder at line 34 of /vendor/etc/media_codecs_performance.xml
10-16 15:07:03.224 D/MediaCodecsXmlParser( 362): MediaCodec: cannot update non-existing codec: OMX.google.vp8.encoder at line 37 of /vendor/etc/media_codecs_performance.xml
10-16 15:07:03.224 D/MediaCodecsXmlParser( 362): MediaCodec: cannot update non-existing codec: OMX.allwinner.video.decoder.h263 at line 59 of /vendor/etc/media_codecs_performance.xml
10-16 15:07:03.224 I/sunxihwc( 256): setDisplaydCb: get mDisplaydCb =0x0x696c4372
10-16 15:07:03.224 I/sunxihwc( 256): updateConnectedDevices: display[0] connected=1 type=4 device=0xf1549d0c
10-16 15:07:03.224 I/sunxihwc( 256): updateConnectedDevices: display[1] connected=0 type=2 device=0x0
10-16 15:07:03.224 E/sunxihwc( 256): notifyDeviceChanged: DeviceChangedListener not register yet!
10-16 15:07:03.224 I/sunxihwc( 256): setVendorInterface: register IVendorInterface: 0xf1685310
10-16 15:07:03.224 D/sunxihwc( 256): HAL device config file: /vendor/etc/dispconfigs/homlet-default.json
10-16 15:07:03.224 D/sunxihwc( 256): Displays (2 entries)
10-16 15:07:03.224 D/sunxihwc( 256): + Display{id=0, framebuffer=1920x1080(override=1), dpi=160x160}
10-16 15:07:03.224 D/sunxihwc( 256): DisplayEnginePortId=0
10-16 15:07:03.224 D/sunxihwc( 256): InterfaceType=HDMI
10-16 15:07:03.224 D/sunxihwc( 256): DefaultOutputMode=0
10-16 15:07:03.224 D/sunxihwc( 256): HotplugSupported=0
10-16 15:07:03.224 D/sunxihwc( 256): AfbcSupported=0
10-16 15:07:03.224 D/sunxihwc( 256): HardwareRotateSupported=0
10-16 15:07:03.224 D/sunxihwc( 256): BandwidthLimited=338800 Bytes per frame
10-16 15:07:03.224 D/sunxihwc( 256): + Display{id=1, framebuffer=1920x1080(override=1), dpi=160x160}
10-16 15:07:03.224 D/sunxihwc( 256): DisplayEnginePortId=1
10-16 15:07:03.224 D/sunxihwc( 256): InterfaceType=CVBS
10-16 15:07:03.224 D/sunxihwc( 256): DefaultOutputMode=0
10-16 15:07:03.224 D/sunxihwc( 256): HotplugSupported=0
10-16 15:07:03.224 D/sunxihwc( 256): AfbcSupported=0
10-16 15:07:03.224 D/sunxihwc( 256): HardwareRotateSupported=0
10-16 15:07:03.224 D/sunxihwc( 256): BandwidthLimited=338800 Bytes per frame
10-16 15:07:03.224 D/MediaCodecsXmlParser( 362): MediaCodec: cannot update non-existing codec: OMX.google.mpeg4.decoder at line 80 of /vendor/etc/media_codecs_performance.xml
10-16 15:07:03.224 W/sunxihwc( 256): bringupDevices: display.1 was off, request type 2, try to bringup it!
10-16 15:07:03.224 D/MediaCodecsXmlParser( 362): MediaCodec: cannot update non-existing codec: OMX.google.h264.decoder at line 83 of /vendor/etc/media_codecs_performance.xml
10-16 15:07:03.224 D/sunxihwc( 256): enqueueEvent: enqueueEvent: event 1
10-16 15:07:03.224 D/MediaCodecsXmlParser( 362): MediaCodec: cannot update non-existing codec: OMX.google.h263.decoder at line 89 of /vendor/etc/media_codecs_performance.xml
10-16 15:07:03.224 I/sunxihwc( 256): waitForHotplugIssued: Wait for display connect
10-16 15:07:03.224 D/MediaCodecsXmlParser( 362): MediaCodec: cannot update non-existing codec: OMX.google.hevc.decoder at line 93 of /vendor/etc/media_codecs_performance.xml
10-16 15:07:03.224 W/sunxihwc( 256): deviceChangedEventProcess: Display.0 (hdmi0) connect
10-16 15:07:03.224 I/sunxihwc( 256): onHotplugReceived: display(0) connect state[1]
10-16 15:07:03.224 I/sunxihwc( 256): onHotplugReceived: display size: 0 display.0 0 display.1 0 display.0 0
10-16 15:07:03.224 D/MediaCodecsXmlParser( 362): MediaCodec: cannot update non-existing codec: OMX.google.vp8.decoder at line 101 of /vendor/etc/media_codecs_performance.xml
10-16 15:07:03.224 W/sunxihwc( 256): onHotplugReceived: display(0) is 0xf154b010
10-16 15:07:03.224 D/sunxihwc( 256): setDisplays: display =0xf154b010
10-16 15:07:03.224 D/sunxihwc( 256): setDisplays: display size=1
10-16 15:07:03.224 D/MediaCodecsXmlParser( 362): MediaCodec: cannot update non-existing codec: OMX.google.vp9.decoder at line 107 of /vendor/etc/media_codecs_performance.xml
10-16 15:07:03.224 D/sunxihwc( 256): setHotplugState: mbHotplug = 0
10-16 15:07:03.224 W/displayd( 256): xxxxxxx: Turen on display(0), margin(100,100,100,100)
10-16 15:07:03.225 W/displayd( 256): xxxxxxx: Current device mapping:
10-16 15:07:03.225 W/displayd( 256): + display [1]: enable=0 type=2 mode=0
10-16 15:07:03.225 W/displayd( 256): + display [0]: enable=1 type=4 mode=34
10-16 15:07:03.225 I/sunxihwc( 256): registerCallback: registerCallback mEventCallback =0x0
10-16 15:07:03.225 I/sunxihwc( 256): setDisplaydCb: get mDisplaydCb =0x0xf16b9400
10-16 15:07:03.225 I/MediaCodecsXmlParser( 362): Did not find media_codecs_shaping.xml in search path
10-16 15:07:03.225 E/MediaCodecsXmlParser( 362): Cannot find the role for a decoder of type video/divx
10-16 15:07:03.225 E/MediaCodecsXmlParser( 362): Cannot find the role for a decoder of type video/jpeg
10-16 15:07:03.225 E/MediaCodecsXmlParser( 362): Cannot find the role for a decoder of type video/mpeg1
10-16 15:07:03.225 E/MediaCodecsXmlParser( 362): Cannot find the role for a decoder of type video/x-ms-mpeg4v1
10-16 15:07:03.225 E/MediaCodecsXmlParser( 362): Cannot find the role for a decoder of type video/x-ms-mpeg4v2
10-16 15:07:03.225 E/MediaCodecsXmlParser( 362): Cannot find the role for a decoder of type video/rvg2
10-16 15:07:03.225 E/MediaCodecsXmlParser( 362): Cannot find the role for a decoder of type video/flv1
10-16 15:07:03.225 E/MediaCodecsXmlParser( 362): Cannot find the role for a decoder of type video/wvc1
10-16 15:07:03.225 E/MediaCodecsXmlParser( 362): Cannot find the role for a decoder of type video/x-vnd.on2.vp6
10-16 15:07:03.225 W/displayd( 256): xxxxxxx: threadedStartup end
10-16 15:07:03.225 E/MediaCodecsXmlParser( 362): Cannot find the role for a decoder of type video/wmv1
10-16 15:07:03.225 E/MediaCodecsXmlParser( 362): Cannot find the role for a decoder of type video/wmv2
10-16 15:07:03.225 E/MediaCodecsXmlParser( 362): Cannot find the role for a decoder of type video/xvid
10-16 15:07:03.225 I/SurfaceFlinger( 273): onComposerHalHotplug(0, connected)
10-16 15:07:03.225 I/HWComposer( 273): Switching to legacy multi-display mode
10-16 15:07:03.226 E/HWComposer( 273): getAttribute: getDisplayAttribute failed for display 0: BadConfig (1)
10-16 15:07:03.226 E/HWComposer( 273): getDisplayConnectionType: getDisplayConnectionType failed for display 0: Unsupported (8)
10-16 15:07:03.228 W/EventThread( 273): Ignoring VSYNC request while display is disconnected
10-16 15:07:03.228 W/EventThread( 273): Ignoring VSYNC request while display is disconnected
10-16 15:07:03.228 W/EventThread( 273): Ignoring VSYNC request while display is disconnected
10-16 15:07:03.228 W/EventThread( 273): Ignoring VSYNC request while display is disconnected
10-16 15:07:03.228 I/sunxihwc( 256): threadLoop: set CommitThread priority as HAL_PRIORITY_URGENT_DISPLAY
10-16 15:07:03.229 W/EventThread( 273): Ignoring VSYNC request while display is disconnected
10-16 15:07:03.229 W/EventThread( 273): Ignoring VSYNC request while display is disconnected
10-16 15:07:03.229 D/sunxihwc( 256): getHdrCapabilities: getHdrCapabilities: support hdr10 and hlg
10-16 15:07:03.230 W/HwcComposer( 273): getPerFrameMetadataKeys failed with 8
10-16 15:07:03.234 I/gralloc ( 255): alloc buffer:W:1920 H:1080 S:1920 PL[1920 1080] SZ:8294400 fmt:1 if:0 af:1 usg:1b00 fg:00000004
10-16 15:07:03.237 I/hwservicemanager( 180): getTransport: Cannot find entry android.hardware.media.c2@1.0::IComponentStore/default in either framework or device VINTF manifest.
10-16 15:07:03.239 I/gralloc ( 255): alloc buffer:W:1920 H:1080 S:1920 PL[1920 1080] SZ:8294400 fmt:1 if:0 af:1 usg:1b00 fg:00000004
10-16 15:07:03.239 I/SurfaceFlinger( 273): Dispatching display hotplug event displayId=0, connected=1
10-16 15:07:03.240 I/sunxihwc( 256): pollThreadLoop: polling VsyncThread start
10-16 15:07:03.250 I/CodecServiceRegistrant( 368): Preferred Codec2 store is defaulted to "software".
10-16 15:07:03.250 I/CodecServiceRegistrant( 368): Software Codec2 service created and registered.
10-16 15:07:03.260 I/ServiceManager( 352): Waiting for service 'package_native' on '/dev/binder'...
10-16 15:07:03.265 D/gpioservice( 343): main gpio service is running.
10-16 15:07:03.267 I/gpioservice( 343): ServiceManager: 0xf5408cc0
10-16 15:07:03.267 D/GpioService( 343): GpioService created
10-16 15:07:03.268 E/SELinux ( 179): avc: denied { add } for pid=343 uid=0 name=softwinner.gpio scontext=u:r:gpioservice:s0 tcontext=u:object_r:default_android_service:s0 tclass=service_manager permissive=1
10-16 15:07:03.270 E/cutils-trace( 358): Error opening trace file: No such file or directory (2)
10-16 15:07:03.281 E/APM::HwModule( 269): refreshSupportedDevices: invalid source devices for primary input
10-16 15:07:03.284 E/APM::HwModule( 269): refreshSupportedDevices: invalid source devices for fast input
10-16 15:07:03.288 I/MediaExtractorFactory( 351): plugin directory not present (/system/lib/extractors)
10-16 15:07:03.288 I/MediaExtractorFactory( 351): plugin directory not present (/system_ext/lib/extractors)
10-16 15:07:03.298 D/zygote ( 242): Time zone APEX ICU file found: /apex/com.android.tzdata/etc/icu/icu_tzdata.dat
10-16 15:07:03.299 D/zygote ( 242): I18n APEX ICU file found: /apex/com.android.i18n/etc/icu/icudt68l.dat
10-16 15:07:03.307 W/SurfaceFlinger( 273): Failed to set thread name on dispatch thread
10-16 15:07:03.309 D/APM_EngineLoader( 269): Loaded engine from libaudiopolicyenginedefault.so
10-16 15:07:03.309 I/HidlServiceManagement( 362): Registered android.hardware.media.omx@1.0::IOmxStore/default
10-16 15:07:03.309 D/APM::AudioPolicyEngine/Base( 269): loadAudioPolicyEngineConfig: No configuration found, using default matching phone experience.
10-16 15:07:03.309 I/HidlServiceManagement( 362): Removing namespace from process name android.hardware.media.omx@1.0-service to omx@1.0-service.
10-16 15:07:03.321 I/HidlServiceManagement( 366): Registered android.hardware.radio@1.6::IRadio/slot1
10-16 15:07:03.323 D/isomountservice( 350): main isomount service is running.
10-16 15:07:03.325 I/isomountservice( 350): ServiceManager: 0xecea0cc0
10-16 15:07:03.331 I/display.output-service( 264): platform is homlet
10-16 15:07:03.332 I/servicemanager( 179): Found vendor.display.output.IDisplayOutputManager/default in device VINTF manifest.
10-16 15:07:03.333 I/hw-BpHwBinder( 180): onLastStrongRef automatically unlinking death recipients
10-16 15:07:03.335 W/storaged( 358): health: invalid battery status
10-16 15:07:03.338 I/HidlServiceManagement( 366): Registered android.hardware.radio.config@1.3::IRadioConfig/default
10-16 15:07:03.341 I/HidlServiceManagement( 366): Registered android.hardware.radio@1.2::ISap/slot1
10-16 15:07:03.343 I/ServiceManager( 358): Waiting for service 'package_native' on '/dev/binder'...
10-16 15:07:03.348 I/EventThread( 262): type=1400 audit(0.0:290): avc: denied { search } for name="extcon" dev="sysfs" ino=18109 scontext=u:r:hal_tv_cec_default:s0 tcontext=u:object_r:sysfs_extcon:s0 tclass=dir permissive=1
10-16 15:07:03.359 W/APM::AudioPolicyEngine/Base( 269): loadAudioPolicyEngineConfig: No configuration of AUDIO_STREAM_ASSISTANT found, using default volume configuration
10-16 15:07:03.359 W/APM::AudioPolicyEngine/Base( 269): loadAudioPolicyEngineConfig: No configuration of AUDIO_STREAM_CALL_ASSISTANT found, using default volume configuration
10-16 15:07:03.380 D/systemmixservice( 359): main SystemMix service is running.
10-16 15:07:03.381 I/systemmixservice( 359): ServiceManager: 0xe818fcb0
10-16 15:07:03.381 D/SystemMixService( 359): SystemMixService created
10-16 15:07:03.382 E/SELinux ( 179): avc: denied { add } for pid=359 uid=0 name=softwinner.systemmix scontext=u:r:systemmix:s0 tcontext=u:object_r:default_android_service:s0 tclass=service_manager permissive=1
10-16 15:07:03.388 D/multiir ( 354): multi_ir open uinput dev
10-16 15:07:03.388 I/cameraserver( 342): ServiceManager: 0xe9adb960
10-16 15:07:03.388 I/CameraService( 342): CameraService started (pid=342)
10-16 15:07:03.388 I/CameraService( 342): CameraService process starting
10-16 15:07:03.389 W/BatteryNotifier( 342): batterystats service unavailable!
10-16 15:07:03.389 W/BatteryNotifier( 342): batterystats service unavailable!
10-16 15:07:03.390 E/cutils-trace( 342): Error opening trace file: No such file or directory (2)
10-16 15:07:03.384 I/xiriservice_All( 330): type=1400 audit(0.0:291): avc: denied { read } for scontext=u:r:init:s0 tcontext=u:r:init:s0 tclass=netlink_kobject_uevent_socket permissive=1
10-16 15:07:03.390 D/XM_HIDREAD( 318): add@ add@/devices/virtual/input/input1
10-16 15:07:03.394 D/XM_HIDREAD( 318): add@ add@/devices/virtual/input/input1/event1
10-16 15:07:03.399 I/input ( 354): sunxi-ir-uinput as /devices/virtual/input/input1
10-16 15:07:03.397 V/audio_hw_primary( 247): init_audio_devices, line: 611
10-16 15:07:03.397 D/audio_hw_primary( 247): read card /sys/class/sound/card0/id
10-16 15:07:03.397 D/audio_hw_primary( 247): /sys/class/sound/card0/id, audiocodec, len: 11
10-16 15:07:03.397 D/audio_hw_primary( 247): linux name = audiocodec, android name = AUDIO_CODEC
10-16 15:07:03.398 D/audio_hw_primary( 247): find name map, card_id = audiocodec, card_name = AUDIO_CODEC
10-16 15:07:03.398 V/audio_hw_primary( 247): card: 0, name: AUDIO_CODEC, capture: 0, playback: 1
10-16 15:07:03.398 D/audio_hw_primary( 247): read card /sys/class/sound/card1/id
10-16 15:07:03.398 D/multiir ( 354): uinputfd=4
10-16 15:07:03.399 D/audio_hw_primary( 247): /sys/class/sound/card1/id, sndspdif, len: 9
10-16 15:07:03.399 D/audio_hw_primary( 247): linux name = sndspdif, android name = AUDIO_SPDIF
10-16 15:07:03.399 D/audio_hw_primary( 247): find name map, card_id = sndspdif, card_name = AUDIO_SPDIF
10-16 15:07:03.399 V/audio_hw_primary( 247): card: 1, name: AUDIO_SPDIF, capture: 1, playback: 1
10-16 15:07:03.400 D/audio_hw_primary( 247): read card /sys/class/sound/card2/id
10-16 15:07:03.400 D/audio_hw_primary( 247): /sys/class/sound/card2/id, ahubdam, len: 8
10-16 15:07:03.400 D/audio_hw_primary( 247): linux name = ahubdam, android name = AUDIO_DAM
10-16 15:07:03.400 D/audio_hw_primary( 247): find name map, card_id = ahubdam, card_name = AUDIO_DAM
10-16 15:07:03.400 V/audio_hw_primary( 247): card: 2, name: AUDIO_DAM, capture: 0, playback: 0
10-16 15:07:03.400 D/audio_hw_primary( 247): read card /sys/class/sound/card3/id
10-16 15:07:03.400 D/audio_hw_primary( 247): /sys/class/sound/card3/id, ahubhdmi, len: 9
10-16 15:07:03.400 D/audio_hw_primary( 247): linux name = ahubhdmi, android name = AUDIO_HDMI
10-16 15:07:03.400 D/audio_hw_primary( 247): find name map, card_id = ahubhdmi, card_name = AUDIO_HDMI
10-16 15:07:03.400 V/audio_hw_primary( 247): card: 3, name: AUDIO_HDMI, capture: 1, playback: 1
10-16 15:07:03.400 D/audio_hw_primary( 247): read card /sys/class/sound/card4/id
10-16 15:07:03.400 D/audio_hw_primary( 247): /sys/class/sound/card4/id, ahubi2s2, len: 9
10-16 15:07:03.401 D/audio_hw_primary( 247): linux name = ahubi2s2, android name = AUDIO_I2S2
10-16 15:07:03.401 D/audio_hw_primary( 247): find name map, card_id = ahubi2s2, card_name = AUDIO_I2S2
10-16 15:07:03.401 V/audio_hw_primary( 247): card: 4, name: AUDIO_I2S2, capture: 1, playback: 1
10-16 15:07:03.402 D/audio_hw_primary( 247): getCardNumbyName: name = AUDIO_CODEC , card = 0
10-16 15:07:03.402 I/CameraProviderManager( 342): Connecting to new camera provider: external/0, isRemote? 1
10-16 15:07:03.402 D/audio_hw_primary( 247): getCardNumbyName: name = AUDIO_DAM , card = 2
10-16 15:07:03.402 D/audio_hw_primary( 247): getCardNumbyName: name = AUDIO_HDMI , card = 3
10-16 15:07:03.402 D/audio_hw_primary( 247): getCardNumbyName: name = AUDIO_I2S2 , card = 4
10-16 15:07:03.402 D/audio_hw_primary( 247): getCardNumbyName: name = AUDIO_SPDIF , card = 1
10-16 15:07:03.402 E/audio_hw_primary( 247): AUDIO_BT card does not exist
10-16 15:07:03.402 E/audio_hw_primary( 247): AUDIO_MIX card does not exist
10-16 15:07:03.402 V/audio_hw_primary( 247): init_audio_devices_active, line: 635
10-16 15:07:03.402 V/audio_hw_primary( 247): init_audio_devices_active: get property persist.vendor.audio.input.active: AUDIO_CODEC
10-16 15:07:03.403 I/CameraProviderManager( 342): Camera provider external/0 ready with 0 camera devices
10-16 15:07:03.404 W/CameraProviderManager( 342): addProviderLocked: Camera provider HAL with name 'external/0' already registered
10-16 15:07:03.404 I/cameraserver( 342): Waiting for activity service
10-16 15:07:03.400 I//system/bin/init( 1): type=1107 audit(0.0:292): uid=0 auid=4294967295 ses=4294967295 subj=u:r:init:s0 msg='avc: denied { set } for property=persist.vendor.audio.input.active pid=247 uid=1041 gid=1005 scontext=u:r:hal_audio_default:s0 tcontext=u:object_r:vendor_default_prop:s0 tclass=property_service permissive=1'
10-16 15:07:03.415 I/zygote ( 242): Using memfd for future sealing
10-16 15:07:03.417 V/audio_hw_primary( 247): set property persist.vendor.audio.input.active: AUDIO_CODEC ok
10-16 15:07:03.417 V/audio_hw_primary( 247): init_audio_devices_active: get property persist.vendor.audio.output.active: AUDIO_HDMI
10-16 15:07:03.427 V/audio_hw_primary( 247): set property persist.vendor.audio.output.active: AUDIO_HDMI ok
10-16 15:07:03.427 V/audio_hw_primary( 247): AUDIO_HDMI output device will be active
10-16 15:07:03.427 D/audio_hw_primary( 247): XX 2 0 2 0
10-16 15:07:03.432 W/audio_route( 247): Control 'External Speaker Switch' doesn't exist - skipping
10-16 15:07:03.432 W/audio_route( 247): Control 'Headphone Switch' doesn't exist - skipping
10-16 15:07:03.432 W/audio_route( 247): Control 'Earpiece Switch' doesn't exist - skipping
10-16 15:07:03.432 W/audio_route( 247): Control 'AIF1IN0R Mux' doesn't exist - skipping
10-16 15:07:03.432 W/audio_route( 247): Control 'AIF1IN0L Mux' doesn't exist - skipping
10-16 15:07:03.432 W/audio_route( 247): Control 'DACR Mixer AIF1DA0R Switch' doesn't exist - skipping
10-16 15:07:03.432 W/audio_route( 247): Control 'DACL Mixer AIF1DA0L Switch' doesn't exist - skipping
10-16 15:07:03.432 W/audio_route( 247): Control 'AIF1OUT0L Mux' doesn't exist - skipping
10-16 15:07:03.432 W/audio_route( 247): Control 'AIF1OUT0R Mux' doesn't exist - skipping
10-16 15:07:03.433 W/audio_route( 247): Control 'AIF1 AD0L Mixer ADCL Switch' doesn't exist - skipping
10-16 15:07:03.433 W/audio_route( 247): Control 'AIF1 AD0R Mixer ADCR Switch' doesn't exist - skipping
10-16 15:07:03.433 W/audio_route( 247): Control 'ADCR Mux' doesn't exist - skipping
10-16 15:07:03.433 W/audio_route( 247): Control 'ADCL Mux' doesn't exist - skipping
10-16 15:07:03.433 W/audio_route( 247): Control 'HP_R Mux' doesn't exist - skipping
10-16 15:07:03.433 W/audio_route( 247): Control 'HP_L Mux' doesn't exist - skipping
10-16 15:07:03.433 W/audio_route( 247): Control 'HP_R Mux' doesn't exist - skipping
10-16 15:07:03.433 W/audio_route( 247): Control 'HP_L Mux' doesn't exist - skipping
10-16 15:07:03.433 W/audio_route( 247): Control 'Right Output Mixer DACR Switch' doesn't exist - skipping
10-16 15:07:03.433 W/audio_route( 247): Control 'Left Output Mixer DACL Switch' doesn't exist - skipping
10-16 15:07:03.433 W/audio_route( 247): Control 'SPK_L Mux' doesn't exist - skipping
10-16 15:07:03.433 W/audio_route( 247): Control 'SPK_R Mux' doesn't exist - skipping
10-16 15:07:03.433 W/audio_route( 247): Control 'External Speaker Switch' doesn't exist - skipping
10-16 15:07:03.433 W/audio_route( 247): Control 'Headphone Switch' doesn't exist - skipping
10-16 15:07:03.433 W/audio_route( 247): Control 'AIF1IN0R Mux' doesn't exist - skipping
10-16 15:07:03.433 W/audio_route( 247): Control 'AIF1IN0L Mux' doesn't exist - skipping
10-16 15:07:03.433 W/audio_route( 247): Control 'DACR Mixer AIF1DA0R Switch' doesn't exist - skipping
10-16 15:07:03.433 W/audio_route( 247): Control 'DACL Mixer AIF1DA0L Switch' doesn't exist - skipping
10-16 15:07:03.433 W/audio_route( 247): Control 'Left Output Mixer DACR Switch' doesn't exist - skipping
10-16 15:07:03.434 W/audio_route( 247): Control 'Left Output Mixer DACL Switch' doesn't exist - skipping
10-16 15:07:03.434 W/audio_route( 247): Control 'SPK_L Mux' doesn't exist - skipping
10-16 15:07:03.434 W/audio_route( 247): Control 'External Speaker Switch' doesn't exist - skipping
10-16 15:07:03.434 W/audio_route( 247): unknown enum value string 0 for ctl LINEOUTL src LR
10-16 15:07:03.434 W/audio_route( 247): unknown enum value string 0 for ctl LINEOUTR src LR
10-16 15:07:03.434 W/audio_route( 247): Control 'DACR Mixer AIF1DA0R Switch' doesn't exist - skipping
10-16 15:07:03.434 W/audio_route( 247): Control 'DACL Mixer AIF1DA0L Switch' doesn't exist - skipping
10-16 15:07:03.434 W/audio_route( 247): Control 'AIF1 AD0L Mixer ADCL Switch' doesn't exist - skipping
10-16 15:07:03.434 W/audio_route( 247): Control 'AIF1 AD0R Mixer ADCR Switch' doesn't exist - skipping
10-16 15:07:03.434 W/audio_route( 247): Control 'Left Output Mixer DACL Switch' doesn't exist - skipping
10-16 15:07:03.434 W/audio_route( 247): Control 'Left Output Mixer DACR Switch' doesn't exist - skipping
10-16 15:07:03.434 W/audio_route( 247): Control 'Right Output Mixer DACL Switch' doesn't exist - skipping
10-16 15:07:03.434 W/audio_route( 247): Control 'Right Output Mixer DACR Switch' doesn't exist - skipping
10-16 15:07:03.434 W/audio_route( 247): Control 'Headphone Switch' doesn't exist - skipping
10-16 15:07:03.434 W/audio_route( 247): Control 'External Speaker Switch' doesn't exist - skipping
10-16 15:07:03.434 W/audio_route( 247): Control 'AIF1OUT0R Mux' doesn't exist - skipping
10-16 15:07:03.434 W/audio_route( 247): Control 'AIF1OUT0L Mux' doesn't exist - skipping
10-16 15:07:03.434 W/audio_route( 247): Control 'AIF1 AD0R Mixer ADCR Switch' doesn't exist - skipping
10-16 15:07:03.434 W/audio_route( 247): Control 'AIF1 AD0L Mixer ADCL Switch' doesn't exist - skipping
10-16 15:07:03.434 W/audio_route( 247): Control 'ADCR Mux' doesn't exist - skipping
10-16 15:07:03.434 W/audio_route( 247): Control 'ADCL Mux' doesn't exist - skipping
10-16 15:07:03.434 W/audio_route( 247): Control 'LADC input Mixer MIC1 boost Switch' doesn't exist - skipping
10-16 15:07:03.435 W/audio_route( 247): Control 'RADC input Mixer MIC1 boost Switch' doesn't exist - skipping
10-16 15:07:03.435 W/audio_route( 247): Control 'AIF1OUT0R Mux' doesn't exist - skipping
10-16 15:07:03.435 W/audio_route( 247): Control 'AIF1OUT0L Mux' doesn't exist - skipping
10-16 15:07:03.435 W/audio_route( 247): Control 'AIF1 AD0R Mixer ADCR Switch' doesn't exist - skipping
10-16 15:07:03.435 W/audio_route( 247): Control 'AIF1 AD0L Mixer ADCL Switch' doesn't exist - skipping
10-16 15:07:03.435 W/audio_route( 247): Control 'ADCR Mux' doesn't exist - skipping
10-16 15:07:03.435 W/audio_route( 247): Control 'ADCL Mux' doesn't exist - skipping
10-16 15:07:03.435 W/audio_route( 247): Control 'MIC2 SRC' doesn't exist - skipping
10-16 15:07:03.435 W/audio_route( 247): Control 'LADC input Mixer MIC2 boost Switch' doesn't exist - skipping
10-16 15:07:03.435 W/audio_route( 247): Control 'RADC input Mixer MIC2 boost Switch' doesn't exist - skipping
10-16 15:07:03.435 W/audio_route( 247): Control 'ADCL Mux' doesn't exist - skipping
10-16 15:07:03.435 W/audio_route( 247): Control 'ADCR Mux' doesn't exist - skipping
10-16 15:07:03.435 W/audio_route( 247): Control 'AIF1 AD0L Mixer ADCL Switch' doesn't exist - skipping
10-16 15:07:03.435 W/audio_route( 247): Control 'AIF1 AD0R Mixer ADCR Switch' doesn't exist - skipping
10-16 15:07:03.435 W/audio_route( 247): Control 'AIF1OUT0L Mux' doesn't exist - skipping
10-16 15:07:03.435 W/audio_route( 247): Control 'AIF1OUT0R Mux' doesn't exist - skipping
10-16 15:07:03.435 W/audio_route( 247): Control 'AIF2 ADC volume' doesn't exist - skipping
10-16 15:07:03.435 W/audio_route( 247): Control 'LEFT ADC input Mixer MIC1 boost Switch' doesn't exist - skipping
10-16 15:07:03.435 W/audio_route( 247): Control 'ADCL Mux' doesn't exist - skipping
10-16 15:07:03.435 W/audio_route( 247): Control 'AIF2 ADL Mixer ADCL Switch' doesn't exist - skipping
10-16 15:07:03.435 W/audio_route( 247): Control 'AIF2OUTL Mux' doesn't exist - skipping
10-16 15:07:03.435 W/audio_route( 247): Control 'AIF2INL Mux' doesn't exist - skipping
10-16 15:07:03.435 W/audio_route( 247): Control 'AIF2INL Mux switch aif2inl aif2Switch' doesn't exist - skipping
10-16 15:07:03.435 W/audio_route( 247): Control 'DACL Mixer AIF2DACL Switch' doesn't exist - skipping
10-16 15:07:03.435 W/audio_route( 247): Control 'Right Output Mixer DACL Switch' doesn't exist - skipping
10-16 15:07:03.435 W/audio_route( 247): Control 'Left Output Mixer DACL Switch' doesn't exist - skipping
10-16 15:07:03.435 W/audio_route( 247): Control 'SPK_L Mux' doesn't exist - skipping
10-16 15:07:03.435 W/audio_route( 247): Control 'SPK_R Mux' doesn't exist - skipping
10-16 15:07:03.435 W/audio_route( 247): Control 'External Speaker Switch' doesn't exist - skipping
10-16 15:07:03.435 W/audio_route( 247): Control 'AIF2 ADC volume' doesn't exist - skipping
10-16 15:07:03.436 W/audio_route( 247): Control 'MIC2 SRC' doesn't exist - skipping
10-16 15:07:03.436 W/audio_route( 247): Control 'LEFT ADC input Mixer MIC2 boost Switch' doesn't exist - skipping
10-16 15:07:03.436 W/audio_route( 247): Control 'ADCL Mux' doesn't exist - skipping
10-16 15:07:03.436 W/audio_route( 247): Control 'AIF2 ADL Mixer ADCL Switch' doesn't exist - skipping
10-16 15:07:03.436 W/audio_route( 247): Control 'AIF2OUTL Mux' doesn't exist - skipping
10-16 15:07:03.436 W/audio_route( 247): Control 'AIF2INL Mux' doesn't exist - skipping
10-16 15:07:03.436 W/audio_route( 247): Control 'AIF2INL Mux switch aif2inl aif2Switch' doesn't exist - skipping
10-16 15:07:03.436 W/audio_route( 247): Control 'DACL Mixer AIF2DACL Switch' doesn't exist - skipping
10-16 15:07:03.436 W/audio_route( 247): Control 'Left Output Mixer DACL Switch' doesn't exist - skipping
10-16 15:07:03.436 W/audio_route( 247): Control 'Right Output Mixer DACL Switch' doesn't exist - skipping
10-16 15:07:03.436 W/audio_route( 247): Control 'HP_L Mux' doesn't exist - skipping
10-16 15:07:03.436 W/audio_route( 247): Control 'HP_R Mux' doesn't exist - skipping
10-16 15:07:03.436 W/audio_route( 247): Control 'Headphone Switch' doesn't exist - skipping
10-16 15:07:03.436 W/audio_route( 247): Control 'AIF2 ADC volume' doesn't exist - skipping
10-16 15:07:03.436 W/audio_route( 247): Control 'LEFT ADC input Mixer MIC1 boost Switch' doesn't exist - skipping
10-16 15:07:03.436 W/audio_route( 247): Control 'ADCL Mux' doesn't exist - skipping
10-16 15:07:03.436 W/audio_route( 247): Control 'AIF2 ADL Mixer ADCL Switch' doesn't exist - skipping
10-16 15:07:03.436 W/audio_route( 247): Control 'AIF2OUTL Mux' doesn't exist - skipping
10-16 15:07:03.436 W/audio_route( 247): Control 'AIF2INL Mux' doesn't exist - skipping
10-16 15:07:03.436 W/audio_route( 247): Control 'AIF2INL Mux switch aif2inl aif2Switch' doesn't exist - skipping
10-16 15:07:03.436 W/audio_route( 247): Control 'DACL Mixer AIF2DACL Switch' doesn't exist - skipping
10-16 15:07:03.437 W/audio_route( 247): Control 'Left Output Mixer DACL Switch' doesn't exist - skipping
10-16 15:07:03.437 W/audio_route( 247): Control 'Right Output Mixer DACL Switch' doesn't exist - skipping
10-16 15:07:03.437 W/audio_route( 247): Control 'HP_L Mux' doesn't exist - skipping
10-16 15:07:03.437 W/audio_route( 247): Control 'HP_R Mux' doesn't exist - skipping
10-16 15:07:03.437 W/audio_route( 247): Control 'Headphone Switch' doesn't exist - skipping
10-16 15:07:03.437 W/audio_route( 247): Control 'AIF2INL Mux' doesn't exist - skipping
10-16 15:07:03.437 W/audio_route( 247): Control 'AIF2INL Mux switch aif2inl aif2Switch' doesn't exist - skipping
10-16 15:07:03.437 W/audio_route( 247): Control 'AIF2 ADR Mixer AIF2 DACL Switch' doesn't exist - skipping
10-16 15:07:03.437 W/audio_route( 247): Control 'AIF3OUT Mux' doesn't exist - skipping
10-16 15:07:03.437 W/audio_route( 247): Control 'AIF2INR Mux VIR switch aif2inr aif3Switch' doesn't exist - skipping
10-16 15:07:03.437 W/audio_route( 247): Control 'AIF2 ADL Mixer AIF2 DACR Switch' doesn't exist - skipping
10-16 15:07:03.437 W/audio_route( 247): Control 'AIF2OUTL Mux' doesn't exist - skipping
10-16 15:07:03.437 W/audio_route( 247): Control 'AIF2 ADC volume' doesn't exist - skipping
