10-16 15:07:07.125 D/PackageManager( 486): No files in app dir /apex/com.android.appsearch/app
10-16 15:07:07.125 D/PackageManager( 486): No files in app dir /apex/com.android.adbd/priv-app
10-16 15:07:07.125 D/PackageManager( 486): No files in app dir /apex/com.android.adbd/app
10-16 15:07:07.134 I/PackageManager( 486): Finished scanning system apps. Time: 569 ms, packageCount: 112 , timePerPackage: 5 , cached: 112
10-16 15:07:07.142 D/CompatibilityChangeReporter( 486): Compat change id reported: 133396946; UID -1; state: DISABLED
10-16 15:07:07.163 W/PackageParsing( 486): Unknown element under : module at /data/app/~~d-3Kcu6lG-b4Da90wMJPeQ==/com.dangbei.dbmusic.dbos.tab-H-nOsIz7DhGyavuBc3-etg==/base.apk Binary XML file line #13
10-16 15:07:07.164 W/PackageParsing( 486): Ignoring duplicate uses-permissions/uses-permissions-sdk-m: android.permission.INTERNET in package: com.dangbei.dbmusic.dbos.tab at: Binary XML file line #23
10-16 15:07:07.164 W/PackageParsing( 486): Ignoring duplicate uses-permissions/uses-permissions-sdk-m: android.permission.ACCESS_FINE_LOCATION in package: com.dangbei.dbmusic.dbos.tab at: Binary XML file line #30
10-16 15:07:07.164 W/PackageParsing( 486): Ignoring duplicate uses-permissions/uses-permissions-sdk-m: android.permission.READ_EXTERNAL_STORAGE in package: com.dangbei.dbmusic.dbos.tab at: Binary XML file line #31
10-16 15:07:07.165 W/PackageParsing( 486): Ignoring duplicate uses-permissions/uses-permissions-sdk-m: android.permission.FOREGROUND_SERVICE in package: com.dangbei.dbmusic.dbos.tab at: Binary XML file line #32
10-16 15:07:07.165 W/PackageParsing( 486): Ignoring duplicate uses-permissions/uses-permissions-sdk-m: android.permission.WAKE_LOCK in package: com.dangbei.dbmusic.dbos.tab at: Binary XML file line #33
10-16 15:07:07.165 W/PackageParsing( 486): Ignoring duplicate uses-permissions/uses-permissions-sdk-m: android.permission.DISABLE_KEYGUARD in package: com.dangbei.dbmusic.dbos.tab at: Binary XML file line #34
10-16 15:07:07.165 W/PackageParsing( 486): Ignoring duplicate uses-permissions/uses-permissions-sdk-m: android.permission.SYSTEM_ALERT_WINDOW in package: com.dangbei.dbmusic.dbos.tab at: Binary XML file line #35
10-16 15:07:07.169 D/PackageParsing( 486): homlet: force set orientation: 0
10-16 15:07:07.169 D/CompatibilityChangeReporter( 486): Compat change id reported: 150232615; UID -1; state: DISABLED
10-16 15:07:07.170 D/PackageParsing( 486): homlet: force set orientation: 0
10-16 15:07:07.171 D/PackageParsing( 486): homlet: force set orientation: 0
10-16 15:07:07.171 D/PackageParsing( 486): homlet: force set orientation: 0
10-16 15:07:07.171 D/PackageParsing( 486): homlet: force set orientation: 0
10-16 15:07:07.171 D/PackageParsing( 486): homlet: force set orientation: 0
10-16 15:07:07.171 D/PackageParsing( 486): homlet: force set orientation: 0
10-16 15:07:07.172 D/PackageParsing( 486): homlet: force set orientation: 0
10-16 15:07:07.172 D/PackageParsing( 486): homlet: force set orientation: 0
10-16 15:07:07.172 D/PackageParsing( 486): homlet: force set orientation: 0
10-16 15:07:07.172 D/PackageParsing( 486): homlet: force set orientation: 0
10-16 15:07:07.172 D/PackageParsing( 486): homlet: force set orientation: 0
10-16 15:07:07.172 D/PackageParsing( 486): homlet: force set orientation: 0
10-16 15:07:07.172 D/PackageParsing( 486): homlet: force set orientation: 0
10-16 15:07:07.173 D/PackageParsing( 486): homlet: force set orientation: 0
10-16 15:07:07.173 D/PackageParsing( 486): homlet: force set orientation: 0
10-16 15:07:07.173 D/PackageParsing( 486): homlet: force set orientation: 0
10-16 15:07:07.173 D/PackageParsing( 486): homlet: force set orientation: 0
10-16 15:07:07.173 D/PackageParsing( 486): homlet: force set orientation: 0
10-16 15:07:07.173 D/PackageParsing( 486): homlet: force set orientation: 0
10-16 15:07:07.173 D/PackageParsing( 486): homlet: force set orientation: 0
10-16 15:07:07.174 D/PackageParsing( 486): homlet: force set orientation: 0
10-16 15:07:07.174 D/PackageParsing( 486): homlet: force set orientation: 0
10-16 15:07:07.174 D/PackageParsing( 486): homlet: force set orientation: 0
10-16 15:07:07.174 D/PackageParsing( 486): homlet: force set orientation: 0
10-16 15:07:07.174 D/PackageParsing( 486): homlet: force set orientation: 0
10-16 15:07:07.174 D/PackageParsing( 486): homlet: force set orientation: 0
10-16 15:07:07.174 D/PackageParsing( 486): homlet: force set orientation: 0
10-16 15:07:07.174 D/PackageParsing( 486): homlet: force set orientation: 0
10-16 15:07:07.175 D/PackageParsing( 486): homlet: force set orientation: 0
10-16 15:07:07.175 D/PackageParsing( 486): homlet: force set orientation: 0
10-16 15:07:07.175 D/PackageParsing( 486): homlet: force set orientation: 0
10-16 15:07:07.175 D/PackageParsing( 486): homlet: force set orientation: 0
10-16 15:07:07.175 D/PackageParsing( 486): homlet: force set orientation: 0
10-16 15:07:07.175 D/PackageParsing( 486): homlet: force set orientation: 0
10-16 15:07:07.176 D/PackageParsing( 486): homlet: force set orientation: 0
10-16 15:07:07.176 D/PackageParsing( 486): homlet: force set orientation: 0
10-16 15:07:07.176 D/PackageParsing( 486): homlet: force set orientation: 0
10-16 15:07:07.177 D/PackageParsing( 486): homlet: force set orientation: 0
10-16 15:07:07.178 D/PackageParsing( 486): homlet: force set orientation: 0
10-16 15:07:07.178 D/PackageParsing( 486): homlet: force set orientation: 0
10-16 15:07:07.178 D/PackageParsing( 486): homlet: force set orientation: 0
10-16 15:07:07.178 D/PackageParsing( 486): homlet: force set orientation: 0
10-16 15:07:07.179 D/PackageParsing( 486): homlet: force set orientation: 0
10-16 15:07:07.179 D/PackageParsing( 486): homlet: force set orientation: 0
10-16 15:07:07.179 D/PackageParsing( 486): homlet: force set orientation: 0
10-16 15:07:07.179 D/PackageParsing( 486): homlet: force set orientation: 0
10-16 15:07:07.179 D/PackageParsing( 486): homlet: force set orientation: 0
10-16 15:07:07.179 D/PackageParsing( 486): homlet: force set orientation: 0
10-16 15:07:07.179 D/PackageParsing( 486): homlet: force set orientation: 0
10-16 15:07:07.180 D/PackageParsing( 486): homlet: force set orientation: 0
10-16 15:07:07.180 D/PackageParsing( 486): homlet: force set orientation: 0
10-16 15:07:07.180 D/PackageParsing( 486): homlet: force set orientation: 0
10-16 15:07:07.180 D/PackageParsing( 486): homlet: force set orientation: 0
10-16 15:07:07.180 D/PackageParsing( 486): homlet: force set orientation: 0
10-16 15:07:07.181 I/update_engine( 370): [INFO:cleanup_previous_update_action.cc(112)] Executing task 3
10-16 15:07:07.183 D/PackageParsing( 486): homlet: force set orientation: 0
10-16 15:07:07.183 D/PackageParsing( 486): homlet: force set orientation: 0
10-16 15:07:07.183 D/PackageParsing( 486): homlet: force set orientation: 0
10-16 15:07:07.183 D/PackageParsing( 486): homlet: force set orientation: 0
10-16 15:07:07.183 D/PackageParsing( 486): homlet: force set orientation: 0
10-16 15:07:07.184 D/PackageParsing( 486): homlet: force set orientation: 0
10-16 15:07:07.184 D/PackageParsing( 486): homlet: force set orientation: 0
10-16 15:07:07.184 D/PackageParsing( 486): homlet: force set orientation: 0
10-16 15:07:07.184 D/PackageParsing( 486): homlet: force set orientation: 0
10-16 15:07:07.184 I/update_engine( 370): [INFO:cleanup_previous_update_action.cc(124)] CleanupPreviousUpdateAction scheduled task ID 4 for WaitBootCompleted
10-16 15:07:07.185 D/PackageParsing( 486): homlet: force set orientation: 0
10-16 15:07:07.185 D/PackageParsing( 486): homlet: force set orientation: 0
10-16 15:07:07.185 D/PackageParsing( 486): homlet: force set orientation: 0
10-16 15:07:07.185 D/PackageParsing( 486): homlet: force set orientation: 0
10-16 15:07:07.185 D/PackageParsing( 486): homlet: force set orientation: 0
10-16 15:07:07.185 D/PackageParsing( 486): homlet: force set orientation: 0
10-16 15:07:07.198 I/PackageManager( 486): Finished scanning non-system apps. Time: 64 ms, packageCount: 2 , timePerPackage: 32 , cached: 1
10-16 15:07:07.200 W/PackageManager( 486): There should probably be exactly one storage manager; found 2: matches=[ResolveInfo{b2535db com.android.storagemanager/.deletionhelper.DeletionHelperActivity m=0x108000}, ResolveInfo{7a2d878 com.android.tv.settings/.device.StorageResetActivity m=0x108000}]
10-16 15:07:07.201 E/PackageManager( 486): There should probably be exactly one setup wizard; found 2: matches=[ResolveInfo{31aeb51 com.dangbei.hqguide/.main.MainActivity p=1000 m=0x108000}, ResolveInfo{7cf0fb6 com.softwinner.provision/.DefaultActivity p=1 m=0x108000}]
10-16 15:07:07.210 I/PackageManager( 486): Time to scan packages: 0.645 seconds
10-16 15:07:07.249 I/PackageManager( 486): Permission ownership changed. Updating all permissions.
10-16 15:07:07.296 V/PackageManager( 486): reconcileAppsData for null u0 0x3 migrateAppData=true
10-16 15:07:07.327 I/SELinux ( 348): SELinux: Loaded file_contexts
10-16 15:07:07.449 D/XiriService( 309): check file name: /data/data/android/lib
10-16 15:07:07.449 D/XiriService( 309): check file name: /data/data/android/lib
10-16 15:07:07.444 I/xiriservice_All( 309): type=1400 audit(0.0:305): avc: denied { search } for name="android" dev="mmcblk0p25" ino=507 scontext=u:r:init:s0 tcontext=u:object_r:system_app_data_file:s0 tclass=dir permissive=1
10-16 15:07:07.450 D/XiriService( 309): check file name: /data/data/android/lib
10-16 15:07:07.444 I/xiriservice_All( 309): type=1400 audit(0.0:306): avc: denied { read } for name="lib" dev="mmcblk0p25" ino=5489 scontext=u:r:init:s0 tcontext=u:object_r:system_app_data_file:s0 tclass=lnk_file permissive=1
10-16 15:07:07.456 D/XiriService( 309): check file name: /data/data/android/lib
10-16 15:07:07.457 D/XiriService( 309): check file name: /data/data/android/lib
10-16 15:07:07.458 D/XiriService( 309): check file name: /data/data/com.android.providers.settings/lib
10-16 15:07:07.458 D/XiriService( 309): check file name: /data/data/com.android.providers.settings/lib
10-16 15:07:07.458 D/XiriService( 309): check file name: /data/data/com.android.providers.settings/lib
10-16 15:07:07.459 D/XiriService( 309): check file name: /data/data/com.android.providers.settings/lib
10-16 15:07:07.464 D/XiriService( 309): check file name: /data/data/com.android.providers.settings/lib
10-16 15:07:07.464 D/XiriService( 309): check file name: /data/data/com.android.providers.settings/lib
10-16 15:07:07.465 D/XiriService( 309): check file name: /data/data/com.android.providers.settings/lib
10-16 15:07:07.465 D/XiriService( 309): check file name: /data/data/com.android.providers.settings/lib
10-16 15:07:07.465 D/XiriService( 309): check file name: /data/data/com.android.inputdevices/lib
10-16 15:07:07.465 D/XiriService( 309): check file name: /data/data/com.android.inputdevices/lib
10-16 15:07:07.466 D/XiriService( 309): check file name: /data/data/com.android.inputdevices/lib
10-16 15:07:07.466 D/XiriService( 309): check file name: /data/data/com.android.inputdevices/lib
10-16 15:07:07.471 D/XiriService( 309): check file name: /data/data/com.android.inputdevices/lib
10-16 15:07:07.471 D/XiriService( 309): check file name: /data/data/com.android.inputdevices/lib
10-16 15:07:07.472 D/XiriService( 309): check file name: /data/data/com.android.inputdevices/lib
10-16 15:07:07.472 D/XiriService( 309): check file name: /data/data/com.android.inputdevices/lib
10-16 15:07:07.477 D/XiriService( 309): check file name: /data/data/android.ext.services/lib
10-16 15:07:07.478 D/XiriService( 309): check file name: /data/data/android.ext.services/lib
10-16 15:07:07.472 I/xiriservice_All( 309): type=1400 audit(0.0:307): avc: denied { search } for name="android.ext.services" dev="mmcblk0p25" ino=439 scontext=u:r:init:s0 tcontext=u:object_r:app_data_file:s0:c512,c768 tclass=dir permissive=1
10-16 15:07:07.478 D/XiriService( 309): check file name: /data/data/android.ext.services/lib
10-16 15:07:07.478 D/XiriService( 309): check file name: /data/data/android.ext.services/lib
10-16 15:07:07.472 I/xiriservice_All( 309): type=1400 audit(0.0:308): avc: denied { read } for name="lib" dev="mmcblk0p25" ino=5495 scontext=u:r:init:s0 tcontext=u:object_r:app_data_file:s0:c512,c768 tclass=lnk_file permissive=1
10-16 15:07:07.484 D/XiriService( 309): check file name: /data/data/android.ext.services/lib
10-16 15:07:07.484 D/XiriService( 309): check file name: /data/data/android.ext.services/lib
10-16 15:07:07.484 D/XiriService( 309): check file name: /data/data/android.ext.services/lib
10-16 15:07:07.484 D/XiriService( 309): check file name: /data/data/android.ext.services/lib
10-16 15:07:07.511 D/XiriService( 309): check file name: /data/data/com.android.location.fused/lib
10-16 15:07:07.511 D/XiriService( 309): check file name: /data/data/com.android.location.fused/lib
10-16 15:07:07.512 D/XiriService( 309): check file name: /data/data/com.android.location.fused/lib
10-16 15:07:07.512 D/XiriService( 309): check file name: /data/data/com.android.location.fused/lib
10-16 15:07:07.518 D/XiriService( 309): check file name: /data/data/com.android.location.fused/lib
10-16 15:07:07.518 D/XiriService( 309): check file name: /data/data/com.android.location.fused/lib
10-16 15:07:07.518 D/XiriService( 309): check file name: /data/data/com.android.location.fused/lib
10-16 15:07:07.518 D/XiriService( 309): check file name: /data/data/com.android.location.fused/lib
10-16 15:07:07.529 V/PackageManager( 486): reconcileAppsData finished 14 packages
10-16 15:07:07.530 I/PackageManagerTiming( 486): write settings
10-16 15:07:07.531 I/SystemServerTimingAsync( 486): InitThreadPoolExec:prepareAppData
10-16 15:07:07.531 D/SystemServerInitThreadPool( 486): Started executing prepareAppData
10-16 15:07:07.532 E/cutils-trace( 348): Error opening trace file: No such file or directory (2)
10-16 15:07:07.534 W/installd( 348): Ignoring /data/data/android/lib with unexpected GID 0 instead of 1000
10-16 15:07:07.534 W/installd( 348): Ignoring /data/data/com.android.providers.settings/lib with unexpected GID 0 instead of 1000
10-16 15:07:07.534 W/installd( 348): Ignoring /data/data/com.android.inputdevices/lib with unexpected GID 0 instead of 1000
10-16 15:07:07.535 W/installd( 348): Ignoring /data/data/android.ext.services/lib with unexpected GID 0 instead of 10075
10-16 15:07:07.536 W/installd( 348): Ignoring /data/data/com.android.location.fused/lib with unexpected GID 0 instead of 1000
10-16 15:07:07.537 W/installd( 348): Ignoring /data/data/com.android.cts.priv.ctsshim/lib with unexpected GID 0 instead of 10013
10-16 15:07:07.538 W/installd( 348): Ignoring /data/data/com.android.dynsystem/lib with unexpected GID 0 instead of 1000
10-16 15:07:07.539 W/installd( 348): Ignoring /data/data/com.dangbei.lerad.rocky/lib with unexpected GID 0 instead of 1000
10-16 15:07:07.541 W/installd( 348): Ignoring /data/data/com.android.tv.settings/lib with unexpected GID 0 instead of 1000
10-16 15:07:07.543 W/installd( 348): Ignoring /data/data/com.oranth.factory/lib with unexpected GID 0 instead of 1000
10-16 15:07:07.545 W/installd( 348): Ignoring /data/data/com.dangbei.zhushou.os/lib with unexpected GID 0 instead of 1000
10-16 15:07:07.549 W/installd( 348): Ignoring /data/data/com.sohu.inputmethod.sogou.tv/lib with unexpected GID 0 instead of 10035
10-16 15:07:07.553 W/installd( 348): Ignoring /data/data/com.oranth.ledstatus/lib with unexpected GID 0 instead of 1000
10-16 15:07:07.554 W/installd( 348): Ignoring /data/data/com.dangbei.lerad.videoposter/lib with unexpected GID 0 instead of 10043
10-16 15:07:07.556 W/installd( 348): Ignoring /data/data/com.android.networkstack/lib with unexpected GID 0 instead of 1073
10-16 15:07:07.571 W/installd( 348): Ignoring /data/data/com.dangbei.screencast/lib with unexpected GID 0 instead of 10030
10-16 15:07:07.574 W/installd( 348): Ignoring /data/data/com.dangbei.leard.leradlauncher/lib with unexpected GID 0 instead of 1000
10-16 15:07:07.576 W/installd( 348): Ignoring /data/data/com.android.printspooler/lib with unexpected GID 0 instead of 10039
10-16 15:07:07.577 I/SELinux ( 486): SELinux: Loaded file_contexts
10-16 15:07:07.578 W/installd( 348): Ignoring /data/data/com.android.webview/lib with unexpected GID 0 instead of 10060
10-16 15:07:07.580 W/installd( 348): Ignoring /data/data/com.android.bips/lib with unexpected GID 0 instead of 10025
10-16 15:07:07.581 W/installd( 348): Ignoring /data/data/com.oranth.inputmacsn/lib with unexpected GID 0 instead of 1000
10-16 15:07:07.584 W/installd( 348): Ignoring /data/data/com.android.keychain/lib with unexpected GID 0 instead of 1000
10-16 15:07:07.585 W/installd( 348): Ignoring /data/data/com.android.localtransport/lib with unexpected GID 0 instead of 1000
10-16 15:07:07.586 W/installd( 348): Ignoring /data/data/com.android.packageinstaller/lib with unexpected GID 0 instead of 1000
10-16 15:07:07.588 W/installd( 348): Ignoring /data/data/com.oranth.usbopenft/lib with unexpected GID 0 instead of 1000
10-16 15:07:07.589 W/installd( 348): Ignoring /data/data/com.android.networkstack.tethering/lib with unexpected GID 0 instead of 1073
10-16 15:07:07.591 W/installd( 348): Ignoring /data/data/com.dangbei.lerad.etna.haqu/lib with unexpected GID 0 instead of 1000
10-16 15:07:07.596 W/installd( 348): Ignoring /data/data/com.oranth.powerwindow/lib with unexpected GID 0 instead of 1000
10-16 15:07:07.596 W/PackageManager( 486): There should probably be a verifier, but, none were found
10-16 15:07:07.597 W/installd( 348): Ignoring /data/data/com.android.networkstack.permissionconfig/lib with unexpected GID 0 instead of 1073
10-16 15:07:07.598 W/PackageManager( 486): Domain verification agent not found
10-16 15:07:07.600 W/installd( 348): Ignoring /data/data/com.dangbei.lerad.screensaver/lib with unexpected GID 0 instead of 10054
10-16 15:07:07.602 D/PackageManager( 486): Ephemeral resolver NOT found; no matching intent filters
10-16 15:07:07.602 D/PackageManager( 486): Instant App installer not found with android.intent.action.INSTALL_INSTANT_APP_PACKAGE
10-16 15:07:07.602 D/PackageManager( 486): Clear ephemeral installer activity
10-16 15:07:07.603 W/installd( 348): Ignoring /data/data/com.android.wallpaperbackup/lib with unexpected GID 0 instead of 1000
10-16 15:07:07.606 W/installd( 348): Ignoring /data/data/com.android.providers.media.module/lib with unexpected GID 0 instead of 10074
10-16 15:07:07.607 W/installd( 348): Ignoring /data/data/com.oranth.storage/lib with unexpected GID 0 instead of 1000
10-16 15:07:07.609 W/installd( 348): Ignoring /data/data/com.dangbei.haqusetting/lib with unexpected GID 0 instead of 1000
10-16 15:07:07.611 W/installd( 348): Ignoring /data/data/com.softwinner.miracastReceiver/lib with unexpected GID 0 instead of 1000
10-16 15:07:07.612 I/PackageManagerTiming( 486): GC
10-16 15:07:07.612 I/PackageManager( 486): Fix for b/169414761 is applied
10-16 15:07:07.615 W/installd( 348): Ignoring /data/data/com.android.bluetooth/lib with unexpected GID 0 instead of 1002
10-16 15:07:07.619 W/installd( 348): Ignoring /data/data/com.dangbei.dbmusic.dbos.tab/lib with unexpected GID 0 instead of 10077
10-16 15:07:07.622 W/installd( 348): Ignoring /data/data/com.dangbei.hqmedia/lib with unexpected GID 0 instead of 10076
10-16 15:07:07.629 W/installd( 348): Ignoring /data/user_de/0/android/lib with unexpected GID 0 instead of 1000
10-16 15:07:07.629 W/installd( 348): Ignoring /data/user_de/0/com.android.providers.settings/lib with unexpected GID 0 instead of 1000
10-16 15:07:07.630 W/installd( 348): Ignoring /data/user_de/0/com.android.inputdevices/lib with unexpected GID 0 instead of 1000
10-16 15:07:07.632 W/installd( 348): Ignoring /data/user_de/0/com.android.location.fused/lib with unexpected GID 0 instead of 1000
10-16 15:07:07.640 W/installd( 348): Ignoring /data/user_de/0/com.android.tv.settings/lib with unexpected GID 0 instead of 1000
10-16 15:07:07.647 W/installd( 348): Ignoring /data/user_de/0/com.sohu.inputmethod.sogou.tv/lib with unexpected GID 0 instead of 10035
10-16 15:07:07.653 W/installd( 348): Ignoring /data/user_de/0/com.android.networkstack/lib with unexpected GID 0 instead of 1073
10-16 15:07:07.657 V/UserManagerService( 486): Checking that all system packages are whitelisted.
10-16 15:07:07.664 W/UserManagerService( 486): checkWhitelistedSystemPackages(mode=ENFORCE|IMPLICIT_WHITELIST|IMPLICIT_WHITELIST_SYSTEM) has 55 warnings:
10-16 15:07:07.664 W/UserManagerService( 486): com.android.internal.display.cutout.emulation.corner is allowlisted but not present.
10-16 15:07:07.664 W/UserManagerService( 486): com.android.internal.display.cutout.emulation.double is allowlisted but not present.
10-16 15:07:07.664 W/UserManagerService( 486): com.android.theme.color.amethyst is allowlisted but not present.
10-16 15:07:07.664 W/UserManagerService( 486): com.android.theme.icon.pebble is allowlisted but not present.
10-16 15:07:07.664 W/UserManagerService( 486): com.android.theme.color.sand is allowlisted but not present.
10-16 15:07:07.664 W/UserManagerService( 486): com.android.theme.icon.vessel is allowlisted but not present.
10-16 15:07:07.664 W/UserManagerService( 486): com.android.theme.color.cinnamon is allowlisted but not present.
10-16 15:07:07.664 W/UserManagerService( 486): com.android.theme.icon_pack.victor.settings is allowlisted but not present.
10-16 15:07:07.664 W/UserManagerService( 486): com.android.theme.icon_pack.rounded.systemui is allowlisted but not present.
10-16 15:07:07.664 W/UserManagerService( 486): com.android.theme.icon.taperedrect is allowlisted but not present.
10-16 15:07:07.664 W/UserManagerService( 486): com.android.theme.icon_pack.rounded.android is allowlisted but not present.
10-16 15:07:07.664 W/UserManagerService( 486): com.android.theme.icon_pack.victor.systemui is allowlisted but not present.
10-16 15:07:07.664 W/UserManagerService( 486): com.android.theme.icon_pack.circular.themepicker is allowlisted but not present.
10-16 15:07:07.664 W/UserManagerService( 486): com.android.theme.color.tangerine is allowlisted but not present.
10-16 15:07:07.664 W/UserManagerService( 486): com.android.theme.color.aquamarine is allowlisted but not present.
10-16 15:07:07.664 W/UserManagerService( 486): com.android.internal.display.cutout.emulation.hole is allowlisted but not present.
10-16 15:07:07.664 W/UserManagerService( 486): com.android.internal.display.cutout.emulation.tall is allowlisted but not present.
10-16 15:07:07.664 W/UserManagerService( 486): com.android.theme.color.black is allowlisted but not present.
10-16 15:07:07.664 W/UserManagerService( 486): com.android.theme.color.green is allowlisted but not present.
10-16 15:07:07.664 W/UserManagerService( 486): com.android.theme.color.ocean is allowlisted but not present.
10-16 15:07:07.664 W/UserManagerService( 486): com.android.theme.color.space is allowlisted but not present.
10-16 15:07:07.664 W/UserManagerService( 486): com.android.theme.icon_pack.rounded.launcher is allowlisted but not present.
10-16 15:07:07.664 W/UserManagerService( 486): com.android.theme.icon_pack.kai.settings is allowlisted but not present.
10-16 15:07:07.664 W/UserManagerService( 486): com.android.internal.systemui.navbar.twobutton is allowlisted but not present.
10-16 15:07:07.664 W/UserManagerService( 486): com.android.theme.icon_pack.sam.settings is allowlisted but not present.
10-16 15:07:07.664 W/UserManagerService( 486): com.android.theme.icon_pack.kai.themepicker is allowlisted but not present.
10-16 15:07:07.664 W/UserManagerService( 486): com.android.theme.icon_pack.victor.launcher is allowlisted but not present.
10-16 15:07:07.664 W/UserManagerService( 486): com.android.theme.icon_pack.filled.settings is allowlisted but not present.
10-16 15:07:07.664 W/UserManagerService( 486): com.android.theme.icon_pack.kai.systemui is allowlisted but not present.
10-16 15:07:07.664 W/UserManagerService( 486): com.android.theme.icon_pack.circular.settings is allowlisted but not present.
10-16 15:07:07.665 W/UserManagerService( 486): com.android.theme.icon_pack.sam.systemui is allowlisted but not present.
10-16 15:07:07.665 W/UserManagerService( 486): com.android.theme.icon.teardrop is allowlisted but not present.
10-16 15:07:07.665 W/UserManagerService( 486): com.android.theme.icon_pack.rounded.themepicker is allowlisted but not present.
10-16 15:07:07.665 W/UserManagerService( 486): com.android.theme.icon_pack.filled.systemui is allowlisted but not present.
10-16 15:07:07.665 W/UserManagerService( 486): com.android.theme.icon_pack.sam.android is allowlisted but not present.
10-16 15:07:07.665 W/UserManagerService( 486): com.android.theme.icon_pack.filled.android is allowlisted but not present.
10-16 15:07:07.665 W/UserManagerService( 486): com.android.internal.display.cutout.emulation.waterfall is allowlisted but not present.
10-16 15:07:07.665 W/UserManagerService( 486): com.android.theme.icon_pack.circular.systemui is allowlisted but not present.
10-16 15:07:07.665 W/UserManagerService( 486): com.android.theme.icon_pack.kai.android is allowlisted but not present.
10-16 15:07:07.665 W/UserManagerService( 486): com.android.theme.icon_pack.kai.launcher is allowlisted but not present.
10-16 15:07:07.665 W/UserManagerService( 486): com.android.theme.icon_pack.sam.launcher is allowlisted but not present.
10-16 15:07:07.665 W/UserManagerService( 486): com.android.theme.icon.squircle is allowlisted but not present.
10-16 15:07:07.665 W/UserManagerService( 486): com.android.theme.icon_pack.victor.android is allowlisted but not present.
10-16 15:07:07.665 W/UserManagerService( 486): com.android.theme.color.palette is allowlisted but not present.
10-16 15:07:07.665 W/UserManagerService( 486): com.android.theme.icon_pack.filled.launcher is allowlisted but not present.
10-16 15:07:07.665 W/UserManagerService( 486): com.android.theme.color.carbon is allowlisted but not present.
10-16 15:07:07.665 W/UserManagerService( 486): com.android.theme.icon_pack.circular.launcher is allowlisted but not present.
10-16 15:07:07.665 W/UserManagerService( 486): com.android.theme.icon_pack.filled.themepicker is allowlisted but not present.
10-16 15:07:07.665 W/UserManagerService( 486): com.android.theme.icon_pack.victor.themepicker is allowlisted but not present.
10-16 15:07:07.665 W/UserManagerService( 486): com.android.theme.color.orchid is allowlisted but not present.
10-16 15:07:07.665 W/UserManagerService( 486): com.android.theme.color.purple is allowlisted but not present.
10-16 15:07:07.665 W/UserManagerService( 486): com.android.theme.icon_pack.sam.themepicker is allowlisted but not present.
10-16 15:07:07.665 W/UserManagerService( 486): com.android.theme.icon.roundedrect is allowlisted but not present.
10-16 15:07:07.665 W/UserManagerService( 486): com.android.theme.icon_pack.rounded.settings is allowlisted but not present.
10-16 15:07:07.665 W/UserManagerService( 486): com.android.theme.icon_pack.circular.android is allowlisted but not present.
10-16 15:07:07.667 I/Watchdog( 486): Resuming HandlerChecker: main thread for reason: packagemanagermain. Pause count: 0
10-16 15:07:07.667 I/SystemServerDexLoadReporter( 486): Configuring system server dex reporter
10-16 15:07:07.675 W/installd( 348): Ignoring /data/user_de/0/com.android.packageinstaller/lib with unexpected GID 0 instead of 1000
10-16 15:07:07.677 W/installd( 348): Ignoring /data/user_de/0/com.android.networkstack.tethering/lib with unexpected GID 0 instead of 1073
10-16 15:07:07.682 I/SystemServerTiming( 486): StartOtaDexOptService
10-16 15:07:07.682 I/Watchdog( 486): Pausing HandlerChecker: main thread for reason: moveab. Pause count: 1
10-16 15:07:07.685 D/OTADexopt( 486): No upgrade, skipping A/B artifacts check.
10-16 15:07:07.686 I/Watchdog( 486): Resuming HandlerChecker: main thread for reason: moveab. Pause count: 0
10-16 15:07:07.686 I/SystemServerTiming( 486): StartUserManagerService
10-16 15:07:07.686 I/SystemServiceManager( 486): Starting com.android.server.pm.UserManagerService$LifeCycle
10-16 15:07:07.687 I/SystemServerTiming( 486): InitAttributerCache
10-16 15:07:07.688 I/SystemServerTiming( 486): SetSystemProcess
10-16 15:07:07.693 W/installd( 348): Ignoring /data/user_de/0/com.android.bluetooth/lib with unexpected GID 0 instead of 1002
10-16 15:07:07.696 I/lowmemorykiller( 178): lmkd data connection established
10-16 15:07:07.696 I/ActivityManager( 486): Connection with lmkd established
10-16 15:07:07.698 V/HistoricalRegistry( 486): Interaction before persistence initialized
10-16 15:07:07.699 I/ServiceManager( 358): Waiting for service 'package_native' on '/dev/binder' successful after waiting 4356ms
10-16 15:07:07.700 I/audioserver( 269): Waiting for sensor privacy service
10-16 15:07:07.696 I/rainbow_flow( 324): type=1400 audit(0.0:309): avc: denied { ioctl } for path="/dev/spidev1.0" dev="tmpfs" ino=1274 ioctlcmd=0x6b00 scontext=u:r:init:s0 tcontext=u:object_r:device:s0 tclass=chr_file permissive=1
10-16 15:07:07.705 I/SystemServerTiming( 486): InitWatchdog
10-16 15:07:07.707 I/SystemServerTiming( 486): StartOverlayManagerService
10-16 15:07:07.712 I/ServiceManager( 352): Waiting for service 'package_native' on '/dev/binder' successful after waiting 4452ms
10-16 15:07:07.717 V/HistoricalRegistry( 486): Interaction before persistence initialized
10-16 15:07:07.720 W/AudioAnalytics( 352): (key=audio.flinger) Audioflinger constructor event detected
10-16 15:07:07.722 I/cameraserver( 342): Waiting for sensor privacy service
10-16 15:07:07.727 I/storaged( 358): storaged: Start
10-16 15:07:07.742 I/init ( 1): Control message: Processed ctl.start for 'idmap2d' from pid: 486 (system_server)
10-16 15:07:07.739 E/cutils-trace( 344): Error opening trace file: No such file or directory (2)
10-16 15:07:07.793 W/idmap2d ( 344): active ffro iterator was not previously released
10-16 15:07:07.816 I/SystemServerTiming( 486): StartSensorPrivacyService
10-16 15:07:07.824 I/SystemServerTiming( 486): StartSensorService
10-16 15:07:07.825 I/SystemServiceManager( 486): Starting com.android.server.sensors.SensorService
10-16 15:07:07.825 I/SystemServerTiming( 486): startCoreServices
10-16 15:07:07.826 I/SystemServerTiming( 486): StartSystemConfigService
10-16 15:07:07.826 I/SystemServiceManager( 486): Starting com.android.server.SystemConfigService
10-16 15:07:07.828 I/SystemServerTimingAsync( 486): InitThreadPoolExec:StartNativeSensorService
10-16 15:07:07.828 D/SystemServerInitThreadPool( 486): Started executing StartNativeSensorService
10-16 15:07:07.828 I/SystemServerTimingAsync( 486): StartNativeSensorService
10-16 15:07:07.828 D/SensorService( 486): nuSensorService starting...
10-16 15:07:07.829 I/SystemServerTiming( 486): StartBatteryService
10-16 15:07:07.829 I/SystemServiceManager( 486): Starting com.android.server.BatteryService
10-16 15:07:07.835 I/hwservicemanager( 180): getTransport: Cannot find entry android.hardware.sensors@2.1::ISensors/default in either framework or device VINTF manifest.
10-16 15:07:07.836 I/hwservicemanager( 180): getTransport: Cannot find entry android.hardware.sensors@2.0::ISensors/default in either framework or device VINTF manifest.
10-16 15:07:07.840 I/hwservicemanager( 180): getTransport: Cannot find entry android.hardware.sensors@1.0::ISensors/default in either framework or device VINTF manifest.
10-16 15:07:07.842 D/SystemServerInitThreadPool( 486): Finished executing StartNativeSensorService
10-16 15:07:07.844 I/HidlServiceManagement( 342): Registered android.frameworks.cameraservice.service@2.2::ICameraService/default
10-16 15:07:07.845 I/CameraService( 342): CameraService pinged cameraservice proxy
10-16 15:07:07.846 I/android_os_HwBinder( 486): HwBinder: Starting thread pool for getting: android.hardware.health@2.0::IHealth/default
10-16 15:07:07.846 I/cameraserver( 342): ServiceManager: 0xe9adb960 done instantiate
10-16 15:07:07.855 W/healthd ( 257): battery none chg=
10-16 15:07:07.856 I/android_os_HwBinder( 486): HwBinder: Starting thread pool for getting: android.hidl.manager@1.0::IServiceManager/default
10-16 15:07:07.856 I/EventThread( 262): type=1400 audit(0.0:310): avc: denied { search } for name="extcon" dev="sysfs" ino=18109 scontext=u:r:hal_tv_cec_default:s0 tcontext=u:object_r:sysfs_extcon:s0 tclass=dir permissive=1
10-16 15:07:07.864 I/HealthServiceWrapper( 486): health: HealthServiceWrapper listening to instance default
10-16 15:07:07.865 I/BatteryService( 486): health: Waited 0ms and received the update.
10-16 15:07:07.869 I/SystemServerTiming( 486): StartUsageService
10-16 15:07:07.869 I/SystemServiceManager( 486): Starting com.android.server.usage.UsageStatsService
10-16 15:07:07.871 I/android_os_HwBinder( 486): HwBinder: Starting thread pool for getting: android.hardware.health@2.0::IHealth/default
10-16 15:07:07.889 I/SystemServerTiming( 486): StartWebViewUpdateService
10-16 15:07:07.889 I/SystemServiceManager( 486): Starting com.android.server.webkit.WebViewUpdateService
10-16 15:07:07.894 I/SystemServerTiming( 486): StartCachedDeviceStateService
10-16 15:07:07.894 I/SystemServiceManager( 486): Starting com.android.server.CachedDeviceStateService
10-16 15:07:07.894 I/SystemServerTiming( 486): StartBinderCallsStatsService
10-16 15:07:07.895 I/SystemServiceManager( 486): Starting com.android.server.BinderCallsStatsService$LifeCycle
10-16 15:07:07.897 I/SystemServerTiming( 486): StartLooperStatsService
10-16 15:07:07.898 I/SystemServiceManager( 486): Starting com.android.server.LooperStatsService$Lifecycle
10-16 15:07:07.899 I/SystemServerTiming( 486): StartRollbackManagerService
10-16 15:07:07.900 I/SystemServiceManager( 486): Starting com.android.server.rollback.RollbackManagerService
10-16 15:07:07.904 D/installd( 348): Found quota mount /dev/block/by-name/userdata at /data
10-16 15:07:07.904 D/installd( 348): Found quota mount /dev/block/by-name/userdata at /data/user/0
10-16 15:07:07.907 I/PackageWatchdog( 486): Syncing state, reason: added new observer
10-16 15:07:07.907 I/PackageWatchdog( 486): Not pruning observers, elapsed time: 0ms
10-16 15:07:07.908 I/PackageWatchdog( 486): Saving observer state to file
10-16 15:07:07.908 I/PackageWatchdog( 486): Cancelling state sync, nothing to sync
10-16 15:07:07.920 I/SystemServerTiming( 486): StartNativeTombstoneManagerService
10-16 15:07:07.920 I/SystemServiceManager( 486): Starting com.android.server.os.NativeTombstoneManagerService
10-16 15:07:07.925 I/SystemServerTiming( 486): StartBugreportManagerService
10-16 15:07:07.926 I/SystemServiceManager( 486): Starting com.android.server.os.BugreportManagerService
10-16 15:07:07.931 I/SystemServerTiming( 486): GpuService
10-16 15:07:07.932 I/SystemServiceManager( 486): Starting com.android.server.gpu.GpuService
10-16 15:07:07.932 I/SystemServerTiming( 486): startOtherServices
10-16 15:07:07.934 I/SystemServerTimingAsync( 486): InitThreadPoolExec:SecondaryZygotePreload
10-16 15:07:07.934 D/SystemServerInitThreadPool( 486): Started executing SecondaryZygotePreload
10-16 15:07:07.934 I/SystemServer( 486): SecondaryZygotePreload
10-16 15:07:07.934 I/SystemServerTimingAsync( 486): SecondaryZygotePreload
10-16 15:07:07.936 I/SystemServerTiming( 486): StartKeyAttestationApplicationIdProviderService
10-16 15:07:07.938 I/SystemServerTiming( 486): StartKeyChainSystemService
10-16 15:07:07.938 I/SystemServiceManager( 486): Starting com.android.server.security.KeyChainSystemService
10-16 15:07:07.939 I/SystemServerTiming( 486): StartSchedulingPolicyService
10-16 15:07:07.941 I/SystemServerTiming( 486): StartTelecomLoaderService
10-16 15:07:07.941 I/SystemServerTimingAsync( 486): InitThreadPoolExec:SchedulingPolicyService.
10-16 15:07:07.941 D/SystemServerInitThreadPool( 486): Started executing SchedulingPolicyService.
10-16 15:07:07.941 I/SystemServiceManager( 486): Starting com.android.server.telecom.TelecomLoaderService
10-16 15:07:07.943 I/SystemServerTiming( 486): StartTelephonyRegistry
10-16 15:07:07.944 I/Zygote ( 242): Lazily preloading resources.
10-16 15:07:07.944 D/Zygote ( 242): begin preload
10-16 15:07:07.944 I/Zygote ( 242): Calling ZygoteHooks.beginPreload()
10-16 15:07:07.948 D/Sunxi_PQ( 275): has no clients connectted, close the socket.
10-16 15:07:07.949 I/system_server( 486): Background concurrent copying GC freed 103499(4570KB) AllocSpace objects, 23(624KB) LOS objects, 49% free, 6741KB/13MB, paused 227us total 336.433ms
10-16 15:07:07.952 I/SystemServerTiming( 486): StartEntropyMixer
10-16 15:07:07.976 I/EntropyMixer( 486): Writing entropy...
10-16 15:07:07.981 I/SchedulingPolicyService( 486): Moving 368 back to group default
10-16 15:07:07.982 D/SystemServerInitThreadPool( 486): Finished executing SchedulingPolicyService.
10-16 15:07:07.985 I/SystemServerTiming( 486): StartAccountManagerService
10-16 15:07:07.985 I/SystemServiceManager( 486): Starting com.android.server.accounts.AccountManagerService$Lifecycle
10-16 15:07:07.992 D/CompatibilityChangeReporter( 486): Compat change id reported: 148180766; UID 1000; state: ENABLED
10-16 15:07:07.994 I/SystemServerTiming( 486): StartContentService
10-16 15:07:07.995 I/SystemServiceManager( 486): Starting com.android.server.content.ContentService$Lifecycle
10-16 15:07:07.998 I/SystemServerTiming( 486): InstallSystemProviders
10-16 15:07:08.022 I/gralloc ( 255): alloc buffer:W:1920 H:1080 S:1920 PL[1920 1080] SZ:8294400 fmt:43 if:0 af:43 usg:20000b00 fg:00000004
10-16 15:07:08.078 W/SettingsState( 486): No settings state /data/system/users/0/settings_config.xml
10-16 15:07:08.082 I/SettingsState( 486): directory info for directory/file /data/system/users/0/settings_config.xml with stacktrace
10-16 15:07:08.082 I/SettingsState( 486): java.lang.Exception
10-16 15:07:08.082 I/SettingsState( 486): at com.android.providers.settings.SettingsState.logSettingsDirectoryInformation(SettingsState.java:877)
10-16 15:07:08.082 I/SettingsState( 486): at com.android.providers.settings.SettingsState.readStateSyncLocked(SettingsState.java:1008)
10-16 15:07:08.082 I/SettingsState( 486): at com.android.providers.settings.SettingsState.(SettingsState.java:283)
10-16 15:07:08.082 I/SettingsState( 486): at com.android.providers.settings.SettingsProvider$SettingsRegistry.ensureSettingsStateLocked(SettingsProvider.java:2884)
10-16 15:07:08.082 I/SettingsState( 486): at com.android.providers.settings.SettingsProvider$SettingsRegistry.ensureSettingsForUserLocked(SettingsProvider.java:2849)
10-16 15:07:08.082 I/SettingsState( 486): at com.android.providers.settings.SettingsProvider$SettingsRegistry.peekSettingsStateLocked(SettingsProvider.java:3201)
10-16 15:07:08.082 I/SettingsState( 486): at com.android.providers.settings.SettingsProvider$SettingsRegistry.getSettingsNamesLocked(SettingsProvider.java:2814)
10-16 15:07:08.082 I/SettingsState( 486): at com.android.providers.settings.SettingsProvider$SettingsRegistry.syncSsaidTableOnStartLocked(SettingsProvider.java:2797)
10-16 15:07:08.082 I/SettingsState( 486): at com.android.providers.settings.SettingsProvider$SettingsRegistry.access$100(SettingsProvider.java:2667)
10-16 15:07:08.082 I/SettingsState( 486): at com.android.providers.settings.SettingsProvider.onCreate(SettingsProvider.java:397)
10-16 15:07:08.082 I/SettingsState( 486): at android.content.ContentProvider.attachInfo(ContentProvider.java:2404)
10-16 15:07:08.082 I/SettingsState( 486): at android.content.ContentProvider.attachInfo(ContentProvider.java:2374)
10-16 15:07:08.082 I/SettingsState( 486): at android.app.ActivityThread.installProvider(ActivityThread.java:7437)
10-16 15:07:08.082 I/SettingsState( 486): at android.app.ActivityThread.installContentProviders(ActivityThread.java:6954)
10-16 15:07:08.082 I/SettingsState( 486): at android.app.ActivityThread.installSystemProviders(ActivityThread.java:7624)
10-16 15:07:08.082 I/SettingsState( 486): at com.android.server.am.ContentProviderHelper.installSystemProviders(ContentProviderHelper.java:1247)
10-16 15:07:08.082 I/SettingsState( 486): at com.android.server.SystemServer.startOtherServices(SystemServer.java:1507)
10-16 15:07:08.082 I/SettingsState( 486): at com.android.server.SystemServer.run(SystemServer.java:928)
10-16 15:07:08.082 I/SettingsState( 486): at com.android.server.SystemServer.main(SystemServer.java:628)
10-16 15:07:08.082 I/SettingsState( 486): at java.lang.reflect.Method.invoke(Native Method)
10-16 15:07:08.082 I/SettingsState( 486): at com.android.internal.os.RuntimeInit$MethodAndArgsCaller.run(RuntimeInit.java:548)
10-16 15:07:08.082 I/SettingsState( 486): at com.android.internal.os.ZygoteInit.main(ZygoteInit.java:1160)
10-16 15:07:08.083 I/SettingsState( 486): ancestor directory /data/system/users/0 exists
10-16 15:07:08.083 I/SettingsState( 486): ancestor directory /data/system/users/0 permissions: r: true w: true x: true
10-16 15:07:08.083 I/SettingsState( 486): ancestor's parent directory /data/system/users permissions: r: true w: true x: true
10-16 15:07:08.096 I/Zygote ( 242): Preloading classes...
10-16 15:07:08.120 D/ActivityManager( 486): Freezer enabled
10-16 15:07:08.120 D/ActivityManager( 486): freezer override set to false
10-16 15:07:08.120 I/SystemServerTiming( 486): StartDropBoxManager
10-16 15:07:08.120 I/SystemServiceManager( 486): Starting com.android.server.DropBoxManagerService
10-16 15:07:08.122 I/SystemServerTiming( 486): StartRoleManagerService
10-16 15:07:08.122 I/SystemServiceManager( 486): Starting com.android.role.RoleService
10-16 15:07:08.127 I/SystemServerTiming( 486): StartVibratorManagerService
10-16 15:07:08.128 I/SystemServiceManager( 486): Starting com.android.server.vibrator.VibratorManagerService$Lifecycle
10-16 15:07:08.131 E/servicemanager( 179): Could not find android.hardware.vibrator.IVibratorManager/default in the VINTF manifest.
10-16 15:07:08.131 E/servicemanager( 179): Could not find android.hardware.vibrator.IVibrator/default in the VINTF manifest.
10-16 15:07:08.132 I/hwservicemanager( 180): getTransport: Cannot find entry android.hardware.vibrator@1.0::IVibrator/default in either framework or device VINTF manifest.
10-16 15:07:08.134 I/SystemServerTiming( 486): StartDynamicSystemService
10-16 15:07:08.135 I/SystemServerTiming( 486): StartConsumerIrService
10-16 15:07:08.136 I/hwservicemanager( 180): getTransport: Cannot find entry android.hardware.ir@1.0::IConsumerIr/default in either framework or device VINTF manifest.
10-16 15:07:08.137 I/SystemServerTiming( 486): StartAlarmManagerService
10-16 15:07:08.138 I/SystemServiceManager( 486): Starting com.android.server.alarm.AlarmManagerService
10-16 15:07:08.136 I/xiriservice_All( 330): type=1400 audit(0.0:311): avc: denied { read } for scontext=u:r:init:s0 tcontext=u:r:init:s0 tclass=netlink_kobject_uevent_socket permissive=1
10-16 15:07:08.142 D/XM_HIDREAD( 318): add@ add@/devices/virtual/wakeup/wakeup13
10-16 15:07:08.142 D/XM_HIDREAD( 318): add@ add@/devices/virtual/wakeup/wakeup14
10-16 15:07:08.142 D/XM_HIDREAD( 318): add@ add@/devices/virtual/wakeup/wakeup15
10-16 15:07:08.142 D/XM_HIDREAD( 318): add@ add@/devices/virtual/wakeup/wakeup16
10-16 15:07:08.143 D/XM_HIDREAD( 318): add@ add@/devices/virtual/wakeup/wakeup17
10-16 15:07:08.143 D/XM_HIDREAD( 318): add@ add@/devices/virtual/wakeup/wakeup18
10-16 15:07:08.143 D/XM_HIDREAD( 318): add@ add@/devices/virtual/wakeup/wakeup19
10-16 15:07:08.143 D/AlarmManagerService( 486): Kernel timezone updated to -480 minutes west of GMT
10-16 15:07:08.144 D/CompatibilityChangeReporter( 486): Compat change id reported: 160794467; UID 1000; state: ENABLED
10-16 15:07:08.149 I/SystemServerTiming( 486): StartInputManagerService
10-16 15:07:08.150 I/InputManager( 486): Initializing input manager, mUseDevInputEventForAudioJack=true
10-16 15:07:08.153 D/XM_HIDREAD( 318): add@ add@/devices/virtual/wakeup/wakeup20
10-16 15:07:08.153 D/XM_HIDREAD( 318): add@ add@/devices/virtual/wakeup/wakeup21
10-16 15:07:08.153 D/XM_HIDREAD( 318): add@ add@/devices/virtual/wakeup/wakeup22
10-16 15:07:08.154 I/ServiceManager( 240): Waiting for service 'statscompanion' on '/dev/binder'...
10-16 15:07:08.158 I/SystemServerTiming( 486): DeviceStateManagerService
10-16 15:07:08.158 I/SystemServiceManager( 486): Starting com.android.server.devicestate.DeviceStateManagerService
10-16 15:07:08.163 I/SystemServerTiming( 486): StartCameraServiceProxy
10-16 15:07:08.163 I/SystemServiceManager( 486): Starting com.android.server.camera.CameraServiceProxy
10-16 15:07:08.165 I/SystemServerTiming( 486): StartWindowManagerService
10-16 15:07:08.165 I/SystemServiceManager( 486): Starting phase 200
10-16 15:07:08.166 I/SystemServerTiming( 486): OnBootPhase_200
10-16 15:07:08.168 I/WindowManager( 486): No existing display settings, starting empty
10-16 15:07:08.168 I/WindowManager( 486): No existing display settings, starting empty
10-16 15:07:08.175 I/WindowTracing( 486): Setting window tracing log level to 1
10-16 15:07:08.175 I/WindowTracing( 486): Setting window tracing buffer capacity to 2097152bytes
10-16 15:07:08.177 I/Typeface( 242): Preloading /system/fonts/Roboto-Regular.ttf
10-16 15:07:08.178 I/Typeface( 242): Preloading /system/fonts/RobotoStatic-Regular.ttf
10-16 15:07:08.191 I/SystemServerTiming( 486): SetWindowManagerService
10-16 15:07:08.201 I/InputDispatcher( 486): Created monitor PointerEventDispatcher0 for display 0, gesture=false, pid=486
10-16 15:07:08.256 I/ActivityTaskManager( 486): Loaded persisted task ids for user 0
10-16 15:07:08.262 I/SystemServerTiming( 486): WindowManagerServiceOnInitReady
10-16 15:07:08.278 D/ExtconUEventObserver( 486): FilenameExtconByName: /sys/class/extcon/extcon0
10-16 15:07:08.280 W/WindowManager( 486): /sys/class/extcon/hdmi/state not found while attempting to determine initial state
10-16 15:07:08.280 W/WindowManager( 486): java.io.FileNotFoundException: /sys/class/extcon/hdmi/state: open failed: ENOENT (No such file or directory)
10-16 15:07:08.280 W/WindowManager( 486): at libcore.io.IoBridge.open(IoBridge.java:575)
10-16 15:07:08.280 W/WindowManager( 486): at java.io.FileInputStream.(FileInputStream.java:160)
10-16 15:07:08.280 W/WindowManager( 486): at android.os.FileUtils.readTextFile(FileUtils.java:637)
10-16 15:07:08.280 W/WindowManager( 486): at com.android.server.ExtconStateObserver.parseStateFromFile(ExtconStateObserver.java:49)
10-16 15:07:08.280 W/WindowManager( 486): at com.android.server.policy.PhoneWindowManager$HdmiVideoExtconUEventObserver.init(PhoneWindowManager.java:5666)
10-16 15:07:08.280 W/WindowManager( 486): at com.android.server.policy.PhoneWindowManager$HdmiVideoExtconUEventObserver.access$5200(PhoneWindowManager.java:5658)
10-16 15:07:08.280 W/WindowManager( 486): at com.android.server.policy.PhoneWindowManager.initializeHdmiStateInternal(PhoneWindowManager.java:3425)
10-16 15:07:08.280 W/WindowManager( 486): at com.android.server.policy.PhoneWindowManager.initializeHdmiState(PhoneWindowManager.java:3389)
10-16 15:07:08.280 W/WindowManager( 486): at com.android.server.policy.PhoneWindowManager.init(PhoneWindowManager.java:1821)
10-16 15:07:08.280 W/WindowManager( 486): at com.android.server.policy.TvWindowManager.init(TvWindowManager.java:260)
10-16 15:07:08.280 W/WindowManager( 486): at com.android.server.wm.WindowManagerService$5.run(WindowManagerService.java:1199)
10-16 15:07:08.280 W/WindowManager( 486): at android.os.Handler$BlockingRunnable.run(Handler.java:961)
10-16 15:07:08.280 W/WindowManager( 486): at android.os.Handler.handleCallback(Handler.java:938)
10-16 15:07:08.280 W/WindowManager( 486): at android.os.Handler.dispatchMessage(Handler.java:99)
10-16 15:07:08.280 W/WindowManager( 486): at android.os.Looper.loopOnce(Looper.java:201)
10-16 15:07:08.280 W/WindowManager( 486): at android.os.Looper.loop(Looper.java:288)
10-16 15:07:08.280 W/WindowManager( 486): at android.os.HandlerThread.run(HandlerThread.java:67)
10-16 15:07:08.280 W/WindowManager( 486): at com.android.server.ServiceThread.run(ServiceThread.java:44)
10-16 15:07:08.280 W/WindowManager( 486): at com.android.server.UiThread.run(UiThread.java:45)
10-16 15:07:08.280 W/WindowManager( 486): Caused by: android.system.ErrnoException: open failed: ENOENT (No such file or directory)
10-16 15:07:08.280 W/WindowManager( 486): at libcore.io.Linux.open(Native Method)
10-16 15:07:08.280 W/WindowManager( 486): at libcore.io.ForwardingOs.open(ForwardingOs.java:567)
10-16 15:07:08.280 W/WindowManager( 486): at libcore.io.BlockGuardOs.open(BlockGuardOs.java:273)
10-16 15:07:08.280 W/WindowManager( 486): at libcore.io.IoBridge.open(IoBridge.java:561)
10-16 15:07:08.280 W/WindowManager( 486): ... 18 more
10-16 15:07:08.288 D/com_softwinner_gpio( 486): Gpio JNI_OnLoad()
10-16 15:07:08.288 D/com_softwinner_gpio( 486): init
10-16 15:07:08.289 E/SELinux ( 179): avc: denied { find } for pid=486 uid=1000 name=softwinner.gpio scontext=u:r:system_server:s0 tcontext=u:object_r:default_android_service:s0 tclass=service_manager permissive=1
10-16 15:07:08.290 I/Typeface( 242): Preloading /system/fonts/NotoSansCJK-Regular.ttc
10-16 15:07:08.291 I/Typeface( 242): Preloading /system/fonts/NotoSerifCJK-Regular.ttc
10-16 15:07:08.291 I/SystemServerTiming( 486): StartInputManager
10-16 15:07:08.291 I/SystemServerTimingAsync( 486): InitThreadPoolExec:StartHidlServices
10-16 15:07:08.291 D/SystemServerInitThreadPool( 486): Started executing StartHidlServices
10-16 15:07:08.291 I/InputManager( 486): Starting input manager
10-16 15:07:08.291 I/SystemServerTimingAsync( 486): StartHidlServices
10-16 15:07:08.293 D/EventHub( 486): No input device configuration file found for device 'sunxi-ir-uinput'.
10-16 15:07:08.294 I/InputManager( 486): Enabling motion classifier because just booted: feature enabled, long press timeout = 400
10-16 15:07:08.295 I/InputClassifier( 486): Enabling motion classifier
10-16 15:07:08.295 I/HidlServiceManagement( 486): Registered android.frameworks.sensorservice@1.0::ISensorManager/default
10-16 15:07:08.296 I/SystemServerTiming( 486): DisplayManagerWindowManagerAndInputReady
