10-16 15:10:30.555 W/System.err( 1096): at com.bumptech.glide.load.resource.bitmap.Downsampler.e(SourceFile:96)
10-16 15:10:30.556 W/System.err( 1096): at com.bumptech.glide.load.resource.bitmap.Downsampler.g(Unknown Source:14)
10-16 15:10:30.556 W/System.err( 1096): at com.bumptech.glide.load.resource.bitmap.StreamBitmapDecoder.c(SourceFile:39)
10-16 15:10:30.556 W/System.err( 1096): at com.bumptech.glide.load.resource.bitmap.StreamBitmapDecoder.b(Unknown Source:2)
10-16 15:10:30.556 W/System.err( 1096): at com.bumptech.glide.load.engine.DecodePath.c(SourceFile:33)
10-16 15:10:30.556 W/System.err( 1096): at com.bumptech.glide.load.engine.DecodePath.b(SourceFile:19)
10-16 15:10:30.556 W/System.err( 1096): at com.bumptech.glide.load.engine.DecodePath.a(SourceFile:1)
10-16 15:10:30.556 W/System.err( 1096): at com.bumptech.glide.load.engine.LoadPath.c(SourceFile:32)
10-16 15:10:30.556 W/System.err( 1096): at com.bumptech.glide.load.engine.LoadPath.b(SourceFile:20)
10-16 15:10:30.556 W/System.err( 1096): at com.bumptech.glide.load.engine.DecodeJob.A(SourceFile:26)
10-16 15:10:30.556 W/System.err( 1096): at com.bumptech.glide.load.engine.DecodeJob.h(SourceFile:11)
10-16 15:10:30.556 W/System.err( 1096): at com.bumptech.glide.load.engine.DecodeJob.g(SourceFile:12)
10-16 15:10:30.557 W/System.err( 1096): at com.bumptech.glide.load.engine.DecodeJob.i(SourceFile:59)
10-16 15:10:30.558 W/System.err( 1096): at com.bumptech.glide.load.engine.DecodeJob.d(SourceFile:46)
10-16 15:10:30.558 W/System.err( 1096): at com.bumptech.glide.load.engine.g.e(SourceFile:211)
10-16 15:10:30.559 W/System.err( 1096): at com.bumptech.glide.load.engine.g.b(SourceFile:11)
10-16 15:10:30.559 W/System.err( 1096): at com.bumptech.glide.load.engine.DecodeJob.z(SourceFile:24)
10-16 15:10:30.559 W/System.err( 1096): at com.bumptech.glide.load.engine.DecodeJob.B(SourceFile:45)
10-16 15:10:30.559 W/System.err( 1096): at com.bumptech.glide.load.engine.DecodeJob.run(SourceFile:27)
10-16 15:10:30.559 W/System.err( 1096): at java.util.concurrent.ThreadPoolExecutor.runWorker(ThreadPoolExecutor.java:1167)
10-16 15:10:30.559 W/System.err( 1096): at java.util.concurrent.ThreadPoolExecutor$Worker.run(ThreadPoolExecutor.java:641)
10-16 15:10:30.559 W/System.err( 1096): at com.bumptech.glide.load.engine.executor.GlideExecutor$c$a.run(SourceFile:29)
10-16 15:10:30.559 W/System.err( 1096): at java.lang.Thread.run(Thread.java:920)
10-16 15:10:30.559 W/System.err( 1096): at com.bumptech.glide.load.engine.executor.GlideExecutor$b$a.run(SourceFile:6)
10-16 15:10:30.559 D/skia ( 1096): ---- read threw an exception
10-16 15:10:30.559 D/skia ( 1096): --- Failed to create image decoder with message 'unimplemented'
10-16 15:10:30.654 I/BLEAudioDrive_HV410( 247): data len: 9 1
10-16 15:10:30.654 I/BLEAudioDrive_HV410( 247): keyboard stop
10-16 15:10:30.654 D/TvWindowManager( 486): key event key = KEYCODE_DPAD_RIGHT down = false
10-16 15:10:30.663 I/SogouIME( 2876): onKeyUp: keyoCode=22
10-16 15:10:30.663 I/DefaultIMS( 2876): onKeyUp: keyoCode=22
10-16 15:10:30.883 W/IorapForwardingService( 486): No service published for: iorapd
10-16 15:10:30.909 I/BLEAudioDrive_HV410( 247): data len: 9 1
10-16 15:10:30.910 D/TvWindowManager( 486): key event key = KEYCODE_DPAD_RIGHT down = true
10-16 15:10:30.915 D/GpioService( 486): mFlickerEnable = true
10-16 15:10:30.917 I/SogouIME( 2876): onKeyDown: keyoCode=22
10-16 15:10:30.917 I/DefaultIMS( 2876): onKeyDown: keyoCode=22
10-16 15:10:30.945 I/DefaultIMS( 2876): onStartInput attribute=android.view.inputmethod.EditorInfo@b4d9ed4 restarting=false inputType: 0
10-16 15:10:31.074 I/BLEAudioDrive_HV410( 247): data len: 9 1
10-16 15:10:31.075 I/BLEAudioDrive_HV410( 247): keyboard stop
10-16 15:10:31.075 D/TvWindowManager( 486): key event key = KEYCODE_DPAD_RIGHT down = false
10-16 15:10:31.082 I/SogouIME( 2876): onKeyUp: keyoCode=22
10-16 15:10:31.082 I/DefaultIMS( 2876): onKeyUp: keyoCode=22
10-16 15:10:31.300 I/d.leradlaunche( 1096): Background young concurrent copying GC freed 44523(2138KB) AllocSpace objects, 10(1528KB) LOS objects, 6% free, 25MB/27MB, paused 377us total 180.905ms
10-16 15:10:31.809 I/BLEAudioDrive_HV410( 247): data len: 9 1
10-16 15:10:31.810 D/TvWindowManager( 486): key event key = KEYCODE_DPAD_RIGHT down = true
10-16 15:10:31.816 D/GpioService( 486): mFlickerEnable = true
10-16 15:10:31.817 I/SogouIME( 2876): onKeyDown: keyoCode=22
10-16 15:10:31.817 I/DefaultIMS( 2876): onKeyDown: keyoCode=22
10-16 15:10:31.844 I/DefaultIMS( 2876): onStartInput attribute=android.view.inputmethod.EditorInfo@c5834b1 restarting=false inputType: 0
10-16 15:10:31.886 W/IorapForwardingService( 486): No service published for: iorapd
10-16 15:10:31.895 I/d.leradlaunche( 1096): Background concurrent copying GC freed 58002(3238KB) AllocSpace objects, 335(9772KB) LOS objects, 49% free, 15MB/30MB, paused 188us total 321.939ms
10-16 15:10:31.944 I/BLEAudioDrive_HV410( 247): data len: 9 1
10-16 15:10:31.944 I/BLEAudioDrive_HV410( 247): keyboard stop
10-16 15:10:31.944 D/TvWindowManager( 486): key event key = KEYCODE_DPAD_RIGHT down = false
10-16 15:10:31.947 I/SogouIME( 2876): onKeyUp: keyoCode=22
10-16 15:10:31.947 I/DefaultIMS( 2876): onKeyUp: keyoCode=22
10-16 15:10:32.232 D/aaa ( 1099): LedStatusService onStartCommand begin
10-16 15:10:32.235 D/aaa ( 1099): topPkg is -------------- :com.dangbei.leard.leradlauncher
10-16 15:10:32.243 D/bbb ( 1174): onStartCommand begin !!!!!!! data分区剩余 24882MB
10-16 15:10:32.244 D/aaa ( 1099): WiFi is connect
10-16 15:10:32.432 W/RecyclerView( 1096): No adapter attached; skipping layout
10-16 15:10:32.439 I/hq ( 1096): hq:::curl -X GET "https://ottdbui-tyapiqun7.yysh.mgtv.com/v1/agile/navData?id=9KdjFAR6OGM%3D&pageId=U%2FJDnxI1iIc%3D&type=zpKtfRXU60Y%3D&rommodelnumber=40I2XonQAUU%3D&cpuserial=PlZpqfc1JpxOOZ0anAV38AcloAYinsDQ&pattern=4Beei9NZNdo%3D&rommodel=Pqlpla5YRarwmFg%2B5VG%2FRQ%3D%3D&sn=ia%2FaFKiHtUJJAiZNtw0Vu%2Bo7tXt8HRXc&lang=vT%2FCsDI%2Fr10%3D&brand=elfd%2FN0Mw6U%3D&theme=L%2B%2FPU%2FFQgEY%3D&vcode=o%2BppAkqptlQ%3D&vname=oql4Ml1tHJc%3D&license=Hs4jp68qr9I%3D&channel=TIQ8TWTDuwcufJjk0AcBhA%3D%3D&packagename=qzBdBNULiCmiu3CIMurjL7PIryC36aZ2YdCJzQtyjcQ%3D&romvercode=LElfY4n9b%2B8%3D&romvername=DKxT5CPc%2FX8%3D&network=4Beei9NZNdo%3D&deviceEid=cRYfvD8g2raQeh4ZjQLJU5VJuJCft4VI4gdkaLe5245GHZlO7LFf1A%3D%3D&mac=iP4TVZLko9WuJ1hg87dgdZKk84039%2FKT&userid=pctYUOG3RH0%3D"
10-16 15:10:32.504 I/hq ( 1096): hq:::tag=requestNavData_3975_14224 请求结果={"code":0,"data":{"cacheTime":0,"list":[{"img":"","items":[{"desc":"","focusPic":"","jumpConfig":{"appInfo":{"kw":"8596","packageName":null,"type":"appid"},"limitVipId":null,"link":null,"mParameter":null,"param":{"actionObject":{"actionString":"com.dangbei.dbmusic.dbos.tab.action.foreign_router","actionUri":"music://com.dangbei.dbmusic.dbos.tab/foreign_router?path=%7B%22jump_type%22%3A1%2C%22link%22%3A%22music%3A%2F%2Fplay%3Ftype%3D4%26id%3D752468647%22%7D","componentString":"com.dangbei.dbmusic.model.foreign.ForeignRouterActivity"},"appName":null,"args":[],"category":[],"flags":268435456,"intentType":2,"packageName":"com.dangbei.dbmusic.dbos.tab","startType":0,"versionCode":1965},"source":null,"type":1},"pic":"https://zmimg.dangbei.net/operatecenter/20250515/1wughngm6h9k7.jpg","statistics":null,"subTitle":"林宥嘉","title":"怪情歌"},{"desc":"","focusPic":"","jumpConfig":{"appInfo":{"kw":"8596","packageName":null,"type":"appid"},"limitVipId":null,"link":null,"mParameter":null,"param":{"actionObject":{"actionString":"com.dangbei.dbmusic.dbos.tab.action.foreign_router","actionUri":"music://com.dangbei.dbmusic.dbos.tab/foreign_router?path=%7B%22jump_type%22%3A1%2C%22link%22%3A%22music%3A%2F%2Fplay%3Ftype%3D4%26id%3D744579698%22%7D","componentString":"com.dangbei.dbmusic.model.foreign.ForeignRouterActivity"},"appName":null,"args":[],"category":[],"flags":268435456,"intentType":2,"packageName":"com.dangbei.dbmusic.dbos.tab","startType":0,"versionCode":1965},"source":null,"type":1},"pic":"https://zmimg.dangbei.net/operatecenter/20250515/pbyyk18cm7aet.jpg","statistics":null,"subTitle":"任素汐","title":"亲爱的你啊"},{"desc":"","focusPic":"","jumpConfig":{"appInfo":{"kw":"8596","packageName":null,"type":"appid"},"limitVipId":null,"link":null,"mParameter":null,"param":{"actionObject":{"actionString":"com.dangbei.dbmusic.dbos.tab.action.foreign_router","actionUri":"music://com.dangbei.dbmusic.dbos.tab/foreign_router?path=%7B%22jump_type%22%3A1%2C%22link%22%3A%22music%3A%2F%2Fplay%3Ftype%3D4%26id%3D726770647%22%7D","componentString":"com.dangbei.dbmusic.model.foreign.ForeignRouterActivity"},"appName":null,"args":[],"category":[],"flags":268435456,"intentType":2,"packageName":"com.dangbei.dbmusic.dbos.tab","startType":0,"versionCode":1965},"source":null,"type":1},"pic":"https://zmimg.dangbei.net/operatecenter/20250515/384di7vehjqau.jpg","statistics":null,"subTitle":"渡","title":"四点的海棠花未眠"},{"desc":"","focusPic":"","jumpConfig":{"appInfo":{"kw":"8596","packageName":null,"type":"appid"},"limitVipId":null,"link":null,"mParameter":null,"param":{"actionObject":{"actionString":"com.dangbei.dbmusic.dbos.tab.action.foreign_router","actionUri":"music://com.dangbei.dbmusic.dbos.tab/foreign_router?path=%7B%22jump_type%22%3A1%2C%22link%22%3A%22music%3A%2F%2Fplay%3Ftype%3D4%26id%3D698697844%22%7D","componentString":"com.dangbei.dbmusic.model.foreign.ForeignRouterActivity"},"appName":null,"args":[],"category":[],"flags":268435456,"intentType":2,"packageName":"com.dangbei.dbmusic.dbos.tab","startType":0,"versionCode":1965},"source":null,"type":1},"pic":"https://zmimg.dangbei.net/operatecenter/20250515/shc07hcfjkga0.jpg","statistics":null,"subTitle":"Kendrick Lamar/SZA","title":"luther"},{"desc":"","focusPic":"","jumpConfig":{"appInfo":{"kw":"8596","packageName":null,"type":"appid"},"limitVipId":null,"link":null,"mParameter":null,"param":{"actionObject":{"actionString":"com.dangbei.dbmusic.dbos.tab.action.foreign_router","actionUri":"music://com.dangbei.dbmusic.dbos.tab/foreign_router?path=%7B%22jump_type%22%3A1%2C%22link%22%3A%22music%3A%2F%2Fplay%3Ftype%3D4%26id%3D654343915%22%7D","componentString":"com.dangbei.dbmusic.model.foreign.ForeignRouterActivity"},"appName":null,"args":[],"category":[],"flags":268435456,"intentType":2,"packageName":"com.dangbei.dbmusic.dbos.tab","startType":0,"versionCode":1965},"source":null,"type":1},"pic":"https://zmimg.dangbei.net/operatecenter/20240815/y6g7v9zs7wjuq.jpg","statistics":null,"subTitle":"单依
10-16 15:10:32.655 E/WifiHAL ( 659): wifi_get_link_stats: requestResponse Error:-5
10-16 15:10:32.656 E/WifiVendorHal( 486): getWifiLinkLayerStats_1_5_Internal(l.1191) failed {.code = ERROR_INVALID_ARGS, .description = }
10-16 15:10:32.781 D/skia ( 1096): --- Failed to create image decoder with message 'unimplemented'
10-16 15:10:32.781 D/skia ( 1096): --- Failed to create image decoder with message 'unimplemented'
10-16 15:10:32.782 D/skia ( 1096): --- Failed to create image decoder with message 'unimplemented'
10-16 15:10:32.783 D/skia ( 1096): --- Failed to create image decoder with message 'unimplemented'
10-16 15:10:32.784 D/skia ( 1096): --- Failed to create image decoder with message 'unimplemented'
10-16 15:10:32.784 D/skia ( 1096): --- Failed to create image decoder with message 'unimplemented'
10-16 15:10:32.784 D/skia ( 1096): --- Failed to create image decoder with message 'unimplemented'
10-16 15:10:32.784 D/skia ( 1096): --- Failed to create image decoder with message 'unimplemented'
10-16 15:10:32.785 D/skia ( 1096): --- Failed to create image decoder with message 'unimplemented'
10-16 15:10:32.785 D/skia ( 1096): --- Failed to create image decoder with message 'unimplemented'
10-16 15:10:32.785 D/skia ( 1096): --- Failed to create image decoder with message 'unimplemented'
10-16 15:10:32.786 D/skia ( 1096): --- Failed to create image decoder with message 'unimplemented'
10-16 15:10:32.786 D/skia ( 1096): --- Failed to create image decoder with message 'unimplemented'
10-16 15:10:32.786 D/skia ( 1096): --- Failed to create image decoder with message 'unimplemented'
10-16 15:10:32.786 D/skia ( 1096): --- Failed to create image decoder with message 'unimplemented'
10-16 15:10:32.787 D/skia ( 1096): --- Failed to create image decoder with message 'unimplemented'
10-16 15:10:32.787 D/skia ( 1096): --- Failed to create image decoder with message 'unimplemented'
10-16 15:10:32.787 D/skia ( 1096): --- Failed to create image decoder with message 'unimplemented'
10-16 15:10:32.788 D/skia ( 1096): --- Failed to create image decoder with message 'unimplemented'
10-16 15:10:32.788 D/skia ( 1096): --- Failed to create image decoder with message 'unimplemented'
10-16 15:10:32.788 D/skia ( 1096): --- Failed to create image decoder with message 'unimplemented'
10-16 15:10:32.789 D/skia ( 1096): --- Failed to create image decoder with message 'unimplemented'
10-16 15:10:32.790 D/skia ( 1096): --- Failed to create image decoder with message 'unimplemented'
10-16 15:10:32.793 D/skia ( 1096): --- Failed to create image decoder with message 'unimplemented'
10-16 15:10:32.888 W/IorapForwardingService( 486): No service published for: iorapd
10-16 15:10:32.936 I/BLEAudioDrive_HV410( 247): data len: 9 1
10-16 15:10:32.937 D/TvWindowManager( 486): key event key = KEYCODE_DPAD_CENTER down = true
10-16 15:10:32.951 D/GpioService( 486): mFlickerEnable = true
10-16 15:10:33.056 D/TvWindowManager( 486): key event key = KEYCODE_DPAD_CENTER down = false
10-16 15:10:33.056 I/BLEAudioDrive_HV410( 247): data len: 9 1
10-16 15:10:33.056 I/BLEAudioDrive_HV410( 247): keyboard stop
10-16 15:10:33.087 D/GpioService( 486): mFlickerEnable = true
10-16 15:10:33.099 I/SogouIME( 2876): onKeyDown: keyoCode=23
10-16 15:10:33.099 I/DefaultIMS( 2876): onKeyDown: keyoCode=23
10-16 15:10:33.128 I/SogouIME( 2876): onKeyUp: keyoCode=23
10-16 15:10:33.128 I/DefaultIMS( 2876): onKeyUp: keyoCode=23
10-16 15:10:33.140 E/hq ( 1096): router:::startLauncher: JumpConfig{type=1, link='null', param=RouterInfo{intentType=2, startType=0, actionObject=ActionObjectBean{actionString='com.dangbei.dbmusic.dbos.tab.action.foreign_router', componentString='com.dangbei.dbmusic.model.foreign.ForeignRouterActivity', actionUri='music://com.dangbei.dbmusic.dbos.tab/foreign_router?path=%7B%22jump_type%22%3A%221%22%2C%22package%22%3A%22%22%2C%22link%22%3A%22music%3A%2F%2Fsearch%3Fad%3D1%22%7D'}, packageName='com.dangbei.dbmusic.dbos.tab', category=[], flags=268435456, args=[]}, limitVipId=null, appInfo=AppInfo{kw='8596', type='appid', packageName='null'}}
10-16 15:10:33.155 I/ActivityStarter( 486): ---START u0 {act=com.dangbei.dbmusic.dbos.tab.action.foreign_router dat=music://com.dangbei.dbmusic.dbos.tab/foreign_router?path={"jump_type":"1","package":"","link":"music://search?ad=1"} flg=0x10000000 pkg=com.dangbei.dbmusic.dbos.tab cmp=com.dangbei.dbmusic.dbos.tab/com.dangbei.dbmusic.model.foreign.ForeignRouterActivity} from uid 1000
10-16 15:10:33.163 W/ActivityTaskManager( 486): Can't find TaskDisplayArea to determine support for multi window. Task id=46 attached=false
10-16 15:10:33.167 D/CompatibilityChangeReporter( 486): Compat change id reported: 174042980; UID 10077; state: DISABLED
10-16 15:10:33.167 D/CompatibilityChangeReporter( 486): Compat change id reported: 184838306; UID 10077; state: DISABLED
10-16 15:10:33.169 D/CompatibilityChangeReporter( 486): Compat change id reported: 185004937; UID 10077; state: DISABLED
10-16 15:10:33.169 D/CompatibilityChangeReporter( 486): Compat change id reported: 181136395; UID 10077; state: DISABLED
10-16 15:10:33.170 D/CompatibilityChangeReporter( 486): Compat change id reported: 174042936; UID 10077; state: DISABLED
10-16 15:10:33.176 I/AW_PowerHAL( 259): Power setMode: LAUNCH to: 1
10-16 15:10:33.178 D/CompatibilityChangeReporter( 486): Compat change id reported: 168419799; UID 10077; state: DISABLED
10-16 15:10:33.178 V/SplashScreenExceptionList( 486): SplashScreen checking exception for package com.dangbei.dbmusic.dbos.tab (target sdk:29) -> false
10-16 15:10:33.180 D/StartingSurfaceDrawer( 676): addSplashScreen com.dangbei.dbmusic.dbos.tab theme=7f12000d task=46 suggestType=3
10-16 15:10:33.186 D/StartingSurfaceDrawer( 676): addSplashScreen: creating context based on task Configuration {1.0 ?mcc?mnc [zh_CN] ldltr sw720dp w1280dp h696dp 240dpi lrg long land television -touch qwerty/v/v dpad/v winConfig={ mBounds=Rect(0, 0 - 1920, 1080) mAppBounds=Rect(0, 0 - 1920, 1080) mMaxBounds=Rect(0, 0 - 1920, 1080) mWindowingMode=fullscreen mDisplayWindowingMode=fullscreen mActivityType=standard mAlwaysOnTop=undefined mRotation=ROTATION_0} s.1 fontWeightAdjustment=0} for splash screen
10-16 15:10:33.189 D/StartingSurfaceDrawer( 676): addSplashScreen: apply overrideConfig{1.0 ?mcc?mnc [zh_CN] ldltr sw720dp w1280dp h696dp 240dpi lrg long land television -touch qwerty/v/v dpad/v winConfig={ mBounds=Rect(0, 0 - 1920, 1080) mAppBounds=Rect(0, 0 - 1920, 1080) mMaxBounds=Rect(0, 0 - 1920, 1080) mWindowingMode=fullscreen mDisplayWindowingMode=fullscreen mActivityType=standard mAlwaysOnTop=undefined mRotation=ROTATION_0} s.1 fontWeightAdjustment=0} to starting window resId=17303436
10-16 15:10:33.191 D/StartingSurfaceDrawer( 676): window attributes color: 0 icon null duration 0 brandImage null
10-16 15:10:33.192 D/CompatibilityChangeReporter( 486): Compat change id reported: 135634846; UID 10077; state: DISABLED
10-16 15:10:33.193 D/CompatibilityChangeReporter( 486): Compat change id reported: 143937733; UID 10077; state: DISABLED
10-16 15:10:33.212 D/Zygote ( 242): Forked child process 4280
10-16 15:10:33.215 I/ActivityManager( 486): app.processName = com.dangbei.dbmusic.dbos.tab
10-16 15:10:33.216 I/ActivityManager( 486): Start proc 4280:com.dangbei.dbmusic.dbos.tab/u0a77 for pre-top-activity {com.dangbei.dbmusic.dbos.tab/com.dangbei.dbmusic.model.foreign.ForeignRouterActivity}
10-16 15:10:33.220 I/AW_PowerHAL( 259): cur-mode:LAUNCH
10-16 15:10:33.222 D/SplashScreenView( 676): Build android.window.SplashScreenView{ed121b6 V.E...... ......ID 0,0-0,0}
10-16 15:10:33.222 D/SplashScreenView( 676): Icon: view: null drawable: null size: 0
10-16 15:10:33.222 D/SplashScreenView( 676): Branding: view: android.view.View{14feb7 G.ED..... ......I. 0,0-0,0 #10204a6 android:id/splashscreen_branding_view} drawable: null size w: 0 h: 0
10-16 15:10:33.225 D/StartingSurfaceDrawer( 676): fillViewWithIcon surfaceWindowView android.window.SplashScreenView{ed121b6 V.E...... ......ID 0,0-0,0}
10-16 15:10:33.226 I/Zygote ( 4280): seccomp disabled by setenforce 0
10-16 15:10:33.232 I/EventThread( 262): type=1400 audit(0.0:1331): avc: denied { search } for name="extcon" dev="sysfs" ino=18109 scontext=u:r:hal_tv_cec_default:s0 tcontext=u:object_r:sysfs_extcon:s0 tclass=dir permissive=1
10-16 15:10:33.232 I/rainbow_flow( 3981): type=1400 audit(0.0:1332): avc: denied { ioctl } for path="/dev/spidev1.0" dev="tmpfs" ino=1274 ioctlcmd=0x6b00 scontext=u:r:init:s0 tcontext=u:object_r:device:s0 tclass=chr_file permissive=1
10-16 15:10:33.239 I/BpBinder( 273): onLastStrongRef automatically unlinking death recipients:
10-16 15:10:33.266 W/SQLiteLog( 1096): (28) double-quoted string literal: "A796DB963EFCF70F88ED38C7E55787CF"
10-16 15:10:33.272 I/adbd ( 381): jdwp connection from 4280
10-16 15:10:33.275 I/gralloc ( 255): alloc buffer:W:1920 H:1080 S:1920 PL[1920 1080] SZ:8294400 fmt:1 if:0 af:1 usg:20000b00 fg:00000004
10-16 15:10:33.278 W/SQLiteLog( 1096): (28) double-quoted string literal: "
10-16 15:10:33.278 W/SQLiteLog( 1096): (28) double-quoted string literal: "A796DB963EFCF70F88ED38C7E55787CF"
10-16 15:10:33.280 I/gralloc ( 255): alloc buffer:W:1920 H:1080 S:1920 PL[1920 1080] SZ:8294400 fmt:1 if:0 af:1 usg:20000b00 fg:00000004
10-16 15:10:33.282 I/gralloc ( 255): alloc buffer:W:1920 H:1080 S:1920 PL[1920 1080] SZ:8294400 fmt:1 if:0 af:1 usg:20000b00 fg:00000004
10-16 15:10:33.317 D/TvPipController( 676): onTaskStackChanged()
10-16 15:10:33.319 D/AW_CODE ( 486): rotation =0
10-16 15:10:33.329 D/CompatibilityChangeReporter( 4280): Compat change id reported: 171979766; UID 10077; state: DISABLED
10-16 15:10:33.338 D/ApplicationLoaders( 4280): Returning zygote-cached class loader: /system/framework/android.test.base.jar
10-16 15:10:33.555 V/GraphicsEnvironment( 4280): ANGLE Developer option for 'com.dangbei.dbmusic.dbos.tab' set to: 'default'
10-16 15:10:33.555 V/GraphicsEnvironment( 4280): Neither updatable production driver nor prerelease driver is supported.
10-16 15:10:33.557 D/NetworkSecurityConfig( 4280): Using Network Security Config from resource network_config debugBuild: false
10-16 15:10:33.561 D/NetworkSecurityConfig( 4280): Using Network Security Config from resource network_config debugBuild: false
10-16 15:10:33.563 I/BoostMultiDex( 4280): BoostMultiDex is installing, version is 1.0.1
10-16 15:10:33.564 I/BoostMultiDex( 4280): VM with version 2.1.0 has support
10-16 15:10:33.564 I/BoostMultiDex( 4280): BoostMultiDex support library is disabled for VM capable
10-16 15:10:33.605 D/SonyOsTabProvider( 4280): onCreate
10-16 15:10:33.613 I/Utils ( 4280): com.dangbei.dbmusic.dbos.tab reflect app success.
10-16 15:10:33.640 E/X-LOG ( 4280): Do you forget to initialize XLog?
10-16 15:10:33.661 I/UltimateTv( 4280): onApplicationCreate; isRxJavaSetErrorHandler is true
10-16 15:10:33.661 I/UltimateTv( 4280): Version: version=130-major, gitSHA=35a8861, gitBranch=release-1.3.0, modifyDate=2023-12-26-202025
10-16 15:10:33.661 D/KGApplicationManager( 4280): onApplicationCreateFore, context: com.dangbei.music.proxy.App@4c0e2d5
10-16 15:10:33.678 I/MMKV ( 4280): current API level = 31
10-16 15:10:33.679 I/MMKV ( 4280): page size:4096
10-16 15:10:33.680 I/MMKV ( 4280): root dir: /data/user/0/com.dangbei.dbmusic.dbos.tab/files/mmkv
10-16 15:10:33.682 I/MMKV ( 4280): loading [mmkv.default] with 18585 size in total, file size is 65536, InterProcess 0
10-16 15:10:33.682 I/MMKV ( 4280): loading [mmkv.default] with crc 3872442890 sequence 5 version 1
10-16 15:10:33.683 I/MMKV ( 4280): loaded [mmkv.default] with 9 values
10-16 15:10:33.692 I/UltimateTv( 4280): enableLog: false
10-16 15:10:33.692 D/KGLog ( 4280): enableFlag, flag: 1, enable: false
10-16 15:10:33.695 I/UltimateTv( 4280): enableHttpApiLog: false
10-16 15:10:33.695 I/UltimateTv( 4280): enableNativeLog: false
10-16 15:10:33.695 D/KGLog ( 4280): enableFlag, flag: 2, enable: false
10-16 15:10:33.696 E/hq ( 1096): first-group:::AppBarDataBean 相同
10-16 15:10:33.802 E/BusinessOperationImpl( 4280): 初始化结束:id=-1
10-16 15:10:33.814 E/X-LOG ( 4280): Do you forget to initialize XLog?
10-16 15:10:33.814 E/X-LOG ( 4280): 方法间的时间差 onCreate time:1760598633813:mStartTime=0:msg=ForeignRouterActivity:1
10-16 15:10:33.815 E/DBFresco( 4280): initConfig isDebug:false,compress:90
10-16 15:10:33.817 E/ModelManager( 4280): init: m.d.e.h.w0.w.e.e@f47dfec
10-16 15:10:33.842 D/SoLoader( 4280): init start
10-16 15:10:33.843 D/SoLoader( 4280): adding system library source: /vendor/lib
10-16 15:10:33.844 D/SoLoader( 4280): adding system library source: /system/lib
10-16 15:10:33.844 D/SoLoader( 4280): adding application source: m.f.q.c[root = /data/app/~~d-3Kcu6lG-b4Da90wMJPeQ==/com.dangbei.dbmusic.dbos.tab-H-nOsIz7DhGyavuBc3-etg==/lib/arm flags = 0]
10-16 15:10:33.846 D/SoLoader( 4280): adding backup source from : m.f.q.a[root = /data/user/0/com.dangbei.dbmusic.dbos.tab/lib-main flags = 1]
10-16 15:10:33.847 D/SoLoader( 4280): Preparing SO source: m.f.q.c[root = /system/lib flags = 2]
10-16 15:10:33.847 D/SoLoader( 4280): Preparing SO source: m.f.q.c[root = /vendor/lib flags = 2]
10-16 15:10:33.847 D/SoLoader( 4280): Preparing SO source: m.f.q.c[root = /data/app/~~d-3Kcu6lG-b4Da90wMJPeQ==/com.dangbei.dbmusic.dbos.tab-H-nOsIz7DhGyavuBc3-etg==/lib/arm flags = 0]
10-16 15:10:33.847 D/SoLoader( 4280): Preparing SO source: m.f.q.a[root = /data/user/0/com.dangbei.dbmusic.dbos.tab/lib-main flags = 1]
10-16 15:10:33.849 V/fb-UnpackingSoSource( 4280): locked dso store /data/user/0/com.dangbei.dbmusic.dbos.tab/lib-main
10-16 15:10:33.852 I/fb-UnpackingSoSource( 4280): dso store is up-to-date: /data/user/0/com.dangbei.dbmusic.dbos.tab/lib-main
10-16 15:10:33.853 V/fb-UnpackingSoSource( 4280): releasing dso store lock for /data/user/0/com.dangbei.dbmusic.dbos.tab/lib-main
10-16 15:10:33.853 D/SoLoader( 4280): init finish: 4 SO sources prepared
10-16 15:10:33.853 D/SoLoader( 4280): init exiting
10-16 15:10:33.892 W/IorapForwardingService( 486): No service published for: iorapd
10-16 15:10:33.898 E/ThemeUtils( 4280): View class com.dangbei.dbmusic.business.widget.MLoadingView is an AppCompat widget that can only be used with a Theme.AppCompat theme (or descendant).
10-16 15:10:33.931 D/CompatibilityChangeReporter( 486): Compat change id reported: 149924527; UID 10077; state: ENABLED
10-16 15:10:33.932 D/CompatibilityChangeReporter( 486): Compat change id reported: 132649864; UID 10077; state: DISABLED
10-16 15:10:33.947 D/DataTranshub( 4280): soload:data-trans-hub load success!
10-16 15:10:33.965 E/X-LOG ( 4280): Do you forget to initialize XLog?
10-16 15:10:33.965 E/X-LOG ( 4280): Do you forget to initialize XLog?
10-16 15:10:33.965 E/X-LOG ( 4280): AbsOperate:music://com.dangbei.dbmusic.dbos.tab/foreign_router?path=%7B%22jump_type%22%3A%221%22%2C%22package%22%3A%22%22%2C%22link%22%3A%22music%3A%2F%2Fsearch%3Fad%3D1%22%7D
10-16 15:10:33.965 E/X-LOG ( 4280): Do you forget to initialize XLog?
10-16 15:10:33.966 E/X-LOG ( 4280): AbsOperate: MusicRouterOperate gotodo music://com.dangbei.dbmusic.dbos.tab/foreign_router?path=%7B%22jump_type%22%3A%221%22%2C%22package%22%3A%22%22%2C%22link%22%3A%22music%3A%2F%2Fsearch%3Fad%3D1%22%7D
10-16 15:10:33.966 I/TDLog ( 4280): setReportUncaughtExceptions: true
10-16 15:10:33.966 E/X-LOG ( 4280): Do you forget to initialize XLog?
10-16 15:10:33.972 E/X-LOG ( 4280): Do you forget to initialize XLog?
10-16 15:10:33.972 E/X-LOG ( 4280): taoqx um deviceid:, mac:
10-16 15:10:33.981 E/DANGBEI::ROUTER( 4280): Thread production, name is [ARouter task pool No.1, thread No.1]
10-16 15:10:33.984 E/X-LOG ( 4280): Do you forget to initialize XLog?
10-16 15:10:33.984 E/X-LOG ( 4280): AbsOperate: gotodo
10-16 15:10:34.011 I/ActivityStarter( 486): ---START u0 {dat=music://search?ad=1&is_from_third=1 flg=0x10018000 cmp=com.dangbei.dbmusic.dbos.tab/com.dangbei.dbmusic.model.search.ui.SearchActivity (has extras)} from uid 10077
10-16 15:10:34.014 W/ActivityTaskManager( 486): Can't find TaskDisplayArea to determine support for multi window. Task id=47 attached=false
10-16 15:10:34.024 I/ProcessingThrea( 4280): type=1400 audit(0.0:1333): avc: denied { getattr } for path="/proc/fb" dev="proc" ino=4026531990 scontext=u:r:untrusted_app_29:s0:c77,c256,c512,c768 tcontext=u:object_r:proc:s0 tclass=file permissive=1 app=com.dangbei.dbmusic.dbos.tab
10-16 15:10:34.024 I/ProcessingThrea( 4280): type=1400 audit(0.0:1334): avc: denied { getattr } for path="/proc/keys" dev="proc" ino=4026532121 scontext=u:r:untrusted_app_29:s0:c77,c256,c512,c768 tcontext=u:object_r:proc_keys:s0 tclass=file permissive=1 app=com.dangbei.dbmusic.dbos.tab
10-16 15:10:34.028 I/ProcessingThrea( 4280): type=1400 audit(0.0:1335): avc: denied { getattr } for path="/proc/kmsg" dev="proc" ino=4026532051 scontext=u:r:untrusted_app_29:s0:c77,c256,c512,c768 tcontext=u:object_r:proc_kmsg:s0 tclass=file permissive=1 app=com.dangbei.dbmusic.dbos.tab
10-16 15:10:34.032 V/SplashScreenExceptionList( 486): SplashScreen checking exception for package com.dangbei.dbmusic.dbos.tab (target sdk:29) -> false
10-16 15:10:34.038 W/audit ( 4330): audit_lost=758 audit_rate_limit=5 audit_backlog_limit=64
10-16 15:10:34.038 E/audit ( 4330): rate limit exceeded
10-16 15:10:34.034 D/StartingSurfaceDrawer( 676): addSplashScreen com.dangbei.dbmusic.dbos.tab theme=7f12000b task=47 suggestType=3
10-16 15:10:34.035 D/StartingSurfaceDrawer( 676): addSplashScreen: creating context based on task Configuration {1.0 ?mcc?mnc [zh_CN] ldltr sw720dp w1280dp h696dp 240dpi lrg long land television -touch qwerty/v/v dpad/v winConfig={ mBounds=Rect(0, 0 - 1920, 1080) mAppBounds=Rect(0, 0 - 1920, 1080) mMaxBounds=Rect(0, 0 - 1920, 1080) mWindowingMode=fullscreen mDisplayWindowingMode=fullscreen mActivityType=standard mAlwaysOnTop=undefined mRotation=ROTATION_0} s.1 fontWeightAdjustment=0} for splash screen
10-16 15:10:34.041 D/StartingSurfaceDrawer( 676): addSplashScreen: apply overrideConfig{1.0 ?mcc?mnc [zh_CN] ldltr sw720dp w1280dp h696dp 240dpi lrg long land television -touch qwerty/v/v dpad/v winConfig={ mBounds=Rect(0, 0 - 1920, 1080) mAppBounds=Rect(0, 0 - 1920, 1080) mMaxBounds=Rect(0, 0 - 1920, 1080) mWindowingMode=fullscreen mDisplayWindowingMode=fullscreen mActivityType=standard mAlwaysOnTop=undefined mRotation=ROTATION_0} s.1 fontWeightAdjustment=0} to starting window resId=2131231655
10-16 15:10:34.042 D/StartingSurfaceDrawer( 676): window attributes color: 0 icon null duration 0 brandImage null
10-16 15:10:34.044 E/MusicManager( 4280): isPlay method :mMediaController is NUll
10-16 15:10:34.068 D/SplashScreenView( 676): Build android.window.SplashScreenView{35f0d89 V.E...... ......ID 0,0-0,0}
10-16 15:10:34.068 D/SplashScreenView( 676): Icon: view: null drawable: null size: 0
10-16 15:10:34.068 D/SplashScreenView( 676): Branding: view: android.view.View{68eb18e G.ED..... ......I. 0,0-0,0 #10204a6 android:id/splashscreen_branding_view} drawable: null size w: 0 h: 0
10-16 15:10:34.068 D/StartingSurfaceDrawer( 676): fillViewWithIcon surfaceWindowView android.window.SplashScreenView{35f0d89 V.E...... ......ID 0,0-0,0}
10-16 15:10:34.076 I/synchronized( 4280): mkdirs dir [/storage/emulated/0/Android/.D43447A180D59EEF0EA5A6803083B686] result: true
10-16 15:10:34.090 I/gralloc ( 255): alloc buffer:W:1920 H:1080 S:1920 PL[1920 1080] SZ:8294400 fmt:1 if:0 af:1 usg:20000b00 fg:00000004
10-16 15:10:34.096 I/gralloc ( 255): alloc buffer:W:1920 H:1080 S:1920 PL[1920 1080] SZ:8294400 fmt:1 if:0 af:1 usg:20000b00 fg:00000004
10-16 15:10:34.107 I/gralloc ( 255): alloc buffer:W:1920 H:1080 S:1920 PL[1920 1080] SZ:8294400 fmt:1 if:0 af:1 usg:20000b00 fg:00000004
10-16 15:10:34.108 D/AF::Track( 269): interceptBuffer: took 536us to intercept 0 tracks
10-16 15:10:34.112 E/ThemeUtils( 4280): View class com.dangbei.dbmusic.business.widget.MTypefaceTextView is an AppCompat widget that can only be used with a Theme.AppCompat theme (or descendant).
10-16 15:10:34.115 E/ThemeUtils( 4280): View class com.dangbei.dbmusic.business.widget.MTypefaceTextView is an AppCompat widget that can only be used with a Theme.AppCompat theme (or descendant).
10-16 15:10:34.134 W/MediaProvider( 1052): isAppCloneUserPair for user 0: false
10-16 15:10:34.140 W/LOTTIE ( 4280): You have 5 images. Lottie should primarily be used with shapes. If you are using Adobe Illustrator, convert the Illustrator layers to shape layers.
10-16 15:10:34.146 W/LOTTIE ( 4280): You have 6 images. Lottie should primarily be used with shapes. If you are using Adobe Illustrator, convert the Illustrator layers to shape layers.
10-16 15:10:34.149 W/LOTTIE ( 4280): You have 7 images. Lottie should primarily be used with shapes. If you are using Adobe Illustrator, convert the Illustrator layers to shape layers.
10-16 15:10:34.152 W/LOTTIE ( 4280): You have 8 images. Lottie should primarily be used with shapes. If you are using Adobe Illustrator, convert the Illustrator layers to shape layers.
10-16 15:10:34.161 W/LOTTIE ( 4280): You have 9 images. Lottie should primarily be used with shapes. If you are using Adobe Illustrator, convert the Illustrator layers to shape layers.
10-16 15:10:34.164 W/LOTTIE ( 4280): You have 10 images. Lottie should primarily be used with shapes. If you are using Adobe Illustrator, convert the Illustrator layers to shape layers.
10-16 15:10:34.167 W/LOTTIE ( 4280): You have 11 images. Lottie should primarily be used with shapes. If you are using Adobe Illustrator, convert the Illustrator layers to shape layers.
10-16 15:10:34.175 W/LOTTIE ( 4280): You have 12 images. Lottie should primarily be used with shapes. If you are using Adobe Illustrator, convert the Illustrator layers to shape layers.
10-16 15:10:34.178 W/LOTTIE ( 4280): You have 13 images. Lottie should primarily be used with shapes. If you are using Adobe Illustrator, convert the Illustrator layers to shape layers.
10-16 15:10:34.181 W/MediaProvider( 1052): isAppCloneUserPair for user 0: false
10-16 15:10:34.181 W/LOTTIE ( 4280): You have 14 images. Lottie should primarily be used with shapes. If you are using Adobe Illustrator, convert the Illustrator layers to shape layers.
10-16 15:10:34.184 I/UMCrash ( 4280): get common. apm ctr flag is 0
10-16 15:10:34.185 W/LOTTIE ( 4280): You have 15 images. Lottie should primarily be used with shapes. If you are using Adobe Illustrator, convert the Illustrator layers to shape layers.
10-16 15:10:34.188 W/LOTTIE ( 4280): You have 16 images. Lottie should primarily be used with shapes. If you are using Adobe Illustrator, convert the Illustrator layers to shape layers.
10-16 15:10:34.194 I/UMCrash ( 4280): int apm. flag is 0
10-16 15:10:34.195 I/UMCrash ( 4280): int apm. hitWlState is 0
10-16 15:10:34.199 W/LOTTIE ( 4280): You have 17 images. Lottie should primarily be used with shapes. If you are using Adobe Illustrator, convert the Illustrator layers to shape layers.
10-16 15:10:34.211 W/LOTTIE ( 4280): You have 18 images. Lottie should primarily be used with shapes. If you are using Adobe Illustrator, convert the Illustrator layers to shape layers.
10-16 15:10:34.226 W/LOTTIE ( 4280): You have 19 images. Lottie should primarily be used with shapes. If you are using Adobe Illustrator, convert the Illustrator layers to shape layers.
10-16 15:10:34.241 W/LOTTIE ( 4280): You have 20 images. Lottie should primarily be used with shapes. If you are using Adobe Illustrator, convert the Illustrator layers to shape layers.
10-16 15:10:34.254 W/LOTTIE ( 4280): You have 21 images. Lottie should primarily be used with shapes. If you are using Adobe Illustrator, convert the Illustrator layers to shape layers.
10-16 15:10:34.260 I/UMCrash ( 4280): enable : java is true, native is true, anr is true
10-16 15:10:34.260 I/UMCrash ( 4280): crash rate domain is https://errnewlog.umeng.com
10-16 15:10:34.275 W/LOTTIE ( 4280): You have 22 images. Lottie should primarily be used with shapes. If you are using Adobe Illustrator, convert the Illustrator layers to shape layers.
10-16 15:10:34.278 W/LOTTIE ( 4280): You have 23 images. Lottie should primarily be used with shapes. If you are using Adobe Illustrator, convert the Illustrator layers to shape layers.
10-16 15:10:34.281 W/ServiceManager( 486): Permission failure: android.permission.HIGH_SAMPLING_RATE_SENSORS from uid=10077 pid=4280
10-16 15:10:34.282 W/LOTTIE ( 4280): You have 24 images. Lottie should primarily be used with shapes. If you are using Adobe Illustrator, convert the Illustrator layers to shape layers.
10-16 15:10:34.280 W/pool-5-thread-1( 4280): type=1400 audit(0.0:1900): avc: granted { nlmsg_readpriv } for scontext=u:r:untrusted_app_29:s0:c77,c256,c512,c768 tcontext=u:r:untrusted_app_29:s0:c77,c256,c512,c768 tclass=netlink_route_socket app=com.dangbei.dbmusic.dbos.tab
10-16 15:10:34.286 W/LOTTIE ( 4280): You have 25 images. Lottie should primarily be used with shapes. If you are using Adobe Illustrator, convert the Illustrator layers to shape layers.
10-16 15:10:34.280 I/pool-5-thread-1( 4280): type=1400 audit(0.0:1901): avc: denied { search } for name="net" dev="sysfs" ino=10442 scontext=u:r:untrusted_app_29:s0:c77,c256,c512,c768 tcontext=u:object_r:sysfs_net:s0 tclass=dir permissive=1 app=com.dangbei.dbmusic.dbos.tab
10-16 15:10:34.280 I/pool-5-thread-1( 4280): type=1400 audit(0.0:1902): avc: denied { read } for name="address" dev="sysfs" ino=16906 scontext=u:r:untrusted_app_29:s0:c77,c256,c512,c768 tcontext=u:object_r:sysfs_net:s0 tclass=file permissive=1 app=com.dangbei.dbmusic.dbos.tab
10-16 15:10:34.284 I/pool-5-thread-1( 4280): type=1400 audit(0.0:1903): avc: denied { open } for path="/sys/devices/virtual/net/dummy0/address" dev="sysfs" ino=16906 scontext=u:r:untrusted_app_29:s0:c77,c256,c512,c768 tcontext=u:object_r:sysfs_net:s0 tclass=file permissive=1 app=com.dangbei.dbmusic.dbos.tab
10-16 15:10:34.284 I/pool-5-thread-1( 4280): type=1400 audit(0.0:1904): avc: denied { getattr } for path="/sys/devices/virtual/net/dummy0/address" dev="sysfs" ino=16906 scontext=u:r:untrusted_app_29:s0:c77,c256,c512,c768 tcontext=u:object_r:sysfs_net:s0 tclass=file permissive=1 app=com.dangbei.dbmusic.dbos.tab
10-16 15:10:34.290 W/LOTTIE ( 4280): You have 26 images. Lottie should primarily be used with shapes. If you are using Adobe Illustrator, convert the Illustrator layers to shape layers.
10-16 15:10:34.293 W/LOTTIE ( 4280): You have 27 images. Lottie should primarily be used with shapes. If you are using Adobe Illustrator, convert the Illustrator layers to shape layers.
10-16 15:10:34.296 W/LOTTIE ( 4280): You have 28 images. Lottie should primarily be used with shapes. If you are using Adobe Illustrator, convert the Illustrator layers to shape layers.
10-16 15:10:34.299 W/LOTTIE ( 4280): You have 29 images. Lottie should primarily be used with shapes. If you are using Adobe Illustrator, convert the Illustrator layers to shape layers.
10-16 15:10:34.302 W/LOTTIE ( 4280): You have 30 images. Lottie should primarily be used with shapes. If you are using Adobe Illustrator, convert the Illustrator layers to shape layers.
10-16 15:10:34.306 W/LOTTIE ( 4280): You have 31 images. Lottie should primarily be used with shapes. If you are using Adobe Illustrator, convert the Illustrator layers to shape layers.
10-16 15:10:34.309 W/LOTTIE ( 4280): You have 32 images. Lottie should primarily be used with shapes. If you are using Adobe Illustrator, convert the Illustrator layers to shape layers.
10-16 15:10:34.312 W/LOTTIE ( 4280): You have 33 images. Lottie should primarily be used with shapes. If you are using Adobe Illustrator, convert the Illustrator layers to shape layers.
10-16 15:10:34.315 W/LOTTIE ( 4280): You have 34 images. Lottie should primarily be used with shapes. If you are using Adobe Illustrator, convert the Illustrator layers to shape layers.
10-16 15:10:34.318 W/LOTTIE ( 4280): You have 35 images. Lottie should primarily be used with shapes. If you are using Adobe Illustrator, convert the Illustrator layers to shape layers.
10-16 15:10:34.321 W/LOTTIE ( 4280): You have 36 images. Lottie should primarily be used with shapes. If you are using Adobe Illustrator, convert the Illustrator layers to shape layers.
10-16 15:10:34.325 W/LOTTIE ( 4280): You have 37 images. Lottie should primarily be used with shapes. If you are using Adobe Illustrator, convert the Illustrator layers to shape layers.
10-16 15:10:34.328 W/LOTTIE ( 4280): You have 38 images. Lottie should primarily be used with shapes. If you are using Adobe Illustrator, convert the Illustrator layers to shape layers.
10-16 15:10:34.331 W/LOTTIE ( 4280): You have 39 images. Lottie should primarily be used with shapes. If you are using Adobe Illustrator, convert the Illustrator layers to shape layers.
10-16 15:10:34.333 W/LOTTIE ( 4280): You have 40 images. Lottie should primarily be used with shapes. If you are using Adobe Illustrator, convert the Illustrator layers to shape layers.
10-16 15:10:34.337 W/LOTTIE ( 4280): You have 41 images. Lottie should primarily be used with shapes. If you are using Adobe Illustrator, convert the Illustrator layers to shape layers.
10-16 15:10:34.340 W/LOTTIE ( 4280): You have 42 images. Lottie should primarily be used with shapes. If you are using Adobe Illustrator, convert the Illustrator layers to shape layers.
10-16 15:10:34.343 W/LOTTIE ( 4280): You have 43 images. Lottie should primarily be used with shapes. If you are using Adobe Illustrator, convert the Illustrator layers to shape layers.
10-16 15:10:34.345 W/LOTTIE ( 4280): You have 44 images. Lottie should primarily be used with shapes. If you are using Adobe Illustrator, convert the Illustrator layers to shape layers.
10-16 15:10:34.348 W/LOTTIE ( 4280): You have 45 images. Lottie should primarily be used with shapes. If you are using Adobe Illustrator, convert the Illustrator layers to shape layers.
10-16 15:10:34.351 I/crashsdk( 4280): version unique build id: e1e83aae
10-16 15:10:34.351 W/LOTTIE ( 4280): You have 46 images. Lottie should primarily be used with shapes. If you are using Adobe Illustrator, convert the Illustrator layers to shape layers.
10-16 15:10:34.354 W/LOTTIE ( 4280): You have 47 images. Lottie should primarily be used with shapes. If you are using Adobe Illustrator, convert the Illustrator layers to shape layers.
10-16 15:10:34.356 I/crashsdk( 4280): Is new version ('' -> '1.9.6.5/release/e1e83aae'), deleting old stats data!
10-16 15:10:34.358 W/crashsdk( 4280): Set: Unknown key 38
10-16 15:10:34.359 W/crashsdk( 4280): Set: Unknown key 39
10-16 15:10:34.359 W/LOTTIE ( 4280): You have 48 images. Lottie should primarily be used with shapes. If you are using Adobe Illustrator, convert the Illustrator layers to shape layers.
10-16 15:10:34.362 W/LOTTIE ( 4280): You have 49 images. Lottie should primarily be used with shapes. If you are using Adobe Illustrator, convert the Illustrator layers to shape layers.
10-16 15:10:34.364 W/LOTTIE ( 4280): You have 50 images. Lottie should primarily be used with shapes. If you are using Adobe Illustrator, convert the Illustrator layers to shape layers.
10-16 15:10:34.366 D/crashsdk( 4280): Native log stat thread 4390 setup, waiting
10-16 15:10:34.374 I/crashsdk( 4280): begin hack android.os.Process
10-16 15:10:34.374 I/crashsdk( 4280): end hack android.os.Process
10-16 15:10:34.374 I/crashsdk( 4280): LibcMalloc detail: disabled.
10-16 15:10:34.382 V/NFC ( 4280): this device does not have NFC support
10-16 15:10:34.445 E/ballack ( 4280): initGlobalInfo called once.
10-16 15:10:34.458 I/MusicPlayerController( 4280): initMedia
10-16 15:10:34.458 E/bmusic.dbos.ta( 4280): Invalid ID 0x00000000.
10-16 15:10:34.471 E/X-LOG ( 4280): taoqx requestCurrentSetData
10-16 15:10:34.472 E/bmusic.dbos.ta( 4280): Invalid ID 0x00000000.
10-16 15:10:34.477 I/UMCrash ( 4280): begin register common callback. key is umid.
10-16 15:10:34.478 I/UMCrash ( 4280): inner config : net rate is -1
10-16 15:10:34.478 I/UMCrash ( 4280): inner config : nativeH5Rate is -1
10-16 15:10:34.478 I/UMCrash ( 4280): inner config : page rate is -1
10-16 15:10:34.478 I/UMCrash ( 4280): inner config : power rate is -1
10-16 15:10:34.478 I/UMCrash ( 4280): inner config : flutter rate is -1
10-16 15:10:34.480 E/UMConfigure( 4280): 检测到未调用隐私授权API,详情见:https://developer.umeng.com/docs/119267/detail/182050
10-16 15:10:34.484 I/Matrix.AnrTracer( 4280): anrTrace, final mAnrBeatTime:400, mAnrBeatRate:400
10-16 15:10:34.484 I/X-LOG ( 4280): MusicManager init 连接服务:com.dangbei.dbmusic.dbos.tab
10-16 15:10:34.529 W/ActivityTaskManager( 486): Activity top resumed state loss timeout for ActivityRecord{f5a0a87 u0 com.dangbei.dbmusic.dbos.tab/com.dangbei.dbmusic.model.foreign.ForeignRouterActivity t46}
10-16 15:10:34.534 D/ConnectivityService( 486): requestNetwork for uid/pid:10077/4280 activeRequest: null callbackRequest: 35 [NetworkRequest [ REQUEST id=35, [ Capabilities: NOT_RESTRICTED&TRUSTED&NOT_VPN&NOT_VCN_MANAGED Uid: 10077 RequestorUid: 10077 RequestorPkg: com.dangbei.dbmusic.dbos.tab] ]] callback flags: 0 priority: 2147483647
10-16 15:10:34.536 D/ConnectivityService( 486): NetReassign [35 : null → 100]
10-16 15:10:34.537 W/ActivityTaskManager( 486): Activity pause timeout for ActivityRecord{f5a0a87 u0 com.dangbei.dbmusic.dbos.tab/com.dangbei.dbmusic.model.foreign.ForeignRouterActivity t46}
10-16 15:10:34.538 W/ActivityTaskManager( 486): Tried to set launchTime (0) < mLastActivityLaunchTime (218257)
10-16 15:10:34.539 D/AW_CODE ( 486): rotation =0
10-16 15:10:34.540 D/Ethernet( 486): got request NetworkRequest [ REQUEST id=35, [ Capabilities: NOT_RESTRICTED&TRUSTED&NOT_VPN&NOT_VCN_MANAGED Uid: 10077 RequestorUid: 10077 RequestorPkg: com.dangbei.dbmusic.dbos.tab] ]
10-16 15:10:34.543 D/EthernetNetworkFactory( 486): acceptRequest, request: NetworkRequest [ REQUEST id=35, [ Capabilities: NOT_RESTRICTED&TRUSTED&NOT_VPN&NOT_VCN_MANAGED Uid: 10077 RequestorUid: 10077 RequestorPkg: com.dangbei.dbmusic.dbos.tab] ]
10-16 15:10:34.543 I/EthernetNetworkFactory( 486): networkForRequest, request: NetworkRequest [ REQUEST id=35, [ Capabilities: NOT_RESTRICTED&TRUSTED&NOT_VPN&NOT_VCN_MANAGED Uid: 10077 RequestorUid: 10077 RequestorPkg: com.dangbei.dbmusic.dbos.tab] ], network: null
10-16 15:10:34.544 D/WifiNetworkFactory( 486): got request NetworkRequest [ REQUEST id=35, [ Capabilities: NOT_RESTRICTED&TRUSTED&NOT_VPN&NOT_VCN_MANAGED Uid: 10077 RequestorUid: 10077 RequestorPkg: com.dangbei.dbmusic.dbos.tab] ]
10-16 15:10:34.546 D/UntrustedWifiNetworkFactory( 486): got request NetworkRequest [ REQUEST id=35, [ Capabilities: NOT_RESTRICTED&TRUSTED&NOT_VPN&NOT_VCN_MANAGED Uid: 10077 RequestorUid: 10077 RequestorPkg: com.dangbei.dbmusic.dbos.tab] ]
10-16 15:10:34.550 W/InputManager-JNI( 486): Input channel object '4fc1120 Splash Screen com.dangbei.dbmusic.dbos.tab (client)' was disposed without first being removed with the input manager!
10-16 15:10:34.551 D/StartingSurfaceDrawer( 676): Task start finish, remove starting surface for task 46
10-16 15:10:34.551 V/StartingSurfaceDrawer( 676): Removing splash screen window for task: 46
10-16 15:10:34.553 D/OemPaidWifiNetworkFactory( 486): got request NetworkRequest [ REQUEST id=35, [ Capabilities: NOT_RESTRICTED&TRUSTED&NOT_VPN&NOT_VCN_MANAGED Uid: 10077 RequestorUid: 10077 RequestorPkg: com.dangbei.dbmusic.dbos.tab] ]
10-16 15:10:34.648 D/TvPipController( 676): onTaskStackChanged()
10-16 15:10:34.663 W/efs.send_log( 4280): tryFileLock start!
10-16 15:10:34.734 W/efs.send_log( 4280): tryFileLock sendlock sucess! processname: com.dangbei.dbmusic.dbos.tab
10-16 15:10:34.790 I/crashsdk( 4280): Unexp log not enabled, skip update unexp info!
10-16 15:10:34.831 W/WindowManager( 486): Failed looking up window session=Session{70fd399 676:u0a10061} callers=com.android.server.wm.WindowManagerService.windowForClientLocked:5702 com.android.server.wm.WindowManagerService.relayoutWindow:2228 com.android.server.wm.Session.relayout:235
10-16 15:10:34.833 W/WindowManager( 486): Failed looking up window session=Session{ea9ddf1 4280:u0a10077} callers=com.android.server.wm.WindowManagerService.windowForClientLocked:5702 com.android.server.wm.Session.insetsModified:629 android.view.IWindowSession$Stub.onTransact:1151
10-16 15:10:34.845 W/WindowManager( 486): Failed looking up window session=Session{70fd399 676:u0a10061} callers=com.android.server.wm.WindowManagerService.windowForClientLocked:5702 com.android.server.wm.WindowManagerService.removeWindow:2032 com.android.server.wm.Session.remove:218
10-16 15:10:34.850 E/ThemeUtils( 4280): View class com.dangbei.dbmusic.business.widget.MTypefaceTextView is an AppCompat widget that can only be used with a Theme.AppCompat theme (or descendant).
10-16 15:10:34.853 I/efs.config( 4280): delete old config is false
10-16 15:10:34.875 I/efs.config( 4280): current config to same.
10-16 15:10:34.878 I/InitService( 4280): InitService onCrate
10-16 15:10:34.891 V/ActivityManager( 486): Attempted to start a foreground service (com.dangbei.dbmusic.dbos.tab/com.dangbei.dbmusic.model.server.InitService) with a broken notification (no icon: Notification(channel=400 shortcut=null contentView=null vibrate=null sound=null defaults=0x0 flags=0x40 color=0x00000000 vis=PRIVATE))
10-16 15:10:34.893 W/IorapForwardingService( 486): No service published for: iorapd
10-16 15:10:34.895 I/ActivityManager( 486): Deferring FGS notification in legacy app com.dangbei.dbmusic.dbos.tab/u0a77 : Notification(channel=400 shortcut=null contentView=null vibrate=null sound=null defaults=0x0 flags=0x40 color=0x00000000 vis=PRIVATE)
10-16 15:10:34.896 I/InitService( 4280): observeVerifyTime onNextCompat false
10-16 15:10:34.896 I/InitService( 4280): observeUpdate onNextCompat false
10-16 15:10:34.897 I/InitService( 4280): observeInitMv onNextCompat false
10-16 15:10:34.897 I/InitService( 4280): observeActivityStarted onNextCompat false
10-16 15:10:34.898 I/InitService( 4280): observeVisualizer onNextCompat false
10-16 15:10:34.904 V/ActivityManager( 486): Attempted to start a foreground service (com.dangbei.dbmusic.dbos.tab/com.dangbei.dbmusic.model.server.InitService) with a broken notification (no icon: Notification(channel=400 shortcut=null contentView=null vibrate=null sound=null defaults=0x0 flags=0x40 color=0x00000000 vis=PRIVATE))
10-16 15:10:34.904 E/InitService( 4280): startQueueTask ===
10-16 15:10:34.905 I/InitService( 4280): observeUpdate onNextCompat true
10-16 15:10:34.918 D/audio_hw_primary( 247): sample_rate = 44100
10-16 15:10:34.935 W/ServiceManager( 269): Permission failure: android.permission.CAPTURE_AUDIO_OUTPUT from uid=10077 pid=4280
10-16 15:10:34.935 D/PermissionCache( 269): checking android.permission.CAPTURE_AUDIO_OUTPUT for uid=10077 => denied (1025 us)
10-16 15:10:34.949 D/APM_AudioPolicyManager( 269): getInputForAttr() enter
10-16 15:10:34.949 D/APM_AudioPolicyManager( 269): device:80000004
10-16 15:10:34.950 D/xm_audio( 247): -->adev_open_input_stream
10-16 15:10:34.951 D/xm_audio( 247): -->adev_open_input_stream, config->sample_rate=16000
10-16 15:10:34.951 D/xm_audio( 247): -->adev_open_input_stream exit
10-16 15:10:34.951 I/xm_audio( 247): in_get_sample_rate
10-16 15:10:34.951 I/xm_audio( 247): in_get_channels
10-16 15:10:34.953 I/xm_audio( 247): in_get_sample_rate
10-16 15:10:34.953 I/xm_audio( 247): in_get_channels
10-16 15:10:34.953 W/k ( 4280): cannot read header
10-16 15:10:34.953 I/xm_audio( 247): in_get_channels
10-16 15:10:34.953 I/xm_audio( 247): in_get_buffer_size
10-16 15:10:34.954 I/xm_audio( 247): in_get_buffer_size: fsize=512.000000, size=512
10-16 15:10:34.955 I/xm_audio( 247): in_get_buffer_size
