10-16 15:07:13.249 E/update_engine( 370): Read state file failed: No such file or directory
10-16 15:07:13.252 I/update_engine( 370): [INFO:cleanup_previous_update_action.cc(130)] Stopping/suspending/completing CleanupPreviousUpdateAction
10-16 15:07:13.254 I/update_engine( 370): [INFO:cleanup_previous_update_action.cc(469)] Not reporting merge stats because state is None
10-16 15:07:13.257 I/update_engine( 370): [INFO:cleanup_previous_update_action.cc(130)] Stopping/suspending/completing CleanupPreviousUpdateAction
10-16 15:07:13.259 I/update_engine( 370): [INFO:action_processor.cc(116)] ActionProcessor: finished last action CleanupPreviousUpdateAction with code ErrorCode::kSuccess
10-16 15:07:13.266 W/sunxi-ehci( 162): EHCI SUNXI driver
10-16 15:07:13.267 W/ ( 162): sunxi ehci0-controller don't init wakeup source
10-16 15:07:13.267 W/[sunxi-ehci0]( 162): probe, pdev->name: 5101000.ehci0-controller, sunxi_ehci: 0xffffffc008f81018, 0x:ffffffc0120bd000, irq_no:32
10-16 15:07:13.262 D/XM_HIDREAD( 318): add@ add@/devices/virtual/devlink/regulator.8--5101000.ehci0-controller
10-16 15:07:13.272 I/sunxi-ehci 5101000.ehci0-controller( 162): EHCI Host Controller
10-16 15:07:13.272 I/sunxi-ehci 5101000.ehci0-controller( 162): new USB bus registered, assigned bus number 1
10-16 15:07:13.272 I/sunxi-ehci 5101000.ehci0-controller( 162): irq 50, io mem 0x05101000
10-16 15:07:13.281 D/XM_HIDREAD( 318): add@ add@/devices/platform/soc@3000000/5101000.ehci0-controller/usb1
10-16 15:07:13.285 I/sunxi-ehci 5101000.ehci0-controller( 162): USB 2.0 started, EHCI 1.00
10-16 15:07:13.286 I/usb1 ( 162): New USB device found, idVendor=1d6b, idProduct=0002, bcdDevice= 5.04
10-16 15:07:13.286 I/usb1 ( 162): New USB device strings: Mfr=3, Product=2, SerialNumber=1
10-16 15:07:13.286 I/usb1 ( 162): Product: EHCI Host Controller
10-16 15:07:13.286 I/usb1 ( 162): Manufacturer: Linux 5.4.125+ ehci_hcd
10-16 15:07:13.286 I/usb1 ( 162): SerialNumber: sunxi-ehci
10-16 15:07:13.289 I/hub 1-0 ( 162): 1.0: USB hub found
10-16 15:07:13.289 I/hub 1-0 ( 162): 1.0: 1 port detected
10-16 15:07:13.284 D/XM_HIDREAD( 318): add@ add@/devices/platform/soc@3000000/5101000.ehci0-controller/usb1/1-0:1.0
10-16 15:07:13.285 I/BLEAudioDrive_HV410( 247): not hidraw* create or delete event
10-16 15:07:13.285 D/XM_HIDREAD( 318): add@ add@/devices/virtual/devlink/regulator.8--5200000.ehci1-controller
10-16 15:07:13.291 W/ ( 162): sunxi ehci1-controller don't init wakeup source
10-16 15:07:13.291 W/[sunxi-ehci1]( 162): probe, pdev->name: 5200000.ehci1-controller, sunxi_ehci: 0xffffffc008f816d8, 0x:ffffffc01224d000, irq_no:34
10-16 15:07:13.292 I/sunxi-ehci 5200000.ehci1-controller( 162): EHCI Host Controller
10-16 15:07:13.292 I/sunxi-ehci 5200000.ehci1-controller( 162): new USB bus registered, assigned bus number 2
10-16 15:07:13.292 I/sunxi-ehci 5200000.ehci1-controller( 162): irq 52, io mem 0x05200000
10-16 15:07:13.305 I/sunxi-ehci 5200000.ehci1-controller( 162): USB 2.0 started, EHCI 1.00
10-16 15:07:13.296 I/runin.sh( 1020): type=1400 audit(0.0:375): avc: denied { dac_read_search } for capability=2 scontext=u:r:shell:s0 tcontext=u:r:shell:s0 tclass=capability permissive=1
10-16 15:07:13.305 E/debugfs ( 162): Directory 'sunxi-ehci' with parent 'ehci' already present!
10-16 15:07:13.315 I/usb2 ( 162): New USB device found, idVendor=1d6b, idProduct=0002, bcdDevice= 5.04
10-16 15:07:13.315 I/usb2 ( 162): New USB device strings: Mfr=3, Product=2, SerialNumber=1
10-16 15:07:13.315 I/usb2 ( 162): Product: EHCI Host Controller
10-16 15:07:13.315 I/usb2 ( 162): Manufacturer: Linux 5.4.125+ ehci_hcd
10-16 15:07:13.315 I/usb2 ( 162): SerialNumber: sunxi-ehci
10-16 15:07:13.309 D/XM_HIDREAD( 318): add@ add@/devices/platform/soc@3000000/5200000.ehci1-controller/usb2
10-16 15:07:13.310 D/XM_HIDREAD( 318): add@ add@/devices/platform/soc@3000000/5200000.ehci1-controller/usb2/2-0:1.0
10-16 15:07:13.317 I/hub 2-0 ( 162): 1.0: USB hub found
10-16 15:07:13.317 I/hub 2-0 ( 162): 1.0: 1 port detected
10-16 15:07:13.314 D/XM_HIDREAD( 318): add@ add@/devices/virtual/devlink/regulator.8--5310000.ehci2-controller
10-16 15:07:13.320 W/ ( 162): sunxi ehci2-controller don't init wakeup source
10-16 15:07:13.320 W/[sunxi-ehci2]( 162): probe, pdev->name: 5310000.ehci2-controller, sunxi_ehci: 0xffffffc008f81d98, 0x:ffffffc012295000, irq_no:36
10-16 15:07:13.321 I/sunxi-ehci 5310000.ehci2-controller( 162): EHCI Host Controller
10-16 15:07:13.321 I/sunxi-ehci 5310000.ehci2-controller( 162): new USB bus registered, assigned bus number 3
10-16 15:07:13.321 I/sunxi-ehci 5310000.ehci2-controller( 162): irq 54, io mem 0x05310000
10-16 15:07:13.320 I/update_engine( 370): [INFO:update_attempter_android.cc(549)] Processing Done.
10-16 15:07:13.325 V/WallpaperService( 676): Setting wallpaper dimming: 0.05
10-16 15:07:13.333 I/sunxi-ehci 5310000.ehci2-controller( 162): USB 2.0 started, EHCI 1.00
10-16 15:07:13.333 E/debugfs ( 162): Directory 'sunxi-ehci' with parent 'ehci' already present!
10-16 15:07:13.338 D/XM_HIDREAD( 318): add@ add@/devices/platform/soc@3000000/5310000.ehci2-controller/usb3
10-16 15:07:13.343 I/usb3 ( 162): New USB device found, idVendor=1d6b, idProduct=0002, bcdDevice= 5.04
10-16 15:07:13.343 I/usb3 ( 162): New USB device strings: Mfr=3, Product=2, SerialNumber=1
10-16 15:07:13.343 I/usb3 ( 162): Product: EHCI Host Controller
10-16 15:07:13.343 I/usb3 ( 162): Manufacturer: Linux 5.4.125+ ehci_hcd
10-16 15:07:13.343 I/usb3 ( 162): SerialNumber: sunxi-ehci
10-16 15:07:13.344 D/XM_HIDREAD( 318): add@ add@/devices/platform/soc@3000000/5310000.ehci2-controller/usb3/3-0:1.0
10-16 15:07:13.350 I/hub 3-0 ( 162): 1.0: USB hub found
10-16 15:07:13.350 I/hub 3-0 ( 162): 1.0: 1 port detected
10-16 15:07:13.350 D/XM_HIDREAD( 318): add@ add@/devices/virtual/devlink/regulator.8--5311000.ehci3-controller
10-16 15:07:13.355 W/ ( 162): sunxi ehci3-controller don't init wakeup source
10-16 15:07:13.355 W/[sunxi-ehci3]( 162): probe, pdev->name: 5311000.ehci3-controller, sunxi_ehci: 0xffffffc008f82458, 0x:ffffffc013407000, irq_no:38
10-16 15:07:13.357 I/sunxi-ehci 5311000.ehci3-controller( 162): EHCI Host Controller
10-16 15:07:13.352 D/XiriService( 309): check file name: /data/data/com.android.cts.priv.ctsshim/lib
10-16 15:07:13.348 I/xiriservice_All( 309): type=1400 audit(0.0:376): avc: denied { search } for name="com.android.cts.priv.ctsshim" dev="mmcblk0p25" ino=569 scontext=u:r:init:s0 tcontext=u:object_r:privapp_data_file:s0:c512,c768 tclass=dir permissive=1
10-16 15:07:13.358 I/sunxi-ehci 5311000.ehci3-controller( 162): new USB bus registered, assigned bus number 4
10-16 15:07:13.358 I/sunxi-ehci 5311000.ehci3-controller( 162): irq 56, io mem 0x05311000
10-16 15:07:13.373 I/sunxi-ehci 5311000.ehci3-controller( 162): USB 2.0 started, EHCI 1.00
10-16 15:07:13.373 E/debugfs ( 162): Directory 'sunxi-ehci' with parent 'ehci' already present!
10-16 15:07:13.360 I/xiriservice_All( 309): type=1400 audit(0.0:377): avc: denied { read } for name="lib" dev="mmcblk0p25" ino=5506 scontext=u:r:init:s0 tcontext=u:object_r:privapp_data_file:s0:c512,c768 tclass=lnk_file permissive=1
10-16 15:07:13.378 D/XM_HIDREAD( 318): add@ add@/devices/platform/soc@3000000/5311000.ehci3-controller/usb4
10-16 15:07:13.383 I/usb4 ( 162): New USB device found, idVendor=1d6b, idProduct=0002, bcdDevice= 5.04
10-16 15:07:13.383 I/usb4 ( 162): New USB device strings: Mfr=3, Product=2, SerialNumber=1
10-16 15:07:13.383 I/usb4 ( 162): Product: EHCI Host Controller
10-16 15:07:13.383 I/usb4 ( 162): Manufacturer: Linux 5.4.125+ ehci_hcd
10-16 15:07:13.383 I/usb4 ( 162): SerialNumber: sunxi-ehci
10-16 15:07:13.385 I/hub 4-0 ( 162): 1.0: USB hub found
10-16 15:07:13.385 I/hub 4-0 ( 162): 1.0: 1 port detected
10-16 15:07:13.385 D/XM_HIDREAD( 318): add@ add@/devices/platform/soc@3000000/5311000.ehci3-controller/usb4/4-0:1.0
10-16 15:07:13.385 D/XM_HIDREAD( 318): add@ add@/bus/platform/drivers/sunxi-ehci
10-16 15:07:13.385 D/XM_HIDREAD( 318): add@ add@/module/ehci_sunxi
10-16 15:07:13.386 I/hwservicemanager( 180): getTransport: Cannot find entry android.hardware.graphics.mapper@4.0::IMapper/default in either framework or device VINTF manifest.
10-16 15:07:13.386 I/Gralloc4( 676): mapper 4.x is not supported
10-16 15:07:13.386 I/update_engine( 370): [INFO:update_attempter_android.cc(701)] Terminating cleanup previous update.
10-16 15:07:13.392 I/hwservicemanager( 180): getTransport: Cannot find entry android.hardware.graphics.mapper@3.0::IMapper/default in either framework or device VINTF manifest.
10-16 15:07:13.393 W/Gralloc3( 676): mapper 3.x is not supported
10-16 15:07:13.397 W/IorapForwardingService( 486): No service published for: iorapd
10-16 15:07:13.409 D/XiriService( 309): check file name: /data/data/com.android.cts.priv.ctsshim/lib
10-16 15:07:13.404 I/xiriservice_All( 309): type=1400 audit(0.0:378): avc: denied { search } for name="com.android.dynsystem" dev="mmcblk0p25" ino=579 scontext=u:r:init:s0 tcontext=u:object_r:system_app_data_file:s0 tclass=dir permissive=1
10-16 15:07:13.410 D/XiriService( 309): check file name: /data/data/com.android.dynsystem/lib
10-16 15:07:13.404 I/xiriservice_All( 309): type=1400 audit(0.0:379): avc: denied { read } for name="lib" dev="mmcblk0p25" ino=5509 scontext=u:r:init:s0 tcontext=u:object_r:system_app_data_file:s0 tclass=lnk_file permissive=1
10-16 15:07:13.432 D/XiriService( 309): check file name: /data/data/com.android.dynsystem/lib
10-16 15:07:13.434 D/XiriService( 309): check file name: /data/data/com.dangbei.lerad.rocky/lib
10-16 15:07:13.434 D/XM_HIDREAD( 318): add@ add@/devices/virtual/devlink/regulator.8--5101400.ohci0-controller
10-16 15:07:13.438 W/sunxi-ohci( 162): OHCI SUNXI driver
10-16 15:07:13.439 W/ ( 162): sunxi ohci0-controller don't init wakeup source
10-16 15:07:13.439 W/[sunxi-ohci0]( 162): probe, pdev->name: 5101400.ohci0-controller, sunxi_ohci: 0xffffffc008f81378
10-16 15:07:13.440 I/sunxi-ohci 5101400.ohci0-controller( 162): OHCI Host Controller
10-16 15:07:13.440 I/sunxi-ohci 5101400.ohci0-controller( 162): new USB bus registered, assigned bus number 5
10-16 15:07:13.441 I/sunxi-ohci 5101400.ohci0-controller( 162): irq 51, io mem 0x05101400
10-16 15:07:13.456 D/XiriService( 309): check file name: /data/data/com.dangbei.lerad.rocky/lib
10-16 15:07:13.457 E/gralloc ( 676): Arm Module v1.0
10-16 15:07:13.458 D/XiriService( 309): check file name: /data/data/com.android.tv.settings/lib
10-16 15:07:13.459 D/XiriService( 309): check file name: /data/data/com.android.tv.settings/lib
10-16 15:07:13.459 I/hwservicemanager( 180): getTransport: Cannot find entry android.hardware.graphics.allocator@4.0::IAllocator/default in either framework or device VINTF manifest.
10-16 15:07:13.460 D/XiriService( 309): check file name: /data/data/com.oranth.factory/lib
10-16 15:07:13.460 W/Gralloc4( 676): allocator 4.x is not supported
10-16 15:07:13.460 I/hwservicemanager( 180): getTransport: Cannot find entry android.hardware.graphics.allocator@3.0::IAllocator/default in either framework or device VINTF manifest.
10-16 15:07:13.460 W/Gralloc3( 676): allocator 3.x is not supported
10-16 15:07:13.461 D/XiriService( 309): check file name: /data/data/com.oranth.factory/lib
10-16 15:07:13.461 D/XiriService( 309): check file name: /data/data/com.dangbei.zhushou.os/lib
10-16 15:07:13.463 D/XiriService( 309): check file name: /data/data/com.dangbei.zhushou.os/lib
10-16 15:07:13.465 D/XiriService( 309): check file name: /data/data/com.sohu.inputmethod.sogou.tv/lib
10-16 15:07:13.460 I/xiriservice_All( 309): type=1400 audit(0.0:380): avc: denied { search } for name="com.sohu.inputmethod.sogou.tv" dev="mmcblk0p25" ino=1409 scontext=u:r:init:s0 tcontext=u:object_r:app_data_file:s0:c35,c256,c512,c768 tclass=dir permissive=1
10-16 15:07:13.467 I/gralloc ( 255): alloc buffer:W:1920 H:1080 S:1920 PL[1920 1080] SZ:8294400 fmt:43 if:0 af:43 usg:20000b00 fg:00000004
10-16 15:07:13.460 I/xiriservice_All( 309): type=1400 audit(0.0:381): avc: denied { read } for name="lib" dev="mmcblk0p25" ino=5521 scontext=u:r:init:s0 tcontext=u:object_r:app_data_file:s0:c35,c256,c512,c768 tclass=lnk_file permissive=1
10-16 15:07:13.467 D/XiriService( 309): check file name: /data/data/com.sohu.inputmethod.sogou.tv/lib
10-16 15:07:13.468 D/XiriService( 309): check file name: /data/data/com.sohu.inputmethod.sogou.tv/lib
10-16 15:07:13.468 E/ion ( 676): ioctl c0044901 failed with code -1: Inappropriate ioctl for device
10-16 15:07:13.470 D/XiriService( 309): check file name: /data/data/com.oranth.ledstatus/lib
10-16 15:07:13.471 D/XiriService( 309): check file name: /data/data/com.oranth.ledstatus/lib
10-16 15:07:13.473 D/XiriService( 309): check file name: /data/data/com.dangbei.lerad.videoposter/lib
10-16 15:07:13.468 I/xiriservice_All( 309): type=1400 audit(0.0:382): avc: denied { search } for name="com.dangbei.lerad.videoposter" dev="mmcblk0p25" ino=755 scontext=u:r:init:s0 tcontext=u:object_r:app_data_file:s0:c512,c768 tclass=dir permissive=1
10-16 15:07:13.468 I/xiriservice_All( 309): type=1400 audit(0.0:383): avc: denied { read } for name="lib" dev="mmcblk0p25" ino=5525 scontext=u:r:init:s0 tcontext=u:object_r:app_data_file:s0:c512,c768 tclass=lnk_file permissive=1
10-16 15:07:13.474 D/XiriService( 309): check file name: /data/data/com.dangbei.lerad.videoposter/lib
10-16 15:07:13.475 D/XiriService( 309): check file name: /data/data/com.android.networkstack/lib
10-16 15:07:13.483 W/audit ( 309): audit_lost=1 audit_rate_limit=5 audit_backlog_limit=64
10-16 15:07:13.483 E/audit ( 309): rate limit exceeded
10-16 15:07:13.489 D/XiriService( 309): check file name: /data/data/com.android.networkstack/lib
10-16 15:07:13.490 D/XiriService( 309): check file name: /data/data/com.dangbei.dbmusic.dbos.tab/lib
10-16 15:07:13.494 W/sunxihwc( 256): computeLayerMemoryFootprint: Unknown pixelformat(-1)
10-16 15:07:13.496 I/gralloc ( 255): alloc buffer:W:1920 H:1080 S:1920 PL[1920 1080] SZ:8294400 fmt:43 if:0 af:43 usg:20000b00 fg:00000004
10-16 15:07:13.497 D/XM_HIDREAD( 318): add@ add@/devices/platform/soc@3000000/5101400.ohci0-controller/usb5
10-16 15:07:13.499 D/XM_HIDREAD( 318): add@ add@/devices/platform/soc@3000000/5101400.ohci0-controller/usb5/5-0:1.0
10-16 15:07:13.499 D/XiriService( 309): check file name: /data/data/android/lib
10-16 15:07:13.502 I/usb5 ( 162): New USB device found, idVendor=1d6b, idProduct=0001, bcdDevice= 5.04
10-16 15:07:13.502 I/usb5 ( 162): New USB device strings: Mfr=3, Product=2, SerialNumber=1
10-16 15:07:13.502 I/usb5 ( 162): Product: OHCI Host Controller
10-16 15:07:13.502 I/usb5 ( 162): Manufacturer: Linux 5.4.125+ ohci_hcd
10-16 15:07:13.502 I/usb5 ( 162): SerialNumber: sunxi-ohci
10-16 15:07:13.504 I/hub 5-0 ( 162): 1.0: USB hub found
10-16 15:07:13.504 I/hub 5-0 ( 162): 1.0: 1 port detected
10-16 15:07:13.501 D/XiriService( 309): check file name: /data/data/com.dangbei.screencast/lib
10-16 15:07:13.508 W/ ( 162): sunxi ohci1-controller don't init wakeup source
10-16 15:07:13.508 W/[sunxi-ohci1]( 162): probe, pdev->name: 5200400.ohci1-controller, sunxi_ohci: 0xffffffc008f81a38
10-16 15:07:13.509 I/sunxi-ohci 5200400.ohci1-controller( 162): OHCI Host Controller
10-16 15:07:13.504 D/XM_HIDREAD( 318): add@ add@/devices/virtual/devlink/regulator.8--5200400.ohci1-controller
10-16 15:07:13.504 D/XiriService( 309): check file name: /data/data/com.dangbei.screencast/lib
10-16 15:07:13.505 D/XiriService( 309): check file name: /data/data/com.dangbei.leard.leradlauncher/lib
10-16 15:07:13.507 D/XiriService( 309): check file name: /data/data/com.android.providers.settings/lib
10-16 15:07:13.508 D/XiriService( 309): check file name: /data/data/com.android.printspooler/lib
10-16 15:07:13.512 D/XiriService( 309): check file name: /data/data/com.android.printspooler/lib
10-16 15:07:13.511 I/sunxi-ohci 5200400.ohci1-controller( 162): new USB bus registered, assigned bus number 6
10-16 15:07:13.511 E/debugfs ( 162): Directory 'sunxi-ohci' with parent 'ohci' already present!
10-16 15:07:13.517 D/XiriService( 309): check file name: /data/data/com.android.webview/lib
10-16 15:07:13.518 D/XiriService( 309): check file name: /data/data/com.android.webview/lib
10-16 15:07:13.522 I/sunxi-ohci 5200400.ohci1-controller( 162): irq 53, io mem 0x05200400
10-16 15:07:13.520 D/XiriService( 309): check file name: /data/data/com.android.inputdevices/lib
10-16 15:07:13.520 D/XiriService( 309): check file name: /data/data/com.android.inputdevices/lib
10-16 15:07:13.521 D/XiriService( 309): check file name: /data/data/com.android.bips/lib
10-16 15:07:13.534 D/XiriService( 309): check file name: /data/data/com.android.bips/lib
10-16 15:07:13.535 D/XiriService( 309): check file name: /data/data/com.oranth.inputmacsn/lib
10-16 15:07:13.536 D/XiriService( 309): check file name: /data/data/com.dangbei.hqmedia/lib
10-16 15:07:13.539 D/XiriService( 309): check file name: /data/data/com.dangbei.hqmedia/lib
10-16 15:07:13.540 D/XiriService( 309): check file name: /data/data/com.android.keychain/lib
10-16 15:07:13.540 D/XiriService( 309): check file name: /data/data/com.android.keychain/lib
10-16 15:07:13.541 D/XiriService( 309): check file name: /data/data/android.ext.services/lib
10-16 15:07:13.542 D/XiriService( 309): check file name: /data/data/android.ext.services/lib
10-16 15:07:13.542 D/XiriService( 309): check file name: /data/data/com.android.localtransport/lib
10-16 15:07:13.543 D/XiriService( 309): check file name: /data/data/com.android.localtransport/lib
10-16 15:07:13.543 D/XiriService( 309): check file name: /data/data/com.android.packageinstaller/lib
10-16 15:07:13.544 D/XiriService( 309): check file name: /data/data/com.android.packageinstaller/lib
10-16 15:07:13.544 D/XiriService( 309): check file name: /data/data/com.oranth.usbopenft/lib
10-16 15:07:13.545 D/XiriService( 309): check file name: /data/data/com.oranth.usbopenft/lib
10-16 15:07:13.545 D/XiriService( 309): check file name: /data/data/com.android.networkstack.tethering/lib
10-16 15:07:13.545 D/XiriService( 309): check file name: /data/data/com.android.networkstack.tethering/lib
10-16 15:07:13.546 D/XiriService( 309): check file name: /data/data/com.dangbei.lerad.etna.haqu/lib
10-16 15:07:13.546 D/XiriService( 309): check file name: /data/data/com.dangbei.lerad.etna.haqu/lib
10-16 15:07:13.547 D/XiriService( 309): check file name: /data/data/com.oranth.powerwindow/lib
10-16 15:07:13.547 D/XiriService( 309): check file name: /data/data/com.oranth.powerwindow/lib
10-16 15:07:13.547 D/XiriService( 309): check file name: /data/data/com.android.networkstack.permissionconfig/lib
10-16 15:07:13.548 D/XiriService( 309): check file name: /data/data/com.android.networkstack.permissionconfig/lib
10-16 15:07:13.549 D/XiriService( 309): check file name: /data/data/com.dangbei.lerad.screensaver/lib
10-16 15:07:13.550 D/XiriService( 309): check file name: /data/data/com.dangbei.lerad.screensaver/lib
10-16 15:07:13.550 D/XiriService( 309): check file name: /data/data/com.android.wallpaperbackup/lib
10-16 15:07:13.552 D/XiriService( 309): check file name: /data/data/com.android.wallpaperbackup/lib
10-16 15:07:13.552 D/XiriService( 309): check file name: /data/data/com.android.providers.media.module/lib
10-16 15:07:13.554 D/XiriService( 309): check file name: /data/data/com.android.providers.media.module/lib
10-16 15:07:13.554 D/XiriService( 309): check file name: /data/data/com.oranth.storage/lib
10-16 15:07:13.555 D/XiriService( 309): check file name: /data/data/com.oranth.storage/lib
10-16 15:07:13.555 D/XiriService( 309): check file name: /data/data/com.android.location.fused/lib
10-16 15:07:13.556 D/XiriService( 309): check file name: /data/data/com.android.location.fused/lib
10-16 15:07:13.556 D/XiriService( 309): check file name: /data/data/com.dangbei.haqusetting/lib
10-16 15:07:13.557 D/XiriService( 309): check file name: /data/data/com.dangbei.haqusetting/lib
10-16 15:07:13.557 D/XiriService( 309): check file name: /data/data/com.softwinner.miracastReceiver/lib
10-16 15:07:13.558 D/XiriService( 309): check file name: /data/data/com.softwinner.miracastReceiver/lib
10-16 15:07:13.558 D/XiriService( 309): check file name: /data/data/com.android.bluetooth/lib
10-16 15:07:13.559 V/PackageManager( 486): reconcileAppsData finished 114 packages
10-16 15:07:13.561 I/ActivityManager( 486): User 0 state changed from RUNNING_LOCKED to RUNNING_UNLOCKING
10-16 15:07:13.562 D/XiriService( 309): check file name: /data/data/com.android.bluetooth/lib
10-16 15:07:13.562 D/ActivityManager( 486): Unlocking user 0 progress 20
10-16 15:07:13.569 I/SystemServerTimingAsync( 486): ssm.UnlockingUser-0
10-16 15:07:13.569 I/SystemServiceManager( 486): Calling onUnlockingUser 0
10-16 15:07:13.572 D/BluetoothManagerService( 486): User 0 unlocked
10-16 15:07:13.573 D/StorageManagerService( 486): onUnlockUser 0
10-16 15:07:13.573 I/StorageSessionController( 486): On user unlock 0
10-16 15:07:13.573 I/StorageSessionController( 486): Initialialising...
10-16 15:07:13.579 D/BluetoothManagerService( 486): MESSAGE_USER_UNLOCKED
10-16 15:07:13.580 D/AW_CODE ( 486): rotation =0
10-16 15:07:13.586 I/usb6 ( 162): New USB device found, idVendor=1d6b, idProduct=0001, bcdDevice= 5.04
10-16 15:07:13.586 I/usb6 ( 162): New USB device strings: Mfr=3, Product=2, SerialNumber=1
10-16 15:07:13.586 I/usb6 ( 162): Product: OHCI Host Controller
10-16 15:07:13.586 I/usb6 ( 162): Manufacturer: Linux 5.4.125+ ohci_hcd
10-16 15:07:13.586 I/usb6 ( 162): SerialNumber: sunxi-ohci
10-16 15:07:13.588 I/hub 6-0 ( 162): 1.0: USB hub found
10-16 15:07:13.588 I/hub 6-0 ( 162): 1.0: 1 port detected
10-16 15:07:13.590 W/ ( 162): sunxi ohci2-controller don't init wakeup source
10-16 15:07:13.590 W/[sunxi-ohci2]( 162): probe, pdev->name: 5310400.ohci2-controller, sunxi_ohci: 0xffffffc008f820f8
10-16 15:07:13.581 D/XM_HIDREAD( 318): add@ add@/devices/platform/soc@3000000/5200400.ohci1-controller/usb6
10-16 15:07:13.585 D/WifiNetworkFactory( 486): Registering NetworkFactory
10-16 15:07:13.585 I/vold ( 186): onUserStarted: 0
10-16 15:07:13.588 D/XM_HIDREAD( 318): add@ add@/devices/platform/soc@3000000/5200400.ohci1-controller/usb6/6-0:1.0
10-16 15:07:13.588 D/XM_HIDREAD( 318): add@ add@/devices/virtual/devlink/regulator.8--5310400.ohci2-controller
10-16 15:07:13.589 D/UntrustedWifiNetworkFactory( 486): Registering NetworkFactory
10-16 15:07:13.592 D/ConnectivityService( 486): Got NetworkProvider Messenger for WifiNetworkFactory
10-16 15:07:13.593 D/AW_CODE ( 486): rotation =0
10-16 15:07:13.594 I/sunxi-ohci 5310400.ohci2-controller( 162): OHCI Host Controller
10-16 15:07:13.594 I/sunxi-ohci 5310400.ohci2-controller( 162): new USB bus registered, assigned bus number 7
10-16 15:07:13.594 E/debugfs ( 162): Directory 'sunxi-ohci' with parent 'ohci' already present!
10-16 15:07:13.599 D/ColorDisplayService( 486): setUp: currentUser=0
10-16 15:07:13.600 D/ConnectivityService( 486): Got NetworkProvider Messenger for UntrustedWifiNetworkFactory
10-16 15:07:13.600 D/OemPaidWifiNetworkFactory( 486): Registering NetworkFactory
10-16 15:07:13.600 D/SystemUIService( 676): Starting Wifi now
10-16 15:07:13.600 D/ConnectivityService( 486): Got NetworkProvider Messenger for OemPaidWifiNetworkFactory
10-16 15:07:13.603 W/TextServicesManagerService( 486): no available spell checker services found
10-16 15:07:13.608 I/sunxi-ohci 5310400.ohci2-controller( 162): irq 55, io mem 0x05310400
10-16 15:07:13.604 D/WifiService( 486): Handle user unlock 0
10-16 15:07:13.605 I/WallpaperManagerService( 486): on-unlock-user-0
10-16 15:07:13.607 I/AdbDebuggingManager( 486): Not connected to any wireless network. Not enabling adbwifi.
10-16 15:07:13.609 V/StorageManagerService( 486): Found primary storage at VolumeInfo{emulated;0}:
10-16 15:07:13.609 V/StorageManagerService( 486): type=EMULATED diskId=null partGuid= mountFlags=0 mountUserId=0
10-16 15:07:13.609 V/StorageManagerService( 486): state=UNMOUNTED
10-16 15:07:13.609 V/StorageManagerService( 486): fsType=null fsUuid=null fsLabel=null
10-16 15:07:13.609 V/StorageManagerService( 486): path=null internalPath=null
10-16 15:07:13.610 I/StorageManagerService( 486): Mounting volume VolumeInfo{emulated;0}:
10-16 15:07:13.610 I/StorageManagerService( 486): type=EMULATED diskId=null partGuid= mountFlags=PRIMARY|VISIBLE
10-16 15:07:13.610 I/StorageManagerService( 486): mountUserId=0 state=UNMOUNTED
10-16 15:07:13.610 I/StorageManagerService( 486): fsType=null fsUuid=null fsLabel=null
10-16 15:07:13.610 I/StorageManagerService( 486): path=null internalPath=null
10-16 15:07:13.612 W/Looper ( 486): Slow dispatch took 1006ms android.fg h=com.android.server.adb.AdbDebuggingManager$AdbDebuggingHandler c=null m=11
10-16 15:07:13.612 W/Looper ( 486): Slow delivery took 1015ms android.fg h=android.os.Handler c=com.android.server.location.provider.LocationProviderManager$$ExternalSyntheticLambda11@46a3bca m=0
10-16 15:07:13.612 I/vold ( 186): Mounting emulated fuse volume
10-16 15:07:13.613 W/VoiceInteractionManager( 486): no available voice recognition services found for user 0
10-16 15:07:13.614 D/ColorDisplayService( 486): onNightDisplayAutoModeChanged: autoMode=0
10-16 15:07:13.615 I/ColorDisplayService( 486): Turning off night display
10-16 15:07:13.618 I/HibernationStateDiskStore( 486): No hibernation file on disk for file /data/system_ce/0/hibernation/states
10-16 15:07:13.618 I/BackupManagerService( 486): Starting service for user: 0
10-16 15:07:13.618 D/ColorDisplayService( 486): Setting bright color reduction level: 50
10-16 15:07:13.621 V/BackupManagerService( 486): [UserID:0] Starting with transport com.android.localtransport/.LocalTransport
10-16 15:07:13.625 D/AutofillUI( 486): destroySaveUiUiThread(): already destroyed
10-16 15:07:13.625 D/AutofillManagerServiceImpl( 486): Reset component for user 0:
10-16 15:07:13.626 D/BackupManagerService( 486): [UserID:0] Started thread backup-0
10-16 15:07:13.626 D/FieldClassificationStrategy( 486): reset(): service is not bound. Do nothing.
10-16 15:07:13.626 W/AppBindingService( 486): [Default SMS app] u0 Target package not found
10-16 15:07:13.628 I/ActivityTaskManager( 486): Loading recents for user 0 into memory.
10-16 15:07:13.634 I/WifiService( 486): setWifiEnabled package=com.android.systemui uid=10061 enable=true
10-16 15:07:13.638 D/XM_HIDREAD( 318): add@ add@/devices/virtual/bdi/0:47
10-16 15:07:13.641 I/AppSearchUserInstanceMa( 486): Creating new AppSearch instance at: /data/system_ce/0/appsearch/icing
10-16 15:07:13.644 I/vold ( 186): Bind mounting /data/media to /mnt/pass_through/0/emulated
10-16 15:07:13.648 V/PackageConfigPersister( 486): loadPackages: empty list files from /data/system_ce/0/package_configs
10-16 15:07:13.650 W/ActivityManager( 486): UserLifecycleEvent 5 received without an active userJourneySession.
10-16 15:07:13.650 W/ActivityManager( 486): UserLifecycleEvent 6 received without an active userJourneySession.
10-16 15:07:13.650 I/ActivityManager( 486): User 0 state changed from RUNNING_UNLOCKING to RUNNING_UNLOCKED
10-16 15:07:13.650 I/StorageSessionController( 486): On volume mount VolumeInfo{emulated;0}:
10-16 15:07:13.650 I/StorageSessionController( 486): type=EMULATED diskId=null partGuid= mountFlags=PRIMARY|VISIBLE
10-16 15:07:13.650 I/StorageSessionController( 486): mountUserId=0 state=CHECKING
10-16 15:07:13.650 I/StorageSessionController( 486): fsType=null fsUuid=null fsLabel=null
10-16 15:07:13.650 I/StorageSessionController( 486): path=/storage/emulated internalPath=/data/media
10-16 15:07:13.652 I/StorageSessionController( 486): Creating connection for user: 0
10-16 15:07:13.653 I/StorageSessionController( 486): Creating and starting session with id: emulated;0
10-16 15:07:13.654 I/StorageUserConnection( 486): Binding to the ExternalStorageService for user 0
10-16 15:07:13.654 D/SystemServerTiming( 486): SystemUserUnlock took to complete: 1029ms
10-16 15:07:13.657 I/ActivityManager( 486): com.dangbei.lerad.etna.haqu is exempt from freezer
10-16 15:07:13.657 D/CompatibilityChangeReporter( 486): Compat change id reported: 135634846; UID 1000; state: DISABLED
10-16 15:07:13.664 D/CompatibilityChangeReporter( 486): Compat change id reported: 135634846; UID 10074; state: DISABLED
10-16 15:07:13.665 D/XM_HIDREAD( 318): add@ add@/devices/platform/soc@3000000/5310400.ohci2-controller/usb7
10-16 15:07:13.676 D/XM_HIDREAD( 318): add@ add@/devices/platform/soc@3000000/5310400.ohci2-controller/usb7/7-0:1.0
10-16 15:07:13.676 D/XM_HIDREAD( 318): add@ add@/devices/virtual/devlink/regulator.8--5311400.ohci3-controller
10-16 15:07:13.670 I/usb7 ( 162): New USB device found, idVendor=1d6b, idProduct=0001, bcdDevice= 5.04
10-16 15:07:13.670 I/usb7 ( 162): New USB device strings: Mfr=3, Product=2, SerialNumber=1
10-16 15:07:13.670 I/usb7 ( 162): Product: OHCI Host Controller
10-16 15:07:13.670 I/usb7 ( 162): Manufacturer: Linux 5.4.125+ ohci_hcd
10-16 15:07:13.670 I/usb7 ( 162): SerialNumber: sunxi-ohci
10-16 15:07:13.671 I/hub 7-0 ( 162): 1.0: USB hub found
10-16 15:07:13.671 I/hub 7-0 ( 162): 1.0: 1 port detected
10-16 15:07:13.673 W/ ( 162): sunxi ohci3-controller don't init wakeup source
10-16 15:07:13.673 W/[sunxi-ohci3]( 162): probe, pdev->name: 5311400.ohci3-controller, sunxi_ohci: 0xffffffc008f827b8
10-16 15:07:13.674 I/sunxi-ohci 5311400.ohci3-controller( 162): OHCI Host Controller
10-16 15:07:13.674 I/sunxi-ohci 5311400.ohci3-controller( 162): new USB bus registered, assigned bus number 8
10-16 15:07:13.674 E/debugfs ( 162): Directory 'sunxi-ohci' with parent 'ohci' already present!
10-16 15:07:13.677 W/ContextImpl( 816): Calling a method in the system process without a qualified user: android.app.ContextImpl.startService:1816 android.content.ContextWrapper.startService:774 android.content.ContextWrapper.startService:774 com.android.tv.settings.users.UserSwitchListenerService$BootReceiver.onReceive:50 android.app.ActivityThread.handleReceiver:4308
10-16 15:07:13.687 I/sunxi-ohci 5311400.ohci3-controller( 162): irq 57, io mem 0x05311400
10-16 15:07:13.684 I/ActivityManager( 486): Posting BOOT_COMPLETED user #0
10-16 15:07:13.696 I/UsageStatsService( 486): User[0] Rollover scheduled @ 2025-10-17 14:09:13(1760681353661)
10-16 15:07:13.698 I/StorageUserConnection( 486): Bound to the ExternalStorageService for user 0
10-16 15:07:13.703 W/InputMethodUtils( 486): Found no fallback locale. imis=[InputMethodInfo{com.sohu.inputmethod.sogou.tv/.SogouIME, settings: com.sohu.inputmethod.sogou.SogouIMESettingsLauncher}]
10-16 15:07:13.708 D/Zygote ( 242): Forked child process 1035
10-16 15:07:13.708 D/BluetoothOppFileProvider( 669): Initialized
10-16 15:07:13.710 W/ActivityManager( 486): Slow operation: 55ms so far, now at startProcess: returned from zygote!
10-16 15:07:13.715 I/SystemServerTimingAsync( 486): ssm.UnlockedUser-0
10-16 15:07:13.716 I/SystemServiceManager( 486): Calling onUnlockedUser 0
10-16 15:07:13.716 W/ActivityManager( 486): Slow operation: 61ms so far, now at startProcess: done updating battery stats
10-16 15:07:13.716 W/ActivityManager( 486): Slow operation: 61ms so far, now at startProcess: building log message
10-16 15:07:13.719 I/Zygote ( 1035): seccomp disabled by setenforce 0
10-16 15:07:13.719 I/ActivityManager( 486): app.processName = com.dangbei.lerad.etna.haqu
10-16 15:07:13.720 I/ActivityManager( 486): Start proc 1035:com.dangbei.lerad.etna.haqu/1000 for added application com.dangbei.lerad.etna.haqu
10-16 15:07:13.720 W/ActivityManager( 486): Slow operation: 65ms so far, now at startProcess: starting to update pids map
10-16 15:07:13.729 I/UsageStatsService( 486): User[0] Flushing usage stats to disk
10-16 15:07:13.734 W/InputMethodUtils( 486): No software keyboard is found. imis=[InputMethodInfo{com.sohu.inputmethod.sogou.tv/.SogouIME, settings: com.sohu.inputmethod.sogou.SogouIMESettingsLauncher}] systemLocale=zh_CN fallbackLocale=null
10-16 15:07:13.736 D/FallbackHome( 816): User unlocked and real home found; let's go!
10-16 15:07:13.737 I/AppWidgetServiceImpl( 486): Processing of handleUserUnlocked u0 took 38 ms
10-16 15:07:13.744 I/LaunchParamsPersister( 486): Didn't find launch param folder for user 0
10-16 15:07:13.745 D/XM_HIDREAD( 318): add@ add@/devices/platform/soc@3000000/5311400.ohci3-controller/usb8
10-16 15:07:13.746 W/ActivityManager( 486): Slow operation: 92ms so far, now at startProcess: done updating pids map
10-16 15:07:13.747 W/ActivityManager( 486): Slow operation: 84ms so far, now at startProcess: asking zygote to start proc
10-16 15:07:13.747 D/WakeupConfigStoreData( 486): WifiWake user data has been read
10-16 15:07:13.750 I/usb8 ( 162): New USB device found, idVendor=1d6b, idProduct=0001, bcdDevice= 5.04
10-16 15:07:13.750 I/usb8 ( 162): New USB device strings: Mfr=3, Product=2, SerialNumber=1
10-16 15:07:13.750 I/usb8 ( 162): Product: OHCI Host Controller
10-16 15:07:13.750 I/usb8 ( 162): Manufacturer: Linux 5.4.125+ ohci_hcd
10-16 15:07:13.750 I/usb8 ( 162): SerialNumber: sunxi-ohci
10-16 15:07:13.752 I/hub 8-0 ( 162): 1.0: USB hub found
10-16 15:07:13.752 I/hub 8-0 ( 162): 1.0: 1 port detected
10-16 15:07:13.749 I/adbd ( 381): jdwp connection from 1035
10-16 15:07:13.752 D/XM_HIDREAD( 318): add@ add@/devices/platform/soc@3000000/5311400.ohci3-controller/usb8/8-0:1.0
10-16 15:07:13.752 D/XM_HIDREAD( 318): add@ add@/bus/platform/drivers/sunxi-ohci
10-16 15:07:13.752 D/XM_HIDREAD( 318): add@ add@/module/ohci_sunxi
10-16 15:07:13.752 I/SELinux ( 486): SELinux: Loaded file_contexts
10-16 15:07:13.764 D/CompatibilityChangeReporter( 486): Compat change id reported: 143937733; UID 10074; state: ENABLED
10-16 15:07:13.765 D/WifiConfigStore( 486): Reading from user stores completed in 79 ms.
10-16 15:07:13.777 W/SystemServiceManager( 486): Service com.android.server.wm.ActivityTaskManagerService$Lifecycle took 61 ms in onUnlockedUser-0
10-16 15:07:13.780 W/Looper ( 486): Slow dispatch took 170ms main h=android.os.Handler c=null m=5000
10-16 15:07:13.781 E/BackupPasswordManager( 486): Unable to read backup pw version
10-16 15:07:13.782 E/BackupPasswordManager( 486): Unable to read saved backup pw hash
10-16 15:07:13.785 D/Zygote ( 242): Forked child process 1052
10-16 15:07:13.786 W/ActivityManager( 486): Slow operation: 123ms so far, now at startProcess: returned from zygote!
10-16 15:07:13.797 W/Looper ( 486): Slow delivery took 200ms main h=com.android.server.notification.NotificationManagerService$WorkerHandler c=com.android.server.notification.NotificationManagerService$EnqueueNotificationRunnable@345ce39 m=0
10-16 15:07:13.801 I/ActivityStarter( 486): ---START u0 {act=android.intent.action.MAIN cat=[android.intent.category.HOME] flg=0x10000100 cmp=com.dangbei.leard.leradlauncher/com.dangbei.launcher.home.LauncherActivity (has extras)} from uid 0
10-16 15:07:13.802 I/NotificationHistory( 486): Attempted to unlock gone/disabled user 0
10-16 15:07:13.804 W/ActivityManager( 486): UserLifecycleEvent 6 received without an active userJourneySession.
10-16 15:07:13.811 I/Zygote ( 1052): seccomp disabled by setenforce 0
10-16 15:07:13.818 D/AdbService( 486): setAdbEnabled(true), mIsAdbUsbEnabled=true, mIsAdbWifiEnabled=true, transportType=1
10-16 15:07:13.818 W/Looper ( 486): Drained
10-16 15:07:13.823 D/ ( 162): get det_vbus is fail, -84
10-16 15:07:13.823 D/ ( 162): get id is fail, -84
10-16 15:07:13.821 D/XM_HIDREAD( 318): add@ add@/bus/platform/drivers/otg manager
10-16 15:07:13.821 D/XM_HIDREAD( 318): add@ add@/module/sunxi_usbc
10-16 15:07:13.834 I/adbd ( 381): jdwp connection from 1052
10-16 15:07:13.844 W/UnsafeUtil( 486): platform method missing - proto runtime falling back to safer methods: java.lang.NoSuchMethodException: sun.misc.Unsafe.copyMemory [class java.lang.Object, long, class java.lang.Object, long, long]
10-16 15:07:13.866 D/CompatibilityChangeReporter( 486): Compat change id reported: 174042980; UID 1000; state: DISABLED
10-16 15:07:13.872 D/ActivityTaskManager( 486): isHomeLauncher info= ActivityInfo{b963f30 com.dangbei.launcher.home.LauncherActivity}
10-16 15:07:13.886 I/AW_PowerHAL( 259): Power setMode: SUSTAINED_PERFORMANCE to: 1
10-16 15:07:13.890 D/CompatibilityChangeReporter( 486): Compat change id reported: 168419799; UID 1000; state: DISABLED
10-16 15:07:13.903 E/TaskPersister( 486): File error accessing recents directory (directory doesn't exist?).
10-16 15:07:13.913 W/AW_PowerHAL( 259): Could not open nsi-bw: No such file or directory
10-16 15:07:13.913 I/AW_PowerHAL( 259): cur-mode:PERFORMANCE
10-16 15:07:13.922 I/BpBinder( 273): onLastStrongRef automatically unlinking death recipients:
10-16 15:07:13.923 W/ActivityManager( 486): Slow operation: 158ms so far, now at startProcess: done creating new process record
10-16 15:07:13.923 W/ActivityManager( 486): Slow operation: 158ms so far, now at startProcess: stepping in to startProcess
10-16 15:07:13.935 D/CompatibilityChangeReporter( 486): Compat change id reported: 135634846; UID 10017; state: DISABLED
10-16 15:07:13.935 D/CompatibilityChangeReporter( 486): Compat change id reported: 177438394; UID 10017; state: DISABLED
10-16 15:07:13.936 D/CompatibilityChangeReporter( 486): Compat change id reported: 135772972; UID 10017; state: DISABLED
10-16 15:07:13.936 D/CompatibilityChangeReporter( 486): Compat change id reported: 135754954; UID 10017; state: ENABLED
10-16 15:07:13.936 W/ActivityManager( 486): Slow operation: 171ms so far, now at startProcess: done starting proc!
10-16 15:07:13.938 W/ActivityManager( 486): Slow operation: 275ms so far, now at startProcess: done updating battery stats
10-16 15:07:13.938 I/Watchdog( 486): Interesting Java process com.android.providers.media.module started. Pid 1052
10-16 15:07:13.938 W/ActivityManager( 486): Slow operation: 275ms so far, now at startProcess: building log message
10-16 15:07:13.938 I/ActivityManager( 486): app.processName = com.android.providers.media.module
10-16 15:07:13.939 I/ActivityManager( 486): Start proc 1052:com.android.providers.media.module/u0a74 for service {com.android.providers.media.module/com.android.providers.media.fuse.ExternalStorageServiceImpl}
10-16 15:07:13.939 W/ActivityManager( 486): Slow operation: 276ms so far, now at startProcess: starting to update pids map
10-16 15:07:13.939 W/ActivityManager( 486): Slow operation: 276ms so far, now at startProcess: done updating pids map
10-16 15:07:13.939 D/CompatibilityChangeReporter( 486): Compat change id reported: 143937733; UID 10017; state: ENABLED
10-16 15:07:13.956 D/CompatibilityChangeReporter( 486): Compat change id reported: 181136395; UID 1000; state: DISABLED
10-16 15:07:13.959 D/WifiConfigStore( 486): Writing to stores completed in 120 ms.
10-16 15:07:13.961 D/WifiNetworkFactory( 486): got request NetworkRequest [ REQUEST id=1, [ Capabilities: INTERNET&NOT_RESTRICTED&TRUSTED&NOT_VPN&NOT_VCN_MANAGED RequestorUid: 1000 RequestorPkg: android] ]
10-16 15:07:13.962 D/WifiNetworkFactory( 486): got request NetworkRequest [ REQUEST id=19, [ Capabilities: INTERNET&NOT_RESTRICTED&TRUSTED&NOT_VCN_MANAGED Uid: 1073 RequestorUid: 1073 RequestorPkg: com.android.networkstack] ]
10-16 15:07:13.963 D/WifiNetworkFactory( 486): got request NetworkRequest [ REQUEST id=3, [ Transports: WIFI Capabilities: INTERNET&NOT_RESTRICTED&TRUSTED&NOT_VPN&NOT_VCN_MANAGED RequestorUid: 1000 RequestorPkg: android] ]
10-16 15:07:13.963 D/WifiNetworkFactory( 486): got request NetworkRequest [ REQUEST id=17, [ Capabilities: INTERNET&NOT_RESTRICTED&TRUSTED&NOT_VCN_MANAGED Uid: 1000 RequestorUid: 1000 RequestorPkg: android] ]
10-16 15:07:13.963 D/WifiNetworkFactory( 486): got request NetworkRequest [ REQUEST id=10, [ Capabilities: INTERNET&NOT_RESTRICTED&TRUSTED&NOT_VCN_MANAGED Uid: 1000 RequestorUid: 1000 RequestorPkg: android] ]
10-16 15:07:13.963 D/UntrustedWifiNetworkFactory( 486): got request NetworkRequest [ REQUEST id=1, [ Capabilities: INTERNET&NOT_RESTRICTED&TRUSTED&NOT_VPN&NOT_VCN_MANAGED RequestorUid: 1000 RequestorPkg: android] ]
10-16 15:07:13.963 D/UntrustedWifiNetworkFactory( 486): got request NetworkRequest [ REQUEST id=19, [ Capabilities: INTERNET&NOT_RESTRICTED&TRUSTED&NOT_VCN_MANAGED Uid: 1073 RequestorUid: 1073 RequestorPkg: com.android.networkstack] ]
10-16 15:07:13.968 D/Zygote ( 242): Forked child process 1078
10-16 15:07:13.969 D/CompatibilityChangeReporter( 486): Compat change id reported: 174042936; UID 1000; state: DISABLED
10-16 15:07:13.970 W/Searchables( 486): No global search activity found
10-16 15:07:13.974 W/Looper ( 486): Slow dispatch took 155ms main h=android.os.Handler c= m=1
10-16 15:07:13.982 D/CompatibilityChangeReporter( 1035): Compat change id reported: 171979766; UID 1000; state: DISABLED
10-16 15:07:13.983 D/UntrustedWifiNetworkFactory( 486): got request NetworkRequest [ REQUEST id=3, [ Transports: WIFI Capabilities: INTERNET&NOT_RESTRICTED&TRUSTED&NOT_VPN&NOT_VCN_MANAGED RequestorUid: 1000 RequestorPkg: android] ]
10-16 15:07:13.984 D/CompatibilityChangeReporter( 486): Compat change id reported: 168419799; UID 10074; state: DISABLED
10-16 15:07:13.985 D/AW_CODE ( 486): rotation =0
10-16 15:07:13.986 D/UntrustedWifiNetworkFactory( 486): got request NetworkRequest [ REQUEST id=17, [ Capabilities: INTERNET&NOT_RESTRICTED&TRUSTED&NOT_VCN_MANAGED Uid: 1000 RequestorUid: 1000 RequestorPkg: android] ]
10-16 15:07:13.988 V/NotificationAssistants( 486): disabling notification assistant for user 0: ComponentInfo{android.ext.services/android.ext.services.notification.Assistant}
10-16 15:07:13.988 D/NotificationListeners( 486): Removing active service ComponentInfo{android.ext.services/android.ext.services.notification.Assistant}
10-16 15:07:13.989 D/AW_CODE ( 486): rotation =0
10-16 15:07:13.991 I/Zygote ( 1078): seccomp disabled by setenforce 0
10-16 15:07:14.003 D/UntrustedWifiNetworkFactory( 486): got request NetworkRequest [ REQUEST id=10, [ Capabilities: INTERNET&NOT_RESTRICTED&TRUSTED&NOT_VCN_MANAGED Uid: 1000 RequestorUid: 1000 RequestorPkg: android] ]
10-16 15:07:14.003 D/OemPaidWifiNetworkFactory( 486): got request NetworkRequest [ REQUEST id=1, [ Capabilities: INTERNET&NOT_RESTRICTED&TRUSTED&NOT_VPN&NOT_VCN_MANAGED RequestorUid: 1000 RequestorPkg: android] ]
10-16 15:07:14.004 D/OemPaidWifiNetworkFactory( 486): got request NetworkRequest [ REQUEST id=19, [ Capabilities: INTERNET&NOT_RESTRICTED&TRUSTED&NOT_VCN_MANAGED Uid: 1073 RequestorUid: 1073 RequestorPkg: com.android.networkstack] ]
10-16 15:07:14.004 D/OemPaidWifiNetworkFactory( 486): got request NetworkRequest [ REQUEST id=3, [ Transports: WIFI Capabilities: INTERNET&NOT_RESTRICTED&TRUSTED&NOT_VPN&NOT_VCN_MANAGED RequestorUid: 1000 RequestorPkg: android] ]
10-16 15:07:14.004 D/OemPaidWifiNetworkFactory( 486): got request NetworkRequest [ REQUEST id=17, [ Capabilities: INTERNET&NOT_RESTRICTED&TRUSTED&NOT_VCN_MANAGED Uid: 1000 RequestorUid: 1000 RequestorPkg: android] ]
10-16 15:07:14.004 D/OemPaidWifiNetworkFactory( 486): got request NetworkRequest [ REQUEST id=10, [ Capabilities: INTERNET&NOT_RESTRICTED&TRUSTED&NOT_VCN_MANAGED Uid: 1000 RequestorUid: 1000 RequestorPkg: android] ]
10-16 15:07:14.004 D/WifiActiveModeWarden( 486): Starting primary ClientModeManager in connect mode
10-16 15:07:14.006 D/CompatibilityChangeReporter( 1052): Compat change id reported: 171979766; UID 10074; state: DISABLED
10-16 15:07:14.008 I/ActivityManager( 486): com.dangbei.leard.leradlauncher is exempt from freezer
10-16 15:07:14.017 D/CompatibilityChangeReporter( 486): Compat change id reported: 135634846; UID 1000; state: DISABLED
10-16 15:07:14.020 I/adbd ( 381): jdwp connection from 1078
10-16 15:07:14.027 I/ActivityManager( 486): com.oranth.ledstatus is exempt from freezer
10-16 15:07:14.026 D/VoHCI ( 1062): VoHCI service version: v1.0.0
10-16 15:07:14.029 W/ActivityManager( 486): Slow operation: 106ms so far, now at startProcess: done updating battery stats
10-16 15:07:14.030 E/VoHCI ( 1062): Cannot get card id for name: VoHCILoopback
10-16 15:07:14.031 W/ActivityManager( 486): Slow operation: 108ms so far, now at startProcess: building log message
10-16 15:07:14.031 I/ActivityManager( 486): app.processName = com.android.traceur
10-16 15:07:14.031 I/ActivityManager( 486): Start proc 1078:com.android.traceur/u0a17 for broadcast {com.android.traceur/com.android.traceur.Receiver}
10-16 15:07:14.031 W/ActivityManager( 486): Slow operation: 108ms so far, now at startProcess: starting to update pids map
10-16 15:07:14.031 W/ActivityManager( 486): Slow operation: 108ms so far, now at startProcess: done updating pids map
10-16 15:07:14.040 D/WifiController( 486): DisabledState.exit()
10-16 15:07:14.040 D/WifiController( 486): EnabledState.enter()
10-16 15:07:14.041 D/WifiClientModeManager[unknown]( 486): entering IdleState
10-16 15:07:14.043 D/WifiHWInfo( 659): Start to load wireless module hardware info table...
10-16 15:07:14.044 D/WifiHWInfo( 659): Entry [01], BUS: SDIO, ID: 0x024C8179, Name: rtl8189es.
10-16 15:07:14.045 D/WifiHWInfo( 659): Entry [02], BUS: SDIO, ID: 0x024CB723, Name: rtl8723bs_vq0.
10-16 15:07:14.045 D/WifiHWInfo( 659): Entry [03], BUS: SDIO, ID: 0x024CB703, Name: rtl8723cs.
10-16 15:07:14.045 D/WifiHWInfo( 659): Entry [04], BUS: SDIO, ID: 0x024CD723, Name: rtl8723ds.
10-16 15:07:14.045 D/WifiHWInfo( 659): Entry [05], BUS: SDIO, ID: 0x024CF179, Name: rtl8189fs.
10-16 15:07:14.045 D/WifiHWInfo( 659): Entry [06], BUS: SDIO, ID: 0x024CB822, Name: rtl88x2bs.
10-16 15:07:14.045 D/WifiHWInfo( 659): Entry [07], BUS: USB, ID: 0x0BDAD723, Name: rtl8723du.
10-16 15:07:14.045 D/WifiHWInfo( 659): Entry [08], BUS: USB, ID: 0x0BDA8179, Name: rtl8188etv.
10-16 15:07:14.045 D/WifiHWInfo( 659): Entry [09], BUS: USB, ID: 0x0BDA0179, Name: rtl8188eu.
10-16 15:07:14.045 D/WifiHWInfo( 659): Entry [10], BUS: USB, ID: 0x0BDA818B, Name: rtl8192eu.
10-16 15:07:14.045 D/WifiHWInfo( 659): Entry [11], BUS: USB, ID: 0x0BDAB720, Name: rtl8723bu.
10-16 15:07:14.045 D/WifiHWInfo( 659): Entry [12], BUS: USB, ID: 0x0BDAC82C, Name: rtl8822cu.
10-16 15:07:14.045 D/WifiHWInfo( 659): Entry [13], BUS: USB, ID: 0x0BDAF179, Name: rtl8188fu.
10-16 15:07:14.045 D/WifiHWInfo( 659): Entry [14], BUS: SDIO, ID: 0x02D0A9A6, Name: ap6212.
10-16 15:07:14.045 D/WifiHWInfo( 659): Entry [15], BUS: SDIO, ID: 0x02D04330, Name: ap6330.
10-16 15:07:14.045 D/WifiHWInfo( 659): Entry [16], BUS: SDIO, ID: 0x02D04356, Name: ap6356s.
10-16 15:07:14.045 D/WifiHWInfo( 659): Entry [17], BUS: SDIO, ID: 0x02D0A9BF, Name: ap6255.
10-16 15:07:14.045 D/WifiHWInfo( 659): Entry [18], BUS: SDIO, ID: 0x02D04334, Name: bcm43342.
10-16 15:07:14.045 D/WifiHWInfo( 659): Entry [19], BUS: SDIO, ID: 0x00202281, Name: xr819.
10-16 15:07:14.045 D/WifiHWInfo( 659): Entry [20], BUS: SDIO, ID: 0x0A9E2282, Name: xr829.
10-16 15:07:14.045 D/WifiHWInfo( 659): Entry [21], BUS: SDIO, ID: 0x0271050A, Name: qca6174a.
10-16 15:07:14.045 D/WifiHWInfo( 659): Entry [22], BUS: SDIO, ID: 0x30303030, Name: ssv6x5x.
10-16 15:07:14.045 D/WifiHWInfo( 659): Entry [23], BUS: SDIO, ID: 0x00000000, Name: uwe5621.
10-16 15:07:14.045 D/WifiHWInfo( 659): Entry [24], BUS: SDIO, ID: 0x54490145, Name: aic8800.
10-16 15:07:14.045 D/WifiHWInfo( 659): Entry [25], BUS: SDIO, ID: 0xC8A1C08D, Name: aic8800.
10-16 15:07:14.045 D/WifiHWInfo( 659): Entry [26], BUS: USB, ID: 0xA69C8800, Name: aic8800.
10-16 15:07:14.045 D/WifiHWInfo( 659): Entry [27], BUS: USB, ID: 0x007A8888, Name: atbm6023is.
10-16 15:07:14.045 D/WifiHWInfo( 659): Entry [28], BUS: SDIO, ID: 0x02E79086, Name: 9012p.
10-16 15:07:14.045 D/WifiHWInfo( 659): Entry [29], BUS: SDIO, ID: 0x007A6011, Name: atbm613x_wifi_sdio.
10-16 15:07:14.045 D/WifiHWInfo( 659): Entry [30], BUS: SDIO, ID: 0x024CC822, Name: 88x2cs.
10-16 15:07:14.045 D/WifiHWInfo( 659): Entry [31], BUS: SDIO, ID: 0x000018F0, Name: dummy.
10-16 15:07:14.045 W/android.hardware.wifi@1.0-service-lazy( 659): DRIVER_MODULE_TAG: sprdwl_ng : Success
10-16 15:07:14.045 I/android.hardware.wifi@1.0-service-lazy( 659): driver_module_path: /vendor/lib/modules/sprdwl_ng.ko
10-16 15:07:14.045 I/android.hardware.wifi@1.0-service-lazy( 659): driver_module_arg:
10-16 15:07:14.046 V/BackupManagerService( 486): [UserID:0] No ancestral data
10-16 15:07:14.049 I/ActivityManager( 486): com.android.keychain is exempt from freezer
10-16 15:07:14.056 D/ApplicationLoaders( 1035): Returning zygote-cached class loader: /system/framework/android.test.base.jar
10-16 15:07:14.056 D/ApplicationLoaders( 1035): Returning zygote-cached class loader: /system/framework/android.hidl.manager-V1.0-java.jar
10-16 15:07:14.056 D/ApplicationLoaders( 1035): Returning zygote-cached class loader: /system/framework/android.hidl.base-V1.0-java.jar
10-16 15:07:14.056 D/TvPipController( 676): onTaskStackChanged()
10-16 15:07:14.064 V/NotificationAssistants( 486): enabling notification assistant for 0: ComponentInfo{android.ext.services/android.ext.services.notification.Assistant}
10-16 15:07:14.066 V/NotificationAssistants( 486): binding: Intent { act=android.service.notification.NotificationAssistantService cmp=android.ext.services/.notification.Assistant (has extras) }
10-16 15:07:14.078 D/Zygote ( 242): Forked child process 1096
10-16 15:07:14.079 W/ActivityManager( 486): Slow operation: 76ms so far, now at startProcess: returned from zygote!
10-16 15:07:14.083 W/ActivityManager( 486): Slow operation: 80ms so far, now at startProcess: done updating battery stats
10-16 15:07:14.083 W/ActivityManager( 486): Slow operation: 81ms so far, now at startProcess: building log message
10-16 15:07:14.084 I/ActivityManager( 486): app.processName = com.dangbei.leard.leradlauncher
10-16 15:07:14.084 I/ActivityManager( 486): Start proc 1096:com.dangbei.leard.leradlauncher/1000 for top-activity {com.dangbei.leard.leradlauncher/com.dangbei.launcher.home.LauncherActivity}
10-16 15:07:14.084 W/ActivityManager( 486): Slow operation: 81ms so far, now at startProcess: starting to update pids map
10-16 15:07:14.084 W/ActivityManager( 486): Slow operation: 81ms so far, now at startProcess: done updating pids map
10-16 15:07:14.084 W/ActivityManager( 486): Slow operation: 58ms so far, now at startProcess: asking zygote to start proc
