10-16 15:07:08.296 I/hwservicemanager( 180): getTransport: Cannot find entry android.frameworks.schedulerservice@1.0::ISchedulingPolicyService/default in either framework or device VINTF manifest.
10-16 15:07:08.297 W/system_server( 486): android.frameworks.schedulerservice@1.0::ISchedulingPolicyService is deprecated. Skipping registration.
10-16 15:07:08.297 D/SystemServerInitThreadPool( 486): Finished executing StartHidlServices
10-16 15:07:08.297 I/SystemServerTiming( 486): StartBluetoothService
10-16 15:07:08.300 I/LogicalDisplayMapper( 486): Requesting Transition to state: 0
10-16 15:07:08.300 I/SystemServiceManager( 486): Starting com.android.server.BluetoothService
10-16 15:07:08.300 I/LogicalDisplayMapper( 486): Applying layout: [{addr: {port=0}, dispId: 0(ON)}], Previous layout: [{addr: {port=0}, dispId: 0(ON)}]
10-16 15:07:08.303 D/BluetoothManagerService( 486): Loading stored name and address
10-16 15:07:08.304 D/BluetoothManagerService( 486): Stored bluetooth Name=DBBOX-A2,Address=F4:AB:5C:B3:75:D7
10-16 15:07:08.304 I/EventHub( 486): usingClockIoctl=true
10-16 15:07:08.304 I/EventHub( 486): New device: id=1, fd=164, path='/dev/input/event1', name='sunxi-ir-uinput', classes=KEYBOARD | ALPHAKEY | CURSOR | DPAD, configuration='', keyLayout='/system/usr/keylayout/sunxi-ir-uinput.kl', keyCharacterMap='/system/usr/keychars/Generic.kcm', builtinKeyboard=false,
10-16 15:07:08.304 D/BluetoothManagerService( 486): Bluetooth persisted state: 1
10-16 15:07:08.304 D/BluetoothManagerService( 486): Startup: Bluetooth persisted state is ON.
10-16 15:07:08.305 D/BluetoothManagerService( 486): Detected SystemUiUid: 10061
10-16 15:07:08.306 I/SystemServerTiming( 486): IpConnectivityMetrics
10-16 15:07:08.306 I/SystemServiceManager( 486): Starting com.android.server.connectivity.IpConnectivityMetrics
10-16 15:07:08.306 D/EventHub( 486): No input device configuration file found for device 'sunxi-ir'.
10-16 15:07:08.309 I/SystemServerTiming( 486): NetworkWatchlistService
10-16 15:07:08.309 I/SystemServiceManager( 486): Starting com.android.server.net.watchlist.NetworkWatchlistService$Lifecycle
10-16 15:07:08.310 D/XM_HIDREAD( 318): add@ add@/devices/virtual/wakeup/wakeup23
10-16 15:07:08.311 I/hwservicemanager( 180): getTransport: Cannot find entry android.hardware.input.classifier@1.0::IInputClassifier/default in either framework or device VINTF manifest.
10-16 15:07:08.312 I/InputClassifier( 486): Could not obtain InputClassifier HAL
10-16 15:07:08.314 I/EventHub( 486): usingClockIoctl=true
10-16 15:07:08.314 I/EventHub( 486): New device: id=2, fd=165, path='/dev/input/event0', name='sunxi-ir', classes=KEYBOARD, configuration='', keyLayout='/system/usr/keylayout/sunxi-ir.kl', keyCharacterMap='/system/usr/keychars/Generic.kcm', builtinKeyboard=false,
10-16 15:07:08.314 D/XM_HIDREAD( 318): add@ add@/devices/virtual/wakeup/wakeup24
10-16 15:07:08.325 I/InputReader( 486): Device added: id=-1, eventHubId=-1, name='Virtual', descriptor='a718a782d34bc767f4689c232d64d527998ea7fd',sources=0x00000301
10-16 15:07:08.325 I/InputReader( 486): Device added: id=2, eventHubId=2, name='sunxi-ir', descriptor='485d69228e24f5e46da1598745890b214130dbc4',sources=0x00000101
10-16 15:07:08.327 I/WatchlistSettings( 486): Reload watchlist settings done
10-16 15:07:08.328 W/InputReader( 486): Can't find the designated viewport with ID 0 to update cursor input mapper. Fall back to default display
10-16 15:07:08.328 E/InputReader( 486): Still can't find a viable viewport to update cursor input mapper. Skip setting it to PointerController.
10-16 15:07:08.328 I/InputReader( 486): Device added: id=3, eventHubId=1, name='sunxi-ir-uinput', descriptor='0a253e777d1b2169367be63d7c9054e7991953a6',sources=0x00002303
10-16 15:07:08.331 I/WatchlistLoggingHandler( 486): No need to aggregate record yet.
10-16 15:07:08.331 I/WatchlistLoggingHandler( 486): Milliseconds spent on tryAggregateRecords(): 1
10-16 15:07:08.332 I/SystemServerTiming( 486): PinnerService
10-16 15:07:08.332 I/SystemServiceManager( 486): Starting com.android.server.PinnerService
10-16 15:07:08.333 V/HistoricalRegistry( 486): Interaction before persistence initialized
10-16 15:07:08.336 I/SystemServerTiming( 486): IorapForwardingService
10-16 15:07:08.336 I/SystemServiceManager( 486): Starting com.google.android.startop.iorap.IorapForwardingService
10-16 15:07:08.338 W/IorapForwardingService( 486): No service published for: iorapd
10-16 15:07:08.339 I/SystemServerTiming( 486): SignedConfigService
10-16 15:07:08.339 I/SystemServerTiming( 486): AppIntegrityService
10-16 15:07:08.339 I/SystemServiceManager( 486): Starting com.android.server.integrity.AppIntegrityManagerService
10-16 15:07:08.343 E/IntegrityFileManager( 486): Error creating staging and rules directory
10-16 15:07:08.347 I/WindowManager( 486): SAFE MODE not enabled
10-16 15:07:08.347 I/SystemServerTiming( 486): StartInputMethodManagerLifecycle
10-16 15:07:08.347 I/SystemServiceManager( 486): Starting com.android.server.inputmethod.InputMethodManagerService$Lifecycle
10-16 15:07:08.354 E/ActivityRecognitionHardware( 242): activity_recognition HAL is deprecated. class_init is effectively a no-op
10-16 15:07:08.357 I/SystemServerTiming( 486): StartAccessibilityManagerService
10-16 15:07:08.357 I/SystemServiceManager( 486): Starting com.android.server.accessibility.AccessibilityManagerService$Lifecycle
10-16 15:07:08.367 I/SystemServerTiming( 486): MakeDisplayReady
10-16 15:07:08.369 W/InputReader( 486): Device sunxi-ir-uinput is associated with display ADISPLAY_ID_NONE.
10-16 15:07:08.370 W/InputReader( 486): Device sunxi-ir-uinput is associated with display ADISPLAY_ID_NONE.
10-16 15:07:08.371 I/ActivityTaskManager( 486): Config changes=20005df8 {1.0 ?mcc?mnc [zh_CN] ldltr sw720dp w1280dp h696dp 240dpi xlrg long land ?uimode ?night -touch qwerty/v/v dpad/v winConfig={ mBounds=Rect(0, 0 - 1920, 1080) mAppBounds=Rect(0, 0 - 1920, 1080) mMaxBounds=Rect(0, 0 - 1920, 1080) mWindowingMode=fullscreen mDisplayWindowingMode=fullscreen mActivityType=undefined mAlwaysOnTop=undefined mRotation=ROTATION_0} s.2 ?fontWeightAdjustment}
10-16 15:07:08.374 I/WindowManager( 486): Override config changes=60007dfc {1.0 ?mcc?mnc [zh_CN] ldltr sw720dp w1280dp h696dp 240dpi xlrg long land ?uimode ?night -touch qwerty/v/v dpad/v winConfig={ mBounds=Rect(0, 0 - 1920, 1080) mAppBounds=Rect(0, 0 - 1920, 1080) mMaxBounds=Rect(0, 0 - 1920, 1080) mWindowingMode=fullscreen mDisplayWindowingMode=fullscreen mActivityType=undefined mAlwaysOnTop=undefined mRotation=ROTATION_0} s.2 ?fontWeightAdjustment} for displayId=0
10-16 15:07:08.388 I/InputManager-JNI( 486): Viewport [0] to add: local:0, isActive: false
10-16 15:07:08.390 I/InputReader( 486): Reconfiguring input devices, changes=DISPLAY_INFO |
10-16 15:07:08.394 I/init ( 1): processing action (sys.sysctl.extra_free_kbytes=*) from (/system/etc/init/hw/init.rc:1139)
10-16 15:07:08.407 I/SystemServerTiming( 486): StartStorageManagerService
10-16 15:07:08.407 I/SystemServiceManager( 486): Starting com.android.server.StorageManagerService$Lifecycle
10-16 15:07:08.412 D/installd( 348): Found quota mount /dev/block/by-name/userdata at /data
10-16 15:07:08.412 D/installd( 348): Found quota mount /dev/block/by-name/userdata at /data/user/0
10-16 15:07:08.419 D/StorageManagerService( 486): Thinking about init, mBootCompleted=false, mDaemonConnected=true
10-16 15:07:08.420 D/StorageManagerService( 486): Thinking about reset, mBootCompleted=false, mDaemonConnected=true
10-16 15:07:08.421 D/XiriService( 309): check file name: /data/data/com.android.cts.priv.ctsshim/lib
10-16 15:07:08.416 I/xiriservice_All( 309): type=1400 audit(0.0:312): avc: denied { search } for name="com.android.cts.priv.ctsshim" dev="mmcblk0p25" ino=569 scontext=u:r:init:s0 tcontext=u:object_r:privapp_data_file:s0:c512,c768 tclass=dir permissive=1
10-16 15:07:08.416 I/xiriservice_All( 309): type=1400 audit(0.0:313): avc: denied { read } for name="lib" dev="mmcblk0p25" ino=5505 scontext=u:r:init:s0 tcontext=u:object_r:privapp_data_file:s0:c512,c768 tclass=lnk_file permissive=1
10-16 15:07:08.421 D/XiriService( 309): check file name: /data/data/com.android.cts.priv.ctsshim/lib
10-16 15:07:08.423 I/SystemServerTiming( 486): StartStorageStatsService
10-16 15:07:08.424 I/SystemServiceManager( 486): Starting com.android.server.usage.StorageStatsService$Lifecycle
10-16 15:07:08.425 D/StorageManagerService( 486): Thinking about init, mBootCompleted=false, mDaemonConnected=true
10-16 15:07:08.425 D/StorageManagerService( 486): Thinking about reset, mBootCompleted=false, mDaemonConnected=true
10-16 15:07:08.429 D/installd( 348): Found quota mount /dev/block/by-name/userdata at /data
10-16 15:07:08.429 D/installd( 348): Found quota mount /dev/block/by-name/userdata at /data/user/0
10-16 15:07:08.431 D/installd( 348): Found quota mount /dev/block/by-name/userdata at /data
10-16 15:07:08.431 D/installd( 348): Found quota mount /dev/block/by-name/userdata at /data/user/0
10-16 15:07:08.432 D/XiriService( 309): check file name: /data/data/com.android.cts.priv.ctsshim/lib
10-16 15:07:08.432 D/XiriService( 309): check file name: /data/data/com.android.cts.priv.ctsshim/lib
10-16 15:07:08.432 D/XiriService( 309): check file name: /data/data/com.android.cts.priv.ctsshim/lib
10-16 15:07:08.432 D/XiriService( 309): check file name: /data/data/com.android.cts.priv.ctsshim/lib
10-16 15:07:08.433 D/XiriService( 309): check file name: /data/data/com.android.dynsystem/lib
10-16 15:07:08.433 D/XiriService( 309): check file name: /data/data/com.android.dynsystem/lib
10-16 15:07:08.428 I/xiriservice_All( 309): type=1400 audit(0.0:314): avc: denied { search } for name="com.android.dynsystem" dev="mmcblk0p25" ino=579 scontext=u:r:init:s0 tcontext=u:object_r:system_app_data_file:s0 tclass=dir permissive=1
10-16 15:07:08.433 D/XiriService( 309): check file name: /data/data/com.android.dynsystem/lib
10-16 15:07:08.428 I/xiriservice_All( 309): type=1400 audit(0.0:315): avc: denied { read } for name="lib" dev="mmcblk0p25" ino=5507 scontext=u:r:init:s0 tcontext=u:object_r:system_app_data_file:s0 tclass=lnk_file permissive=1
10-16 15:07:08.434 D/XiriService( 309): check file name: /data/data/com.android.dynsystem/lib
10-16 15:07:08.434 I/SystemServerTiming( 486): StartUiModeManager
10-16 15:07:08.434 I/SystemServiceManager( 486): Starting com.android.server.UiModeManagerService
10-16 15:07:08.435 I/SystemServerTimingAsync( 486): InitThreadPoolExec:UiModeManager.onStart
10-16 15:07:08.435 D/SystemServerInitThreadPool( 486): Started executing UiModeManager.onStart
10-16 15:07:08.436 I/SystemServerTiming( 486): UpdatePackagesIfNeeded
10-16 15:07:08.436 I/Watchdog( 486): Pausing HandlerChecker: main thread for reason: dexopt. Pause count: 1
10-16 15:07:08.436 I/Watchdog( 486): Resuming HandlerChecker: main thread for reason: dexopt. Pause count: 0
10-16 15:07:08.436 I/SystemServerTiming( 486): PerformFstrimIfNeeded
10-16 15:07:08.437 I/SystemServerTiming( 486): StartLockSettingsService
10-16 15:07:08.437 I/SystemServiceManager( 486): Starting com.android.server.locksettings.LockSettingsService$Lifecycle
10-16 15:07:08.443 D/SystemServerInitThreadPool( 486): Finished executing UiModeManager.onStart
10-16 15:07:08.446 D/XiriService( 309): check file name: /data/data/com.android.dynsystem/lib
10-16 15:07:08.446 D/XiriService( 309): check file name: /data/data/com.dangbei.lerad.rocky/lib
10-16 15:07:08.446 D/XiriService( 309): check file name: /data/data/com.dangbei.lerad.rocky/lib
10-16 15:07:08.447 D/XiriService( 309): check file name: /data/data/com.dangbei.lerad.rocky/lib
10-16 15:07:08.447 D/XiriService( 309): check file name: /data/data/com.dangbei.lerad.rocky/lib
10-16 15:07:08.452 D/XiriService( 309): check file name: /data/data/com.dangbei.lerad.rocky/lib
10-16 15:07:08.452 D/XiriService( 309): check file name: /data/data/com.dangbei.lerad.rocky/lib
10-16 15:07:08.453 D/XiriService( 309): check file name: /data/data/com.dangbei.lerad.rocky/lib
10-16 15:07:08.453 D/XiriService( 309): check file name: /data/data/com.dangbei.lerad.rocky/lib
10-16 15:07:08.459 D/XiriService( 309): check file name: /data/data/com.android.tv.settings/lib
10-16 15:07:08.459 D/XiriService( 309): check file name: /data/data/com.android.tv.settings/lib
10-16 15:07:08.460 D/XiriService( 309): check file name: /data/data/com.android.tv.settings/lib
10-16 15:07:08.460 D/XiriService( 309): check file name: /data/data/com.android.tv.settings/lib
10-16 15:07:08.466 D/XiriService( 309): check file name: /data/data/com.android.tv.settings/lib
10-16 15:07:08.467 D/XiriService( 309): check file name: /data/data/com.android.tv.settings/lib
10-16 15:07:08.467 D/XiriService( 309): check file name: /data/data/com.android.tv.settings/lib
10-16 15:07:08.467 D/XiriService( 309): check file name: /data/data/com.android.tv.settings/lib
10-16 15:07:08.468 I/SystemServerTiming( 486): StartPersistentDataBlock
10-16 15:07:08.468 I/SystemServiceManager( 486): Starting com.android.server.PersistentDataBlockService
10-16 15:07:08.468 I/SystemServerTimingAsync( 486): InitThreadPoolExec:PersistentDataBlockService.onStart
10-16 15:07:08.469 D/SystemServerInitThreadPool( 486): Started executing PersistentDataBlockService.onStart
10-16 15:07:08.470 I/SystemServerTiming( 486): StartTestHarnessMode
10-16 15:07:08.470 I/SystemServiceManager( 486): Starting com.android.server.testharness.TestHarnessModeService
10-16 15:07:08.473 I/SystemServerTiming( 486): StartOemLockService
10-16 15:07:08.473 I/SystemServiceManager( 486): Starting com.android.server.oemlock.OemLockService
10-16 15:07:08.475 I/hwservicemanager( 180): getTransport: Cannot find entry android.hardware.oemlock@1.0::IOemLock/default in either framework or device VINTF manifest.
10-16 15:07:08.475 I/OemLock ( 486): OemLock HAL not present on device
10-16 15:07:08.476 I/OemLock ( 486): Using persistent data block based lock
10-16 15:07:08.476 D/XiriService( 309): check file name: /data/data/com.oranth.factory/lib
10-16 15:07:08.476 D/XiriService( 309): check file name: /data/data/com.oranth.factory/lib
10-16 15:07:08.477 D/XiriService( 309): check file name: /data/data/com.oranth.factory/lib
10-16 15:07:08.477 D/XiriService( 309): check file name: /data/data/com.oranth.factory/lib
10-16 15:07:08.477 I/SystemServerTiming( 486): StartDeviceIdleController
10-16 15:07:08.478 I/SystemServiceManager( 486): Starting com.android.server.DeviceIdleController
10-16 15:07:08.484 D/SystemServerInitThreadPool( 486): Finished executing PersistentDataBlockService.onStart
10-16 15:07:08.484 D/XiriService( 309): check file name: /data/data/com.oranth.factory/lib
10-16 15:07:08.485 I/SystemServerTiming( 486): StartDevicePolicyManager
10-16 15:07:08.485 D/XiriService( 309): check file name: /data/data/com.oranth.factory/lib
10-16 15:07:08.485 I/SystemServiceManager( 486): Starting com.android.server.devicepolicy.DevicePolicyManagerService$Lifecycle
10-16 15:07:08.485 D/XiriService( 309): check file name: /data/data/com.oranth.factory/lib
10-16 15:07:08.485 D/XiriService( 309): check file name: /data/data/com.oranth.factory/lib
10-16 15:07:08.491 D/XiriService( 309): check file name: /data/data/com.dangbei.zhushou.os/lib
10-16 15:07:08.492 D/XiriService( 309): check file name: /data/data/com.dangbei.zhushou.os/lib
10-16 15:07:08.492 D/XiriService( 309): check file name: /data/data/com.dangbei.zhushou.os/lib
10-16 15:07:08.492 D/XiriService( 309): check file name: /data/data/com.dangbei.zhushou.os/lib
10-16 15:07:08.496 I/SystemServerTiming( 486): StartStatusBarManagerService
10-16 15:07:08.497 D/XiriService( 309): check file name: /data/data/com.dangbei.zhushou.os/lib
10-16 15:07:08.497 D/XiriService( 309): check file name: /data/data/com.dangbei.zhushou.os/lib
10-16 15:07:08.497 D/XiriService( 309): check file name: /data/data/com.dangbei.zhushou.os/lib
10-16 15:07:08.498 D/XiriService( 309): check file name: /data/data/com.dangbei.zhushou.os/lib
10-16 15:07:08.498 D/SystemServer( 486): MusicRecognitionManagerService not defined by OEM or disabled by flag
10-16 15:07:08.500 D/SystemServer( 486): ContentCaptureService disabled because resource is not overlaid
10-16 15:07:08.501 D/SystemServer( 486): AttentionService is not configured on this device
10-16 15:07:08.501 D/SystemServer( 486): RotationResolverService is not configured on this device
10-16 15:07:08.501 D/SystemServer( 486): SystemCaptionsManagerService disabled because resource is not overlaid
10-16 15:07:08.501 I/SystemServerTiming( 486): StartTextToSpeechManagerService
10-16 15:07:08.501 I/SystemServiceManager( 486): Starting com.android.server.texttospeech.TextToSpeechManagerService
10-16 15:07:08.502 D/MtpDeviceJNI( 242): register_android_mtp_MtpDevice
10-16 15:07:08.504 I/SystemServerTiming( 486): StartSpeechRecognitionManagerService
10-16 15:07:08.506 I/SystemServiceManager( 486): Starting com.android.server.speech.SpeechRecognitionManagerService
10-16 15:07:08.510 D/SystemServer( 486): AppPredictionService not defined by OEM
10-16 15:07:08.510 D/SystemServer( 486): ContentSuggestionsService not defined by OEM
10-16 15:07:08.510 I/SystemServerTiming( 486): StartSearchUiService
10-16 15:07:08.510 I/SystemServiceManager( 486): Starting com.android.server.searchui.SearchUiManagerService
10-16 15:07:08.512 I/SystemServerTiming( 486): StartSmartspaceService
10-16 15:07:08.512 I/SystemServiceManager( 486): Starting com.android.server.smartspace.SmartspaceManagerService
10-16 15:07:08.514 I/SystemServerTiming( 486): InitConnectivityModuleConnector
10-16 15:07:08.515 D/ConnectivityModuleConnector( 486): Network stack init
10-16 15:07:08.520 I/SystemServerTiming( 486): InitNetworkStackClient
10-16 15:07:08.522 I/SystemServerTiming( 486): StartNetworkManagementService
10-16 15:07:08.522 D/XiriService( 309): check file name: /data/data/com.sohu.inputmethod.sogou.tv/lib
10-16 15:07:08.523 D/XiriService( 309): check file name: /data/data/com.sohu.inputmethod.sogou.tv/lib
10-16 15:07:08.516 I/xiriservice_All( 309): type=1400 audit(0.0:316): avc: denied { search } for name="com.sohu.inputmethod.sogou.tv" dev="mmcblk0p25" ino=1409 scontext=u:r:init:s0 tcontext=u:object_r:app_data_file:s0:c35,c256,c512,c768 tclass=dir permissive=1
10-16 15:07:08.520 I/xiriservice_All( 309): type=1400 audit(0.0:317): avc: denied { read } for name="lib" dev="mmcblk0p25" ino=5520 scontext=u:r:init:s0 tcontext=u:object_r:app_data_file:s0:c35,c256,c512,c768 tclass=lnk_file permissive=1
10-16 15:07:08.523 D/XiriService( 309): check file name: /data/data/com.sohu.inputmethod.sogou.tv/lib
10-16 15:07:08.530 D/XiriService( 309): check file name: /data/data/com.sohu.inputmethod.sogou.tv/lib
10-16 15:07:08.530 D/XiriService( 309): check file name: /data/data/com.sohu.inputmethod.sogou.tv/lib
10-16 15:07:08.530 I/SystemServerTiming( 486): StartIpSecService
10-16 15:07:08.530 D/XiriService( 309): check file name: /data/data/com.sohu.inputmethod.sogou.tv/lib
10-16 15:07:08.530 D/XiriService( 309): check file name: /data/data/com.sohu.inputmethod.sogou.tv/lib
10-16 15:07:08.535 I/SystemServerTimingAsync( 486): InitThreadPoolExec:START_FONT_MANAGER_SERVICE
10-16 15:07:08.535 D/SystemServerInitThreadPool( 486): Started executing START_FONT_MANAGER_SERVICE
10-16 15:07:08.535 I/SystemServerTimingAsync( 486): START_FONT_MANAGER_SERVICE
10-16 15:07:08.538 I/SystemServerTiming( 486): StartTextServicesManager
10-16 15:07:08.538 I/SystemServiceManager( 486): Starting com.android.server.textservices.TextServicesManagerService$Lifecycle
10-16 15:07:08.542 I/SystemServerTiming( 486): StartTextClassificationManagerService
10-16 15:07:08.542 I/SystemServiceManager( 486): Starting com.android.server.textclassifier.TextClassificationManagerService$Lifecycle
10-16 15:07:08.550 I/SystemServerTiming( 486): StartNetworkScoreService
10-16 15:07:08.550 I/SystemServiceManager( 486): Starting com.android.server.NetworkScoreService$Lifecycle
10-16 15:07:08.552 I/NetworkScoreService( 486): Registering network_score
10-16 15:07:08.553 I/SystemServerTiming( 486): StartNetworkStatsService
10-16 15:07:08.569 I/SystemServerTiming( 486): StartNetworkPolicyManagerService
10-16 15:07:08.577 D/XiriService( 309): check file name: /data/data/com.oranth.ledstatus/lib
10-16 15:07:08.577 D/XiriService( 309): check file name: /data/data/com.oranth.ledstatus/lib
10-16 15:07:08.578 D/XiriService( 309): check file name: /data/data/com.oranth.ledstatus/lib
10-16 15:07:08.578 D/XiriService( 309): check file name: /data/data/com.oranth.ledstatus/lib
10-16 15:07:08.582 I/SystemServerTiming( 486): StartWifi
10-16 15:07:08.588 D/XiriService( 309): check file name: /data/data/com.oranth.ledstatus/lib
10-16 15:07:08.588 D/XiriService( 309): check file name: /data/data/com.oranth.ledstatus/lib
10-16 15:07:08.589 D/XiriService( 309): check file name: /data/data/com.oranth.ledstatus/lib
10-16 15:07:08.589 D/XiriService( 309): check file name: /data/data/com.oranth.ledstatus/lib
10-16 15:07:08.591 D/XiriService( 309): check file name: /data/data/com.dangbei.lerad.videoposter/lib
10-16 15:07:08.591 D/XiriService( 309): check file name: /data/data/com.dangbei.lerad.videoposter/lib
10-16 15:07:08.584 I/xiriservice_All( 309): type=1400 audit(0.0:318): avc: denied { search } for name="com.dangbei.lerad.videoposter" dev="mmcblk0p25" ino=755 scontext=u:r:init:s0 tcontext=u:object_r:app_data_file:s0:c512,c768 tclass=dir permissive=1
10-16 15:07:08.592 D/XiriService( 309): check file name: /data/data/com.dangbei.lerad.videoposter/lib
10-16 15:07:08.592 D/XiriService( 309): check file name: /data/data/com.dangbei.lerad.videoposter/lib
10-16 15:07:08.588 I/xiriservice_All( 309): type=1400 audit(0.0:319): avc: denied { read } for name="lib" dev="mmcblk0p25" ino=5524 scontext=u:r:init:s0 tcontext=u:object_r:app_data_file:s0:c512,c768 tclass=lnk_file permissive=1
10-16 15:07:08.600 D/XiriService( 309): check file name: /data/data/com.dangbei.lerad.videoposter/lib
10-16 15:07:08.600 D/XiriService( 309): check file name: /data/data/com.dangbei.lerad.videoposter/lib
10-16 15:07:08.600 D/XiriService( 309): check file name: /data/data/com.dangbei.lerad.videoposter/lib
10-16 15:07:08.600 D/XiriService( 309): check file name: /data/data/com.dangbei.lerad.videoposter/lib
10-16 15:07:08.622 I/SystemServiceManager( 486): Starting com.android.server.wifi.WifiService
10-16 15:07:08.622 D/XiriService( 309): check file name: /data/data/com.android.networkstack/lib
10-16 15:07:08.624 D/XiriService( 309): check file name: /data/data/com.android.networkstack/lib
10-16 15:07:08.625 D/XiriService( 309): check file name: /data/data/com.android.networkstack/lib
10-16 15:07:08.620 I/xiriservice_All( 309): type=1400 audit(0.0:320): avc: denied { read } for name="lib" dev="mmcblk0p25" ino=5526 scontext=u:r:init:s0 tcontext=u:object_r:radio_data_file:s0 tclass=lnk_file permissive=1
10-16 15:07:08.633 D/XiriService( 309): check file name: /data/data/com.android.networkstack/lib
10-16 15:07:08.633 D/XiriService( 309): check file name: /data/data/com.android.networkstack/lib
10-16 15:07:08.634 D/XiriService( 309): check file name: /data/data/com.android.networkstack/lib
10-16 15:07:08.634 D/XiriService( 309): check file name: /data/data/com.android.networkstack/lib
10-16 15:07:08.645 I/WifiContext( 486): Found Wifi Resources APK at: com.android.wifi.resources
10-16 15:07:08.667 V/NetworkScoreManager( 486): registerNetworkScoreCallback: callback=com.android.server.wifi.WifiNetworkScoreCache@f55ba01, executor=com.android.wifi.x.android.os.HandlerExecutor@3f2b0a6
10-16 15:07:08.673 D/XiriService( 309): check file name: /data/data/com.dangbei.dbmusic.dbos.tab/lib
10-16 15:07:08.668 I/xiriservice_All( 309): type=1400 audit(0.0:321): avc: denied { search } for name="com.dangbei.dbmusic.dbos.tab" dev="mmcblk0p25" ino=5069 scontext=u:r:init:s0 tcontext=u:object_r:app_data_file:s0:c77,c256,c512,c768 tclass=dir permissive=1
10-16 15:07:08.668 I/xiriservice_All( 309): type=1400 audit(0.0:322): avc: denied { read } for name="lib" dev="mmcblk0p25" ino=5077 scontext=u:r:init:s0 tcontext=u:object_r:app_data_file:s0:c77,c256,c512,c768 tclass=lnk_file permissive=1
10-16 15:07:08.673 D/XiriService( 309): check file name: /data/data/com.dangbei.dbmusic.dbos.tab/lib
10-16 15:07:08.675 D/XiriService( 309): check file name: /data/data/com.dangbei.dbmusic.dbos.tab/lib
10-16 15:07:08.693 D/ScanMetrics( 486): Settings package: com.android.tv.settings
10-16 15:07:08.693 E/ScanMetrics( 486): Can't get GMS uid
10-16 15:07:08.717 I/WifiCoexManager( 486): Default coex algorithm is disabled.
10-16 15:07:08.726 D/XiriService( 309): check file name: /data/data/com.dangbei.screencast/lib
10-16 15:07:08.734 D/XiriService( 309): check file name: /data/data/com.dangbei.screencast/lib
10-16 15:07:08.752 D/XiriService( 309): check file name: /data/data/com.dangbei.leard.leradlauncher/lib
10-16 15:07:08.752 D/XiriService( 309): check file name: /data/data/com.dangbei.leard.leradlauncher/lib
10-16 15:07:08.753 D/XiriService( 309): check file name: /data/data/com.dangbei.leard.leradlauncher/lib
10-16 15:07:08.753 D/XiriService( 309): check file name: /data/data/com.dangbei.leard.leradlauncher/lib
10-16 15:07:08.762 D/XiriService( 309): check file name: /data/data/com.dangbei.leard.leradlauncher/lib
10-16 15:07:08.763 D/XiriService( 309): check file name: /data/data/com.dangbei.leard.leradlauncher/lib
10-16 15:07:08.763 D/XiriService( 309): check file name: /data/data/com.dangbei.leard.leradlauncher/lib
10-16 15:07:08.763 D/XiriService( 309): check file name: /data/data/com.dangbei.leard.leradlauncher/lib
10-16 15:07:08.772 D/XiriService( 309): check file name: /data/data/com.android.printspooler/lib
10-16 15:07:08.773 D/WifiOpenNetworkNotifier( 486): Settings toggle enabled=true
10-16 15:07:08.768 I/xiriservice_All( 309): type=1400 audit(0.0:323): avc: denied { search } for name="com.android.printspooler" dev="mmcblk0p25" ino=937 scontext=u:r:init:s0 tcontext=u:object_r:app_data_file:s0:c39,c256,c512,c768 tclass=dir permissive=1
10-16 15:07:08.768 I/xiriservice_All( 309): type=1400 audit(0.0:324): avc: denied { read } for name="lib" dev="mmcblk0p25" ino=5533 scontext=u:r:init:s0 tcontext=u:object_r:app_data_file:s0:c39,c256,c512,c768 tclass=lnk_file permissive=1
10-16 15:07:08.779 I/wificond( 360): New wificond event callback registered
10-16 15:07:08.780 D/WifiNl80211Manager( 486): registerCountryCodeEventListener called
10-16 15:07:08.781 D/WifiCountryCode( 486): Default country code from system property ro.boot.wificountrycode is CN
10-16 15:07:08.781 D/XiriService( 309): check file name: /data/data/com.android.printspooler/lib
10-16 15:07:08.782 D/XiriService( 309): check file name: /data/data/com.android.printspooler/lib
10-16 15:07:08.783 D/XiriService( 309): check file name: /data/data/com.android.printspooler/lib
10-16 15:07:08.783 D/XiriService( 309): check file name: /data/data/com.android.printspooler/lib
10-16 15:07:08.791 D/WakeupController( 486): WifiWake enabled
10-16 15:07:08.794 D/XiriService( 309): check file name: /data/data/com.android.webview/lib
10-16 15:07:08.794 D/XiriService( 309): check file name: /data/data/com.android.webview/lib
10-16 15:07:08.788 I/xiriservice_All( 309): type=1400 audit(0.0:325): avc: denied { search } for name="com.android.webview" dev="mmcblk0p25" ino=953 scontext=u:r:init:s0 tcontext=u:object_r:app_data_file:s0:c60,c256,c512,c768 tclass=dir permissive=1
10-16 15:07:08.794 D/XiriService( 309): check file name: /data/data/com.android.webview/lib
10-16 15:07:08.788 I/xiriservice_All( 309): type=1400 audit(0.0:326): avc: denied { read } for name="lib" dev="mmcblk0p25" ino=5535 scontext=u:r:init:s0 tcontext=u:object_r:app_data_file:s0:c60,c256,c512,c768 tclass=lnk_file permissive=1
10-16 15:07:08.795 V/HistoricalRegistry( 486): Interaction before persistence initialized
10-16 15:07:08.803 I/WifiService( 486): Registering wifi
10-16 15:07:08.803 W/Zygote ( 242): Class not found for preloading: android.view.SurfaceView$2
10-16 15:07:08.804 I/SystemServerTiming( 486): StartWifiScanning
10-16 15:07:08.805 I/SystemServiceManager( 486): Starting com.android.server.wifi.scanner.WifiScanningService
10-16 15:07:08.805 I/WifiScanningService( 486): Creating wifiscanner
10-16 15:07:08.808 D/XiriService( 309): check file name: /data/data/com.android.webview/lib
10-16 15:07:08.808 D/XiriService( 309): check file name: /data/data/com.android.webview/lib
10-16 15:07:08.809 D/XiriService( 309): check file name: /data/data/com.android.webview/lib
10-16 15:07:08.809 D/XiriService( 309): check file name: /data/data/com.android.webview/lib
10-16 15:07:08.812 I/WifiScanningService( 486): Publishing wifiscanner
10-16 15:07:08.813 I/SystemServerTiming( 486): StartWifiP2P
10-16 15:07:08.814 I/SystemServiceManager( 486): Starting com.android.server.wifi.p2p.WifiP2pService
10-16 15:07:08.823 I/WifiP2pService( 486): Registering wifip2p
10-16 15:07:08.824 I/SystemServerTiming( 486): StartEthernet
10-16 15:07:08.825 I/SystemServiceManager( 486): Starting com.android.server.ethernet.EthernetService
10-16 15:07:08.826 I/EthernetService( 486): Registering service ethernet
10-16 15:07:08.827 I/SystemServerTiming( 486): StartPacProxyService
10-16 15:07:08.830 D/XiriService( 309): check file name: /data/data/com.android.bips/lib
10-16 15:07:08.830 D/XiriService( 309): check file name: /data/data/com.android.bips/lib
10-16 15:07:08.830 D/XiriService( 309): check file name: /data/data/com.android.bips/lib
10-16 15:07:08.831 D/XiriService( 309): check file name: /data/data/com.android.bips/lib
10-16 15:07:08.836 I/SystemServerTiming( 486): StartPppoe
10-16 15:07:08.837 I/SystemServiceManager( 486): Starting com.android.server.pppoe.PppoeService
10-16 15:07:08.838 D/XiriService( 309): check file name: /data/data/com.android.bips/lib
10-16 15:07:08.838 I/PppoeServiceImpl( 486): Creating PppoeServiceImpl
10-16 15:07:08.838 D/XiriService( 309): check file name: /data/data/com.android.bips/lib
10-16 15:07:08.839 D/XiriService( 309): check file name: /data/data/com.android.bips/lib
10-16 15:07:08.839 D/XiriService( 309): check file name: /data/data/com.android.bips/lib
10-16 15:07:08.840 D/XiriService( 309): check file name: /data/data/com.oranth.inputmacsn/lib
10-16 15:07:08.841 D/XiriService( 309): check file name: /data/data/com.oranth.inputmacsn/lib
10-16 15:07:08.841 D/XiriService( 309): check file name: /data/data/com.oranth.inputmacsn/lib
10-16 15:07:08.841 D/XiriService( 309): check file name: /data/data/com.oranth.inputmacsn/lib
10-16 15:07:08.848 D/XiriService( 309): check file name: /data/data/com.oranth.inputmacsn/lib
10-16 15:07:08.848 D/XiriService( 309): check file name: /data/data/com.oranth.inputmacsn/lib
10-16 15:07:08.848 D/XiriService( 309): check file name: /data/data/com.oranth.inputmacsn/lib
10-16 15:07:08.848 D/XiriService( 309): check file name: /data/data/com.oranth.inputmacsn/lib
10-16 15:07:08.852 I/PppoeService( 486): Registering service pppoe
10-16 15:07:08.853 I/SystemServerTiming( 486): StartConnectivityService
10-16 15:07:08.860 D/XiriService( 309): check file name: /data/data/com.dangbei.hqmedia/lib
10-16 15:07:08.856 I/xiriservice_All( 309): type=1400 audit(0.0:327): avc: denied { search } for name="com.dangbei.hqmedia" dev="mmcblk0p25" ino=3746 scontext=u:r:init:s0 tcontext=u:object_r:app_data_file:s0:c76,c256,c512,c768 tclass=dir permissive=1
10-16 15:07:08.856 I/xiriservice_All( 309): type=1400 audit(0.0:328): avc: denied { read } for name="lib" dev="mmcblk0p25" ino=4841 scontext=u:r:init:s0 tcontext=u:object_r:app_data_file:s0:c76,c256,c512,c768 tclass=lnk_file permissive=1
10-16 15:07:08.862 D/XiriService( 309): check file name: /data/data/com.dangbei.hqmedia/lib
10-16 15:07:08.870 D/XiriService( 309): check file name: /data/data/com.android.keychain/lib
10-16 15:07:08.870 D/XiriService( 309): check file name: /data/data/com.android.keychain/lib
10-16 15:07:08.870 D/XiriService( 309): check file name: /data/data/com.android.keychain/lib
10-16 15:07:08.870 D/XiriService( 309): check file name: /data/data/com.android.keychain/lib
10-16 15:07:08.877 I/SystemServiceManager( 486): Starting com.android.server.ConnectivityServiceInitializer
10-16 15:07:08.878 D/XiriService( 309): check file name: /data/data/com.android.keychain/lib
10-16 15:07:08.878 D/XiriService( 309): check file name: /data/data/com.android.keychain/lib
10-16 15:07:08.879 D/XiriService( 309): check file name: /data/data/com.android.keychain/lib
10-16 15:07:08.879 D/XiriService( 309): check file name: /data/data/com.android.keychain/lib
10-16 15:07:08.886 D/SystemServerInitThreadPool( 486): Finished executing START_FONT_MANAGER_SERVICE
10-16 15:07:08.894 D/XiriService( 309): check file name: /data/data/com.android.localtransport/lib
10-16 15:07:08.894 D/XiriService( 309): check file name: /data/data/com.android.localtransport/lib
10-16 15:07:08.895 D/XiriService( 309): check file name: /data/data/com.android.localtransport/lib
10-16 15:07:08.895 D/XiriService( 309): check file name: /data/data/com.android.localtransport/lib
10-16 15:07:08.902 D/XiriService( 309): check file name: /data/data/com.android.localtransport/lib
10-16 15:07:08.902 D/XiriService( 309): check file name: /data/data/com.android.localtransport/lib
10-16 15:07:08.902 D/XiriService( 309): check file name: /data/data/com.android.localtransport/lib
10-16 15:07:08.903 D/XiriService( 309): check file name: /data/data/com.android.packageinstaller/lib
10-16 15:07:08.903 D/XiriService( 309): check file name: /data/data/com.android.packageinstaller/lib
10-16 15:07:08.903 D/XiriService( 309): check file name: /data/data/com.android.packageinstaller/lib
10-16 15:07:08.904 D/XiriService( 309): check file name: /data/data/com.android.packageinstaller/lib
10-16 15:07:08.908 D/ConnectivityService( 486): ConnectivityService starting up
10-16 15:07:08.911 D/pppoeNRI:( 486): uid/pid:1000/486 activeRequest: null callbackRequest: 5 [NetworkRequest [ REQUEST id=5, [ Transports: PPPOE Capabilities: INTERNET&NOT_RESTRICTED&TRUSTED&NOT_VPN&NOT_VCN_MANAGED RequestorUid: 1000 RequestorPkg: android] ]] callback flags: 1 priority: 2147483647
10-16 15:07:08.913 D/XiriService( 309): check file name: /data/data/com.android.packageinstaller/lib
10-16 15:07:08.913 D/XiriService( 309): check file name: /data/data/com.android.packageinstaller/lib
10-16 15:07:08.914 D/XiriService( 309): check file name: /data/data/com.android.packageinstaller/lib
10-16 15:07:08.914 D/XiriService( 309): check file name: /data/data/com.android.packageinstaller/lib
10-16 15:07:08.916 E/TAG ( 486): Exception = android.content.pm.PackageManager$NameNotFoundException: android.telephony.cts
10-16 15:07:08.916 E/TAG ( 486): Exception = android.content.pm.PackageManager$NameNotFoundException: android.net.cts
10-16 15:07:08.928 D/XiriService( 309): check file name: /data/data/com.oranth.usbopenft/lib
10-16 15:07:08.928 D/XiriService( 309): check file name: /data/data/com.oranth.usbopenft/lib
10-16 15:07:08.928 D/XiriService( 309): check file name: /data/data/com.oranth.usbopenft/lib
10-16 15:07:08.928 D/XiriService( 309): check file name: /data/data/com.oranth.usbopenft/lib
10-16 15:07:08.935 D/XiriService( 309): check file name: /data/data/com.oranth.usbopenft/lib
10-16 15:07:08.935 D/XiriService( 309): check file name: /data/data/com.oranth.usbopenft/lib
10-16 15:07:08.935 D/XiriService( 309): check file name: /data/data/com.oranth.usbopenft/lib
10-16 15:07:08.935 D/XiriService( 309): check file name: /data/data/com.oranth.usbopenft/lib
10-16 15:07:08.936 D/XiriService( 309): check file name: /data/data/com.android.networkstack.tethering/lib
10-16 15:07:08.936 D/XiriService( 309): check file name: /data/data/com.android.networkstack.tethering/lib
10-16 15:07:08.936 D/XiriService( 309): check file name: /data/data/com.android.networkstack.tethering/lib
10-16 15:07:08.936 D/XiriService( 309): check file name: /data/data/com.android.networkstack.tethering/lib
10-16 15:07:08.943 D/CompatibilityChangeReporter( 486): Compat change id reported: 182478738; UID 1000; state: ENABLED
10-16 15:07:08.944 D/XiriService( 309): check file name: /data/data/com.android.networkstack.tethering/lib
10-16 15:07:08.944 D/XiriService( 309): check file name: /data/data/com.android.networkstack.tethering/lib
10-16 15:07:08.945 D/XiriService( 309): check file name: /data/data/com.android.networkstack.tethering/lib
10-16 15:07:08.945 D/XiriService( 309): check file name: /data/data/com.android.networkstack.tethering/lib
10-16 15:07:08.952 I/ConnectivityServiceInitializer( 486): Registering connectivity
10-16 15:07:08.953 D/XiriService( 309): check file name: /data/data/com.dangbei.lerad.etna.haqu/lib
10-16 15:07:08.953 D/XiriService( 309): check file name: /data/data/com.dangbei.lerad.etna.haqu/lib
10-16 15:07:08.953 D/XiriService( 309): check file name: /data/data/com.dangbei.lerad.etna.haqu/lib
10-16 15:07:08.953 D/XiriService( 309): check file name: /data/data/com.dangbei.lerad.etna.haqu/lib
10-16 15:07:08.954 I/SystemServerTiming( 486): StartVpnManagerService
10-16 15:07:08.958 D/VpnManagerService( 486): VpnManagerService starting up
10-16 15:07:08.959 I/SystemServerTiming( 486): StartVcnManagementService
10-16 15:07:08.962 D/XiriService( 309): check file name: /data/data/com.dangbei.lerad.etna.haqu/lib
10-16 15:07:08.962 D/XiriService( 309): check file name: /data/data/com.dangbei.lerad.etna.haqu/lib
10-16 15:07:08.963 D/XiriService( 309): check file name: /data/data/com.dangbei.lerad.etna.haqu/lib
10-16 15:07:08.963 D/XiriService( 309): check file name: /data/data/com.dangbei.lerad.etna.haqu/lib
10-16 15:07:08.964 I/SystemServerTiming( 486): StartNsdService
10-16 15:07:08.965 D/NsdService( 486): Network service discovery is enabled
10-16 15:07:08.968 I/SystemServerTiming( 486): StartSystemUpdateManagerService
10-16 15:07:08.969 I/SystemUpdateManagerService( 486): No existing info file /data/system/system-update-info.xml
10-16 15:07:08.970 I/SystemServerTiming( 486): StartUpdateLockService
10-16 15:07:08.971 I/SystemServerTiming( 486): StartNotificationManager
10-16 15:07:08.971 I/SystemServiceManager( 486): Starting com.android.server.notification.NotificationManagerService
10-16 15:07:08.987 D/ConditionProviders.SCP( 486): new ScheduleConditionProvider()
10-16 15:07:08.992 D/XiriService( 309): check file name: /data/data/com.oranth.powerwindow/lib
10-16 15:07:08.992 D/XiriService( 309): check file name: /data/data/com.oranth.powerwindow/lib
10-16 15:07:08.993 D/XiriService( 309): check file name: /data/data/com.oranth.powerwindow/lib
10-16 15:07:08.993 D/XiriService( 309): check file name: /data/data/com.oranth.powerwindow/lib
10-16 15:07:08.999 D/XiriService( 309): check file name: /data/data/com.oranth.powerwindow/lib
10-16 15:07:08.999 D/XiriService( 309): check file name: /data/data/com.oranth.powerwindow/lib
10-16 15:07:08.999 D/XiriService( 309): check file name: /data/data/com.oranth.powerwindow/lib
10-16 15:07:08.999 D/XiriService( 309): check file name: /data/data/com.oranth.powerwindow/lib
10-16 15:07:09.008 I/NotificationAssistants( 486): Read notification assistant permissions from xml
10-16 15:07:09.008 I/ConditionProviders( 486): Read condition provider permissions from xml
10-16 15:07:09.008 I/ConditionProviders( 486): Read condition provider permissions from xml
10-16 15:07:09.009 D/NotificationAssistants( 486): Approving default notification assistant for user 0
10-16 15:07:09.009 I/ConditionProviders( 486): Allowing condition provider android.ext.services/android.ext.services.notification.Assistant (userSet: true)
10-16 15:07:09.013 D/CompatibilityChangeReporter( 486): Compat change id reported: 147600208; UID 1000; state: ENABLED
10-16 15:07:09.013 D/XiriService( 309): check file name: /data/data/com.android.networkstack.permissionconfig/lib
10-16 15:07:09.013 D/XiriService( 309): check file name: /data/data/com.android.networkstack.permissionconfig/lib
10-16 15:07:09.014 D/XiriService( 309): check file name: /data/data/com.android.networkstack.permissionconfig/lib
10-16 15:07:09.014 D/XiriService( 309): check file name: /data/data/com.android.networkstack.permissionconfig/lib
10-16 15:07:09.015 D/CompatibilityChangeReporter( 486): Compat change id reported: 157233955; UID 1000; state: ENABLED
10-16 15:07:09.021 D/XiriService( 309): check file name: /data/data/com.android.networkstack.permissionconfig/lib
10-16 15:07:09.021 D/XiriService( 309): check file name: /data/data/com.android.networkstack.permissionconfig/lib
10-16 15:07:09.021 D/XiriService( 309): check file name: /data/data/com.android.networkstack.permissionconfig/lib
10-16 15:07:09.021 D/XiriService( 309): check file name: /data/data/com.android.networkstack.permissionconfig/lib
10-16 15:07:09.024 I/SystemServerTiming( 486): StartDeviceMonitor
10-16 15:07:09.024 I/SystemServiceManager( 486): Starting com.android.server.storage.DeviceStorageMonitorService
10-16 15:07:09.029 I/SystemServerTiming( 486): StartLocationManagerService
10-16 15:07:09.029 I/SystemServiceManager( 486): Starting com.android.server.location.LocationManagerService$Lifecycle
10-16 15:07:09.030 D/XiriService( 309): check file name: /data/data/com.dangbei.lerad.screensaver/lib
10-16 15:07:09.031 D/XiriService( 309): check file name: /data/data/com.dangbei.lerad.screensaver/lib
10-16 15:07:09.024 I/xiriservice_All( 309): type=1400 audit(0.0:329): avc: denied { search } for name="com.dangbei.lerad.screensaver" dev="mmcblk0p25" ino=1188 scontext=u:r:init:s0 tcontext=u:object_r:app_data_file:s0:c54,c256,c512,c768 tclass=dir permissive=1
10-16 15:07:09.031 D/XiriService( 309): check file name: /data/data/com.dangbei.lerad.screensaver/lib
10-16 15:07:09.031 D/XiriService( 309): check file name: /data/data/com.dangbei.lerad.screensaver/lib
10-16 15:07:09.024 I/xiriservice_All( 309): type=1400 audit(0.0:330): avc: denied { read } for name="lib" dev="mmcblk0p25" ino=5558 scontext=u:r:init:s0 tcontext=u:object_r:app_data_file:s0:c54,c256,c512,c768 tclass=lnk_file permissive=1
10-16 15:07:09.036 I/SystemServerTiming( 486): StartCountryDetectorService
10-16 15:07:09.037 I/SystemServerTiming( 486): StartTimeDetectorService
10-16 15:07:09.037 I/SystemServiceManager( 486): Starting com.android.server.timedetector.TimeDetectorService$Lifecycle
10-16 15:07:09.039 D/XiriService( 309): check file name: /data/data/com.dangbei.lerad.screensaver/lib
10-16 15:07:09.040 D/XiriService( 309): check file name: /data/data/com.dangbei.lerad.screensaver/lib
10-16 15:07:09.041 I/SystemServerTiming( 486): StartTimeZoneDetectorService
10-16 15:07:09.041 I/SystemServiceManager( 486): Starting com.android.server.timezonedetector.TimeZoneDetectorService$Lifecycle
10-16 15:07:09.044 I/SystemServerTiming( 486): StartLocationTimeZoneManagerService
10-16 15:07:09.044 I/SystemServiceManager( 486): Starting com.android.server.timezonedetector.location.LocationTimeZoneManagerService$Lifecycle
10-16 15:07:09.045 I/SystemServerTiming( 486): StartSearchManagerService
10-16 15:07:09.045 I/SystemServiceManager( 486): Starting com.android.server.search.SearchManagerService$Lifecycle
10-16 15:07:09.048 I/SystemServerTiming( 486): StartWallpaperManagerService
10-16 15:07:09.048 I/SystemServiceManager( 486): Starting com.android.server.wallpaper.WallpaperManagerService$Lifecycle
10-16 15:07:09.049 I/SystemServerTiming( 486): StartAudioService
10-16 15:07:09.049 I/SystemServiceManager( 486): Starting com.android.server.audio.AudioService$Lifecycle
10-16 15:07:09.061 I/Zygote ( 242): ...preloaded 7337 classes in 966ms.
10-16 15:07:09.069 D/ApplicationLoaders( 242): Created zygote-cached class loader: /system/framework/android.hidl.base-V1.0-java.jar
10-16 15:07:09.073 D/ApplicationLoaders( 242): Created zygote-cached class loader: /system/framework/android.hidl.manager-V1.0-java.jar
10-16 15:07:09.073 D/XiriService( 309): check file name: /data/data/com.android.wallpaperbackup/lib
10-16 15:07:09.073 I/android_os_HwBinder( 486): HwBinder: Starting thread pool for getting: android.hidl.manager@1.0::IServiceManager/default
10-16 15:07:09.073 D/XiriService( 309): check file name: /data/data/com.android.wallpaperbackup/lib
10-16 15:07:09.074 D/XiriService( 309): check file name: /data/data/com.android.wallpaperbackup/lib
10-16 15:07:09.075 D/XiriService( 309): check file name: /data/data/com.android.wallpaperbackup/lib
10-16 15:07:09.078 D/ApplicationLoaders( 242): Created zygote-cached class loader: /system/framework/android.test.base.jar
10-16 15:07:09.078 I/Zygote ( 242): Preloading resources...
10-16 15:07:09.080 W/AudioFlinger( 269): no wake lock to update, system not ready yet
10-16 15:07:09.081 D/XiriService( 309): check file name: /data/data/com.android.wallpaperbackup/lib
10-16 15:07:09.081 D/XiriService( 309): check file name: /data/data/com.android.wallpaperbackup/lib
10-16 15:07:09.081 D/XiriService( 309): check file name: /data/data/com.android.wallpaperbackup/lib
10-16 15:07:09.081 D/XiriService( 309): check file name: /data/data/com.android.wallpaperbackup/lib
10-16 15:07:09.089 D/PermissionCache( 269): checking android.permission.MODIFY_AUDIO_ROUTING for uid=1000 => granted (2160 us)
10-16 15:07:09.097 D/XiriService( 309): check file name: /data/data/com.android.providers.media.module/lib
10-16 15:07:09.097 D/XiriService( 309): check file name: /data/data/com.android.providers.media.module/lib
10-16 15:07:09.092 I/xiriservice_All( 309): type=1400 audit(0.0:331): avc: denied { search } for name="com.android.providers.media.module" dev="mmcblk0p25" ino=1260 scontext=u:r:init:s0 tcontext=u:object_r:privapp_data_file:s0:c74,c256,c512,c768 tclass=dir permissive=1
10-16 15:07:09.097 W/Resources( 242): Preloaded drawable resource #0x1080286 (android:drawable/dialog_background_material) that varies with configuration!!
10-16 15:07:09.092 I/xiriservice_All( 309): type=1400 audit(0.0:332): avc: denied { read } for name="lib" dev="mmcblk0p25" ino=5562 scontext=u:r:init:s0 tcontext=u:object_r:privapp_data_file:s0:c74,c256,c512,c768 tclass=lnk_file permissive=1
10-16 15:07:09.098 D/XiriService( 309): check file name: /data/data/com.android.providers.media.module/lib
10-16 15:07:09.098 D/XiriService( 309): check file name: /data/data/com.android.providers.media.module/lib
10-16 15:07:09.103 D/PermissionCache( 269): checking android.permission.MODIFY_AUDIO_SETTINGS for uid=1000 => granted (371 us)
10-16 15:07:09.110 D/XiriService( 309): check file name: /data/data/com.android.providers.media.module/lib
10-16 15:07:09.110 D/XiriService( 309): check file name: /data/data/com.android.providers.media.module/lib
10-16 15:07:09.110 D/AudioFlinger( 269): isLowRamDevice:false totalMemory:2055442432 mClientSharedHeapSize:4194304
10-16 15:07:09.110 D/XiriService( 309): check file name: /data/data/com.android.providers.media.module/lib
10-16 15:07:09.110 D/XiriService( 309): check file name: /data/data/com.android.providers.media.module/lib
10-16 15:07:09.112 I/SystemServerTiming( 486): StartSoundTriggerMiddlewareService
10-16 15:07:09.113 I/SystemServiceManager( 486): Starting com.android.server.soundtrigger_middleware.SoundTriggerMiddlewareService$Lifecycle
10-16 15:07:09.115 D/SoundTriggerMiddlewareService( 486): Connecting to default ISoundTriggerHw
10-16 15:07:09.116 I/hwservicemanager( 180): getTransport: Cannot find entry android.hardware.soundtrigger@2.0::ISoundTriggerHw/default in either framework or device VINTF manifest.
10-16 15:07:09.118 D/XiriService( 309): check file name: /data/data/com.oranth.storage/lib
10-16 15:07:09.118 D/XiriService( 309): check file name: /data/data/com.oranth.storage/lib
10-16 15:07:09.119 D/XiriService( 309): check file name: /data/data/com.oranth.storage/lib
10-16 15:07:09.125 E/SoundTriggerMiddlewareImpl( 486): Failed to add a SoundTriggerModule instance
10-16 15:07:09.125 E/SoundTriggerMiddlewareImpl( 486): java.util.NoSuchElementException
10-16 15:07:09.125 E/SoundTriggerMiddlewareImpl( 486): at android.os.HwBinder.getService(Native Method)
10-16 15:07:09.125 E/SoundTriggerMiddlewareImpl( 486): at android.hardware.soundtrigger.V2_0.ISoundTriggerHw.getService(ISoundTriggerHw.java:57)
10-16 15:07:09.125 E/SoundTriggerMiddlewareImpl( 486): at android.hardware.soundtrigger.V2_0.ISoundTriggerHw.getService(ISoundTriggerHw.java:64)
10-16 15:07:09.125 E/SoundTriggerMiddlewareImpl( 486): at com.android.server.soundtrigger_middleware.SoundTriggerMiddlewareService$Lifecycle.lambda$onStart$0(SoundTriggerMiddlewareService.java:238)
10-16 15:07:09.125 E/SoundTriggerMiddlewareImpl( 486): at com.android.server.soundtrigger_middleware.SoundTriggerMiddlewareService$Lifecycle$$ExternalSyntheticLambda0.create(Unknown Source:0)
10-16 15:07:09.125 E/SoundTriggerMiddlewareImpl( 486): at com.android.server.soundtrigger_middleware.SoundTriggerModule.attachToHal(SoundTriggerModule.java:222)
10-16 15:07:09.125 E/SoundTriggerMiddlewareImpl( 486): at com.android.server.soundtrigger_middleware.SoundTriggerModule.(SoundTriggerModule.java:112)
10-16 15:07:09.125 E/SoundTriggerMiddlewareImpl( 486): at com.android.server.soundtrigger_middleware.SoundTriggerMiddlewareImpl.(SoundTriggerMiddlewareImpl.java:89)
10-16 15:07:09.125 E/SoundTriggerMiddlewareImpl( 486): at com.android.server.soundtrigger_middleware.SoundTriggerMiddlewareService$Lifecycle.onStart(SoundTriggerMiddlewareService.java:244)
10-16 15:07:09.125 E/SoundTriggerMiddlewareImpl( 486): at com.android.server.SystemServiceManager.startService(SystemServiceManager.java:205)
10-16 15:07:09.125 E/SoundTriggerMiddlewareImpl( 486): at com.android.server.SystemServiceManager.startService(SystemServiceManager.java:192)
10-16 15:07:09.125 E/SoundTriggerMiddlewareImpl( 486): at com.android.server.SystemServer.startOtherServices(SystemServer.java:2161)
10-16 15:07:09.125 E/SoundTriggerMiddlewareImpl( 486): at com.android.server.SystemServer.run(SystemServer.java:928)
10-16 15:07:09.125 E/SoundTriggerMiddlewareImpl( 486): at com.android.server.SystemServer.main(SystemServer.java:628)
