10-16 15:07:12.034 D/CCodecConfig( 486): c2::u32 coded.bitrate.value = 64000
10-16 15:07:12.034 D/CCodecConfig( 486): c2::u32 input.buffers.max-size.value = 32768
10-16 15:07:12.034 D/CCodecConfig( 486): c2::u32 input.delay.value = 0
10-16 15:07:12.034 D/CCodecConfig( 486): string input.media-type.value = "audio/vorbis"
10-16 15:07:12.034 D/CCodecConfig( 486): string output.media-type.value = "audio/raw"
10-16 15:07:12.034 D/CCodecConfig( 486): c2::u32 raw.channel-count.value = 1
10-16 15:07:12.034 D/CCodecConfig( 486): c2::u32 raw.sample-rate.value = 48000
10-16 15:07:12.034 D/CCodecConfig( 486): }
10-16 15:07:12.036 D/CCodec ( 486): [c2.android.vorbis.decoder] buffers are bound to CCodec for this session
10-16 15:07:12.036 D/CCodecConfig( 486): no c2 equivalents for durationUs
10-16 15:07:12.036 D/CCodecConfig( 486): no c2 equivalents for track-id
10-16 15:07:12.036 D/CCodecConfig( 486): no c2 equivalents for csd-1
10-16 15:07:12.036 D/CCodecConfig( 486): no c2 equivalents for channel-mask
10-16 15:07:12.036 D/CCodecConfig( 486): no c2 equivalents for flags
10-16 15:07:12.037 D/CCodecConfig( 486): c2 config diff is c2::u32 coded.bitrate.value = 499821
10-16 15:07:12.037 D/CCodecConfig( 486): c2::u32 raw.channel-count.value = 2
10-16 15:07:12.037 D/CCodecConfig( 486): c2::u32 raw.sample-rate.value = 44100
10-16 15:07:12.040 W/Codec2Client( 486): query -- param skipped: index = 1107298332.
10-16 15:07:12.040 D/CCodec ( 486): setup formats input: AMessage(what = 0x00000000) = {
10-16 15:07:12.040 D/CCodec ( 486): int32_t bitrate = 499821
10-16 15:07:12.040 D/CCodec ( 486): int32_t channel-count = 2
10-16 15:07:12.040 D/CCodec ( 486): int32_t max-input-size = 32768
10-16 15:07:12.040 D/CCodec ( 486): string mime = "audio/vorbis"
10-16 15:07:12.040 D/CCodec ( 486): int32_t sample-rate = 44100
10-16 15:07:12.040 D/CCodec ( 486): }
10-16 15:07:12.040 D/CCodec ( 486): setup formats output: AMessage(what = 0x00000000) = {
10-16 15:07:12.040 D/CCodec ( 486): int32_t channel-count = 2
10-16 15:07:12.040 D/CCodec ( 486): string mime = "audio/raw"
10-16 15:07:12.040 D/CCodec ( 486): int32_t sample-rate = 44100
10-16 15:07:12.040 D/CCodec ( 486): int32_t channel-mask = 3
10-16 15:07:12.040 D/CCodec ( 486): }
10-16 15:07:12.041 I/CCodecConfig( 486): query failed after returning 7 values (BAD_INDEX)
10-16 15:07:12.042 W/Codec2Client( 486): query -- param skipped: index = 1342179345.
10-16 15:07:12.042 W/Codec2Client( 486): query -- param skipped: index = 2415921170.
10-16 15:07:12.043 D/CCodecBufferChannel( 486): [c2.android.vorbis.decoder#606] Created input block pool with allocatorID 16 => poolID 19 - OK (0)
10-16 15:07:12.045 D/CCodecBufferChannel( 486): [c2.android.vorbis.decoder#326] MediaCodec discarded an unknown buffer
10-16 15:07:12.045 I/CCodecBufferChannel( 486): [c2.android.vorbis.decoder#606] Created output block pool with allocatorID 16 => poolID 21 - OK
10-16 15:07:12.045 D/CCodecBufferChannel( 486): [c2.android.vorbis.decoder#326] MediaCodec discarded an unknown buffer
10-16 15:07:12.045 D/CCodecBufferChannel( 486): [c2.android.vorbis.decoder#606] Configured output block pool ids 21 => OK
10-16 15:07:12.051 I/hw-BpHwBinder( 486): onLastStrongRef automatically unlinking death recipients
10-16 15:07:12.055 D/SimpleC2Component( 368): Using output block pool with poolID 21 => got 21 - 0
10-16 15:07:12.055 W/HdmiCecController( 486): Failed to send 45:7D with errorCode=1
10-16 15:07:12.062 I/WCN ( 34): marlin_write_cali_data sync init_state:0x0
10-16 15:07:12.067 V/SystemUIService( 676): Starting SystemUI services for user 0.
10-16 15:07:12.067 D/SystemUIService( 676): loading: com.android.systemui.util.NotificationChannels
10-16 15:07:12.068 D/SystemUIService( 676): running: com.android.systemui.util.NotificationChannels@b37ee51
10-16 15:07:12.074 D/SystemUIService( 676): loading: com.android.systemui.oranth.ManagerService
10-16 15:07:12.075 E/SELinux ( 179): avc: denied { find } for pid=676 uid=10061 name=oranth_manager scontext=u:r:platform_app:s0:c512,c768 tcontext=u:object_r:default_android_service:s0 tclass=service_manager permissive=1
10-16 15:07:12.076 D/SystemUIService( 676): running: com.android.systemui.oranth.ManagerService@46b8fb7
10-16 15:07:12.076 I/ManagerService( 676): -------------------- oranth manager service ---------
10-16 15:07:12.090 I/WCN ( 34): marlin_write_cali_data sync init_state:0x0
10-16 15:07:12.094 D/MediaCodecList( 486): codecHandlesFormat: no format, so no extra checks
10-16 15:07:12.096 D/CCodec ( 486): allocate(c2.android.vorbis.decoder)
10-16 15:07:12.099 I/CCodec ( 486): Created component [c2.android.vorbis.decoder]
10-16 15:07:12.099 D/CCodecConfig( 486): read media type: audio/vorbis
10-16 15:07:12.101 I/FalsingManager( 676): xdpi, ydpi: 0.16, 0.16
10-16 15:07:12.101 I/FalsingManager( 676): width, height: 1920, 1080
10-16 15:07:12.102 D/ReflectedParamUpdater( 486): extent() != 1 for single value type: algo.buffers.max-count.values
10-16 15:07:12.103 D/ReflectedParamUpdater( 486): extent() != 1 for single value type: output.subscribed-indices.values
10-16 15:07:12.103 D/ReflectedParamUpdater( 486): extent() != 1 for single value type: input.buffers.allocator-ids.values
10-16 15:07:12.103 D/ReflectedParamUpdater( 486): extent() != 1 for single value type: output.buffers.allocator-ids.values
10-16 15:07:12.103 D/ReflectedParamUpdater( 486): extent() != 1 for single value type: algo.buffers.allocator-ids.values
10-16 15:07:12.103 D/ReflectedParamUpdater( 486): extent() != 1 for single value type: output.buffers.pool-ids.values
10-16 15:07:12.103 D/ReflectedParamUpdater( 486): extent() != 1 for single value type: algo.buffers.pool-ids.values
10-16 15:07:12.100 I/SharedPreferenc( 676): type=1400 audit(0.0:369): avc: denied { open } for path="/data/user_de/0/com.android.systemui/shared_prefs/plugin_prefs.xml" dev="mmcblk0p25" ino=2176 scontext=u:r:platform_app:s0:c512,c768 tcontext=u:object_r:app_data_file:s0:c512,c768 tclass=file permissive=1 app=com.softwinner.screenshot
10-16 15:07:12.107 I/CCodecConfig( 486): query failed after returning 7 values (BAD_INDEX)
10-16 15:07:12.108 D/CCodecConfig( 486): c2 config diff is Dict {
10-16 15:07:12.108 D/CCodecConfig( 486): c2::u32 coded.bitrate.value = 64000
10-16 15:07:12.108 D/CCodecConfig( 486): c2::u32 input.buffers.max-size.value = 32768
10-16 15:07:12.108 D/CCodecConfig( 486): c2::u32 input.delay.value = 0
10-16 15:07:12.108 D/CCodecConfig( 486): string input.media-type.value = "audio/vorbis"
10-16 15:07:12.108 D/CCodecConfig( 486): string output.media-type.value = "audio/raw"
10-16 15:07:12.108 D/CCodecConfig( 486): c2::u32 raw.channel-count.value = 1
10-16 15:07:12.108 D/CCodecConfig( 486): c2::u32 raw.sample-rate.value = 48000
10-16 15:07:12.108 D/CCodecConfig( 486): }
10-16 15:07:12.110 D/CCodec ( 486): [c2.android.vorbis.decoder] buffers are bound to CCodec for this session
10-16 15:07:12.110 D/CCodecConfig( 486): no c2 equivalents for durationUs
10-16 15:07:12.110 D/CCodecConfig( 486): no c2 equivalents for track-id
10-16 15:07:12.110 D/CCodecConfig( 486): no c2 equivalents for csd-1
10-16 15:07:12.110 D/CCodecConfig( 486): no c2 equivalents for channel-mask
10-16 15:07:12.110 D/CCodecConfig( 486): no c2 equivalents for flags
10-16 15:07:12.112 D/CCodecConfig( 486): c2 config diff is c2::u32 coded.bitrate.value = 499821
10-16 15:07:12.112 D/CCodecConfig( 486): c2::u32 raw.channel-count.value = 2
10-16 15:07:12.112 D/CCodecConfig( 486): c2::u32 raw.sample-rate.value = 44100
10-16 15:07:12.114 W/Codec2Client( 486): query -- param skipped: index = 1107298332.
10-16 15:07:12.115 D/CCodec ( 486): setup formats input: AMessage(what = 0x00000000) = {
10-16 15:07:12.115 D/CCodec ( 486): int32_t bitrate = 499821
10-16 15:07:12.115 D/CCodec ( 486): int32_t channel-count = 2
10-16 15:07:12.115 D/CCodec ( 486): int32_t max-input-size = 32768
10-16 15:07:12.115 D/CCodec ( 486): string mime = "audio/vorbis"
10-16 15:07:12.115 D/CCodec ( 486): int32_t sample-rate = 44100
10-16 15:07:12.115 D/CCodec ( 486): }
10-16 15:07:12.115 D/CCodec ( 486): setup formats output: AMessage(what = 0x00000000) = {
10-16 15:07:12.115 D/CCodec ( 486): int32_t channel-count = 2
10-16 15:07:12.115 D/CCodec ( 486): string mime = "audio/raw"
10-16 15:07:12.115 D/CCodec ( 486): int32_t sample-rate = 44100
10-16 15:07:12.115 D/CCodec ( 486): int32_t channel-mask = 3
10-16 15:07:12.115 D/CCodec ( 486): }
10-16 15:07:12.115 I/CCodecConfig( 486): query failed after returning 7 values (BAD_INDEX)
10-16 15:07:12.118 I/WCN ( 34): marlin_write_cali_data sync init_state:0xf0f0f0f1
10-16 15:07:12.118 I/WCN ( 34): sdio_config bt_wake_host trigger:[high]
10-16 15:07:12.118 I/WCN ( 34): sdio_config irq:[inband]
10-16 15:07:12.118 I/WCN ( 34): sdio_config wake_host_level_duration_time:[20ms]
10-16 15:07:12.118 I/WCN ( 34): sdio_config wake_host_data_separation:[bt/wifi reuse]
10-16 15:07:12.118 I/WCN ( 34): marlin_send_sdio_config_to_cp sdio_config:0x80f01 (enable config)
10-16 15:07:12.118 I/WCN ( 34): marlin_write_cali_data finish
10-16 15:07:12.118 I/WCN ( 34): check_cp_ready sync val:0xf0f0f0f2, prj_type val:0xe0e0e0e0
10-16 15:07:12.117 W/Codec2Client( 486): query -- param skipped: index = 1342179345.
10-16 15:07:12.117 W/Codec2Client( 486): query -- param skipped: index = 2415921170.
10-16 15:07:12.118 D/CCodecBufferChannel( 486): [c2.android.vorbis.decoder#505] Created input block pool with allocatorID 16 => poolID 20 - OK (0)
10-16 15:07:12.120 I/CCodecBufferChannel( 486): [c2.android.vorbis.decoder#505] Created output block pool with allocatorID 16 => poolID 22 - OK
10-16 15:07:12.120 D/CCodecBufferChannel( 486): [c2.android.vorbis.decoder#505] Configured output block pool ids 22 => OK
10-16 15:07:12.120 D/CCodecBufferChannel( 486): [c2.android.vorbis.decoder#606] MediaCodec discarded an unknown buffer
10-16 15:07:12.122 W/ServiceManager( 486): Permission failure: android.permission.HIGH_SAMPLING_RATE_SENSORS from uid=10061 pid=676
10-16 15:07:12.123 D/SimpleC2Component( 368): Using output block pool with poolID 22 => got 22 - 0
10-16 15:07:12.124 I/hw-BpHwBinder( 486): onLastStrongRef automatically unlinking death recipients
10-16 15:07:12.146 I/WCN ( 34): check_cp_ready sync val:0xf0f0f0f2, prj_type val:0xe0e0e0e0
10-16 15:07:12.160 D/NavigationModeController( 676): getCurrentUserContext: contextUser=0 currentUser=0
10-16 15:07:12.160 D/NavigationModeController( 676): getCurrentInteractionMode: mode=0 contextUser=0
10-16 15:07:12.162 D/NavigationModeController( 676): updateCurrentInteractionMode: mode=0
10-16 15:07:12.162 D/NavigationModeController( 676): contextUser=0
10-16 15:07:12.162 D/NavigationModeController( 676): assetPaths=
10-16 15:07:12.162 D/NavigationModeController( 676): and /system/framework/framework-res.apk
10-16 15:07:12.162 D/NavigationModeController( 676): /vendor/overlay/framework-res__auto_generated_rro_vendor.apk
10-16 15:07:12.162 D/NavigationModeController( 676): /product/overlay/AwAccentColor/AwAccentColorOverlay.apk
10-16 15:07:12.162 D/MediaCodecList( 486): codecHandlesFormat: no format, so no extra checks
10-16 15:07:12.162 D/NavigationModeController( 676): /product/overlay/AwIconShape/AwIconShapeOverlay.apk
10-16 15:07:12.162 D/NavigationModeController( 676): and /system/system_ext/priv-app/SystemUI/SystemUI.apk
10-16 15:07:12.164 D/NavigationModeController( 676): getCurrentInteractionMode: mode=0 contextUser=0
10-16 15:07:12.168 D/CCodec ( 486): allocate(c2.android.vorbis.decoder)
10-16 15:07:12.172 I/CCodec ( 486): Created component [c2.android.vorbis.decoder]
10-16 15:07:12.174 I/WCN ( 34): check_cp_ready sync val:0xf0f0f0f2, prj_type val:0xe0e0e0e0
10-16 15:07:12.173 D/CCodecConfig( 486): read media type: audio/vorbis
10-16 15:07:12.179 D/ReflectedParamUpdater( 486): extent() != 1 for single value type: algo.buffers.max-count.values
10-16 15:07:12.179 D/ReflectedParamUpdater( 486): extent() != 1 for single value type: output.subscribed-indices.values
10-16 15:07:12.179 D/ReflectedParamUpdater( 486): extent() != 1 for single value type: input.buffers.allocator-ids.values
10-16 15:07:12.179 D/ReflectedParamUpdater( 486): extent() != 1 for single value type: output.buffers.allocator-ids.values
10-16 15:07:12.179 D/ReflectedParamUpdater( 486): extent() != 1 for single value type: algo.buffers.allocator-ids.values
10-16 15:07:12.180 D/ReflectedParamUpdater( 486): extent() != 1 for single value type: output.buffers.pool-ids.values
10-16 15:07:12.180 D/ReflectedParamUpdater( 486): extent() != 1 for single value type: algo.buffers.pool-ids.values
10-16 15:07:12.182 I/CCodecConfig( 486): query failed after returning 7 values (BAD_INDEX)
10-16 15:07:12.183 D/CCodecConfig( 486): c2 config diff is Dict {
10-16 15:07:12.183 D/CCodecConfig( 486): c2::u32 coded.bitrate.value = 64000
10-16 15:07:12.183 D/CCodecConfig( 486): c2::u32 input.buffers.max-size.value = 32768
10-16 15:07:12.183 D/CCodecConfig( 486): c2::u32 input.delay.value = 0
10-16 15:07:12.183 D/CCodecConfig( 486): string input.media-type.value = "audio/vorbis"
10-16 15:07:12.183 D/CCodecConfig( 486): string output.media-type.value = "audio/raw"
10-16 15:07:12.183 D/CCodecConfig( 486): c2::u32 raw.channel-count.value = 1
10-16 15:07:12.183 D/CCodecConfig( 486): c2::u32 raw.sample-rate.value = 48000
10-16 15:07:12.183 D/CCodecConfig( 486): }
10-16 15:07:12.185 D/CCodec ( 486): [c2.android.vorbis.decoder] buffers are bound to CCodec for this session
10-16 15:07:12.185 D/CCodecConfig( 486): no c2 equivalents for durationUs
10-16 15:07:12.185 D/CCodecConfig( 486): no c2 equivalents for track-id
10-16 15:07:12.185 D/CCodecConfig( 486): no c2 equivalents for csd-1
10-16 15:07:12.185 D/CCodecConfig( 486): no c2 equivalents for channel-mask
10-16 15:07:12.185 D/CCodecConfig( 486): no c2 equivalents for flags
10-16 15:07:12.186 D/CCodecConfig( 486): c2 config diff is c2::u32 coded.bitrate.value = 499821
10-16 15:07:12.186 D/CCodecConfig( 486): c2::u32 raw.channel-count.value = 2
10-16 15:07:12.186 D/CCodecConfig( 486): c2::u32 raw.sample-rate.value = 44100
10-16 15:07:12.188 W/Codec2Client( 486): query -- param skipped: index = 1107298332.
10-16 15:07:12.189 D/CCodec ( 486): setup formats input: AMessage(what = 0x00000000) = {
10-16 15:07:12.189 D/CCodec ( 486): int32_t bitrate = 499821
10-16 15:07:12.189 D/CCodec ( 486): int32_t channel-count = 2
10-16 15:07:12.189 D/CCodec ( 486): int32_t max-input-size = 32768
10-16 15:07:12.189 D/CCodec ( 486): string mime = "audio/vorbis"
10-16 15:07:12.189 D/CCodec ( 486): int32_t sample-rate = 44100
10-16 15:07:12.189 D/CCodec ( 486): }
10-16 15:07:12.189 D/CCodec ( 486): setup formats output: AMessage(what = 0x00000000) = {
10-16 15:07:12.189 D/CCodec ( 486): int32_t channel-count = 2
10-16 15:07:12.189 D/CCodec ( 486): string mime = "audio/raw"
10-16 15:07:12.189 D/CCodec ( 486): int32_t sample-rate = 44100
10-16 15:07:12.189 D/CCodec ( 486): int32_t channel-mask = 3
10-16 15:07:12.189 D/CCodec ( 486): }
10-16 15:07:12.189 I/CCodecConfig( 486): query failed after returning 7 values (BAD_INDEX)
10-16 15:07:12.190 W/Codec2Client( 486): query -- param skipped: index = 1342179345.
10-16 15:07:12.190 W/Codec2Client( 486): query -- param skipped: index = 2415921170.
10-16 15:07:12.192 D/CCodecBufferChannel( 486): [c2.android.vorbis.decoder#852] Created input block pool with allocatorID 16 => poolID 21 - OK (0)
10-16 15:07:12.194 D/TvPipController( 676): onImeVisibilityChanged(), visible=false, height=0
10-16 15:07:12.194 D/TvPipController( 676): onActionsChanged()
10-16 15:07:12.194 D/TvPipMenuController( 676): setAppActions()
10-16 15:07:12.194 D/TvPipController( 676): onImeVisibilityChanged(), visible=false, height=0
10-16 15:07:12.194 D/TvPipController( 676): onActionsChanged()
10-16 15:07:12.194 D/TvPipMenuController( 676): setAppActions()
10-16 15:07:12.195 W/KeyguardUpdateMonitor( 676): invalid subId in handleServiceStateChange()
10-16 15:07:12.195 I/CCodecBufferChannel( 486): [c2.android.vorbis.decoder#852] Created output block pool with allocatorID 16 => poolID 23 - OK
10-16 15:07:12.196 D/CCodecBufferChannel( 486): [c2.android.vorbis.decoder#852] Configured output block pool ids 23 => OK
10-16 15:07:12.198 D/SimpleC2Component( 368): Using output block pool with poolID 23 => got 23 - 0
10-16 15:07:12.199 V/MediaRouter( 676): Selecting route: RouteInfo{ name=手机, description=null, status=null, category=RouteCategory{ name=系统 types=ROUTE_TYPE_LIVE_AUDIO ROUTE_TYPE_LIVE_VIDEO groupable=false }, supportedTypes=ROUTE_TYPE_LIVE_AUDIO ROUTE_TYPE_LIVE_VIDEO , presentationDisplay=null }
10-16 15:07:12.202 I/WCN ( 34): check_cp_ready sync val:0xf0f0f0f2, prj_type val:0xe0e0e0e0
10-16 15:07:12.202 I/MediaRouter( 676): Skip setBluetoothA2dpOn(): types=8388615, isPlaybackActive()=false, BT route=null
10-16 15:07:12.212 D/BluetoothA2dp( 486): Binding service...
10-16 15:07:12.230 I/WCN ( 34): check_cp_ready sync val:0xf0f0f0ff, prj_type val:0xe0e0e0e0
10-16 15:07:12.230 I/WCN ( 34): dcxo_aon_set_mode read DCXO_LP_CTRL21 reg val:0x00000000
10-16 15:07:12.230 I/WCN ( 34): after do dcxo_aon_set_mode set reg val:0x00008000
10-16 15:07:12.230 I/sdiohal ( 34): sdiohal_runtime_get entry
10-16 15:07:12.230 D/ ( 34): [xw] before reg = 0x1
10-16 15:07:12.230 D/ ( 34): [xw] after reg = 0x3
10-16 15:07:12.234 I/WCN ( 34): get_cp2_version entry!
10-16 15:07:12.235 I/WCN ( 341): WCND at cmd read:WCN_VER:Platform Version:MARLIN3E_20A_W25.14.1~Project Version:uwe5623_marlin3E_ott~03-31-2025 16:52:25~
10-16 15:07:12.235 I/WCN ( 34): switch_cp2_log - close entry!
10-16 15:07:12.236 I/WCN ( 341): WCND at cmd read:OK
10-16 15:07:12.236 I/WCN ( 278): then marlin download finished and run ok
10-16 15:07:12.236 E/bluetooth_set_power( 278): end_block=0
10-16 15:07:12.236 I/bt_userial_vendor( 248): device fd = 5 open
10-16 15:07:12.237 I/bt_chip_vendor( 248): marlin3_pskey_preload
10-16 15:07:12.237 D/bt_vnd_hci( 248): sprd_vnd_send_hci_vsc a0 fc b0 00 1f 00 00 bf fe 8d fe db 3d 7b 87 ff a7 ff 7f 00 e0 f7 3e 55 49 ee a8 ab 42 ec 01 01 01 ff 00 ff ff 00 02 00 00 00 00 00 00 00 00 00 00 00 00 00 00 00 00 00 00 00 00 00 00 00 00 00 00 00 00 00 00 00 00 4d 00 66 00 9b 00 66 00 00 00 00 00 00 00 00 00 00 00 00 00 01 01 01 00 00 00 00 00 00 00 00 00 28 00 00 00 06 08 0c 22 00 00 00 00 00 00 00 00 00 ff 00 00 00 00 00 00 00 00 00 00 00 00 00 00 00 00 00 00 e2 04 40 1f 20 00 c8 00 0a 00 00 00 00 00 00 00 00 00 00 00 00 00 00 00 00 00 00 00 00 00 00 00 00 00 00 00 00 00 00 00
10-16 15:07:12.237 E/bt_upio ( 248): upio_set : /proc/bluetooth/sleep/btwrite(-1) incorrent
10-16 15:07:12.239 I/bt_chip_vendor( 248): Bluetooth Firmware Node: 3750 Date: 2015-03-27
10-16 15:07:12.240 D/CCodecBufferChannel( 486): [c2.android.vorbis.decoder#505] MediaCodec discarded an unknown buffer
10-16 15:07:12.236 I//system/bin/init( 1): type=1107 audit(0.0:370): uid=0 auid=4294967295 ses=4294967295 subj=u:r:init:s0 msg='avc: denied { set } for property=rw.vendor.bluetooth.fw.ver pid=248 uid=1002 gid=1002 scontext=u:r:hal_bluetooth_default:s0 tcontext=u:object_r:default_prop:s0 tclass=property_service permissive=1'
10-16 15:07:12.241 I/bt_chip_vendor( 248): yujian.qin marlin3_rf_preload
10-16 15:07:12.241 D/bt_vnd_hci( 248): sprd_vnd_send_hci_vsc a2 fc fc 00 e0 00 e0 00 e0 00 e0 00 e0 00 e0 15 41 15 3a 15 34 15 2e 15 27 15 21 15 1a 15 13 15 0d 15 07 15 3b 15 37 15 33 15 2f 15 2b 15 27 15 23 15 1f 15 1b 15 17 15 13 15 0f 15 0b 15 08 15 04 15 00 15 09 15 09 15 08 15 08 15 08 15 08 15 07 15 07 15 0d 15 0d 15 0c 15 0c 15 0b 15 0b 15 0b 15 0b 15 10 15 10 15 0f 15 0f 15 0f 15 0f 15 0f 15 0f 00 e0 00 e0 00 e0 00 e0 00 e0 00 e0 15 4d 15 46 15 3d 15 36 15 2d 15 26 15 1f 15 18 15 0f 15 08 15 4b 15 4b 15 4b 15 4b 15 4b 15 46 15 40 15 3b 15 36 15 30 15 2b 15 26 15 20 15 1a 15 14 15 0e 15 09 15 09 15 08 15 08 15 08 15 08 15 07 15 07 15 0d 15 0d 15 0c 15 0c 15 0b 15 0b 15 0b 15 0b 15 10 15 10 15 0f 15 0f 15 0f 15 0f 15 0f 15 0f 00 00 ff ff 01 00 00 55 44 43 5f 55 55 c8 55 55 55 55 55 55 55 55 55 55 55 55 55 55
10-16 15:07:12.248 I/hw-BpHwBinder( 486): onLastStrongRef automatically unlinking death recipients
10-16 15:07:12.257 E/libEGL ( 676): validate_display:538 error 3001 (EGL_NOT_INITIALIZED)
10-16 15:07:12.260 I/bt_chip_vendor( 248): hw_rf_cback hw_core_cback response: [0xFCA2, 0x0000, 0x00]
10-16 15:07:12.260 I/bt_chip_vendor( 248): hw_core_enable
10-16 15:07:12.260 I/bt_chip_vendor( 248): hw_core_enable : 1
10-16 15:07:12.260 E/bt_upio ( 248): upio_set : /proc/bluetooth/sleep/btwrite(-1) incorrent
10-16 15:07:12.262 I/bt_chip_vendor( 248): hw_core_cback hw_core_cback response: [0xFCA1, 0x0000, 0x01]
10-16 15:07:12.262 D/android.hardware.bluetooth@1.0-impl( 248): OnFirmwareConfigured result: 0
10-16 15:07:12.263 I/android.hardware.bluetooth@1.0-impl( 248): Firmware configured in 0.026s
10-16 15:07:12.263 I/android.hardware.bluetooth@1.0-impl( 248): OnFirmwareConfigured: lpm_timeout_ms 1500
10-16 15:07:12.263 D/android.hardware.bluetooth@1.0-impl( 248): low_power_mode_cb result: 0
10-16 15:07:12.263 D/android.hardware.bluetooth@1.0-impl( 248): OnFirmwareConfigured Calling StartLowPowerWatchdog()
10-16 15:07:12.263 I/bt_hci ( 669): system/bt/hci/src/hci_layer.cc:367 event_finish_startup: event_finish_startup
10-16 15:07:12.263 I/bt_core_module( 669): system/bt/btcore/src/module.cc:90 module_start_up: module_start_up Started module "hci_module"
10-16 15:07:12.264 I/bt_l2cap( 669): system/bt/stack/l2cap/l2c_api.cc:134 L2CA_Register: L2CAP Registered service classic PSM: 0x0001
10-16 15:07:12.264 I/bt_l2cap( 669): system/bt/stack/l2cap/l2c_api.cc:134 L2CA_Register: L2CAP Registered service classic PSM: 0x001f
10-16 15:07:12.264 I/bluetooth( 669): system/bt/stack/gatt/gatt_api.cc:1019 GATT_Register: Allocated name:GattProfileDb uuid:81818181-8181-8181-8181-818181818181 gatt_if:1 eatt_support:0
10-16 15:07:12.265 I/droid.bluetoot( 669): [1016/150712.265306:INFO:gatt_api.cc(179)] GATTS_AddService
10-16 15:07:12.265 I/droid.bluetoot( 669): [1016/150712.265878:INFO:gatt_api.cc(288)] GATTS_AddService: service parsed correctly, now starting
10-16 15:07:12.266 I/droid.bluetoot( 669): [1016/150712.266111:INFO:gatt_sr_hash.cc(124)] gatts_calculate_database_hash: hash=80AEB10BC70DCCEFA207489DCED98FED
10-16 15:07:12.266 I/bt_l2cap( 669): system/bt/stack/l2cap/l2c_api.cc:434 L2CA_RegisterLECoc: Registered service LE COC PSM: 0x0027
10-16 15:07:12.266 I/bt_l2cap( 669): system/bt/stack/l2cap/l2c_api.cc:134 L2CA_Register: L2CAP Registered service classic PSM: 0x0003
10-16 15:07:12.266 I/bluetooth( 669): system/bt/stack/gatt/gatt_api.cc:1019 GATT_Register: Allocated name:Gap uuid:82828282-8282-8282-8282-828282828282 gatt_if:2 eatt_support:0
10-16 15:07:12.266 I/droid.bluetoot( 669): [1016/150712.266775:INFO:gatt_api.cc(179)] GATTS_AddService
10-16 15:07:12.266 I/droid.bluetoot( 669): [1016/150712.266893:INFO:gatt_api.cc(288)] GATTS_AddService: service parsed correctly, now starting
10-16 15:07:12.267 I/droid.bluetoot( 669): [1016/150712.267023:INFO:gatt_sr_hash.cc(124)] gatts_calculate_database_hash: hash=8991C462EBE9D90B9EA0DA3E16D0F513
10-16 15:07:12.267 I/bt_bte ( 669): system/bt/main/bte_logmsg.cc:248 load_levels_from_config: BTE_InitTraceLevels -- TRC_HCI : Level 2
10-16 15:07:12.268 I/bt_bte ( 669): system/bt/main/bte_logmsg.cc:248 load_levels_from_config: BTE_InitTraceLevels -- TRC_L2CAP : Level 2
10-16 15:07:12.268 I/bt_bte ( 669): system/bt/main/bte_logmsg.cc:248 load_levels_from_config: BTE_InitTraceLevels -- TRC_RFCOMM : Level 2
10-16 15:07:12.268 I/bt_bte ( 669): system/bt/main/bte_logmsg.cc:248 load_levels_from_config: BTE_InitTraceLevels -- TRC_AVDT : Level 2
10-16 15:07:12.268 I/bt_bte ( 669): system/bt/main/bte_logmsg.cc:248 load_levels_from_config: BTE_InitTraceLevels -- TRC_AVRC : Level 2
10-16 15:07:12.268 I/bt_bte ( 669): system/bt/main/bte_logmsg.cc:248 load_levels_from_config: BTE_InitTraceLevels -- TRC_A2D : Level 2
10-16 15:07:12.268 I/bt_bte ( 669): system/bt/main/bte_logmsg.cc:248 load_levels_from_config: BTE_InitTraceLevels -- TRC_BNEP : Level 2
10-16 15:07:12.268 I/bt_bte ( 669): system/bt/main/bte_logmsg.cc:248 load_levels_from_config: BTE_InitTraceLevels -- TRC_BTM : Level 2
10-16 15:07:12.268 I/bt_bte ( 669): system/bt/main/bte_logmsg.cc:248 load_levels_from_config: BTE_InitTraceLevels -- TRC_HID_HOST : Level 2
10-16 15:07:12.269 I/bt_bte ( 669): system/bt/main/bte_logmsg.cc:248 load_levels_from_config: BTE_InitTraceLevels -- TRC_PAN : Level 2
10-16 15:07:12.269 I/bt_bte ( 669): system/bt/main/bte_logmsg.cc:248 load_levels_from_config: BTE_InitTraceLevels -- TRC_SDP : Level 2
10-16 15:07:12.269 I/bt_bte ( 669): system/bt/main/bte_logmsg.cc:248 load_levels_from_config: BTE_InitTraceLevels -- TRC_SMP : Level 2
10-16 15:07:12.269 I/bt_bte ( 669): system/bt/main/bte_logmsg.cc:248 load_levels_from_config: BTE_InitTraceLevels -- TRC_HID_DEV : Level 2
10-16 15:07:12.269 I/bt_bte ( 669): system/bt/main/bte_logmsg.cc:248 load_levels_from_config: BTE_InitTraceLevels -- TRC_BTAPP : Level 2
10-16 15:07:12.269 I/bt_bte ( 669): system/bt/main/bte_logmsg.cc:248 load_levels_from_config: BTE_InitTraceLevels -- TRC_BTIF : Level 2
10-16 15:07:12.280 I/bt_stack( 669): [INFO:message_loop_thread.cc(224)] Run: message loop starting for thread bt_main_thread
10-16 15:07:12.281 I/bt_core_module( 669): system/bt/btcore/src/module.cc:85 module_start_up: module_start_up Starting module "controller_module"
10-16 15:07:12.282 D/MediaCodecList( 486): codecHandlesFormat: no format, so no extra checks
10-16 15:07:12.288 D/CCodec ( 486): allocate(c2.android.vorbis.decoder)
10-16 15:07:12.297 I/CCodec ( 486): Created component [c2.android.vorbis.decoder]
10-16 15:07:12.297 D/CCodecConfig( 486): read media type: audio/vorbis
10-16 15:07:12.301 D/ReflectedParamUpdater( 486): extent() != 1 for single value type: algo.buffers.max-count.values
10-16 15:07:12.302 D/ReflectedParamUpdater( 486): extent() != 1 for single value type: output.subscribed-indices.values
10-16 15:07:12.302 D/ReflectedParamUpdater( 486): extent() != 1 for single value type: input.buffers.allocator-ids.values
10-16 15:07:12.302 D/ReflectedParamUpdater( 486): extent() != 1 for single value type: output.buffers.allocator-ids.values
10-16 15:07:12.302 D/ReflectedParamUpdater( 486): extent() != 1 for single value type: algo.buffers.allocator-ids.values
10-16 15:07:12.302 D/ReflectedParamUpdater( 486): extent() != 1 for single value type: output.buffers.pool-ids.values
10-16 15:07:12.303 D/ReflectedParamUpdater( 486): extent() != 1 for single value type: algo.buffers.pool-ids.values
10-16 15:07:12.314 I/CCodecConfig( 486): query failed after returning 7 values (BAD_INDEX)
10-16 15:07:12.314 D/CCodecConfig( 486): c2 config diff is Dict {
10-16 15:07:12.314 D/CCodecConfig( 486): c2::u32 coded.bitrate.value = 64000
10-16 15:07:12.314 D/CCodecConfig( 486): c2::u32 input.buffers.max-size.value = 32768
10-16 15:07:12.314 D/CCodecConfig( 486): c2::u32 input.delay.value = 0
10-16 15:07:12.314 D/CCodecConfig( 486): string input.media-type.value = "audio/vorbis"
10-16 15:07:12.314 D/CCodecConfig( 486): string output.media-type.value = "audio/raw"
10-16 15:07:12.314 D/CCodecConfig( 486): c2::u32 raw.channel-count.value = 1
10-16 15:07:12.314 D/CCodecConfig( 486): c2::u32 raw.sample-rate.value = 48000
10-16 15:07:12.314 D/CCodecConfig( 486): }
10-16 15:07:12.311 E/ ( 341): recv_kernel_event address f4:ab:5c:b3:75:d7
10-16 15:07:12.318 D/CCodec ( 486): [c2.android.vorbis.decoder] buffers are bound to CCodec for this session
10-16 15:07:12.318 D/CCodecConfig( 486): no c2 equivalents for durationUs
10-16 15:07:12.318 D/CCodecConfig( 486): no c2 equivalents for track-id
10-16 15:07:12.318 D/CCodecConfig( 486): no c2 equivalents for csd-1
10-16 15:07:12.318 D/CCodecConfig( 486): no c2 equivalents for channel-mask
10-16 15:07:12.318 D/CCodecConfig( 486): no c2 equivalents for flags
10-16 15:07:12.320 D/CCodecConfig( 486): c2 config diff is c2::u32 coded.bitrate.value = 239920
10-16 15:07:12.320 D/CCodecConfig( 486): c2::u32 raw.sample-rate.value = 44100
10-16 15:07:12.322 W/Codec2Client( 486): query -- param skipped: index = 1107298332.
10-16 15:07:12.322 D/CCodec ( 486): setup formats input: AMessage(what = 0x00000000) = {
10-16 15:07:12.322 D/CCodec ( 486): int32_t bitrate = 239920
10-16 15:07:12.322 D/CCodec ( 486): int32_t channel-count = 1
10-16 15:07:12.322 D/CCodec ( 486): int32_t max-input-size = 32768
10-16 15:07:12.322 D/CCodec ( 486): string mime = "audio/vorbis"
10-16 15:07:12.322 D/CCodec ( 486): int32_t sample-rate = 44100
10-16 15:07:12.322 D/CCodec ( 486): }
10-16 15:07:12.322 D/CCodec ( 486): setup formats output: AMessage(what = 0x00000000) = {
10-16 15:07:12.322 D/CCodec ( 486): int32_t channel-count = 1
10-16 15:07:12.322 D/CCodec ( 486): string mime = "audio/raw"
10-16 15:07:12.322 D/CCodec ( 486): int32_t sample-rate = 44100
10-16 15:07:12.322 D/CCodec ( 486): int32_t channel-mask = 1
10-16 15:07:12.322 D/CCodec ( 486): }
10-16 15:07:12.322 I/CCodecConfig( 486): query failed after returning 7 values (BAD_INDEX)
10-16 15:07:12.323 W/Codec2Client( 486): query -- param skipped: index = 1342179345.
10-16 15:07:12.323 W/Codec2Client( 486): query -- param skipped: index = 2415921170.
10-16 15:07:12.325 D/CCodecBufferChannel( 486): [c2.android.vorbis.decoder#886] Created input block pool with allocatorID 16 => poolID 22 - OK (0)
10-16 15:07:12.327 I/CCodecBufferChannel( 486): [c2.android.vorbis.decoder#886] Created output block pool with allocatorID 16 => poolID 24 - OK
10-16 15:07:12.327 D/CCodecBufferChannel( 486): [c2.android.vorbis.decoder#886] Configured output block pool ids 24 => OK
10-16 15:07:12.331 D/SimpleC2Component( 368): Using output block pool with poolID 24 => got 24 - 0
10-16 15:07:12.391 D/CCodecBufferChannel( 486): [c2.android.vorbis.decoder#852] MediaCodec discarded an unknown buffer
10-16 15:07:12.391 D/CCodecBufferChannel( 486): [c2.android.vorbis.decoder#852] MediaCodec discarded an unknown buffer
10-16 15:07:12.391 D/CCodecBufferChannel( 486): [c2.android.vorbis.decoder#852] MediaCodec discarded an unknown buffer
10-16 15:07:12.393 W/IorapForwardingService( 486): No service published for: iorapd
10-16 15:07:12.395 I/hw-BpHwBinder( 486): onLastStrongRef automatically unlinking death recipients
10-16 15:07:12.432 I/rkstack.proces( 757): Background young concurrent copying GC freed 10482(632KB) AllocSpace objects, 0(0B) LOS objects, 88% free, 3088KB/27MB, paused 158us total 154.413ms
10-16 15:07:12.449 D/CompatibilityChangeReporter( 486): Compat change id reported: 158002302; UID 10061; state: ENABLED
10-16 15:07:12.450 D/CCodecBufferChannel( 486): [c2.android.vorbis.decoder#886] MediaCodec discarded an unknown buffer
10-16 15:07:12.450 V/WallpaperService( 676): Setting wallpaper dimming: 0
10-16 15:07:12.451 D/CCodecBufferChannel( 486): [c2.android.vorbis.decoder#886] MediaCodec discarded an unknown buffer
10-16 15:07:12.459 I/hw-BpHwBinder( 486): onLastStrongRef automatically unlinking death recipients
10-16 15:07:12.459 I/hw-BpHwBinder( 368): onLastStrongRef automatically unlinking death recipients
10-16 15:07:12.460 V/C2Store ( 368): in ~ComponentModule
10-16 15:07:12.460 V/C2Store ( 368): unloading dll
10-16 15:07:12.471 I/hwservicemanager( 180): getTransport: Cannot find entry android.hardware.configstore@1.0::ISurfaceFlingerConfigs/default in either framework or device VINTF manifest.
10-16 15:07:12.474 D/EglHelper( 676): createEglContext start
10-16 15:07:12.481 D/EglHelper( 676): createEglContext done
10-16 15:07:12.481 D/EglHelper( 676): createEglSurface start
10-16 15:07:12.483 D/EglHelper( 676): createEglSurface done
10-16 15:07:12.524 I/ActivityManagerTiming( 486): FinishBooting
10-16 15:07:12.524 W/Zygote ( 242): forkRepeatedly terminated due to non-simple command
10-16 15:07:12.524 D/Zygote ( 242): mbuffer starts with 1 , nice name is , mEnd = 19, mNext = 19, mLinesLeft = 0, mFd = 4
10-16 15:07:12.527 I/ActivityManager( 486): About to commit checkpoint
10-16 15:07:12.529 I/SystemServiceManager( 486): Starting phase 1000
10-16 15:07:12.529 I/ActivityManagerTiming( 486): OnBootPhase_1000
10-16 15:07:12.529 E/PowerStatsService( 486): Failed to start PowerStatsService loggers
10-16 15:07:12.532 V/DisplayPowerController[0]( 486): Brightness [0.39763778] reason changing to: 'manual', previous reason: 'override'.
10-16 15:07:12.535 D/AppStandbyController( 486): Loading headless system app cache. appIdleEnabled=false
10-16 15:07:12.536 D/RollbackManager( 486): mRollbackLifetimeDurationInMillis=1209600000
10-16 15:07:12.552 D/IorapForwardingService( 486): BgJob Scheduled (jobId=283673059, interval: 86400000ms)
10-16 15:07:12.552 D/TestHarnessModeService( 486): Completing Test Harness Mode setup.
10-16 15:07:12.554 D/StorageManagerService( 486): Thinking about init, mBootCompleted=true, mDaemonConnected=true
10-16 15:07:12.554 D/StorageManagerService( 486): Setting up emulation state, initlocked=false
10-16 15:07:12.554 D/vold ( 186): fscrypt_unlock_user_key 0 serial=0
10-16 15:07:12.561 D/StorageManagerService( 486): Thinking about reset, mBootCompleted=true, mDaemonConnected=true
10-16 15:07:12.563 I/StorageSessionController( 486): Started resetting external storage service...
10-16 15:07:12.564 I/StorageSessionController( 486): Finished resetting external storage service
10-16 15:07:12.564 I/StorageManagerService( 486): Resetting vold...
10-16 15:07:12.567 I/StorageManagerService( 486): Reset vold
10-16 15:07:12.567 I/vold ( 186): onUserAdded: 0
10-16 15:07:12.575 D/AdbService( 486): boot completed
10-16 15:07:12.575 D/WifiService( 486): Handle boot completed
10-16 15:07:12.576 D/SoundTriggerService( 486): onBootPhase: 1000 : false
10-16 15:07:12.578 I/HibernationStateDiskStore( 486): No hibernation file on disk for file /data/system/hibernation/states
10-16 15:07:12.582 D/CompatibilityChangeReporter( 486): Compat change id reported: 168936375; UID 1000; state: DISABLED
10-16 15:07:12.582 D/CompatibilityChangeReporter( 486): Compat change id reported: 168936375; UID 1000; state: ENABLED
10-16 15:07:12.583 I/Tethering( 757): USB bcast connected:false configured:false rndis:false ncm:false
10-16 15:07:12.587 E/AdbDebuggingManager( 486): Expected keyStore, but got tag=adbKey
10-16 15:07:12.588 E/AdbDebuggingManager( 486): Expected keyStore, but got tag=adbKey
10-16 15:07:12.592 I/hwservicemanager( 180): Notifying android.hardware.wifi@1.5::IWifi/default they have clients: 1
10-16 15:07:12.592 I/HidlLazyUtils( 659): Process has 1 (of 1 available) client(s) in use after notification android.hardware.wifi@1.5::IWifi/default has clients: 1
10-16 15:07:12.595 D/CompatibilityChangeReporter( 486): Compat change id reported: 73144566; UID 1000; state: DISABLED
10-16 15:07:12.596 D/CompatibilityChangeReporter( 486): Compat change id reported: 73144566; UID 1000; state: ENABLED
10-16 15:07:12.598 I/WifiScoreCard( 486): Installing MemoryStore
10-16 15:07:12.599 I/WifiHealthMonitor( 486): Installing MemoryStore
10-16 15:07:12.602 D/GameManagerService( 486): onBootCompleted
10-16 15:07:12.605 D/AppSearchStatsCollector( 486): atoms registered
10-16 15:07:12.606 D/ActivityManagerTiming( 486): TotalBootTime took to complete: 7636ms
10-16 15:07:12.606 D/SystemServerInitThreadPool( 486): Shutdown requested
10-16 15:07:12.606 I/SystemServerTiming( 486): WaitInitThreadPoolShutdown
10-16 15:07:12.609 D/SystemServerInitThreadPool( 486): Shutdown successful
10-16 15:07:12.612 D/ActivityManager( 486): refreshZramWriteback
10-16 15:07:12.612 D/ActivityManager( 486): real start flush
10-16 15:07:12.612 I/adbd ( 381): adbd_auth: received a new framework connection
10-16 15:07:12.613 I/adbd ( 381): adbd_auth: received new framework fd 31 (current = -1)
10-16 15:07:12.614 W/ZramWriteback( 486): Writeback device is not set
10-16 15:07:12.614 D/ZramWriteback( 486): wait to flush
10-16 15:07:12.617 I/init ( 1): processing action (sys.boot_completed=1) from (/system/etc/init/hw/init.rc:1130)
10-16 15:07:12.619 I/init ( 1): starting service 'exec 16 (/bin/rm -rf /data/per_boot)'...
10-16 15:07:12.616 I/ActivityManager( 486): User 0 state changed from BOOTING to RUNNING_LOCKED
10-16 15:07:12.616 W/ActivityManager( 486): UserLifecycleEvent 4 received without an active userJourneySession.
10-16 15:07:12.626 I/init ( 1): SVC_EXEC service 'exec 16 (/bin/rm -rf /data/per_boot)' pid 1006 (uid 1000 gid 1000+0 context default) started; waiting...
10-16 15:07:12.623 D/StorageManagerService( 486): unlockUserKey: 0 isFileEncryptedNativeOrEmulated: false hasToken: false hasSecret: false
10-16 15:07:12.625 W/ActivityManager( 486): UserLifecycleEvent 5 received without an active userJourneySession.
10-16 15:07:12.625 D/ActivityManager( 486): Started unlocking user 0
10-16 15:07:12.625 D/ActivityManager( 486): Unlocking user 0 progress 0
10-16 15:07:12.626 D/ActivityManager( 486): Unlocking user 0 progress 5
10-16 15:07:12.626 D/vold ( 186): fscrypt_prepare_user_storage for volume null, user 0, serial 0, flags 2
10-16 15:07:12.627 D/vold ( 186): Preparing: /data/system_ce/0
10-16 15:07:12.627 D/vold ( 186): Preparing: /data/misc_ce/0
10-16 15:07:12.627 D/vold ( 186): Preparing: /data/vendor_ce/0
10-16 15:07:12.628 D/vold ( 186): Preparing: /data/media/0
10-16 15:07:12.628 D/vold ( 186): Preparing: /data/data
10-16 15:07:12.628 D/vold ( 186): Starting restorecon of /data/system_ce/0
10-16 15:07:12.635 D/vold ( 186): Finished restorecon of /data/system_ce/0
10-16 15:07:12.635 D/vold ( 186): Starting restorecon of /data/vendor_ce/0
10-16 15:07:12.642 D/vold ( 186): Finished restorecon of /data/vendor_ce/0
10-16 15:07:12.643 D/vold ( 186): Starting restorecon of /data/misc_ce/0
10-16 15:07:12.647 D/vold ( 186): Finished restorecon of /data/misc_ce/0
10-16 15:07:12.647 D/vold ( 186): /system/bin/vold_prepare_subdirs
10-16 15:07:12.648 D/vold ( 186): prepare
10-16 15:07:12.648 D/vold ( 186):
10-16 15:07:12.648 D/vold ( 186): 0
10-16 15:07:12.648 D/vold ( 186): 2
10-16 15:07:12.695 D/vold_prepare_subdirs( 1011): Setting up mode 771 uid 1000 gid 1000 context u:object_r:system_data_file:s0:c512,c768 on path: /data/data
10-16 15:07:12.698 D/vold_prepare_subdirs( 1011): Setting up mode 700 uid 0 gid 0 context u:object_r:vold_data_file:s0 on path: /data/misc_ce/0/vold
10-16 15:07:12.699 D/vold_prepare_subdirs( 1011): Setting up mode 700 uid 0 gid 0 context u:object_r:storaged_data_file:s0 on path: /data/misc_ce/0/storaged
10-16 15:07:12.701 D/vold_prepare_subdirs( 1011): Setting up mode 700 uid 0 gid 0 context u:object_r:rollback_data_file:s0 on path: /data/misc_ce/0/rollback
10-16 15:07:12.703 D/vold_prepare_subdirs( 1011): Setting up mode 700 uid 0 gid 0 context u:object_r:apex_rollback_data_file:s0 on path: /data/misc_ce/0/apexrollback
10-16 15:07:12.704 D/vold_prepare_subdirs( 1011): Setting up mode 711 uid 0 gid 0 context u:object_r:apex_module_data_file:s0 on path: /data/misc_ce/0/apexdata
10-16 15:07:12.706 D/vold_prepare_subdirs( 1011): Setting up mode 771 uid 0 gid 1000 context u:object_r:apex_wifi_data_file:s0 on path: /data/misc_ce/0/apexdata/com.android.wifi
10-16 15:07:12.709 D/vold_prepare_subdirs( 1011): Setting up mode 771 uid 0 gid 1000 context u:object_r:apex_module_data_file:s0 on path: /data/misc_ce/0/apexdata/com.android.vndk.v31
10-16 15:07:12.710 D/vold_prepare_subdirs( 1011): Setting up mode 771 uid 0 gid 1000 context u:object_r:apex_module_data_file:s0 on path: /data/misc_ce/0/apexdata/com.android.tzdata
10-16 15:07:12.711 D/vold_prepare_subdirs( 1011): Setting up mode 771 uid 0 gid 1000 context u:object_r:apex_module_data_file:s0 on path: /data/misc_ce/0/apexdata/com.android.tethering
10-16 15:07:12.712 D/vold_prepare_subdirs( 1011): Setting up mode 771 uid 0 gid 1000 context u:object_r:apex_module_data_file:s0 on path: /data/misc_ce/0/apexdata/com.android.sdkext
10-16 15:07:12.713 D/vold_prepare_subdirs( 1011): Setting up mode 771 uid 0 gid 1000 context u:object_r:apex_module_data_file:s0 on path: /data/misc_ce/0/apexdata/com.android.scheduling
10-16 15:07:12.714 D/vold_prepare_subdirs( 1011): Setting up mode 771 uid 0 gid 1000 context u:object_r:apex_module_data_file:s0 on path: /data/misc_ce/0/apexdata/com.android.runtime
10-16 15:07:12.715 D/vold_prepare_subdirs( 1011): Setting up mode 771 uid 0 gid 1000 context u:object_r:apex_module_data_file:s0 on path: /data/misc_ce/0/apexdata/com.android.resolv
10-16 15:07:12.716 D/vold_prepare_subdirs( 1011): Setting up mode 771 uid 0 gid 1000 context u:object_r:apex_permission_data_file:s0 on path: /data/misc_ce/0/apexdata/com.android.permission
10-16 15:07:12.717 D/vold_prepare_subdirs( 1011): Setting up mode 771 uid 0 gid 1000 context u:object_r:apex_module_data_file:s0 on path: /data/misc_ce/0/apexdata/com.android.os.statsd
10-16 15:07:12.718 D/vold_prepare_subdirs( 1011): Setting up mode 771 uid 0 gid 1000 context u:object_r:apex_module_data_file:s0 on path: /data/misc_ce/0/apexdata/com.android.neuralnetworks
10-16 15:07:12.720 D/vold_prepare_subdirs( 1011): Setting up mode 771 uid 0 gid 1000 context u:object_r:apex_module_data_file:s0 on path: /data/misc_ce/0/apexdata/com.android.mediaprovider
10-16 15:07:12.721 D/vold_prepare_subdirs( 1011): Setting up mode 771 uid 0 gid 1000 context u:object_r:apex_module_data_file:s0 on path: /data/misc_ce/0/apexdata/com.android.media.swcodec
10-16 15:07:12.722 D/vold_prepare_subdirs( 1011): Setting up mode 771 uid 0 gid 1000 context u:object_r:apex_module_data_file:s0 on path: /data/misc_ce/0/apexdata/com.android.media
10-16 15:07:12.723 D/vold_prepare_subdirs( 1011): Setting up mode 771 uid 0 gid 1000 context u:object_r:apex_module_data_file:s0 on path: /data/misc_ce/0/apexdata/com.android.ipsec
10-16 15:07:12.724 D/vold_prepare_subdirs( 1011): Setting up mode 771 uid 0 gid 1000 context u:object_r:apex_module_data_file:s0 on path: /data/misc_ce/0/apexdata/com.android.i18n
10-16 15:07:12.725 D/vold_prepare_subdirs( 1011): Setting up mode 771 uid 0 gid 1000 context u:object_r:apex_module_data_file:s0 on path: /data/misc_ce/0/apexdata/com.android.extservices
10-16 15:07:12.726 D/vold_prepare_subdirs( 1011): Setting up mode 771 uid 0 gid 1000 context u:object_r:apex_module_data_file:s0 on path: /data/misc_ce/0/apexdata/com.android.conscrypt
10-16 15:07:12.726 D/vold_prepare_subdirs( 1011): Setting up mode 771 uid 0 gid 1000 context u:object_r:apex_module_data_file:s0 on path: /data/misc_ce/0/apexdata/com.android.art
10-16 15:07:12.727 D/vold_prepare_subdirs( 1011): Setting up mode 771 uid 0 gid 1000 context u:object_r:apex_appsearch_data_file:s0 on path: /data/misc_ce/0/apexdata/com.android.appsearch
10-16 15:07:12.728 D/vold_prepare_subdirs( 1011): Setting up mode 771 uid 0 gid 1000 context u:object_r:apex_module_data_file:s0 on path: /data/misc_ce/0/apexdata/com.android.adbd
10-16 15:07:12.729 D/vold_prepare_subdirs( 1011): Setting up mode 700 uid 1000 gid 1000 context u:object_r:backup_data_file:s0 on path: /data/system_ce/0/backup
10-16 15:07:12.730 D/vold_prepare_subdirs( 1011): Setting up mode 700 uid 1000 gid 1000 context u:object_r:backup_data_file:s0 on path: /data/system_ce/0/backup_stage
10-16 15:07:12.731 D/vold_prepare_subdirs( 1011): Setting up mode 700 uid 1000 gid 1000 context u:object_r:face_vendor_data_file:s0 on path: /data/vendor_ce/0/facedata
10-16 15:07:12.742 V/UserDataPreparer( 486): Found /data/user/0 with serial number 0
10-16 15:07:12.742 V/UserDataPreparer( 486): Found /data/system_ce/0 with serial number 0
10-16 15:07:12.743 D/UserDataPreparer( 486): Setting property: sys.user.0.ce_available=true
10-16 15:07:12.745 V/PackageManager( 486): reconcileAppsData for null u0 0x2 migrateAppData=false
10-16 15:07:12.756 D/Tonal ( 676): Tonal Palette - index: 4. Main color: ff1e447a
10-16 15:07:12.756 D/Tonal ( 676): Colors: ff060d1a, ff0b162e, ff102343, ff17305c, ff1e447a, ff254a99, ff2d58b7, ff6180c3, ff6f8adc, ff889ce2, ffa5b0e9, ffced4f3, ffeaedfa
10-16 15:07:12.756 D/Tonal ( 676): Gradients:
10-16 15:07:12.756 D/Tonal ( 676): Normal GradientColors(ff1e447a, ff1e447a)
10-16 15:07:12.756 D/Tonal ( 676): Dark GradientColors(ff17305c, ff17305c)
10-16 15:07:12.756 D/Tonal ( 676): Extra dark: GradientColors(ff102343, ff102343)
10-16 15:07:12.756 D/Tonal ( 676): Tonal Palette - index: 4. Main color: ff1e447a
10-16 15:07:12.756 D/Tonal ( 676): Colors: ff060d1a, ff0b162e, ff102343, ff17305c, ff1e447a, ff254a99, ff2d58b7, ff6180c3, ff6f8adc, ff889ce2, ffa5b0e9, ffced4f3, ffeaedfa
10-16 15:07:12.756 D/Tonal ( 676): Gradients:
10-16 15:07:12.756 D/Tonal ( 676): Normal GradientColors(ff1e447a, ff1e447a)
10-16 15:07:12.756 D/Tonal ( 676): Dark GradientColors(ff17305c, ff17305c)
10-16 15:07:12.756 D/Tonal ( 676): Extra dark: GradientColors(ff102343, ff102343)
10-16 15:07:12.888 V/audio_hw_primary( 247): adev_set_parameters, A2dpSuspended=false
10-16 15:07:12.915 V/audio_hw_primary( 247): adev_set_parameters, BT_SCO=off
10-16 15:07:12.917 I/AS.AudioDeviceInventory( 486): removePreferredDevicesForStrategySync, strategy: 14
10-16 15:07:12.965 I/system_server( 486): Background young concurrent copying GC freed 163169(6029KB) AllocSpace objects, 25(1420KB) LOS objects, 40% free, 10MB/17MB, paused 529us total 186.689ms
10-16 15:07:12.981 I/init (162)( 162): drop_caches: 3
10-16 15:07:12.982 I/init ( 1): Command 'write /proc/sys/vm/drop_caches 3' action=sys.boot_completed=1 (/vendor/etc/init/hw/init.sun50iw9p1.rc:112) took 319ms and succeeded
10-16 15:07:12.976 I/init ( 162): type=1400 audit(0.0:371): avc: denied { write } for name="dirty_expire_centisecs" dev="proc" ino=13279 scontext=u:r:vendor_init:s0 tcontext=u:object_r:proc_dirty:s0 tclass=file permissive=1
10-16 15:07:12.983 W/System ( 486): A resource failed to call release.
10-16 15:07:12.984 W/System ( 486): A resource failed to call release.
10-16 15:07:12.984 W/System ( 486): A resource failed to call release.
10-16 15:07:12.984 W/System ( 486): A resource failed to call release.
10-16 15:07:12.989 I/init ( 1): processing action (ro.vendor.ramconfig=2 && sys.boot_completed=1) from (/vendor/etc/init/hw/init.ram.rc:29)
10-16 15:07:12.991 I/id.ext.service( 840): Background young concurrent copying GC freed 7658(476KB) AllocSpace objects, 0(0B) LOS objects, 89% free, 2961KB/26MB, paused 141us total 127.350ms
10-16 15:07:12.999 D/XM_HIDREAD( 318): add@ add@/kernel/slab/:0000008
10-16 15:07:12.996 I/xiriservice_All( 330): type=1400 audit(0.0:372): avc: denied { read } for scontext=u:r:init:s0 tcontext=u:r:init:s0 tclass=netlink_kobject_uevent_socket permissive=1
10-16 15:07:13.007 I/zram0 ( 1): detected capacity change from 0 to 1541578752
10-16 15:07:13.061 I/mkswap ( 1): Swapspace size: 1505444k, UUID=212d35c9-570b-4aeb-b365-baf40d929d44
10-16 15:07:13.081 I/ ( 1): Adding 1505444k swap on /dev/block/zram0. Priority:-2 extents:1 across:1505444k SS
10-16 15:07:13.082 I/init ( 1): Command 'swapon_all /vendor/etc/fstab.nswap' action=ro.vendor.ramconfig=2 && sys.boot_completed=1 (/vendor/etc/init/hw/init.ram.rc:30) took 92ms and succeeded
10-16 15:07:13.082 I/init ( 1): processing action (persist.vendor.adb.enabled=* && sys.boot_completed=1) from (/vendor/etc/init/hw/init.oranth.rc:62)
10-16 15:07:13.083 I/init ( 1): processing action (sys.boot_completed=1) from (/system/etc/init/appsdisable.rc:1)
10-16 15:07:13.085 I/init ( 1): starting service 'appsdisable'...
10-16 15:07:13.076 I/init ( 1013): type=1400 audit(0.0:373): avc: denied { entrypoint } for path="/system/bin/appsdisable" dev="dm-0" ino=892 scontext=u:r:shell:s0 tcontext=u:object_r:system_file:s0 tclass=file permissive=1
10-16 15:07:13.094 I/init ( 1): processing action (sys.boot_completed=1 && sys.bootstat.first_boot_completed=0) from (/system/etc/init/bootstat.rc:77)
10-16 15:07:13.095 I/init ( 1): starting service 'exec 17 (/system/bin/bootstat --record_boot_complete --record_boot_reason --record_time_since_factory_reset -l)'...
10-16 15:07:13.101 I/init ( 1): processing action (sys.boot_completed=1) from (/system/etc/init/fix_traceing.rc:1)
10-16 15:07:13.102 I/init ( 1): starting service 'fix_traceing'...
10-16 15:07:13.184 I/rainbow_flow( 324): type=1400 audit(0.0:374): avc: denied { ioctl } for path="/dev/spidev1.0" dev="tmpfs" ino=1274 ioctlcmd=0x6b00 scontext=u:r:init:s0 tcontext=u:object_r:device:s0 tclass=chr_file permissive=1
10-16 15:07:13.198 I/bootstat( 1014): Service started: /system/bin/bootstat --record_boot_complete --record_boot_reason --record_time_since_factory_reset -l
10-16 15:07:13.200 I/update_engine( 370): [INFO:cleanup_previous_update_action.cc(112)] Executing task 6
10-16 15:07:13.205 I/update_engine( 370): [INFO:cleanup_previous_update_action.cc(189)] Boot completed, waiting on markBootSuccessful()
10-16 15:07:13.205 E/bootstat( 1014): Failed to read /data/misc/bootstat/post_decrypt_time_elapsed: No such file or directory
10-16 15:07:13.205 E/bootstat( 1014): Failed to parse boot time record: /data/misc/bootstat/post_decrypt_time_elapsed
10-16 15:07:13.209 I/update_engine( 370): EnsureMetadataMounted does nothing in Android mode.
10-16 15:07:13.213 I/update_engine( 370): Read merge statistics file failed: No such file or directory
10-16 15:07:13.220 I/update_engine( 370): [INFO:cleanup_previous_update_action.cc(261)] Waiting for any previous merge request to complete. This can take up to several minutes.
10-16 15:07:13.225 E/update_engine( 370): Read state file failed: No such file or directory
10-16 15:07:13.229 D/XM_HIDREAD( 318): add@ add@/class/hci_reg
10-16 15:07:13.229 D/XM_HIDREAD( 318): add@ add@/module/sunxi_hci
10-16 15:07:13.233 E/update_engine( 370): Read state file failed: No such file or directory
10-16 15:07:13.236 W/bootstat( 1014): LogBootEvents, atomInfo not defined for events:last_boot_time_utc,build_date,ro.boottime.init.cold_boot_wait,boot_reason,system_boot_reason,time_since_last_boot
10-16 15:07:13.237 I/update_engine( 370): CheckMergeState for snapshots returned: 0
10-16 15:07:13.241 I/update_engine( 370): ProcessUpdateState handling state: 0
10-16 15:07:13.246 I/update_engine( 370): [INFO:cleanup_previous_update_action.cc(287)] Can't find any snapshot to merge.
