10-16 15:07:15.133 D/wpa_supplicant( 1161): nl80211: Supported vendor event: vendor_id=0x0 subcmd=0
10-16 15:07:15.133 D/wpa_supplicant( 1161): nl80211: Supported vendor event: vendor_id=0x0 subcmd=0
10-16 15:07:15.133 D/wpa_supplicant( 1161): nl80211: Supported vendor event: vendor_id=0x0 subcmd=0
10-16 15:07:15.133 D/wpa_supplicant( 1161): nl80211: Supported vendor event: vendor_id=0x0 subcmd=0
10-16 15:07:15.133 D/wpa_supplicant( 1161): nl80211: Supported vendor event: vendor_id=0x0 subcmd=0
10-16 15:07:15.133 D/wpa_supplicant( 1161): nl80211: Supported vendor event: vendor_id=0x0 subcmd=0
10-16 15:07:15.133 D/wpa_supplicant( 1161): nl80211: Supported vendor event: vendor_id=0x0 subcmd=0
10-16 15:07:15.133 D/wpa_supplicant( 1161): nl80211: Supported vendor event: vendor_id=0x0 subcmd=0
10-16 15:07:15.133 D/wpa_supplicant( 1161): nl80211: Supported vendor event: vendor_id=0x0 subcmd=0
10-16 15:07:15.133 D/wpa_supplicant( 1161): nl80211: Supported vendor event: vendor_id=0x0 subcmd=0
10-16 15:07:15.133 D/wpa_supplicant( 1161): nl80211: Supported vendor event: vendor_id=0x0 subcmd=0
10-16 15:07:15.133 D/wpa_supplicant( 1161): nl80211: Supported vendor event: vendor_id=0x0 subcmd=0
10-16 15:07:15.133 D/wpa_supplicant( 1161): nl80211: Supported vendor event: vendor_id=0x1374 subcmd=131
10-16 15:07:15.133 D/wpa_supplicant( 1161): nl80211: Supported vendor event: vendor_id=0x1374 subcmd=132
10-16 15:07:15.133 D/wpa_supplicant( 1161): nl80211: Supported vendor event: vendor_id=0x0 subcmd=0
10-16 15:07:15.133 D/wpa_supplicant( 1161): nl80211: Supported vendor event: vendor_id=0x0 subcmd=0
10-16 15:07:15.133 D/wpa_supplicant( 1161): nl80211: Supported vendor event: vendor_id=0x0 subcmd=0
10-16 15:07:15.133 D/wpa_supplicant( 1161): nl80211: Supported vendor event: vendor_id=0x0 subcmd=0
10-16 15:07:15.133 D/wpa_supplicant( 1161): nl80211: Supported vendor event: vendor_id=0x0 subcmd=0
10-16 15:07:15.133 D/wpa_supplicant( 1161): nl80211: Supported vendor event: vendor_id=0x0 subcmd=0
10-16 15:07:15.133 D/wpa_supplicant( 1161): nl80211: Supported vendor event: vendor_id=0x1374 subcmd=72
10-16 15:07:15.133 D/wpa_supplicant( 1161): nl80211: Use separate P2P group interface (driver advertised support)
10-16 15:07:15.133 D/wpa_supplicant( 1161): nl80211: Enable multi-channel concurrent (driver advertised support)
10-16 15:07:15.133 D/wpa_supplicant( 1161): nl80211: use P2P_DEVICE support
10-16 15:07:15.134 D/wpa_supplicant( 1161): nl80211: key_mgmt=0xd0f enc=0x10f auth=0x7 flags=0x100100007a007ac0 rrm_flags=0x0 probe_resp_offloads=0x0 max_stations=10 max_remain_on_chan=5000 max_scan_ssids=12
10-16 15:07:15.134 D/wpa_supplicant( 1161): nl80211: interface wlan0 in phy phy0
10-16 15:07:15.134 D/wpa_supplicant( 1161): nl80211: Set mode ifindex 14 iftype 2 (STATION)
10-16 15:07:15.134 D/wpa_supplicant( 1161): nl80211: Subscribe to mgmt frames with non-AP handle 0xef3b87a0
10-16 15:07:15.134 D/wpa_supplicant( 1161): nl80211: Register frame type=0xb0 (WLAN_FC_STYPE_AUTH) nl_handle=0xef3b87a0 match=0300 multicast=0
10-16 15:07:15.134 D/wpa_supplicant( 1161): nl80211: Register frame command failed (type=176): ret=-22 (Invalid argument)
10-16 15:07:15.134 D/wpa_supplicant( 1161): nl80211: Register frame match - hexdump(len=2): 03 00
10-16 15:07:15.134 D/wpa_supplicant( 1161): nl80211: Register frame type=0xd0 (WLAN_FC_STYPE_ACTION) nl_handle=0xef3b87a0 match=0104 multicast=0
10-16 15:07:15.137 D/wpa_supplicant( 1161): nl80211: Register frame type=0xd0 (WLAN_FC_STYPE_ACTION) nl_handle=0xef3b87a0 match=040a multicast=0
10-16 15:07:15.137 D/wpa_supplicant( 1161): nl80211: Register frame type=0xd0 (WLAN_FC_STYPE_ACTION) nl_handle=0xef3b87a0 match=040b multicast=0
10-16 15:07:15.137 D/wpa_supplicant( 1161): nl80211: Register frame type=0xd0 (WLAN_FC_STYPE_ACTION) nl_handle=0xef3b87a0 match=040c multicast=0
10-16 15:07:15.137 D/wpa_supplicant( 1161): nl80211: Register frame type=0xd0 (WLAN_FC_STYPE_ACTION) nl_handle=0xef3b87a0 match=040d multicast=0
10-16 15:07:15.137 D/wpa_supplicant( 1161): nl80211: Register frame type=0xd0 (WLAN_FC_STYPE_ACTION) nl_handle=0xef3b87a0 match=090a multicast=0
10-16 15:07:15.137 D/wpa_supplicant( 1161): nl80211: Register frame type=0xd0 (WLAN_FC_STYPE_ACTION) nl_handle=0xef3b87a0 match=090b multicast=0
10-16 15:07:15.138 D/wpa_supplicant( 1161): nl80211: Register frame type=0xd0 (WLAN_FC_STYPE_ACTION) nl_handle=0xef3b87a0 match=090c multicast=0
10-16 15:07:15.138 D/wpa_supplicant( 1161): nl80211: Register frame type=0xd0 (WLAN_FC_STYPE_ACTION) nl_handle=0xef3b87a0 match=090d multicast=0
10-16 15:07:15.138 D/wpa_supplicant( 1161): nl80211: Register frame type=0xd0 (WLAN_FC_STYPE_ACTION) nl_handle=0xef3b87a0 match=0409506f9a09 multicast=0
10-16 15:07:15.138 D/wpa_supplicant( 1161): nl80211: Register frame type=0xd0 (WLAN_FC_STYPE_ACTION) nl_handle=0xef3b87a0 match=7f506f9a09 multicast=0
10-16 15:07:15.138 D/wpa_supplicant( 1161): nl80211: Register frame type=0xd0 (WLAN_FC_STYPE_ACTION) nl_handle=0xef3b87a0 match=0409506f9a1a multicast=0
10-16 15:07:15.138 D/wpa_supplicant( 1161): nl80211: Register frame type=0xd0 (WLAN_FC_STYPE_ACTION) nl_handle=0xef3b87a0 match=0801 multicast=0
10-16 15:07:15.138 D/wpa_supplicant( 1161): nl80211: Register frame type=0xd0 (WLAN_FC_STYPE_ACTION) nl_handle=0xef3b87a0 match=06 multicast=0
10-16 15:07:15.138 D/wpa_supplicant( 1161): nl80211: Register frame type=0xd0 (WLAN_FC_STYPE_ACTION) nl_handle=0xef3b87a0 match=0a07 multicast=0
10-16 15:07:15.138 D/wpa_supplicant( 1161): nl80211: Register frame type=0xd0 (WLAN_FC_STYPE_ACTION) nl_handle=0xef3b87a0 match=0a11 multicast=0
10-16 15:07:15.138 D/wpa_supplicant( 1161): nl80211: Register frame type=0xd0 (WLAN_FC_STYPE_ACTION) nl_handle=0xef3b87a0 match=0a0b multicast=0
10-16 15:07:15.139 D/wpa_supplicant( 1161): nl80211: Register frame type=0xd0 (WLAN_FC_STYPE_ACTION) nl_handle=0xef3b87a0 match=0a1a multicast=0
10-16 15:07:15.139 D/wpa_supplicant( 1161): nl80211: Register frame type=0xd0 (WLAN_FC_STYPE_ACTION) nl_handle=0xef3b87a0 match=1101 multicast=0
10-16 15:07:15.139 D/wpa_supplicant( 1161): nl80211: Register frame type=0xd0 (WLAN_FC_STYPE_ACTION) nl_handle=0xef3b87a0 match=1102 multicast=0
10-16 15:07:15.139 D/wpa_supplicant( 1161): nl80211: Register frame type=0xd0 (WLAN_FC_STYPE_ACTION) nl_handle=0xef3b87a0 match=0505 multicast=0
10-16 15:07:15.139 D/wpa_supplicant( 1161): nl80211: Register frame type=0xd0 (WLAN_FC_STYPE_ACTION) nl_handle=0xef3b87a0 match=0500 multicast=0
10-16 15:07:15.139 D/wpa_supplicant( 1161): nl80211: Register frame type=0xd0 (WLAN_FC_STYPE_ACTION) nl_handle=0xef3b87a0 match=1305 multicast=0
10-16 15:07:15.140 I/wpa_supplicant( 1161): rfkill: Cannot open RFKILL control device
10-16 15:07:15.140 D/wpa_supplicant( 1161): nl80211: RFKILL status not available
10-16 15:07:15.140 D/wpa_supplicant( 1161): netlink: Operstate: ifindex=14 linkmode=1 (userspace-control), operstate=5 (IF_OPER_DORMANT)
10-16 15:07:15.146 I/EthernetTracker( 486): interfaceLinkStateChanged, iface: wlan0, up: true
10-16 15:07:15.146 W/PppoeNetworkFactory( 486): interfaceLinkStateChanged
10-16 15:07:15.146 D/PppoeNetworkFactory( 486): updateInterface: mIface: mPhyIface:eth0 iface:wlan0 link:up
10-16 15:07:15.146 D/PppoeNetworkFactory( 486): not tracker interface
10-16 15:07:15.147 I/EthernetTracker( 486): interfaceLinkStateChanged, iface: wlan0, up: true
10-16 15:07:15.147 W/PppoeNetworkFactory( 486): interfaceLinkStateChanged
10-16 15:07:15.147 D/PppoeNetworkFactory( 486): updateInterface: mIface: mPhyIface:eth0 iface:wlan0 link:up
10-16 15:07:15.147 D/PppoeNetworkFactory( 486): not tracker interface
10-16 15:07:15.147 D/wpa_supplicant( 1161): Add interface wlan0 to a new radio phy0
10-16 15:07:15.150 V/MediaProvider( 1052): onOpen() for external.db
10-16 15:07:15.152 D/wpa_supplicant( 1161): nl80211: No channel number found for frequency 5920 MHz
10-16 15:07:15.152 D/wpa_supplicant( 1161): nl80211: No channel number found for frequency 5940 MHz
10-16 15:07:15.152 I/adbd ( 381): jdwp connection from 1174
10-16 15:07:15.153 D/wpa_supplicant( 1161): nl80211: Regulatory information - country=CN (DFS-FCC)
10-16 15:07:15.153 D/wpa_supplicant( 1161): nl80211: 2400-2483 @ 40 MHz 20 mBm
10-16 15:07:15.153 D/wpa_supplicant( 1161): nl80211: 5150-5350 @ 80 MHz 20 mBm (DFS)
10-16 15:07:15.153 D/wpa_supplicant( 1161): nl80211: 5725-5850 @ 80 MHz 33 mBm
10-16 15:07:15.153 D/wpa_supplicant( 1161): nl80211: 57240-59400 @ 2160 MHz 28 mBm
10-16 15:07:15.153 D/wpa_supplicant( 1161): nl80211: 59400-63720 @ 2160 MHz 44 mBm
10-16 15:07:15.153 D/wpa_supplicant( 1161): nl80211: 63720-65880 @ 2160 MHz 28 mBm
10-16 15:07:15.153 D/wpa_supplicant( 1161): nl80211: Added 802.11b mode based on 802.11g information
10-16 15:07:15.153 D/wpa_supplicant( 1161): nl80211: Mode IEEE 802.11g: 2412 2417 2422 2427 2432 2437 2442 2447 2452 2457 2462 2467 2472 2484[DISABLED]
10-16 15:07:15.153 D/wpa_supplicant( 1161): nl80211: Mode IEEE 802.11a: 5170[DISABLED] 5180 5200 5220 5240 5260[RADAR] 5280[RADAR] 5300[RADAR] 5320[RADAR] 5500[DISABLED][RADAR] 5520[DISABLED][RADAR] 5540[DISABLED][RADAR] 5560[DISABLED][RADAR] 5580[DISABLED][RADAR]
10-16 15:07:15.153 D/wpa_supplicant( 1161): nl80211: Mode IEEE 802.11b: 2412 2417 2422 2427 2432 2437 2442 2447 2452 2457 2462 2467 2472 2484[DISABLED]
10-16 15:07:15.171 V/MediaProvider( 1052): onOpen() finished for external.db
10-16 15:07:15.182 I/BluetoothHeadsetServiceJni( 669): classInitNative: succeeds
10-16 15:07:15.183 I/bt_btif ( 669): system/bt/btif/src/bluetooth.cc:417 get_profile_interface: get_profile_interface: id = handsfree
10-16 15:07:15.185 I/bt_stack( 669): [INFO:btif_hf.cc(1491)] GetInterface
10-16 15:07:15.186 I/bt_stack( 669): [INFO:btif_hf.cc(289)] btif_hf_upstreams_evt: AG enable/disable event 0
10-16 15:07:15.186 I/bt_bta_dm( 669): system/bt/bta/dm/bta_dm_act.cc:3191 bta_dm_eir_update_uuid: EIR Adding UUID=0x1112 into extended inquiry response
10-16 15:07:15.186 I/bt_bta_dm( 669): system/bt/bta/dm/bta_dm_act.cc:2890 bta_dm_set_eir: Generating extended inquiry response packet EIR
10-16 15:07:15.186 I/bt_bta_dm( 669): system/bt/bta/dm/bta_dm_act.cc:3191 bta_dm_eir_update_uuid: EIR Adding UUID=0x111F into extended inquiry response
10-16 15:07:15.186 I/bt_bta_dm( 669): system/bt/bta/dm/bta_dm_act.cc:2890 bta_dm_set_eir: Generating extended inquiry response packet EIR
10-16 15:07:15.186 I/bt_stack( 669): [INFO:port_api.cc(234)] RFCOMM_CreateConnection: bd_addr=ff:ff:ff:ff:ff:ff, scn=2, is_server=1, mtu=256, uuid=0x1112, dlci=4, signal_state=0x0b, p_port=0xc2b4a524
10-16 15:07:15.186 I/bt_stack( 669): [INFO:port_api.cc(234)] RFCOMM_CreateConnection: bd_addr=ff:ff:ff:ff:ff:ff, scn=3, is_server=1, mtu=256, uuid=0x111f, dlci=6, signal_state=0x0b, p_port=0xc2b4a5ac
10-16 15:07:15.186 I/bt_stack( 669): [INFO:port_api.cc(234)] RFCOMM_CreateConnection: bd_addr=ff:ff:ff:ff:ff:ff, scn=2, is_server=1, mtu=256, uuid=0x1112, dlci=4, signal_state=0x0b, p_port=0xc2b4a634
10-16 15:07:15.186 I/bt_btif_storage( 669): system/bt/btif/src/btif_storage.cc:661 btif_storage_get_adapter_property: btif_storage_get_adapter_property service_mask:0x20000040
10-16 15:07:15.200 D/wpa_supplicant( 1161): wlan0: Own MAC address: f4:ab:5c:b3:c4:33
10-16 15:07:15.200 D/wpa_supplicant( 1161): wpa_driver_nl80211_set_key: ifindex=14 (wlan0) alg=0 addr=0x0 key_idx=0 set_tx=0 seq_len=0 key_len=0 key_flag=0x10
10-16 15:07:15.200 D/wpa_supplicant( 1161): nl80211: DEL_KEY
10-16 15:07:15.200 D/wpa_supplicant( 1161): broadcast key
10-16 15:07:15.201 D/wpa_supplicant( 1161): wpa_driver_nl80211_set_key: ifindex=14 (wlan0) alg=0 addr=0x0 key_idx=1 set_tx=0 seq_len=0 key_len=0 key_flag=0x10
10-16 15:07:15.202 D/wpa_supplicant( 1161): nl80211: DEL_KEY
10-16 15:07:15.202 D/wpa_supplicant( 1161): broadcast key
10-16 15:07:15.202 D/wpa_supplicant( 1161): wpa_driver_nl80211_set_key: ifindex=14 (wlan0) alg=0 addr=0x0 key_idx=2 set_tx=0 seq_len=0 key_len=0 key_flag=0x10
10-16 15:07:15.202 D/wpa_supplicant( 1161): nl80211: DEL_KEY
10-16 15:07:15.202 D/wpa_supplicant( 1161): broadcast key
10-16 15:07:15.202 D/wpa_supplicant( 1161): wpa_driver_nl80211_set_key: ifindex=14 (wlan0) alg=0 addr=0x0 key_idx=3 set_tx=0 seq_len=0 key_len=0 key_flag=0x10
10-16 15:07:15.202 D/wpa_supplicant( 1161): nl80211: DEL_KEY
10-16 15:07:15.202 D/wpa_supplicant( 1161): broadcast key
10-16 15:07:15.203 D/wpa_supplicant( 1161): wpa_driver_nl80211_set_key: ifindex=14 (wlan0) alg=0 addr=0x0 key_idx=4 set_tx=0 seq_len=0 key_len=0 key_flag=0x10
10-16 15:07:15.203 D/wpa_supplicant( 1161): nl80211: DEL_KEY
10-16 15:07:15.203 D/wpa_supplicant( 1161): broadcast key
10-16 15:07:15.203 D/wpa_supplicant( 1161): wpa_driver_nl80211_set_key: ifindex=14 (wlan0) alg=0 addr=0x0 key_idx=5 set_tx=0 seq_len=0 key_len=0 key_flag=0x10
10-16 15:07:15.203 D/wpa_supplicant( 1161): nl80211: DEL_KEY
10-16 15:07:15.203 D/wpa_supplicant( 1161): broadcast key
10-16 15:07:15.203 D/wpa_supplicant( 1161): wlan0: RSN: flushing PMKID list in the driver
10-16 15:07:15.203 D/wpa_supplicant( 1161): nl80211: Flush PMKIDs
10-16 15:07:15.205 D/wpa_supplicant( 1161): wlan0: State: DISCONNECTED -> INACTIVE
10-16 15:07:15.206 D/wpa_supplicant( 1161): Notifying state change event to hidl control: 2
10-16 15:07:15.215 I/A2dpService( 669): create()
10-16 15:07:15.216 I/bt_stack( 669): [INFO:port_api.cc(234)] RFCOMM_CreateConnection: bd_addr=ff:ff:ff:ff:ff:ff, scn=3, is_server=1, mtu=256, uuid=0x111f, dlci=6, signal_state=0x0b, p_port=0xc2b4a6bc
10-16 15:07:15.216 I/bt_stack( 669): [INFO:port_api.cc(234)] RFCOMM_CreateConnection: bd_addr=ff:ff:ff:ff:ff:ff, scn=2, is_server=1, mtu=256, uuid=0x1112, dlci=4, signal_state=0x0b, p_port=0xc2b4a744
10-16 15:07:15.216 I/bt_stack( 669): [INFO:port_api.cc(234)] RFCOMM_CreateConnection: bd_addr=ff:ff:ff:ff:ff:ff, scn=3, is_server=1, mtu=256, uuid=0x111f, dlci=6, signal_state=0x0b, p_port=0xc2b4a7cc
10-16 15:07:15.216 I/bt_stack( 669): [INFO:port_api.cc(234)] RFCOMM_CreateConnection: bd_addr=ff:ff:ff:ff:ff:ff, scn=2, is_server=1, mtu=256, uuid=0x1112, dlci=4, signal_state=0x0b, p_port=0xc2b4a854
10-16 15:07:15.216 I/bt_stack( 669): [INFO:port_api.cc(234)] RFCOMM_CreateConnection: bd_addr=ff:ff:ff:ff:ff:ff, scn=3, is_server=1, mtu=256, uuid=0x111f, dlci=6, signal_state=0x0b, p_port=0xc2b4a8dc
10-16 15:07:15.217 I/bt_stack( 669): [INFO:port_api.cc(234)] RFCOMM_CreateConnection: bd_addr=ff:ff:ff:ff:ff:ff, scn=2, is_server=1, mtu=256, uuid=0x1112, dlci=4, signal_state=0x0b, p_port=0xc2b4a964
10-16 15:07:15.217 I/bt_stack( 669): [INFO:port_api.cc(234)] RFCOMM_CreateConnection: bd_addr=ff:ff:ff:ff:ff:ff, scn=3, is_server=1, mtu=256, uuid=0x111f, dlci=6, signal_state=0x0b, p_port=0xc2b4a9ec
10-16 15:07:15.217 I/bt_stack( 669): [INFO:port_api.cc(234)] RFCOMM_CreateConnection: bd_addr=ff:ff:ff:ff:ff:ff, scn=2, is_server=1, mtu=256, uuid=0x1112, dlci=4, signal_state=0x0b, p_port=0xc2b4aa74
10-16 15:07:15.217 I/bt_stack( 669): [INFO:port_api.cc(234)] RFCOMM_CreateConnection: bd_addr=ff:ff:ff:ff:ff:ff, scn=3, is_server=1, mtu=256, uuid=0x111f, dlci=6, signal_state=0x0b, p_port=0xc2b4aafc
10-16 15:07:15.218 D/BluetoothA2dp( 486): Proxy object connected
10-16 15:07:15.218 D/BluetoothA2dp( 486): Proxy object connected
10-16 15:07:15.219 D/BluetoothA2dp( 676): Proxy object connected
10-16 15:07:15.219 D/BluetoothA2dp( 486): Proxy object connected
10-16 15:07:15.223 I/A2dpService( 669): start()
10-16 15:07:15.224 I/BluetoothA2dpServiceJni( 669): classInitNative: succeeds
10-16 15:07:15.224 I/A2dpService( 669): Max connected audio devices set to 5
10-16 15:07:15.227 I/bt_btif ( 669): system/bt/btif/src/bluetooth.cc:417 get_profile_interface: get_profile_interface: id = a2dp
10-16 15:07:15.227 I/btif_av ( 669): system/bt/btif/src/btif_av.cc:965 Init: bt_status_t BtifAvSource::Init(btav_source_callbacks_t *, int, const std::vector &, const std::vector &): max_connected_audio_devices=5
10-16 15:07:15.227 I/a2dp_codec( 669): system/bt/stack/a2dp/a2dp_codec_config.cc:569 init: init
10-16 15:07:15.227 I/a2dp_codec( 669): system/bt/stack/a2dp/a2dp_codec_config.cc:113 createCodec: createCodec: codec SBC
10-16 15:07:15.227 I/a2dp_codec( 669): system/bt/stack/a2dp/a2dp_codec_config.cc:633 init: init: updated SBC codec priority to 1001
10-16 15:07:15.227 I/a2dp_codec( 669): system/bt/stack/a2dp/a2dp_codec_config.cc:113 createCodec: createCodec: codec AAC
10-16 15:07:15.227 I/a2dp_codec( 669): system/bt/stack/a2dp/a2dp_codec_config.cc:633 init: init: updated AAC codec priority to 2001
10-16 15:07:15.227 I/a2dp_codec( 669): system/bt/stack/a2dp/a2dp_codec_config.cc:113 createCodec: createCodec: codec aptX
10-16 15:07:15.230 E/a2dp_vendor_aptx_encoder( 669): system/bt/stack/a2dp/a2dp_vendor_aptx_encoder.cc:123 A2DP_VendorLoadEncoderAptx: A2DP_VendorLoadEncoderAptx: cannot open aptX encoder library libaptX_encoder.so: dlopen failed: library "libaptX_encoder.so" not found
10-16 15:07:15.230 E/a2dp_vendor_aptx( 669): system/bt/stack/a2dp/a2dp_vendor_aptx.cc:465 init: init: cannot load the encoder
10-16 15:07:15.230 I/a2dp_codec( 669): system/bt/stack/a2dp/a2dp_codec_config.cc:113 createCodec: createCodec: codec aptX-HD
10-16 15:07:15.232 E/a2dp_vendor_aptx_hd_encoder( 669): system/bt/stack/a2dp/a2dp_vendor_aptx_hd_encoder.cc:123 A2DP_VendorLoadEncoderAptxHd: A2DP_VendorLoadEncoderAptxHd: cannot open aptX-HD encoder library libaptXHD_encoder.so: dlopen failed: library "libaptXHD_encoder.so" not found
10-16 15:07:15.232 E/a2dp_vendor_aptx_hd( 669): system/bt/stack/a2dp/a2dp_vendor_aptx_hd.cc:483 init: init: cannot load the encoder
10-16 15:07:15.232 I/a2dp_codec( 669): system/bt/stack/a2dp/a2dp_codec_config.cc:113 createCodec: createCodec: codec LDAC
10-16 15:07:15.239 I/a2dp_codec( 669): system/bt/stack/a2dp/a2dp_codec_config.cc:633 init: init: updated LDAC codec priority to 5001
10-16 15:07:15.239 I/a2dp_codec( 669): system/bt/stack/a2dp/a2dp_codec_config.cc:113 createCodec: createCodec: codec SBC SINK
10-16 15:07:15.240 I/a2dp_codec( 669): system/bt/stack/a2dp/a2dp_codec_config.cc:113 createCodec: createCodec: codec AAC SINK
10-16 15:07:15.244 D/wpa_supplicant( 1161): TDLS: TDLS operation not supported by driver
10-16 15:07:15.244 D/wpa_supplicant( 1161): TDLS: Driver uses internal link setup
10-16 15:07:15.244 D/wpa_supplicant( 1161): TDLS: Driver does not support TDLS channel switching
10-16 15:07:15.256 D/CompatibilityChangeReporter( 486): Compat change id reported: 168419799; UID 1000; state: DISABLED
10-16 15:07:15.256 I/a2dp_codec( 669): system/bt/stack/a2dp/a2dp_codec_config.cc:113 createCodec: createCodec: codec LDAC SINK
10-16 15:07:15.258 D/wpa_supplicant( 1161): wlan0: WPS: UUID based on MAC address: e1ac71c4-c1bf-5a5f-8282-49005396accd
10-16 15:07:15.259 E/a2dp_vendor_ldac_decoder( 669): system/bt/stack/a2dp/a2dp_vendor_ldac_decoder.cc:134 A2DP_VendorLoadDecoderLdac: A2DP_VendorLoadDecoderLdac: cannot open LDAC decoder library libldacBT_bco.so: dlopen failed: library "libldacBT_bco.so" not found
10-16 15:07:15.259 E/a2dp_vendor_ldac( 669): system/bt/stack/a2dp/a2dp_vendor_ldac.cc:1418 init: init: cannot load the decoder
10-16 15:07:15.259 I/a2dp_codec( 669): system/bt/stack/a2dp/a2dp_codec_config.cc:658 init: init: initialized Source codec LDAC
10-16 15:07:15.260 I/a2dp_codec( 669): system/bt/stack/a2dp/a2dp_codec_config.cc:658 init: init: initialized Source codec AAC
10-16 15:07:15.260 I/a2dp_codec( 669): system/bt/stack/a2dp/a2dp_codec_config.cc:658 init: init: initialized Source codec SBC
10-16 15:07:15.260 I/a2dp_codec( 669): system/bt/stack/a2dp/a2dp_codec_config.cc:665 init: init: initialized Sink codec AAC SINK
10-16 15:07:15.260 I/a2dp_codec( 669): system/bt/stack/a2dp/a2dp_codec_config.cc:665 init: init: initialized Sink codec SBC SINK
10-16 15:07:15.260 I/a2dp_codec( 669): system/bt/stack/a2dp/a2dp_codec_config.cc:569 init: init
10-16 15:07:15.260 I/a2dp_codec( 669): system/bt/stack/a2dp/a2dp_codec_config.cc:113 createCodec: createCodec: codec SBC
10-16 15:07:15.260 I/a2dp_codec( 669): system/bt/stack/a2dp/a2dp_codec_config.cc:633 init: init: updated SBC codec priority to 1001
10-16 15:07:15.260 I/a2dp_codec( 669): system/bt/stack/a2dp/a2dp_codec_config.cc:113 createCodec: createCodec: codec AAC
10-16 15:07:15.260 I/a2dp_codec( 669): system/bt/stack/a2dp/a2dp_codec_config.cc:633 init: init: updated AAC codec priority to 2001
10-16 15:07:15.260 I/a2dp_codec( 669): system/bt/stack/a2dp/a2dp_codec_config.cc:113 createCodec: createCodec: codec aptX
10-16 15:07:15.262 D/wpa_supplicant( 1161): EAPOL: SUPP_PAE entering state DISCONNECTED
10-16 15:07:15.262 D/wpa_supplicant( 1161): EAPOL: Supplicant port status: Unauthorized
10-16 15:07:15.262 D/wpa_supplicant( 1161): nl80211: Skip set_supp_port(unauthorized) while not associated
10-16 15:07:15.262 D/wpa_supplicant( 1161): EAPOL: KEY_RX entering state NO_KEY_RECEIVE
10-16 15:07:15.262 D/wpa_supplicant( 1161): EAPOL: SUPP_BE entering state INITIALIZE
10-16 15:07:15.262 D/wpa_supplicant( 1161): EAP: EAP entering state DISABLED
10-16 15:07:15.262 D/QuickLifeImpl( 1035): DatabaseHelper
10-16 15:07:15.262 D/QuickLifeImpl( 1035): initSQLiteDatabase : mDatabase = null
10-16 15:07:15.263 D/wpa_supplicant( 1161): Using existing control interface directory.
10-16 15:07:15.263 D/wpa_supplicant( 1161): nl80211: Setting wowlan
10-16 15:07:15.265 E/a2dp_vendor_aptx_encoder( 669): system/bt/stack/a2dp/a2dp_vendor_aptx_encoder.cc:123 A2DP_VendorLoadEncoderAptx: A2DP_VendorLoadEncoderAptx: cannot open aptX encoder library libaptX_encoder.so: dlopen failed: library "libaptX_encoder.so" not found
10-16 15:07:15.265 E/a2dp_vendor_aptx( 669): system/bt/stack/a2dp/a2dp_vendor_aptx.cc:465 init: init: cannot load the encoder
10-16 15:07:15.265 I/a2dp_codec( 669): system/bt/stack/a2dp/a2dp_codec_config.cc:113 createCodec: createCodec: codec aptX-HD
10-16 15:07:15.266 D/wpa_supplicant( 1161): MBO: Update non-preferred channels, non_pref_chan=N/A
10-16 15:07:15.266 D/wpa_supplicant( 1161): Registering interface to hidl control: wlan0
10-16 15:07:15.266 D/wpa_supplicant( 1161): wlan0: Added interface wlan0
10-16 15:07:15.266 D/wpa_supplicant( 1161): wlan0: State: INACTIVE -> DISCONNECTED
10-16 15:07:15.266 D/wpa_supplicant( 1161): nl80211: Set wlan0 operstate 0->0 (DORMANT)
10-16 15:07:15.266 D/wpa_supplicant( 1161): netlink: Operstate: ifindex=14 linkmode=-1 (no change), operstate=5 (IF_OPER_DORMANT)
10-16 15:07:15.267 D/wpa_supplicant( 1161): Notifying state change event to hidl control: 0
10-16 15:07:15.267 D/wpa_supplicant( 1161): nl80211: Create interface iftype 10 (P2P_DEVICE)
10-16 15:07:15.268 D/wpa_supplicant( 1161): nl80211: New P2P Device interface p2p-dev-wlan0 (0x3) created
10-16 15:07:15.268 D/wpa_supplicant( 1161): Override interface parameter: ctrl_interface ('/data/vendor/wifi/wpa/sockets' -> '/data/vendor/wifi/wpa/sockets')
10-16 15:07:15.268 D/wpa_supplicant( 1161): Initializing interface 'p2p-dev-wlan0' conf '/data/vendor/wifi/wpa/wpa_supplicant.conf' driver 'nl80211' ctrl_interface '/data/vendor/wifi/wpa/sockets' bridge 'N/A'
10-16 15:07:15.268 D/wpa_supplicant( 1161): Configuration file '/data/vendor/wifi/wpa/wpa_supplicant.conf' -> '/data/vendor/wifi/wpa/wpa_supplicant.conf'
10-16 15:07:15.268 D/wpa_supplicant( 1161): Reading configuration file '/data/vendor/wifi/wpa/wpa_supplicant.conf'
10-16 15:07:15.268 D/wpa_supplicant( 1161): update_config=1
10-16 15:07:15.268 D/wpa_supplicant( 1161): eapol_version=1
10-16 15:07:15.268 D/wpa_supplicant( 1161): ap_scan=1
10-16 15:07:15.268 D/wpa_supplicant( 1161): fast_reauth=1
10-16 15:07:15.268 D/wpa_supplicant( 1161): pmf=1
10-16 15:07:15.268 D/wpa_supplicant( 1161): p2p_add_cli_chan=1
10-16 15:07:15.268 D/wpa_supplicant( 1161): oce=1
10-16 15:07:15.268 D/wpa_supplicant( 1161): sae_pwe=2
10-16 15:07:15.270 D/wpa_supplicant( 1161): nl80211: Supported cipher 00-0f-ac:1
10-16 15:07:15.270 D/wpa_supplicant( 1161): nl80211: Supported cipher 00-0f-ac:5
10-16 15:07:15.270 D/wpa_supplicant( 1161): nl80211: Supported cipher 00-0f-ac:2
10-16 15:07:15.270 D/wpa_supplicant( 1161): nl80211: Supported cipher 00-0f-ac:4
10-16 15:07:15.270 D/wpa_supplicant( 1161): nl80211: Supported cipher 00-14-72:1
10-16 15:07:15.270 D/wpa_supplicant( 1161): nl80211: Supported cipher 00-0f-ac:6
10-16 15:07:15.270 D/wpa_supplicant( 1161): nl80211: Supported cipher 00-0f-ac:255
10-16 15:07:15.270 D/wpa_supplicant( 1161): nl80211: Supported vendor command: vendor_id=0x1374 subcmd=9
10-16 15:07:15.270 D/wpa_supplicant( 1161): nl80211: Supported vendor command: vendor_id=0x1374 subcmd=12
10-16 15:07:15.270 D/wpa_supplicant( 1161): nl80211: Supported vendor command: vendor_id=0x1374 subcmd=14
10-16 15:07:15.270 D/wpa_supplicant( 1161): nl80211: Supported vendor command: vendor_id=0x1374 subcmd=15
10-16 15:07:15.270 D/wpa_supplicant( 1161): nl80211: Supported vendor command: vendor_id=0x1374 subcmd=16
10-16 15:07:15.270 D/wpa_supplicant( 1161): nl80211: Supported vendor command: vendor_id=0x1374 subcmd=20
10-16 15:07:15.270 D/wpa_supplicant( 1161): nl80211: Supported vendor command: vendor_id=0x1a11 subcmd=6
10-16 15:07:15.270 D/wpa_supplicant( 1161): nl80211: Supported vendor command: vendor_id=0x1374 subcmd=21
10-16 15:07:15.270 D/wpa_supplicant( 1161): nl80211: Supported vendor command: vendor_id=0x1374 subcmd=22
10-16 15:07:15.270 D/wpa_supplicant( 1161): nl80211: Supported vendor command: vendor_id=0x1374 subcmd=23
10-16 15:07:15.270 D/wpa_supplicant( 1161): nl80211: Supported vendor command: vendor_id=0x1374 subcmd=24
10-16 15:07:15.270 D/wpa_supplicant( 1161): nl80211: Supported vendor command: vendor_id=0x1374 subcmd=29
10-16 15:07:15.270 D/wpa_supplicant( 1161): nl80211: Supported vendor command: vendor_id=0x1374 subcmd=30
10-16 15:07:15.270 D/wpa_supplicant( 1161): nl80211: Supported vendor command: vendor_id=0x1374 subcmd=32
10-16 15:07:15.270 D/wpa_supplicant( 1161): nl80211: Supported vendor command: vendor_id=0x1374 subcmd=33
10-16 15:07:15.270 D/wpa_supplicant( 1161): nl80211: Supported vendor command: vendor_id=0x1374 subcmd=38
10-16 15:07:15.270 D/wpa_supplicant( 1161): nl80211: Supported vendor command: vendor_id=0x1374 subcmd=39
10-16 15:07:15.270 D/wpa_supplicant( 1161): nl80211: Supported vendor command: vendor_id=0x1374 subcmd=42
10-16 15:07:15.270 D/wpa_supplicant( 1161): nl80211: Supported vendor command: vendor_id=0x1374 subcmd=55
10-16 15:07:15.270 D/wpa_supplicant( 1161): nl80211: Supported vendor command: vendor_id=0x1374 subcmd=61
10-16 15:07:15.270 D/wpa_supplicant( 1161): nl80211: Supported vendor command: vendor_id=0x1374 subcmd=62
10-16 15:07:15.270 D/wpa_supplicant( 1161): nl80211: Supported vendor command: vendor_id=0x1374 subcmd=63
10-16 15:07:15.270 D/wpa_supplicant( 1161): nl80211: Supported vendor command: vendor_id=0x1374 subcmd=64
10-16 15:07:15.270 D/wpa_supplicant( 1161): nl80211: Supported vendor command: vendor_id=0x1374 subcmd=65
10-16 15:07:15.270 D/wpa_supplicant( 1161): nl80211: Supported vendor command: vendor_id=0x1374 subcmd=66
10-16 15:07:15.270 D/wpa_supplicant( 1161): nl80211: Supported vendor command: vendor_id=0x1374 subcmd=69
10-16 15:07:15.270 D/wpa_supplicant( 1161): nl80211: Supported vendor command: vendor_id=0x1374 subcmd=70
10-16 15:07:15.270 D/wpa_supplicant( 1161): nl80211: Supported vendor command: vendor_id=0x1374 subcmd=71
10-16 15:07:15.270 D/wpa_supplicant( 1161): nl80211: Supported vendor command: vendor_id=0x1374 subcmd=76
10-16 15:07:15.270 D/wpa_supplicant( 1161): nl80211: Supported vendor command: vendor_id=0x1374 subcmd=77
10-16 15:07:15.270 D/wpa_supplicant( 1161): nl80211: Supported vendor command: vendor_id=0x1374 subcmd=79
10-16 15:07:15.270 D/wpa_supplicant( 1161): nl80211: Supported vendor command: vendor_id=0x1374 subcmd=80
10-16 15:07:15.270 D/wpa_supplicant( 1161): nl80211: Supported vendor command: vendor_id=0x1374 subcmd=82
10-16 15:07:15.270 D/wpa_supplicant( 1161): nl80211: Supported vendor command: vendor_id=0x1374 subcmd=85
10-16 15:07:15.270 D/wpa_supplicant( 1161): nl80211: Supported vendor command: vendor_id=0x1374 subcmd=146
10-16 15:07:15.270 D/wpa_supplicant( 1161): nl80211: Supported vendor command: vendor_id=0x1374 subcmd=12
10-16 15:07:15.271 D/wpa_supplicant( 1161): nl80211: Supported vendor command: vendor_id=0x1374 subcmd=128
10-16 15:07:15.271 D/wpa_supplicant( 1161): nl80211: Supported vendor command: vendor_id=0x1374 subcmd=129
10-16 15:07:15.271 D/wpa_supplicant( 1161): nl80211: Supported vendor command: vendor_id=0x1374 subcmd=130
10-16 15:07:15.271 D/wpa_supplicant( 1161): nl80211: Supported vendor command: vendor_id=0x1374 subcmd=133
10-16 15:07:15.271 D/wpa_supplicant( 1161): nl80211: Supported vendor command: vendor_id=0x1374 subcmd=176
10-16 15:07:15.271 D/wpa_supplicant( 1161): nl80211: Supported vendor event: vendor_id=0x1374 subcmd=80
10-16 15:07:15.271 D/wpa_supplicant( 1161): nl80211: Supported vendor event: vendor_id=0x1374 subcmd=1
10-16 15:07:15.271 D/wpa_supplicant( 1161): nl80211: Supported vendor event: vendor_id=0x1374 subcmd=1
10-16 15:07:15.271 D/wpa_supplicant( 1161): nl80211: Supported vendor event: vendor_id=0x1374 subcmd=1
10-16 15:07:15.271 D/wpa_supplicant( 1161): nl80211: Supported vendor event: vendor_id=0x1374 subcmd=1
10-16 15:07:15.271 D/wpa_supplicant( 1161): nl80211: Supported vendor event: vendor_id=0x1374 subcmd=1
10-16 15:07:15.271 D/wpa_supplicant( 1161): nl80211: Supported vendor event: vendor_id=0x1374 subcmd=20
10-16 15:07:15.271 D/wpa_supplicant( 1161): nl80211: Supported vendor event: vendor_id=0x1374 subcmd=21
10-16 15:07:15.271 D/wpa_supplicant( 1161): nl80211: Supported vendor event: vendor_id=0x1374 subcmd=23
10-16 15:07:15.271 D/wpa_supplicant( 1161): nl80211: Supported vendor event: vendor_id=0x1374 subcmd=24
10-16 15:07:15.271 D/wpa_supplicant( 1161): nl80211: Supported vendor event: vendor_id=0x1374 subcmd=25
10-16 15:07:15.271 D/wpa_supplicant( 1161): nl80211: Supported vendor event: vendor_id=0x1374 subcmd=26
10-16 15:07:15.271 D/wpa_supplicant( 1161): nl80211: Supported vendor event: vendor_id=0x1374 subcmd=27
10-16 15:07:15.271 D/wpa_supplicant( 1161): nl80211: Supported vendor event: vendor_id=0x1374 subcmd=28
10-16 15:07:15.271 D/wpa_supplicant( 1161): nl80211: Supported vendor event: vendor_id=0x1374 subcmd=41
10-16 15:07:15.271 D/wpa_supplicant( 1161): nl80211: Supported vendor event: vendor_id=0x1374 subcmd=29
10-16 15:07:15.271 D/wpa_supplicant( 1161): nl80211: Supported vendor event: vendor_id=0x1374 subcmd=30
10-16 15:07:15.271 D/wpa_supplicant( 1161): nl80211: Supported vendor event: vendor_id=0x1374 subcmd=31
10-16 15:07:15.271 D/wpa_supplicant( 1161): nl80211: Supported vendor event: vendor_id=0x1374 subcmd=32
10-16 15:07:15.271 D/wpa_supplicant( 1161): nl80211: Supported vendor event: vendor_id=0x1374 subcmd=33
10-16 15:07:15.271 D/wpa_supplicant( 1161): nl80211: Supported vendor event: vendor_id=0x0 subcmd=0
10-16 15:07:15.271 D/wpa_supplicant( 1161): nl80211: Supported vendor event: vendor_id=0x0 subcmd=0
10-16 15:07:15.271 D/wpa_supplicant( 1161): nl80211: Supported vendor event: vendor_id=0x0 subcmd=0
10-16 15:07:15.271 D/wpa_supplicant( 1161): nl80211: Supported vendor event: vendor_id=0x0 subcmd=0
10-16 15:07:15.271 D/wpa_supplicant( 1161): nl80211: Supported vendor event: vendor_id=0x0 subcmd=0
10-16 15:07:15.271 D/wpa_supplicant( 1161): nl80211: Supported vendor event: vendor_id=0x0 subcmd=0
10-16 15:07:15.271 D/wpa_supplicant( 1161): nl80211: Supported vendor event: vendor_id=0x0 subcmd=0
10-16 15:07:15.271 D/wpa_supplicant( 1161): nl80211: Supported vendor event: vendor_id=0x0 subcmd=0
10-16 15:07:15.271 D/wpa_supplicant( 1161): nl80211: Supported vendor event: vendor_id=0x0 subcmd=0
10-16 15:07:15.271 D/wpa_supplicant( 1161): nl80211: Supported vendor event: vendor_id=0x0 subcmd=0
10-16 15:07:15.271 D/wpa_supplicant( 1161): nl80211: Supported vendor event: vendor_id=0x0 subcmd=0
10-16 15:07:15.271 D/wpa_supplicant( 1161): nl80211: Supported vendor event: vendor_id=0x0 subcmd=0
10-16 15:07:15.271 D/wpa_supplicant( 1161): nl80211: Supported vendor event: vendor_id=0x1374 subcmd=5120
10-16 15:07:15.271 D/wpa_supplicant( 1161): nl80211: Supported vendor event: vendor_id=0x0 subcmd=0
10-16 15:07:15.271 D/wpa_supplicant( 1161): nl80211: Supported vendor event: vendor_id=0x0 subcmd=0
10-16 15:07:15.271 D/wpa_supplicant( 1161): nl80211: Supported vendor event: vendor_id=0x0 subcmd=0
10-16 15:07:15.271 D/wpa_supplicant( 1161): nl80211: Supported vendor event: vendor_id=0x0 subcmd=0
10-16 15:07:15.271 D/wpa_supplicant( 1161): nl80211: Supported vendor event: vendor_id=0x0 subcmd=0
10-16 15:07:15.271 D/wpa_supplicant( 1161): nl80211: Supported vendor event: vendor_id=0x0 subcmd=0
10-16 15:07:15.271 D/wpa_supplicant( 1161): nl80211: Supported vendor event: vendor_id=0x0 subcmd=0
10-16 15:07:15.271 D/wpa_supplicant( 1161): nl80211: Supported vendor event: vendor_id=0x0 subcmd=0
10-16 15:07:15.271 D/wpa_supplicant( 1161): nl80211: Supported vendor event: vendor_id=0x0 subcmd=0
10-16 15:07:15.271 D/wpa_supplicant( 1161): nl80211: Supported vendor event: vendor_id=0x0 subcmd=0
10-16 15:07:15.271 D/wpa_supplicant( 1161): nl80211: Supported vendor event: vendor_id=0x0 subcmd=0
10-16 15:07:15.271 D/wpa_supplicant( 1161): nl80211: Supported vendor event: vendor_id=0x0 subcmd=0
10-16 15:07:15.271 D/wpa_supplicant( 1161): nl80211: Supported vendor event: vendor_id=0x0 subcmd=0
10-16 15:07:15.271 D/wpa_supplicant( 1161): nl80211: Supported vendor event: vendor_id=0x0 subcmd=0
10-16 15:07:15.271 D/wpa_supplicant( 1161): nl80211: Supported vendor event: vendor_id=0x0 subcmd=0
10-16 15:07:15.271 D/wpa_supplicant( 1161): nl80211: Supported vendor event: vendor_id=0x0 subcmd=0
10-16 15:07:15.271 D/wpa_supplicant( 1161): nl80211: Supported vendor event: vendor_id=0x0 subcmd=0
10-16 15:07:15.271 D/wpa_supplicant( 1161): nl80211: Supported vendor event: vendor_id=0x0 subcmd=0
10-16 15:07:15.271 D/wpa_supplicant( 1161): nl80211: Supported vendor event: vendor_id=0x0 subcmd=0
10-16 15:07:15.271 D/wpa_supplicant( 1161): nl80211: Supported vendor event: vendor_id=0x0 subcmd=0
10-16 15:07:15.271 D/wpa_supplicant( 1161): nl80211: Supported vendor event: vendor_id=0x0 subcmd=0
10-16 15:07:15.271 D/wpa_supplicant( 1161): nl80211: Supported vendor event: vendor_id=0x0 subcmd=0
10-16 15:07:15.271 D/wpa_supplicant( 1161): nl80211: Supported vendor event: vendor_id=0x0 subcmd=0
10-16 15:07:15.271 D/wpa_supplicant( 1161): nl80211: Supported vendor event: vendor_id=0x0 subcmd=0
10-16 15:07:15.271 D/wpa_supplicant( 1161): nl80211: Supported vendor event: vendor_id=0x0 subcmd=0
10-16 15:07:15.271 D/wpa_supplicant( 1161): nl80211: Supported vendor event: vendor_id=0x0 subcmd=0
10-16 15:07:15.271 D/wpa_supplicant( 1161): nl80211: Supported vendor event: vendor_id=0x0 subcmd=0
10-16 15:07:15.271 D/wpa_supplicant( 1161): nl80211: Supported vendor event: vendor_id=0x0 subcmd=0
10-16 15:07:15.271 D/wpa_supplicant( 1161): nl80211: Supported vendor event: vendor_id=0x0 subcmd=0
10-16 15:07:15.272 E/SQLiteLog( 1035): (5) statement aborts at 1: [PRAGMA journal_mode=TRUNCATE] database is locked
10-16 15:07:15.273 W/SQLiteConnection( 1035): Could not change the database journal mode of '/data/user/0/com.dangbei.lerad.etna.haqu/databases/quickLife.db' from 'wal' to 'TRUNCATE' because the database is locked. This usually means that there are other open connections to the database which prevents the database from enabling or disabling write-ahead logging mode. Proceeding without changing the journal mode.
10-16 15:07:15.275 E/a2dp_vendor_aptx_hd_encoder( 669): system/bt/stack/a2dp/a2dp_vendor_aptx_hd_encoder.cc:123 A2DP_VendorLoadEncoderAptxHd: A2DP_VendorLoadEncoderAptxHd: cannot open aptX-HD encoder library libaptXHD_encoder.so: dlopen failed: library "libaptXHD_encoder.so" not found
10-16 15:07:15.271 D/wpa_supplicant( 1161): nl80211: Supported vendor event: vendor_id=0x0 subcmd=0
10-16 15:07:15.275 D/wpa_supplicant( 1161): nl80211: Supported vendor event: vendor_id=0x0 subcmd=0
10-16 15:07:15.275 D/wpa_supplicant( 1161): nl80211: Supported vendor event: vendor_id=0x1374 subcmd=131
10-16 15:07:15.275 D/wpa_supplicant( 1161): nl80211: Supported vendor event: vendor_id=0x1374 subcmd=132
10-16 15:07:15.275 D/wpa_supplicant( 1161): nl80211: Supported vendor event: vendor_id=0x0 subcmd=0
10-16 15:07:15.275 D/wpa_supplicant( 1161): nl80211: Supported vendor event: vendor_id=0x0 subcmd=0
10-16 15:07:15.275 D/wpa_supplicant( 1161): nl80211: Supported vendor event: vendor_id=0x0 subcmd=0
10-16 15:07:15.275 D/wpa_supplicant( 1161): nl80211: Supported vendor event: vendor_id=0x0 subcmd=0
10-16 15:07:15.275 D/wpa_supplicant( 1161): nl80211: Supported vendor event: vendor_id=0x0 subcmd=0
10-16 15:07:15.275 D/wpa_supplicant( 1161): nl80211: Supported vendor event: vendor_id=0x0 subcmd=0
10-16 15:07:15.276 D/wpa_supplicant( 1161): nl80211: Supported vendor event: vendor_id=0x1374 subcmd=72
10-16 15:07:15.276 D/wpa_supplicant( 1161): nl80211: Use separate P2P group interface (driver advertised support)
10-16 15:07:15.276 D/wpa_supplicant( 1161): nl80211: Enable multi-channel concurrent (driver advertised support)
10-16 15:07:15.276 D/wpa_supplicant( 1161): nl80211: use P2P_DEVICE support
10-16 15:07:15.277 D/wpa_supplicant( 1161): nl80211: key_mgmt=0xd0f enc=0x10f auth=0x7 flags=0x100100007a007ac0 rrm_flags=0x0 probe_resp_offloads=0x0 max_stations=10 max_remain_on_chan=5000 max_scan_ssids=12
10-16 15:07:15.277 D/wpa_supplicant( 1161): nl80211: interface p2p-dev-wlan0 in phy phy0
10-16 15:07:15.277 D/wpa_supplicant( 1161): nl80211: Set mode ifindex 0 iftype 10 (P2P_DEVICE)
10-16 15:07:15.277 D/wpa_supplicant( 1161): nl80211: Failed to set interface 0 to mode 10: -22 (Invalid argument)
10-16 15:07:15.277 D/wpa_supplicant( 1161): nl80211: Subscribe to mgmt frames with non-AP handle 0xef3b8848
10-16 15:07:15.277 D/wpa_supplicant( 1161): nl80211: Register frame type=0xb0 (WLAN_FC_STYPE_AUTH) nl_handle=0xef3b8848 match=0300 multicast=0
10-16 15:07:15.278 D/wpa_supplicant( 1161): nl80211: Register frame command failed (type=176): ret=-22 (Invalid argument)
10-16 15:07:15.278 D/wpa_supplicant( 1161): nl80211: Register frame match - hexdump(len=2): 03 00
10-16 15:07:15.278 D/wpa_supplicant( 1161): nl80211: Register frame type=0xd0 (WLAN_FC_STYPE_ACTION) nl_handle=0xef3b8848 match=0104 multicast=0
10-16 15:07:15.278 D/wpa_supplicant( 1161): nl80211: Register frame type=0xd0 (WLAN_FC_STYPE_ACTION) nl_handle=0xef3b8848 match=040a multicast=0
10-16 15:07:15.278 D/wpa_supplicant( 1161): nl80211: Register frame type=0xd0 (WLAN_FC_STYPE_ACTION) nl_handle=0xef3b8848 match=040b multicast=0
10-16 15:07:15.278 D/wpa_supplicant( 1161): nl80211: Register frame type=0xd0 (WLAN_FC_STYPE_ACTION) nl_handle=0xef3b8848 match=040c multicast=0
10-16 15:07:15.278 D/wpa_supplicant( 1161): nl80211: Register frame type=0xd0 (WLAN_FC_STYPE_ACTION) nl_handle=0xef3b8848 match=040d multicast=0
10-16 15:07:15.278 D/wpa_supplicant( 1161): nl80211: Register frame type=0xd0 (WLAN_FC_STYPE_ACTION) nl_handle=0xef3b8848 match=090a multicast=0
10-16 15:07:15.278 D/wpa_supplicant( 1161): nl80211: Register frame type=0xd0 (WLAN_FC_STYPE_ACTION) nl_handle=0xef3b8848 match=090b multicast=0
10-16 15:07:15.278 D/wpa_supplicant( 1161): nl80211: Register frame type=0xd0 (WLAN_FC_STYPE_ACTION) nl_handle=0xef3b8848 match=090c multicast=0
10-16 15:07:15.279 D/wpa_supplicant( 1161): nl80211: Register frame type=0xd0 (WLAN_FC_STYPE_ACTION) nl_handle=0xef3b8848 match=090d multicast=0
10-16 15:07:15.279 D/wpa_supplicant( 1161): nl80211: Register frame type=0xd0 (WLAN_FC_STYPE_ACTION) nl_handle=0xef3b8848 match=0409506f9a09 multicast=0
10-16 15:07:15.279 D/wpa_supplicant( 1161): nl80211: Register frame type=0xd0 (WLAN_FC_STYPE_ACTION) nl_handle=0xef3b8848 match=7f506f9a09 multicast=0
10-16 15:07:15.279 D/wpa_supplicant( 1161): nl80211: Register frame type=0xd0 (WLAN_FC_STYPE_ACTION) nl_handle=0xef3b8848 match=0409506f9a1a multicast=0
10-16 15:07:15.279 D/wpa_supplicant( 1161): nl80211: Register frame type=0xd0 (WLAN_FC_STYPE_ACTION) nl_handle=0xef3b8848 match=0801 multicast=0
10-16 15:07:15.279 D/wpa_supplicant( 1161): nl80211: Register frame type=0xd0 (WLAN_FC_STYPE_ACTION) nl_handle=0xef3b8848 match=06 multicast=0
10-16 15:07:15.279 D/wpa_supplicant( 1161): nl80211: Register frame type=0xd0 (WLAN_FC_STYPE_ACTION) nl_handle=0xef3b8848 match=0a07 multicast=0
10-16 15:07:15.281 D/wpa_supplicant( 1161): nl80211: Register frame type=0xd0 (WLAN_FC_STYPE_ACTION) nl_handle=0xef3b8848 match=0a11 multicast=0
10-16 15:07:15.281 D/wpa_supplicant( 1161): nl80211: Register frame type=0xd0 (WLAN_FC_STYPE_ACTION) nl_handle=0xef3b8848 match=0a0b multicast=0
10-16 15:07:15.281 D/wpa_supplicant( 1161): nl80211: Register frame type=0xd0 (WLAN_FC_STYPE_ACTION) nl_handle=0xef3b8848 match=0a1a multicast=0
10-16 15:07:15.281 D/wpa_supplicant( 1161): nl80211: Register frame type=0xd0 (WLAN_FC_STYPE_ACTION) nl_handle=0xef3b8848 match=1101 multicast=0
10-16 15:07:15.282 D/wpa_supplicant( 1161): nl80211: Register frame type=0xd0 (WLAN_FC_STYPE_ACTION) nl_handle=0xef3b8848 match=1102 multicast=0
10-16 15:07:15.282 D/wpa_supplicant( 1161): nl80211: Register frame type=0xd0 (WLAN_FC_STYPE_ACTION) nl_handle=0xef3b8848 match=0505 multicast=0
10-16 15:07:15.282 D/wpa_supplicant( 1161): nl80211: Register frame type=0xd0 (WLAN_FC_STYPE_ACTION) nl_handle=0xef3b8848 match=0500 multicast=0
10-16 15:07:15.282 D/wpa_supplicant( 1161): nl80211: Register frame type=0xd0 (WLAN_FC_STYPE_ACTION) nl_handle=0xef3b8848 match=1305 multicast=0
10-16 15:07:15.282 I/wpa_supplicant( 1161): rfkill: Cannot get wiphy information
10-16 15:07:15.283 D/wpa_supplicant( 1161): nl80211: RFKILL status not available
10-16 15:07:15.285 E/a2dp_vendor_aptx_hd( 669): system/bt/stack/a2dp/a2dp_vendor_aptx_hd.cc:483 init: init: cannot load the encoder
10-16 15:07:15.286 D/wpa_supplicant( 1161): nl80211: Start P2P Device p2p-dev-wlan0 (0x3): Success
10-16 15:07:15.288 D/wpa_supplicant( 1161): Add interface p2p-dev-wlan0 to existing radio phy0
10-16 15:07:15.289 D/wpa_supplicant( 1161): nl80211: No channel number found for frequency 5920 MHz
10-16 15:07:15.289 D/wpa_supplicant( 1161): nl80211: No channel number found for frequency 5940 MHz
10-16 15:07:15.290 D/wpa_supplicant( 1161): nl80211: Regulatory information - country=CN (DFS-FCC)
10-16 15:07:15.290 D/wpa_supplicant( 1161): nl80211: 2400-2483 @ 40 MHz 20 mBm
10-16 15:07:15.290 D/wpa_supplicant( 1161): nl80211: 5150-5350 @ 80 MHz 20 mBm (DFS)
10-16 15:07:15.290 D/wpa_supplicant( 1161): nl80211: 5725-5850 @ 80 MHz 33 mBm
10-16 15:07:15.290 D/wpa_supplicant( 1161): nl80211: 57240-59400 @ 2160 MHz 28 mBm
10-16 15:07:15.290 D/wpa_supplicant( 1161): nl80211: 59400-63720 @ 2160 MHz 44 mBm
10-16 15:07:15.290 D/wpa_supplicant( 1161): nl80211: 63720-65880 @ 2160 MHz 28 mBm
10-16 15:07:15.290 D/wpa_supplicant( 1161): nl80211: Added 802.11b mode based on 802.11g information
10-16 15:07:15.290 D/wpa_supplicant( 1161): nl80211: Mode IEEE 802.11g: 2412 2417 2422 2427 2432 2437 2442 2447 2452 2457 2462 2467 2472 2484[DISABLED]
10-16 15:07:15.290 D/wpa_supplicant( 1161): nl80211: Mode IEEE 802.11a: 5170[DISABLED] 5180 5200 5220 5240 5260[RADAR] 5280[RADAR] 5300[RADAR] 5320[RADAR] 5500[DISABLED][RADAR] 5520[DISABLED][RADAR] 5540[DISABLED][RADAR] 5560[DISABLED][RADAR] 5580[DISABLED][RADAR]
10-16 15:07:15.290 D/wpa_supplicant( 1161): nl80211: Mode IEEE 802.11b: 2412 2417 2422 2427 2432 2437 2442 2447 2452 2457 2462 2467 2472 2484[DISABLED]
10-16 15:07:15.290 D/wpa_supplicant( 1161): p2p-dev-wlan0: Own MAC address: f6:ab:5c:b3:c4:33
10-16 15:07:15.290 D/wpa_supplicant( 1161): p2p-dev-wlan0: RSN: flushing PMKID list in the driver
10-16 15:07:15.290 D/wpa_supplicant( 1161): nl80211: Flush PMKIDs
10-16 15:07:15.290 D/wpa_supplicant( 1161): p2p-dev-wlan0: State: DISCONNECTED -> INACTIVE
10-16 15:07:15.290 D/wpa_supplicant( 1161): p2p-dev-wlan0: WPS: UUID from the first interface: e1ac71c4-c1bf-5a5f-8282-49005396accd
10-16 15:07:15.290 D/wpa_supplicant( 1161): EAPOL: SUPP_PAE entering state DISCONNECTED
10-16 15:07:15.290 D/wpa_supplicant( 1161): EAPOL: Supplicant port status: Unauthorized
10-16 15:07:15.290 D/wpa_supplicant( 1161): nl80211: Skip set_supp_port(unauthorized) while not associated
10-16 15:07:15.290 D/wpa_supplicant( 1161): EAPOL: KEY_RX entering state NO_KEY_RECEIVE
10-16 15:07:15.291 D/wpa_supplicant( 1161): EAPOL: SUPP_BE entering state INITIALIZE
10-16 15:07:15.291 D/wpa_supplicant( 1161): EAP: EAP entering state DISABLED
10-16 15:07:15.291 D/wpa_supplicant( 1161): Using existing control interface directory.
10-16 15:07:15.291 D/wpa_supplicant( 1161): P2P: Add operating class 81
10-16 15:07:15.291 D/wpa_supplicant( 1161): P2P: Channels - hexdump(len=13): 01 02 03 04 05 06 07 08 09 0a 0b 0c 0d
10-16 15:07:15.291 D/wpa_supplicant( 1161): P2P: Add operating class 115
10-16 15:07:15.291 D/wpa_supplicant( 1161): P2P: Channels - hexdump(len=4): 24 28 2c 30
10-16 15:07:15.291 D/wpa_supplicant( 1161): P2P: Add operating class 116
10-16 15:07:15.291 D/wpa_supplicant( 1161): P2P: Channels - hexdump(len=2): 24 2c
10-16 15:07:15.291 D/wpa_supplicant( 1161): P2P: Add operating class 117
10-16 15:07:15.291 D/wpa_supplicant( 1161): P2P: Channels - hexdump(len=2): 28 30
10-16 15:07:15.291 D/wpa_supplicant( 1161): P2P: Add operating class 124
10-16 15:07:15.292 I/a2dp_codec( 669): system/bt/stack/a2dp/a2dp_codec_config.cc:113 createCodec: createCodec: codec LDAC
10-16 15:07:15.291 D/wpa_supplicant( 1161): P2P: Channels - hexdump(len=4): 95 99 9d a1
10-16 15:07:15.292 D/wpa_supplicant( 1161): P2P: Add operating class 125
10-16 15:07:15.292 D/wpa_supplicant( 1161): P2P: Channels - hexdump(len=5): 95 99 9d a1 a5
10-16 15:07:15.292 D/wpa_supplicant( 1161): P2P: Add operating class 126
10-16 15:07:15.292 D/wpa_supplicant( 1161): P2P: Channels - hexdump(len=2): 95 9d
10-16 15:07:15.292 D/wpa_supplicant( 1161): P2P: Add operating class 127
10-16 15:07:15.292 D/wpa_supplicant( 1161): P2P: Channels - hexdump(len=2): 99 a1
10-16 15:07:15.292 D/wpa_supplicant( 1161): P2P: Add operating class 128
10-16 15:07:15.292 D/wpa_supplicant( 1161): P2P: Channels - hexdump(len=8): 24 28 2c 30 95 99 9d a1
10-16 15:07:15.292 D/wpa_supplicant( 1161): P2P: Add operating class 130
10-16 15:07:15.292 D/wpa_supplicant( 1161): P2P: Channels - hexdump(len=9): 24 28 2c 30 95 99 9d a1 a5
10-16 15:07:15.293 D/wpa_supplicant( 1161): P2P: Own listen channel: 81:1
10-16 15:07:15.293 D/wpa_supplicant( 1161): P2P: Random operating channel: 81:1
10-16 15:07:15.293 D/wpa_supplicant( 1161): P2P: initialized
10-16 15:07:15.293 D/wpa_supplicant( 1161): P2P: channels: 81:1,2,3,4,5,6,7,8,9,10,11,12,13 115:36,40,44,48 116:36,44 117:40,48 124:149,153,157,161 125:149,153,157,161,165 126:149,157 127:153,161 128:36,40,44,48,149,153,157,161 130:36,40,44,48,149,153,157,161,165
10-16 15:07:15.293 D/wpa_supplicant( 1161): P2P: cli_channels:
10-16 15:07:15.293 D/wpa_supplicant( 1161): MBO: Update non-preferred channels, non_pref_chan=N/A
10-16 15:07:15.293 D/wpa_supplicant( 1161): Registering interface to hidl control: p2p-dev-wlan0
10-16 15:07:15.293 D/wpa_supplicant( 1161): p2p-dev-wlan0: Added interface p2p-dev-wlan0
10-16 15:07:15.293 D/wpa_supplicant( 1161): p2p-dev-wlan0: State: INACTIVE -> DISCONNECTED
10-16 15:07:15.293 D/wpa_supplicant( 1161): nl80211: Set p2p-dev-wlan0 operstate 0->0 (DORMANT)
10-16 15:07:15.293 D/wpa_supplicant( 1161): netlink: Operstate: ifindex=0 linkmode=-1 (no change), operstate=5 (IF_OPER_DORMANT)
10-16 15:07:15.293 D/wpa_supplicant( 1161): p2p-dev-wlan0: Determining shared radio frequencies (max len 2)
10-16 15:07:15.293 D/wpa_supplicant( 1161): p2p-dev-wlan0: Shared frequencies (len=0): completed iteration
10-16 15:07:15.294 D/wpa_supplicant( 1161): P2P: Add operating class 81
10-16 15:07:15.294 D/wpa_supplicant( 1161): P2P: Channels - hexdump(len=13): 01 02 03 04 05 06 07 08 09 0a 0b 0c 0d
10-16 15:07:15.294 D/wpa_supplicant( 1161): P2P: Add operating class 115
10-16 15:07:15.294 D/wpa_supplicant( 1161): P2P: Channels - hexdump(len=4): 24 28 2c 30
10-16 15:07:15.294 D/wpa_supplicant( 1161): P2P: Add operating class 116
10-16 15:07:15.294 D/wpa_supplicant( 1161): P2P: Channels - hexdump(len=2): 24 2c
10-16 15:07:15.294 D/wpa_supplicant( 1161): P2P: Add operating class 117
10-16 15:07:15.294 D/wpa_supplicant( 1161): P2P: Channels - hexdump(len=2): 28 30
10-16 15:07:15.294 D/wpa_supplicant( 1161): P2P: Add operating class 124
10-16 15:07:15.294 D/wpa_supplicant( 1161): P2P: Channels - hexdump(len=4): 95 99 9d a1
10-16 15:07:15.294 D/wpa_supplicant( 1161): P2P: Add operating class 125
10-16 15:07:15.294 D/wpa_supplicant( 1161): P2P: Channels - hexdump(len=5): 95 99 9d a1 a5
10-16 15:07:15.294 D/wpa_supplicant( 1161): P2P: Add operating class 126
10-16 15:07:15.294 D/wpa_supplicant( 1161): P2P: Channels - hexdump(len=2): 95 9d
10-16 15:07:15.294 D/wpa_supplicant( 1161): P2P: Add operating class 127
10-16 15:07:15.294 D/wpa_supplicant( 1161): P2P: Channels - hexdump(len=2): 99 a1
10-16 15:07:15.294 D/wpa_supplicant( 1161): P2P: Add operating class 128
10-16 15:07:15.294 D/wpa_supplicant( 1161): P2P: Channels - hexdump(len=8): 24 28 2c 30 95 99 9d a1
10-16 15:07:15.294 D/wpa_supplicant( 1161): P2P: Add operating class 130
10-16 15:07:15.294 D/wpa_supplicant( 1161): P2P: Channels - hexdump(len=9): 24 28 2c 30 95 99 9d a1 a5
10-16 15:07:15.294 D/wpa_supplicant( 1161): P2P: Update channel list
10-16 15:07:15.294 D/wpa_supplicant( 1161): P2P: channels: 81:1,2,3,4,5,6,7,8,9,10,11,12,13 115:36,40,44,48 116:36,44 117:40,48 124:149,153,157,161 125:149,153,157,161,165 126:149,157 127:153,161 128:36,40,44,48,149,153,157,161 130:36,40,44,48,149,153,157,161,165
10-16 15:07:15.294 D/wpa_supplicant( 1161): P2P: cli_channels:
10-16 15:07:15.295 D/wpa_supplicant( 1161): RTM_NEWLINK: ifi_index=14 ifname=wlan0 operstate=5 linkmode=0 ifi_family=0 ifi_flags=0x11003 ([UP][LOWER_UP])
10-16 15:07:15.295 D/wpa_supplicant( 1161): RTM_NEWLINK: ifi_index=14 ifname=wlan0 operstate=5 linkmode=1 ifi_family=0 ifi_flags=0x11003 ([UP][LOWER_UP])
