10-16 15:08:32.474 E/raop ( 3430): *********************AirplayBroadcastServer+++++++++
10-16 15:08:32.477 D/NsdService( 486): New client listening to asynchronous messages
10-16 15:08:32.477 D/NsdService( 486): New client, channel: com.android.internal.util.AsyncChannel@ba04e1c messenger: android.os.Messenger@b5fa25
10-16 15:08:32.478 D/CompatibilityChangeReporter( 3430): Compat change id reported: 191844585; UID 10030; state: DISABLED
10-16 15:08:32.489 I/efs.config( 3430): current config version (-1) is older than another (1735614866)
10-16 15:08:32.489 I/efs.config( 3430): load config from storage and notify observer
10-16 15:08:32.490 I/efs.base( 3430): lt=event`ev_ct=efs_core`ev_ac=pvuv`tm=2025-10-16 15:08:46`dn=c86086b6-ce5d-42ac-8990-efafd6293338`ps=com.dangbei.screencast`um_os=android`stime=1760598512118`pid=3430`fr=android`pkg=com.dangbei.screencast`vcode=20830`dsp_w=1920`uid=c86086b6-ce5d-42ac-8990-efafd6293338`rom=12`wid=c86086b6-ce5d-42ac-8990-efafd6293338`um_app_carrier=`um_access=wifi`um_app_channel=os`um_crash_sdk_version=1.4.0`ctime=1760598512`model=dbbox-a2`lang=zh`net=wifi`brand=dangbei`dsp_h=1080`um_network_type=0`ver=v2.8.3`build_model=DBBOX-A2`w_tm=1760598512`appid=5fc60c21094d637f3130af19`um_umid_header=ai256276725c37c8e63c53fef7d05fccc5`sdk=31`tzone=Asia/Shanghai`sdk_ver=1.3.6.umeng
10-16 15:08:32.534 E/H264FrameQueue( 3430): H264FrameQueue: mFullQueueCount:200
10-16 15:08:32.546 D/wenhc ( 1096): getScreenInfo uri = content://com.dangbei.screencast.parts.info/screen_cast
10-16 15:08:32.547 D/wenhc ( 1096): getScreenInfo uri = content://com.dangbei.screencast.parts.info/screen_cast
10-16 15:08:32.595 E/HuaweiCastService( 3430): onCreate called().
10-16 15:08:32.598 E/PlayerClient( 3430): registerCallback com.dangbei.screencast.huaweicast.service.HuaweiCastService$a@34523ff
10-16 15:08:32.598 D/PlayerClient( 3430): registerCallback true
10-16 15:08:32.598 D/PlayerClient( 3430): init.
10-16 15:08:32.600 W/KIT_FWK_a( 3430): KitFwk is not installed, pls do not use related interfaces.
10-16 15:08:32.600 W/KIT_FWK_a( 3430): KitFwk is not installed, pls do not use related interfaces.
10-16 15:08:32.600 E/PlayerClient( 3430): bind player service by aar.
10-16 15:08:32.607 D/PlayerClient( 3430): bind player sink service true
10-16 15:08:32.616 W/ActivityManager( 486): Foreground service started from background can not have location/camera/microphone access: service com.dangbei.screencast/.huaweicast.service.HuaweiCastService
10-16 15:08:32.617 E/HuaweiCastService( 3430): startForeground!
10-16 15:08:32.620 W/IorapForwardingService( 486): No service published for: iorapd
10-16 15:08:32.625 E/StartupService( 3430): onConnected:
10-16 15:08:32.660 I/MobclickAgent( 3430): module init:azioc
10-16 15:08:32.673 V/TvNotificationHandler( 676): Notification not added because it isn't relevant for tv
10-16 15:08:32.719 W/TelephonyPermissions( 486): reportAccessDeniedToReadIdentifiers:com.dangbei.screencast:getSerial:-1
10-16 15:08:32.725 I/crashsdk( 3430): Catcher mask: 5000, 20480
10-16 15:08:32.727 I/crashsdk( 3430): Catcher thread 3435
10-16 15:08:32.727 D/crashsdk( 3430): Register ANR handler ...
10-16 15:08:32.729 W/efs.info.manager( 3430): network change: wifi
10-16 15:08:32.733 E/HuaweiCastService( 3430): onStartCommand in 0
10-16 15:08:32.739 I/WifiService( 486): acquireMulticastLock uid=10030
10-16 15:08:32.739 I/WifiService( 486): acquireMulticastLock uid=10030
10-16 15:08:32.745 D/HiSight-SinkService( 3430): onCreate.
10-16 15:08:32.747 D/HiSight-ConnectionManager( 3430): start ConnectionManager
10-16 15:08:32.749 D/HiSight-SinkService( 3430): onBind.
10-16 15:08:32.754 D/PlayerClient( 3430): service connected.
10-16 15:08:32.754 D/HiSight-SinkService( 3430): ITaskBinder registerCallback: true
10-16 15:08:32.754 D/HiSight-HiSightManager( 3430): ITaskBinder registerCallback.
10-16 15:08:32.754 D/HiSight-CallbackManager( 3430): addNewCallback. com.dangbei.screencast.huaweicast.service.HuaweiCastService$a@34523ff
10-16 15:08:32.754 E/HuaweiCastService( 3430): eventId: 4001
10-16 15:08:32.755 E/HuaweiCastService( 3430): mPlayerClient is null.
10-16 15:08:32.756 D/HiSight-HiSightManager( 3430): check capability vbr range not setting, using default value
10-16 15:08:32.756 E/HuaweiCastService( 3430): mPlayerClient is null.
10-16 15:08:32.756 D/HiSight-SinkService( 3430): setAuthMode
10-16 15:08:32.757 W/HiSight-ConnectionManager( 3430): mSinkId is empty
10-16 15:08:32.823 V/TvNotificationHandler( 676): Notification not added because it isn't relevant for tv
10-16 15:08:32.862 W/TelephonyPermissions( 486): reportAccessDeniedToReadIdentifiers:com.dangbei.screencast:getSerial:-1
10-16 15:08:32.909 V/NFC ( 3430): this device does not have NFC support
10-16 15:08:33.184 I/system_server( 486): Background young concurrent copying GC freed 264811(14MB) AllocSpace objects, 165(3876KB) LOS objects, 61% free, 11MB/30MB, paused 452us total 185.280ms
10-16 15:08:33.198 W/System ( 486): A resource failed to call release.
10-16 15:08:33.270 I/BLEAudioDrive_HV410( 247): data len: 9 1
10-16 15:08:33.271 D/TvWindowManager( 486): key event key = KEYCODE_BACK down = true
10-16 15:08:33.277 D/GpioService( 486): mFlickerEnable = true
10-16 15:08:33.390 I/BLEAudioDrive_HV410( 247): data len: 9 1
10-16 15:08:33.390 I/BLEAudioDrive_HV410( 247): keyboard stop
10-16 15:08:33.390 D/TvWindowManager( 486): key event key = KEYCODE_BACK down = false
10-16 15:08:33.391 D/AutofillManagerService( 486): onBackKeyPressed()
10-16 15:08:33.392 D/AutofillManagerServiceImpl( 486): Reset component for user 0:
10-16 15:08:33.393 D/AutofillUI( 486): destroySaveUiUiThread(): already destroyed
10-16 15:08:33.420 D/GpioService( 486): mFlickerEnable = true
10-16 15:08:33.422 I/SogouIME( 2876): onKeyDown: keyoCode=4
10-16 15:08:33.422 I/DefaultIMS( 2876): onKeyDown: keyoCode=4
10-16 15:08:33.424 I/SogouIME( 2876): onKeyUp: keyoCode=4
10-16 15:08:33.424 I/DefaultIMS( 2876): onKeyUp: keyoCode=4
10-16 15:08:33.433 D/PermissionCache( 273): checking android.permission.READ_FRAME_BUFFER for uid=1000 => granted (252 us)
10-16 15:08:33.434 I/gralloc ( 255): alloc buffer:W:1920 H:1080 S:1920 PL[1920 1080] SZ:8294400 fmt:1 if:0 af:1 usg:b66 fg:00000004
10-16 15:08:33.440 I/hwservicemanager( 180): getTransport: Cannot find entry android.hardware.graphics.mapper@4.0::IMapper/default in either framework or device VINTF manifest.
10-16 15:08:33.441 I/Gralloc4( 486): mapper 4.x is not supported
10-16 15:08:33.441 I/hwservicemanager( 180): getTransport: Cannot find entry android.hardware.graphics.mapper@3.0::IMapper/default in either framework or device VINTF manifest.
10-16 15:08:33.441 W/Gralloc3( 486): mapper 3.x is not supported
10-16 15:08:33.446 E/gralloc ( 486): Arm Module v1.0
10-16 15:08:33.447 E/ion ( 486): ioctl c0044901 failed with code -1: Inappropriate ioctl for device
10-16 15:08:33.470 D/AW_CODE ( 486): rotation =0
10-16 15:08:33.481 I/hwservicemanager( 180): getTransport: Cannot find entry android.hardware.configstore@1.0::ISurfaceFlingerConfigs/default in either framework or device VINTF manifest.
10-16 15:08:33.482 W/SQLiteLog( 1096): (28) double-quoted string literal: "A796DB963EFCF70F88ED38C7E55787CF"
10-16 15:08:33.487 I/hq ( 1096): 当小贝:::showMessage from=mActivityLifecycleCallbacks
10-16 15:08:33.489 I/BpBinder( 273): onLastStrongRef automatically unlinking death recipients:
10-16 15:08:33.491 I/hq ( 1096): 当小贝:::showMessage 没有消息需要显示
10-16 15:08:33.499 W/SQLiteLog( 1096): (28) double-quoted string literal: "
10-16 15:08:33.499 W/SQLiteLog( 1096): (28) double-quoted string literal: "A796DB963EFCF70F88ED38C7E55787CF"
10-16 15:08:33.504 I/EventThread( 262): type=1400 audit(0.0:1255): avc: denied { search } for name="extcon" dev="sysfs" ino=18109 scontext=u:r:hal_tv_cec_default:s0 tcontext=u:object_r:sysfs_extcon:s0 tclass=dir permissive=1
10-16 15:08:33.512 I/gralloc ( 255): alloc buffer:W:1920 H:1080 S:1920 PL[1920 1080] SZ:8294400 fmt:1 if:0 af:1 usg:20000b00 fg:00000004
10-16 15:08:33.514 I/gralloc ( 255): alloc buffer:W:1920 H:1080 S:1920 PL[1920 1080] SZ:8294400 fmt:1 if:0 af:1 usg:20000b00 fg:00000004
10-16 15:08:33.515 I/gralloc ( 255): alloc buffer:W:1920 H:1080 S:1920 PL[1920 1080] SZ:8294400 fmt:1 if:0 af:1 usg:20000b00 fg:00000004
10-16 15:08:33.522 W/SQLiteLog( 1096): (28) double-quoted string literal: "A796DB963EFCF70F88ED38C7E55787CF"
10-16 15:08:33.537 I/MobclickAgent( 1096): Extend current session: A796DB963EFCF70F88ED38C7E55787CF
10-16 15:08:33.548 W/SQLiteLog( 1096): (28) double-quoted string literal: "A796DB963EFCF70F88ED38C7E55787CF"
10-16 15:08:33.556 W/SQLiteLog( 1096): (28) double-quoted string literal: ""
10-16 15:08:33.556 W/SQLiteLog( 1096): (28) double-quoted string literal: "A796DB963EFCF70F88ED38C7E55787CF"
10-16 15:08:33.556 W/SQLiteLog( 1096): (28) double-quoted string literal: "-1"
10-16 15:08:33.561 D/UMLog ( 1096): 当前发送策略为:启动时发送。详见链接 https://developer.umeng.com/docs/66632/detail/66976?um_channel=sdk
10-16 15:08:33.561 D/MobclickAgent( 1096): Report policy : ReportAtLaunch
10-16 15:08:33.583 I/DefaultIMS( 2876): onStartInput attribute=android.view.inputmethod.EditorInfo@d6ed92e restarting=false inputType: 0
10-16 15:08:33.584 D/TvPipController( 676): onTaskStackChanged()
10-16 15:08:33.625 W/IorapForwardingService( 486): No service published for: iorapd
10-16 15:08:33.972 I/rainbow_flow( 1961): type=1400 audit(0.0:1256): avc: denied { ioctl } for path="/dev/spidev1.0" dev="tmpfs" ino=1274 ioctlcmd=0x6b00 scontext=u:r:init:s0 tcontext=u:object_r:device:s0 tclass=chr_file permissive=1
10-16 15:08:34.219 W/InputManager-JNI( 486): Input channel object 'aa983f4 com.dangbei.leard.leradlauncher/com.dangbei.leard.leradlauncher.module.app.AppDetailActivity (client)' was disposed without first being removed with the input manager!
10-16 15:08:34.235 W/ActivityTaskManager( 486): Can't find TaskDisplayArea to determine support for multi window. Task id=44 attached=false
10-16 15:08:34.235 W/ActivityTaskManager( 486): Can't find TaskDisplayArea to determine support for multi window. Task id=44 attached=false
10-16 15:08:34.267 I/gbei.screencas( 3430): Background young concurrent copying GC freed 128441(8462KB) AllocSpace objects, 53(1380KB) LOS objects, 84% free, 4448KB/28MB, paused 311us total 103.709ms
10-16 15:08:34.326 I/efs.config( 3277): No update is required, less than 8h since the last update
10-16 15:08:34.627 W/IorapForwardingService( 486): No service published for: iorapd
10-16 15:08:34.695 I/BLEAudioDrive_HV410( 247): data len: 9 1
10-16 15:08:34.695 D/TvWindowManager( 486): key event key = KEYCODE_DPAD_DOWN down = true
10-16 15:08:34.699 D/GpioService( 486): mFlickerEnable = true
10-16 15:08:34.845 D/GpioService( 486): mFlickerEnable = true
10-16 15:08:34.847 I/SogouIME( 2876): onKeyDown: keyoCode=20
10-16 15:08:34.847 I/DefaultIMS( 2876): onKeyDown: keyoCode=20
10-16 15:08:34.852 E/DifferentialGridView( 1096): java.lang.NoSuchMethodException: androidx.recyclerview.widget.RecyclerView$d0.smoothScrollBy [int, int, interface android.view.animation.Interpolator, int]
10-16 15:08:34.852 E/DifferentialGridView( 1096): at java.lang.Class.getMethod(Class.java:2103)
10-16 15:08:34.852 E/DifferentialGridView( 1096): at java.lang.Class.getMethod(Class.java:1724)
10-16 15:08:34.852 E/DifferentialGridView( 1096): at com.dangbei.palaemon.leanback.DifferentialGridView.customSmoothScrollBy(SourceFile:224)
10-16 15:08:34.852 E/DifferentialGridView( 1096): at com.dangbei.palaemon.leanback.DifferentialGridView.smoothScrollBy(SourceFile:4)
10-16 15:08:34.852 E/DifferentialGridView( 1096): at com.dangbei.palaemon.leanback.DifferentialGridView.smoothScrollBy(SourceFile:1)
10-16 15:08:34.852 E/DifferentialGridView( 1096): at com.dangbei.palaemon.leanback.GridLayoutManager.scrollGrid(SourceFile:27)
10-16 15:08:34.852 E/DifferentialGridView( 1096): at com.dangbei.palaemon.leanback.GridLayoutManager.scrollToView(SourceFile:19)
10-16 15:08:34.852 E/DifferentialGridView( 1096): at com.dangbei.palaemon.leanback.GridLayoutManager.scrollToView(SourceFile:3)
10-16 15:08:34.852 E/DifferentialGridView( 1096): at com.dangbei.palaemon.leanback.GridLayoutManager.onRequestChildFocus(SourceFile:25)
10-16 15:08:34.852 E/DifferentialGridView( 1096): at androidx.recyclerview.widget.RecyclerView.requestChildFocus(SourceFile:5)
10-16 15:08:34.852 E/DifferentialGridView( 1096): at android.view.ViewGroup.requestChildFocus(ViewGroup.java:869)
10-16 15:08:34.852 E/DifferentialGridView( 1096): at android.view.View.handleFocusGainInternal(View.java:7771)
10-16 15:08:34.852 E/DifferentialGridView( 1096): at android.view.ViewGroup.handleFocusGainInternal(ViewGroup.java:845)
10-16 15:08:34.852 E/DifferentialGridView( 1096): at android.view.View.requestFocusNoSearch(View.java:13540)
10-16 15:08:34.852 E/DifferentialGridView( 1096): at android.view.View.requestFocus(View.java:13514)
10-16 15:08:34.852 E/DifferentialGridView( 1096): at android.view.ViewGroup.requestFocus(ViewGroup.java:3322)
10-16 15:08:34.852 E/DifferentialGridView( 1096): at android.view.ViewRootImpl$ViewPostImeInputStage.performFocusNavigation(ViewRootImpl.java:6243)
10-16 15:08:34.852 E/DifferentialGridView( 1096): at android.view.ViewRootImpl$ViewPostImeInputStage.processKeyEvent(ViewRootImpl.java:6362)
10-16 15:08:34.852 E/DifferentialGridView( 1096): at android.view.ViewRootImpl$ViewPostImeInputStage.onProcess(ViewRootImpl.java:6172)
10-16 15:08:34.852 E/DifferentialGridView( 1096): at android.view.ViewRootImpl$InputStage.deliver(ViewRootImpl.java:5654)
10-16 15:08:34.852 E/DifferentialGridView( 1096): at android.view.ViewRootImpl$InputStage.onDeliverToNext(ViewRootImpl.java:5711)
10-16 15:08:34.852 E/DifferentialGridView( 1096): at android.view.ViewRootImpl$InputStage.forward(ViewRootImpl.java:5677)
10-16 15:08:34.852 E/DifferentialGridView( 1096): at android.view.ViewRootImpl$AsyncInputStage.forward(ViewRootImpl.java:5842)
10-16 15:08:34.852 E/DifferentialGridView( 1096): at android.view.ViewRootImpl$InputStage.apply(ViewRootImpl.java:5685)
10-16 15:08:34.852 E/DifferentialGridView( 1096): at android.view.ViewRootImpl$AsyncInputStage.apply(ViewRootImpl.java:5899)
10-16 15:08:34.852 E/DifferentialGridView( 1096): at android.view.ViewRootImpl$InputStage.deliver(ViewRootImpl.java:5658)
10-16 15:08:34.852 E/DifferentialGridView( 1096): at android.view.ViewRootImpl$InputStage.onDeliverToNext(ViewRootImpl.java:5711)
10-16 15:08:34.852 E/DifferentialGridView( 1096): at android.view.ViewRootImpl$InputStage.forward(ViewRootImpl.java:5677)
10-16 15:08:34.852 E/DifferentialGridView( 1096): at android.view.ViewRootImpl$InputStage.apply(ViewRootImpl.java:5685)
10-16 15:08:34.852 E/DifferentialGridView( 1096): at android.view.ViewRootImpl$InputStage.deliver(ViewRootImpl.java:5658)
10-16 15:08:34.852 E/DifferentialGridView( 1096): at android.view.ViewRootImpl$InputStage.onDeliverToNext(ViewRootImpl.java:5711)
10-16 15:08:34.852 E/DifferentialGridView( 1096): at android.view.ViewRootImpl$InputStage.forward(ViewRootImpl.java:5677)
10-16 15:08:34.852 E/DifferentialGridView( 1096): at android.view.ViewRootImpl$AsyncInputStage.forward(ViewRootImpl.java:5875)
10-16 15:08:34.852 E/DifferentialGridView( 1096): at android.view.ViewRootImpl$ImeInputStage.onFinishedInputEvent(ViewRootImpl.java:6033)
10-16 15:08:34.852 E/DifferentialGridView( 1096): at android.view.inputmethod.InputMethodManager$PendingEvent.run(InputMethodManager.java:3158)
10-16 15:08:34.852 E/DifferentialGridView( 1096): at android.view.inputmethod.InputMethodManager.invokeFinishedInputEventCallback(InputMethodManager.java:2722)
10-16 15:08:34.852 E/DifferentialGridView( 1096): at android.view.inputmethod.InputMethodManager.finishedInputEvent(InputMethodManager.java:2713)
10-16 15:08:34.852 E/DifferentialGridView( 1096): at android.view.inputmethod.InputMethodManager$ImeInputEventSender.onInputEventFinished(InputMethodManager.java:3135)
10-16 15:08:34.852 E/DifferentialGridView( 1096): at android.view.InputEventSender.dispatchInputEventFinished(InputEventSender.java:154)
10-16 15:08:34.852 E/DifferentialGridView( 1096): at android.os.MessageQueue.nativePollOnce(Native Method)
10-16 15:08:34.852 E/DifferentialGridView( 1096): at android.os.MessageQueue.next(MessageQueue.java:335)
10-16 15:08:34.852 E/DifferentialGridView( 1096): at android.os.Looper.loopOnce(Looper.java:161)
10-16 15:08:34.852 E/DifferentialGridView( 1096): at android.os.Looper.loop(Looper.java:288)
10-16 15:08:34.852 E/DifferentialGridView( 1096): at android.app.ActivityThread.main(ActivityThread.java:7854)
10-16 15:08:34.852 E/DifferentialGridView( 1096): at java.lang.reflect.Method.invoke(Native Method)
10-16 15:08:34.852 E/DifferentialGridView( 1096): at com.android.internal.os.RuntimeInit$MethodAndArgsCaller.run(RuntimeInit.java:548)
10-16 15:08:34.852 E/DifferentialGridView( 1096): at com.android.internal.os.ZygoteInit.main(ZygoteInit.java:1182)
10-16 15:08:34.862 D/TvWindowManager( 486): key event key = KEYCODE_DPAD_DOWN down = false
10-16 15:08:34.863 I/BLEAudioDrive_HV410( 247): data len: 9 1
10-16 15:08:34.863 I/BLEAudioDrive_HV410( 247): keyboard stop
10-16 15:08:34.877 I/SogouIME( 2876): onKeyUp: keyoCode=20
10-16 15:08:34.877 I/DefaultIMS( 2876): onKeyUp: keyoCode=20
10-16 15:08:34.880 I/DefaultIMS( 2876): onStartInput attribute=android.view.inputmethod.EditorInfo@2c78ae1 restarting=false inputType: 0
10-16 15:08:34.929 E/WifiHAL ( 659): wifi_get_link_stats: requestResponse Error:-5
10-16 15:08:34.930 E/WifiVendorHal( 486): getWifiLinkLayerStats_1_5_Internal(l.1191) failed {.code = ERROR_INVALID_ARGS, .description = }
10-16 15:08:35.505 I/BLEAudioDrive_HV410( 247): data len: 9 1
10-16 15:08:35.505 D/TvWindowManager( 486): key event key = KEYCODE_DPAD_RIGHT down = true
10-16 15:08:35.509 D/GpioService( 486): mFlickerEnable = true
10-16 15:08:35.511 I/SogouIME( 2876): onKeyDown: keyoCode=22
10-16 15:08:35.511 I/DefaultIMS( 2876): onKeyDown: keyoCode=22
10-16 15:08:35.525 I/DefaultIMS( 2876): onStartInput attribute=android.view.inputmethod.EditorInfo@a2f0c60 restarting=false inputType: 0
10-16 15:08:35.551 I/TDLog ( 2275): [APP] New data found, Submitting...
10-16 15:08:35.563 I/TDLog ( 2275): [APP] Failed to submit data!
10-16 15:08:35.629 W/IorapForwardingService( 486): No service published for: iorapd
10-16 15:08:35.655 I/BLEAudioDrive_HV410( 247): data len: 9 1
10-16 15:08:35.655 I/BLEAudioDrive_HV410( 247): keyboard stop
10-16 15:08:35.655 D/TvWindowManager( 486): key event key = KEYCODE_DPAD_RIGHT down = false
10-16 15:08:35.658 I/SogouIME( 2876): onKeyUp: keyoCode=22
10-16 15:08:35.658 I/DefaultIMS( 2876): onKeyUp: keyoCode=22
10-16 15:08:35.745 I/BLEAudioDrive_HV410( 247): data len: 9 1
10-16 15:08:35.746 D/TvWindowManager( 486): key event key = KEYCODE_DPAD_RIGHT down = true
10-16 15:08:35.750 D/GpioService( 486): mFlickerEnable = true
10-16 15:08:35.752 I/SogouIME( 2876): onKeyDown: keyoCode=22
10-16 15:08:35.752 I/DefaultIMS( 2876): onKeyDown: keyoCode=22
10-16 15:08:35.758 D/UtilLog ( 2275): 日志批量上报 进行正常循环 !!!!!!本次有0次请求,共0条数据
10-16 15:08:35.761 I/DefaultIMS( 2876): onStartInput attribute=android.view.inputmethod.EditorInfo@e0db519 restarting=false inputType: 0
10-16 15:08:35.881 I/BLEAudioDrive_HV410( 247): data len: 9 1
10-16 15:08:35.881 I/BLEAudioDrive_HV410( 247): keyboard stop
10-16 15:08:35.881 D/TvWindowManager( 486): key event key = KEYCODE_DPAD_RIGHT down = false
10-16 15:08:35.884 I/SogouIME( 2876): onKeyUp: keyoCode=22
10-16 15:08:35.884 I/DefaultIMS( 2876): onKeyUp: keyoCode=22
10-16 15:08:35.971 I/BLEAudioDrive_HV410( 247): data len: 9 1
10-16 15:08:35.971 D/TvWindowManager( 486): key event key = KEYCODE_DPAD_RIGHT down = true
10-16 15:08:35.980 D/GpioService( 486): mFlickerEnable = true
10-16 15:08:35.981 I/SogouIME( 2876): onKeyDown: keyoCode=22
10-16 15:08:35.981 I/DefaultIMS( 2876): onKeyDown: keyoCode=22
10-16 15:08:35.987 I/DefaultIMS( 2876): onStartInput attribute=android.view.inputmethod.EditorInfo@359e9de restarting=false inputType: 0
10-16 15:08:36.105 I/BLEAudioDrive_HV410( 247): data len: 9 1
10-16 15:08:36.105 I/BLEAudioDrive_HV410( 247): keyboard stop
10-16 15:08:36.105 D/TvWindowManager( 486): key event key = KEYCODE_DPAD_RIGHT down = false
10-16 15:08:36.107 I/SogouIME( 2876): onKeyUp: keyoCode=22
10-16 15:08:36.107 I/DefaultIMS( 2876): onKeyUp: keyoCode=22
10-16 15:08:36.272 E/GuardService( 3277): startMainRunnable:
10-16 15:08:36.631 W/IorapForwardingService( 486): No service published for: iorapd
10-16 15:08:36.721 I/BLEAudioDrive_HV410( 247): data len: 9 1
10-16 15:08:36.722 D/TvWindowManager( 486): key event key = KEYCODE_DPAD_CENTER down = true
10-16 15:08:36.731 D/GpioService( 486): mFlickerEnable = true
10-16 15:08:36.826 I/BLEAudioDrive_HV410( 247): data len: 9 1
10-16 15:08:36.827 I/BLEAudioDrive_HV410( 247): keyboard stop
10-16 15:08:36.827 D/TvWindowManager( 486): key event key = KEYCODE_DPAD_CENTER down = false
10-16 15:08:36.872 D/GpioService( 486): mFlickerEnable = true
10-16 15:08:36.874 I/SogouIME( 2876): onKeyDown: keyoCode=23
10-16 15:08:36.874 I/DefaultIMS( 2876): onKeyDown: keyoCode=23
10-16 15:08:36.877 I/SogouIME( 2876): onKeyUp: keyoCode=23
10-16 15:08:36.877 I/DefaultIMS( 2876): onKeyUp: keyoCode=23
10-16 15:08:36.879 E/hq ( 1096): router:::startLauncher: JumpConfig{type=0, link='db://appdetail?appid=9235', param=null, limitVipId=null, appInfo=AppInfo{kw='', type='', packageName='com.kugou.android.tv'}}
10-16 15:08:36.880 D/TheRouter::Navigator::navigationFragment( 1096): begin navigate db://appdetail
10-16 15:08:36.881 D/TheRouter::Navigator::navigationFragment( 1096): path replace to db://appdetail
10-16 15:08:36.881 D/TheRouter::Navigator::navigationFragment( 1096): match route RouteItem(path='db://appdetail', className='com.dangbei.leard.leradlauncher.module.app.AppDetailActivity', action='', description='', extras=Bundle[{appid=9235}])
10-16 15:08:36.881 D/TheRouter::Navigator::navigationFragment( 1096): route replace to RouteItem(path='db://appdetail', className='com.dangbei.leard.leradlauncher.module.app.AppDetailActivity', action='', description='', extras=Bundle[{appid=9235}])
10-16 15:08:36.882 I/fragmentlink( 1096): fragmentPaths onLost
10-16 15:08:36.882 E/ActivityLinkRouter( 1096): startDefault: path=db://appdetail?appid=9235
10-16 15:08:36.882 D/TheRouter::Navigator::navigation( 1096): begin navigate db://appdetail
10-16 15:08:36.883 D/TheRouter::Navigator::navigation( 1096): db://appdetail replace to db://appdetail
10-16 15:08:36.883 D/TheRouter::Navigator::navigation( 1096): match route RouteItem(path='db://appdetail', className='com.dangbei.leard.leradlauncher.module.app.AppDetailActivity', action='', description='', extras=Bundle[{appinfo=AppInfo{kw='', type='', packageName='com.kugou.android.tv'}, appid=9235}])
10-16 15:08:36.883 D/TheRouter::Navigator::navigation( 1096): NavigationCallback on found
10-16 15:08:36.883 E/ActivityLinkRouter( 1096): onFound: path:db://appdetail
10-16 15:08:36.885 I/MLoginRouterInterceptor( 1096): 登录拦截器 process: db://appdetail
10-16 15:08:36.887 D/TheRouter::Navigator::navigation( 1096): startActivity com.dangbei.leard.leradlauncher.module.app.AppDetailActivity
10-16 15:08:36.890 W/ContextImpl( 1096): Calling a method in the system process without a qualified user: android.app.ContextImpl.startActivity:1067 android.content.ContextWrapper.startActivity:433 com.monster.therouter.router.Navigator$navigation$callback111$1.invoke:30 com.monster.therouter.router.Navigator$navigation$callback111$1.invoke:1 com.monster.therouter.router.NavigatorKt$setRouterInterceptor$1$1.onContinue:7
10-16 15:08:36.891 I/ActivityStarter( 486): ---START u0 {flg=0x10000000 cmp=com.dangbei.leard.leradlauncher/.module.app.AppDetailActivity (has extras)} from uid 1000
10-16 15:08:36.893 W/ActivityTaskManager( 486): Can't find TaskDisplayArea to determine support for multi window. Task id=45 attached=false
10-16 15:08:36.897 I/AW_PowerHAL( 259): Power setMode: LAUNCH to: 1
10-16 15:08:36.897 V/SplashScreenExceptionList( 486): SplashScreen checking exception for package com.dangbei.leard.leradlauncher (target sdk:28) -> false
10-16 15:08:36.899 D/StartingSurfaceDrawer( 676): addSplashScreen com.dangbei.leard.leradlauncher theme=7f0f0111 task=45 suggestType=3
10-16 15:08:36.900 D/StartingSurfaceDrawer( 676): addSplashScreen: creating context based on task Configuration {1.0 ?mcc?mnc [zh_CN] ldltr sw720dp w1280dp h696dp 240dpi lrg long land television -touch qwerty/v/v dpad/v winConfig={ mBounds=Rect(0, 0 - 1920, 1080) mAppBounds=Rect(0, 0 - 1920, 1080) mMaxBounds=Rect(0, 0 - 1920, 1080) mWindowingMode=fullscreen mDisplayWindowingMode=fullscreen mActivityType=standard mAlwaysOnTop=undefined mRotation=ROTATION_0} s.1 fontWeightAdjustment=0} for splash screen
10-16 15:08:36.900 D/StartingSurfaceDrawer( 676): addSplashScreen: apply overrideConfig{1.0 ?mcc?mnc [zh_CN] ldltr sw720dp w1280dp h696dp 240dpi lrg long land television -touch qwerty/v/v dpad/v winConfig={ mBounds=Rect(0, 0 - 1920, 1080) mAppBounds=Rect(0, 0 - 1920, 1080) mMaxBounds=Rect(0, 0 - 1920, 1080) mWindowingMode=fullscreen mDisplayWindowingMode=fullscreen mActivityType=standard mAlwaysOnTop=undefined mRotation=ROTATION_0} s.1 fontWeightAdjustment=0} to starting window resId=2131165496
10-16 15:08:36.902 D/StartingSurfaceDrawer( 676): window attributes color: 0 icon null duration 0 brandImage null
10-16 15:08:36.903 D/SplashScreenView( 676): Build android.window.SplashScreenView{b84f6bf V.E...... ......ID 0,0-0,0}
10-16 15:08:36.903 D/SplashScreenView( 676): Icon: view: null drawable: null size: 0
10-16 15:08:36.903 D/SplashScreenView( 676): Branding: view: android.view.View{185718c G.ED..... ......I. 0,0-0,0 #10204a6 android:id/splashscreen_branding_view} drawable: null size w: 0 h: 0
10-16 15:08:36.904 D/StartingSurfaceDrawer( 676): fillViewWithIcon surfaceWindowView android.window.SplashScreenView{b84f6bf V.E...... ......ID 0,0-0,0}
10-16 15:08:36.916 W/ActivityTaskManager( 486): Tried to set launchTime (0) < mLastActivityLaunchTime (95633)
10-16 15:08:36.917 D/AW_CODE ( 486): rotation =0
10-16 15:08:36.932 I/AW_PowerHAL( 259): cur-mode:LAUNCH
10-16 15:08:36.950 I/gralloc ( 255): alloc buffer:W:1920 H:1080 S:1920 PL[1920 1080] SZ:8294400 fmt:1 if:0 af:1 usg:20000b00 fg:00000004
10-16 15:08:36.951 I/gralloc ( 255): alloc buffer:W:1920 H:1080 S:1920 PL[1920 1080] SZ:8294400 fmt:1 if:0 af:1 usg:20000b00 fg:00000004
10-16 15:08:36.952 I/gralloc ( 255): alloc buffer:W:1920 H:1080 S:1920 PL[1920 1080] SZ:8294400 fmt:1 if:0 af:1 usg:20000b00 fg:00000004
10-16 15:08:36.956 I/BpBinder( 273): onLastStrongRef automatically unlinking death recipients:
10-16 15:08:36.967 W/SQLiteLog( 1096): (28) double-quoted string literal: "A796DB963EFCF70F88ED38C7E55787CF"
10-16 15:08:36.970 W/SQLiteLog( 1096): (28) double-quoted string literal: "
10-16 15:08:36.970 W/SQLiteLog( 1096): (28) double-quoted string literal: "A796DB963EFCF70F88ED38C7E55787CF"
10-16 15:08:36.994 I/hq ( 1096): 当小贝:::showMessage from=mActivityLifecycleCallbacks
10-16 15:08:36.997 I/hq ( 1096): 当小贝:::showMessage 没有消息需要显示
10-16 15:08:37.001 I/hq ( 1096): hq:::curl -X GET "https://ottdbui-tyapiqun7.yysh.mgtv.com/v1/app/getappdetail/?appid=Pj9S%2BoQO%2F%2Bg%3D&uid=pctYUOG3RH0%3D&rommodelnumber=40I2XonQAUU%3D&cpuserial=PlZpqfc1JpxOOZ0anAV38AcloAYinsDQ&pattern=4Beei9NZNdo%3D&rommodel=Pqlpla5YRarwmFg%2B5VG%2FRQ%3D%3D&sn=ia%2FaFKiHtUJJAiZNtw0Vu%2Bo7tXt8HRXc&lang=vT%2FCsDI%2Fr10%3D&brand=elfd%2FN0Mw6U%3D&theme=L%2B%2FPU%2FFQgEY%3D&vcode=o%2BppAkqptlQ%3D&vname=oql4Ml1tHJc%3D&license=Hs4jp68qr9I%3D&channel=TIQ8TWTDuwcufJjk0AcBhA%3D%3D&packagename=qzBdBNULiCmiu3CIMurjL7PIryC36aZ2YdCJzQtyjcQ%3D&romvercode=LElfY4n9b%2B8%3D&romvername=DKxT5CPc%2FX8%3D&network=4Beei9NZNdo%3D&deviceEid=cRYfvD8g2raQeh4ZjQLJU5VJuJCft4VI4gdkaLe5245GHZlO7LFf1A%3D%3D&mac=iP4TVZLko9WuJ1hg87dgdZKk84039%2FKT&userid=pctYUOG3RH0%3D"
10-16 15:08:37.003 W/WindowManager( 486): Failed looking up window session=Session{8b47fd5 1096:1000} callers=com.android.server.wm.WindowManagerService.windowForClientLocked:5702 com.android.server.wm.Session.insetsModified:629 android.view.IWindowSession$Stub.onTransact:1151
10-16 15:08:37.015 W/SQLiteLog( 1096): (28) double-quoted string literal: "A796DB963EFCF70F88ED38C7E55787CF"
10-16 15:08:37.021 I/MobclickAgent( 1096): Extend current session: A796DB963EFCF70F88ED38C7E55787CF
10-16 15:08:37.032 D/TvPipController( 676): onTaskStackChanged()
10-16 15:08:37.032 W/SQLiteLog( 1096): (28) double-quoted string literal: "A796DB963EFCF70F88ED38C7E55787CF"
10-16 15:08:37.033 W/SQLiteLog( 1096): (28) double-quoted string literal: ""
10-16 15:08:37.033 W/SQLiteLog( 1096): (28) double-quoted string literal: "A796DB963EFCF70F88ED38C7E55787CF"
10-16 15:08:37.033 W/SQLiteLog( 1096): (28) double-quoted string literal: "-1"
10-16 15:08:37.035 D/UMLog ( 1096): 当前发送策略为:启动时发送。详见链接 https://developer.umeng.com/docs/66632/detail/66976?um_channel=sdk
10-16 15:08:37.036 D/MobclickAgent( 1096): Report policy : ReportAtLaunch
10-16 15:08:37.039 I/gralloc ( 255): alloc buffer:W:1920 H:1080 S:1920 PL[1920 1080] SZ:8294400 fmt:1 if:0 af:1 usg:20000b00 fg:00000004
10-16 15:08:37.043 I/gralloc ( 255): alloc buffer:W:1920 H:1080 S:1920 PL[1920 1080] SZ:8294400 fmt:1 if:0 af:1 usg:20000b00 fg:00000004
10-16 15:08:37.046 I/gralloc ( 255): alloc buffer:W:1920 H:1080 S:1920 PL[1920 1080] SZ:8294400 fmt:1 if:0 af:1 usg:20000b00 fg:00000004
10-16 15:08:37.060 I/ActivityTaskManager( 486): +++Displayed com.dangbei.leard.leradlauncher/.module.app.AppDetailActivity: +167ms
10-16 15:08:37.062 D/StartingSurfaceDrawer( 676): Task start finish, remove starting surface for task 45
10-16 15:08:37.062 V/StartingSurfaceDrawer( 676): Removing splash screen window for task: 45
10-16 15:08:37.101 I/DefaultIMS( 2876): onStartInput attribute=android.view.inputmethod.EditorInfo@e339245 restarting=false inputType: 0
10-16 15:08:37.307 I/hq ( 1096): hq:::tag=requestAppDetailsInfo 请求结果={"code":0,"data":{"appInfo":{"appDownLoadConfirm":"0","extra":{"drm":null,"icon":null,"leftTop":null,"placeholder":null,"progress":null,"rankImg":null,"rankName":null,"rankNo":null,"round":-1,"score":null,"showRank":false,"showScore":false,"source":null,"summary":null,"tag":"内含付费","tagColor":"#AAAFC3","tagEndColor":"","tagPic":null,"tagTextColor":"#FFFFFF","tagType":null},"id":9235,"packname":"com.kugou.android.tv","code":9901,"version":"2.0.8.0"},"download":{"contentLength":89630496,"downloadMd5":"3772782a4335716d1e0026798d14cb60","secondDownload":"http://dlphp.dangbei.net/ssdbc/ZG93bi8yMDI1MDkzMC9rZ3l5b3MyMDM2ODVfMi4wLjguMF9kYW5nYmVpLmFwaw==","thirdDownload":"http://118.178.34.44/down/20250930/kgyyos203685_2.0.8.0_dangbei.php?md5=18488c2654c7b91ad1f33fb839b07662","firstDownload":"http://dlap1.dbkan.com/down/20250930/kgyyos203685_2.0.8.0_dangbei.apk"},"list":[{"items":[{"author":"广州酷狗计算机科技有限公司","downloads":"5w+","icon":"http://pic.dangbei.net/images/20250930/ReYzV3JJtukGn.png","lastUpdate":"2025-09-30","name":"酷狗音乐","size":"85.48MB","subTitle":"","official":0,"safety":1,"score":8,"tagType":"2"}],"type":1},{"items":[{"bigPic":"http://pic.dangbei.net/images/20250930/ngoK1HrjPyG2X.jpg!h690","smallPic":"http://pic.dangbei.net/images/20250930/ngoK1HrjPyG2X.jpg!h200"},{"bigPic":"http://pic.dangbei.net/images/20250930/fl5ZpOrz25Vs2.jpg!h690","smallPic":"http://pic.dangbei.net/images/20250930/fl5ZpOrz25Vs2.jpg!h200"},{"bigPic":"http://pic.dangbei.net/images/20250930/l7q4yeU0OSNdj.jpg!h690","smallPic":"http://pic.dangbei.net/images/20250930/l7q4yeU0OSNdj.jpg!h200"},{"bigPic":"http://pic.dangbei.net/images/20250930/LthXOJJYFGn5S.jpg!h690","smallPic":"http://pic.dangbei.net/images/20250930/LthXOJJYFGn5S.jpg!h200"},{"bigPic":"http://pic.dangbei.net/images/20250930/LbIq7dOlylr5K.jpg!h690","smallPic":"http://pic.dangbei.net/images/20250930/LbIq7dOlylr5K.jpg!h200"},{"bigPic":"http://pic.dangbei.net/images/20250930/1iD3x4gqIpxjq.jpg!h690","smallPic":"http://pic.dangbei.net/images/20250930/1iD3x4gqIpxjq.jpg!h200"}],"type":2},{"items":[{"author":"广州酷狗计算机科技有限公司\n备案号 : 粤ICP备09017694号-30A","summary":"酷狗音乐,是一款集听歌、K歌、音乐视频于一体的多功能TV端应用,为音乐、K歌爱好者量身定制。海量庞大曲库、沉浸式播放音效、K歌智能评分系统,让热爱音乐的你得心应手,享受更高品质的大屏K歌和音乐体验。","updateInfo":"1.全新版本焕新登场!\n2.会员体系重磅升级,搭配极简UI设计,新增沉浸听、AI画报等智能播放模式,畅享海量蓝光MV与跨屏投播体验;\n3.宅家场景再升级,支持创建专属电视歌单、K歌互动及宅家空间,打造你的家庭娱乐中心。"}],"type":3},{"items":[{"id":null,"title":"应用推荐"}],"type":0},{"items":[{"desc":"","content_delivery_scm":null,"downnum":"150万+","extra":{"drm":null,"icon":null,"leftTop":null,"placeholder":null,"progress":null,"rankImg":null,"rankName":null,"rankNo":null,"round":-1,"score":null,"showRank":false,"showScore":false,"source":null,"summary":null,"tag":"内含付费","tagColor":"#AAAFC3","tagEndColor":"","tagPic":null,"tagTextColor":"#FFFFFF","tagType":null},"jumpConfig":{"appInfo":{"kw":"","packageName":"com.dangbei.dbmusic","type":""},"limitVipId":null,"link":"db://appdetail?appid=7503","mParameter":null,"param":null,"source":null,"type":0},"code":2001,"icon":"http://pic.dangbei.net/images/20250423/nRrbXoBqqOrCt.png","id":"7503","name":"当贝音乐","packname":"com.dangbei.dbmusic","version":"2.0.0.1","score":10,"tag":null},{"desc":"","content_delivery_scm":null,"downnum":"150万+","extra":{"drm":null,"icon":null,"leftTop":null,"placeholder":null,"progress":null,"rankImg":null,"rankName":null,"rankNo":null,"round":-1,"score":null,"showRank":false,"showScore":false,"source":null,"summary":null,"tag":"内含付费","tagColor":"#AAAFC3","tagEndColor":"","tagPic":null,"tagTextColor":"#FFFFFF","tagT
10-16 15:08:37.308 I/d.leradlaunche( 1096): Background concurrent copying GC freed 62318(4519KB) AllocSpace objects, 310(7528KB) LOS objects, 49% free, 13MB/27MB, paused 331us total 396.213ms
10-16 15:08:37.394 W/InputManager-JNI( 486): Input channel object 'fbbef18 Splash Screen com.dangbei.leard.leradlauncher (client)' was disposed without first being removed with the input manager!
10-16 15:08:37.497 I/WifiService( 486): releaseMulticastLock uid=10030
10-16 15:08:37.500 I/WifiService( 486): releaseMulticastLock uid=10030
10-16 15:08:37.535 D/HiSight-SinkService( 3430): setDiscoverable true
10-16 15:08:37.545 D/NearFieldManager( 3430): init.
10-16 15:08:37.547 D/NearFieldManager( 3430): try check dmsdp
10-16 15:08:37.587 D/NearFieldManager( 3430): package not exist
10-16 15:08:37.598 D/CompatibilityChangeReporter( 486): Compat change id reported: 135634846; UID 10030; state: DISABLED
10-16 15:08:37.599 D/CompatibilityChangeReporter( 486): Compat change id reported: 143937733; UID 10030; state: DISABLED
10-16 15:08:37.601 D/NearFieldManager( 3430): bind nearfield service true
10-16 15:08:37.604 D/NearFieldManager( 3430): registerCallback true
10-16 15:08:37.604 D/HiSight-Discovery( 3430): set deviceInfo type:46
10-16 15:08:37.604 D/HiSight-Discovery( 3430): startAdvertise 1
10-16 15:08:37.624 D/Zygote ( 242): Forked child process 3660
10-16 15:08:37.628 I/ActivityManager( 486): app.processName = com.huawei.connection
10-16 15:08:37.628 I/ActivityManager( 486): Start proc 3660:com.huawei.connection/u0a30 for service {com.dangbei.screencast/com.huawei.connection.service.NearFieldManagerService}
10-16 15:08:37.633 W/IorapForwardingService( 486): No service published for: iorapd
10-16 15:08:37.636 I/Zygote ( 3660): seccomp disabled by setenforce 0
10-16 15:08:37.669 I/adbd ( 381): jdwp connection from 3660
10-16 15:08:37.690 D/wenhc ( 1096): getScreenInfo uri = content://com.dangbei.screencast.parts.info/screen_cast
10-16 15:08:37.691 D/wenhc ( 1096): getScreenInfo uri = content://com.dangbei.screencast.parts.info/screen_cast
10-16 15:08:37.726 D/CompatibilityChangeReporter( 3660): Compat change id reported: 171979766; UID 10030; state: DISABLED
10-16 15:08:37.747 D/HiSight-SinkService( 3430): setDiscoverable true
10-16 15:08:37.748 D/HiSight-Discovery( 3430): set deviceInfo type:46
10-16 15:08:37.748 D/HiSight-Discovery( 3430): startAdvertise 1
10-16 15:08:37.744 I/gbei.screencast( 3430): type=1400 audit(0.0:1257): avc: denied { search } for name="com.dangbei.screencast" dev="mmcblk0p25" ino=897 scontext=u:r:platform_app:s0:c512,c768 tcontext=u:object_r:app_data_file:s0:c512,c768 tclass=dir permissive=1 app=com.dangbei.screencast
10-16 15:08:37.751 D/wenhc ( 1096): getScreenInfo uri = content://com.dangbei.screencast.parts.info/screen_cast
10-16 15:08:37.752 D/wenhc ( 1096): getScreenInfo uri = content://com.dangbei.screencast.parts.info/screen_cast
10-16 15:08:37.768 D/ApplicationLoaders( 3660): Returning zygote-cached class loader: /system/framework/android.test.base.jar
10-16 15:08:37.769 D/ApplicationLoaders( 3660): Returning zygote-cached class loader: /system/framework/android.hidl.manager-V1.0-java.jar
10-16 15:08:37.770 D/ApplicationLoaders( 3660): Returning zygote-cached class loader: /system/framework/android.hidl.base-V1.0-java.jar
10-16 15:08:37.792 I/excHandlerThrea( 3430): type=1400 audit(0.0:1258): avc: denied { lock } for path="/data/user/0/com.dangbei.screencast/files/TDCloud_Control_Cache_Param4" dev="mmcblk0p25" ino=2113 scontext=u:r:platform_app:s0:c512,c768 tcontext=u:object_r:app_data_file:s0:c512,c768 tclass=file permissive=1 app=com.dangbei.screencast
10-16 15:08:37.803 D/HiSight-SinkService( 3430): setDiscoverable true
10-16 15:08:37.803 D/HiSight-Discovery( 3430): set deviceInfo type:46
10-16 15:08:37.803 D/HiSight-Discovery( 3430): startAdvertise 1
10-16 15:08:37.804 E/HuaweiCastService( 3430): onStartCommand in 0
10-16 15:08:37.800 I/awei.connection( 3660): type=1400 audit(0.0:1259): avc: denied { getattr } for path="/data/user/0/com.dangbei.screencast" dev="mmcblk0p25" ino=897 scontext=u:r:platform_app:s0:c512,c768 tcontext=u:object_r:app_data_file:s0:c512,c768 tclass=dir permissive=1 app=com.dangbei.screencast
10-16 15:08:37.808 I/SharedPreferenc( 3430): type=1400 audit(0.0:1260): avc: denied { open } for path="/data/user/0/com.dangbei.screencast/shared_prefs/TD_IP_CACHE.xml" dev="mmcblk0p25" ino=5783 scontext=u:r:platform_app:s0:c512,c768 tcontext=u:object_r:app_data_file:s0:c512,c768 tclass=file permissive=1 app=com.dangbei.screencast
10-16 15:08:37.812 I/ModuleDataForwa( 3430): type=1400 audit(0.0:1261): avc: denied { write } for name="td_database99SaaS" dev="mmcblk0p25" ino=2152 scontext=u:r:platform_app:s0:c512,c768 tcontext=u:object_r:app_data_file:s0:c512,c768 tclass=dir permissive=1 app=com.dangbei.screencast
10-16 15:08:37.812 I/ModuleDataForwa( 3430): type=1400 audit(0.0:1262): avc: denied { remove_name } for name="1760598517488_3430" dev="mmcblk0p25" ino=5901 scontext=u:r:platform_app:s0:c512,c768 tcontext=u:object_r:app_data_file:s0:c512,c768 tclass=dir permissive=1 app=com.dangbei.screencast
10-16 15:08:37.812 I/ModuleDataForwa( 3430): type=1400 audit(0.0:1263): avc: denied { unlink } for name="1760598517488_3430" dev="mmcblk0p25" ino=5901 scontext=u:r:platform_app:s0:c512,c768 tcontext=u:object_r:app_data_file:s0:c512,c768 tclass=file permissive=1 app=com.dangbei.screencast
10-16 15:08:37.825 D/wenhc ( 1096): getScreenInfo uri = content://com.dangbei.screencast.parts.info/screen_cast
10-16 15:08:37.826 D/wenhc ( 1096): getScreenInfo uri = content://com.dangbei.screencast.parts.info/screen_cast
10-16 15:08:37.839 V/GraphicsEnvironment( 3660): ANGLE Developer option for 'com.dangbei.screencast' set to: 'default'
10-16 15:08:37.839 V/GraphicsEnvironment( 3660): Neither updatable production driver nor prerelease driver is supported.
10-16 15:08:37.843 D/NetworkSecurityConfig( 3660): Using Network Security Config from resource network_security_config debugBuild: false
10-16 15:08:37.846 D/NetworkSecurityConfig( 3660): Using Network Security Config from resource network_security_config debugBuild: false
10-16 15:08:37.852 I/MultiDex( 3660): VM with version 2.1.0 has multidex support
10-16 15:08:37.853 I/MultiDex( 3660): Installing application
10-16 15:08:37.853 I/MultiDex( 3660): VM has multidex support, MultiDex support library is disabled.
10-16 15:08:37.861 W/audit ( 3582): audit_lost=727 audit_rate_limit=5 audit_backlog_limit=64
10-16 15:08:37.861 E/audit ( 3582): rate limit exceeded
10-16 15:08:37.848 I/pool-5-thread-1( 3430): type=1400 audit(0.0:1264): avc: denied { read } for name="td_database2SaaS" dev="mmcblk0p25" ino=2150 scontext=u:r:platform_app:s0:c512,c768 tcontext=u:object_r:app_data_file:s0:c512,c768 tclass=dir permissive=1 app=com.dangbei.screencast
10-16 15:08:37.957 E/WifiHAL ( 659): wifi_get_link_stats: requestResponse Error:-5
10-16 15:08:37.959 E/WifiVendorHal( 486): getWifiLinkLayerStats_1_5_Internal(l.1191) failed {.code = ERROR_INVALID_ARGS, .description = }
10-16 15:08:38.046 I/crashsdk( 3660): version unique build id: 6230cced
10-16 15:08:38.051 D/crashsdk( 3660): Native log stat thread 3700 setup, waiting
10-16 15:08:38.054 I/crashsdk( 3660): begin hack android.os.Process
10-16 15:08:38.054 I/crashsdk( 3660): end hack android.os.Process
10-16 15:08:38.085 I/TDLog ( 3660): setReportUncaughtExceptions: true
10-16 15:08:38.087 I/Matrix.AnrTracer( 3660): anrTrace, final mAnrBeatTime:400, mAnrBeatRate:400
10-16 15:08:38.088 E/Application( 3660): onCreate:Version:v2.8.3/20830/883432e
10-16 15:08:38.097 E/LaunchManager( 3660): Non main process !
10-16 15:08:38.098 W/System.err( 3660): java.lang.NullPointerException: Attempt to invoke virtual method 'boolean com.efs.sdk.launch.LaunchConfigManager.enableTracer()' on a null object reference
10-16 15:08:38.098 W/System.err( 3660): at com.umeng.umcrash.UMCrash.init(Unknown Source:403)
10-16 15:08:38.098 W/System.err( 3660): at java.lang.reflect.Method.invoke(Native Method)
10-16 15:08:38.098 W/System.err( 3660): at com.umeng.commonsdk.UMConfigure.init(Unknown Source:811)
10-16 15:08:38.098 W/System.err( 3660): at b.f.f.b.a(:4)
10-16 15:08:38.099 W/System.err( 3660): at h.o.a.run(Unknown Source:2)
10-16 15:08:38.099 W/efs.send_log( 3660): tryFileLock start!
10-16 15:08:38.112 I/efs.config( 3660): --->>> 删除旧的配置文件 false
10-16 15:08:38.116 W/ServiceManager( 486): Permission failure: android.permission.HIGH_SAMPLING_RATE_SENSORS from uid=10030 pid=3660
10-16 15:08:38.120 I/efs.base( 3660): lt=event`ev_ct=efs_core`ev_ac=pvuv`tm=2025-10-16 15:08:10`dn=c86086b6-ce5d-42ac-8990-efafd6293338`ps=com.huawei.connection`um_os=android`stime=1760598517776`pid=3660`fr=android`pkg=com.dangbei.screencast`vcode=20830`dsp_w=1920`uid=c86086b6-ce5d-42ac-8990-efafd6293338`rom=12`wid=c86086b6-ce5d-42ac-8990-efafd6293338`um_app_carrier=`um_access=wifi`um_app_channel=os`um_crash_sdk_version=1.4.0`ctime=1760598518`model=dbbox-a2`lang=zh`net=wifi`brand=dangbei`dsp_h=1080`um_network_type=0`ver=v2.8.3`build_model=DBBOX-A2`w_tm=1760598518`appid=5fc60c21094d637f3130af19`um_umid_header=ai256276725c37c8e63c53fef7d05fccc5`sdk=31`tzone=Asia/Shanghai`sdk_ver=1.3.6.umeng
10-16 15:08:38.127 I/efs.config( 3660): current config version (-1) is older than another (1735614866)
10-16 15:08:38.128 I/efs.config( 3660): load config from storage and notify observer
10-16 15:08:38.131 I/TDLog ( 3660): TalkingData SDK init...
10-16 15:08:38.131 I/TDLog ( 3660): SDK_VERSION is: Android+TD+V5.0.7 gp Type:Native Build_Num:2141
10-16 15:08:38.131 I/TDLog ( 3660): App ID is: B9D7815EC975466AB1332111FCE62DF5
10-16 15:08:38.131 I/TDLog ( 3660): App Channel is: os
10-16 15:08:38.131 I/TDLog ( 3660): App Custom is:
10-16 15:08:38.131 I/TDLog ( 3660): SDK_OVC is: TDOVC+a3bb7754719798526508b6caad480dd7+SaaS
10-16 15:08:38.154 D/NearFieldManagerService( 3660): NearFieldManagerService.
10-16 15:08:38.155 D/NearFieldManagerService( 3660): onCreate, enter.
10-16 15:08:38.160 I/NearFieldManagerService( 3660): onBind, enter.
10-16 15:08:38.161 D/NearFieldManagerService( 3660): initService
10-16 15:08:38.161 D/NearFieldManagerService( 3660): NearField starting...
10-16 15:08:38.162 D/NearFieldUtils( 3660): checkSystemProperty in
10-16 15:08:38.162 D/NearFieldUtils( 3660): checkSystemProperty: systemProperties:
10-16 15:08:38.163 E/NearFieldUtils( 3660): validProperty: priority is null
10-16 15:08:38.166 E/sprdwl ( 1105): sprdwl_rx_rsp_process ctx_id 0 recv rsp[WIFI_CMD_TX_DATA] status[SPRDWL_CMD_STATUS_ERROR]
10-16 15:08:38.178 D/NearFieldManager( 3430): service connected.
10-16 15:08:38.179 D/HiSight-Discovery( 3430): eventId: 4001
10-16 15:08:38.180 D/HiSight-Discovery( 3430): msg 4001
10-16 15:08:38.180 D/HiSight-Discovery( 3430): bind success, status Ready
10-16 15:08:38.180 D/HiSight-Discovery( 3430): startAdvertise 2
10-16 15:08:38.180 D/HiSight-Discovery( 3430): stopAdvertise.
10-16 15:08:38.180 D/HiSight-Discovery( 3430): nearFieldStartListen deviceType 46
10-16 15:08:38.190 I/NearFieldManagerImpl( 3660): setDeviceInfo, sDeviceId changes
10-16 15:08:38.194 I/NearFieldManagerImpl( 3660): setDeviceInfo, sDeviceName changes
10-16 15:08:38.182 E/sprdwl ( 1105): sprdwl_rx_rsp_process ctx_id 0 recv rsp[WIFI_CMD_TX_DATA] status[SPRDWL_CMD_STATUS_ERROR]
10-16 15:08:38.194 D/NearFieldManagerImpl( 3660): setServiceData, sServiceData=[], serviceData=[32]
10-16 15:08:38.194 E/NearFieldManager( 3430): setIdnNetworkPriority: networkPortPriority is empty
10-16 15:08:38.194 D/NearFieldManager( 3430): StartListen moduleId: CastPlusDiscoveryModule
10-16 15:08:38.196 D/NearFieldManagerImpl( 3660): startListen: moduleId: CastPlusDiscoveryModule
10-16 15:08:38.198 E/sprdwl ( 1105): sprdwl_rx_rsp_process ctx_id 0 recv rsp[WIFI_CMD_TX_DATA] status[SPRDWL_CMD_STATUS_ERROR]
10-16 15:08:38.196 D/NearFieldUtils( 3660): getPreferredIpAddress exec
10-16 15:08:38.196 D/NearFieldUtils( 3660): getPreferredIpAddress by custom priority
10-16 15:08:38.196 D/NearFieldUtils( 3660): getIpByInterfaceSetting customIdnNetworkPriority:[]
10-16 15:08:38.196 D/NearFieldUtils( 3660): getPreferredIpAddress by default priority
10-16 15:08:38.214 E/sprdwl ( 1105): sprdwl_rx_rsp_process ctx_id 0 recv rsp[WIFI_CMD_TX_DATA] status[SPRDWL_CMD_STATUS_ERROR]
10-16 15:08:38.230 E/sprdwl ( 1105): sprdwl_rx_rsp_process ctx_id 0 recv rsp[WIFI_CMD_TX_DATA] status[SPRDWL_CMD_STATUS_ERROR]
10-16 15:08:38.245 E/sprdwl ( 1105): sprdwl_rx_rsp_process ctx_id 0 recv rsp[WIFI_CMD_TX_DATA] status[SPRDWL_CMD_STATUS_ERROR]
10-16 15:08:38.254 I/crashsdk( 3660): Catcher mask: 5000, 20480
10-16 15:08:38.254 D/NearFieldUtils( 3660): to get wlan0 ip address
10-16 15:08:38.255 D/NearFieldUtils( 3660): get wlan0 IP succeed.
10-16 15:08:38.255 D/NearFieldManagerImpl( 3660): sDeviceType: 46
10-16 15:08:38.255 I/crashsdk( 3660): Catcher thread 3665
10-16 15:08:38.255 D/crashsdk( 3660): Register ANR handler ...
10-16 15:08:38.255 D/NearFieldManagerImpl( 3660): registerDevice() is called.
10-16 15:08:38.257 D/NearFieldManagerImpl( 3660): onReceive action get:android.net.conn.CONNECTIVITY_CHANGE
10-16 15:08:38.259 W/efs.info.manager( 3660): network change: wifi
10-16 15:08:38.260 D/NearFieldUtils( 3660): getPreferredIpAddress exec
10-16 15:08:38.260 D/NearFieldUtils( 3660): getPreferredIpAddress by custom priority
10-16 15:08:38.261 D/NearFieldUtils( 3660): getIpByInterfaceSetting customIdnNetworkPriority:[]
10-16 15:08:38.261 D/NearFieldUtils( 3660): getPreferredIpAddress by default priority
10-16 15:08:38.262 E/sprdwl ( 1105): sprdwl_rx_rsp_process ctx_id 0 recv rsp[WIFI_CMD_TX_DATA] status[SPRDWL_CMD_STATUS_ERROR]
10-16 15:08:38.269 E/NearFieldManagerUtilsNative( 3660): Begin System.loadLibrary()
10-16 15:08:38.278 I/HicomNfTimerManager( 3660): epoll fd:130 create success
10-16 15:08:38.278 I/HicomNfTimerManager( 3660): epoll add fd:131--->130 success
10-16 15:08:38.278 I/HicomNfTimerManager( 3660): time fd:131 add to epoll success
10-16 15:08:38.278 E/sprdwl ( 1105): sprdwl_rx_rsp_process ctx_id 0 recv rsp[WIFI_CMD_TX_DATA] status[SPRDWL_CMD_STATUS_ERROR]
10-16 15:08:38.292 D/NearFieldUtils( 3660): to get wlan0 ip address
10-16 15:08:38.292 D/NearFieldUtils( 3660): get wlan0 IP succeed.
10-16 15:08:38.292 E/NearFieldManagerImpl( 3660): notifyByPriority: interfaceNameInUse is null
10-16 15:08:38.292 D/NearFieldManagerImpl( 3660): handleConnectivityAction: notified by default
10-16 15:08:38.300 D/NearFieldUtils( 3660): to get wlan0 ip address
10-16 15:08:38.293 E/sprdwl ( 1105): sprdwl_rx_rsp_process ctx_id 0 recv rsp[WIFI_CMD_TX_DATA] status[SPRDWL_CMD_STATUS_ERROR]
10-16 15:08:38.300 D/NearFieldUtils( 3660): get wlan0 IP succeed.
10-16 15:08:38.300 I/NearFieldManagerImpl( 3660): wlan Connected
10-16 15:08:38.303 I/HicomNf_java_to_c( 3660): notifyNetworkStateChanged with maskStr, networkType: 0, networkState: 0, mask:
10-16 15:08:38.303 I/HicomNfMainCtrlManager( 3660): NotifyNetworkStateChanged is called with networkState: 0
10-16 15:08:38.303 D/nStackXDFinder( 3660): NSTACKX_Init:[146] :nstack ctrl creat epollfd 128
10-16 15:08:38.303 I/HicomNfMainCtrlManager( 3660): P2P and USB are both disconnected
10-16 15:08:38.303 I/HicomNfSecureManager( 3660): stop listening
10-16 15:08:38.303 I/HicomNfSecureManager( 3660): StopListening, m_sessionInfoLock out, before calling NSTACKX_DMsgClose 2
10-16 15:08:38.303 I/HicomNfSecureManager( 3660): StopListening, after calling NSTACKX_DMsgClose 2
10-16 15:08:38.304 I/nStackXDFinder( 3660): InitDefaultInterfaceName:[779] :InitDefaultInterfaceName exec
10-16 15:08:38.304 D/nStackXCoAP( 3660): CoapServerInit:[174] :CoapServerInit is called
10-16 15:08:38.304 E/nStackXDFinder( 3660): GetLocalIp:[401] :GetLocalIp exec
10-16 15:08:38.304 E/nStackXDFinder( 3660): GetLocalIp:[407] :GetLocalIp, ifInfo is null
10-16 15:08:38.304 I/HicomNfMainCtrlManager( 3660): NSTACKX_RegisterDevice is called
10-16 15:08:38.304 D/NearFieldManagerImpl( 3660): Register device success.
10-16 15:08:38.304 I/NearFieldManagerImpl( 3660): serviceName is castPlus
10-16 15:08:38.304 D/NearFieldManagerImpl( 3660): registerCapability() called with: capabilityBitmapNum = 1, capabilityBitmap = [8]
10-16 15:08:38.305 I/HicomNf_java_to_c( 3660): registerCapability, capabilityBitmapNum: 1
10-16 15:08:38.305 I/HicomNfMainCtrlManager( 3660): RegisterCapability: 1, 8
10-16 15:08:38.305 D/NearFieldManagerImpl( 3660): Register capability succeed with capabilityBitmapNum = 1, capabilityBitmap = [8]
