10-16 15:08:38.305 D/NearFieldManagerImpl( 3660): registerServiceData() called with: serviceData = 32
10-16 15:08:38.305 D/NearFieldManagerImpl( 3660): registerModule() called with: packageModuleName = com.huawei.connection+CastPlusDiscoveryModule
10-16 15:08:38.305 I/HicomNf_java_to_c( 3660): registerModule, moduleName: com.huawei.connection+CastPlusDiscoveryModule
10-16 15:08:38.305 I/HicomNfMainCtrlManager( 3660): Enter RegisterModule
10-16 15:08:38.305 I/HicomNfRegManager( 3660): RegisterModule OK, add module name com.huawei.connection+CastPlusDiscoveryModule
10-16 15:08:38.308 I/nStackXDFinder( 3660): UpdateLocalNetworkInterface:[472] :UpdateLocalNetworkInterface exec,initerfaceName:wlan0
10-16 15:08:38.308 E/nStackXDFinder( 3660): GetLocalIp:[401] :GetLocalIp exec
10-16 15:08:38.308 E/nStackXDFinder( 3660): GetLocalIp:[407] :GetLocalIp, ifInfo is null
10-16 15:08:38.308 I/nStackXDFinder( 3660): UpdateLocalNetworkInterface:[498] :UpdateLocalNetworkInterface copy ip value in default process
10-16 15:08:38.308 E/nStackXDFinder( 3660): GetLocalIp:[401] :GetLocalIp exec
10-16 15:08:38.308 D/nStackXCoAP( 3660): CoapServerInit:[174] :CoapServerInit is called
10-16 15:08:38.308 E/nStackXDFinder( 3660): GetLocalIp:[401] :GetLocalIp exec
10-16 15:08:38.308 I/nStackXUtil( 3660): BindToDevice:[352] :BindToDevice exec
10-16 15:08:38.308 I/nStackXUtil( 3660): GetInterfaceByPriority:[279] :GetInterfaceByPriority exec
10-16 15:08:38.308 I/nStackXUtil( 3660): GetInterfaceByDefault:[309] :GetInterfaceByDefault exec
10-16 15:08:38.308 I/nStackXUtil( 3660): GetInterfaceByDefault:[316] :GetInterfaceByDefault, ndevice name: lo
10-16 15:08:38.308 I/nStackXUtil( 3660): GetInterfaceByDefault:[316] :GetInterfaceByDefault, ndevice name: wlan0
10-16 15:08:38.308 I/nStackXUtil( 3660): BindToDevice:[374] :BindToDevice, Bind localAddr name: wlan0
10-16 15:08:38.308 E/nStackXUtil( 3660): BindToDeviceInner:[188] :setsockopt fail, errno = 1
10-16 15:08:38.308 E/nStackXCoAP( 3660): CoapGetContext:[250] :bind to device fail
10-16 15:08:38.308 D/nStackXCoAP( 3660): CoapInitResources:[744] :CoapInitResources g_wlanOrEthContext update
10-16 15:08:38.308 I/nStackXDFinder( 3660): RegisterServiceData:[728] :RegisterServiceData, serviceData=[32]
10-16 15:08:38.310 I/Hisight-DeviceListManager( 3430): init DeviceListManager.
10-16 15:08:38.312 I/HicomNf_java_to_c( 3660): notifyNetworkStateChanged with maskStr, networkType: 0, networkState: 1, mask: 255.255.255.0
10-16 15:08:38.312 I/HicomNfMainCtrlManager( 3660): NotifyNetworkStateChanged is called with networkState: 1
10-16 15:08:38.312 I/HicomNfSecureManager( 3660): StartListening, before calling NSTACKX_DMsgServer
10-16 15:08:38.312 I/nStackXDMsg( 3660): NSTACKX_DMsgServer:[1335] :msgReceiver is not NULL
10-16 15:08:38.312 D/nStackXDMsg( 3660): StartDMsgMainThread:[1274] :pthread_create
10-16 15:08:38.312 I/HicomNfSecureManager( 3660): StartListening, after calling NSTACKX_DMsgServer
10-16 15:08:38.312 I/HicomNfSecureManager( 3660): OnehopSecureCtrlManager: succeeded to StartListening with type 0
10-16 15:08:38.309 E/sprdwl ( 1105): sprdwl_rx_rsp_process ctx_id 0 recv rsp[WIFI_CMD_TX_DATA] status[SPRDWL_CMD_STATUS_ERROR]
10-16 15:08:38.319 D/Hisight-DeviceListManager( 3430): get old secret key
10-16 15:08:38.327 E/Hisight-ConnectAuthCallBack( 3430): readSecureFile failed, no such file
10-16 15:08:38.327 W/Hisight-DeviceListManager( 3430): deviceRecords is empty
10-16 15:08:38.327 W/Hisight-DeviceListManager( 3430): occur error, clear all the list
10-16 15:08:38.328 D/Hisight-HiChainAuthControl( 3430): start HiChainAuthControl
10-16 15:08:38.332 I/ConnectAuthJNI( 3430): JNI_OnLoad begin load
10-16 15:08:38.332 I/ConnectAuthJNI( 3430): RegisterNativeMethod begin
10-16 15:08:38.332 I/ConnectAuthJNI( 3430): RegisterNativeMethod end
10-16 15:08:38.332 I/ConnectAuthJNI( 3430): RegisterNativeMethod 1004 methodLen=10
10-16 15:08:38.332 I/ConnectAuthJNI( 3430): RegisterNativeMethod 1007 RegisterNatives=0
10-16 15:08:38.332 I/ConnectAuthJNI( 3430): InitArraylist 1013
10-16 15:08:38.332 I/ConnectAuthJNI( 3430): InitConnectAuthStaticJNIMethod 1114 methodRet=0
10-16 15:08:38.332 E/ConnectAuthJNI( 3430): JNI_OnLoad finish....1138
10-16 15:08:38.332 D/Hisight-HiChainAuthControl( 3430): setupAuthIfNeeded, HiChainInstance hasn't been initialized
10-16 15:08:38.333 I/ConnectAuthJNI( 3430): Java_com_huawei_hisight_security_ConnectAuthNative_nativeSetup 795 call HiChainNativeSetup
10-16 15:08:38.333 I/ConnectAuthJNI( 3430): HiChainNativeSetup 565 registe_log
10-16 15:08:38.326 E/sprdwl ( 1105): sprdwl_rx_rsp_process ctx_id 0 recv rsp[WIFI_CMD_TX_DATA] status[SPRDWL_CMD_STATUS_ERROR]
10-16 15:08:38.333 I/ConnectAuthJNI( 3430): HksStorageRegisterFileCallbacks 245 register hks file callback status =0
10-16 15:08:38.333 I/ConnectAuthJNI( 3430): HksRegisterGetDeviceIdCallback 268 register hks get hardware udid callback status =0
10-16 15:08:38.333 D/ConnectAuthJNI( 3430): [HiChain] get_instance Begin get instance
10-16 15:08:38.333 I/ConnectAuthJNI( 3430): [HKS] hks_service_key_info_init hks init : begin
10-16 15:08:38.333 I/ConnectAuthJNI( 3430): FileRead 113 FileRead
10-16 15:08:38.333 I/ConnectAuthJNI( 3430): FileRead 122 FileRead call readSecureFile begin
10-16 15:08:38.334 E/Hisight-ConnectAuthCallBack( 3430): readSecureFile failed, no such file
10-16 15:08:38.334 W/ConnectAuthJNI( 3430): FileRead 132 FileRead call readSecureFile byteArray is null
10-16 15:08:38.335 I/ConnectAuthJNI( 3430): [HKS] hks_rkc_init RKC init:begin, is_key_info_exist=0
10-16 15:08:38.335 I/ConnectAuthJNI( 3430): [HKS] hks_rkc_init_entropy the entropy is empty
10-16 15:08:38.335 I/ConnectAuthJNI( 3430): FileSize 214 FileSize
10-16 15:08:38.335 I/ConnectAuthJNI( 3430): FileSize 230 fileSize=258
10-16 15:08:38.335 I/ConnectAuthJNI( 3430): FileRead 113 FileRead
10-16 15:08:38.335 I/ConnectAuthJNI( 3430): FileRead 122 FileRead call readSecureFile begin
10-16 15:08:38.339 I/ConnectAuthJNI( 3430): FileRead 135 FileRead call readSecureFile end
10-16 15:08:38.339 I/ConnectAuthJNI( 3430): FileRead 150 fileBuff size 258, buf len 258
10-16 15:08:38.339 I/ConnectAuthJNI( 3430): FileSize 214 FileSize
10-16 15:08:38.339 I/ConnectAuthJNI( 3430): FileSize 230 fileSize=258
10-16 15:08:38.339 I/ConnectAuthJNI( 3430): FileRead 113 FileRead
10-16 15:08:38.339 I/ConnectAuthJNI( 3430): FileRead 122 FileRead call readSecureFile begin
10-16 15:08:38.339 I/ConnectAuthJNI( 3430): FileRead 135 FileRead call readSecureFile end
10-16 15:08:38.339 I/ConnectAuthJNI( 3430): FileRead 150 fileBuff size 258, buf len 258
10-16 15:08:38.340 I/ConnectAuthJNI( 3430): [HKS] hks_rkc_load_ksf load ksf success
10-16 15:08:38.340 I/ConnectAuthJNI( 3430): [HKS] hks_rkc_init root key component init success
10-16 15:08:38.340 I/ConnectAuthJNI( 3430): [HKS] hks_rkc_init RKC init:end,rc=0
10-16 15:08:38.340 I/ConnectAuthJNI( 3430): [HKS] hks_service_key_info_init hks init : end
10-16 15:08:38.340 I/ConnectAuthJNI( 3430): GetHiChainProtocolParamsCallback 371 GetHiChainProtocolParamsCallback operation_code= 99
10-16 15:08:38.340 I/ConnectAuthJNI( 3430): paramLen is ,=0
10-16 15:08:38.340 I/ConnectAuthJNI( 3430): paramLen is ,=0
10-16 15:08:38.340 I/ConnectAuthJNI( 3430): GetHiChainProtocolParamsCallback 402 GetHiChainProtocolParamsCallback end
10-16 15:08:38.340 I/ConnectAuthJNI( 3430): [HiChain] get_instance Get instance success
10-16 15:08:38.340 I/ConnectAuthJNI( 3430): Java_com_huawei_hisight_security_ConnectAuthNative_nativeGetHiChainInstance 598 get instance success
10-16 15:08:38.340 D/Hisight-HiChainAuthControl( 3430): destroyAuth
10-16 15:08:38.340 I/ConnectAuthJNI( 3430): Java_com_huawei_hisight_security_ConnectAuthNative_nativeDestroy 603 destroy
10-16 15:08:38.340 D/Hisight-HiChainAuthControl( 3430): setupAuthIfNeeded, HiChainInstance hasn't been initialized
10-16 15:08:38.340 I/ConnectAuthJNI( 3430): Java_com_huawei_hisight_security_ConnectAuthNative_nativeSetup 795 call HiChainNativeSetup
10-16 15:08:38.340 I/ConnectAuthJNI( 3430): HiChainNativeSetup 565 registe_log
10-16 15:08:38.340 I/ConnectAuthJNI( 3430): HksStorageRegisterFileCallbacks 245 register hks file callback status =0
10-16 15:08:38.340 I/ConnectAuthJNI( 3430): HksRegisterGetDeviceIdCallback 268 register hks get hardware udid callback status =0
10-16 15:08:38.340 D/ConnectAuthJNI( 3430): [HiChain] get_instance Begin get instance
10-16 15:08:38.340 I/ConnectAuthJNI( 3430): [HKS] hks_service_key_info_init hks init : begin
10-16 15:08:38.340 I/ConnectAuthJNI( 3430): [HKS] hks_service_key_info_init hks init : end
10-16 15:08:38.340 I/ConnectAuthJNI( 3430): GetHiChainProtocolParamsCallback 371 GetHiChainProtocolParamsCallback operation_code= 99
10-16 15:08:38.340 I/ConnectAuthJNI( 3430): paramLen is ,=0
10-16 15:08:38.340 I/ConnectAuthJNI( 3430): paramLen is ,=0
10-16 15:08:38.340 I/ConnectAuthJNI( 3430): GetHiChainProtocolParamsCallback 402 GetHiChainProtocolParamsCallback end
10-16 15:08:38.340 I/ConnectAuthJNI( 3430): [HiChain] get_instance Get instance success
10-16 15:08:38.340 I/ConnectAuthJNI( 3430): Java_com_huawei_hisight_security_ConnectAuthNative_nativeGetHiChainInstance 598 get instance success
10-16 15:08:38.340 W/ConnectAuthJNI( 3430): GetListTrustPeers 899 trustPeerSize=0
10-16 15:08:38.340 D/Hisight-HiChainAuthControl( 3430): destroyAuth
10-16 15:08:38.340 I/ConnectAuthJNI( 3430): Java_com_huawei_hisight_security_ConnectAuthNative_nativeDestroy 603 destroy
10-16 15:08:38.341 D/Hisight-HiChainAuthControl( 3430): setupAuthIfNeeded, HiChainInstance hasn't been initialized
10-16 15:08:38.341 I/ConnectAuthJNI( 3430): Java_com_huawei_hisight_security_ConnectAuthNative_nativeSetup 795 call HiChainNativeSetup
10-16 15:08:38.341 I/ConnectAuthJNI( 3430): HiChainNativeSetup 565 registe_log
10-16 15:08:38.341 I/ConnectAuthJNI( 3430): HksStorageRegisterFileCallbacks 245 register hks file callback status =0
10-16 15:08:38.341 I/ConnectAuthJNI( 3430): HksRegisterGetDeviceIdCallback 268 register hks get hardware udid callback status =0
10-16 15:08:38.341 D/ConnectAuthJNI( 3430): [HiChain] get_instance Begin get instance
10-16 15:08:38.341 I/ConnectAuthJNI( 3430): [HKS] hks_service_key_info_init hks init : begin
10-16 15:08:38.341 I/ConnectAuthJNI( 3430): [HKS] hks_service_key_info_init hks init : end
10-16 15:08:38.341 I/ConnectAuthJNI( 3430): GetHiChainProtocolParamsCallback 371 GetHiChainProtocolParamsCallback operation_code= 99
10-16 15:08:38.341 I/ConnectAuthJNI( 3430): paramLen is ,=0
10-16 15:08:38.341 I/ConnectAuthJNI( 3430): paramLen is ,=0
10-16 15:08:38.341 I/ConnectAuthJNI( 3430): GetHiChainProtocolParamsCallback 402 GetHiChainProtocolParamsCallback end
10-16 15:08:38.341 I/ConnectAuthJNI( 3430): [HiChain] get_instance Get instance success
10-16 15:08:38.341 I/ConnectAuthJNI( 3430): Java_com_huawei_hisight_security_ConnectAuthNative_nativeGetHiChainInstance 598 get instance success
10-16 15:08:38.341 W/ConnectAuthJNI( 3430): GetListTrustPeers 899 trustPeerSize=0
10-16 15:08:38.341 D/Hisight-DeviceListManager( 3430): init trusted list size: 0
10-16 15:08:38.341 D/HiSight-ConnectionManager( 3430): setAuthInfo, authMode: 1
10-16 15:08:38.343 E/sprdwl ( 1105): sprdwl_rx_rsp_process ctx_id 0 recv rsp[WIFI_CMD_TX_DATA] status[SPRDWL_CMD_STATUS_ERROR]
10-16 15:08:38.362 E/sprdwl ( 1105): sprdwl_rx_rsp_process ctx_id 0 recv rsp[WIFI_CMD_TX_DATA] status[SPRDWL_CMD_STATUS_ERROR]
10-16 15:08:38.379 I/DefaultIMS( 2876): onStartInput attribute=android.view.inputmethod.EditorInfo@d649d54 restarting=false inputType: 0
10-16 15:08:38.384 E/sprdwl ( 1105): sprdwl_rx_rsp_process ctx_id 0 recv rsp[WIFI_CMD_TX_DATA] status[SPRDWL_CMD_STATUS_ERROR]
10-16 15:08:38.395 I/AW_PowerHAL( 259): Power setMode: LAUNCH to: 0
10-16 15:08:38.400 I/AW_PowerHAL( 259): cur-mode:SCHEDUTIL
10-16 15:08:38.399 E/sprdwl ( 1105): sprdwl_rx_rsp_process ctx_id 0 recv rsp[WIFI_CMD_TX_DATA] status[SPRDWL_CMD_STATUS_ERROR]
10-16 15:08:38.416 E/sprdwl ( 1105): sprdwl_rx_rsp_process ctx_id 0 recv rsp[WIFI_CMD_TX_DATA] status[SPRDWL_CMD_STATUS_ERROR]
10-16 15:08:38.431 E/sprdwl ( 1105): sprdwl_rx_rsp_process ctx_id 0 recv rsp[WIFI_CMD_TX_DATA] status[SPRDWL_CMD_STATUS_ERROR]
10-16 15:08:38.448 E/sprdwl ( 1105): sprdwl_rx_rsp_process ctx_id 0 recv rsp[WIFI_CMD_TX_DATA] status[SPRDWL_CMD_STATUS_ERROR]
10-16 15:08:38.465 E/sprdwl ( 1105): sprdwl_rx_rsp_process ctx_id 0 recv rsp[WIFI_CMD_TX_DATA] status[SPRDWL_CMD_STATUS_ERROR]
10-16 15:08:38.483 E/sprdwl ( 1105): sprdwl_rx_rsp_process ctx_id 0 recv rsp[WIFI_CMD_TX_DATA] status[SPRDWL_CMD_STATUS_ERROR]
10-16 15:08:38.508 E/raop ( 3430): JavaCallback init
10-16 15:08:38.500 E/sprdwl ( 1105): sprdwl_rx_rsp_process ctx_id 0 recv rsp[WIFI_CMD_TX_DATA] status[SPRDWL_CMD_STATUS_ERROR]
10-16 15:08:38.634 W/IorapForwardingService( 486): No service published for: iorapd
10-16 15:08:38.729 W/TelephonyPermissions( 486): reportAccessDeniedToReadIdentifiers:com.dangbei.screencast:getSerial:-1
10-16 15:08:38.762 V/NFC ( 3660): this device does not have NFC support
10-16 15:08:39.171 E/sprdwl ( 1105): sprdwl_rx_rsp_process ctx_id 0 recv rsp[WIFI_CMD_TX_DATA] status[SPRDWL_CMD_STATUS_ERROR]
10-16 15:08:39.187 E/sprdwl ( 1105): sprdwl_rx_rsp_process ctx_id 0 recv rsp[WIFI_CMD_TX_DATA] status[SPRDWL_CMD_STATUS_ERROR]
10-16 15:08:39.204 E/sprdwl ( 1105): sprdwl_rx_rsp_process ctx_id 0 recv rsp[WIFI_CMD_TX_DATA] status[SPRDWL_CMD_STATUS_ERROR]
10-16 15:08:39.225 I/BLEAudioDrive_HV410( 247): data len: 9 1
10-16 15:08:39.225 D/TvWindowManager( 486): key event key = KEYCODE_BACK down = true
10-16 15:08:39.219 E/sprdwl ( 1105): sprdwl_rx_rsp_process ctx_id 0 recv rsp[WIFI_CMD_TX_DATA] status[SPRDWL_CMD_STATUS_ERROR]
10-16 15:08:39.239 D/GpioService( 486): mFlickerEnable = true
10-16 15:08:39.236 E/sprdwl ( 1105): sprdwl_rx_rsp_process ctx_id 0 recv rsp[WIFI_CMD_TX_DATA] status[SPRDWL_CMD_STATUS_ERROR]
10-16 15:08:39.252 E/sprdwl ( 1105): sprdwl_rx_rsp_process ctx_id 0 recv rsp[WIFI_CMD_TX_DATA] status[SPRDWL_CMD_STATUS_ERROR]
10-16 15:08:39.267 E/GuardService( 3277): killMyselfRunnable:
10-16 15:08:39.268 I/crashsdk( 3277): android_os_Process_sendSignal. PID: 3277 SIG: 9
10-16 15:08:39.268 I/crashsdk( 3277): onKillProcess. SIG: 9
10-16 15:08:39.271 I/crashsdk( 3277): Kill PID: 3277 (com.dangbei.screencast:bg_guard) by pid: 3277 (com.dangbei.screencast:bg_guard) tid: 3277 (main)
10-16 15:08:39.271 I/crashsdk( 3277): SIG: 9, fg: false, exiting: false, main process: false, time: 20251016150839
10-16 15:08:39.271 I/crashsdk( 3277): State in disk: 'b'
10-16 15:08:39.271 I/crashsdk( 3277): at android.os.Process.sendSignal(Native Method)
10-16 15:08:39.271 I/crashsdk( 3277): at android.os.Process.killProcess(Process.java:1153)
10-16 15:08:39.271 I/crashsdk( 3277): at com.dangbei.screencast.startup.GuardService$a.run(:2)
10-16 15:08:39.271 I/crashsdk( 3277): at android.os.Handler.handleCallback(Handler.java:938)
10-16 15:08:39.271 I/crashsdk( 3277): at android.os.Handler.dispatchMessage(Handler.java:99)
10-16 15:08:39.271 I/crashsdk( 3277): at android.os.Looper.loopOnce(Looper.java:201)
10-16 15:08:39.271 I/crashsdk( 3277): at android.os.Looper.loop(Looper.java:288)
10-16 15:08:39.271 I/crashsdk( 3277): at android.app.ActivityThread.main(ActivityThread.java:7854)
10-16 15:08:39.271 I/crashsdk( 3277): at java.lang.reflect.Method.invoke(Native Method)
10-16 15:08:39.271 I/crashsdk( 3277): at com.android.internal.os.RuntimeInit$MethodAndArgsCaller.run(RuntimeInit.java:548)
10-16 15:08:39.271 I/crashsdk( 3277): at com.android.internal.os.ZygoteInit.main(ZygoteInit.java:1182)
10-16 15:08:39.272 I/Process ( 3277): Sending signal. PID: 3277 SIG: 9
10-16 15:08:39.268 E/sprdwl ( 1105): sprdwl_rx_rsp_process ctx_id 0 recv rsp[WIFI_CMD_TX_DATA] status[SPRDWL_CMD_STATUS_ERROR]
10-16 15:08:39.282 I/init ( 1): Untracked pid 3368 exited with status 0
10-16 15:08:39.285 E/sprdwl ( 1105): sprdwl_rx_rsp_process ctx_id 0 recv rsp[WIFI_CMD_TX_DATA] status[SPRDWL_CMD_STATUS_ERROR]
10-16 15:08:39.301 E/sprdwl ( 1105): sprdwl_rx_rsp_process ctx_id 0 recv rsp[WIFI_CMD_TX_DATA] status[SPRDWL_CMD_STATUS_ERROR]
10-16 15:08:39.312 W/efs.send_log( 3430): tryFileLock sendlock sucess! processname: com.dangbei.screencast
10-16 15:08:39.319 I/libprocessgroup( 486): Successfully killed process cgroup uid 10030 pid 3277 in 0ms
10-16 15:08:39.320 I/ActivityManager( 486): Process com.dangbei.screencast:bg_guard (pid 3277) has died: prcp FGS
10-16 15:08:39.323 I/Zygote ( 242): Process 3277 exited due to signal 9 (Killed)
10-16 15:08:39.318 E/sprdwl ( 1105): sprdwl_rx_rsp_process ctx_id 0 recv rsp[WIFI_CMD_TX_DATA] status[SPRDWL_CMD_STATUS_ERROR]
10-16 15:08:39.336 E/sprdwl ( 1105): sprdwl_rx_rsp_process ctx_id 0 recv rsp[WIFI_CMD_TX_DATA] status[SPRDWL_CMD_STATUS_ERROR]
10-16 15:08:39.351 E/sprdwl ( 1105): sprdwl_rx_rsp_process ctx_id 0 recv rsp[WIFI_CMD_TX_DATA] status[SPRDWL_CMD_STATUS_ERROR]
10-16 15:08:39.360 I/BLEAudioDrive_HV410( 247): data len: 9 1
10-16 15:08:39.360 I/BLEAudioDrive_HV410( 247): keyboard stop
10-16 15:08:39.361 D/TvWindowManager( 486): key event key = KEYCODE_BACK down = false
10-16 15:08:39.362 D/AutofillManagerService( 486): onBackKeyPressed()
10-16 15:08:39.369 E/sprdwl ( 1105): sprdwl_rx_rsp_process ctx_id 0 recv rsp[WIFI_CMD_TX_DATA] status[SPRDWL_CMD_STATUS_ERROR]
10-16 15:08:39.376 D/GpioService( 486): mFlickerEnable = true
10-16 15:08:39.381 I/SogouIME( 2876): onKeyDown: keyoCode=4
10-16 15:08:39.382 I/DefaultIMS( 2876): onKeyDown: keyoCode=4
10-16 15:08:39.383 I/SogouIME( 2876): onKeyUp: keyoCode=4
10-16 15:08:39.383 I/DefaultIMS( 2876): onKeyUp: keyoCode=4
10-16 15:08:39.390 I/gralloc ( 255): alloc buffer:W:1920 H:1080 S:1920 PL[1920 1080] SZ:8294400 fmt:1 if:0 af:1 usg:b66 fg:00000004
10-16 15:08:39.384 E/sprdwl ( 1105): sprdwl_rx_rsp_process ctx_id 0 recv rsp[WIFI_CMD_TX_DATA] status[SPRDWL_CMD_STATUS_ERROR]
10-16 15:08:39.402 E/sprdwl ( 1105): sprdwl_rx_rsp_process ctx_id 0 recv rsp[WIFI_CMD_TX_DATA] status[SPRDWL_CMD_STATUS_ERROR]
10-16 15:08:39.419 E/sprdwl ( 1105): sprdwl_rx_rsp_process ctx_id 0 recv rsp[WIFI_CMD_TX_DATA] status[SPRDWL_CMD_STATUS_ERROR]
10-16 15:08:39.436 E/sprdwl ( 1105): sprdwl_rx_rsp_process ctx_id 0 recv rsp[WIFI_CMD_TX_DATA] status[SPRDWL_CMD_STATUS_ERROR]
10-16 15:08:39.450 D/AW_CODE ( 486): rotation =0
10-16 15:08:39.458 I/hq ( 1096): 当小贝:::showMessage from=mActivityLifecycleCallbacks
10-16 15:08:39.459 I/hq ( 1096): 当小贝:::showMessage 没有消息需要显示
10-16 15:08:39.454 E/sprdwl ( 1105): sprdwl_rx_rsp_process ctx_id 0 recv rsp[WIFI_CMD_TX_DATA] status[SPRDWL_CMD_STATUS_ERROR]
10-16 15:08:39.474 W/SQLiteLog( 1096): (28) double-quoted string literal: "A796DB963EFCF70F88ED38C7E55787CF"
10-16 15:08:39.477 W/SQLiteLog( 1096): (28) double-quoted string literal: "
10-16 15:08:39.477 W/SQLiteLog( 1096): (28) double-quoted string literal: "A796DB963EFCF70F88ED38C7E55787CF"
10-16 15:08:39.472 E/sprdwl ( 1105): sprdwl_rx_rsp_process ctx_id 0 recv rsp[WIFI_CMD_TX_DATA] status[SPRDWL_CMD_STATUS_ERROR]
10-16 15:08:39.492 W/SQLiteLog( 1096): (28) double-quoted string literal: "A796DB963EFCF70F88ED38C7E55787CF"
10-16 15:08:39.489 E/sprdwl ( 1105): sprdwl_rx_rsp_process ctx_id 0 recv rsp[WIFI_CMD_TX_DATA] status[SPRDWL_CMD_STATUS_ERROR]
10-16 15:08:39.496 I/BpBinder( 273): onLastStrongRef automatically unlinking death recipients:
10-16 15:08:39.501 I/MobclickAgent( 1096): Extend current session: A796DB963EFCF70F88ED38C7E55787CF
10-16 15:08:39.506 W/SQLiteLog( 1096): (28) double-quoted string literal: "A796DB963EFCF70F88ED38C7E55787CF"
10-16 15:08:39.506 W/SQLiteLog( 1096): (28) double-quoted string literal: ""
10-16 15:08:39.506 W/SQLiteLog( 1096): (28) double-quoted string literal: "A796DB963EFCF70F88ED38C7E55787CF"
10-16 15:08:39.506 W/SQLiteLog( 1096): (28) double-quoted string literal: "-1"
10-16 15:08:39.508 D/UMLog ( 1096): 当前发送策略为:启动时发送。详见链接 https://developer.umeng.com/docs/66632/detail/66976?um_channel=sdk
10-16 15:08:39.508 D/MobclickAgent( 1096): Report policy : ReportAtLaunch
10-16 15:08:39.509 I/gralloc ( 255): alloc buffer:W:1920 H:1080 S:1920 PL[1920 1080] SZ:8294400 fmt:1 if:0 af:1 usg:20000b00 fg:00000004
10-16 15:08:39.510 I/gralloc ( 255): alloc buffer:W:1920 H:1080 S:1920 PL[1920 1080] SZ:8294400 fmt:1 if:0 af:1 usg:20000b00 fg:00000004
10-16 15:08:39.512 I/gralloc ( 255): alloc buffer:W:1920 H:1080 S:1920 PL[1920 1080] SZ:8294400 fmt:1 if:0 af:1 usg:20000b00 fg:00000004
10-16 15:08:39.509 E/sprdwl ( 1105): sprdwl_rx_rsp_process ctx_id 0 recv rsp[WIFI_CMD_TX_DATA] status[SPRDWL_CMD_STATUS_ERROR]
10-16 15:08:39.524 E/sprdwl ( 1105): sprdwl_rx_rsp_process ctx_id 0 recv rsp[WIFI_CMD_TX_DATA] status[SPRDWL_CMD_STATUS_ERROR]
10-16 15:08:39.580 D/TvPipController( 676): onTaskStackChanged()
10-16 15:08:39.595 I/DefaultIMS( 2876): onStartInput attribute=android.view.inputmethod.EditorInfo@ebec4fd restarting=false inputType: 0
10-16 15:08:39.636 W/IorapForwardingService( 486): No service published for: iorapd
10-16 15:08:39.688 I/Thread-2( 3774): type=1400 audit(0.0:1280): avc: denied { execute } for name="am" dev="dm-1" ino=1164 scontext=u:r:system_app:s0 tcontext=u:object_r:vendor_file:s0 tclass=file permissive=1
10-16 15:08:39.688 I/Thread-2( 3774): type=1400 audit(0.0:1281): avc: denied { read open } for path="/vendor/xbin/am" dev="dm-1" ino=1164 scontext=u:r:system_app:s0 tcontext=u:object_r:vendor_file:s0 tclass=file permissive=1
10-16 15:08:39.688 I/Thread-2( 3774): type=1400 audit(0.0:1282): avc: denied { execute_no_trans } for path="/vendor/xbin/am" dev="dm-1" ino=1164 scontext=u:r:system_app:s0 tcontext=u:object_r:vendor_file:s0 tclass=file permissive=1
10-16 15:08:39.756 D/aaa ( 1099): LedStatusService onStartCommand begin
10-16 15:08:39.759 D/aaa ( 1099): topPkg is -------------- :com.dangbei.leard.leradlauncher
10-16 15:08:39.764 D/aaa ( 1099): WiFi is connect
10-16 15:08:39.769 D/bbb ( 1174): onStartCommand begin !!!!!!! data分区剩余 24885MB
10-16 15:08:39.972 I/rainbow_flow( 1961): type=1400 audit(0.0:1283): avc: denied { ioctl } for path="/dev/spidev1.0" dev="tmpfs" ino=1274 ioctlcmd=0x6b00 scontext=u:r:init:s0 tcontext=u:object_r:device:s0 tclass=chr_file permissive=1
10-16 15:08:40.016 I/EventThread( 262): type=1400 audit(0.0:1284): avc: denied { search } for name="extcon" dev="sysfs" ino=18109 scontext=u:r:hal_tv_cec_default:s0 tcontext=u:object_r:sysfs_extcon:s0 tclass=dir permissive=1
10-16 15:08:40.235 W/InputManager-JNI( 486): Input channel object 'cd1c765 com.dangbei.leard.leradlauncher/com.dangbei.leard.leradlauncher.module.app.AppDetailActivity (client)' was disposed without first being removed with the input manager!
10-16 15:08:40.237 E/sprdwl ( 1105): sprdwl_rx_rsp_process ctx_id 0 recv rsp[WIFI_CMD_TX_DATA] status[SPRDWL_CMD_STATUS_ERROR]
10-16 15:08:40.254 W/ActivityTaskManager( 486): Can't find TaskDisplayArea to determine support for multi window. Task id=45 attached=false
10-16 15:08:40.254 W/ActivityTaskManager( 486): Can't find TaskDisplayArea to determine support for multi window. Task id=45 attached=false
10-16 15:08:40.256 E/sprdwl ( 1105): sprdwl_rx_rsp_process ctx_id 0 recv rsp[WIFI_CMD_TX_DATA] status[SPRDWL_CMD_STATUS_ERROR]
10-16 15:08:40.273 E/sprdwl ( 1105): sprdwl_rx_rsp_process ctx_id 0 recv rsp[WIFI_CMD_TX_DATA] status[SPRDWL_CMD_STATUS_ERROR]
10-16 15:08:40.290 E/sprdwl ( 1105): sprdwl_rx_rsp_process ctx_id 0 recv rsp[WIFI_CMD_TX_DATA] status[SPRDWL_CMD_STATUS_ERROR]
10-16 15:08:40.306 E/sprdwl ( 1105): sprdwl_rx_rsp_process ctx_id 0 recv rsp[WIFI_CMD_TX_DATA] status[SPRDWL_CMD_STATUS_ERROR]
10-16 15:08:40.322 E/sprdwl ( 1105): sprdwl_rx_rsp_process ctx_id 0 recv rsp[WIFI_CMD_TX_DATA] status[SPRDWL_CMD_STATUS_ERROR]
10-16 15:08:40.335 E/sprdwl ( 1105): sprdwl_rx_rsp_process ctx_id 0 recv rsp[WIFI_CMD_TX_DATA] status[SPRDWL_CMD_STATUS_ERROR]
10-16 15:08:40.348 E/sprdwl ( 1105): sprdwl_rx_rsp_process ctx_id 0 recv rsp[WIFI_CMD_TX_DATA] status[SPRDWL_CMD_STATUS_ERROR]
10-16 15:08:40.362 E/sprdwl ( 1105): sprdwl_rx_rsp_process ctx_id 0 recv rsp[WIFI_CMD_TX_DATA] status[SPRDWL_CMD_STATUS_ERROR]
10-16 15:08:40.376 E/sprdwl ( 1105): sprdwl_rx_rsp_process ctx_id 0 recv rsp[WIFI_CMD_TX_DATA] status[SPRDWL_CMD_STATUS_ERROR]
10-16 15:08:40.390 E/sprdwl ( 1105): sprdwl_rx_rsp_process ctx_id 0 recv rsp[WIFI_CMD_TX_DATA] status[SPRDWL_CMD_STATUS_ERROR]
10-16 15:08:40.405 E/sprdwl ( 1105): sprdwl_rx_rsp_process ctx_id 0 recv rsp[WIFI_CMD_TX_DATA] status[SPRDWL_CMD_STATUS_ERROR]
10-16 15:08:40.419 E/sprdwl ( 1105): sprdwl_rx_rsp_process ctx_id 0 recv rsp[WIFI_CMD_TX_DATA] status[SPRDWL_CMD_STATUS_ERROR]
10-16 15:08:40.431 E/sprdwl ( 1105): sprdwl_rx_rsp_process ctx_id 0 recv rsp[WIFI_CMD_TX_DATA] status[SPRDWL_CMD_STATUS_ERROR]
10-16 15:08:40.444 E/sprdwl ( 1105): sprdwl_rx_rsp_process ctx_id 0 recv rsp[WIFI_CMD_TX_DATA] status[SPRDWL_CMD_STATUS_ERROR]
10-16 15:08:40.458 E/sprdwl ( 1105): sprdwl_rx_rsp_process ctx_id 0 recv rsp[WIFI_CMD_TX_DATA] status[SPRDWL_CMD_STATUS_ERROR]
10-16 15:08:40.472 E/sprdwl ( 1105): sprdwl_rx_rsp_process ctx_id 0 recv rsp[WIFI_CMD_TX_DATA] status[SPRDWL_CMD_STATUS_ERROR]
10-16 15:08:40.486 E/sprdwl ( 1105): sprdwl_rx_rsp_process ctx_id 0 recv rsp[WIFI_CMD_TX_DATA] status[SPRDWL_CMD_STATUS_ERROR]
10-16 15:08:40.499 E/sprdwl ( 1105): sprdwl_rx_rsp_process ctx_id 0 recv rsp[WIFI_CMD_TX_DATA] status[SPRDWL_CMD_STATUS_ERROR]
10-16 15:08:40.514 E/sprdwl ( 1105): sprdwl_rx_rsp_process ctx_id 0 recv rsp[WIFI_CMD_TX_DATA] status[SPRDWL_CMD_STATUS_ERROR]
10-16 15:08:40.527 E/sprdwl ( 1105): sprdwl_rx_rsp_process ctx_id 0 recv rsp[WIFI_CMD_TX_DATA] status[SPRDWL_CMD_STATUS_ERROR]
10-16 15:08:40.541 E/sprdwl ( 1105): sprdwl_rx_rsp_process ctx_id 0 recv rsp[WIFI_CMD_TX_DATA] status[SPRDWL_CMD_STATUS_ERROR]
10-16 15:08:40.554 E/sprdwl ( 1105): sprdwl_rx_rsp_process ctx_id 0 recv rsp[WIFI_CMD_TX_DATA] status[SPRDWL_CMD_STATUS_ERROR]
10-16 15:08:40.567 E/sprdwl ( 1105): sprdwl_rx_rsp_process ctx_id 0 recv rsp[WIFI_CMD_TX_DATA] status[SPRDWL_CMD_STATUS_ERROR]
10-16 15:08:40.580 E/sprdwl ( 1105): sprdwl_rx_rsp_process ctx_id 0 recv rsp[WIFI_CMD_TX_DATA] status[SPRDWL_CMD_STATUS_ERROR]
10-16 15:08:40.594 E/sprdwl ( 1105): sprdwl_rx_rsp_process ctx_id 0 recv rsp[WIFI_CMD_TX_DATA] status[SPRDWL_CMD_STATUS_ERROR]
10-16 15:08:40.608 E/sprdwl ( 1105): sprdwl_rx_rsp_process ctx_id 0 recv rsp[WIFI_CMD_TX_DATA] status[SPRDWL_CMD_STATUS_ERROR]
10-16 15:08:40.621 E/sprdwl ( 1105): sprdwl_rx_rsp_process ctx_id 0 recv rsp[WIFI_CMD_TX_DATA] status[SPRDWL_CMD_STATUS_ERROR]
10-16 15:08:40.638 W/IorapForwardingService( 486): No service published for: iorapd
10-16 15:08:40.824 I/PlatformDependent( 3430): Your platform does not provide complete low-level API for accessing direct buffers reliably. Unless explicitly requested, heap buffer will always be preferred to avoid potential system instability.
10-16 15:08:40.863 W/VideoCapabilities( 3430): Unrecognized profile/level 0/3 for video/mpeg2
10-16 15:08:40.876 D/NsdService( 486): Register service
10-16 15:08:40.876 D/NsdService( 486): registerService: 7 name: 当贝投屏N2, type: _airplay._tcp, host: null, port: 45357, txtRecord: srcvers=220.68features=0x527FFFF7,0x1E'pi=2e388006-13ba-4041-9a67-25dd4a43d536Cpk=b07727d6f6cd6e08b58ede525ec3cdeaa252ad9f683feb212ef8a205246554e7vv=2 flags=0x4model=AppleTV2,1deviceid=f4:ab:5c:b3:c4:33
10-16 15:08:40.876 D/NsdService( 486): mdnssd [register, 7, 当贝投屏N2, _airplay._tcp, 45357, DnNyY3ZlcnM9MjIwLjY4GGZlYXR1cmVzPTB4NTI3RkZGRjcsMHgxRSdwaT0yZTM4ODAwNi0xM2JhLTQwNDEtOWE2Ny0yNWRkNGE0M2Q1MzZDcGs9YjA3NzI3ZDZmNmNkNmUwOGI1OGVkZTUyNWVjM2NkZWFhMjUyYWQ5ZjY4M2ZlYjIxMmVmOGEyMDUyNDY1NTRlNwR2dj0yCWZsYWdzPTB4NBBtb2RlbD1BcHBsZVRWMiwxGmRldmljZWlkPWY0OmFiOjVjOmIzOmM0OjMz]
10-16 15:08:40.878 D/NsdService( 486): Register 2 7
10-16 15:08:40.876 I/Thread-33( 3430): type=1400 audit(0.0:1285): avc: denied { read } for name="address" dev="sysfs" ino=27449 scontext=u:r:platform_app:s0:c512,c768 tcontext=u:object_r:sysfs:s0 tclass=file permissive=1 app=com.dangbei.screencast
10-16 15:08:40.876 I/Thread-33( 3430): type=1400 audit(0.0:1286): avc: denied { open } for path="/sys/devices/platform/unisoc_wifi/net/wlan1/address" dev="sysfs" ino=27449 scontext=u:r:platform_app:s0:c512,c768 tcontext=u:object_r:sysfs:s0 tclass=file permissive=1 app=com.dangbei.screencast
10-16 15:08:40.876 I/Thread-33( 3430): type=1400 audit(0.0:1287): avc: denied { getattr } for path="/sys/devices/platform/unisoc_wifi/net/wlan1/address" dev="sysfs" ino=27449 scontext=u:r:platform_app:s0:c512,c768 tcontext=u:object_r:sysfs:s0 tclass=file permissive=1 app=com.dangbei.screencast
10-16 15:08:40.886 D/NsdService( 486): Register service
10-16 15:08:40.887 D/NsdService( 486): registerService: 8 name: f4ab5cb3c433@当贝投屏N2, type: _raop._tcp, host: null, port: 35439, txtRecord: txtvers=1 am=AppleTV2,1ch=2
10-16 15:08:40.887 D/NsdService( 486): cn=0,1,2,3da=trueet=0,3,5ft=0x527FFFF7,0x1Emd=0,1,2Cpk=b07727d6f6cd6e08b58ede525ec3cdeaa252ad9f683feb212ef8a205246554e7pw=falsesf=0x4sr=44100ss=16sv=falsetp=UDPvn=65537 vs=220.68vv=2 rhd=5.6.0.0
10-16 15:08:40.887 D/NsdService( 486): mdnssd [register, 8, f4ab5cb3c433@当贝投屏N2, _raop._tcp, 35439, CXR4dHZlcnM9MQ1hbT1BcHBsZVRWMiwxBGNoPTIKY249MCwxLDIsMwdkYT10cnVlCGV0PTAsMyw1EmZ0PTB4NTI3RkZGRjcsMHgxRQhtZD0wLDEsMkNwaz1iMDc3MjdkNmY2Y2Q2ZTA4YjU4ZWRlNTI1ZWMzY2RlYWEyNTJhZDlmNjgzZmViMjEyZWY4YTIwNTI0NjU1NGU3CHB3PWZhbHNlBnNmPTB4NAhzcj00NDEwMAVzcz0xNghzdj1mYWxzZQZ0cD1VRFAIdm49NjU1MzcJdnM9MjIwLjY4BHZ2PTILcmhkPTUuNi4wLjA=]
10-16 15:08:40.888 D/NsdService( 486): Register 3 8
10-16 15:08:40.998 E/WifiHAL ( 659): wifi_get_link_stats: requestResponse Error:-5
10-16 15:08:41.000 E/WifiVendorHal( 486): getWifiLinkLayerStats_1_5_Internal(l.1191) failed {.code = ERROR_INVALID_ARGS, .description = }
10-16 15:08:41.345 D/NsdService( 486): Register service
10-16 15:08:41.346 D/NsdService( 486): registerService: 9 name: 当贝投屏N2, type: _db_cast_screen._tcp, host: null, port: 40727, txtRecord: au=1cV=20830mV=100h265=0maxR=4096-3152model=DBBOX-A2deviceid=20:02:FE:1C:FB:F7
10-16 15:08:41.346 D/NsdService( 486): mdnssd [register, 9, 当贝投屏N2, _db_cast_screen._tcp, 40727, BGF1PTEIY1Y9MjA4MzAGbVY9MTAwBmgyNjU9MA5tYXhSPTQwOTYtMzE1Mg5tb2RlbD1EQkJPWC1BMhpkZXZpY2VpZD0yMDowMjpGRToxQzpGQjpGNw==]
10-16 15:08:41.348 D/NsdService( 486): Register 4 9
10-16 15:08:41.460 I/queued-work-loo( 3430): type=1400 audit(0.0:1288): avc: denied { rename } for name="screencast.xml" dev="mmcblk0p25" ino=5867 scontext=u:r:platform_app:s0:c512,c768 tcontext=u:object_r:app_data_file:s0:c512,c768 tclass=file permissive=1 app=com.dangbei.screencast
10-16 15:08:41.468 I/queued-work-loo( 3430): type=1400 audit(0.0:1289): avc: denied { setattr } for name="screencast.xml" dev="mmcblk0p25" ino=5479 scontext=u:r:platform_app:s0:c512,c768 tcontext=u:object_r:app_data_file:s0:c512,c768 tclass=file permissive=1 app=com.dangbei.screencast
10-16 15:08:41.609 D/NsdService( 486): Native daemon message SERVICE_REGISTERED: 606 8 "f4ab5cb3c433@当贝投屏N2"
10-16 15:08:41.610 D/NsdService( 486): Native daemon message SERVICE_REGISTERED: 606 7 "当贝投屏N2"
10-16 15:08:41.641 W/IorapForwardingService( 486): No service published for: iorapd
10-16 15:08:41.803 E/accept ( 3430): myIp:192.168.50.38
10-16 15:08:41.807 E/accept ( 3430): connect error
10-16 15:08:41.818 I/UpnpServiceImpl( 3430): >>> Starting UPnP service...
10-16 15:08:41.818 I/UpnpServiceImpl( 3430): Using configuration: org.fourthline.cling.android.AndroidUpnpServiceConfiguration
10-16 15:08:41.824 I/Router ( 3430): Creating Router: org.fourthline.cling.android.AndroidRouter
10-16 15:08:41.826 W/Router ( 3430): enable lock:org.fourthline.cling.android.AndroidRouter@df362b1_java.util.concurrent.locks.ReentrantReadWriteLock$WriteLock@e992396[Unlocked]
10-16 15:08:41.841 W/tworkAddressFactoryImpl( 3430): Network interface may not be multicast capable: dummy0
10-16 15:08:41.847 I/MulticastReceiver( 3430): Creating wildcard socket (for receiving multicast datagrams) on port: 1900
10-16 15:08:41.848 I/MulticastReceiver( 3430): Joining multicast group: /239.255.255.250:1900 on network interface: wlan0
10-16 15:08:41.859 D/NsdService( 486): Native daemon message SERVICE_REGISTERED: 606 9 "当贝投屏N2"
10-16 15:08:41.876 E/accept ( 3430): Adding connector try: 192.168.50.38/192.168.50.38:37573
10-16 15:08:41.879 E/accept ( 3430): Adding connector result: 192.168.50.38/192.168.50.38:37573
10-16 15:08:42.000 I/JettyServletContainer( 3430): Registering UPnP servlet under context path: /upnp
10-16 15:08:42.005 I/DatagramIO( 3430): Creating bound socket (for datagram input/output) on: 192.168.50.38/192.168.50.38
10-16 15:08:42.008 E/JettyServletContainer( 3430): gogogo
10-16 15:08:42.008 I/JettyServletContainer( 3430): Starting Jetty server...
10-16 15:08:42.009 W/System.err( 3430): 2025-10-16 15:08:42.009:INFO:lcaf.p:jetty-8.y.z-SNAPSHOT
10-16 15:08:42.013 I/Router ( 3430): WiFi multicast lock acquired
10-16 15:08:42.014 I/WifiService( 486): acquireMulticastLock uid=10030
10-16 15:08:42.016 I/Router ( 3430): WiFi lock acquired
10-16 15:08:42.016 I/WifiService( 486): acquireWifiLock uid=10030 lockMode=3
10-16 15:08:42.021 W/Router ( 3430): enable unlock:org.fourthline.cling.android.AndroidRouter@df362b1
10-16 15:08:42.022 I/UpnpServiceImpl( 3430): <<< UPnP service started successfully
10-16 15:08:42.063 W/System.err( 3430): 2025-10-16 15:08:42.063:INFO:lcaf.a:Started @192.168.50.38:37573
10-16 15:08:42.111 E/g ( 3430): channel :os
10-16 15:08:42.472 I/efs-base( 3430): type=1400 audit(0.0:1290): avc: denied { rmdir } for name="2506" dev="mmcblk0p25" ino=5744 scontext=u:r:platform_app:s0:c512,c768 tcontext=u:object_r:app_data_file:s0:c512,c768 tclass=dir permissive=1 app=com.dangbei.screencast
10-16 15:08:42.492 I/efs.base( 3430): lt=event`ev_ct=efs_core`ev_ac=log_lag`tm=2025-10-16 15:08:49`dn=c86086b6-ce5d-42ac-8990-efafd6293338`ps=com.dangbei.screencast`um_os=android`stime=1760598512118`pid=3430`fr=android`pkg=com.dangbei.screencast`vcode=20830`dsp_w=1920`uid=c86086b6-ce5d-42ac-8990-efafd6293338`rom=12`wid=c86086b6-ce5d-42ac-8990-efafd6293338`um_app_carrier=`um_access=wifi`um_app_channel=os`um_crash_sdk_version=1.4.0`ctime=1760598522`model=dbbox-a2`lang=zh`net=wifi`brand=dangbei`dsp_h=1080`um_network_type=0`ver=v2.8.3`cnt=2`build_model=DBBOX-A2`w_tm=1760598522`appid=5fc60c21094d637f3130af19`um_umid_header=ai256276725c37c8e63c53fef7d05fccc5`sdk=31`tzone=Asia/Shanghai`sdk_ver=1.3.6.umeng
10-16 15:08:42.622 W/ZramWriteback( 486): Writeback device is not set
10-16 15:08:42.622 D/ZramWriteback( 486): wait to flush
10-16 15:08:42.643 W/IorapForwardingService( 486): No service published for: iorapd
10-16 15:08:42.679 I/efs.base( 3430): wa upload succ, HttpResponse {succ=true, code=200, data='暂不支持该服务', extra={req_url=https://errlog.umeng.com/api/crashsdk/logcollect}}
10-16 15:08:42.687 I/efs.base( 3430): wa upload succ, HttpResponse {succ=true, code=200, data='暂不支持该服务', extra={req_url=https://errlog.umeng.com/api/crashsdk/logcollect}}
10-16 15:08:43.269 D/audio_hw_primary( 247): out_standby
10-16 15:08:43.646 W/IorapForwardingService( 486): No service published for: iorapd
10-16 15:08:44.018 E/WifiHAL ( 659): wifi_get_link_stats: requestResponse Error:-5
10-16 15:08:44.021 E/WifiVendorHal( 486): getWifiLinkLayerStats_1_5_Internal(l.1191) failed {.code = ERROR_INVALID_ARGS, .description = }
10-16 15:08:44.648 W/IorapForwardingService( 486): No service published for: iorapd
10-16 15:08:45.650 W/IorapForwardingService( 486): No service published for: iorapd
10-16 15:08:45.760 D/UtilLog ( 2275): 日志批量上报 进行正常循环 !!!!!!本次有0次请求,共0条数据
10-16 15:08:46.653 W/IorapForwardingService( 486): No service published for: iorapd
10-16 15:08:47.038 E/WifiHAL ( 659): wifi_get_link_stats: requestResponse Error:-5
10-16 15:08:47.041 E/WifiVendorHal( 486): getWifiLinkLayerStats_1_5_Internal(l.1191) failed {.code = ERROR_INVALID_ARGS, .description = }
10-16 15:08:47.472 I/crashsdk( 3430): crashsdk uploading logs
10-16 15:08:47.655 W/IorapForwardingService( 486): No service published for: iorapd
10-16 15:08:47.770 D/aaa ( 1099): LedStatusService onStartCommand begin
10-16 15:08:47.772 D/bbb ( 1174): onStartCommand begin !!!!!!! data分区剩余 24885MB
10-16 15:08:47.773 D/aaa ( 1099): topPkg is -------------- :com.dangbei.leard.leradlauncher
10-16 15:08:47.780 D/aaa ( 1099): WiFi is connect
10-16 15:08:48.657 W/IorapForwardingService( 486): No service published for: iorapd
10-16 15:08:48.825 I/keystore2( 204): keystore2::watchdog: Watchdog thread idle -> terminating. Have a great day.
10-16 15:08:49.363 I/BLEAudioDrive_HV410( 247): select timeout!
10-16 15:08:49.360 I/HwBinder:247_3( 247): type=1400 audit(0.0:1291): avc: denied { write } for name="HBG" dev="mmcblk0p25" ino=217 scontext=u:r:hal_audio_default:s0 tcontext=u:object_r:vendor_data_file:s0 tclass=dir permissive=1
10-16 15:08:49.360 I/HwBinder:247_3( 247): type=1400 audit(0.0:1292): avc: denied { remove_name } for name="ble" dev="mmcblk0p25" ino=5777 scontext=u:r:hal_audio_default:s0 tcontext=u:object_r:vendor_data_file:s0 tclass=dir permissive=1
10-16 15:08:49.360 I/HwBinder:247_3( 247): type=1400 audit(0.0:1293): avc: denied { unlink } for name="ble" dev="mmcblk0p25" ino=5777 scontext=u:r:hal_audio_default:s0 tcontext=u:object_r:vendor_data_file:s0 tclass=file permissive=1
10-16 15:08:49.365 D/audio_so_hv_309( 247): HBG remote is powerdown!
10-16 15:08:49.659 W/IorapForwardingService( 486): No service published for: iorapd
10-16 15:08:50.056 E/WifiHAL ( 659): wifi_get_link_stats: requestResponse Error:-5
10-16 15:08:50.059 E/WifiVendorHal( 486): getWifiLinkLayerStats_1_5_Internal(l.1191) failed {.code = ERROR_INVALID_ARGS, .description = }
10-16 15:08:50.661 W/IorapForwardingService( 486): No service published for: iorapd
10-16 15:08:51.050 D/hdmi-cec( 262): receive invalid cec message!
10-16 15:08:51.050 D/hdmi-cec( 262): receive poll message [04], skip!
10-16 15:08:51.053 D/hdmi-cec( 262): cec physical address: 3.0.0.0
10-16 15:08:51.664 W/IorapForwardingService( 486): No service published for: iorapd
10-16 15:08:52.666 W/IorapForwardingService( 486): No service published for: iorapd
10-16 15:08:53.075 E/WifiHAL ( 659): wifi_get_link_stats: requestResponse Error:-5
10-16 15:08:53.077 E/WifiVendorHal( 486): getWifiLinkLayerStats_1_5_Internal(l.1191) failed {.code = ERROR_INVALID_ARGS, .description = }
10-16 15:08:53.668 W/IorapForwardingService( 486): No service published for: iorapd
10-16 15:08:54.668 W/IorapForwardingService( 486): No service published for: iorapd
10-16 15:08:55.671 W/IorapForwardingService( 486): No service published for: iorapd
10-16 15:08:55.753 D/UtilLog ( 2275): 日志批量上报 进行正常循环 !!!!!!本次有0次请求,共0条数据
10-16 15:08:55.818 D/bbb ( 1174): onStartCommand begin !!!!!!! data分区剩余 24885MB
10-16 15:08:55.830 D/aaa ( 1099): LedStatusService onStartCommand begin
10-16 15:08:55.832 D/aaa ( 1099): topPkg is -------------- :com.dangbei.leard.leradlauncher
10-16 15:08:55.838 D/aaa ( 1099): WiFi is connect
10-16 15:08:56.091 E/WifiHAL ( 659): wifi_get_link_stats: requestResponse Error:-5
10-16 15:08:56.094 E/WifiVendorHal( 486): getWifiLinkLayerStats_1_5_Internal(l.1191) failed {.code = ERROR_INVALID_ARGS, .description = }
10-16 15:08:56.673 W/IorapForwardingService( 486): No service published for: iorapd
10-16 15:08:57.676 W/IorapForwardingService( 486): No service published for: iorapd
10-16 15:08:58.678 W/IorapForwardingService( 486): No service published for: iorapd
10-16 15:08:59.113 E/WifiHAL ( 659): wifi_get_link_stats: requestResponse Error:-5
10-16 15:08:59.115 E/WifiVendorHal( 486): getWifiLinkLayerStats_1_5_Internal(l.1191) failed {.code = ERROR_INVALID_ARGS, .description = }
10-16 15:08:59.374 I/BLEAudioDrive_HV410( 247): select timeout!
10-16 15:08:59.680 W/IorapForwardingService( 486): No service published for: iorapd
10-16 15:09:00.683 W/IorapForwardingService( 486): No service published for: iorapd
10-16 15:09:01.685 W/IorapForwardingService( 486): No service published for: iorapd
10-16 15:09:02.131 E/WifiHAL ( 659): wifi_get_link_stats: requestResponse Error:-5
10-16 15:09:02.134 E/WifiVendorHal( 486): getWifiLinkLayerStats_1_5_Internal(l.1191) failed {.code = ERROR_INVALID_ARGS, .description = }
10-16 15:09:02.687 W/IorapForwardingService( 486): No service published for: iorapd
10-16 15:09:03.690 W/IorapForwardingService( 486): No service published for: iorapd
10-16 15:09:03.854 D/aaa ( 1099): LedStatusService onStartCommand begin
10-16 15:09:03.856 D/aaa ( 1099): topPkg is -------------- :com.dangbei.leard.leradlauncher
10-16 15:09:03.856 D/bbb ( 1174): onStartCommand begin !!!!!!! data分区剩余 24885MB
10-16 15:09:03.858 D/aaa ( 1099): WiFi is connect
10-16 15:09:04.693 W/IorapForwardingService( 486): No service published for: iorapd
10-16 15:09:05.151 E/WifiHAL ( 659): wifi_get_link_stats: requestResponse Error:-5
10-16 15:09:05.153 E/WifiVendorHal( 486): getWifiLinkLayerStats_1_5_Internal(l.1191) failed {.code = ERROR_INVALID_ARGS, .description = }
10-16 15:09:05.695 W/IorapForwardingService( 486): No service published for: iorapd
10-16 15:09:05.755 D/UtilLog ( 2275): 日志批量上报 进行正常循环 !!!!!!本次有0次请求,共0条数据
10-16 15:09:06.697 W/IorapForwardingService( 486): No service published for: iorapd
10-16 15:09:07.698 W/IorapForwardingService( 486): No service published for: iorapd
10-16 15:09:08.168 E/WifiHAL ( 659): wifi_get_link_stats: requestResponse Error:-5
10-16 15:09:08.169 E/WifiVendorHal( 486): getWifiLinkLayerStats_1_5_Internal(l.1191) failed {.code = ERROR_INVALID_ARGS, .description = }
10-16 15:09:08.701 W/IorapForwardingService( 486): No service published for: iorapd
10-16 15:09:09.383 I/BLEAudioDrive_HV410( 247): select timeout!
10-16 15:09:09.703 W/IorapForwardingService( 486): No service published for: iorapd
10-16 15:09:10.705 W/IorapForwardingService( 486): No service published for: iorapd
10-16 15:09:11.179 E/WifiHAL ( 659): wifi_get_link_stats: requestResponse Error:-5
10-16 15:09:11.181 E/WifiVendorHal( 486): getWifiLinkLayerStats_1_5_Internal(l.1191) failed {.code = ERROR_INVALID_ARGS, .description = }
10-16 15:09:11.706 W/IorapForwardingService( 486): No service published for: iorapd
10-16 15:09:11.876 D/aaa ( 1099): LedStatusService onStartCommand begin
10-16 15:09:11.878 D/aaa ( 1099): topPkg is -------------- :com.dangbei.leard.leradlauncher
10-16 15:09:11.882 D/aaa ( 1099): WiFi is connect
10-16 15:09:11.882 D/bbb ( 1174): onStartCommand begin !!!!!!! data分区剩余 24885MB
10-16 15:09:12.624 W/ZramWriteback( 486): Writeback device is not set
10-16 15:09:12.624 D/ZramWriteback( 486): wait to flush
10-16 15:09:12.709 W/IorapForwardingService( 486): No service published for: iorapd
10-16 15:09:13.711 W/IorapForwardingService( 486): No service published for: iorapd
10-16 15:09:14.199 E/WifiHAL ( 659): wifi_get_link_stats: requestResponse Error:-5
10-16 15:09:14.202 E/WifiVendorHal( 486): getWifiLinkLayerStats_1_5_Internal(l.1191) failed {.code = ERROR_INVALID_ARGS, .description = }
10-16 15:09:14.714 W/IorapForwardingService( 486): No service published for: iorapd
10-16 15:09:15.716 W/IorapForwardingService( 486): No service published for: iorapd
10-16 15:09:15.758 D/UtilLog ( 2275): 日志批量上报 进行正常循环 !!!!!!本次有0次请求,共0条数据
10-16 15:09:16.719 W/IorapForwardingService( 486): No service published for: iorapd
10-16 15:09:17.218 E/WifiHAL ( 659): wifi_get_link_stats: requestResponse Error:-5
10-16 15:09:17.220 E/WifiVendorHal( 486): getWifiLinkLayerStats_1_5_Internal(l.1191) failed {.code = ERROR_INVALID_ARGS, .description = }
10-16 15:09:17.721 W/IorapForwardingService( 486): No service published for: iorapd
10-16 15:09:18.723 W/IorapForwardingService( 486): No service published for: iorapd
10-16 15:09:19.387 I/BLEAudioDrive_HV410( 247): select timeout!
10-16 15:09:19.726 W/IorapForwardingService( 486): No service published for: iorapd
10-16 15:09:19.886 D/bbb ( 1174): onStartCommand begin !!!!!!! data分区剩余 24885MB
10-16 15:09:19.889 D/aaa ( 1099): LedStatusService onStartCommand begin
10-16 15:09:19.892 D/aaa ( 1099): topPkg is -------------- :com.dangbei.leard.leradlauncher
10-16 15:09:19.898 D/aaa ( 1099): WiFi is connect
10-16 15:09:20.236 E/WifiHAL ( 659): wifi_get_link_stats: requestResponse Error:-5
10-16 15:09:20.239 E/WifiVendorHal( 486): getWifiLinkLayerStats_1_5_Internal(l.1191) failed {.code = ERROR_INVALID_ARGS, .description = }
10-16 15:09:20.728 W/IorapForwardingService( 486): No service published for: iorapd
10-16 15:09:21.731 W/IorapForwardingService( 486): No service published for: iorapd
10-16 15:09:22.115 D/hdmi-cec( 262): receive invalid cec message!
10-16 15:09:22.115 D/hdmi-cec( 262): receive poll message [04], skip!
10-16 15:09:22.118 D/hdmi-cec( 262): cec physical address: 3.0.0.0
10-16 15:09:22.733 W/IorapForwardingService( 486): No service published for: iorapd
10-16 15:09:23.256 E/WifiHAL ( 659): wifi_get_link_stats: requestResponse Error:-5
10-16 15:09:23.259 E/WifiVendorHal( 486): getWifiLinkLayerStats_1_5_Internal(l.1191) failed {.code = ERROR_INVALID_ARGS, .description = }
10-16 15:09:23.736 W/IorapForwardingService( 486): No service published for: iorapd
10-16 15:09:24.738 W/IorapForwardingService( 486): No service published for: iorapd
10-16 15:09:25.726 D/UtilLog ( 2275): 日志批量上报 进行正常循环 !!!!!!本次有0次请求,共0条数据
10-16 15:09:25.740 W/IorapForwardingService( 486): No service published for: iorapd
10-16 15:09:26.275 E/WifiHAL ( 659): wifi_get_link_stats: requestResponse Error:-5
10-16 15:09:26.278 E/WifiVendorHal( 486): getWifiLinkLayerStats_1_5_Internal(l.1191) failed {.code = ERROR_INVALID_ARGS, .description = }
10-16 15:09:26.742 W/IorapForwardingService( 486): No service published for: iorapd
10-16 15:09:27.121 I/gbei.screencas( 3430): Background concurrent copying GC freed 223209(19MB) AllocSpace objects, 37(2168KB) LOS objects, 49% free, 6785KB/13MB, paused 141us total 213.185ms
10-16 15:09:27.744 W/IorapForwardingService( 486): No service published for: iorapd
10-16 15:09:27.938 D/bbb ( 1174): onStartCommand begin !!!!!!! data分区剩余 24885MB
10-16 15:09:27.940 D/aaa ( 1099): LedStatusService onStartCommand begin
10-16 15:09:27.942 D/aaa ( 1099): topPkg is -------------- :com.dangbei.leard.leradlauncher
10-16 15:09:27.946 D/aaa ( 1099): WiFi is connect
10-16 15:09:28.747 W/IorapForwardingService( 486): No service published for: iorapd
10-16 15:09:29.294 E/WifiHAL ( 659): wifi_get_link_stats: requestResponse Error:-5
10-16 15:09:29.297 E/WifiVendorHal( 486): getWifiLinkLayerStats_1_5_Internal(l.1191) failed {.code = ERROR_INVALID_ARGS, .description = }
10-16 15:09:29.396 I/BLEAudioDrive_HV410( 247): select timeout!
10-16 15:09:29.748 W/IorapForwardingService( 486): No service published for: iorapd
10-16 15:09:30.751 W/IorapForwardingService( 486): No service published for: iorapd
10-16 15:09:31.752 W/IorapForwardingService( 486): No service published for: iorapd
10-16 15:09:32.309 E/WifiHAL ( 659): wifi_get_link_stats: requestResponse Error:-5
10-16 15:09:32.310 E/WifiVendorHal( 486): getWifiLinkLayerStats_1_5_Internal(l.1191) failed {.code = ERROR_INVALID_ARGS, .description = }
10-16 15:09:32.753 W/IorapForwardingService( 486): No service published for: iorapd
10-16 15:09:32.756 D/WifiNl80211Manager( 486): Scan result ready event
10-16 15:09:32.756 D/WifiNative( 486): Scan result ready event
10-16 15:09:32.762 E/WifiHAL ( 659): wifi_get_link_stats: requestResponse Error:-5
10-16 15:09:32.763 E/WifiVendorHal( 486): getWifiLinkLayerStats_1_5_Internal(l.1191) failed {.code = ERROR_INVALID_ARGS, .description = }
10-16 15:09:32.996 I/efs.base( 3430): wa upload succ, HttpResponse {succ=true, code=200, data='暂不支持该服务', extra={req_url=https://errlog.umeng.com/api/crashsdk/logcollect}}
10-16 15:09:33.561 I/TDLog ( 2275): [APP] New data found, Submitting...
10-16 15:09:33.579 I/TDLog ( 2275): [APP] Failed to submit data!
10-16 15:09:33.756 W/IorapForwardingService( 486): No service published for: iorapd
10-16 15:09:34.759 W/IorapForwardingService( 486): No service published for: iorapd
10-16 15:09:35.322 E/WifiHAL ( 659): wifi_get_link_stats: requestResponse Error:-5
10-16 15:09:35.325 E/WifiVendorHal( 486): getWifiLinkLayerStats_1_5_Internal(l.1191) failed {.code = ERROR_INVALID_ARGS, .description = }
10-16 15:09:35.748 D/UtilLog ( 2275): 日志批量上报 进行正常循环 !!!!!!本次有0次请求,共0条数据
10-16 15:09:35.761 W/IorapForwardingService( 486): No service published for: iorapd
10-16 15:09:35.979 D/bbb ( 1174): onStartCommand begin !!!!!!! data分区剩余 24885MB
10-16 15:09:35.980 D/aaa ( 1099): LedStatusService onStartCommand begin
10-16 15:09:35.981 D/aaa ( 1099): topPkg is -------------- :com.dangbei.leard.leradlauncher
10-16 15:09:35.984 D/aaa ( 1099): WiFi is connect
10-16 15:09:36.764 W/IorapForwardingService( 486): No service published for: iorapd
10-16 15:09:37.766 W/IorapForwardingService( 486): No service published for: iorapd
10-16 15:09:38.339 E/WifiHAL ( 659): wifi_get_link_stats: requestResponse Error:-5
10-16 15:09:38.341 E/WifiVendorHal( 486): getWifiLinkLayerStats_1_5_Internal(l.1191) failed {.code = ERROR_INVALID_ARGS, .description = }
10-16 15:09:38.768 W/IorapForwardingService( 486): No service published for: iorapd
10-16 15:09:39.399 I/BLEAudioDrive_HV410( 247): select timeout!
10-16 15:09:39.771 W/IorapForwardingService( 486): No service published for: iorapd
10-16 15:09:40.772 W/IorapForwardingService( 486): No service published for: iorapd
10-16 15:09:41.355 E/WifiHAL ( 659): wifi_get_link_stats: requestResponse Error:-5
10-16 15:09:41.358 E/WifiVendorHal( 486): getWifiLinkLayerStats_1_5_Internal(l.1191) failed {.code = ERROR_INVALID_ARGS, .description = }
10-16 15:09:41.775 W/IorapForwardingService( 486): No service published for: iorapd
10-16 15:09:42.626 W/ZramWriteback( 486): Writeback device is not set
10-16 15:09:42.626 D/ZramWriteback( 486): wait to flush
10-16 15:09:42.777 W/IorapForwardingService( 486): No service published for: iorapd
10-16 15:09:43.200 I/efs.base( 3430): wa upload succ, HttpResponse {succ=true, code=200, data='暂不支持该服务', extra={req_url=https://errlog.umeng.com/api/crashsdk/logcollect}}
10-16 15:09:43.779 W/IorapForwardingService( 486): No service published for: iorapd
10-16 15:09:44.019 D/aaa ( 1099): LedStatusService onStartCommand begin
