10-16 15:07:20.691 W/ActivityManager( 486): Slow operation: 56ms so far, now at attachApplicationLocked: after sendPendingBroadcastsLocked
10-16 15:07:20.693 D/ConnectivityService( 486): NetReassign [1 : null → 100, 19 : null → 100, 21 : null → 100, 28 : null → 100, 3 : null → 100, 17 : null → 100, 23 : null → 100, 10 : null → 100]
10-16 15:07:20.695 D/ConnectivityService( 486): Switching to new default network for: uid/pid:1000/486 activeRequest: 1 callbackRequest: 1 [NetworkRequest [ REQUEST id=1, [ Capabilities: INTERNET&NOT_RESTRICTED&TRUSTED&NOT_VPN&NOT_VCN_MANAGED RequestorUid: 1000 RequestorPkg: android] ]] callback flags: 1 priority: 2147483647 using NetworkAgentInfo{network{100} handle{432902426637} ni{WIFI CONNECTED extra: } Score(60 ; KeepConnected : 0 ; Policies : TRANSPORT_PRIMARY&IS_UNMETERED) lp{{InterfaceName: wlan0 LinkAddresses: [ fe80::7ae6:6a0e:c0a5:602c/64,192.168.50.38/24 ] DnsAddresses: [ /192.168.50.1 ] Domains: null MTU: 0 ServerAddress: /192.168.50.1 TcpBufferSizes: 524288,1048576,2097152,262144,524288,1048576 Routes: [ fe80::/64 -> :: wlan0 mtu 0,192.168.50.0/24 -> 0.0.0.0 wlan0 mtu 0,0.0.0.0/0 -> 192.168.50.1 wlan0 mtu 0 ]}} nc{[ Transports: WIFI Capabilities: NOT_METERED&INTERNET&NOT_RESTRICTED&TRUSTED&NOT_VPN&NOT_ROAMING&FOREGROUND&NOT_CONGESTED&NOT_SUSPENDED&NOT_VCN_MANAGED LinkUpBandwidth>=12000Kbps LinkDnBandwidth>=30000Kbps Specifier: TransportInfo: SignalStrength: -30 OwnerUid: 1000 AdminUids: [1000] SSID: "2.4G"]}}
10-16 15:07:20.697 W/system_server( 486): Verification of void com.android.wifi.x.com.google.protobuf.CodedOutputStream.(com.android.wifi.x.com.google.protobuf.CodedOutputStream$1) took 115.931ms (34.50 bytecodes/s) (768B approximate peak alloc)
10-16 15:07:20.720 D/CompatibilityChangeReporter( 1790): Compat change id reported: 171979766; UID 10055; state: ENABLED
10-16 15:07:20.728 D/NetworkMonitor/100( 757): Validation disabled.
10-16 15:07:20.745 W/BestClock( 486): java.time.DateTimeException: Missing NTP fix
10-16 15:07:20.774 D/nativeloader( 1790): classloader namespace configured for unbundled product apk. library_path=/product/priv-app/OneTimeInitializer/lib/arm:/product/lib:/system/product/lib
10-16 15:07:20.776 W/BestClock( 486): java.time.DateTimeException: Missing NTP fix
10-16 15:07:20.778 W/BestClock( 486): java.time.DateTimeException: Missing NTP fix
10-16 15:07:20.779 W/BestClock( 486): java.time.DateTimeException: Missing NTP fix
10-16 15:07:20.791 W/UnsafeUtil( 757): platform method missing - proto runtime falling back to safer methods: java.lang.NoSuchMethodException: sun.misc.Unsafe.copyMemory [class java.lang.Object, long, class java.lang.Object, long, long]
10-16 15:07:20.798 D/UpstreamNetworkMonitor( 757): New default Internet network: 100
10-16 15:07:20.813 I/ ( 408): DVI mode selected: packets not configured
10-16 15:07:20.813 I/ ( 408): Error: set vsif failed
10-16 15:07:20.850 D/ConnectivityService( 486): Sending CONNECTED broadcast for type 1 [100 WIFI] isDefaultNetwork=true
10-16 15:07:20.854 I/hq ( 1096): hq:::curl -X GET "https://ottdbui-tyapiqun7.yysh.mgtv.com/v1/agile/navData?id=npXG6XFsC68%3D&pageId=wlTE9dDRT%2Fs%3D&type=9iufia7Yzl8Znaq3teJVjA%3D%3D&rommodelnumber=40I2XonQAUU%3D&cpuserial=PlZpqfc1JpxOOZ0anAV38AcloAYinsDQ&pattern=4Beei9NZNdo%3D&rommodel=Pqlpla5YRarwmFg%2B5VG%2FRQ%3D%3D&sn=ia%2FaFKiHtUJJAiZNtw0Vu%2Bo7tXt8HRXc&lang=vT%2FCsDI%2Fr10%3D&brand=elfd%2FN0Mw6U%3D&theme=L%2B%2FPU%2FFQgEY%3D&vcode=o%2BppAkqptlQ%3D&vname=oql4Ml1tHJc%3D&license=Hs4jp68qr9I%3D&channel=TIQ8TWTDuwcufJjk0AcBhA%3D%3D&packagename=qzBdBNULiCmiu3CIMurjL7PIryC36aZ2YdCJzQtyjcQ%3D&romvercode=LElfY4n9b%2B8%3D&romvername=DKxT5CPc%2FX8%3D&network=4Beei9NZNdo%3D&deviceEid=cRYfvD8g2raQeh4ZjQLJU5VJuJCft4VI4gdkaLe5245GHZlO7LFf1A%3D%3D&mac=iP4TVZLko9WuJ1hg87dgdZKk84039%2FKT&userid=pctYUOG3RH0%3D"
10-16 15:07:20.854 V/GraphicsEnvironment( 1790): ANGLE Developer option for 'com.android.onetimeinitializer' set to: 'default'
10-16 15:07:20.854 V/GraphicsEnvironment( 1790): Neither updatable production driver nor prerelease driver is supported.
10-16 15:07:20.861 W/ContextImpl( 486): Calling a method in the system process without a qualified user: android.app.ContextImpl.sendStickyBroadcast:1559 com.android.server.ConnectivityService.sendStickyBroadcast:2884 com.android.server.ConnectivityService.sendGeneralBroadcast:2859 com.android.server.ConnectivityService.sendConnectedBroadcast:2832 com.android.server.ConnectivityService.sendLegacyNetworkBroadcast:8784
10-16 15:07:20.864 D/NetworkSecurityConfig( 1790): No Network Security Config specified, using platform default
10-16 15:07:20.865 D/NetworkSecurityConfig( 1790): No Network Security Config specified, using platform default
10-16 15:07:20.863 I/ ( 408): DVI mode selected: packets not configured
10-16 15:07:20.863 I/ ( 408): Error: set vsif failed
10-16 15:07:20.880 I/ ( 408): DVI mode selected: packets not configured
10-16 15:07:20.880 I/ ( 408): Error: set vsif failed
10-16 15:07:20.871 D/aaa ( 1099): action:android.net.conn.CONNECTIVITY_CHANGE
10-16 15:07:20.872 D/QuickLifeImpl( 1035): onReceive intent : Intent { act=android.net.conn.CONNECTIVITY_CHANGE flg=0x4200010 (has extras) }
10-16 15:07:20.873 W/BestClock( 486): java.time.DateTimeException: Missing NTP fix
10-16 15:07:20.873 D/RockyReceiver( 1456): action: android.net.conn.CONNECTIVITY_CHANGE
10-16 15:07:20.876 D/QuickLifeImpl( 1035): networkInfo = [type: WIFI[], state: CONNECTED/CONNECTED, reason: (unspecified), extra: , failover: false, available: true, roaming: false]
10-16 15:07:20.876 E/ConnectivityService( 486): Exception = android.content.pm.PackageManager$NameNotFoundException: android.net.cts
10-16 15:07:20.876 D/QuickLifeImpl( 1035): network connected
10-16 15:07:20.878 V/OneTimeInitializerReceiver( 1790): OneTimeInitializerReceiver.onReceive
10-16 15:07:20.879 I/Receiver( 1456): 网络连接成功
10-16 15:07:20.892 W/BestClock( 486): java.time.DateTimeException: Missing NTP fix
10-16 15:07:20.893 W/ContextImpl( 486): Calling a method in the system process without a qualified user: android.app.ContextImpl.sendStickyBroadcast:1559 com.android.server.ConnectivityService.sendStickyBroadcast:2884 com.android.server.ConnectivityService.sendGeneralBroadcast:2859 com.android.server.ConnectivityService.sendConnectedBroadcast:2832 com.android.server.ConnectivityService.sendLegacyNetworkBroadcast:8784
10-16 15:07:20.916 D/WifiMemoryStoreImpl( 486): Set cluster G25d1f6f6f203e676 for W5a8d1c38c0975e76: SUCCESS
10-16 15:07:20.923 D/aaa ( 1099): action:android.net.conn.CONNECTIVITY_CHANGE
10-16 15:07:20.926 I/ ( 408): DVI mode selected: packets not configured
10-16 15:07:20.926 I/ ( 408): Error: set vsif failed
10-16 15:07:20.927 D/QuickLifeImpl( 1035): updateConditionValue key = DANGBEI_NETWORK_CONNECT; value = 1
10-16 15:07:20.929 W/BestClock( 486): java.time.DateTimeException: Missing NTP fix
10-16 15:07:20.930 D/ConnectivityService( 486): [100 WIFI] validation passed
10-16 15:07:20.933 E/hq ( 1096): NetWorkStateReceiver:::NetWorkStateReceiver onReceive: 网络变化广播 >>>> intent.action=android.net.conn.CONNECTIVITY_CHANGE
10-16 15:07:20.935 D/RockyReceiver( 1456): action: android.net.conn.CONNECTIVITY_CHANGE
10-16 15:07:20.937 E/ConnectivityService( 486): Exception = android.content.pm.PackageManager$NameNotFoundException: android.net.cts
10-16 15:07:20.942 I/ActivityManager( 486): com.android.packageinstaller is exempt from freezer
10-16 15:07:20.952 I/ ( 408): DVI mode selected: packets not configured
10-16 15:07:20.952 I/ ( 408): Error: set vsif failed
10-16 15:07:20.950 W/BestClock( 486): java.time.DateTimeException: Missing NTP fix
10-16 15:07:20.952 D/QuickLifeImpl( 1035): updateConditionValue key = DANGBEI_NETWORK_DISCONNECT; value = 0
10-16 15:07:20.954 D/CompatibilityChangeReporter( 486): Compat change id reported: 135634846; UID 1000; state: DISABLED
10-16 15:07:20.954 E/hq ( 1096): NetWorkStateReceiver:::Network is available. isConnect=false 是否频次过快=false t=1760598440953
10-16 15:07:20.954 W/eventbuscore( 1096): post Event:com.dangbei.leard.base.entity.event.NetStateEvent
10-16 15:07:20.966 D/AppManager( 1096): requestBlackAndWhiteList
10-16 15:07:20.966 D/AppListModel( 1096): requestAppFilterList: true , false
10-16 15:07:20.968 W/eventbuscore( 1096): post Event:com.dangbei.leard.base.entity.event.NetChangeEvent
10-16 15:07:20.982 D/Zygote ( 242): Forked child process 1854
10-16 15:07:20.988 W/ActivityManager( 486): Slow operation: 55ms so far, now at startProcess: returned from zygote!
10-16 15:07:20.995 I/Zygote ( 1854): seccomp disabled by setenforce 0
10-16 15:07:21.013 W/ActivityManager( 486): Slow operation: 80ms so far, now at startProcess: done updating battery stats
10-16 15:07:21.013 W/ActivityManager( 486): Slow operation: 80ms so far, now at startProcess: building log message
10-16 15:07:21.013 I/ActivityManager( 486): app.processName = com.android.packageinstaller
10-16 15:07:21.013 I/ActivityManager( 486): Start proc 1854:com.android.packageinstaller/1000 for broadcast {com.android.packageinstaller/com.android.packageinstaller.TemporaryFileManager}
10-16 15:07:21.013 W/ActivityManager( 486): Slow operation: 80ms so far, now at startProcess: starting to update pids map
10-16 15:07:21.013 W/ActivityManager( 486): Slow operation: 80ms so far, now at startProcess: done updating pids map
10-16 15:07:21.015 I/Receiver( 1456): 网络连接成功
10-16 15:07:21.022 I/hq ( 1096): hq:::curl -X GET "https://ottdbui-tyapiqun7.yysh.mgtv.com/v1/agile/navData?id=npXG6XFsC68%3D&pageId=wlTE9dDRT%2Fs%3D&type=9iufia7Yzl8Znaq3teJVjA%3D%3D&rommodelnumber=40I2XonQAUU%3D&cpuserial=PlZpqfc1JpxOOZ0anAV38AcloAYinsDQ&pattern=4Beei9NZNdo%3D&rommodel=Pqlpla5YRarwmFg%2B5VG%2FRQ%3D%3D&sn=ia%2FaFKiHtUJJAiZNtw0Vu%2Bo7tXt8HRXc&lang=vT%2FCsDI%2Fr10%3D&brand=elfd%2FN0Mw6U%3D&theme=L%2B%2FPU%2FFQgEY%3D&vcode=o%2BppAkqptlQ%3D&vname=oql4Ml1tHJc%3D&license=Hs4jp68qr9I%3D&channel=TIQ8TWTDuwcufJjk0AcBhA%3D%3D&packagename=qzBdBNULiCmiu3CIMurjL7PIryC36aZ2YdCJzQtyjcQ%3D&romvercode=LElfY4n9b%2B8%3D&romvername=DKxT5CPc%2FX8%3D&network=4Beei9NZNdo%3D&deviceEid=cRYfvD8g2raQeh4ZjQLJU5VJuJCft4VI4gdkaLe5245GHZlO7LFf1A%3D%3D&mac=iP4TVZLko9WuJ1hg87dgdZKk84039%2FKT&userid=pctYUOG3RH0%3D"
10-16 15:07:21.044 I/adbd ( 381): jdwp connection from 1854
10-16 15:07:21.048 D/NetworkTimeUpdateService( 486): New default network 100; checking time.
10-16 15:07:21.053 D/LanSocketServer( 1035): connect
10-16 15:07:21.056 D/WifiMemoryStoreImpl( 486): Set cluster G25d1f6f6f203e676 for W25d1f6f6f203e676: SUCCESS
10-16 15:07:21.059 D/ConnectivityService( 486): Setting DNS servers for network 100 to [/192.168.50.1]
10-16 15:07:21.072 D/WifiClientModeImpl[wlan0]( 486): Received signal strength thresholds: []
10-16 15:07:21.076 D/DnsManager( 486): sendDnsConfigurationForNetwork(100, [192.168.50.1], [], 1800, 25, 8, 64, 0, 0, , [192.168.50.1])
10-16 15:07:21.077 W/BestClock( 486): java.time.DateTimeException: Missing NTP fix
10-16 15:07:21.080 W/resolv ( 241): Validating DnsTlsServer 192.168.50.1 with mark 0xf0064
10-16 15:07:21.087 W/resolv ( 241): SSL_connect ssl error =5, mark 0xf0064: Connection refused
10-16 15:07:21.087 W/resolv ( 241): TLS Handshake failed
10-16 15:07:21.088 W/resolv ( 241): query failed
10-16 15:07:21.088 W/resolv ( 241): validateDnsTlsServer returned 0 for 192.168.50.1
10-16 15:07:21.088 W/resolv ( 241): Validation failed
10-16 15:07:21.095 W/ContextImpl( 486): Calling a method in the system process without a qualified user: android.app.ContextImpl.sendStickyBroadcast:1559 com.android.server.ConnectivityService.sendStickyBroadcast:2884 com.android.server.ConnectivityService.sendGeneralBroadcast:2859 com.android.server.ConnectivityService.sendInetConditionBroadcast:2836 com.android.server.ConnectivityService.updateInetCondition:8529
10-16 15:07:21.096 E/WifiVendorHal( 486): stopRssiMonitoring(l.2617) failed {.code = ERROR_NOT_AVAILABLE, .description = }
10-16 15:07:21.097 D/TheRouter::RouterInject( 1096): interception::===interface com.dangbei.leard.protocol.weather.CalendarManagerInterface===CalendarManager181117245
10-16 15:07:21.101 I/system_server( 486): Background concurrent copying GC freed 113175(5821KB) AllocSpace objects, 57(2204KB) LOS objects, 49% free, 15MB/30MB, paused 1.703ms total 2.494s
10-16 15:07:21.126 E/DangXiaoBeiManager( 1096): setMessageList: true
10-16 15:07:21.137 D/yc_test ( 1096): refreshWeather: null
10-16 15:07:21.142 E/hq ( 1096): 当小贝:::message list add complete data.messageList:[]
10-16 15:07:21.142 E/hq ( 1096): data.tabList=[]
10-16 15:07:21.149 W/LastMileLogger( 486): Failed to stop event tracing: /sys/kernel/debug/tracing/instances/wifi/tracing_on: open failed: ENOENT (No such file or directory)
10-16 15:07:21.149 D/CompatibilityChangeReporter( 486): Compat change id reported: 168419799; UID 1000; state: DISABLED
10-16 15:07:21.164 I/hq ( 1096): 当小贝:::showMessage from=net_change
10-16 15:07:21.169 I/hq ( 1096): 当小贝:::showMessage 没有消息需要显示
10-16 15:07:21.172 D/CompatibilityChangeReporter( 1854): Compat change id reported: 171979766; UID 1000; state: ENABLED
10-16 15:07:21.211 W/System.err( 1035): SLF4J: Failed to load class "org.slf4j.impl.StaticLoggerBinder".
10-16 15:07:21.211 W/System.err( 1035): SLF4J: Defaulting to no-operation (NOP) logger implementation
10-16 15:07:21.211 W/System.err( 1035): SLF4J: See http://www.slf4j.org/codes.html#StaticLoggerBinder for further details.
10-16 15:07:21.212 I/hq ( 1096): hq:::curl -X GET "https://ottdbui-tyapiqun7.yysh.mgtv.com/v1/core/appListArr?rommodelnumber=40I2XonQAUU%3D&cpuserial=PlZpqfc1JpxOOZ0anAV38AcloAYinsDQ&pattern=4Beei9NZNdo%3D&rommodel=Pqlpla5YRarwmFg%2B5VG%2FRQ%3D%3D&sn=ia%2FaFKiHtUJJAiZNtw0Vu%2Bo7tXt8HRXc&lang=vT%2FCsDI%2Fr10%3D&brand=elfd%2FN0Mw6U%3D&theme=L%2B%2FPU%2FFQgEY%3D&vcode=o%2BppAkqptlQ%3D&vname=oql4Ml1tHJc%3D&license=Hs4jp68qr9I%3D&channel=TIQ8TWTDuwcufJjk0AcBhA%3D%3D&packagename=qzBdBNULiCmiu3CIMurjL7PIryC36aZ2YdCJzQtyjcQ%3D&romvercode=LElfY4n9b%2B8%3D&romvername=DKxT5CPc%2FX8%3D&network=4Beei9NZNdo%3D&deviceEid=cRYfvD8g2raQeh4ZjQLJU5VJuJCft4VI4gdkaLe5245GHZlO7LFf1A%3D%3D&mac=iP4TVZLko9WuJ1hg87dgdZKk84039%2FKT&userid=pctYUOG3RH0%3D"
10-16 15:07:21.216 D/LanSocketServer( 1035): connect /192.168.50.38:6689
10-16 15:07:21.217 D/LanSocketServer( 1035): connect start
10-16 15:07:21.217 E/LanCommander( 1035): onNetWorkChanged: true
10-16 15:07:21.217 D/QuickLifeImpl( 1035): onReceive intent : Intent { act=android.net.conn.CONNECTIVITY_CHANGE flg=0x4200010 (has extras) }
10-16 15:07:21.217 D/QuickLifeImpl( 1035): networkInfo = [type: WIFI[], state: CONNECTED/CONNECTED, reason: (unspecified), extra: , failover: false, available: true, roaming: false]
10-16 15:07:21.217 D/QuickLifeImpl( 1035): network connected
10-16 15:07:21.246 E/LanCommander( 1035): onServerCreatedSuccess 192.168.50.38:6689
10-16 15:07:21.262 D/QuickLifeImpl( 1035): updateConditionValue key = DANGBEI_NETWORK_CONNECT; value = 1
10-16 15:07:21.263 D/QuickLifeImpl( 1035): updateConditionValue key = DANGBEI_NETWORK_DISCONNECT; value = 0
10-16 15:07:21.277 I/d.process.medi( 1488): Background young concurrent copying GC freed 9650(552KB) AllocSpace objects, 0(0B) LOS objects, 89% free, 3023KB/26MB, paused 149us total 613.319ms
10-16 15:07:21.284 I/WebSocketSelect( 1035): type=1400 audit(0.0:661): avc: denied { read } for name="devices" dev="proc" ino=4026532014 scontext=u:r:system_app:s0 tcontext=u:object_r:proc:s0 tclass=file permissive=1
10-16 15:07:21.284 I/WebSocketSelect( 1035): type=1400 audit(0.0:662): avc: denied { open } for path="/proc/bus/input/devices" dev="proc" ino=4026532014 scontext=u:r:system_app:s0 tcontext=u:object_r:proc:s0 tclass=file permissive=1
10-16 15:07:21.292 E/RCInfo ( 1035): cccccc vid:
10-16 15:07:21.293 E/RCInfo ( 1035): cccccc pid:
10-16 15:07:21.293 E/RCInfo ( 1035): RCBrand:NA
10-16 15:07:21.293 E/RCInfo ( 1035): cccccc vid:
10-16 15:07:21.293 E/RCInfo ( 1035): cccccc pid:
10-16 15:07:21.294 E/RCInfo ( 1035): cccccc vid:
10-16 15:07:21.294 E/RCInfo ( 1035): cccccc pid:
10-16 15:07:21.294 E/RCInfo ( 1035): cccccc vid:
10-16 15:07:21.294 E/RCInfo ( 1035): cccccc pid:
10-16 15:07:21.294 E/RCInfo ( 1035): RCBrand:NA
10-16 15:07:21.295 E/RCInfo ( 1035): cccccc vid:
10-16 15:07:21.295 E/RCInfo ( 1035): cccccc pid:
10-16 15:07:21.295 E/RCInfo ( 1035): cccccc vid:
10-16 15:07:21.295 E/RCInfo ( 1035): cccccc pid:
10-16 15:07:21.284 I/WebSocketSelect( 1035): type=1400 audit(0.0:663): avc: denied { getattr } for path="/proc/bus/input/devices" dev="proc" ino=4026532014 scontext=u:r:system_app:s0 tcontext=u:object_r:proc:s0 tclass=file permissive=1
10-16 15:07:21.292 I/WebSocketSelect( 1035): type=1400 audit(0.0:664): avc: denied { read } for name="u:object_r:serialno_prop:s0" dev="tmpfs" ino=2345 scontext=u:r:system_app:s0 tcontext=u:object_r:serialno_prop:s0 tclass=file permissive=1
10-16 15:07:21.292 I/WebSocketSelect( 1035): type=1400 audit(0.0:665): avc: denied { open } for path="/dev/__properties__/u:object_r:serialno_prop:s0" dev="tmpfs" ino=2345 scontext=u:r:system_app:s0 tcontext=u:object_r:serialno_prop:s0 tclass=file permissive=1
10-16 15:07:21.303 E/AppListVm( 1096): requestMineApp from=secondScreenlayout auto
10-16 15:07:21.317 D/getEthernetMacAddr( 1035): getEthernetMacAddr use eth0
10-16 15:07:21.363 D/getEthernetMacAddr( 1035): getEthernetMacAddr use eth0
10-16 15:07:21.341 I/hq ( 1096): hq:::curl -X GET "https://ottdbui-tyapiqun7.yysh.mgtv.com/v1/agile/navList?rommodelnumber=40I2XonQAUU%3D&cpuserial=PlZpqfc1JpxOOZ0anAV38AcloAYinsDQ&pattern=4Beei9NZNdo%3D&rommodel=Pqlpla5YRarwmFg%2B5VG%2FRQ%3D%3D&sn=ia%2FaFKiHtUJJAiZNtw0Vu%2Bo7tXt8HRXc&lang=vT%2FCsDI%2Fr10%3D&brand=elfd%2FN0Mw6U%3D&theme=L%2B%2FPU%2FFQgEY%3D&vcode=o%2BppAkqptlQ%3D&vname=oql4Ml1tHJc%3D&license=Hs4jp68qr9I%3D&channel=TIQ8TWTDuwcufJjk0AcBhA%3D%3D&packagename=qzBdBNULiCmiu3CIMurjL7PIryC36aZ2YdCJzQtyjcQ%3D&romvercode=LElfY4n9b%2B8%3D&romvername=DKxT5CPc%2FX8%3D&network=4Beei9NZNdo%3D&deviceEid=cRYfvD8g2raQeh4ZjQLJU5VJuJCft4VI4gdkaLe5245GHZlO7LFf1A%3D%3D&mac=iP4TVZLko9WuJ1hg87dgdZKk84039%2FKT&userid=pctYUOG3RH0%3D"
10-16 15:07:21.409 D/getEthernetMacAddr( 1035): getEthernetMacAddr use eth0
10-16 15:07:21.414 D/WifiMemoryStoreImpl( 486): Set cluster G25d1f6f6f203e676 for W5a8d1c38c0975e76: SUCCESS
10-16 15:07:21.434 I/dangbei ad sdk( 1096): AdSplashView::show offline ad
10-16 15:07:21.436 D/aaa ( 1099): WiFi is connect
10-16 15:07:21.447 W/IorapForwardingService( 486): No service published for: iorapd
10-16 15:07:21.449 V/GraphicsEnvironment( 1854): ANGLE Developer option for 'com.android.packageinstaller' set to: 'default'
10-16 15:07:21.450 V/GraphicsEnvironment( 1854): Neither updatable production driver nor prerelease driver is supported.
10-16 15:07:21.463 D/NetworkSecurityConfig( 1854): No Network Security Config specified, using platform default
10-16 15:07:21.464 D/NetworkSecurityConfig( 1854): No Network Security Config specified, using platform default
10-16 15:07:21.467 D/aaa ( 1099): WiFi is connect
10-16 15:07:21.469 D/AppManager( 1096): checkLocalAppsIsValid:
10-16 15:07:21.478 D/aaa ( 1099): WiFi is connect
10-16 15:07:21.493 D/aaa ( 1099): WiFi is connect
10-16 15:07:21.504 D/getEthernetMacAddr( 1035): getEthernetMacAddr use eth0
10-16 15:07:21.527 D/CompatibilityChangeReporter( 486): Compat change id reported: 135634846; UID 10073; state: DISABLED
10-16 15:07:21.527 D/CompatibilityChangeReporter( 486): Compat change id reported: 177438394; UID 10073; state: DISABLED
10-16 15:07:21.527 D/CompatibilityChangeReporter( 486): Compat change id reported: 135772972; UID 10073; state: DISABLED
10-16 15:07:21.527 D/CompatibilityChangeReporter( 486): Compat change id reported: 135754954; UID 10073; state: DISABLED
10-16 15:07:21.530 E/HigherBroadcastServer( 1035): {"bluetoothBoot":false,"bluetoothController":false,"bluetoothMac":"F4:AB:5C:B3:75:D7","deviceModel":"DBBOX-A2","deviceModelNumber":"H5232","deviceName":"客厅的当贝盒子","findController":1,"hostName":"192.168.50.38","inetAddress":"192.168.50.38","mac":"20:02:FE:1C:FB:F7","port":6689,"romCode":5017,"romVersion":"5.0.1.7","wifiMac":"F4:AB:5C:B3:C4:33","deviceId":"126164b3c26b5f13582052c8b2010749","sn":"DOH51118253607647"}
10-16 15:07:21.531 W/NsdServiceInfo( 1035): Key lengths > 9 are discouraged: deviceModel
10-16 15:07:21.531 W/NsdServiceInfo( 1035): Key lengths > 9 are discouraged: deviceModelNumber
10-16 15:07:21.531 W/NsdServiceInfo( 1035): Key lengths > 9 are discouraged: deviceName
10-16 15:07:21.531 W/NsdServiceInfo( 1035): Key lengths > 9 are discouraged: romVersion
10-16 15:07:21.531 W/NsdServiceInfo( 1035): Key lengths > 9 are discouraged: findController
10-16 15:07:21.536 D/CompatibilityChangeReporter( 486): Compat change id reported: 172100307; UID 10074; state: DISABLED
10-16 15:07:21.537 D/CompatibilityChangeReporter( 486): Compat change id reported: 143937733; UID 10073; state: DISABLED
10-16 15:07:21.475 I/init ( 1): processing action (vendor.led_switch=*) from (/vendor/etc/init/hw/init.oranth.rc:149)
10-16 15:07:21.476 I/init ( 1): starting service 'exec 20 (/vendor/bin/led_switch.sh 1)'...
10-16 15:07:21.481 I/init ( 1): SVC_EXEC service 'exec 20 (/vendor/bin/led_switch.sh 1)' pid 1925 (uid 0 gid 0+0 context default) started; waiting...
10-16 15:07:21.505 W/audit ( 1491): audit_lost=257 audit_rate_limit=5 audit_backlog_limit=64
10-16 15:07:21.505 E/audit ( 1491): rate limit exceeded
10-16 15:07:21.551 I/WifiClientModeImpl( 486): Default Gateway MAC address of 10:7c:61:1a:4b:90 from routes is : 10:7c:61:1a:4b:90
10-16 15:07:21.563 I/Receiver( 1456): ----------netConnectInitSDK--------------
10-16 15:07:21.564 D/RockyNetMessageUtil( 1456): initTipsList tipEntity = TipEntity{movieType=[我想看喜剧片, 动作片, 枪战片], movie=[庆余年, 误杀, 美丽人生, 爆笑虫子, 哪吒, 小猪佩奇, 胡歌的电视剧, 张艺谋导演的电影, 切换到1080P, 收藏], appController=[打开当贝市场, 下载哈趣影视, 爱奇艺, 卸载腾讯视频], weather=[今天的天气, 未来五天的天气, 杭州天气怎么样, 明天下不下雨], music=[我要听歌, 周杰伦的歌, 上一首, 下一首, 快进一分钟, 暂停], liveAppDownload='非常抱歉,根据监管部门政策管理要求,暂不提供相应服务。', subscreen=null, wakeUpVoiceResponse=[ProbabilityEntity{word='在呢', probability=30}, ProbabilityEntity{word='我在', probability=35}, ProbabilityEntity{word='你说', probability=15}, ProbabilityEntity{word='来啦', probability=20}], unrecognizedVoiceResponse=[ProbabilityEntity{word='可以再说一遍么', probability=45}, ProbabilityEntity{word='可以说的详细一点么', probability=30}, ProbabilityEntity{word='请问有什么可以帮您', probability=25}], notUnderstandVoiceResponse=[ProbabilityEntity{word='换个说法试试吧', probability=100}]} isRequestTipSuccess = false
10-16 15:07:21.574 D/Zygote ( 242): Forked child process 1934
10-16 15:07:21.579 D/NsdService( 486): Register service
10-16 15:07:21.580 W/ActivityManager( 486): Slow operation: 54ms so far, now at startProcess: done updating battery stats
10-16 15:07:21.580 W/ActivityManager( 486): Slow operation: 54ms so far, now at startProcess: building log message
10-16 15:07:21.580 I/ActivityManager( 486): app.processName = com.android.permissioncontroller
10-16 15:07:21.580 I/ActivityManager( 486): Start proc 1934:com.android.permissioncontroller/u0a73 for broadcast {com.android.permissioncontroller/com.android.permissioncontroller.permission.service.LocationAccessCheck$SetupPeriodicBackgroundLocationAccessCheck}
10-16 15:07:21.580 W/ActivityManager( 486): Slow operation: 54ms so far, now at startProcess: starting to update pids map
10-16 15:07:21.580 D/NsdService( 486): registerService: 2 name: 192.168.50.38, type: _db_controller._tcp, host: /192.168.50.38, port: 6689, txtRecord: deviceModel=DBBOX-A2romVersion=5.0.1.7findController=1sn=DOH51118253607647mac=20:02:FE:1C:FB:F7 deviceName=客厅的当贝盒子)deviceId=126164b3c26b5f13582052c8b2010749deviceModelNumber=H5232 romCode=5017
10-16 15:07:21.580 D/NsdService( 486): mdnssd [register, 2, 192.168.50.38, _db_controller._tcp, 6689, FGRldmljZU1vZGVsPURCQk9YLUEyEnJvbVZlcnNpb249NS4wLjEuNxBmaW5kQ29udHJvbGxlcj0xFHNuPURPSDUxMTE4MjUzNjA3NjQ3FW1hYz0yMDowMjpGRToxQzpGQjpGNyBkZXZpY2VOYW1lPeWuouWOheeahOW9k+i0neebkuWtkClkZXZpY2VJZD0xMjYxNjRiM2MyNmI1ZjEzNTgyMDUyYzhiMjAxMDc0ORdkZXZpY2VNb2RlbE51bWJlcj1INTIzMgxyb21Db2RlPTUwMTc=]
10-16 15:07:21.582 W/ActivityManager( 486): Slow operation: 56ms so far, now at startProcess: done updating pids map
10-16 15:07:21.584 I/Zygote ( 1934): seccomp disabled by setenforce 0
10-16 15:07:21.595 E/SELinux ( 179): avc: denied { find } for pid=1933 uid=0 name=activity scontext=u:r:preinstall:s0 tcontext=u:object_r:activity_service:s0 tclass=service_manager permissive=1
10-16 15:07:21.597 D/RockyNetMessageUtil( 1456): initMediaControlPage pageEntity = PageEntity{list=[ContentEntity{packageName='com.dangbei.leard.leradlauncher', activityName='FilmDetailActivity'}, ContentEntity{packageName='com.dangbei.leard.leradlauncher', activityName='FullScreenDetailActivity'}, ContentEntity{packageName='com.dangbei.leard.leradlauncher', activityName='TencentSportActivity'}, ContentEntity{packageName='com.dangbei.leradVideoPlugins', activityName='FilmDetailActivity'}, ContentEntity{packageName='com.dangbei.leradVideoPlugins', activityName='FullScreenDetailActivity'}, ContentEntity{packageName='com.dangbei.leradVideoPlugins', activityName='TencentSportActivity'}, ContentEntity{packageName='com.dangbei.leradVideoPlugins', activityName='ShortPlayActivity'}, ContentEntity{packageName='com.dangbei.hqmedia', activityName='FilmDetailActivity'}, ContentEntity{packageName='com.dangbei.hqmedia', activityName='FullScreenDetailActivity'}, ContentEntity{packageName='com.dangbei.leradVideoPlugins', activityName='MangoMediaActivity'}, ContentEntity{packageName='com.dangbei.leradVideoPlugins', activityName='VcinemaActivity'}]} isRequestPageControlSuccess = false
10-16 15:07:21.598 D/XHttpObservable( 1456): handleRequest: start https://tyapi.qun7.com/v1/voice/getsoundshowmsg ,,, isCache = false
10-16 15:07:21.602 D/NsdService( 486): Register 2 2
10-16 15:07:21.616 I/init ( 1): Control message: Processed ctl.stop for 'rainbow_flow' from pid: 1931 (stop rainbow_flow voice breathe flow_led net_disconnect)
10-16 15:07:21.632 I/init ( 1): Control message: Processed ctl.stop for 'voice' from pid: 1931 (stop rainbow_flow voice breathe flow_led net_disconnect)
10-16 15:07:21.616 I/adbd ( 381): jdwp connection from 1934
10-16 15:07:21.620 D/aaa ( 1099): LedStatusService onStartCommand begin
10-16 15:07:21.621 D/aaa ( 1099): topPkg is -------------- :com.dangbei.leard.leradlauncher
10-16 15:07:21.627 D/aaa ( 1099): WiFi is connect
10-16 15:07:21.630 D/XHttpObservable( 1456): handleRequest: start https://tyapi.qun7.com/v1/voice/getResponseControlPage ,,, isCache = false
10-16 15:07:21.630 D/WifiConfigStore( 486): Writing to stores completed in 74 ms.
10-16 15:07:21.637 E/WifiHAL ( 659): wifi_get_link_stats: requestResponse Error:-5
10-16 15:07:21.639 E/WifiVendorHal( 486): getWifiLinkLayerStats_1_5_Internal(l.1191) failed {.code = ERROR_INVALID_ARGS, .description = }
10-16 15:07:21.641 I/d.leradlaunche( 1096): Background concurrent copying GC freed 73596(6889KB) AllocSpace objects, 32(832KB) LOS objects, 49% free, 8661KB/16MB, paused 333us total 2.253s
10-16 15:07:21.652 D/LanSocketServer( 1035): connect
10-16 15:07:21.712 D/CompatibilityChangeReporter( 486): Compat change id reported: 168419799; UID 10073; state: DISABLED
10-16 15:07:21.760 W/ActivityManager( 486): Slow operation: 61ms so far, now at attachApplicationLocked: immediately after bindApplication
10-16 15:07:21.761 W/ActivityManager( 486): Slow operation: 61ms so far, now at attachApplicationLocked: after updateLruProcessLocked
10-16 15:07:21.761 W/ActivityManager( 486): Slow operation: 62ms so far, now at attachApplicationLocked: after mServices.attachApplicationLocked
10-16 15:07:21.780 W/ActivityManager( 486): Slow operation: 80ms so far, now at attachApplicationLocked: after sendPendingBroadcastsLocked
10-16 15:07:21.806 D/CompatibilityChangeReporter( 1934): Compat change id reported: 171979766; UID 10073; state: DISABLED
10-16 15:07:21.808 W/MediaProvider( 1052): getVolumePath for unknown volume: internal
10-16 15:07:21.809 W/System ( 1096): A resource failed to call close.
10-16 15:07:21.823 W/InputMethodManagerService( 486): Illegal subtype state: old subtype = null, new subtype = android.view.inputmethod.InputMethodSubtype@129f21f8
10-16 15:07:21.824 D/AW_CODE ( 486): rotation =0
10-16 15:07:21.831 I/okhttp.OkHttpClient( 1035): --> POST http://tymsgapi.qun7.com/v1/core/logip (594-byte body)
10-16 15:07:21.837 W/MediaProvider( 1052): getVolumePath for unknown volume: internal
10-16 15:07:21.838 I/Choreographer( 1096): Skipped 54 frames! The application may be doing too much work on its main thread.
10-16 15:07:21.839 D/ApplicationLoaders( 1934): Returning zygote-cached class loader: /system/framework/android.test.base.jar
10-16 15:07:21.856 E/hq ( 1096): NetWorkStateReceiver:::NetWorkStateReceiver onReceive: 网络变化广播 >>>> intent.action=android.net.conn.CONNECTIVITY_CHANGE
10-16 15:07:21.860 E/hq ( 1096): NetWorkStateReceiver:::Network is available. isConnect=true 是否频次过快=true t=1760598441860
10-16 15:07:21.862 D/AW_CODE ( 486): rotation =0
10-16 15:07:21.865 D/AW_CODE ( 486): rotation =0
10-16 15:07:21.871 D/aaa ( 1099): LedStatusService onStartCommand begin
10-16 15:07:21.875 D/LanSocketServer( 1035): connect /192.168.50.38:6689
10-16 15:07:21.876 D/LanSocketServer( 1035): connect start
10-16 15:07:21.876 E/LanCommander( 1035): onNetWorkChanged: true
10-16 15:07:21.880 D/aaa ( 1099): topPkg is -------------- :com.dangbei.leard.leradlauncher
10-16 15:07:21.882 E/RCInfo ( 1035): cccccc vid:
10-16 15:07:21.882 E/RCInfo ( 1035): cccccc pid:
10-16 15:07:21.883 E/RCInfo ( 1035): cccccc vid:
10-16 15:07:21.883 E/RCInfo ( 1035): cccccc pid:
10-16 15:07:21.884 D/aaa ( 1099): WiFi is connect
10-16 15:07:21.887 E/LanCommander( 1035): onServerCreatedSuccess 192.168.50.38:6689
10-16 15:07:21.888 W/eventbuscore( 1096): post Event:com.dangbei.leard.base.entity.event.NetChangeEvent
10-16 15:07:21.914 E/RCInfo ( 1035): cccccc vid:
10-16 15:07:21.914 E/RCInfo ( 1035): cccccc pid:
10-16 15:07:21.914 E/RCInfo ( 1035): RCBrand:NA
10-16 15:07:21.915 E/RCInfo ( 1035): cccccc vid:
10-16 15:07:21.915 E/RCInfo ( 1035): cccccc pid:
10-16 15:07:21.919 E/RCInfo ( 1035): cccccc vid:
10-16 15:07:21.919 E/RCInfo ( 1035): cccccc pid:
10-16 15:07:21.937 E/ccc ( 1035): cccccc 请求remote实时 并且请求是否有遥控器更新
10-16 15:07:21.937 E/ccc ( 1035): cccccc requestRemoteInfoInner factory NA version
10-16 15:07:21.981 I/ ( 408): DVI mode selected: packets not configured
10-16 15:07:21.981 I/ ( 408): Error: set vsif failed
10-16 15:07:21.990 D/XHttpObservable( 1456): createNetWorkObservable subscribe: MediaControlEntity{code=0, data=PageEntity{list=[ContentEntity{packageName='com.dangbei.leard.leradlauncher', activityName='FilmDetailActivity'}, ContentEntity{packageName='com.dangbei.leard.leradlauncher', activityName='FullScreenDetailActivity'}, ContentEntity{packageName='com.dangbei.leard.leradlauncher', activityName='TencentSportActivity'}, ContentEntity{packageName='com.dangbei.leradVideoPlugins', activityName='FilmDetailActivity'}, ContentEntity{packageName='com.dangbei.leradVideoPlugins', activityName='FullScreenDetailActivity'}, ContentEntity{packageName='com.dangbei.leradVideoPlugins', activityName='TencentSportActivity'}, ContentEntity{packageName='com.dangbei.leradVideoPlugins', activityName='ShortPlayActivity'}, ContentEntity{packageName='com.dangbei.hqmedia', activityName='FilmDetailActivity'}, ContentEntity{packageName='com.dangbei.hqmedia', activityName='FullScreenDetailActivity'}, ContentEntity{packageName='com.dangbei.leradVideoPlugins', activityName='MangoMediaActivity'}, ContentEntity{packageName='com.dangbei.leradVideoPlugins', activityName='VcinemaActivity'}]}, message='success'} ,,, isDisposed = false
10-16 15:07:21.994 D/XHttpObservable( 1456): createNetWorkObservable subscribe: ShowMessageEntity{code=0, data=TipEntity{movieType=[我想看喜剧片, 动作片, 枪战片], movie=[庆余年, 误杀, 美丽人生, 爆笑虫子, 哪吒, 小猪佩奇, 胡歌的电视剧, 张艺谋导演的电影, 切换到1080P, 收藏], appController=[打开当贝市场, 下载哈趣影视, 爱奇艺, 卸载腾讯视频], weather=[今天的天气, 未来五天的天气, 杭州天气怎么样, 明天下不下雨], music=[我要听歌, 周杰伦的歌, 上一首, 下一首, 快进一分钟, 暂停], liveAppDownload='非常抱歉,根据监管部门政策管理要求,暂不提供相应服务。', subscreen=null, wakeUpVoiceResponse=[ProbabilityEntity{word='在呢', probability=30}, ProbabilityEntity{word='我在', probability=35}, ProbabilityEntity{word='你说', probability=15}, ProbabilityEntity{word='来啦', probability=20}], unrecognizedVoiceResponse=[ProbabilityEntity{word='可以再说一遍么', probability=45}, ProbabilityEntity{word='可以说的详细一点么', probability=30}, ProbabilityEntity{word='请问有什么可以帮您', probability=25}], notUnderstandVoiceResponse=[ProbabilityEntity{word='换个说法试试吧', probability=100}]}, message='success'} ,,, isDisposed = false
10-16 15:07:22.010 I/okhttp.OkHttpClient( 1035): --> POST http://tymsgapi.qun7.com/v1/core/logip (594-byte body)
10-16 15:07:22.016 E/hq ( 1096): listenerNet:::重新来网了 key=image_error isConnect=true
10-16 15:07:22.016 E/hq ( 1096): listenerNet:::重新来网了 key=requestAppWhiteList isConnect=true
10-16 15:07:22.018 E/hq ( 1096): listenerNet:::重新来网了 key=ConfigureInterface:Init isConnect=true
10-16 15:07:22.022 I/okhttp.OkHttpClient( 1035): <-- 200 OK http://tymsgapi.qun7.com/v1/core/logip (190ms, 81-byte body)
10-16 15:07:22.026 E/HigherBroadcastServer( 1035): {"bluetoothBoot":false,"bluetoothController":false,"bluetoothMac":"F4:AB:5C:B3:75:D7","deviceModel":"DBBOX-A2","deviceModelNumber":"H5232","deviceName":"客厅的当贝盒子","findController":1,"hostName":"192.168.50.38","inetAddress":"192.168.50.38","mac":"20:02:FE:1C:FB:F7","port":6689,"romCode":5017,"romVersion":"5.0.1.7","wifiMac":"F4:AB:5C:B3:C4:33","deviceId":"126164b3c26b5f13582052c8b2010749","sn":"DOH51118253607647"}
10-16 15:07:22.027 W/NsdServiceInfo( 1035): Key lengths > 9 are discouraged: deviceModel
10-16 15:07:22.027 W/NsdServiceInfo( 1035): Key lengths > 9 are discouraged: deviceModelNumber
10-16 15:07:22.027 W/NsdServiceInfo( 1035): Key lengths > 9 are discouraged: deviceName
10-16 15:07:22.027 W/NsdServiceInfo( 1035): Key lengths > 9 are discouraged: romVersion
10-16 15:07:22.027 W/NsdServiceInfo( 1035): Key lengths > 9 are discouraged: findController
10-16 15:07:22.032 D/NsdService( 486): unregister service
10-16 15:07:22.032 D/NsdService( 486): mdnssd [stop-register, 2]
10-16 15:07:22.033 W/netd ( 241): dnssd_clientstub DNSServiceProcessResult called with NULL DNSServiceRef
10-16 15:07:22.039 E/hq ( 1096): listenerNet:::重新来网了 key=requestGetMessageRemind isConnect=true
10-16 15:07:22.047 E/hq ( 1096): listenerNet:::重新来网了 key=requestMessageConfig isConnect=true
10-16 15:07:22.054 D/yc_test ( 1096): refreshWeather: null
10-16 15:07:22.057 V/GraphicsEnvironment( 1934): ANGLE Developer option for 'com.android.permissioncontroller' set to: 'default'
10-16 15:07:22.058 V/GraphicsEnvironment( 1934): Neither updatable production driver nor prerelease driver is supported.
10-16 15:07:22.059 E/hq ( 1096): listenerNet:::重新来网了 key=requestMessageDialog isConnect=true
10-16 15:07:22.064 I/okhttp.OkHttpClient( 1035): --> POST http://tymsgapi.qun7.com/v1/core/rom (527-byte body)
10-16 15:07:22.076 D/RockyManager( 1456): switchWakeIsAllow isQuitBootGuide: true isBtMode: false
10-16 15:07:22.076 D/RockyManager( 1456): switchWakeIsAllow isAllowFarWake: true
10-16 15:07:22.080 D/NetworkSecurityConfig( 1934): No Network Security Config specified, using platform default
10-16 15:07:22.081 D/NetworkSecurityConfig( 1934): No Network Security Config specified, using platform default
10-16 15:07:22.082 I/HttpUtil( 1035): success
10-16 15:07:22.084 I/hq ( 1096): hq:::curl -X GET "https://ottdbui-tyapiqun7.yysh.mgtv.com/v1/core/getIpArea?rommodelnumber=40I2XonQAUU%3D&cpuserial=PlZpqfc1JpxOOZ0anAV38AcloAYinsDQ&pattern=4Beei9NZNdo%3D&rommodel=Pqlpla5YRarwmFg%2B5VG%2FRQ%3D%3D&sn=ia%2FaFKiHtUJJAiZNtw0Vu%2Bo7tXt8HRXc&lang=vT%2FCsDI%2Fr10%3D&brand=elfd%2FN0Mw6U%3D&theme=L%2B%2FPU%2FFQgEY%3D&vcode=o%2BppAkqptlQ%3D&vname=oql4Ml1tHJc%3D&license=Hs4jp68qr9I%3D&channel=TIQ8TWTDuwcufJjk0AcBhA%3D%3D&packagename=qzBdBNULiCmiu3CIMurjL7PIryC36aZ2YdCJzQtyjcQ%3D&romvercode=LElfY4n9b%2B8%3D&romvername=DKxT5CPc%2FX8%3D&network=4Beei9NZNdo%3D&deviceEid=cRYfvD8g2raQeh4ZjQLJU5VJuJCft4VI4gdkaLe5245GHZlO7LFf1A%3D%3D&mac=iP4TVZLko9WuJ1hg87dgdZKk84039%2FKT&userid=pctYUOG3RH0%3D"
10-16 15:07:22.123 I/ ( 408): DVI mode selected: packets not configured
10-16 15:07:22.115 I/okhttp.OkHttpClient( 1035): --> POST http://tyapi.qun7.com/v1/core/launcherota (527-byte body)
10-16 15:07:22.116 I/okhttp.OkHttpClient( 1035): --> POST http://tymsgapi.qun7.com/v1/core/ykota (582-byte body)
10-16 15:07:22.130 I/okhttp.OkHttpClient( 1035): <-- 200 OK http://tymsgapi.qun7.com/v1/core/rom (65ms, unknown-length body)
10-16 15:07:22.132 I/okhttp.OkHttpClient( 1035): <-- 200 OK http://tymsgapi.qun7.com/v1/core/logip (121ms, 81-byte body)
10-16 15:07:22.123 I/ ( 408): Error: set vsif failed
10-16 15:07:22.135 I/HttpUtil( 1035): success
10-16 15:07:22.155 E/ccc ( 1035): cccccc requestOtaInfo result BaseResponse{message='success', data=OtaUpdateBean{downloadId='3926', updateType=1, romVersionName='5.0.1.6', romCode=5555, current=0, romMd5v='46ac0056b4d16707677ad7f738f6858a', romLength=696060209, romSize='663.7 MB', downUrl='http://dl.qun7.com/H5/H5/5.0.1.6_user_20250728_OTA/H5%20H618%2020250717_ota.zip', reUrl='http://dl.v5tv.com/H5/H5/5.0.1.6_user_20250728_OTA/H5%20H618%2020250717_ota.zip', reUrl2='http://dl.tymcdn.com/H5/H5/5.0.1.6_user_20250728_OTA/H5%20H618%2020250717_ota.zip', tempUrl='null', remark='20250728', status=idle, progress=0.0, filterMac=[], localPath='null', popup=1, isPaused=false, cancelled=false, extraInfo='null'}, code=0}
10-16 15:07:22.164 I/CarUiInstaller( 1934): CarUiInstaller started for com.android.permissioncontroller
10-16 15:07:22.166 D/NsdService( 486): Register service
10-16 15:07:22.166 D/NsdService( 486): registerService: 3 name: 192.168.50.38, type: _db_controller._tcp, host: /192.168.50.38, port: 6689, txtRecord: deviceModel=DBBOX-A2romVersion=5.0.1.7findController=1sn=DOH51118253607647mac=20:02:FE:1C:FB:F7 deviceName=客厅的当贝盒子)deviceId=126164b3c26b5f13582052c8b2010749deviceModelNumber=H5232 romCode=5017
10-16 15:07:22.166 D/NsdService( 486): mdnssd [register, 3, 192.168.50.38, _db_controller._tcp, 6689, FGRldmljZU1vZGVsPURCQk9YLUEyEnJvbVZlcnNpb249NS4wLjEuNxBmaW5kQ29udHJvbGxlcj0xFHNuPURPSDUxMTE4MjUzNjA3NjQ3FW1hYz0yMDowMjpGRToxQzpGQjpGNyBkZXZpY2VOYW1lPeWuouWOheeahOW9k+i0neebkuWtkClkZXZpY2VJZD0xMjYxNjRiM2MyNmI1ZjEzNTgyMDUyYzhiMjAxMDc0ORdkZXZpY2VNb2RlbE51bWJlcj1INTIzMgxyb21Db2RlPTUwMTc=]
10-16 15:07:22.168 D/NsdService( 486): Register 3 3
10-16 15:07:22.170 E/ccc ( 1035): cccccc com.dangbei.haqusetting not connect
10-16 15:07:22.171 E/ccc ( 1035): cccccc updateHelper 通知更新
10-16 15:07:22.171 E/ccc ( 1035): cccccc OtaUpdateHelper 普通更新 1
10-16 15:07:22.179 I/hq ( 1096): hq:::curl -X GET "https://ottdbui-tyapiqun7.yysh.mgtv.com/v1/core/getIpArea?rommodelnumber=40I2XonQAUU%3D&cpuserial=PlZpqfc1JpxOOZ0anAV38AcloAYinsDQ&pattern=4Beei9NZNdo%3D&rommodel=Pqlpla5YRarwmFg%2B5VG%2FRQ%3D%3D&sn=ia%2FaFKiHtUJJAiZNtw0Vu%2Bo7tXt8HRXc&lang=vT%2FCsDI%2Fr10%3D&brand=elfd%2FN0Mw6U%3D&theme=L%2B%2FPU%2FFQgEY%3D&vcode=o%2BppAkqptlQ%3D&vname=oql4Ml1tHJc%3D&license=Hs4jp68qr9I%3D&channel=TIQ8TWTDuwcufJjk0AcBhA%3D%3D&packagename=qzBdBNULiCmiu3CIMurjL7PIryC36aZ2YdCJzQtyjcQ%3D&romvercode=LElfY4n9b%2B8%3D&romvername=DKxT5CPc%2FX8%3D&network=4Beei9NZNdo%3D&deviceEid=cRYfvD8g2raQeh4ZjQLJU5VJuJCft4VI4gdkaLe5245GHZlO7LFf1A%3D%3D&mac=iP4TVZLko9WuJ1hg87dgdZKk84039%2FKT&userid=pctYUOG3RH0%3D"
10-16 15:07:22.184 I/okhttp.OkHttpClient( 1035): <-- 200 OK http://tymsgapi.qun7.com/v1/core/ykota (67ms, unknown-length body)
10-16 15:07:22.202 W/System.err( 1035): java.lang.NullPointerException: Attempt to invoke virtual method 'java.lang.String com.etna.haqu.model.business.bean.db.remote.RemoteUpdateBean.getDownloadId()' on a null object reference
10-16 15:07:22.204 W/System.err( 1035): at com.dangbei.etna.update.remote.RemoteUpdateHelper$requestRemoteInfoInner$1$2.invoke(RemoteUpdateHelper.kt:196)
10-16 15:07:22.204 W/System.err( 1035): at com.dangbei.etna.update.remote.RemoteUpdateHelper$requestRemoteInfoInner$1$2.invoke(RemoteUpdateHelper.kt:187)
10-16 15:07:22.204 W/System.err( 1035): at com.etna.haqu.support.ext.FlowExtKt$safeCollect$3.emit(FlowExt.kt:52)
10-16 15:07:22.204 W/System.err( 1035): at kotlinx.coroutines.flow.FlowKt__ErrorsKt$catchImpl$2.emit(Errors.kt:158)
10-16 15:07:22.204 W/System.err( 1035): at kotlinx.coroutines.flow.FlowKt__ChannelsKt.emitAllImpl$FlowKt__ChannelsKt(Channels.kt:62)
10-16 15:07:22.204 W/System.err( 1035): at kotlinx.coroutines.flow.FlowKt__ChannelsKt.access$emitAllImpl$FlowKt__ChannelsKt(Channels.kt:1)
10-16 15:07:22.204 W/System.err( 1035): at kotlinx.coroutines.flow.FlowKt__ChannelsKt$emitAllImpl$1.invokeSuspend(Unknown Source:14)
10-16 15:07:22.204 W/System.err( 1035): at kotlin.coroutines.jvm.internal.BaseContinuationImpl.resumeWith(ContinuationImpl.kt:33)
10-16 15:07:22.204 W/System.err( 1035): at kotlinx.coroutines.DispatchedTask.run(DispatchedTask.kt:106)
10-16 15:07:22.204 W/System.err( 1035): at android.os.Handler.handleCallback(Handler.java:938)
10-16 15:07:22.204 W/System.err( 1035): at android.os.Handler.dispatchMessage(Handler.java:99)
10-16 15:07:22.204 W/System.err( 1035): at android.os.Looper.loopOnce(Looper.java:201)
10-16 15:07:22.204 W/System.err( 1035): at android.os.Looper.loop(Looper.java:288)
10-16 15:07:22.204 W/System.err( 1035): at android.app.ActivityThread.main(ActivityThread.java:7854)
10-16 15:07:22.204 W/System.err( 1035): at java.lang.reflect.Method.invoke(Native Method)
10-16 15:07:22.204 W/System.err( 1035): at com.android.internal.os.RuntimeInit$MethodAndArgsCaller.run(RuntimeInit.java:548)
10-16 15:07:22.204 W/System.err( 1035): at com.android.internal.os.ZygoteInit.main(ZygoteInit.java:1182)
10-16 15:07:22.208 E/ccc ( 1035): cccccc requestRemoteInfoInner 出现异常 Attempt to invoke virtual method 'java.lang.String com.etna.haqu.model.business.bean.db.remote.RemoteUpdateBean.getDownloadId()' on a null object reference
10-16 15:07:22.208 W/Role ( 1934): Cannot get ApplicationInfo for default holder: com.android.messaging
10-16 15:07:22.226 I/okhttp.OkHttpClient( 1035): --> POST http://tymsgapi.qun7.com/v1/core/appupdate (3300-byte body)
10-16 15:07:22.230 I/ ( 408): DVI mode selected: packets not configured
10-16 15:07:22.230 I/ ( 408): Error: set vsif failed
10-16 15:07:22.251 I/okhttp.OkHttpClient( 1035): <-- 200 OK http://tyapi.qun7.com/v1/core/launcherota (135ms, unknown-length body)
10-16 15:07:22.253 I/HibernationPolicy( 1934): scheduleHibernationJob with frequency 1296000000ms and threshold 7776000000ms
10-16 15:07:22.257 I/HibernationPolicy( 1934): user 0 is a profileowner. Running hibernation job.
10-16 15:07:22.258 I/HibernationPolicy( 1934): Job already scheduled.
10-16 15:07:22.262 D/CompatibilityChangeReporter( 486): Compat change id reported: 135634846; UID 10028; state: DISABLED
10-16 15:07:22.262 D/CompatibilityChangeReporter( 486): Compat change id reported: 177438394; UID 10028; state: DISABLED
10-16 15:07:22.262 D/CompatibilityChangeReporter( 486): Compat change id reported: 135772972; UID 10028; state: DISABLED
10-16 15:07:22.262 D/CompatibilityChangeReporter( 486): Compat change id reported: 135754954; UID 10028; state: ENABLED
10-16 15:07:22.263 D/CompatibilityChangeReporter( 486): Compat change id reported: 143937733; UID 10028; state: ENABLED
10-16 15:07:22.282 I/hq ( 1096): hq:::curl -X GET "https://ottdbui-tyapiqun7.yysh.mgtv.com/v1/center/myAppRec?rommodelnumber=40I2XonQAUU%3D&cpuserial=PlZpqfc1JpxOOZ0anAV38AcloAYinsDQ&pattern=4Beei9NZNdo%3D&rommodel=Pqlpla5YRarwmFg%2B5VG%2FRQ%3D%3D&sn=ia%2FaFKiHtUJJAiZNtw0Vu%2Bo7tXt8HRXc&lang=vT%2FCsDI%2Fr10%3D&brand=elfd%2FN0Mw6U%3D&theme=L%2B%2FPU%2FFQgEY%3D&vcode=o%2BppAkqptlQ%3D&vname=oql4Ml1tHJc%3D&license=Hs4jp68qr9I%3D&channel=TIQ8TWTDuwcufJjk0AcBhA%3D%3D&packagename=qzBdBNULiCmiu3CIMurjL7PIryC36aZ2YdCJzQtyjcQ%3D&romvercode=LElfY4n9b%2B8%3D&romvername=DKxT5CPc%2FX8%3D&network=4Beei9NZNdo%3D&deviceEid=cRYfvD8g2raQeh4ZjQLJU5VJuJCft4VI4gdkaLe5245GHZlO7LFf1A%3D%3D&mac=iP4TVZLko9WuJ1hg87dgdZKk84039%2FKT&userid=pctYUOG3RH0%3D"
10-16 15:07:22.285 E/ccc ( 1035): cccccc launcher ota response is BaseResponse{message='success', data=UpgradeInfoEntity{contentLength=32258786, versionName='2.9.4.4', versionCode=102944, remark='桌面支持模式切换,新增加长辈模式,老人内容浏览更便捷', list=[LauncherUpdateBean{downloadId='1', packName='com.dangbei.leard.leradlauncher', versionName='2.9.4.4', versionCode=102944, downUrl='http://dl.qun7.com/tyapp/2025-07-23/68808d98ea319.apk', reUrl='http://dl.v5tv.com/tyapp/2025-07-23/68808d98ea319.apk', reUrl2='http://dl.qun7.com/tyapp/2025-07-23/68808d98ea319.apk', contentLength=32258786, md5v='5ae28b4c818de18a92f919ea30701c77', tempUrl='null', desc='null', status=idle, progress=0.0, isPaused=false, cancelled=false, extraInfo='null', localPath='null', current=0, create_time=0, remark='null', upType=0}, LauncherUpdateBean{downloadId='2', packName='', versionName='2.9.4.4', versionCode=102944, downUrl='', reUrl='', reUrl2='', contentLength=0, md5v='', tempUrl='null', desc='null', status=idle, progress=0.0, isPaused=false, cancelled=false, extraInfo='null', localPath='null', current=0, create_time=0, remark='null', upType=0}, LauncherUpdateBean{downloadId='3', packName='', versionName='2.9.4.4', versionCode=102944, downUrl='', reUrl='', reUrl2='', contentLength=0, md5v='', tempUrl='null', desc='null', status=idle, progress=0.0, isPaused=false, cancelled=false, extraInfo='null', localPath='null', current=0, create_time=0, remark='null', upType=0}]}, code=0}
10-16 15:07:22.286 E/ccc ( 1035): cccccc local code is 102944 net code is 102944
10-16 15:07:22.289 D/Zygote ( 242): Forked child process 2022
10-16 15:07:22.291 I/ActivityManager( 486): app.processName = com.android.providers.calendar
10-16 15:07:22.291 I/ActivityManager( 486): Start proc 2022:com.android.providers.calendar/u0a28 for broadcast {com.android.providers.calendar/com.android.providers.calendar.CalendarReceiver}
10-16 15:07:22.297 E/ccc ( 1035): cccccc requestLauncherUpdateInfo BaseResponse{message='success', data=UpgradeInfoEntity{contentLength=32258786, versionName='2.9.4.4', versionCode=102944, remark='桌面支持模式切换,新增加长辈模式,老人内容浏览更便捷', list=[LauncherUpdateBean{downloadId='1', packName='com.dangbei.leard.leradlauncher', versionName='2.9.4.4', versionCode=102944, downUrl='http://dl.qun7.com/tyapp/2025-07-23/68808d98ea319.apk', reUrl='http://dl.v5tv.com/tyapp/2025-07-23/68808d98ea319.apk', reUrl2='http://dl.qun7.com/tyapp/2025-07-23/68808d98ea319.apk', contentLength=32258786, md5v='5ae28b4c818de18a92f919ea30701c77', tempUrl='null', desc='null', status=idle, progress=0.0, isPaused=false, cancelled=false, extraInfo='null', localPath='null', current=0, create_time=0, remark='null', upType=0}, LauncherUpdateBean{downloadId='2', packName='', versionName='2.9.4.4', versionCode=102944, downUrl='', reUrl='', reUrl2='', contentLength=0, md5v='', tempUrl='null', desc='null', status=idle, progress=0.0, isPaused=false, cancelled=false, extraInfo='null', localPath='null', current=0, create_time=0, remark='null', upType=0}, LauncherUpdateBean{downloadId='3', packName='', versionName='2.9.4.4', versionCode=102944, downUrl='', reUrl='', reUrl2='', contentLength=0, md5v='', tempUrl='null', desc='null', status=idle, progress=0.0, isPaused=false, cancelled=false, extraInfo='null', localPath='null', current=0, create_time=0, remark='null', upType=0}]}, code=0}
10-16 15:07:22.308 I/Zygote ( 2022): seccomp disabled by setenforce 0
10-16 15:07:22.308 I/EventThread( 262): type=1400 audit(0.0:732): avc: denied { search } for name="extcon" dev="sysfs" ino=18109 scontext=u:r:hal_tv_cec_default:s0 tcontext=u:object_r:sysfs_extcon:s0 tclass=dir permissive=1
10-16 15:07:22.332 I/work_thread( 1096): type=1400 audit(0.0:733): avc: denied { read } for name="address" dev="sysfs" ino=27449 scontext=u:r:system_app:s0 tcontext=u:object_r:sysfs:s0 tclass=file permissive=1
10-16 15:07:22.332 I/work_thread( 1096): type=1400 audit(0.0:734): avc: denied { open } for path="/sys/devices/platform/unisoc_wifi/net/wlan1/address" dev="sysfs" ino=27449 scontext=u:r:system_app:s0 tcontext=u:object_r:sysfs:s0 tclass=file permissive=1
10-16 15:07:22.336 I/work_thread( 1096): type=1400 audit(0.0:735): avc: denied { getattr } for path="/sys/devices/platform/unisoc_wifi/net/wlan1/address" dev="sysfs" ino=27449 scontext=u:r:system_app:s0 tcontext=u:object_r:sysfs:s0 tclass=file permissive=1
10-16 15:07:22.351 I/adbd ( 381): jdwp connection from 2022
10-16 15:07:22.372 D/CompatibilityChangeReporter( 486): Compat change id reported: 168419799; UID 10028; state: DISABLED
10-16 15:07:22.368 I/preinstall.sh( 1391): type=1400 audit(0.0:736): avc: denied { write } for name="port_qos" dev="sysfs" ino=13850 scontext=u:r:system_server:s0 tcontext=u:object_r:sysfs:s0 tclass=file permissive=1
10-16 15:07:22.387 D/CompatibilityChangeReporter( 2022): Compat change id reported: 171979766; UID 10028; state: ENABLED
10-16 15:07:22.438 E/hq ( 1096): WeatherRefresh:::请求网络地址后,更新的地理位置为:null
10-16 15:07:22.450 W/IorapForwardingService( 486): No service published for: iorapd
10-16 15:07:22.453 E/hq ( 1096): Etna:::sendInspectLauncherUpdate
10-16 15:07:22.460 E/ccc ( 1035): cccccc SystemUpdateHelper launcherUpdate {"launcherCodeLocal":102944,"launcherCodeNet":0,"launcherVersionLocal":"2.9.4.4","launcherVersionNet":"","otaCodeLocal":0,"otaCodeNet":0,"remoteNeedUpdate":false,"updateType":""}
