10-16 15:07:11.298 I/hwservicemanager( 180): getTransport: Cannot find entry android.hardware.configstore@1.0::ISurfaceFlingerConfigs/default in either framework or device VINTF manifest.
10-16 15:07:11.298 W/ActivityThread( 486): Failed to find provider info for com.android.calendar (user not unlocked)
10-16 15:07:11.299 D/ConditionProviders.SCP( 486): evaluateSubscriptionLocked cal=ScheduleCalendar[mDays={1, 2, 3, 4, 5, 6, 7}, mSchedule=ScheduleInfo{days=[1, 2, 3, 4, 5, 6, 7], startHour=22, startMinute=0, endHour=7, endMinute=0, exitAtAlarm=true, nextAlarm=Thu Jan 01 08:00:00 GMT+08:00 1970 (0)}], now=Thu Oct 16 15:07:11 GMT+08:00 2025 (1760598431270), nextUserAlarmTime=Thu Jan 01 08:00:00 GMT+08:00 1970 (0)
10-16 15:07:11.299 D/ConditionProviders.SCP( 486): notifyCondition condition://android/schedule?days=1.2.3.4.5.6.7&start=22.0&end=7.0&exitAtAlarm=true STATE_FALSE reason=!meetsSchedule
10-16 15:07:11.302 D/ConditionProviders.SCP( 486): Scheduling evaluate for Thu Oct 16 22:00:00 GMT+08:00 2025 (1760623200000), in +6h52m48s730ms, now=Thu Oct 16 15:07:11 GMT+08:00 2025 (1760598431270)
10-16 15:07:11.303 I/C2SoftVp9Enc( 368): setting temporal layering 0 + 0
10-16 15:07:11.303 I/ConnectivityModuleConnector( 486): Networking module service connected
10-16 15:07:11.303 I/ConnectivityModuleConnector( 486): Networking module service connected
10-16 15:07:11.303 I/NetworkStackClient( 486): Network stack service connected
10-16 15:07:11.310 D/hdmi-cec( 262): cec physical address: 3.0.0.0
10-16 15:07:11.310 D/hdmi-cec( 262): cec physical address: 3.0.0.0
10-16 15:07:11.310 D/hdmi-cec( 262): cec physical address: 3.0.0.0
10-16 15:07:11.311 D/hdmi-cec( 262): addLogicalAddress (4)
10-16 15:07:11.311 D/hdmi-cec( 262): cec physical address: 3.0.0.0
10-16 15:07:11.314 W/ActivityManager( 486): Unable to start service Intent { cmp=com.oranth.storage/.MainService } U=0: not found
10-16 15:07:11.317 D/Codec2InfoBuilder( 353): codec entry for 'c2.android.vp9.encoder' is disabled
10-16 15:07:11.320 D/MediaCodecList( 816): codecHandlesFormat: no format, so no extra checks
10-16 15:07:11.320 V/C2Store ( 368): in ~ComponentModule
10-16 15:07:11.321 D/MediaCodecList( 816): codecHandlesFormat: no format, so no extra checks
10-16 15:07:11.321 D/AutofillManagerService( 486): Restriction did not change for user 0
10-16 15:07:11.321 V/C2Store ( 368): unloading dll
10-16 15:07:11.321 W/ActivityManager( 486): Unable to start service Intent { cmp=com.oranth.ledstatus/.LedStatusService } U=0: not found
10-16 15:07:11.322 D/MediaCodecList( 486): codecHandlesFormat: no format, so no extra checks
10-16 15:07:11.323 D/MediaCodecList( 486): codecHandlesFormat: no format, so no extra checks
10-16 15:07:11.325 I/ExplicitHealthCheckController( 486): Explicit health check service is connected ComponentInfo{android.ext.services/android.ext.services.watchdog.ExplicitHealthCheckServiceImpl}
10-16 15:07:11.327 D/CCodec ( 816): allocate(c2.android.vorbis.decoder)
10-16 15:07:11.328 I/ExplicitHealthCheckController( 486): Service initialized, syncing requests
10-16 15:07:11.329 D/BluetoothManagerService( 486): BluetoothServiceConnection: com.android.bluetooth.btservice.AdapterService
10-16 15:07:11.329 D/BluetoothManagerService( 486): MESSAGE_BLUETOOTH_SERVICE_CONNECTED: 1
10-16 15:07:11.329 V/NotificationAssistants( 486): 0 notification assistant service connected: ComponentInfo{android.ext.services/android.ext.services.notification.Assistant}
10-16 15:07:11.330 D/CCodec ( 486): allocate(c2.android.vorbis.decoder)
10-16 15:07:11.330 D/CCodec ( 486): allocate(c2.android.vorbis.decoder)
10-16 15:07:11.332 I/ConnectivityModuleConnector( 486): Networking module service connected
10-16 15:07:11.332 I/Codec2Client( 816): Available Codec2 services: "software"
10-16 15:07:11.332 I/ConnectivityModuleConnector( 486): Networking module service connected
10-16 15:07:11.334 I/Codec2Client( 486): Available Codec2 services: "software"
10-16 15:07:11.337 V/C2Store ( 368): in init
10-16 15:07:11.337 V/C2Store ( 368): loading dll
10-16 15:07:11.341 D/CCodec ( 816): allocate(c2.android.vorbis.decoder)
10-16 15:07:11.342 I/PackageWatchdog( 486): Syncing health check requests for packages: {}
10-16 15:07:11.342 D/ExplicitHealthCheckController( 486): Getting health check supported packages
10-16 15:07:11.344 W/Looper ( 486): Drained
10-16 15:07:11.344 E/HWComposer( 273): getSupportedContentTypes: getSupportedContentTypes failed for display 0: Unsupported (8)
10-16 15:07:11.346 D/BluetoothManagerService( 486): Broadcasting onBluetoothServiceUp() to 2 receivers.
10-16 15:07:11.348 D/BluetoothAdapter( 486): onBluetoothServiceUp: android.bluetooth.IBluetooth$Stub$Proxy@be9265a
10-16 15:07:11.350 I/hwservicemanager( 180): getTransport: Cannot find entry android.hardware.graphics.mapper@4.0::IMapper/default in either framework or device VINTF manifest.
10-16 15:07:11.350 I/Gralloc4( 816): mapper 4.x is not supported
10-16 15:07:11.351 I/CCodec ( 816): Created component [c2.android.vorbis.decoder]
10-16 15:07:11.352 I/CCodec ( 486): Created component [c2.android.vorbis.decoder]
10-16 15:07:11.352 D/CCodecConfig( 816): read media type: audio/vorbis
10-16 15:07:11.352 D/CCodecConfig( 486): read media type: audio/vorbis
10-16 15:07:11.352 I/CCodec ( 816): Created component [c2.android.vorbis.decoder]
10-16 15:07:11.353 D/CCodecConfig( 816): read media type: audio/vorbis
10-16 15:07:11.353 I/CCodec ( 486): Created component [c2.android.vorbis.decoder]
10-16 15:07:11.353 D/CCodecConfig( 486): read media type: audio/vorbis
10-16 15:07:11.354 I/hwservicemanager( 180): getTransport: Cannot find entry android.hardware.graphics.mapper@3.0::IMapper/default in either framework or device VINTF manifest.
10-16 15:07:11.354 W/Gralloc3( 816): mapper 3.x is not supported
10-16 15:07:11.355 D/BluetoothAdapter( 669): onBluetoothServiceUp: com.android.bluetooth.btservice.AdapterService$AdapterServiceBinder@eb7ab8c
10-16 15:07:11.356 D/ReflectedParamUpdater( 816): extent() != 1 for single value type: algo.buffers.max-count.values
10-16 15:07:11.357 D/ReflectedParamUpdater( 486): extent() != 1 for single value type: algo.buffers.max-count.values
10-16 15:07:11.357 D/ReflectedParamUpdater( 486): extent() != 1 for single value type: output.subscribed-indices.values
10-16 15:07:11.357 D/ReflectedParamUpdater( 486): extent() != 1 for single value type: input.buffers.allocator-ids.values
10-16 15:07:11.357 D/ReflectedParamUpdater( 486): extent() != 1 for single value type: output.buffers.allocator-ids.values
10-16 15:07:11.358 D/ReflectedParamUpdater( 486): extent() != 1 for single value type: algo.buffers.allocator-ids.values
10-16 15:07:11.358 D/ReflectedParamUpdater( 486): extent() != 1 for single value type: output.buffers.pool-ids.values
10-16 15:07:11.358 D/ReflectedParamUpdater( 486): extent() != 1 for single value type: algo.buffers.pool-ids.values
10-16 15:07:11.359 D/ReflectedParamUpdater( 816): extent() != 1 for single value type: algo.buffers.max-count.values
10-16 15:07:11.359 D/ReflectedParamUpdater( 816): extent() != 1 for single value type: output.subscribed-indices.values
10-16 15:07:11.359 D/ReflectedParamUpdater( 816): extent() != 1 for single value type: input.buffers.allocator-ids.values
10-16 15:07:11.359 I/ExplicitHealthCheckController( 486): Explicit health check supported packages [PackageConfig{com.android.networkstack, 86400000}]
10-16 15:07:11.359 D/ReflectedParamUpdater( 816): extent() != 1 for single value type: output.buffers.allocator-ids.values
10-16 15:07:11.360 D/ReflectedParamUpdater( 816): extent() != 1 for single value type: algo.buffers.allocator-ids.values
10-16 15:07:11.360 D/ReflectedParamUpdater( 816): extent() != 1 for single value type: output.buffers.pool-ids.values
10-16 15:07:11.360 D/ReflectedParamUpdater( 816): extent() != 1 for single value type: algo.buffers.pool-ids.values
10-16 15:07:11.360 D/ReflectedParamUpdater( 816): extent() != 1 for single value type: output.subscribed-indices.values
10-16 15:07:11.360 D/ReflectedParamUpdater( 816): extent() != 1 for single value type: input.buffers.allocator-ids.values
10-16 15:07:11.360 D/PackageWatchdog( 486): Received supported packages [PackageConfig{com.android.networkstack, 86400000}]
10-16 15:07:11.360 D/ReflectedParamUpdater( 816): extent() != 1 for single value type: output.buffers.allocator-ids.values
10-16 15:07:11.361 D/ReflectedParamUpdater( 816): extent() != 1 for single value type: algo.buffers.allocator-ids.values
10-16 15:07:11.361 D/ExplicitHealthCheckController( 486): Getting health check requested packages
10-16 15:07:11.362 E/gralloc ( 816): Arm Module v1.0
10-16 15:07:11.362 D/ReflectedParamUpdater( 486): extent() != 1 for single value type: algo.buffers.max-count.values
10-16 15:07:11.362 I/CCodecConfig( 486): query failed after returning 7 values (BAD_INDEX)
10-16 15:07:11.362 D/CCodecConfig( 486): c2 config diff is Dict {
10-16 15:07:11.362 D/CCodecConfig( 486): c2::u32 coded.bitrate.value = 64000
10-16 15:07:11.362 D/CCodecConfig( 486): c2::u32 input.buffers.max-size.value = 32768
10-16 15:07:11.362 D/CCodecConfig( 486): c2::u32 input.delay.value = 0
10-16 15:07:11.362 D/CCodecConfig( 486): string input.media-type.value = "audio/vorbis"
10-16 15:07:11.362 D/CCodecConfig( 486): string output.media-type.value = "audio/raw"
10-16 15:07:11.362 D/CCodecConfig( 486): c2::u32 raw.channel-count.value = 1
10-16 15:07:11.362 D/CCodecConfig( 486): c2::u32 raw.sample-rate.value = 48000
10-16 15:07:11.362 D/CCodecConfig( 486): }
10-16 15:07:11.363 D/ReflectedParamUpdater( 816): extent() != 1 for single value type: output.buffers.pool-ids.values
10-16 15:07:11.364 I/hwservicemanager( 180): getTransport: Cannot find entry android.hardware.graphics.allocator@4.0::IAllocator/default in either framework or device VINTF manifest.
10-16 15:07:11.364 D/ReflectedParamUpdater( 486): extent() != 1 for single value type: output.subscribed-indices.values
10-16 15:07:11.364 D/ReflectedParamUpdater( 816): extent() != 1 for single value type: algo.buffers.pool-ids.values
10-16 15:07:11.364 W/Gralloc4( 816): allocator 4.x is not supported
10-16 15:07:11.364 I/hwservicemanager( 180): getTransport: Cannot find entry android.hardware.graphics.allocator@3.0::IAllocator/default in either framework or device VINTF manifest.
10-16 15:07:11.365 W/Gralloc3( 816): allocator 3.x is not supported
10-16 15:07:11.365 D/ReflectedParamUpdater( 486): extent() != 1 for single value type: input.buffers.allocator-ids.values
10-16 15:07:11.365 D/CCodec ( 486): [c2.android.vorbis.decoder] buffers are bound to CCodec for this session
10-16 15:07:11.365 I/CCodecConfig( 816): query failed after returning 7 values (BAD_INDEX)
10-16 15:07:11.365 D/CCodecConfig( 486): no c2 equivalents for durationUs
10-16 15:07:11.365 D/CCodecConfig( 486): no c2 equivalents for track-id
10-16 15:07:11.365 D/CCodecConfig( 486): no c2 equivalents for csd-1
10-16 15:07:11.365 D/CCodecConfig( 486): no c2 equivalents for channel-mask
10-16 15:07:11.365 D/CCodecConfig( 486): no c2 equivalents for flags
10-16 15:07:11.365 D/CCodecConfig( 816): c2 config diff is Dict {
10-16 15:07:11.365 D/CCodecConfig( 816): c2::u32 coded.bitrate.value = 64000
10-16 15:07:11.365 D/CCodecConfig( 816): c2::u32 input.buffers.max-size.value = 32768
10-16 15:07:11.365 D/CCodecConfig( 816): c2::u32 input.delay.value = 0
10-16 15:07:11.365 D/CCodecConfig( 816): string input.media-type.value = "audio/vorbis"
10-16 15:07:11.365 D/CCodecConfig( 816): string output.media-type.value = "audio/raw"
10-16 15:07:11.365 D/CCodecConfig( 816): c2::u32 raw.channel-count.value = 1
10-16 15:07:11.365 D/CCodecConfig( 816): c2::u32 raw.sample-rate.value = 48000
10-16 15:07:11.365 D/CCodecConfig( 816): }
10-16 15:07:11.368 D/CCodecConfig( 486): c2 config diff is c2::u32 raw.channel-count.value = 2
10-16 15:07:11.368 D/CCodecConfig( 486): c2::u32 raw.sample-rate.value = 44100
10-16 15:07:11.370 I/gralloc ( 255): alloc buffer:W:1920 H:1080 S:1920 PL[1920 1080] SZ:8294400 fmt:1 if:0 af:1 usg:20000b00 fg:00000004
10-16 15:07:11.370 D/ReflectedParamUpdater( 486): extent() != 1 for single value type: output.buffers.allocator-ids.values
10-16 15:07:11.370 D/ReflectedParamUpdater( 486): extent() != 1 for single value type: algo.buffers.allocator-ids.values
10-16 15:07:11.370 D/ReflectedParamUpdater( 486): extent() != 1 for single value type: output.buffers.pool-ids.values
10-16 15:07:11.370 D/ReflectedParamUpdater( 486): extent() != 1 for single value type: algo.buffers.pool-ids.values
10-16 15:07:11.370 D/CCodec ( 816): [c2.android.vorbis.decoder] buffers are bound to CCodec for this session
10-16 15:07:11.370 D/CCodecConfig( 816): no c2 equivalents for durationUs
10-16 15:07:11.370 D/CCodecConfig( 816): no c2 equivalents for track-id
10-16 15:07:11.370 D/CCodecConfig( 816): no c2 equivalents for csd-1
10-16 15:07:11.370 D/CCodecConfig( 816): no c2 equivalents for channel-mask
10-16 15:07:11.370 D/CCodecConfig( 816): no c2 equivalents for flags
10-16 15:07:11.370 I/CCodecConfig( 816): query failed after returning 7 values (BAD_INDEX)
10-16 15:07:11.371 D/CCodecConfig( 816): c2 config diff is Dict {
10-16 15:07:11.371 D/CCodecConfig( 816): c2::u32 coded.bitrate.value = 64000
10-16 15:07:11.371 D/CCodecConfig( 816): c2::u32 input.buffers.max-size.value = 32768
10-16 15:07:11.371 D/CCodecConfig( 816): c2::u32 input.delay.value = 0
10-16 15:07:11.371 D/CCodecConfig( 816): string input.media-type.value = "audio/vorbis"
10-16 15:07:11.371 D/CCodecConfig( 816): string output.media-type.value = "audio/raw"
10-16 15:07:11.371 D/CCodecConfig( 816): c2::u32 raw.channel-count.value = 1
10-16 15:07:11.371 D/CCodecConfig( 816): c2::u32 raw.sample-rate.value = 48000
10-16 15:07:11.371 D/CCodecConfig( 816): }
10-16 15:07:11.371 W/Codec2Client( 486): query -- param skipped: index = 1107298332.
10-16 15:07:11.371 D/CCodec ( 486): setup formats input: AMessage(what = 0x00000000) = {
10-16 15:07:11.371 D/CCodec ( 486): int32_t bitrate = 64000
10-16 15:07:11.371 D/CCodec ( 486): int32_t channel-count = 2
10-16 15:07:11.371 D/CCodec ( 486): int32_t max-input-size = 32768
10-16 15:07:11.371 D/CCodec ( 486): string mime = "audio/vorbis"
10-16 15:07:11.371 D/CCodec ( 486): int32_t sample-rate = 44100
10-16 15:07:11.371 D/CCodec ( 486): }
10-16 15:07:11.371 D/CCodec ( 486): setup formats output: AMessage(what = 0x00000000) = {
10-16 15:07:11.371 D/CCodec ( 486): int32_t channel-count = 2
10-16 15:07:11.371 D/CCodec ( 486): string mime = "audio/raw"
10-16 15:07:11.371 D/CCodec ( 486): int32_t sample-rate = 44100
10-16 15:07:11.371 D/CCodec ( 486): int32_t channel-mask = 3
10-16 15:07:11.371 D/CCodec ( 486): }
10-16 15:07:11.371 I/CCodecConfig( 486): query failed after returning 7 values (BAD_INDEX)
10-16 15:07:11.372 D/CCodecConfig( 816): c2 config diff is c2::u32 coded.bitrate.value = 224000
10-16 15:07:11.372 D/CCodecConfig( 816): c2::u32 raw.channel-count.value = 2
10-16 15:07:11.373 D/CCodec ( 816): [c2.android.vorbis.decoder] buffers are bound to CCodec for this session
10-16 15:07:11.373 D/CCodecConfig( 816): no c2 equivalents for durationUs
10-16 15:07:11.373 D/CCodecConfig( 816): no c2 equivalents for track-id
10-16 15:07:11.373 D/CCodecConfig( 816): no c2 equivalents for csd-1
10-16 15:07:11.373 D/CCodecConfig( 816): no c2 equivalents for channel-mask
10-16 15:07:11.373 D/CCodecConfig( 816): no c2 equivalents for flags
10-16 15:07:11.373 E/ion ( 816): ioctl c0044901 failed with code -1: Inappropriate ioctl for device
10-16 15:07:11.374 I/ExplicitHealthCheckController( 486): Explicit health check requested packages []
10-16 15:07:11.375 D/CompatibilityChangeReporter( 486): Compat change id reported: 157233955; UID 10061; state: ENABLED
10-16 15:07:11.376 W/Codec2Client( 816): query -- param skipped: index = 1107298332.
10-16 15:07:11.376 I/CCodecConfig( 486): query failed after returning 7 values (BAD_INDEX)
10-16 15:07:11.376 D/CCodec ( 816): setup formats input: AMessage(what = 0x00000000) = {
10-16 15:07:11.376 D/CCodec ( 816): int32_t bitrate = 224000
10-16 15:07:11.376 D/CCodec ( 816): int32_t channel-count = 2
10-16 15:07:11.376 D/CCodec ( 816): int32_t max-input-size = 32768
10-16 15:07:11.376 D/CCodec ( 816): string mime = "audio/vorbis"
10-16 15:07:11.376 D/CCodec ( 816): int32_t sample-rate = 48000
10-16 15:07:11.376 D/CCodec ( 816): }
10-16 15:07:11.376 D/CCodecConfig( 486): c2 config diff is Dict {
10-16 15:07:11.376 D/CCodecConfig( 486): c2::u32 coded.bitrate.value = 64000
10-16 15:07:11.376 D/CCodecConfig( 486): c2::u32 input.buffers.max-size.value = 32768
10-16 15:07:11.376 D/CCodecConfig( 486): c2::u32 input.delay.value = 0
10-16 15:07:11.376 D/CCodecConfig( 486): string input.media-type.value = "audio/vorbis"
10-16 15:07:11.376 D/CCodecConfig( 486): string output.media-type.value = "audio/raw"
10-16 15:07:11.376 D/CCodecConfig( 486): c2::u32 raw.channel-count.value = 1
10-16 15:07:11.376 D/CCodecConfig( 486): c2::u32 raw.sample-rate.value = 48000
10-16 15:07:11.376 D/CCodecConfig( 486): }
10-16 15:07:11.376 D/CCodec ( 816): setup formats output: AMessage(what = 0x00000000) = {
10-16 15:07:11.376 D/CCodec ( 816): int32_t channel-count = 2
10-16 15:07:11.376 D/CCodec ( 816): string mime = "audio/raw"
10-16 15:07:11.376 D/CCodec ( 816): int32_t sample-rate = 48000
10-16 15:07:11.376 D/CCodec ( 816): int32_t channel-mask = 3
10-16 15:07:11.376 D/CCodec ( 816): }
10-16 15:07:11.376 D/CCodecConfig( 816): c2 config diff is c2::u32 coded.bitrate.value = 224000
10-16 15:07:11.376 D/CCodecConfig( 816): c2::u32 raw.channel-count.value = 2
10-16 15:07:11.377 I/ExplicitHealthCheckController( 486): No more health check requests, unbinding...
10-16 15:07:11.378 D/CCodec ( 486): [c2.android.vorbis.decoder] buffers are bound to CCodec for this session
10-16 15:07:11.378 D/CCodecConfig( 486): no c2 equivalents for durationUs
10-16 15:07:11.378 D/CCodecConfig( 486): no c2 equivalents for track-id
10-16 15:07:11.378 D/CCodecConfig( 486): no c2 equivalents for csd-1
10-16 15:07:11.378 D/CCodecConfig( 486): no c2 equivalents for channel-mask
10-16 15:07:11.378 D/CCodecConfig( 486): no c2 equivalents for flags
10-16 15:07:11.379 W/Codec2Client( 816): query -- param skipped: index = 1107298332.
10-16 15:07:11.379 D/CCodec ( 816): setup formats input: AMessage(what = 0x00000000) = {
10-16 15:07:11.379 D/CCodec ( 816): int32_t bitrate = 224000
10-16 15:07:11.379 D/CCodec ( 816): int32_t channel-count = 2
10-16 15:07:11.379 D/CCodec ( 816): int32_t max-input-size = 32768
10-16 15:07:11.379 D/CCodec ( 816): string mime = "audio/vorbis"
10-16 15:07:11.379 D/CCodec ( 816): int32_t sample-rate = 48000
10-16 15:07:11.379 D/CCodec ( 816): }
10-16 15:07:11.379 D/CCodec ( 816): setup formats output: AMessage(what = 0x00000000) = {
10-16 15:07:11.379 D/CCodec ( 816): int32_t channel-count = 2
10-16 15:07:11.379 D/CCodec ( 816): string mime = "audio/raw"
10-16 15:07:11.379 D/CCodec ( 816): int32_t sample-rate = 48000
10-16 15:07:11.379 D/CCodec ( 816): int32_t channel-mask = 3
10-16 15:07:11.379 D/CCodec ( 816): }
10-16 15:07:11.380 D/CCodecConfig( 486): c2 config diff is c2::u32 raw.channel-count.value = 2
10-16 15:07:11.380 D/CCodecConfig( 486): c2::u32 raw.sample-rate.value = 44100
10-16 15:07:11.380 I/gralloc ( 255): alloc buffer:W:1920 H:1080 S:1920 PL[1920 1080] SZ:8294400 fmt:1 if:0 af:1 usg:20000b00 fg:00000004
10-16 15:07:11.380 I/CCodecConfig( 816): query failed after returning 7 values (BAD_INDEX)
10-16 15:07:11.384 I/CCodecConfig( 816): query failed after returning 7 values (BAD_INDEX)
10-16 15:07:11.384 W/Codec2Client( 486): query -- param skipped: index = 1107298332.
10-16 15:07:11.384 D/CCodec ( 486): setup formats input: AMessage(what = 0x00000000) = {
10-16 15:07:11.384 D/CCodec ( 486): int32_t bitrate = 64000
10-16 15:07:11.384 D/CCodec ( 486): int32_t channel-count = 2
10-16 15:07:11.384 D/CCodec ( 486): int32_t max-input-size = 32768
10-16 15:07:11.384 D/CCodec ( 486): string mime = "audio/vorbis"
10-16 15:07:11.384 D/CCodec ( 486): int32_t sample-rate = 44100
10-16 15:07:11.384 D/CCodec ( 486): }
10-16 15:07:11.384 D/CCodec ( 486): setup formats output: AMessage(what = 0x00000000) = {
10-16 15:07:11.384 D/CCodec ( 486): int32_t channel-count = 2
10-16 15:07:11.384 D/CCodec ( 486): string mime = "audio/raw"
10-16 15:07:11.384 D/CCodec ( 486): int32_t sample-rate = 44100
10-16 15:07:11.384 D/CCodec ( 486): int32_t channel-mask = 3
10-16 15:07:11.384 D/CCodec ( 486): }
10-16 15:07:11.384 I/gralloc ( 255): alloc buffer:W:1920 H:1080 S:1920 PL[1920 1080] SZ:8294400 fmt:1 if:0 af:1 usg:20000b00 fg:00000004
10-16 15:07:11.384 W/Codec2Client( 486): query -- param skipped: index = 1342179345.
10-16 15:07:11.384 W/Codec2Client( 486): query -- param skipped: index = 2415921170.
10-16 15:07:11.385 I/ExplicitHealthCheckController( 486): Explicit health check service is unbound
10-16 15:07:11.385 W/Codec2Client( 816): query -- param skipped: index = 1342179345.
10-16 15:07:11.385 W/Codec2Client( 816): query -- param skipped: index = 2415921170.
10-16 15:07:11.385 D/C2Store ( 486): Using ION
10-16 15:07:11.386 I/CCodecConfig( 486): query failed after returning 7 values (BAD_INDEX)
10-16 15:07:11.386 D/C2Store ( 816): Using ION
10-16 15:07:11.386 D/CCodecBufferChannel( 486): [c2.android.vorbis.decoder#438] Created input block pool with allocatorID 16 => poolID 17 - OK (0)
10-16 15:07:11.387 D/BluetoothAdapterService( 669): enable() - Enable called with quiet mode status = false
10-16 15:07:11.387 D/C2Store ( 368): Using ION
10-16 15:07:11.387 D/CCodecBufferChannel( 816): [c2.android.vorbis.decoder#606] Created input block pool with allocatorID 16 => poolID 17 - OK (0)
10-16 15:07:11.388 W/IorapForwardingService( 486): No service published for: iorapd
10-16 15:07:11.388 I/AdapterState( 669): BLE_TURNING_ON : entered
10-16 15:07:11.389 D/AdapterProperties( 669): Setting state to BLE_TURNING_ON
10-16 15:07:11.389 W/Codec2Client( 816): query -- param skipped: index = 1342179345.
10-16 15:07:11.389 W/Codec2Client( 816): query -- param skipped: index = 2415921170.
10-16 15:07:11.390 D/BluetoothAdapterService( 669): updateAdapterState() - Broadcasting state BLE_TURNING_ON to 1 receivers.
10-16 15:07:11.390 D/CCodecBufferChannel( 816): [c2.android.vorbis.decoder#438] Created input block pool with allocatorID 16 => poolID 18 - OK (0)
10-16 15:07:11.390 I/CCodecBufferChannel( 816): [c2.android.vorbis.decoder#606] Created output block pool with allocatorID 16 => poolID 18 - OK
10-16 15:07:11.390 D/CCodecBufferChannel( 816): [c2.android.vorbis.decoder#606] Configured output block pool ids 18 => OK
10-16 15:07:11.391 I/CCodecBufferChannel( 486): [c2.android.vorbis.decoder#438] Created output block pool with allocatorID 16 => poolID 17 - OK
10-16 15:07:11.391 D/BluetoothManagerService( 486): MESSAGE_BLUETOOTH_STATE_CHANGE: OFF > BLE_TURNING_ON
10-16 15:07:11.392 I/CCodecBufferChannel( 816): [c2.android.vorbis.decoder#438] Created output block pool with allocatorID 16 => poolID 19 - OK
10-16 15:07:11.392 D/CCodecBufferChannel( 486): [c2.android.vorbis.decoder#438] Configured output block pool ids 17 => OK
10-16 15:07:11.392 W/Codec2Client( 486): query -- param skipped: index = 1342179345.
10-16 15:07:11.392 W/Codec2Client( 486): query -- param skipped: index = 2415921170.
10-16 15:07:11.392 D/BluetoothManagerService( 486): Sending BLE State Change: OFF > BLE_TURNING_ON
10-16 15:07:11.394 D/CCodecBufferChannel( 486): [c2.android.vorbis.decoder#326] Created input block pool with allocatorID 16 => poolID 18 - OK (0)
10-16 15:07:11.396 D/CCodecBufferChannel( 816): [c2.android.vorbis.decoder#438] Configured output block pool ids 19 => OK
10-16 15:07:11.396 E/ion ( 816): ioctl c0044901 failed with code -1: Inappropriate ioctl for device
10-16 15:07:11.398 I/CCodecBufferChannel( 486): [c2.android.vorbis.decoder#326] Created output block pool with allocatorID 16 => poolID 20 - OK
10-16 15:07:11.399 D/CCodecBufferChannel( 486): [c2.android.vorbis.decoder#326] Configured output block pool ids 20 => OK
10-16 15:07:11.400 E/ion ( 486): ioctl c0044901 failed with code -1: Inappropriate ioctl for device
10-16 15:07:11.410 E/ion ( 368): ioctl c0044901 failed with code -1: Inappropriate ioctl for device
10-16 15:07:11.417 D/BluetoothAdapterService( 669): bleOnProcessStart()
10-16 15:07:11.418 I/AdapterProperties( 669): init(), maxConnectedAudioDevices, default=5, propertyOverlayed=5, finalValue=5
10-16 15:07:11.407 E/cma ( 705): cma_alloc: alloc failed, req-size: 8 pages, ret: -16
10-16 15:07:11.420 D/SimpleC2Component( 368): Using output block pool with poolID 18 => got 18 - 0
10-16 15:07:11.408 E/cma ( 704): cma_alloc: alloc failed, req-size: 8 pages, ret: -16
10-16 15:07:11.420 I/AW_PowerHAL( 259): Power setMode: SUSTAINED_PERFORMANCE to: 0
10-16 15:07:11.420 I/AW_PowerHAL( 259): BootCompleted
10-16 15:07:11.421 D/SimpleC2Component( 368): Using output block pool with poolID 17 => got 17 - 0
10-16 15:07:11.424 I/ActivityManagerTiming( 486): FinishBooting
10-16 15:07:11.425 D/BluetoothAdapterService( 669): bleOnProcessStart() - Make Bond State Machine
10-16 15:07:11.425 I/AW_PowerHAL( 259): cur-mode:SCHEDUTIL-Home
10-16 15:07:11.425 D/BluetoothBondStateMachine( 669): make
10-16 15:07:11.429 I/BluetoothBondStateMachine( 669): StableState(): Entering Off State
10-16 15:07:11.430 D/SimpleC2Component( 368): Using output block pool with poolID 20 => got 20 - 0
10-16 15:07:11.437 W/KeyguardServiceDelegate( 486): onScreenTurningOn(): no keyguard service!
10-16 15:07:11.450 D/SimpleC2Component( 368): Using output block pool with poolID 19 => got 19 - 0
10-16 15:07:11.555 I/BtGatt.JNI( 669): classInitNative(L1073): classInitNative: Success!
10-16 15:07:11.568 D/BtGatt.DebugUtils( 669): handleDebugAction() action=null
10-16 15:07:11.581 I/bt_btif ( 669): system/bt/btif/src/bluetooth.cc:417 get_profile_interface: get_profile_interface: id = gatt
10-16 15:07:11.588 I/hw-BpHwBinder( 816): onLastStrongRef automatically unlinking death recipients
10-16 15:07:11.600 D/CompatibilityChangeReporter( 669): Compat change id reported: 160794467; UID 1002; state: ENABLED
10-16 15:07:11.616 D/MediaResumeListener( 676): loaded resume components []
10-16 15:07:11.623 D/LocalBluetoothProfileManager( 676): LocalBluetoothProfileManager construction complete
10-16 15:07:11.624 D/LocalBluetoothProfileManager( 676): Adding local A2DP profile
10-16 15:07:11.626 D/BluetoothA2dp( 676): Binding service...
10-16 15:07:11.631 D/CCodecBufferChannel( 816): [c2.android.vorbis.decoder#438] MediaCodec discarded an unknown buffer
10-16 15:07:11.636 I/hw-BpHwBinder( 368): onLastStrongRef automatically unlinking death recipients
10-16 15:07:11.636 I/hw-BpHwBinder( 816): onLastStrongRef automatically unlinking death recipients
10-16 15:07:11.638 D/LocalBluetoothProfileManager( 676): Adding local HEADSET profile
10-16 15:07:11.642 D/BluetoothManagerService( 486): Trying to bind to profile: 1, while Bluetooth was disabled
10-16 15:07:11.644 D/LocalBluetoothProfileManager( 676): Adding local MAP profile
10-16 15:07:11.644 D/BluetoothMap( 676): Create BluetoothMap proxy object
10-16 15:07:11.646 D/BluetoothMap( 676): Binding service...
10-16 15:07:11.652 D/LocalBluetoothProfileManager( 676): Adding local OPP profile
10-16 15:07:11.652 D/LocalBluetoothProfileManager( 676): Adding local HID_HOST profile
10-16 15:07:11.652 I/bt_stack_manager( 669): system/bt/btif/src/stack_manager.cc:246 event_start_up_stack: event_start_up_stack is bringing up the stack
10-16 15:07:11.653 I/bt_core_module( 669): system/bt/btcore/src/module.cc:85 module_start_up: module_start_up Starting module "btif_config_module"
10-16 15:07:11.653 I/bt_core_module( 669): system/bt/btcore/src/module.cc:90 module_start_up: module_start_up Started module "btif_config_module"
10-16 15:07:11.653 I/bt_core_module( 669): system/bt/btcore/src/module.cc:85 module_start_up: module_start_up Starting module "btsnoop_module"
10-16 15:07:11.653 I/droid.bluetoot( 669): [1016/150711.653739:INFO:btsnoop.cc(204)] start_up: Snoop Logs fully enabled
10-16 15:07:11.653 D/BluetoothHidHost( 676): Binding service...
10-16 15:07:11.654 I/droid.bluetoot( 669): [1016/150711.654040:INFO:btsnoop.cc(356)] delete_btsnoop_files: Deleting snoop logs if they exist. filtered = 1
10-16 15:07:11.658 D/LocalBluetoothProfileManager( 676): Adding local HID_DEVICE profile
10-16 15:07:11.659 I/bt_core_module( 669): system/bt/btcore/src/module.cc:90 module_start_up: module_start_up Started module "btsnoop_module"
10-16 15:07:11.659 I/bt_core_module( 669): system/bt/btcore/src/module.cc:85 module_start_up: module_start_up Starting module "hci_module"
10-16 15:07:11.659 I/bt_hci ( 669): system/bt/hci/src/hci_layer.cc:200 hci_module_start_up: hci_module_start_up
10-16 15:07:11.660 D/BluetoothHidDevice( 676): Binding service...
10-16 15:07:11.661 I/droid.bluetoot( 669): [1016/150711.661036:INFO:message_loop_thread.cc(224)] Run: message loop starting for thread bt_hci_thread
10-16 15:07:11.661 I/bt_hci ( 669): system/bt/hci/src/hci_layer_android.cc:159 hci_initialize: hci_initialize
10-16 15:07:11.661 I/bt_hci ( 669): system/bt/hci/src/hci_layer.cc:257 hci_module_start_up: hci_module_start_up starting async portion
10-16 15:07:11.662 I/hwservicemanager( 180): getTransport: Cannot find entry android.hardware.bluetooth@1.1::IBluetoothHci/default in either framework or device VINTF manifest.
10-16 15:07:11.665 I/bt_hci ( 669): system/bt/hci/src/hci_layer_android.cc:178 hci_initialize: hci_initialize: IBluetoothHci::getService() returned 0xedcbf320 (remote)
10-16 15:07:11.665 E/cutils-trace( 669): Error opening trace file: No such file or directory (2)
10-16 15:07:11.666 I/android.hardware.bluetooth@1.0-impl( 248): BluetoothHci::initialize()
10-16 15:07:11.668 D/android.hardware.bluetooth@1.0-service( 248): get_local_address: Trying /sys/class/addr_mgt/addr_bt
10-16 15:07:11.668 D/android.hardware.bluetooth@1.0-service( 248): get_local_address: Got Factory BDA 42:AB:A8:EE:49:55
10-16 15:07:11.669 D/WifiHWInfo( 248): Start to load wireless module hardware info table...
10-16 15:07:11.669 D/WifiHWInfo( 248): Entry [01], BUS: SDIO, ID: 0x024C8179, Name: rtl8189es.
10-16 15:07:11.669 D/WifiHWInfo( 248): Entry [02], BUS: SDIO, ID: 0x024CB723, Name: rtl8723bs_vq0.
10-16 15:07:11.669 D/WifiHWInfo( 248): Entry [03], BUS: SDIO, ID: 0x024CB703, Name: rtl8723cs.
10-16 15:07:11.669 D/WifiHWInfo( 248): Entry [04], BUS: SDIO, ID: 0x024CD723, Name: rtl8723ds.
10-16 15:07:11.669 D/WifiHWInfo( 248): Entry [05], BUS: SDIO, ID: 0x024CF179, Name: rtl8189fs.
10-16 15:07:11.669 D/LocalBluetoothProfileManager( 676): Adding local PAN profile
10-16 15:07:11.669 D/WifiHWInfo( 248): Entry [06], BUS: SDIO, ID: 0x024CB822, Name: rtl88x2bs.
10-16 15:07:11.669 D/WifiHWInfo( 248): Entry [07], BUS: USB, ID: 0x0BDAD723, Name: rtl8723du.
10-16 15:07:11.669 D/WifiHWInfo( 248): Entry [08], BUS: USB, ID: 0x0BDA8179, Name: rtl8188etv.
10-16 15:07:11.669 D/WifiHWInfo( 248): Entry [09], BUS: USB, ID: 0x0BDA0179, Name: rtl8188eu.
10-16 15:07:11.669 D/WifiHWInfo( 248): Entry [10], BUS: USB, ID: 0x0BDA818B, Name: rtl8192eu.
10-16 15:07:11.669 D/WifiHWInfo( 248): Entry [11], BUS: USB, ID: 0x0BDAB720, Name: rtl8723bu.
10-16 15:07:11.669 D/WifiHWInfo( 248): Entry [12], BUS: USB, ID: 0x0BDAC82C, Name: rtl8822cu.
10-16 15:07:11.669 D/WifiHWInfo( 248): Entry [13], BUS: USB, ID: 0x0BDAF179, Name: rtl8188fu.
10-16 15:07:11.669 D/WifiHWInfo( 248): Entry [14], BUS: SDIO, ID: 0x02D0A9A6, Name: ap6212.
10-16 15:07:11.669 D/WifiHWInfo( 248): Entry [15], BUS: SDIO, ID: 0x02D04330, Name: ap6330.
10-16 15:07:11.669 D/WifiHWInfo( 248): Entry [16], BUS: SDIO, ID: 0x02D04356, Name: ap6356s.
10-16 15:07:11.669 D/WifiHWInfo( 248): Entry [17], BUS: SDIO, ID: 0x02D0A9BF, Name: ap6255.
10-16 15:07:11.669 D/WifiHWInfo( 248): Entry [18], BUS: SDIO, ID: 0x02D04334, Name: bcm43342.
10-16 15:07:11.669 D/WifiHWInfo( 248): Entry [19], BUS: SDIO, ID: 0x00202281, Name: xr819.
10-16 15:07:11.669 D/WifiHWInfo( 248): Entry [20], BUS: SDIO, ID: 0x0A9E2282, Name: xr829.
10-16 15:07:11.669 D/WifiHWInfo( 248): Entry [21], BUS: SDIO, ID: 0x0271050A, Name: qca6174a.
10-16 15:07:11.669 D/WifiHWInfo( 248): Entry [22], BUS: SDIO, ID: 0x30303030, Name: ssv6x5x.
10-16 15:07:11.669 D/WifiHWInfo( 248): Entry [23], BUS: SDIO, ID: 0x00000000, Name: uwe5621.
10-16 15:07:11.669 D/WifiHWInfo( 248): Entry [24], BUS: SDIO, ID: 0x54490145, Name: aic8800.
10-16 15:07:11.669 D/WifiHWInfo( 248): Entry [25], BUS: SDIO, ID: 0xC8A1C08D, Name: aic8800.
10-16 15:07:11.669 D/WifiHWInfo( 248): Entry [26], BUS: USB, ID: 0xA69C8800, Name: aic8800.
10-16 15:07:11.669 D/WifiHWInfo( 248): Entry [27], BUS: USB, ID: 0x007A8888, Name: atbm6023is.
10-16 15:07:11.669 D/WifiHWInfo( 248): Entry [28], BUS: SDIO, ID: 0x02E79086, Name: 9012p.
10-16 15:07:11.669 D/WifiHWInfo( 248): Entry [29], BUS: SDIO, ID: 0x007A6011, Name: atbm613x_wifi_sdio.
10-16 15:07:11.669 D/WifiHWInfo( 248): Entry [30], BUS: SDIO, ID: 0x024CC822, Name: 88x2cs.
10-16 15:07:11.669 D/WifiHWInfo( 248): Entry [31], BUS: SDIO, ID: 0x000018F0, Name: dummy.
10-16 15:07:11.669 D/libbt-auto-detect( 248): init, get libbt name: libbt-sprd.so.
10-16 15:07:11.670 D/BluetoothPan( 676): Binding service...
10-16 15:07:11.672 I/bt_vendor( 248): init
10-16 15:07:11.668 I//system/bin/init( 1): type=1107 audit(0.0:367): uid=0 auid=4294967295 ses=4294967295 subj=u:r:init:s0 msg='avc: denied { set } for property=vendor.driver.lpm.load pid=248 uid=1002 gid=1002 scontext=u:r:hal_bluetooth_default:s0 tcontext=u:object_r:vendor_wireless_prop:s0 tclass=property_service permissive=1'
10-16 15:07:11.674 D/bt_vnd_hci( 248): sprd_vendor_hci_init
10-16 15:07:11.674 I/bt_chip_vendor( 248): marlin3_init
10-16 15:07:11.674 I/bt_vnd_conf( 248): Attempt to load conf from /vendor/etc/bt_configure_pskey.ini
10-16 15:07:11.675 D/LocalBluetoothProfileManager( 676): Adding local PBAP profile
10-16 15:07:11.675 D/bt_vnd_conf( 248): device_class -> 0x001F00
10-16 15:07:11.675 D/bt_vnd_conf( 248): feature_set -> 0xBF, 0xFE, 0x8D, 0xFE, 0xDB, 0x3D, 0x7B, 0x87, 0xFF, 0xA7, 0xFF, 0x7F, 0x00, 0xE0, 0xF7, 0x3E
10-16 15:07:11.675 D/bt_vnd_conf( 248): device_addr -> 0x6D, 0x6D, 0x8E, 0x8E, 0x8F, 0x8F
10-16 15:07:11.675 D/bt_vnd_conf( 248): comp_id -> 0x01EC
10-16 15:07:11.675 D/bt_vnd_conf( 248): g_sys_uart0_communication_supported -> 1
10-16 15:07:11.675 D/bt_vnd_conf( 248): cp2_log_mode -> 1
10-16 15:07:11.675 D/bt_vnd_conf( 248): LogLevel -> 0xFF
10-16 15:07:11.675 D/bt_vnd_conf( 248): g_central_or_perpheral -> 0
10-16 15:07:11.675 D/bt_vnd_conf( 248): Log_BitMask -> 0xFFFF
10-16 15:07:11.675 D/bt_vnd_conf( 248): super_ssp_enable -> 0
10-16 15:07:11.675 D/bt_vnd_conf( 248): common_rfu_b3 -> 2
10-16 15:07:11.675 D/bt_vnd_conf( 248): common_rfu_w -> 0x00000000, 0x00000000
10-16 15:07:11.680 I/init ( 1): processing action (vendor.driver.lpm.load=1) from (/vendor/etc/init/init.bluetooth.common.rc:68)
10-16 15:07:11.675 D/bt_vnd_conf( 248): le_rfu_w -> 0x00000000, 0x000000000
10-16 15:07:11.675 D/bt_vnd_conf( 248): lmp_rfu_w -> 0x00000000, 0x000000000
10-16 15:07:11.675 D/bt_vnd_conf( 248): lc_rfu_w -> 0x00000000, 0x000000000
10-16 15:07:11.675 D/bt_vnd_conf( 248): g_wbs_nv_117 -> 0x004D
10-16 15:07:11.675 D/bt_vnd_conf( 248): g_wbs_nv_118 -> 0x0066
10-16 15:07:11.675 D/bt_vnd_conf( 248): g_nbv_nv_117 -> 0x009B
10-16 15:07:11.675 D/bt_vnd_conf( 248): g_nbv_nv_118 -> 0x0066
10-16 15:07:11.675 D/bt_vnd_conf( 248): g_sys_sco_transmit_mode -> 0
10-16 15:07:11.675 D/bt_vnd_conf( 248): audio_rfu_b1 -> 0
10-16 15:07:11.675 D/bt_vnd_conf( 248): audio_rfu_b2 -> 0
10-16 15:07:11.675 D/bt_vnd_conf( 248): audio_rfu_b3 -> 0
10-16 15:07:11.675 D/bt_vnd_conf( 248): audio_rfu_w -> 0x00000000, 0x00000000
10-16 15:07:11.675 D/bt_vnd_conf( 248): g_sys_sleep_in_standby_supported -> 1
10-16 15:07:11.675 D/bt_vnd_conf( 248): g_sys_sleep_master_supported -> 1
10-16 15:07:11.676 D/bt_vnd_conf( 248): g_sys_sleep_slave_supported -> 1
10-16 15:07:11.676 D/bt_vnd_conf( 248): power_rfu_b1 -> 0
10-16 15:07:11.676 D/bt_vnd_conf( 248): power_rfu_w -> 0x00000000, 0x00000000
10-16 15:07:11.676 D/bt_vnd_conf( 248): win_ext -> 40
10-16 15:07:11.676 D/bt_vnd_conf( 248): edr_tx_edr_delay -> 6
10-16 15:07:11.676 D/bt_vnd_conf( 248): edr_rx_edr_delay -> 8
10-16 15:07:11.676 D/bt_vnd_conf( 248): tx_delay -> 12
10-16 15:07:11.676 D/bt_vnd_conf( 248): rx_delay -> 34
10-16 15:07:11.676 D/bt_vnd_conf( 248): bb_rfu_w -> 0x00000000, 0x00000000
10-16 15:07:11.676 D/bt_vnd_conf( 248): agc_mode -> 0
10-16 15:07:11.676 D/bt_vnd_conf( 248): diff_or_eq -> 0xFF
10-16 15:07:11.676 D/bt_vnd_conf( 248): ramp_mode -> 0
10-16 15:07:11.676 D/bt_vnd_conf( 248): modem_rfu_b1 -> 0
10-16 15:07:11.676 D/bt_vnd_conf( 248): modem_rfu_w -> 0x00000000, 0x00000000
10-16 15:07:11.676 D/bt_vnd_conf( 248): BQB_BitMask_1 -> 0x00000000
10-16 15:07:11.676 D/bt_vnd_conf( 248): BQB_BitMask_2 -> 0x00000000
10-16 15:07:11.676 D/bt_vnd_conf( 248): bt_coex_threshold -> 0x04E2, 0x1F40, 0x0020, 0x00C8, 0x000A, 0x0000, 0x0000, 0x0000
10-16 15:07:11.676 D/bt_vnd_conf( 248): other_rfu_w -> 0x00000000, 0x00000000
10-16 15:07:11.676 I/bt_vnd_conf( 248): Attempt to load conf from /vendor/etc/bt_configure_rf.ini
10-16 15:07:11.677 D/bt_vnd_conf( 248): g_GainValue_A -> 0xE000, 0xE000, 0xE000, 0xE000, 0xE000, 0xE000
10-16 15:07:11.677 D/bt_vnd_conf( 248): g_ClassicPowerValue_A -> 0x4115, 0x3A15, 0x3415, 0x2E15, 0x2715, 0x2115, 0x1A15, 0x1315, 0x0D15, 0x0715
10-16 15:07:11.677 D/bt_vnd_conf( 248): g_LEPowerValue_A -> 0x3B15, 0x3715, 0x3315, 0x2F15, 0x2B15, 0x2715, 0x2315, 0x1F15, 0x1B15, 0x1715, 0x1315, 0x0F15, 0x0B15, 0x0815, 0x0415, 0x0015
10-16 15:07:11.677 D/bt_vnd_conf( 248): g_BRChannelpwrvalue_A -> 0x0915, 0x0915, 0x0815, 0x0815, 0x0815, 0x0815, 0x0715, 0x0715
10-16 15:07:11.677 D/bt_vnd_conf( 248): g_EDRChannelpwrvalue_A -> 0x0D15, 0x0D15, 0x0C15, 0x0C15, 0x0B15, 0x0B15, 0x0B15, 0x0B15
10-16 15:07:11.677 D/bt_vnd_conf( 248): g_LEChannelpwrvalue_A -> 0x1015,0x1015,0x0F15,0x0F15,0x0F15,0x0F15,0x0F15,0x0F15
10-16 15:07:11.677 D/bt_vnd_conf( 248): g_GainValue_B -> 0xE000, 0xE000, 0xE000, 0xE000, 0xE000, 0xE000
10-16 15:07:11.677 D/bt_vnd_conf( 248): g_ClassicPowerValue_B -> 0x4D15, 0x4615, 0x3D15, 0x3615, 0x2D15, 0x2615, 0x1F15, 0x1815, 0x0F15, 0x0815
10-16 15:07:11.677 D/bt_vnd_conf( 248): g_LEPowerValue_B -> 0x4B15, 0x4B15, 0x4B15, 0x4B15, 0x4B15, 0x4615, 0x4015, 0x3B15, 0x3615, 0x3015, 0x2B15, 0x2615, 0x2015, 0x1A15, 0x1415, 0x0E15
10-16 15:07:11.677 D/bt_vnd_conf( 248): g_BRChannelpwrvalue_B -> 0x0915, 0x0915, 0x0815, 0x0815, 0x0815, 0x0815, 0x0715, 0x0715
10-16 15:07:11.677 D/bt_vnd_conf( 248): g_EDRChannelpwrvalue_B -> 0x0D15, 0x0D15, 0x0C15, 0x0C15, 0x0B15, 0x0B15, 0x0B15, 0x0B15
10-16 15:07:11.677 D/bt_vnd_conf( 248): g_LEChannelpwrvalue_B -> 0x1015,0x1015,0x0F15,0x0F15,0x0F15,0x0F15,0x0F15,0x0F15
10-16 15:07:11.677 D/bt_vnd_conf( 248): LE_fix_powerword -> 0x00
10-16 15:07:11.677 D/bt_vnd_conf( 248): Classic_pc_by_channel -> 0xFF
10-16 15:07:11.677 D/bt_vnd_conf( 248): LE_pc_by_channel -> 0xFF
10-16 15:07:11.677 D/bt_vnd_conf( 248): RF_switch_mode -> 0x01
10-16 15:07:11.677 D/bt_vnd_conf( 248): Data_Capture_Mode -> 0x00
10-16 15:07:11.677 D/bt_vnd_conf( 248): Analog_IQ_Debug_Mode -> 0x00
10-16 15:07:11.677 D/bt_vnd_conf( 248): RF_common_rfu_b3 -> 0x55
10-16 15:07:11.677 D/bt_vnd_conf( 248): RF_common_rfu_w -> 0x555F4344, 0x5555C855, 0x55555555, 0x55555555, 0x55555555
10-16 15:07:11.677 I/bt_vnd_conf( 248): set_mac_address
10-16 15:07:11.677 D/bt_vendor( 248): marlin3 start up
10-16 15:07:11.677 D/android.hardware.bluetooth@1.0-impl( 248): Open vendor library loaded
10-16 15:07:11.678 E/bt_upio ( 248): init_rfkill: No rfkill control node found
10-16 15:07:11.678 I/bt_userial_vendor( 248): userial vendor open: opening /dev/ttyBT0, baud 14
10-16 15:07:11.678 D/bt_vendor( 248): check_access, /dev/ttyBT0 R/W access OK after wait 0ms
10-16 15:07:11.678 D/bt_vnd_hci( 248): hci_server_thread
10-16 15:07:11.678 D/bt_vnd_hci( 248): name: bt_vendor_sprd_hci
10-16 15:07:11.678 D/bt_vnd_hci( 248): listen socket: bt_vendor_sprd_hci, fd: 6
10-16 15:07:11.678 D/bt_vnd_hci( 248): hci_server_thread wati for btools
10-16 15:07:11.682 I/init ( 1): processing action (vendor.init.lpm.load=1) from (/vendor/etc/init/init.bluetooth.common.rc:71)
10-16 15:07:11.684 I/ ( 278): mtty_open probe is success!
10-16 15:07:11.684 E/bluetooth_set_power( 278): start_block=0
10-16 15:07:11.690 I/WCN ( 278): start_marlin [MARLIN_BLUETOOTH]
10-16 15:07:11.690 D/ ( 278): CPU: 3 PID: 278 Comm: HwBinder:248_2 Tainted: G O 5.4.125+ #1
10-16 15:07:11.690 D/Hardware name( 278): sun50iw9 (DT)
10-16 15:07:11.690 D/Call trace( 278):
10-16 15:07:11.690 D/ ( 278): dump_backtrace.cfi_jt+0x0/0x4
10-16 15:07:11.690 D/ ( 278): dump_stack+0xbc/0x104
10-16 15:07:11.690 D/ ( 278): marlin_set_power+0x2c/0x78c [uwe5621_bsp_sdio]
10-16 15:07:11.690 D/ ( 278): start_marlin+0xbc/0x14c [uwe5621_bsp_sdio]
10-16 15:07:11.690 D/ ( 278): bluetooth_set_power+0x44/0x70 [sprdbt_tty]
10-16 15:07:11.690 D/ ( 278): mtty_open+0xb0/0x150 [sprdbt_tty]
10-16 15:07:11.690 D/ ( 278): tty_open+0x350/0x550
10-16 15:07:11.690 D/ ( 278): chrdev_open+0x1d8/0x254
10-16 15:07:11.690 D/ ( 278): do_dentry_open+0x270/0x3ac
10-16 15:07:11.690 D/ ( 278): vfs_open+0x2c/0x38
10-16 15:07:11.690 D/ ( 278): path_openat+0x6a8/0xf78
10-16 15:07:11.690 D/ ( 278): do_filp_open+0x78/0x124
10-16 15:07:11.690 D/ ( 278): do_sys_open+0x13c/0x290
10-16 15:07:11.690 D/ ( 278): __arm64_compat_sys_openat+0x24/0x30
10-16 15:07:11.690 D/ ( 278): el0_svc_common+0xb8/0x1cc
10-16 15:07:11.690 D/ ( 278): el0_svc_compat_handler+0x1c/0x28
10-16 15:07:11.690 D/ ( 278): el0_svc_compat+0x8/0x24
10-16 15:07:11.690 I/WCN ( 278): marlin power state:0, subsys: [MARLIN_BLUETOOTH] power 1
10-16 15:07:11.690 I/WCN ( 278): the first power on start
10-16 15:07:11.761 W/AlarmManager( 676): Unrecognized alarm listener com.android.systemui.keyguard.KeyguardSliceProvider$$ExternalSyntheticLambda0@3935a3a
10-16 15:07:11.795 V/SystemUIService( 676): SystemUIApplication created.
10-16 15:07:11.796 D/SystemUIService( 676): is homlet
10-16 15:07:11.797 I/SystemUIService( 676): Found SurfaceFlinger's GPU Priority: 12545
10-16 15:07:11.807 I/sunxi-rfkill soc@3000000( 278): rfkill: wlan power on success
10-16 15:07:11.807 I/WCN ( 278): marlin chip en pull up
10-16 15:07:11.833 I/sdiohal ( 278): sdiohal_scan_card
10-16 15:07:11.833 I/sunxi-rfkill soc@3000000( 278): rfkill: bus_index: 1
10-16 15:07:11.834 E/ ( 0): [ C0] sunxi-mmc 4021000.sdmmc: smc 2 p1 err, cmd 52, RTO !!
10-16 15:07:11.841 W/sdiohal ( 278): probe of mmc2:8800:1 failed with error -110
10-16 15:07:11.836 D/XM_HIDREAD( 318): add@ add@/bus/sdio/drivers/sdiohal
10-16 15:07:11.868 D/XM_HIDREAD( 318): remove@ remove@/devices/platform/soc@3000000/4021000.sdmmc/mmc_host/mmc2/mmc2:8800/mmc2:8800:1
10-16 15:07:11.868 D/XM_HIDREAD( 318): remove@ remove@/devices/platform/soc@3000000/4021000.sdmmc/mmc_host/mmc2/mmc2:8800
10-16 15:07:11.842 E/ ( 0): [ C0] sunxi-mmc 4021000.sdmmc: smc 2 p1 err, cmd 7, RTO !!
10-16 15:07:11.850 E/ ( 0): [ C0] sunxi-mmc 4021000.sdmmc: smc 2 p1 err, cmd 7, RTO !!
10-16 15:07:11.857 E/ ( 0): [ C0] sunxi-mmc 4021000.sdmmc: smc 2 p1 err, cmd 7, RTO !!
10-16 15:07:11.865 E/ ( 0): [ C0] sunxi-mmc 4021000.sdmmc: smc 2 p1 err, cmd 7, RTO !!
10-16 15:07:11.873 I/mmc2 ( 34): card 8800 removed
10-16 15:07:11.873 I/sunxi-mmc 4021000.sdmmc( 34): sdc set ios:clk 0Hz bm PP pm OFF vdd 0 width 1 timing LEGACY(SDR12) dt B
10-16 15:07:11.875 I/sunxi-mmc 4021000.sdmmc( 34): sdc set ios:clk 0Hz bm PP pm UP vdd 23 width 1 timing LEGACY(SDR12) dt B
10-16 15:07:11.832 I/xiriservice_All( 330): type=1400 audit(0.0:368): avc: denied { read } for scontext=u:r:init:s0 tcontext=u:r:init:s0 tclass=netlink_kobject_uevent_socket permissive=1
10-16 15:07:11.885 I/sunxi-mmc 4021000.sdmmc( 34): sdc set ios:clk 400000Hz bm PP pm ON vdd 23 width 1 timing LEGACY(SDR12) dt B
10-16 15:07:11.898 E/ ( 0): [ C0] sunxi-mmc 4021000.sdmmc: smc 2 p1 err, cmd 52, RTO !!
10-16 15:07:11.907 E/ ( 0): [ C0] sunxi-mmc 4021000.sdmmc: smc 2 p1 err, cmd 52, RTO !!
10-16 15:07:11.914 I/sunxi-mmc 4021000.sdmmc( 34): sdc set ios:clk 400000Hz bm PP pm ON vdd 23 width 1 timing LEGACY(SDR12) dt B
10-16 15:07:11.917 I/sunxi-mmc 4021000.sdmmc( 34): sdc set ios:clk 400000Hz bm PP pm ON vdd 23 width 1 timing LEGACY(SDR12) dt B
10-16 15:07:11.929 I/sunxi-mmc 4021000.sdmmc( 34): sdc set ios:clk 400000Hz bm PP pm ON vdd 23 width 4 timing LEGACY(SDR12) dt B
10-16 15:07:11.930 I/sunxi-mmc 4021000.sdmmc( 34): sdc set ios:clk 400000Hz bm PP pm ON vdd 23 width 4 timing UHS-SDR104 dt B
10-16 15:07:11.930 I/sunxi-mmc 4021000.sdmmc( 34): sdc set ios:clk 150000000Hz bm PP pm ON vdd 23 width 4 timing UHS-SDR104 dt B
10-16 15:07:11.931 I/mmc2 ( 34): new ultra high speed SDR104 SDIO card at address 8800
10-16 15:07:11.933 I/sdiohal ( 34): sdiohal_probe: func->class=0, vendor=0x0000, device=0x0000, func_num=0x0001, clock=150000000, SDIOHAL_RX_RECVBUF_LEN:200,SDIOHAL_32_BIT_RX_RECVBUF_LEN:32.
10-16 15:07:11.933 I/WCN ( 34): marlin_get_wcn_chipid: chipid: 0x56630001
10-16 15:07:11.933 I/sdiohal ( 278): scan end!
10-16 15:07:11.933 I/WCN ( 34): marlin_scan_finish!
10-16 15:07:11.933 I/WCN ( 278): then marlin start to download
10-16 15:07:11.933 I/sdiohal ( 34): sdiohal_probe: sdio_dev_host, max_req_size=0x2000000, max_blk_count=0x2000, max_blk_size=0x1000
10-16 15:07:11.933 I/sdiohal ( 34): probe ok
10-16 15:07:11.933 I/WCN ( 34): marlin_request_firmware from /vendor/etc/firmware/wcnmodem.bin start!
10-16 15:07:11.926 D/XM_HIDREAD( 318): add@ add@/devices/platform/soc@3000000/4021000.sdmmc/mmc_host/mmc2/mmc2:8800
10-16 15:07:11.927 D/XM_HIDREAD( 318): add@ add@/devices/platform/soc@3000000/4021000.sdmmc/mmc_host/mmc2/mmc2:8800/mmc2:8800:1
10-16 15:07:11.941 I/WCN ( 34): marlin_firmware_parse_image imagepack is WCNE type,need parse it
10-16 15:07:11.941 I/WCN ( 34): marlin marlin_firmware_write imagepack is WCNE type,need parse it
10-16 15:07:11.941 E/ ( 0): [ C0] sunxi-mmc 4021000.sdmmc: smc 2 p1 err, cmd 53, WR DCE !!
10-16 15:07:11.949 I/sunxi-mmc 4021000.sdmmc( 132): *****retry:start*****
10-16 15:07:11.949 I/sunxi-mmc 4021000.sdmmc( 132): REG_DRV_DL: 0x00010000
10-16 15:07:11.949 I/sunxi-mmc 4021000.sdmmc( 132): REG_SD_NTSR: 0x81710000
10-16 15:07:11.949 I/sunxi-mmc 4021000.sdmmc( 132): *****retry:re-send cmd*****
10-16 15:07:11.949 E/ ( 0): [ C0] sunxi-mmc 4021000.sdmmc: smc 2 p1 err, cmd 53, WR DCE !!
10-16 15:07:11.957 I/sunxi-mmc 4021000.sdmmc( 132): *****retry:start*****
10-16 15:07:11.957 I/sunxi-mmc 4021000.sdmmc( 132): REG_DRV_DL: 0x00010000
10-16 15:07:11.957 I/sunxi-mmc 4021000.sdmmc( 132): REG_SD_NTSR: 0x81710000
10-16 15:07:11.957 I/sunxi-mmc 4021000.sdmmc( 132): *****retry:re-send cmd*****
10-16 15:07:11.957 E/ ( 0): [ C0] sunxi-mmc 4021000.sdmmc: smc 2 p1 err, cmd 53, WR DCE !!
10-16 15:07:11.965 D/CCodecBufferChannel( 486): [c2.android.vorbis.decoder#438] MediaCodec discarded an unknown buffer
10-16 15:07:11.965 D/CCodecBufferChannel( 486): [c2.android.vorbis.decoder#438] MediaCodec discarded an unknown buffer
10-16 15:07:11.966 D/CCodecBufferChannel( 486): [c2.android.vorbis.decoder#438] MediaCodec discarded an unknown buffer
10-16 15:07:11.966 I/sunxi-mmc 4021000.sdmmc( 132): *****retry:start*****
10-16 15:07:11.966 I/sunxi-mmc 4021000.sdmmc( 132): REG_DRV_DL: 0x00010000
10-16 15:07:11.966 I/sunxi-mmc 4021000.sdmmc( 132): REG_SD_NTSR: 0x81710000
10-16 15:07:11.966 I/sunxi-mmc 4021000.sdmmc( 132): *****retry:re-send cmd*****
10-16 15:07:11.966 E/ ( 0): [ C0] sunxi-mmc 4021000.sdmmc: smc 2 p1 err, cmd 53, WR DCE !!
10-16 15:07:11.974 I/sunxi-mmc 4021000.sdmmc( 132): *****retry:start*****
10-16 15:07:11.974 I/sunxi-mmc 4021000.sdmmc( 132): REG_DRV_DL: 0x00030000
10-16 15:07:11.974 I/sunxi-mmc 4021000.sdmmc( 132): REG_SD_NTSR: 0x81710110
10-16 15:07:11.974 I/sunxi-mmc 4021000.sdmmc( 132): *****retry:re-send cmd*****
10-16 15:07:11.974 D/ ( 0): [ C0] 4,end
10-16 15:07:11.972 I/hw-BpHwBinder( 486): onLastStrongRef automatically unlinking death recipients
10-16 15:07:11.997 I/ndroid.systemu( 676): Background young concurrent copying GC freed 24493(1149KB) AllocSpace objects, 0(0B) LOS objects, 88% free, 3332KB/27MB, paused 166us total 103.907ms
10-16 15:07:12.012 D/MediaCodecList( 486): codecHandlesFormat: no format, so no extra checks
10-16 15:07:12.022 D/CCodec ( 486): allocate(c2.android.vorbis.decoder)
10-16 15:07:12.026 I/CCodec ( 486): Created component [c2.android.vorbis.decoder]
10-16 15:07:12.027 D/CCodecConfig( 486): read media type: audio/vorbis
10-16 15:07:12.030 I/WCN ( 34): combin_img 4 marlin_firmware_write finish and successful
10-16 15:07:12.030 I/WCN ( 34): marlin_start_run read reset reg val:0x180008
10-16 15:07:12.030 I/WCN ( 34): after do marlin_start_run reset reg val:0x80008
10-16 15:07:12.030 D/ReflectedParamUpdater( 486): extent() != 1 for single value type: algo.buffers.max-count.values
10-16 15:07:12.030 D/ReflectedParamUpdater( 486): extent() != 1 for single value type: output.subscribed-indices.values
10-16 15:07:12.030 D/ReflectedParamUpdater( 486): extent() != 1 for single value type: input.buffers.allocator-ids.values
10-16 15:07:12.031 D/ReflectedParamUpdater( 486): extent() != 1 for single value type: output.buffers.allocator-ids.values
10-16 15:07:12.031 D/ReflectedParamUpdater( 486): extent() != 1 for single value type: algo.buffers.allocator-ids.values
10-16 15:07:12.031 D/ReflectedParamUpdater( 486): extent() != 1 for single value type: output.buffers.pool-ids.values
10-16 15:07:12.031 D/ReflectedParamUpdater( 486): extent() != 1 for single value type: algo.buffers.pool-ids.values
10-16 15:07:12.030 I/WCN ( 34): s_marlin_bootup_time=16967137559
10-16 15:07:12.035 I/WCN ( 34): clock mode: TCXO, outside clock
10-16 15:07:12.035 I/WCN ( 34): marlin_write_cali_data sync init_state:0x0
10-16 15:07:12.034 I/CCodecConfig( 486): query failed after returning 7 values (BAD_INDEX)
10-16 15:07:12.034 D/CCodecConfig( 486): c2 config diff is Dict {
