10-16 15:07:34.062 E/sprdwl ( 1105): sprdwl_rx_rsp_process ctx_id 0 recv rsp[WIFI_CMD_TX_DATA] status[SPRDWL_CMD_STATUS_ERROR]
10-16 15:07:34.076 E/sprdwl ( 1105): sprdwl_rx_rsp_process ctx_id 0 recv rsp[WIFI_CMD_TX_DATA] status[SPRDWL_CMD_STATUS_ERROR]
10-16 15:07:34.090 E/sprdwl ( 1105): sprdwl_rx_rsp_process ctx_id 0 recv rsp[WIFI_CMD_TX_DATA] status[SPRDWL_CMD_STATUS_ERROR]
10-16 15:07:34.105 E/sprdwl ( 1105): sprdwl_rx_rsp_process ctx_id 0 recv rsp[WIFI_CMD_TX_DATA] status[SPRDWL_CMD_STATUS_ERROR]
10-16 15:07:34.112 I/HicomNfTimerManager( 2691): epoll fd:128 create success
10-16 15:07:34.112 I/HicomNfTimerManager( 2691): epoll add fd:130--->128 success
10-16 15:07:34.112 I/HicomNfTimerManager( 2691): time fd:130 add to epoll success
10-16 15:07:34.119 I/HicomNf_java_to_c( 2691): notifyNetworkStateChanged with maskStr, networkType: 0, networkState: 0, mask:
10-16 15:07:34.119 I/HicomNfMainCtrlManager( 2691): NotifyNetworkStateChanged is called with networkState: 0
10-16 15:07:34.119 I/HicomNfMainCtrlManager( 2691): P2P and USB are both disconnected
10-16 15:07:34.119 I/HicomNfSecureManager( 2691): stop listening
10-16 15:07:34.119 I/HicomNfSecureManager( 2691): StopListening, m_sessionInfoLock out, before calling NSTACKX_DMsgClose 2
10-16 15:07:34.119 I/HicomNfSecureManager( 2691): StopListening, after calling NSTACKX_DMsgClose 2
10-16 15:07:34.119 D/nStackXDFinder( 2691): NSTACKX_Init:[146] :nstack ctrl creat epollfd 133
10-16 15:07:34.120 I/nStackXDFinder( 2691): InitDefaultInterfaceName:[779] :InitDefaultInterfaceName exec
10-16 15:07:34.120 D/nStackXCoAP( 2691): CoapServerInit:[174] :CoapServerInit is called
10-16 15:07:34.120 E/nStackXDFinder( 2691): GetLocalIp:[401] :GetLocalIp exec
10-16 15:07:34.120 E/nStackXDFinder( 2691): GetLocalIp:[407] :GetLocalIp, ifInfo is null
10-16 15:07:34.120 I/HicomNfMainCtrlManager( 2691): NSTACKX_RegisterDevice is called
10-16 15:07:34.120 D/NearFieldManagerImpl( 2691): Register device success.
10-16 15:07:34.120 I/NearFieldManagerImpl( 2691): serviceName is castPlus
10-16 15:07:34.120 D/NearFieldManagerImpl( 2691): registerCapability() called with: capabilityBitmapNum = 1, capabilityBitmap = [8]
10-16 15:07:34.121 I/HicomNf_java_to_c( 2691): registerCapability, capabilityBitmapNum: 1
10-16 15:07:34.121 I/HicomNfMainCtrlManager( 2691): RegisterCapability: 1, 8
10-16 15:07:34.121 D/NearFieldManagerImpl( 2691): Register capability succeed with capabilityBitmapNum = 1, capabilityBitmap = [8]
10-16 15:07:34.121 D/NearFieldManagerImpl( 2691): registerServiceData() called with: serviceData = 32
10-16 15:07:34.121 D/NearFieldManagerImpl( 2691): registerModule() called with: packageModuleName = com.huawei.connection+CastPlusDiscoveryModule
10-16 15:07:34.121 I/HicomNf_java_to_c( 2691): registerModule, moduleName: com.huawei.connection+CastPlusDiscoveryModule
10-16 15:07:34.121 I/HicomNfMainCtrlManager( 2691): Enter RegisterModule
10-16 15:07:34.121 I/HicomNfRegManager( 2691): RegisterModule OK, add module name com.huawei.connection+CastPlusDiscoveryModule
10-16 15:07:34.122 I/nStackXDFinder( 2691): UpdateLocalNetworkInterface:[472] :UpdateLocalNetworkInterface exec,initerfaceName:wlan0
10-16 15:07:34.122 E/nStackXDFinder( 2691): GetLocalIp:[401] :GetLocalIp exec
10-16 15:07:34.122 E/nStackXDFinder( 2691): GetLocalIp:[407] :GetLocalIp, ifInfo is null
10-16 15:07:34.122 I/nStackXDFinder( 2691): UpdateLocalNetworkInterface:[498] :UpdateLocalNetworkInterface copy ip value in default process
10-16 15:07:34.122 E/nStackXDFinder( 2691): GetLocalIp:[401] :GetLocalIp exec
10-16 15:07:34.122 D/nStackXCoAP( 2691): CoapServerInit:[174] :CoapServerInit is called
10-16 15:07:34.122 E/nStackXDFinder( 2691): GetLocalIp:[401] :GetLocalIp exec
10-16 15:07:34.123 I/Hisight-DeviceListManager( 2506): init DeviceListManager.
10-16 15:07:34.127 I/nStackXUtil( 2691): BindToDevice:[352] :BindToDevice exec
10-16 15:07:34.127 I/nStackXUtil( 2691): GetInterfaceByPriority:[279] :GetInterfaceByPriority exec
10-16 15:07:34.127 I/nStackXUtil( 2691): GetInterfaceByDefault:[309] :GetInterfaceByDefault exec
10-16 15:07:34.127 I/nStackXUtil( 2691): GetInterfaceByDefault:[316] :GetInterfaceByDefault, ndevice name: lo
10-16 15:07:34.127 I/nStackXUtil( 2691): GetInterfaceByDefault:[316] :GetInterfaceByDefault, ndevice name: wlan0
10-16 15:07:34.127 I/nStackXUtil( 2691): BindToDevice:[374] :BindToDevice, Bind localAddr name: wlan0
10-16 15:07:34.127 E/nStackXUtil( 2691): BindToDeviceInner:[188] :setsockopt fail, errno = 1
10-16 15:07:34.120 E/sprdwl ( 1105): sprdwl_rx_rsp_process ctx_id 0 recv rsp[WIFI_CMD_TX_DATA] status[SPRDWL_CMD_STATUS_ERROR]
10-16 15:07:34.127 E/nStackXCoAP( 2691): CoapGetContext:[250] :bind to device fail
10-16 15:07:34.127 D/nStackXCoAP( 2691): CoapInitResources:[744] :CoapInitResources g_wlanOrEthContext update
10-16 15:07:34.127 I/nStackXDFinder( 2691): RegisterServiceData:[728] :RegisterServiceData, serviceData=[32]
10-16 15:07:34.129 I/HicomNf_java_to_c( 2691): notifyNetworkStateChanged with maskStr, networkType: 0, networkState: 1, mask: 255.255.255.0
10-16 15:07:34.129 I/HicomNfMainCtrlManager( 2691): NotifyNetworkStateChanged is called with networkState: 1
10-16 15:07:34.129 I/HicomNfSecureManager( 2691): StartListening, before calling NSTACKX_DMsgServer
10-16 15:07:34.129 I/nStackXDMsg( 2691): NSTACKX_DMsgServer:[1335] :msgReceiver is not NULL
10-16 15:07:34.130 D/nStackXDMsg( 2691): StartDMsgMainThread:[1274] :pthread_create
10-16 15:07:34.130 I/HicomNfSecureManager( 2691): StartListening, after calling NSTACKX_DMsgServer
10-16 15:07:34.130 I/HicomNfSecureManager( 2691): OnehopSecureCtrlManager: succeeded to StartListening with type 0
10-16 15:07:34.133 D/Hisight-DeviceListManager( 2506): get old secret key
10-16 15:07:34.135 W/efs.info.manager( 2691): network change: wifi
10-16 15:07:34.136 E/sprdwl ( 1105): sprdwl_rx_rsp_process ctx_id 0 recv rsp[WIFI_CMD_TX_DATA] status[SPRDWL_CMD_STATUS_ERROR]
10-16 15:07:34.144 E/Hisight-ConnectAuthCallBack( 2506): readSecureFile failed, no such file
10-16 15:07:34.144 W/Hisight-DeviceListManager( 2506): deviceRecords is empty
10-16 15:07:34.145 W/Hisight-DeviceListManager( 2506): occur error, clear all the list
10-16 15:07:34.145 D/Hisight-HiChainAuthControl( 2506): start HiChainAuthControl
10-16 15:07:34.151 E/sprdwl ( 1105): sprdwl_rx_rsp_process ctx_id 0 recv rsp[WIFI_CMD_TX_DATA] status[SPRDWL_CMD_STATUS_ERROR]
10-16 15:07:34.166 E/sprdwl ( 1105): sprdwl_rx_rsp_process ctx_id 0 recv rsp[WIFI_CMD_TX_DATA] status[SPRDWL_CMD_STATUS_ERROR]
10-16 15:07:34.192 I/ConnectAuthJNI( 2506): JNI_OnLoad begin load
10-16 15:07:34.192 I/ConnectAuthJNI( 2506): RegisterNativeMethod begin
10-16 15:07:34.192 I/ConnectAuthJNI( 2506): RegisterNativeMethod end
10-16 15:07:34.192 I/ConnectAuthJNI( 2506): RegisterNativeMethod 1004 methodLen=10
10-16 15:07:34.192 I/ConnectAuthJNI( 2506): RegisterNativeMethod 1007 RegisterNatives=0
10-16 15:07:34.192 I/ConnectAuthJNI( 2506): InitArraylist 1013
10-16 15:07:34.192 I/ConnectAuthJNI( 2506): InitConnectAuthStaticJNIMethod 1114 methodRet=0
10-16 15:07:34.192 E/ConnectAuthJNI( 2506): JNI_OnLoad finish....1138
10-16 15:07:34.193 D/Hisight-HiChainAuthControl( 2506): setupAuthIfNeeded, HiChainInstance hasn't been initialized
10-16 15:07:34.193 I/ConnectAuthJNI( 2506): Java_com_huawei_hisight_security_ConnectAuthNative_nativeSetup 795 call HiChainNativeSetup
10-16 15:07:34.182 E/sprdwl ( 1105): sprdwl_rx_rsp_process ctx_id 0 recv rsp[WIFI_CMD_TX_DATA] status[SPRDWL_CMD_STATUS_ERROR]
10-16 15:07:34.196 E/sprdwl ( 1105): sprdwl_rx_rsp_process ctx_id 0 recv rsp[WIFI_CMD_TX_DATA] status[SPRDWL_CMD_STATUS_ERROR]
10-16 15:07:34.202 I/ConnectAuthJNI( 2506): HiChainNativeSetup 565 registe_log
10-16 15:07:34.203 I/ConnectAuthJNI( 2506): HksStorageRegisterFileCallbacks 245 register hks file callback status =0
10-16 15:07:34.203 I/ConnectAuthJNI( 2506): HksRegisterGetDeviceIdCallback 268 register hks get hardware udid callback status =0
10-16 15:07:34.203 D/ConnectAuthJNI( 2506): [HiChain] get_instance Begin get instance
10-16 15:07:34.203 I/ConnectAuthJNI( 2506): [HKS] hks_service_key_info_init hks init : begin
10-16 15:07:34.203 I/ConnectAuthJNI( 2506): FileRead 113 FileRead
10-16 15:07:34.203 I/ConnectAuthJNI( 2506): FileRead 122 FileRead call readSecureFile begin
10-16 15:07:34.204 E/Hisight-ConnectAuthCallBack( 2506): readSecureFile failed, no such file
10-16 15:07:34.204 W/ConnectAuthJNI( 2506): FileRead 132 FileRead call readSecureFile byteArray is null
10-16 15:07:34.217 I/ConnectAuthJNI( 2506): [HKS] hks_rkc_init RKC init:begin, is_key_info_exist=0
10-16 15:07:34.217 I/ConnectAuthJNI( 2506): [HKS] hks_rkc_init_entropy the entropy is empty
10-16 15:07:34.217 I/ConnectAuthJNI( 2506): FileSize 214 FileSize
10-16 15:07:34.217 I/ConnectAuthJNI( 2506): FileSize 230 fileSize=258
10-16 15:07:34.217 I/ConnectAuthJNI( 2506): FileRead 113 FileRead
10-16 15:07:34.217 I/ConnectAuthJNI( 2506): FileRead 122 FileRead call readSecureFile begin
10-16 15:07:34.218 I/ConnectAuthJNI( 2506): FileRead 135 FileRead call readSecureFile end
10-16 15:07:34.218 I/ConnectAuthJNI( 2506): FileRead 150 fileBuff size 258, buf len 258
10-16 15:07:34.218 I/ConnectAuthJNI( 2506): FileSize 214 FileSize
10-16 15:07:34.218 I/ConnectAuthJNI( 2506): FileSize 230 fileSize=258
10-16 15:07:34.218 I/ConnectAuthJNI( 2506): FileRead 113 FileRead
10-16 15:07:34.218 I/ConnectAuthJNI( 2506): FileRead 122 FileRead call readSecureFile begin
10-16 15:07:34.218 I/ConnectAuthJNI( 2506): FileRead 135 FileRead call readSecureFile end
10-16 15:07:34.218 I/ConnectAuthJNI( 2506): FileRead 150 fileBuff size 258, buf len 258
10-16 15:07:34.219 I/ConnectAuthJNI( 2506): [HKS] hks_rkc_load_ksf load ksf success
10-16 15:07:34.219 I/ConnectAuthJNI( 2506): [HKS] hks_rkc_init root key component init success
10-16 15:07:34.219 I/ConnectAuthJNI( 2506): [HKS] hks_rkc_init RKC init:end,rc=0
10-16 15:07:34.219 I/ConnectAuthJNI( 2506): [HKS] hks_service_key_info_init hks init : end
10-16 15:07:34.219 I/ConnectAuthJNI( 2506): GetHiChainProtocolParamsCallback 371 GetHiChainProtocolParamsCallback operation_code= 99
10-16 15:07:34.219 I/ConnectAuthJNI( 2506): paramLen is ,=0
10-16 15:07:34.219 I/ConnectAuthJNI( 2506): paramLen is ,=0
10-16 15:07:34.219 I/ConnectAuthJNI( 2506): GetHiChainProtocolParamsCallback 402 GetHiChainProtocolParamsCallback end
10-16 15:07:34.219 I/ConnectAuthJNI( 2506): [HiChain] get_instance Get instance success
10-16 15:07:34.219 I/ConnectAuthJNI( 2506): Java_com_huawei_hisight_security_ConnectAuthNative_nativeGetHiChainInstance 598 get instance success
10-16 15:07:34.219 D/Hisight-HiChainAuthControl( 2506): destroyAuth
10-16 15:07:34.219 I/ConnectAuthJNI( 2506): Java_com_huawei_hisight_security_ConnectAuthNative_nativeDestroy 603 destroy
10-16 15:07:34.219 D/Hisight-HiChainAuthControl( 2506): setupAuthIfNeeded, HiChainInstance hasn't been initialized
10-16 15:07:34.219 I/ConnectAuthJNI( 2506): Java_com_huawei_hisight_security_ConnectAuthNative_nativeSetup 795 call HiChainNativeSetup
10-16 15:07:34.219 I/ConnectAuthJNI( 2506): HiChainNativeSetup 565 registe_log
10-16 15:07:34.219 I/ConnectAuthJNI( 2506): HksStorageRegisterFileCallbacks 245 register hks file callback status =0
10-16 15:07:34.219 I/ConnectAuthJNI( 2506): HksRegisterGetDeviceIdCallback 268 register hks get hardware udid callback status =0
10-16 15:07:34.220 D/ConnectAuthJNI( 2506): [HiChain] get_instance Begin get instance
10-16 15:07:34.220 I/ConnectAuthJNI( 2506): [HKS] hks_service_key_info_init hks init : begin
10-16 15:07:34.220 I/ConnectAuthJNI( 2506): [HKS] hks_service_key_info_init hks init : end
10-16 15:07:34.220 I/ConnectAuthJNI( 2506): GetHiChainProtocolParamsCallback 371 GetHiChainProtocolParamsCallback operation_code= 99
10-16 15:07:34.220 I/ConnectAuthJNI( 2506): paramLen is ,=0
10-16 15:07:34.220 I/ConnectAuthJNI( 2506): paramLen is ,=0
10-16 15:07:34.220 I/ConnectAuthJNI( 2506): GetHiChainProtocolParamsCallback 402 GetHiChainProtocolParamsCallback end
10-16 15:07:34.220 I/ConnectAuthJNI( 2506): [HiChain] get_instance Get instance success
10-16 15:07:34.210 E/sprdwl ( 1105): sprdwl_rx_rsp_process ctx_id 0 recv rsp[WIFI_CMD_TX_DATA] status[SPRDWL_CMD_STATUS_ERROR]
10-16 15:07:34.220 I/ConnectAuthJNI( 2506): Java_com_huawei_hisight_security_ConnectAuthNative_nativeGetHiChainInstance 598 get instance success
10-16 15:07:34.220 W/ConnectAuthJNI( 2506): GetListTrustPeers 899 trustPeerSize=0
10-16 15:07:34.220 D/Hisight-HiChainAuthControl( 2506): destroyAuth
10-16 15:07:34.220 I/ConnectAuthJNI( 2506): Java_com_huawei_hisight_security_ConnectAuthNative_nativeDestroy 603 destroy
10-16 15:07:34.220 D/Hisight-HiChainAuthControl( 2506): setupAuthIfNeeded, HiChainInstance hasn't been initialized
10-16 15:07:34.220 I/ConnectAuthJNI( 2506): Java_com_huawei_hisight_security_ConnectAuthNative_nativeSetup 795 call HiChainNativeSetup
10-16 15:07:34.220 I/ConnectAuthJNI( 2506): HiChainNativeSetup 565 registe_log
10-16 15:07:34.220 I/ConnectAuthJNI( 2506): HksStorageRegisterFileCallbacks 245 register hks file callback status =0
10-16 15:07:34.220 I/ConnectAuthJNI( 2506): HksRegisterGetDeviceIdCallback 268 register hks get hardware udid callback status =0
10-16 15:07:34.220 D/ConnectAuthJNI( 2506): [HiChain] get_instance Begin get instance
10-16 15:07:34.220 I/ConnectAuthJNI( 2506): [HKS] hks_service_key_info_init hks init : begin
10-16 15:07:34.220 I/ConnectAuthJNI( 2506): [HKS] hks_service_key_info_init hks init : end
10-16 15:07:34.220 I/ConnectAuthJNI( 2506): GetHiChainProtocolParamsCallback 371 GetHiChainProtocolParamsCallback operation_code= 99
10-16 15:07:34.220 I/ConnectAuthJNI( 2506): paramLen is ,=0
10-16 15:07:34.220 I/ConnectAuthJNI( 2506): paramLen is ,=0
10-16 15:07:34.220 I/ConnectAuthJNI( 2506): GetHiChainProtocolParamsCallback 402 GetHiChainProtocolParamsCallback end
10-16 15:07:34.220 I/ConnectAuthJNI( 2506): [HiChain] get_instance Get instance success
10-16 15:07:34.220 I/ConnectAuthJNI( 2506): Java_com_huawei_hisight_security_ConnectAuthNative_nativeGetHiChainInstance 598 get instance success
10-16 15:07:34.220 W/ConnectAuthJNI( 2506): GetListTrustPeers 899 trustPeerSize=0
10-16 15:07:34.221 D/Hisight-DeviceListManager( 2506): init trusted list size: 0
10-16 15:07:34.221 D/HiSight-ConnectionManager( 2506): setAuthInfo, authMode: 1
10-16 15:07:34.477 W/TelephonyPermissions( 486): reportAccessDeniedToReadIdentifiers:com.dangbei.screencast:getSerial:-1
10-16 15:07:34.492 W/IorapForwardingService( 486): No service published for: iorapd
10-16 15:07:34.508 V/NFC ( 2691): this device does not have NFC support
10-16 15:07:34.548 E/WifiHAL ( 659): wifi_get_link_stats: requestResponse Error:-5
10-16 15:07:34.550 E/WifiVendorHal( 486): getWifiLinkLayerStats_1_5_Internal(l.1191) failed {.code = ERROR_INVALID_ARGS, .description = }
10-16 15:07:34.596 E/raop ( 2506): JavaCallback init
10-16 15:07:34.883 E/sprdwl ( 1105): sprdwl_rx_rsp_process ctx_id 0 recv rsp[WIFI_CMD_TX_DATA] status[SPRDWL_CMD_STATUS_ERROR]
10-16 15:07:34.898 E/sprdwl ( 1105): sprdwl_rx_rsp_process ctx_id 0 recv rsp[WIFI_CMD_TX_DATA] status[SPRDWL_CMD_STATUS_ERROR]
10-16 15:07:34.915 E/sprdwl ( 1105): sprdwl_rx_rsp_process ctx_id 0 recv rsp[WIFI_CMD_TX_DATA] status[SPRDWL_CMD_STATUS_ERROR]
10-16 15:07:34.931 E/sprdwl ( 1105): sprdwl_rx_rsp_process ctx_id 0 recv rsp[WIFI_CMD_TX_DATA] status[SPRDWL_CMD_STATUS_ERROR]
10-16 15:07:34.947 E/sprdwl ( 1105): sprdwl_rx_rsp_process ctx_id 0 recv rsp[WIFI_CMD_TX_DATA] status[SPRDWL_CMD_STATUS_ERROR]
10-16 15:07:34.963 E/sprdwl ( 1105): sprdwl_rx_rsp_process ctx_id 0 recv rsp[WIFI_CMD_TX_DATA] status[SPRDWL_CMD_STATUS_ERROR]
10-16 15:07:34.979 E/sprdwl ( 1105): sprdwl_rx_rsp_process ctx_id 0 recv rsp[WIFI_CMD_TX_DATA] status[SPRDWL_CMD_STATUS_ERROR]
10-16 15:07:34.993 E/sprdwl ( 1105): sprdwl_rx_rsp_process ctx_id 0 recv rsp[WIFI_CMD_TX_DATA] status[SPRDWL_CMD_STATUS_ERROR]
10-16 15:07:35.010 E/sprdwl ( 1105): sprdwl_rx_rsp_process ctx_id 0 recv rsp[WIFI_CMD_TX_DATA] status[SPRDWL_CMD_STATUS_ERROR]
10-16 15:07:35.031 E/sprdwl ( 1105): sprdwl_rx_rsp_process ctx_id 0 recv rsp[WIFI_CMD_TX_DATA] status[SPRDWL_CMD_STATUS_ERROR]
10-16 15:07:35.044 E/sprdwl ( 1105): sprdwl_rx_rsp_process ctx_id 0 recv rsp[WIFI_CMD_TX_DATA] status[SPRDWL_CMD_STATUS_ERROR]
10-16 15:07:35.064 E/sprdwl ( 1105): sprdwl_rx_rsp_process ctx_id 0 recv rsp[WIFI_CMD_TX_DATA] status[SPRDWL_CMD_STATUS_ERROR]
10-16 15:07:35.082 E/sprdwl ( 1105): sprdwl_rx_rsp_process ctx_id 0 recv rsp[WIFI_CMD_TX_DATA] status[SPRDWL_CMD_STATUS_ERROR]
10-16 15:07:35.099 E/sprdwl ( 1105): sprdwl_rx_rsp_process ctx_id 0 recv rsp[WIFI_CMD_TX_DATA] status[SPRDWL_CMD_STATUS_ERROR]
10-16 15:07:35.114 E/sprdwl ( 1105): sprdwl_rx_rsp_process ctx_id 0 recv rsp[WIFI_CMD_TX_DATA] status[SPRDWL_CMD_STATUS_ERROR]
10-16 15:07:35.131 E/sprdwl ( 1105): sprdwl_rx_rsp_process ctx_id 0 recv rsp[WIFI_CMD_TX_DATA] status[SPRDWL_CMD_STATUS_ERROR]
10-16 15:07:35.149 E/sprdwl ( 1105): sprdwl_rx_rsp_process ctx_id 0 recv rsp[WIFI_CMD_TX_DATA] status[SPRDWL_CMD_STATUS_ERROR]
10-16 15:07:35.166 E/sprdwl ( 1105): sprdwl_rx_rsp_process ctx_id 0 recv rsp[WIFI_CMD_TX_DATA] status[SPRDWL_CMD_STATUS_ERROR]
10-16 15:07:35.180 E/sprdwl ( 1105): sprdwl_rx_rsp_process ctx_id 0 recv rsp[WIFI_CMD_TX_DATA] status[SPRDWL_CMD_STATUS_ERROR]
10-16 15:07:35.200 E/sprdwl ( 1105): sprdwl_rx_rsp_process ctx_id 0 recv rsp[WIFI_CMD_TX_DATA] status[SPRDWL_CMD_STATUS_ERROR]
10-16 15:07:35.307 W/NotificationHistory( 486): Attempted to add notif for locked/gone/disabled user 0
10-16 15:07:35.311 V/TvNotificationHandler( 676): Notification not added because it isn't relevant for tv
10-16 15:07:35.328 I/Thread-2( 2798): type=1400 audit(0.0:1158): avc: denied { execute } for name="am" dev="dm-1" ino=1164 scontext=u:r:system_app:s0 tcontext=u:object_r:vendor_file:s0 tclass=file permissive=1
10-16 15:07:35.328 I/Thread-2( 2798): type=1400 audit(0.0:1159): avc: denied { read open } for path="/vendor/xbin/am" dev="dm-1" ino=1164 scontext=u:r:system_app:s0 tcontext=u:object_r:vendor_file:s0 tclass=file permissive=1
10-16 15:07:35.328 I/Thread-2( 2798): type=1400 audit(0.0:1160): avc: denied { execute_no_trans } for path="/vendor/xbin/am" dev="dm-1" ino=1164 scontext=u:r:system_app:s0 tcontext=u:object_r:vendor_file:s0 tclass=file permissive=1
10-16 15:07:35.407 D/aaa ( 1099): LedStatusService onStartCommand begin
10-16 15:07:35.409 D/bbb ( 1174): onStartCommand begin !!!!!!! data分区剩余 24888MB
10-16 15:07:35.417 D/aaa ( 1099): topPkg is -------------- :com.dangbei.leard.leradlauncher
10-16 15:07:35.421 D/aaa ( 1099): WiFi is connect
10-16 15:07:35.493 W/IorapForwardingService( 486): No service published for: iorapd
10-16 15:07:35.510 D/UtilLog ( 2275): 日志批量上报 进行正常循环 !!!!!!本次有0次请求,共0条数据
10-16 15:07:35.760 D/UtilLog ( 2275): 日志批量上报 进行正常循环 !!!!!!本次有0次请求,共0条数据
10-16 15:07:35.781 I/awei.connectio( 2691): Background young concurrent copying GC freed 78507(6000KB) AllocSpace objects, 25(500KB) LOS objects, 85% free, 4117KB/28MB, paused 180us total 112.689ms
10-16 15:07:35.913 E/sprdwl ( 1105): sprdwl_rx_rsp_process ctx_id 0 recv rsp[WIFI_CMD_TX_DATA] status[SPRDWL_CMD_STATUS_ERROR]
10-16 15:07:35.931 E/sprdwl ( 1105): sprdwl_rx_rsp_process ctx_id 0 recv rsp[WIFI_CMD_TX_DATA] status[SPRDWL_CMD_STATUS_ERROR]
10-16 15:07:35.951 E/sprdwl ( 1105): sprdwl_rx_rsp_process ctx_id 0 recv rsp[WIFI_CMD_TX_DATA] status[SPRDWL_CMD_STATUS_ERROR]
10-16 15:07:35.968 E/sprdwl ( 1105): sprdwl_rx_rsp_process ctx_id 0 recv rsp[WIFI_CMD_TX_DATA] status[SPRDWL_CMD_STATUS_ERROR]
10-16 15:07:35.984 E/sprdwl ( 1105): sprdwl_rx_rsp_process ctx_id 0 recv rsp[WIFI_CMD_TX_DATA] status[SPRDWL_CMD_STATUS_ERROR]
10-16 15:07:36.001 E/sprdwl ( 1105): sprdwl_rx_rsp_process ctx_id 0 recv rsp[WIFI_CMD_TX_DATA] status[SPRDWL_CMD_STATUS_ERROR]
10-16 15:07:36.017 E/sprdwl ( 1105): sprdwl_rx_rsp_process ctx_id 0 recv rsp[WIFI_CMD_TX_DATA] status[SPRDWL_CMD_STATUS_ERROR]
10-16 15:07:36.033 E/sprdwl ( 1105): sprdwl_rx_rsp_process ctx_id 0 recv rsp[WIFI_CMD_TX_DATA] status[SPRDWL_CMD_STATUS_ERROR]
10-16 15:07:36.049 E/sprdwl ( 1105): sprdwl_rx_rsp_process ctx_id 0 recv rsp[WIFI_CMD_TX_DATA] status[SPRDWL_CMD_STATUS_ERROR]
10-16 15:07:36.067 E/sprdwl ( 1105): sprdwl_rx_rsp_process ctx_id 0 recv rsp[WIFI_CMD_TX_DATA] status[SPRDWL_CMD_STATUS_ERROR]
10-16 15:07:36.085 E/sprdwl ( 1105): sprdwl_rx_rsp_process ctx_id 0 recv rsp[WIFI_CMD_TX_DATA] status[SPRDWL_CMD_STATUS_ERROR]
10-16 15:07:36.104 E/sprdwl ( 1105): sprdwl_rx_rsp_process ctx_id 0 recv rsp[WIFI_CMD_TX_DATA] status[SPRDWL_CMD_STATUS_ERROR]
10-16 15:07:36.120 E/sprdwl ( 1105): sprdwl_rx_rsp_process ctx_id 0 recv rsp[WIFI_CMD_TX_DATA] status[SPRDWL_CMD_STATUS_ERROR]
10-16 15:07:36.134 E/sprdwl ( 1105): sprdwl_rx_rsp_process ctx_id 0 recv rsp[WIFI_CMD_TX_DATA] status[SPRDWL_CMD_STATUS_ERROR]
10-16 15:07:36.145 D/SntpClient( 486): request time failed: java.net.SocketTimeoutException: Poll timed out
10-16 15:07:36.151 E/sprdwl ( 1105): sprdwl_rx_rsp_process ctx_id 0 recv rsp[WIFI_CMD_TX_DATA] status[SPRDWL_CMD_STATUS_ERROR]
10-16 15:07:36.168 E/sprdwl ( 1105): sprdwl_rx_rsp_process ctx_id 0 recv rsp[WIFI_CMD_TX_DATA] status[SPRDWL_CMD_STATUS_ERROR]
10-16 15:07:36.185 E/sprdwl ( 1105): sprdwl_rx_rsp_process ctx_id 0 recv rsp[WIFI_CMD_TX_DATA] status[SPRDWL_CMD_STATUS_ERROR]
10-16 15:07:36.200 E/sprdwl ( 1105): sprdwl_rx_rsp_process ctx_id 0 recv rsp[WIFI_CMD_TX_DATA] status[SPRDWL_CMD_STATUS_ERROR]
10-16 15:07:36.214 E/sprdwl ( 1105): sprdwl_rx_rsp_process ctx_id 0 recv rsp[WIFI_CMD_TX_DATA] status[SPRDWL_CMD_STATUS_ERROR]
10-16 15:07:36.227 E/sprdwl ( 1105): sprdwl_rx_rsp_process ctx_id 0 recv rsp[WIFI_CMD_TX_DATA] status[SPRDWL_CMD_STATUS_ERROR]
10-16 15:07:36.242 E/sprdwl ( 1105): sprdwl_rx_rsp_process ctx_id 0 recv rsp[WIFI_CMD_TX_DATA] status[SPRDWL_CMD_STATUS_ERROR]
10-16 15:07:36.495 W/IorapForwardingService( 486): No service published for: iorapd
10-16 15:07:36.672 I/PlatformDependent( 2506): Your platform does not provide complete low-level API for accessing direct buffers reliably. Unless explicitly requested, heap buffer will always be preferred to avoid potential system instability.
10-16 15:07:36.684 W/VideoCapabilities( 2506): Unrecognized profile/level 0/3 for video/mpeg2
10-16 15:07:36.703 D/NsdService( 486): Register service
10-16 15:07:36.703 D/NsdService( 486): registerService: 4 name: 当贝投屏N2, type: _airplay._tcp, host: null, port: 37365, txtRecord: srcvers=220.68features=0x527FFFF7,0x1E'pi=2e388006-13ba-4041-9a67-25dd4a43d536Cpk=b07727d6f6cd6e08b58ede525ec3cdeaa252ad9f683feb212ef8a205246554e7vv=2 flags=0x4model=AppleTV2,1deviceid=f4:ab:5c:b3:c4:33
10-16 15:07:36.703 D/NsdService( 486): mdnssd [register, 4, 当贝投屏N2, _airplay._tcp, 37365, DnNyY3ZlcnM9MjIwLjY4GGZlYXR1cmVzPTB4NTI3RkZGRjcsMHgxRSdwaT0yZTM4ODAwNi0xM2JhLTQwNDEtOWE2Ny0yNWRkNGE0M2Q1MzZDcGs9YjA3NzI3ZDZmNmNkNmUwOGI1OGVkZTUyNWVjM2NkZWFhMjUyYWQ5ZjY4M2ZlYjIxMmVmOGEyMDUyNDY1NTRlNwR2dj0yCWZsYWdzPTB4NBBtb2RlbD1BcHBsZVRWMiwxGmRldmljZWlkPWY0OmFiOjVjOmIzOmM0OjMz]
10-16 15:07:36.705 D/NsdService( 486): Register 2 4
10-16 15:07:36.714 D/NsdService( 486): Register service
10-16 15:07:36.714 D/NsdService( 486): registerService: 5 name: f4ab5cb3c433@当贝投屏N2, type: _raop._tcp, host: null, port: 46823, txtRecord: txtvers=1 am=AppleTV2,1ch=2
10-16 15:07:36.714 D/NsdService( 486): cn=0,1,2,3da=trueet=0,3,5ft=0x527FFFF7,0x1Emd=0,1,2Cpk=b07727d6f6cd6e08b58ede525ec3cdeaa252ad9f683feb212ef8a205246554e7pw=falsesf=0x4sr=44100ss=16sv=falsetp=UDPvn=65537 vs=220.68vv=2 rhd=5.6.0.0
10-16 15:07:36.714 D/NsdService( 486): mdnssd [register, 5, f4ab5cb3c433@当贝投屏N2, _raop._tcp, 46823, CXR4dHZlcnM9MQ1hbT1BcHBsZVRWMiwxBGNoPTIKY249MCwxLDIsMwdkYT10cnVlCGV0PTAsMyw1EmZ0PTB4NTI3RkZGRjcsMHgxRQhtZD0wLDEsMkNwaz1iMDc3MjdkNmY2Y2Q2ZTA4YjU4ZWRlNTI1ZWMzY2RlYWEyNTJhZDlmNjgzZmViMjEyZWY4YTIwNTI0NjU1NGU3CHB3PWZhbHNlBnNmPTB4NAhzcj00NDEwMAVzcz0xNghzdj1mYWxzZQZ0cD1VRFAIdm49NjU1MzcJdnM9MjIwLjY4BHZ2PTILcmhkPTUuNi4wLjA=]
10-16 15:07:36.716 D/NsdService( 486): Register 3 5
10-16 15:07:37.154 D/NsdService( 486): Register service
10-16 15:07:37.154 D/NsdService( 486): registerService: 6 name: 当贝投屏N2, type: _db_cast_screen._tcp, host: null, port: 36481, txtRecord: au=1cV=20830mV=100h265=0maxR=4096-3152model=DBBOX-A2deviceid=20:02:FE:1C:FB:F7
10-16 15:07:37.154 D/NsdService( 486): mdnssd [register, 6, 当贝投屏N2, _db_cast_screen._tcp, 36481, BGF1PTEIY1Y9MjA4MzAGbVY9MTAwBmgyNjU9MA5tYXhSPTQwOTYtMzE1Mg5tb2RlbD1EQkJPWC1BMhpkZXZpY2VpZD0yMDowMjpGRToxQzpGQjpGNw==]
10-16 15:07:37.156 D/NsdService( 486): Register 4 6
10-16 15:07:37.374 D/NsdService( 486): Native daemon message SERVICE_REGISTERED: 606 5 "f4ab5cb3c433@当贝投屏N2"
10-16 15:07:37.375 D/NsdService( 486): Native daemon message SERVICE_REGISTERED: 606 4 "当贝投屏N2"
10-16 15:07:37.498 W/IorapForwardingService( 486): No service published for: iorapd
10-16 15:07:37.565 E/WifiHAL ( 659): wifi_get_link_stats: requestResponse Error:-5
10-16 15:07:37.567 E/WifiVendorHal( 486): getWifiLinkLayerStats_1_5_Internal(l.1191) failed {.code = ERROR_INVALID_ARGS, .description = }
10-16 15:07:37.642 E/accept ( 2506): myIp:192.168.50.38
10-16 15:07:37.646 E/accept ( 2506): connect error
10-16 15:07:37.659 I/UpnpServiceImpl( 2506): >>> Starting UPnP service...
10-16 15:07:37.660 I/UpnpServiceImpl( 2506): Using configuration: org.fourthline.cling.android.AndroidUpnpServiceConfiguration
10-16 15:07:37.666 I/Router ( 2506): Creating Router: org.fourthline.cling.android.AndroidRouter
10-16 15:07:37.668 W/Router ( 2506): enable lock:org.fourthline.cling.android.AndroidRouter@5dbb0d6_java.util.concurrent.locks.ReentrantReadWriteLock$WriteLock@9efaf57[Unlocked]
10-16 15:07:37.686 W/tworkAddressFactoryImpl( 2506): Network interface may not be multicast capable: dummy0
10-16 15:07:37.691 I/MulticastReceiver( 2506): Creating wildcard socket (for receiving multicast datagrams) on port: 1900
10-16 15:07:37.692 I/MulticastReceiver( 2506): Joining multicast group: /239.255.255.250:1900 on network interface: wlan0
10-16 15:07:37.717 E/accept ( 2506): Adding connector try: 192.168.50.38/192.168.50.38:37573
10-16 15:07:37.732 E/accept ( 2506): Adding connector result: 192.168.50.38/192.168.50.38:37573
10-16 15:07:37.866 I/JettyServletContainer( 2506): Registering UPnP servlet under context path: /upnp
10-16 15:07:37.871 I/DatagramIO( 2506): Creating bound socket (for datagram input/output) on: 192.168.50.38/192.168.50.38
10-16 15:07:37.873 E/JettyServletContainer( 2506): gogogo
10-16 15:07:37.873 I/JettyServletContainer( 2506): Starting Jetty server...
10-16 15:07:37.874 D/NsdService( 486): Native daemon message SERVICE_REGISTERED: 606 6 "当贝投屏N2"
10-16 15:07:37.875 W/System.err( 2506): 2025-10-16 15:07:37.874:INFO:lcaf.p:jetty-8.y.z-SNAPSHOT
10-16 15:07:37.878 I/Router ( 2506): WiFi multicast lock acquired
10-16 15:07:37.879 I/WifiService( 486): acquireMulticastLock uid=10030
10-16 15:07:37.881 I/Router ( 2506): WiFi lock acquired
10-16 15:07:37.882 I/WifiService( 486): acquireWifiLock uid=10030 lockMode=3
10-16 15:07:37.887 W/Router ( 2506): enable unlock:org.fourthline.cling.android.AndroidRouter@5dbb0d6
10-16 15:07:37.888 I/UpnpServiceImpl( 2506): <<< UPnP service started successfully
10-16 15:07:37.933 W/System.err( 2506): 2025-10-16 15:07:37.932:INFO:lcaf.a:Started @192.168.50.38:37573
10-16 15:07:37.974 E/g ( 2506): channel :os
10-16 15:07:38.143 I/BLEAudioDrive_HV410( 247): select timeout!
10-16 15:07:38.140 I/HwBinder:247_3( 247): type=1400 audit(0.0:1161): avc: denied { write } for name="HBG" dev="mmcblk0p25" ino=217 scontext=u:r:hal_audio_default:s0 tcontext=u:object_r:vendor_data_file:s0 tclass=dir permissive=1
10-16 15:07:38.145 D/audio_so_hv_309( 247): HBG remote is powerdown!
10-16 15:07:38.140 I/HwBinder:247_3( 247): type=1400 audit(0.0:1162): avc: denied { remove_name } for name="ble" dev="mmcblk0p25" ino=5743 scontext=u:r:hal_audio_default:s0 tcontext=u:object_r:vendor_data_file:s0 tclass=dir permissive=1
10-16 15:07:38.140 I/HwBinder:247_3( 247): type=1400 audit(0.0:1163): avc: denied { unlink } for name="ble" dev="mmcblk0p25" ino=5743 scontext=u:r:hal_audio_default:s0 tcontext=u:object_r:vendor_data_file:s0 tclass=file permissive=1
10-16 15:07:38.447 D/CompatibilityChangeReporter( 486): Compat change id reported: 168419799; UID 10075; state: DISABLED
10-16 15:07:38.499 W/IorapForwardingService( 486): No service published for: iorapd
10-16 15:07:38.508 I/efs-base( 2506): type=1400 audit(0.0:1164): avc: denied { rmdir } for name="3190" dev="mmcblk0p25" ino=3641 scontext=u:r:platform_app:s0:c512,c768 tcontext=u:object_r:app_data_file:s0:c512,c768 tclass=dir permissive=1 app=com.dangbei.screencast
10-16 15:07:38.520 I/efs.base( 2506): lt=event`ev_ct=efs_core`ev_ac=log_lag`tm=2025-10-16 15:07:51`dn=c86086b6-ce5d-42ac-8990-efafd6293338`ps=com.dangbei.screencast`um_os=android`stime=1760598448032`pid=2506`fr=android`pkg=com.dangbei.screencast`vcode=20830`dsp_w=1920`uid=c86086b6-ce5d-42ac-8990-efafd6293338`rom=12`wid=c86086b6-ce5d-42ac-8990-efafd6293338`um_app_carrier=`um_access=wifi`um_app_channel=os`um_crash_sdk_version=1.4.0`ctime=1760598458`model=dbbox-a2`lang=zh`net=wifi`brand=dangbei`dsp_h=1080`um_network_type=0`ver=v2.8.3`cnt=0`build_model=DBBOX-A2`w_tm=1760598458`appid=5fc60c21094d637f3130af19`um_umid_header=ai256276725c37c8e63c53fef7d05fccc5`sdk=31`tzone=Asia/Shanghai`sdk_ver=1.3.6.umeng
10-16 15:07:38.643 W/NotificationHistory( 486): Attempted to add notif for locked/gone/disabled user 0
10-16 15:07:38.646 V/TvNotificationHandler( 676): Notification not added because it isn't relevant for tv
10-16 15:07:38.872 I/Timer-1 ( 2691): type=1400 audit(0.0:1165): avc: denied { search } for name="com.dangbei.screencast" dev="mmcblk0p25" ino=897 scontext=u:r:platform_app:s0:c512,c768 tcontext=u:object_r:app_data_file:s0:c512,c768 tclass=dir permissive=1 app=com.dangbei.screencast
10-16 15:07:38.886 W/audit ( 2795): audit_lost=695 audit_rate_limit=5 audit_backlog_limit=64
10-16 15:07:38.886 E/audit ( 2795): rate limit exceeded
10-16 15:07:38.876 I/pool-4-thread-1( 2691): type=1400 audit(0.0:1166): avc: denied { getattr } for path="/data/user/0/com.dangbei.screencast/files/__database_reborn_January_one__/td_database99SaaS" dev="mmcblk0p25" ino=2152 scontext=u:r:platform_app:s0:c512,c768 tcontext=u:object_r:app_data_file:s0:c512,c768 tclass=dir permissive=1 app=com.dangbei.screencast
10-16 15:07:38.876 I/pool-4-thread-1( 2691): type=1400 audit(0.0:1167): avc: denied { read } for name="td_database99SaaS" dev="mmcblk0p25" ino=2152 scontext=u:r:platform_app:s0:c512,c768 tcontext=u:object_r:app_data_file:s0:c512,c768 tclass=dir permissive=1 app=com.dangbei.screencast
10-16 15:07:39.003 W/hdr10p_Configure( 408): 63 callbacks suppressed
10-16 15:07:39.003 I/ ( 408): DVI mode selected: packets not configured
10-16 15:07:39.003 W/set_vsif_config( 408): 63 callbacks suppressed
10-16 15:07:39.003 I/ ( 408): Error: set vsif failed
10-16 15:07:39.040 I/ ( 408): DVI mode selected: packets not configured
10-16 15:07:39.040 I/ ( 408): Error: set vsif failed
10-16 15:07:39.058 I/ ( 408): DVI mode selected: packets not configured
10-16 15:07:39.058 I/ ( 408): Error: set vsif failed
10-16 15:07:39.076 I/ ( 408): DVI mode selected: packets not configured
10-16 15:07:39.076 I/ ( 408): Error: set vsif failed
10-16 15:07:39.097 I/ ( 408): DVI mode selected: packets not configured
10-16 15:07:39.097 I/ ( 408): Error: set vsif failed
10-16 15:07:39.116 I/ ( 408): DVI mode selected: packets not configured
10-16 15:07:39.116 I/ ( 408): Error: set vsif failed
10-16 15:07:39.134 I/ ( 408): DVI mode selected: packets not configured
10-16 15:07:39.134 I/ ( 408): Error: set vsif failed
10-16 15:07:39.151 I/ ( 408): DVI mode selected: packets not configured
10-16 15:07:39.151 I/ ( 408): Error: set vsif failed
10-16 15:07:39.163 I/ ( 408): DVI mode selected: packets not configured
10-16 15:07:39.163 I/ ( 408): Error: set vsif failed
10-16 15:07:39.180 I/ ( 408): DVI mode selected: packets not configured
10-16 15:07:39.180 I/ ( 408): Error: set vsif failed
10-16 15:07:39.501 W/IorapForwardingService( 486): No service published for: iorapd
10-16 15:07:40.503 W/IorapForwardingService( 486): No service published for: iorapd
10-16 15:07:40.583 E/WifiHAL ( 659): wifi_get_link_stats: requestResponse Error:-5
10-16 15:07:40.586 E/WifiVendorHal( 486): getWifiLinkLayerStats_1_5_Internal(l.1191) failed {.code = ERROR_INVALID_ARGS, .description = }
10-16 15:07:40.692 I/cling--ap-2( 2506): type=1400 audit(0.0:1172): avc: denied { search } for name="net" dev="sysfs" ino=10442 scontext=u:r:platform_app:s0:c512,c768 tcontext=u:object_r:sysfs_net:s0 tclass=dir permissive=1 app=com.dangbei.screencast
10-16 15:07:40.885 D/QuickLifeImpl( 1035): cancelAlarm id = -1
10-16 15:07:40.885 D/QuickLifeImpl( 1035): addNewSceneAlarm! isCorrectTime = true
10-16 15:07:40.887 D/CompatibilityChangeReporter( 1035): Compat change id reported: 160794467; UID 1000; state: DISABLED
10-16 15:07:40.891 D/QuickLifeImpl( 1035): day1 = 2025-10-16 00:00:00; day2 = 2025-10-17 00:00:00; timerMillis = 1760630400890
10-16 15:07:40.894 D/CompatibilityChangeReporter( 486): Compat change id reported: 171306433; UID 1000; state: DISABLED
10-16 15:07:41.150 D/SntpClient( 486): request time failed: java.net.SocketTimeoutException: Poll timed out
10-16 15:07:41.151 D/SntpClient( 486): request time failed
10-16 15:07:41.219 D/QuickLifeImpl( 1035): cancelAlarm id = -1
10-16 15:07:41.219 D/QuickLifeImpl( 1035): addNewSceneAlarm! isCorrectTime = true
10-16 15:07:41.221 D/QuickLifeImpl( 1035): day1 = 2025-10-16 00:00:00; day2 = 2025-10-17 00:00:00; timerMillis = 1760630400221
10-16 15:07:41.409 D/SntpClient( 486): round trip: 243ms, clock offset: 446ms
10-16 15:07:41.504 W/IorapForwardingService( 486): No service published for: iorapd
10-16 15:07:42.507 W/IorapForwardingService( 486): No service published for: iorapd
10-16 15:07:42.616 W/ZramWriteback( 486): Writeback device is not set
10-16 15:07:42.617 D/ZramWriteback( 486): wait to flush
10-16 15:07:43.370 I/crashsdk( 2506): crashsdk uploading logs
10-16 15:07:43.448 D/bbb ( 1174): onStartCommand begin !!!!!!! data分区剩余 24888MB
10-16 15:07:43.449 D/aaa ( 1099): LedStatusService onStartCommand begin
10-16 15:07:43.450 D/aaa ( 1099): topPkg is -------------- :com.dangbei.leard.leradlauncher
10-16 15:07:43.456 D/aaa ( 1099): WiFi is connect
10-16 15:07:43.510 W/IorapForwardingService( 486): No service published for: iorapd
10-16 15:07:43.602 E/WifiHAL ( 659): wifi_get_link_stats: requestResponse Error:-5
10-16 15:07:43.604 E/WifiVendorHal( 486): getWifiLinkLayerStats_1_5_Internal(l.1191) failed {.code = ERROR_INVALID_ARGS, .description = }
10-16 15:07:44.512 W/IorapForwardingService( 486): No service published for: iorapd
10-16 15:07:44.638 I/keystore2( 204): keystore2::watchdog: Watchdog thread idle -> terminating. Have a great day.
10-16 15:07:45.009 W/hdr10p_Configure( 408): 64 callbacks suppressed
10-16 15:07:45.009 I/ ( 408): DVI mode selected: packets not configured
10-16 15:07:45.009 W/set_vsif_config( 408): 64 callbacks suppressed
10-16 15:07:45.009 I/ ( 408): Error: set vsif failed
10-16 15:07:45.033 I/ ( 408): DVI mode selected: packets not configured
10-16 15:07:45.033 I/ ( 408): Error: set vsif failed
10-16 15:07:45.049 I/ ( 408): DVI mode selected: packets not configured
10-16 15:07:45.049 I/ ( 408): Error: set vsif failed
10-16 15:07:45.065 I/ ( 408): DVI mode selected: packets not configured
10-16 15:07:45.065 I/ ( 408): Error: set vsif failed
10-16 15:07:45.083 I/ ( 408): DVI mode selected: packets not configured
10-16 15:07:45.083 I/ ( 408): Error: set vsif failed
10-16 15:07:45.100 I/ ( 408): DVI mode selected: packets not configured
10-16 15:07:45.100 I/ ( 408): Error: set vsif failed
10-16 15:07:45.114 I/ ( 408): DVI mode selected: packets not configured
10-16 15:07:45.114 I/ ( 408): Error: set vsif failed
10-16 15:07:45.131 I/ ( 408): DVI mode selected: packets not configured
10-16 15:07:45.131 I/ ( 408): Error: set vsif failed
10-16 15:07:45.147 I/ ( 408): DVI mode selected: packets not configured
10-16 15:07:45.147 I/ ( 408): Error: set vsif failed
10-16 15:07:45.164 I/ ( 408): DVI mode selected: packets not configured
10-16 15:07:45.164 I/ ( 408): Error: set vsif failed
10-16 15:07:45.514 W/IorapForwardingService( 486): No service published for: iorapd
10-16 15:07:45.756 D/UtilLog ( 2275): 日志批量上报 进行正常循环 !!!!!!本次有0次请求,共0条数据
10-16 15:07:46.517 W/IorapForwardingService( 486): No service published for: iorapd
10-16 15:07:46.621 E/WifiHAL ( 659): wifi_get_link_stats: requestResponse Error:-5
10-16 15:07:46.624 E/WifiVendorHal( 486): getWifiLinkLayerStats_1_5_Internal(l.1191) failed {.code = ERROR_INVALID_ARGS, .description = }
10-16 15:07:47.519 W/IorapForwardingService( 486): No service published for: iorapd
10-16 15:07:47.644 D/CompatibilityChangeReporter( 486): Compat change id reported: 168419799; UID 10020; state: DISABLED
10-16 15:07:47.648 E/WifiHealthMonitor( 486): Hit PackageManager exception
10-16 15:07:47.648 E/WifiHealthMonitor( 486): android.content.pm.PackageManager$NameNotFoundException: No module info for package: com.android.wifi
10-16 15:07:47.648 E/WifiHealthMonitor( 486): at android.app.ApplicationPackageManager.getModuleInfo(ApplicationPackageManager.java:1079)
10-16 15:07:47.648 E/WifiHealthMonitor( 486): at com.android.server.wifi.WifiHealthMonitor.getWifiStackVersion(WifiHealthMonitor.java:366)
10-16 15:07:47.648 E/WifiHealthMonitor( 486): at com.android.server.wifi.WifiHealthMonitor.extractCurrentSoftwareBuildInfo(WifiHealthMonitor.java:587)
10-16 15:07:47.648 E/WifiHealthMonitor( 486): at com.android.server.wifi.WifiHealthMonitor.postBootSwBuildCheck(WifiHealthMonitor.java:522)
10-16 15:07:47.648 E/WifiHealthMonitor( 486): at com.android.server.wifi.WifiHealthMonitor.postBootDetectionHandler(WifiHealthMonitor.java:513)
10-16 15:07:47.648 E/WifiHealthMonitor( 486): at com.android.server.wifi.WifiHealthMonitor.access$500(WifiHealthMonitor.java:71)
10-16 15:07:47.648 E/WifiHealthMonitor( 486): at com.android.server.wifi.WifiHealthMonitor$2.onAlarm(WifiHealthMonitor.java:190)
10-16 15:07:47.648 E/WifiHealthMonitor( 486): at android.app.AlarmManager$ListenerWrapper.run(AlarmManager.java:323)
10-16 15:07:47.648 E/WifiHealthMonitor( 486): at android.os.Handler.handleCallback(Handler.java:938)
10-16 15:07:47.648 E/WifiHealthMonitor( 486): at android.os.Handler.dispatchMessage(Handler.java:99)
10-16 15:07:47.648 E/WifiHealthMonitor( 486): at android.os.Looper.loopOnce(Looper.java:201)
10-16 15:07:47.648 E/WifiHealthMonitor( 486): at android.os.Looper.loop(Looper.java:288)
10-16 15:07:47.648 E/WifiHealthMonitor( 486): at android.os.HandlerThread.run(HandlerThread.java:67)
10-16 15:07:47.648 D/EpgDataCleanupService( 2057): Received intent: Intent { act=com.android.providers.tv.intent.CLEAN_UP_EPG_DATA cmp=com.android.providers.tv/.EpgDataCleanupService }
10-16 15:07:47.650 E/WifiHAL ( 659): wifi_get_driver_version: Error -5 happened.
10-16 15:07:47.650 E/android.hardware.wifi@1.0-service-lazy( 659): Failed to get driver version: INVALID_ARGS
10-16 15:07:47.651 E/WifiVendorHal( 486): requestChipDebugInfo(l.2167) failed {.code = ERROR_INVALID_ARGS, .description = failed to get driver version}
10-16 15:07:47.651 I/WifiVendorHal( 486): Driver: null Firmware: null
10-16 15:07:47.652 E/WifiHAL ( 659): wifi_get_driver_version: Error -5 happened.
10-16 15:07:47.652 E/android.hardware.wifi@1.0-service-lazy( 659): Failed to get driver version: INVALID_ARGS
10-16 15:07:47.653 E/WifiVendorHal( 486): requestChipDebugInfo(l.2167) failed {.code = ERROR_INVALID_ARGS, .description = failed to get driver version}
10-16 15:07:47.654 I/WifiVendorHal( 486): Driver: null Firmware: null
10-16 15:07:47.684 I/Binder:241_4( 241): type=1400 audit(0.0:1173): avc: denied { add_name } for name="globalAlert" scontext=u:r:netd:s0 tcontext=u:object_r:proc_net:s0 tclass=dir permissive=1
10-16 15:07:47.684 I/Binder:241_4( 241): type=1400 audit(0.0:1174): avc: denied { create } for name="globalAlert" scontext=u:r:netd:s0 tcontext=u:object_r:proc_net:s0 tclass=file permissive=1
10-16 15:07:47.800 D/WifiNl80211Manager( 486): Scan result ready event
10-16 15:07:47.800 D/WifiNative( 486): Scan result ready event
10-16 15:07:47.814 E/WifiHAL ( 659): wifi_get_link_stats: requestResponse Error:-5
10-16 15:07:47.816 E/WifiVendorHal( 486): getWifiLinkLayerStats_1_5_Internal(l.1191) failed {.code = ERROR_INVALID_ARGS, .description = }
10-16 15:07:48.126 I/ActivityManager( 486): Killing 1337:com.android.localtransport/1000 (adj 985): empty #17
10-16 15:07:48.128 I/libprocessgroup( 486): Successfully killed process cgroup uid 1000 pid 1337 in 0ms
10-16 15:07:48.129 I/ActivityManager( 486): Killing 1250:android.process.acore/u0a15 (adj 995): empty #18
10-16 15:07:48.152 I/BLEAudioDrive_HV410( 247): select timeout!
10-16 15:07:48.188 D/CountryDetector( 486): No listener is left
10-16 15:07:48.190 I/Zygote ( 242): Process 1337 exited due to signal 9 (Killed)
10-16 15:07:48.195 I/Zygote ( 242): Process 1250 exited due to signal 9 (Killed)
10-16 15:07:48.217 I/libprocessgroup( 486): Successfully killed process cgroup uid 10015 pid 1250 in 0ms
10-16 15:07:48.522 W/IorapForwardingService( 486): No service published for: iorapd
10-16 15:07:48.870 D/hdmi-cec( 262): receive invalid cec message!
10-16 15:07:48.870 D/hdmi-cec( 262): receive poll message [04], skip!
10-16 15:07:48.873 D/hdmi-cec( 262): cec physical address: 3.0.0.0
10-16 15:07:49.524 W/IorapForwardingService( 486): No service published for: iorapd
10-16 15:07:49.641 E/WifiHAL ( 659): wifi_get_link_stats: requestResponse Error:-5
10-16 15:07:49.644 E/WifiVendorHal( 486): getWifiLinkLayerStats_1_5_Internal(l.1191) failed {.code = ERROR_INVALID_ARGS, .description = }
10-16 15:07:49.752 I/cling--ap-1( 2506): type=1400 audit(0.0:1175): avc: denied { read } for name="address" dev="sysfs" ino=16906 scontext=u:r:platform_app:s0:c512,c768 tcontext=u:object_r:sysfs_net:s0 tclass=file permissive=1 app=com.dangbei.screencast
10-16 15:07:49.752 I/cling--ap-1( 2506): type=1400 audit(0.0:1176): avc: denied { open } for path="/sys/devices/virtual/net/dummy0/address" dev="sysfs" ino=16906 scontext=u:r:platform_app:s0:c512,c768 tcontext=u:object_r:sysfs_net:s0 tclass=file permissive=1 app=com.dangbei.screencast
10-16 15:07:49.752 I/cling--ap-1( 2506): type=1400 audit(0.0:1177): avc: denied { getattr } for path="/sys/devices/virtual/net/dummy0/address" dev="sysfs" ino=16906 scontext=u:r:platform_app:s0:c512,c768 tcontext=u:object_r:sysfs_net:s0 tclass=file permissive=1 app=com.dangbei.screencast
10-16 15:07:50.527 W/IorapForwardingService( 486): No service published for: iorapd
10-16 15:07:51.009 W/hdr10p_Configure( 408): 64 callbacks suppressed
10-16 15:07:51.009 I/ ( 408): DVI mode selected: packets not configured
10-16 15:07:51.009 W/set_vsif_config( 408): 64 callbacks suppressed
10-16 15:07:51.009 I/ ( 408): Error: set vsif failed
10-16 15:07:51.030 I/ ( 408): DVI mode selected: packets not configured
10-16 15:07:51.030 I/ ( 408): Error: set vsif failed
10-16 15:07:51.048 I/ ( 408): DVI mode selected: packets not configured
10-16 15:07:51.048 I/ ( 408): Error: set vsif failed
10-16 15:07:51.066 I/ ( 408): DVI mode selected: packets not configured
10-16 15:07:51.066 I/ ( 408): Error: set vsif failed
10-16 15:07:51.085 I/ ( 408): DVI mode selected: packets not configured
10-16 15:07:51.085 I/ ( 408): Error: set vsif failed
10-16 15:07:51.103 I/ ( 408): DVI mode selected: packets not configured
10-16 15:07:51.103 I/ ( 408): Error: set vsif failed
10-16 15:07:51.114 I/ ( 408): DVI mode selected: packets not configured
10-16 15:07:51.114 I/ ( 408): Error: set vsif failed
10-16 15:07:51.131 I/ ( 408): DVI mode selected: packets not configured
10-16 15:07:51.131 I/ ( 408): Error: set vsif failed
10-16 15:07:51.148 I/ ( 408): DVI mode selected: packets not configured
10-16 15:07:51.148 I/ ( 408): Error: set vsif failed
10-16 15:07:51.164 I/ ( 408): DVI mode selected: packets not configured
10-16 15:07:51.164 I/ ( 408): Error: set vsif failed
10-16 15:07:51.487 D/aaa ( 1099): LedStatusService onStartCommand begin
10-16 15:07:51.490 D/aaa ( 1099): topPkg is -------------- :com.dangbei.leard.leradlauncher
10-16 15:07:51.496 D/aaa ( 1099): WiFi is connect
10-16 15:07:51.496 D/bbb ( 1174): onStartCommand begin !!!!!!! data分区剩余 24888MB
10-16 15:07:51.528 W/IorapForwardingService( 486): No service published for: iorapd
10-16 15:07:52.531 W/IorapForwardingService( 486): No service published for: iorapd
10-16 15:07:52.662 E/WifiHAL ( 659): wifi_get_link_stats: requestResponse Error:-5
10-16 15:07:52.665 E/WifiVendorHal( 486): getWifiLinkLayerStats_1_5_Internal(l.1191) failed {.code = ERROR_INVALID_ARGS, .description = }
10-16 15:07:53.533 W/IorapForwardingService( 486): No service published for: iorapd
10-16 15:07:54.536 W/IorapForwardingService( 486): No service published for: iorapd
10-16 15:07:55.538 W/IorapForwardingService( 486): No service published for: iorapd
10-16 15:07:55.681 E/WifiHAL ( 659): wifi_get_link_stats: requestResponse Error:-5
10-16 15:07:55.683 E/WifiVendorHal( 486): getWifiLinkLayerStats_1_5_Internal(l.1191) failed {.code = ERROR_INVALID_ARGS, .description = }
10-16 15:07:55.753 D/UtilLog ( 2275): 日志批量上报 进行正常循环 !!!!!!本次有0次请求,共0条数据
10-16 15:07:56.541 W/IorapForwardingService( 486): No service published for: iorapd
10-16 15:07:57.028 W/hdr10p_Configure( 408): 64 callbacks suppressed
10-16 15:07:57.028 I/ ( 408): DVI mode selected: packets not configured
10-16 15:07:57.028 W/set_vsif_config( 408): 64 callbacks suppressed
10-16 15:07:57.028 I/ ( 408): Error: set vsif failed
10-16 15:07:57.049 I/ ( 408): DVI mode selected: packets not configured
10-16 15:07:57.049 I/ ( 408): Error: set vsif failed
10-16 15:07:57.067 I/ ( 408): DVI mode selected: packets not configured
10-16 15:07:57.067 I/ ( 408): Error: set vsif failed
10-16 15:07:57.084 I/ ( 408): DVI mode selected: packets not configured
10-16 15:07:57.084 I/ ( 408): Error: set vsif failed
10-16 15:07:57.104 I/ ( 408): DVI mode selected: packets not configured
10-16 15:07:57.104 I/ ( 408): Error: set vsif failed
10-16 15:07:57.121 I/ ( 408): DVI mode selected: packets not configured
10-16 15:07:57.121 I/ ( 408): Error: set vsif failed
10-16 15:07:57.139 I/ ( 408): DVI mode selected: packets not configured
10-16 15:07:57.139 I/ ( 408): Error: set vsif failed
10-16 15:07:57.148 I/ ( 408): DVI mode selected: packets not configured
10-16 15:07:57.148 I/ ( 408): Error: set vsif failed
10-16 15:07:57.164 I/ ( 408): DVI mode selected: packets not configured
10-16 15:07:57.164 I/ ( 408): Error: set vsif failed
10-16 15:07:57.181 I/ ( 408): DVI mode selected: packets not configured
10-16 15:07:57.181 I/ ( 408): Error: set vsif failed
10-16 15:07:57.545 W/IorapForwardingService( 486): No service published for: iorapd
10-16 15:07:58.069 I/BLEAudioDrive_HV410( 247): HBG remote PoweOn
10-16 15:07:58.064 I/HwBinder:247_3( 247): type=1400 audit(0.0:1178): avc: denied { add_name } for name="ble" scontext=u:r:hal_audio_default:s0 tcontext=u:object_r:vendor_data_file:s0 tclass=dir permissive=1
10-16 15:07:58.069 D/TvWindowManager( 486): key event key = KEYCODE_DPAD_DOWN down = true
10-16 15:07:58.069 I/BLEAudioDrive_HV410( 247): data len: 9 1
10-16 15:07:58.064 I/HwBinder:247_3( 247): type=1400 audit(0.0:1179): avc: denied { create } for name="ble" scontext=u:r:hal_audio_default:s0 tcontext=u:object_r:vendor_data_file:s0 tclass=file permissive=1
10-16 15:07:58.064 I/HwBinder:247_3( 247): type=1400 audit(0.0:1180): avc: denied { read open } for path="/data/vendor/HBG/ble" dev="mmcblk0p25" ino=5777 scontext=u:r:hal_audio_default:s0 tcontext=u:object_r:vendor_data_file:s0 tclass=file permissive=1
10-16 15:07:58.064 I/HwBinder:247_3( 247): type=1400 audit(0.0:1181): avc: denied { setattr } for name="ble" dev="mmcblk0p25" ino=5777 scontext=u:r:hal_audio_default:s0 tcontext=u:object_r:vendor_data_file:s0 tclass=file permissive=1
10-16 15:07:58.071 D/audio_so_hv_309( 247): HBG remote is active!
10-16 15:07:58.071 W/SoundPool( 486): Use of stream types is deprecated for operations other than volume control
10-16 15:07:58.071 W/SoundPool( 486): See the documentation of SoundPool() for what to use instead with android.media.AudioAttributes to qualify your playback use case
10-16 15:07:58.074 W/SoundPool( 486): play soundID 1 not READY
10-16 15:07:58.076 D/GpioService( 486): mFlickerEnable = true
10-16 15:07:58.120 D/MediaCodecList( 486): codecHandlesFormat: no format, so no extra checks
10-16 15:07:58.120 D/MediaCodecList( 486): codecHandlesFormat: no format, so no extra checks
10-16 15:07:58.123 D/CCodec ( 486): allocate(c2.android.vorbis.decoder)
10-16 15:07:58.123 D/CCodec ( 486): allocate(c2.android.vorbis.decoder)
10-16 15:07:58.123 V/C2Store ( 368): in init
10-16 15:07:58.124 V/C2Store ( 368): loading dll
10-16 15:07:58.132 I/CCodec ( 486): Created component [c2.android.vorbis.decoder]
10-16 15:07:58.132 I/CCodec ( 486): Created component [c2.android.vorbis.decoder]
10-16 15:07:58.133 D/CCodecConfig( 486): read media type: audio/vorbis
10-16 15:07:58.133 D/CCodecConfig( 486): read media type: audio/vorbis
10-16 15:07:58.139 D/ReflectedParamUpdater( 486): extent() != 1 for single value type: algo.buffers.max-count.values
10-16 15:07:58.139 D/ReflectedParamUpdater( 486): extent() != 1 for single value type: algo.buffers.max-count.values
10-16 15:07:58.140 D/ReflectedParamUpdater( 486): extent() != 1 for single value type: output.subscribed-indices.values
10-16 15:07:58.140 D/ReflectedParamUpdater( 486): extent() != 1 for single value type: output.subscribed-indices.values
10-16 15:07:58.140 D/ReflectedParamUpdater( 486): extent() != 1 for single value type: input.buffers.allocator-ids.values
10-16 15:07:58.140 D/ReflectedParamUpdater( 486): extent() != 1 for single value type: input.buffers.allocator-ids.values
10-16 15:07:58.140 D/ReflectedParamUpdater( 486): extent() != 1 for single value type: output.buffers.allocator-ids.values
