10-16 15:07:28.060 W/bt_stack( 669): [WARNING:bta_gattc_api.cc(659)] notification already registered
10-16 15:07:28.060 W/bt_stack( 669): [WARNING:bta_gattc_api.cc(659)] notification already registered
10-16 15:07:28.061 W/bt_stack( 669): [WARNING:bta_gattc_api.cc(659)] notification already registered
10-16 15:07:28.061 W/bt_btif ( 669): system/bt/main/bte_logmsg.cc:194 LogMsg: btif_hh_upstreams_evt: BTA_HH_OPN_EVT: handle=16, status =0
10-16 15:07:28.061 W/bt_btif ( 669): system/bt/main/bte_logmsg.cc:194 LogMsg: BTA_HH_OPEN_EVT: Found device...Getting dscp info for handle ... 16
10-16 15:07:28.061 I/bt_btif_dm( 669): system/bt/btif/src/btif_dm.cc:384 get_cod: get_cod remote_cod = 0x00001f00
10-16 15:07:28.061 I/bt_btif_dm( 669): system/bt/btif/src/btif_dm.cc:384 get_cod: get_cod remote_cod = 0x00001f00
10-16 15:07:28.062 W/bt_btif ( 669): system/bt/main/bte_logmsg.cc:194 LogMsg: btif_hh_upstreams_evt: name = Dangbei
10-16 15:07:28.062 W/bt_btif ( 669): system/bt/main/bte_logmsg.cc:194 LogMsg: bta_hh_co_send_hid_info: fd = 209, name = [Dangbei], dscp_len = 122
10-16 15:07:28.062 W/bt_btif ( 669): system/bt/main/bte_logmsg.cc:194 LogMsg: bta_hh_co_send_hid_info: vendor_id = 0x1d5a, product_id = 0xc081, version= 0x0001,ctry_code=0x00
10-16 15:07:28.060 I/xiriservice_All( 330): type=1400 audit(0.0:1087): avc: denied { read } for scontext=u:r:init:s0 tcontext=u:r:init:s0 tclass=netlink_kobject_uevent_socket permissive=1
10-16 15:07:28.065 D/XM_HIDREAD( 318): add@ add@/devices/virtual/misc/uhid/0005:1D5A:C081.0001
10-16 15:07:28.067 D/BluetoothHidHostService( 669): Connection state C9:B5:96:5C:E3:CB: 1->2
10-16 15:07:28.060 I/rainbow_flow( 1961): type=1400 audit(0.0:1088): avc: denied { ioctl } for path="/dev/spidev1.0" dev="tmpfs" ino=1274 ioctlcmd=0x6b00 scontext=u:r:init:s0 tcontext=u:object_r:device:s0 tclass=chr_file permissive=1
10-16 15:07:28.068 D/XM_HIDREAD( 318): add@ add@/devices/virtual/misc/uhid/0005:1D5A:C081.0001/input/input2
10-16 15:07:28.067 W/bt_btif ( 669): system/bt/main/bte_logmsg.cc:194 LogMsg: bta_hh_co_send_hid_info: wrote descriptor to fd = 209, dscp_len = 122, result = 0
10-16 15:07:28.068 W/bt_stack( 669): [WARNING:btif_hh.cc(397)] Device c9:b5:96:5c:e3:cb already added
10-16 15:07:28.068 W/bt_btif ( 669): system/bt/main/bte_logmsg.cc:194 LogMsg: btif_hh_upstreams_evt: Device already added
10-16 15:07:28.071 D/XM_HIDREAD( 318): add@ add@/devices/virtual/misc/uhid/0005:1D5A:C081.0001/input/input2/input2::numlock
10-16 15:07:28.072 D/XM_HIDREAD( 318): add@ add@/devices/virtual/misc/uhid/0005:1D5A:C081.0001/input/input2/input2::capslock
10-16 15:07:28.072 D/XM_HIDREAD( 318): add@ add@/devices/virtual/misc/uhid/0005:1D5A:C081.0001/input/input2/input2::scrolllock
10-16 15:07:28.072 D/BluetoothAdapterService( 669): enable() - Enable called with quiet mode status = false
10-16 15:07:28.074 I/input ( 35): Dangbei Keyboard as /devices/virtual/misc/uhid/0005:1D5A:C081.0001/input/input2
10-16 15:07:28.074 D/XM_HIDREAD( 318): add@ add@/devices/virtual/misc/uhid/0005:1D5A:C081.0001/input/input2/input2::compose
10-16 15:07:28.075 D/AdapterProperties( 669): PROFILE_CONNECTION_STATE_CHANGE: profile=4, device=C9:B5:96:5C:E3:CB, 1 -> 2
10-16 15:07:28.076 D/XM_HIDREAD( 318): add@ add@/devices/virtual/misc/uhid/0005:1D5A:C081.0001/input/input2/input2::kana
10-16 15:07:28.078 D/XM_HIDREAD( 318): add@ add@/devices/virtual/misc/uhid/0005:1D5A:C081.0001/input/input2/event2
10-16 15:07:28.079 D/XM_HIDREAD( 318): add@ add@/devices/virtual/misc/uhid/0005:1D5A:C081.0001/input/input3
10-16 15:07:28.080 D/AdapterProperties( 669): ADAPTER_CONNECTION_STATE_CHANGE: C9:B5:96:5C:E3:CB: 1 -> 2
10-16 15:07:28.083 I/bt_stack( 669): [INFO:gatt_sr.cc(815)] MTU request PDU with MTU size 140
10-16 15:07:28.084 W/bt_stack( 669): [WARNING:gatt_utils.cc(790)] Call back not found for application conn_id=3
10-16 15:07:28.084 W/bt_stack( 669): [WARNING:gatt_utils.cc(790)] Call back not found for application conn_id=4
10-16 15:07:28.084 W/bt_stack( 669): [WARNING:gatt_utils.cc(790)] Call back not found for application conn_id=6
10-16 15:07:28.088 I/AdapterState( 669): ON : Unhandled message - BLE_TURN_ON
10-16 15:07:28.089 D/XM_HIDREAD( 318): add@ add@/devices/virtual/misc/uhid/0005:1D5A:C081.0001/input/input3/event3
10-16 15:07:28.090 D/CachedBluetoothDevice( 676): onProfileStateChanged: profile HID, device Dangbei, newProfileState 2
10-16 15:07:28.091 D/XM_HIDREAD( 318): add@ add@/devices/virtual/misc/uhid/0005:1D5A:C081.0001/input/input4
10-16 15:07:28.094 I/input ( 35): Dangbei Consumer Control as /devices/virtual/misc/uhid/0005:1D5A:C081.0001/input/input3
10-16 15:07:28.097 I/input ( 35): Dangbei as /devices/virtual/misc/uhid/0005:1D5A:C081.0001/input/input4
10-16 15:07:28.092 D/XM_HIDREAD( 318): add@ add@/devices/virtual/misc/uhid/0005:1D5A:C081.0001/input/input4/event4
10-16 15:07:28.093 D/XM_HIDREAD( 318): add@ add@/devices/virtual/misc/uhid/0005:1D5A:C081.0001/hidraw/hidraw0
10-16 15:07:28.093 D/XM_HIDREAD( 318): ready open:/dev/hidraw0
10-16 15:07:28.093 D/XM_HIDREAD( 318): open:/dev/hidraw0 resultFD:-1
10-16 15:07:28.093 E/XM_HIDREAD( 318): open hidraw error: No such file or directory, wait to retry...
10-16 15:07:28.099 I/hid-generic 0005( 35): 1D5A:C081.0001: input,hidraw0: BLUETOOTH HID v0.01 Keyboard [Dangbei] on
10-16 15:07:28.114 E/DONGLE_SERVICE( 330): xhk open hidraw error: No such file or directory, wait to retry...
10-16 15:07:28.108 I/HwBinder:247_3( 247): type=1400 audit(0.0:1089): avc: denied { read write } for name="hidraw0" dev="tmpfs" ino=33497 scontext=u:r:hal_audio_default:s0 tcontext=u:object_r:device:s0 tclass=chr_file permissive=1
10-16 15:07:28.114 I/BLEAudioDrive_HV410( 247): Raw Name: Dangbei
10-16 15:07:28.114 I/BLEAudioDrive_HV410( 247): Raw Info:
10-16 15:07:28.114 I/BLEAudioDrive_HV410( 247): bustype: 5 (Bluetooth)
10-16 15:07:28.114 I/BLEAudioDrive_HV410( 247): vendor: 0x1d5a
10-16 15:07:28.114 I/BLEAudioDrive_HV410( 247): product: 0xc081
10-16 15:07:28.116 D/EventHub( 486): No input device configuration file found for device 'Dangbei Keyboard'.
10-16 15:07:28.136 I/BLEAudioDrive_HV410( 247): HBG remote PoweOn
10-16 15:07:28.136 I/BLEAudioDrive_HV410( 247): add file :/dev/hidraw0
10-16 15:07:28.136 D/audio_so_hv_309( 247): HBG remote is active!
10-16 15:07:28.143 I/EventHub( 486): usingClockIoctl=true
10-16 15:07:28.143 I/EventHub( 486): New device: id=3, fd=259, path='/dev/input/event2', name='Dangbei Keyboard', classes=KEYBOARD | EXTERNAL, configuration='', keyLayout='/system/usr/keylayout/Vendor_1d5a_Product_c081.kl', keyCharacterMap='/system/usr/keychars/Generic.kcm', builtinKeyboard=false,
10-16 15:07:28.143 I/InputReader( 486): Device added: id=4, eventHubId=3, name='Dangbei Keyboard', descriptor='737d8ac4ee252962b6aed11c0e2e7b7181440377',sources=0x00000101
10-16 15:07:28.148 D/EventHub( 486): No input device configuration file found for device 'Dangbei Consumer Control'.
10-16 15:07:28.156 W/EventHub( 486): Unable to disable kernel key repeat for /dev/input/event3: Function not implemented
10-16 15:07:28.156 I/EventHub( 486): usingClockIoctl=true
10-16 15:07:28.156 I/EventHub( 486): New device: id=4, fd=321, path='/dev/input/event3', name='Dangbei Consumer Control', classes=KEYBOARD | JOYSTICK | EXTERNAL, configuration='', keyLayout='/system/usr/keylayout/Vendor_1d5a_Product_c081.kl', keyCharacterMap='/system/usr/keychars/Generic.kcm', builtinKeyboard=false,
10-16 15:07:28.160 D/EventHub( 486): No input device configuration file found for device 'Dangbei'.
10-16 15:07:28.165 E/PartsInfoProvider( 2506): onCreate:
10-16 15:07:28.171 W/ActivityManager( 486): Background start not allowed: service Intent { act=com.dangbei.screencast.STARTUP pkg=com.dangbei.screencast } to com.dangbei.screencast/.startup.StartupService from pid=2506 uid=10030 pkg=com.dangbei.screencast startFg?=false
10-16 15:07:28.172 W/System.err( 2506): android.app.BackgroundServiceStartNotAllowedException: Not allowed to start service Intent { act=com.dangbei.screencast.STARTUP pkg=com.dangbei.screencast }: app is in background uid UidRecord{bb8cb11 u0a30 RCVR idle change:uncached procs:0 seq(0,0,0)}
10-16 15:07:28.172 W/System.err( 2506): at android.app.ContextImpl.startServiceCommon(ContextImpl.java:1861)
10-16 15:07:28.173 W/System.err( 2506): at android.app.ContextImpl.startService(ContextImpl.java:1817)
10-16 15:07:28.173 W/System.err( 2506): at android.content.ContextWrapper.startService(ContextWrapper.java:774)
10-16 15:07:28.173 W/System.err( 2506): at b.f.f.h.g.k.a(Unknown Source:20)
10-16 15:07:28.173 W/System.err( 2506): at com.dangbei.screencast.provider.PartsInfoProvider.onCreate(:2)
10-16 15:07:28.173 W/System.err( 2506): at android.content.ContentProvider.attachInfo(ContentProvider.java:2404)
10-16 15:07:28.173 W/System.err( 2506): at android.content.ContentProvider.attachInfo(ContentProvider.java:2374)
10-16 15:07:28.173 W/System.err( 2506): at android.app.ActivityThread.installProvider(ActivityThread.java:7437)
10-16 15:07:28.173 W/System.err( 2506): at android.app.ActivityThread.installContentProviders(ActivityThread.java:6954)
10-16 15:07:28.173 W/System.err( 2506): at android.app.ActivityThread.handleBindApplication(ActivityThread.java:6725)
10-16 15:07:28.173 W/System.err( 2506): at android.app.ActivityThread.access$1500(ActivityThread.java:247)
10-16 15:07:28.173 W/System.err( 2506): at android.app.ActivityThread$H.handleMessage(ActivityThread.java:2053)
10-16 15:07:28.173 W/System.err( 2506): at android.os.Handler.dispatchMessage(Handler.java:106)
10-16 15:07:28.173 W/System.err( 2506): at android.os.Looper.loopOnce(Looper.java:201)
10-16 15:07:28.173 W/System.err( 2506): at android.os.Looper.loop(Looper.java:288)
10-16 15:07:28.173 W/System.err( 2506): at android.app.ActivityThread.main(ActivityThread.java:7854)
10-16 15:07:28.173 W/System.err( 2506): at java.lang.reflect.Method.invoke(Native Method)
10-16 15:07:28.173 W/System.err( 2506): at com.android.internal.os.RuntimeInit$MethodAndArgsCaller.run(RuntimeInit.java:548)
10-16 15:07:28.173 W/System.err( 2506): at com.android.internal.os.ZygoteInit.main(ZygoteInit.java:1182)
10-16 15:07:28.178 W/ActivityManager( 486): Background start not allowed: service Intent { act=com.dangbei.screencast.STARTUP pkg=com.dangbei.screencast } to com.dangbei.screencast/.startup.StartupService from pid=2506 uid=10030 pkg=com.dangbei.screencast startFg?=false
10-16 15:07:28.178 W/System.err( 2506): android.app.BackgroundServiceStartNotAllowedException: Not allowed to start service Intent { act=com.dangbei.screencast.STARTUP pkg=com.dangbei.screencast }: app is in background uid UidRecord{bb8cb11 u0a30 RCVR idle change:uncached procs:0 seq(0,0,0)}
10-16 15:07:28.179 W/System.err( 2506): at android.app.ContextImpl.startServiceCommon(ContextImpl.java:1861)
10-16 15:07:28.179 W/System.err( 2506): at android.app.ContextImpl.startService(ContextImpl.java:1817)
10-16 15:07:28.179 W/System.err( 2506): at android.content.ContextWrapper.startService(ContextWrapper.java:774)
10-16 15:07:28.179 W/System.err( 2506): at b.f.f.h.g.k.a(Unknown Source:20)
10-16 15:07:28.179 W/System.err( 2506): at com.dangbei.screencast.common.utils.remotepreferences.ScreenCastPreferenceProvider.onCreate(Unknown Source:11)
10-16 15:07:28.179 W/System.err( 2506): at android.content.ContentProvider.attachInfo(ContentProvider.java:2404)
10-16 15:07:28.179 W/System.err( 2506): at android.content.ContentProvider.attachInfo(ContentProvider.java:2374)
10-16 15:07:28.179 W/System.err( 2506): at android.app.ActivityThread.installProvider(ActivityThread.java:7437)
10-16 15:07:28.179 W/System.err( 2506): at android.app.ActivityThread.installContentProviders(ActivityThread.java:6954)
10-16 15:07:28.179 W/System.err( 2506): at android.app.ActivityThread.handleBindApplication(ActivityThread.java:6725)
10-16 15:07:28.179 W/System.err( 2506): at android.app.ActivityThread.access$1500(ActivityThread.java:247)
10-16 15:07:28.179 W/System.err( 2506): at android.app.ActivityThread$H.handleMessage(ActivityThread.java:2053)
10-16 15:07:28.179 W/System.err( 2506): at android.os.Handler.dispatchMessage(Handler.java:106)
10-16 15:07:28.179 W/System.err( 2506): at android.os.Looper.loopOnce(Looper.java:201)
10-16 15:07:28.179 W/System.err( 2506): at android.os.Looper.loop(Looper.java:288)
10-16 15:07:28.179 W/System.err( 2506): at android.app.ActivityThread.main(ActivityThread.java:7854)
10-16 15:07:28.179 W/System.err( 2506): at java.lang.reflect.Method.invoke(Native Method)
10-16 15:07:28.179 W/System.err( 2506): at com.android.internal.os.RuntimeInit$MethodAndArgsCaller.run(RuntimeInit.java:548)
10-16 15:07:28.179 W/System.err( 2506): at com.android.internal.os.ZygoteInit.main(ZygoteInit.java:1182)
10-16 15:07:28.193 E/XM_HIDREAD( 318): trying to reopen hidraw: /dev/hidraw0
10-16 15:07:28.194 D/XM_HIDREAD( 318): ready open:/dev/hidraw0
10-16 15:07:28.194 D/XM_HIDREAD( 318): open:/dev/hidraw0 resultFD:8
10-16 15:07:28.194 D/XM_HIDREAD( 318): 1 ready ioctl hidrawFD 8
10-16 15:07:28.194 D/XM_HIDREAD( 318): 2 ready ioctl hidrawFD 8
10-16 15:07:28.194 D/XM_HIDREAD( 318): 3 ready ioctl hidrawFD 8
10-16 15:07:28.194 D/XM_HIDREAD( 318): 4 ready ioctl hidrawFD 8
10-16 15:07:28.194 D/XM_HIDREAD( 318): ioctl hidrawFD HIDIOCGRDESC ret 0
10-16 15:07:28.194 D/XM_HIDREAD( 318): dinfo.vendor:7514,dinfo.product:49281
10-16 15:07:28.194 E/XM_HIDREAD( 318): : /dev/hidraw0
10-16 15:07:28.194 D/XM_HIDREAD( 318): add@ add@/devices/virtual/wakeup/wakeup26
10-16 15:07:28.194 D/XM_HIDREAD( 318): add@ add@/devices/virtual/wakeup/wakeup27
10-16 15:07:28.195 D/AndroidAutoSize( 2506): designWidthInDp = 1920, designHeightInDp = 1080, screenWidth = 1920, screenHeight = 1080
10-16 15:07:28.196 D/AndroidAutoSize( 2506): initDensity = 1.5, initScaledDensity = 1.5
10-16 15:07:28.214 E/DONGLE_SERVICE( 330): xhk trying to reopen hidraw: /dev/hidraw0
10-16 15:07:28.214 D/DONGLE_SERVICE( 330): check_smartctrl_hidraw_node, vid=7514, pid =49281
10-16 15:07:28.214 E/DONGLE_SERVICE( 330): not supported: /dev/hidraw0
10-16 15:07:28.214 D/CompatibilityChangeReporter( 486): Compat change id reported: 149924527; UID 10030; state: ENABLED
10-16 15:07:28.215 D/CompatibilityChangeReporter( 486): Compat change id reported: 132649864; UID 10030; state: DISABLED
10-16 15:07:28.232 I/InputReader( 486): Device added: id=4, eventHubId=4, name='Dangbei Consumer Control', descriptor='737d8ac4ee252962b6aed11c0e2e7b7181440377',sources=0x01000111
10-16 15:07:28.343 I/TDLog ( 2506): setReportUncaughtExceptions: true
10-16 15:07:28.343 I/crashsdk( 2506): version unique build id: 6230cced
10-16 15:07:28.347 E/Application( 2506): onCreate:Version:v2.8.3/20830/883432e
10-16 15:07:28.350 D/crashsdk( 2506): Native log stat thread 2560 setup, waiting
10-16 15:07:28.357 W/NotificationHistory( 486): Attempted to add notif for locked/gone/disabled user 0
10-16 15:07:28.360 I/crashsdk( 2506): begin hack android.os.Process
10-16 15:07:28.360 I/crashsdk( 2506): end hack android.os.Process
10-16 15:07:28.360 V/TvNotificationHandler( 676): Notification not added because it isn't relevant for tv
10-16 15:07:28.391 I/TDLog ( 2506): TalkingData SDK init...
10-16 15:07:28.391 I/TDLog ( 2506): SDK_VERSION is: Android+TD+V5.0.7 gp Type:Native Build_Num:2141
10-16 15:07:28.391 I/TDLog ( 2506): App ID is: B9D7815EC975466AB1332111FCE62DF5
10-16 15:07:28.391 I/TDLog ( 2506): App Channel is: os
10-16 15:07:28.391 I/TDLog ( 2506): App Custom is:
10-16 15:07:28.391 I/TDLog ( 2506): SDK_OVC is: TDOVC+a3bb7754719798526508b6caad480dd7+SaaS
10-16 15:07:28.402 I/ActivityManager( 486): Background started FGS: Allowed [callingPackage: com.dangbei.screencast; callingUid: 10030; uidState: RCVR; intent: Intent { act=com.dangbei.screencast.STARTUP pkg=com.dangbei.screencast }; code:SYSTEM_ALERT_WINDOW_PERMISSION; tempAllowListReason:; targetSdkVersion:28; callerTargetSdkVersion:28; startForegroundCount:0; bindFromPackage:null]
10-16 15:07:28.411 I/crashsdk( 2506): Catcher mask: 5000, 20480
10-16 15:07:28.414 I/Matrix.AnrTracer( 2506): anrTrace, final mAnrBeatTime:400, mAnrBeatRate:400
10-16 15:07:28.415 I/crashsdk( 2506): Catcher thread 2511
10-16 15:07:28.415 D/crashsdk( 2506): Register ANR handler ...
10-16 15:07:28.416 D/CompatibilityChangeReporter( 486): Compat change id reported: 168419799; UID 1000; state: DISABLED
10-16 15:07:28.418 D/RockyVoice( 1456): RestartReceiver onReceive
10-16 15:07:28.429 D/LaunchConfigManager( 2506): check in allready
10-16 15:07:28.430 W/ActivityManager( 486): Foreground service started from background can not have location/camera/microphone access: service com.dangbei.screencast/.startup.StartupService
10-16 15:07:28.431 I/LaunchTrace( 2506): begin sendLaunchCache
10-16 15:07:28.433 I/ActivityManager( 486): Deferring FGS notification in legacy app com.dangbei.screencast/u0a30 : Notification(channel=channel_record shortcut=null contentView=null vibrate=null sound=null defaults=0x0 flags=0x60 color=0x00000000 category=transport vis=PUBLIC)
10-16 15:07:28.440 W/efs.send_log( 2506): tryFileLock start!
10-16 15:07:28.448 I/efs.config( 2506): --->>> 删除旧的配置文件 false
10-16 15:07:28.457 I/efs.base( 2506): lt=event`ev_ct=efs_core`ev_ac=pvuv`tm=2025-10-16 15:07:44`dn=c86086b6-ce5d-42ac-8990-efafd6293338`ps=com.dangbei.screencast`um_os=android`stime=1760598448032`pid=2506`fr=android`pkg=com.dangbei.screencast`vcode=20830`dsp_w=1920`uid=c86086b6-ce5d-42ac-8990-efafd6293338`rom=12`wid=c86086b6-ce5d-42ac-8990-efafd6293338`um_app_carrier=`um_access=wifi`um_app_channel=os`um_crash_sdk_version=1.4.0`ctime=1760598448`model=dbbox-a2`lang=zh`net=wifi`brand=dangbei`dsp_h=1080`um_network_type=0`ver=v2.8.3`build_model=DBBOX-A2`w_tm=1760598448`appid=5fc60c21094d637f3130af19`um_umid_header=ai256276725c37c8e63c53fef7d05fccc5`sdk=31`tzone=Asia/Shanghai`sdk_ver=1.3.6.umeng
10-16 15:07:28.458 I/efs.config( 2506): current config version (-1) is older than another (1735614866)
10-16 15:07:28.459 I/efs.config( 2506): load config from storage and notify observer
10-16 15:07:28.460 W/efs.send_log( 2506): tryFileLock sendlock sucess! processname: com.dangbei.screencast
10-16 15:07:28.479 W/IorapForwardingService( 486): No service published for: iorapd
10-16 15:07:28.520 E/WifiHAL ( 659): wifi_get_link_stats: requestResponse Error:-5
10-16 15:07:28.521 E/WifiVendorHal( 486): getWifiLinkLayerStats_1_5_Internal(l.1191) failed {.code = ERROR_INVALID_ARGS, .description = }
10-16 15:07:28.523 E/raop ( 2506): *********************AirplayBroadcastServer+++++++++
10-16 15:07:28.530 D/NsdService( 486): New client listening to asynchronous messages
10-16 15:07:28.530 D/NsdService( 486): New client, channel: com.android.internal.util.AsyncChannel@f21f744 messenger: android.os.Messenger@d65302d
10-16 15:07:28.531 D/CompatibilityChangeReporter( 2506): Compat change id reported: 191844585; UID 10030; state: DISABLED
10-16 15:07:28.562 I/ActivityManager( 486): Background started FGS: Allowed [callingPackage: com.dangbei.screencast; callingUid: 10030; uidState: FGS ; intent: Intent { cmp=com.dangbei.screencast/.huaweicast.service.HuaweiCastService }; code:PROC_STATE_FGS; tempAllowListReason:; targetSdkVersion:28; callerTargetSdkVersion:28; startForegroundCount:0; bindFromPackage:null]
10-16 15:07:28.570 E/H264FrameQueue( 2506): H264FrameQueue: mFullQueueCount:200
10-16 15:07:28.584 D/wenhc ( 1096): getScreenInfo uri = content://com.dangbei.screencast.parts.info/screen_cast
10-16 15:07:28.585 D/wenhc ( 1096): getScreenInfo uri = content://com.dangbei.screencast.parts.info/screen_cast
10-16 15:07:28.664 I/MobclickAgent( 2506): module init:azioc
10-16 15:07:28.683 D/RockyVoice( 1456): RestartReceiver onReceive
10-16 15:07:28.686 W/efs.info.manager( 2506): network change: wifi
10-16 15:07:28.688 W/BroadcastQueue( 486): Target SDK mismatch: receiver ActivityInfo{15d8c8 com.dangbei.screencast.startup.BootReceiver} targets 28 but delivery restricted to [0, 23] broadcasting Intent { act=android.net.conn.CONNECTIVITY_CHANGE flg=0x4200010 (has extras) } from android (pid=486, uid=1000) to com.dangbei.screencast/.startup.BootReceiver
10-16 15:07:28.691 W/BroadcastQueue( 486): Target SDK mismatch: receiver ActivityInfo{40a6d61 com.dangbei.euthenia.receiver.NetworkChangeReceiver} targets 26 but delivery restricted to [0, 23] broadcasting Intent { act=android.net.conn.CONNECTIVITY_CHANGE flg=0x4200010 (has extras) } from android (pid=486, uid=1000) to com.dangbei.lerad.videoposter/com.dangbei.euthenia.receiver.NetworkChangeReceiver
10-16 15:07:28.692 W/BroadcastQueue( 486): Target SDK mismatch: receiver ActivityInfo{fca5086 com.dangbei.screencast.startup.BootReceiver} targets 28 but delivery restricted to [0, 23] broadcasting Intent { act=android.net.conn.CONNECTIVITY_CHANGE flg=0x4200010 (has extras) } from android (pid=486, uid=1000) to com.dangbei.screencast/.startup.BootReceiver
10-16 15:07:28.692 W/BroadcastQueue( 486): Target SDK mismatch: receiver ActivityInfo{b514d47 com.dangbei.euthenia.receiver.NetworkChangeReceiver} targets 26 but delivery restricted to [0, 23] broadcasting Intent { act=android.net.conn.CONNECTIVITY_CHANGE flg=0x4200010 (has extras) } from android (pid=486, uid=1000) to com.dangbei.lerad.videoposter/com.dangbei.euthenia.receiver.NetworkChangeReceiver
10-16 15:07:28.695 E/HuaweiCastService( 2506): onCreate called().
10-16 15:07:28.699 D/CompatibilityChangeReporter( 486): Compat change id reported: 168419799; UID 10028; state: DISABLED
10-16 15:07:28.714 E/PlayerClient( 2506): registerCallback com.dangbei.screencast.huaweicast.service.HuaweiCastService$a@16c59d7
10-16 15:07:28.715 D/PlayerClient( 2506): registerCallback true
10-16 15:07:28.715 D/PlayerClient( 2506): init.
10-16 15:07:28.730 I/dangbei111( 1035): cccccc on receiver=android.bluetooth.device.action.ACL_CONNECTED,mac=C9:B5:96:5C:E3:CB
10-16 15:07:28.730 E/dangbei111( 1035): cccccc cancelDiscovery begin
10-16 15:07:28.733 E/dangbei111( 1035): cccccc 检查遥控器是否连接: Dangbei C9:B5:96:5C:E3:CB
10-16 15:07:28.736 E/dangbei111( 1035): cccccc 检查遥控器是否连接: 蓝牙的结果 Dangbei C9:B5:96:5C:E3:CB true
10-16 15:07:28.737 E/dangbei111( 1035): cccccc 确实有遥控器 存在 取消check任务
10-16 15:07:28.738 E/dangbei111( 1035): cccccc 确实有遥控器 存在 重置beeGatt
10-16 15:07:28.738 D/BluetoothAdapter( 1035): isLeEnabled(): ON
10-16 15:07:28.746 I/bt_stack( 669): [INFO:gatt_api.cc(1042)] GATT_Deregister gatt_if=6
10-16 15:07:28.746 E/dangbei111( 1035): cccccc rc is connected, stop scan =C9:B5:96:5C:E3:CB
10-16 15:07:28.752 D/BluetoothAdapterService( 669): cancelDiscovery
10-16 15:07:28.752 I/bt_btif_dm( 669): system/bt/btif/src/btif_dm.cc:1884 btif_dm_cancel_discovery: Cancel search
10-16 15:07:28.753 E/ccc ( 1035): cccccc BluetoothDevice.ACTION_ACL_CONNECTED receiver
10-16 15:07:28.753 W/ContextImpl( 1035): Calling a method in the system process without a qualified user: android.app.ContextImpl.sendBroadcast:1173 android.content.ContextWrapper.sendBroadcast:479 android.content.ContextWrapper.sendBroadcast:479 com.dangbei.remotecontroller.RemoteControllerReceiver.onReceive:91 android.app.ActivityThread.handleReceiver:4308
10-16 15:07:28.756 W/KIT_FWK_a( 2506): KitFwk is not installed, pls do not use related interfaces.
10-16 15:07:28.757 W/KIT_FWK_a( 2506): KitFwk is not installed, pls do not use related interfaces.
10-16 15:07:28.757 E/PlayerClient( 2506): bind player service by aar.
10-16 15:07:28.758 E/ActivityManager( 486): Sending non-protected broadcast com.dangbei.remote.connected from system 1035:com.dangbei.lerad.etna.haqu/1000 pkg com.dangbei.lerad.etna.haqu
10-16 15:07:28.758 E/ActivityManager( 486): java.lang.Throwable
10-16 15:07:28.758 E/ActivityManager( 486): at com.android.server.am.ActivityManagerService.checkBroadcastFromSystem(ActivityManagerService.java:12816)
10-16 15:07:28.758 E/ActivityManager( 486): at com.android.server.am.ActivityManagerService.broadcastIntentLocked(ActivityManagerService.java:13416)
10-16 15:07:28.758 E/ActivityManager( 486): at com.android.server.am.ActivityManagerService.broadcastIntentLocked(ActivityManagerService.java:12833)
10-16 15:07:28.758 E/ActivityManager( 486): at com.android.server.am.ActivityManagerService.broadcastIntentWithFeature(ActivityManagerService.java:13670)
10-16 15:07:28.758 E/ActivityManager( 486): at android.app.IActivityManager$Stub.onTransact(IActivityManager.java:2326)
10-16 15:07:28.758 E/ActivityManager( 486): at com.android.server.am.ActivityManagerService.onTransact(ActivityManagerService.java:2509)
10-16 15:07:28.758 E/ActivityManager( 486): at android.os.Binder.execTransactInternal(Binder.java:1179)
10-16 15:07:28.758 E/ActivityManager( 486): at android.os.Binder.execTransact(Binder.java:1143)
10-16 15:07:28.763 E/ActivityManager( 486): Sending non-protected broadcast com.dangbei.remote.connected from system 1035:com.dangbei.lerad.etna.haqu/1000 pkg com.dangbei.lerad.etna.haqu
10-16 15:07:28.763 E/ActivityManager( 486): java.lang.Throwable
10-16 15:07:28.763 E/ActivityManager( 486): at com.android.server.am.ActivityManagerService.checkBroadcastFromSystem(ActivityManagerService.java:12816)
10-16 15:07:28.763 E/ActivityManager( 486): at com.android.server.am.ActivityManagerService.broadcastIntentLocked(ActivityManagerService.java:13513)
10-16 15:07:28.763 E/ActivityManager( 486): at com.android.server.am.ActivityManagerService.broadcastIntentLocked(ActivityManagerService.java:12833)
10-16 15:07:28.763 E/ActivityManager( 486): at com.android.server.am.ActivityManagerService.broadcastIntentWithFeature(ActivityManagerService.java:13670)
10-16 15:07:28.763 E/ActivityManager( 486): at android.app.IActivityManager$Stub.onTransact(IActivityManager.java:2326)
10-16 15:07:28.763 E/ActivityManager( 486): at com.android.server.am.ActivityManagerService.onTransact(ActivityManagerService.java:2509)
10-16 15:07:28.763 E/ActivityManager( 486): at android.os.Binder.execTransactInternal(Binder.java:1179)
10-16 15:07:28.763 E/ActivityManager( 486): at android.os.Binder.execTransact(Binder.java:1143)
10-16 15:07:28.764 I/DropBoxManagerService( 486): add tag=system_server_wtf isTagEnabled=true flags=0x2
10-16 15:07:28.771 I/DropBoxManagerService( 486): add tag=system_server_wtf isTagEnabled=true flags=0x2
10-16 15:07:28.772 D/PlayerClient( 2506): bind player sink service true
10-16 15:07:28.779 E/RCInfo ( 1035): cccccc vid:1d5a
10-16 15:07:28.779 E/RCInfo ( 1035): cccccc pid:c081
10-16 15:07:28.780 E/RCInfo ( 1035): cccccc vid:1d5a
10-16 15:07:28.780 E/RCInfo ( 1035): cccccc pid:c081
10-16 15:07:28.788 I/WifiService( 486): acquireMulticastLock uid=10030
10-16 15:07:28.788 I/WifiService( 486): acquireMulticastLock uid=10030
10-16 15:07:28.793 W/ActivityManager( 486): Foreground service started from background can not have location/camera/microphone access: service com.dangbei.screencast/.huaweicast.service.HuaweiCastService
10-16 15:07:28.795 D/BluetoothGatt( 1035): connect() - device: C9:B5:96:5C:E3:CB, auto: true
10-16 15:07:28.795 D/BluetoothGatt( 1035): registerApp()
10-16 15:07:28.795 D/BluetoothGatt( 1035): registerApp() - UUID=a94bdfd3-19ec-42d1-8977-26c4625ae396
10-16 15:07:28.797 E/HuaweiCastService( 2506): startForeground!
10-16 15:07:28.806 E/HuaweiCastService( 2506): onStartCommand in 0
10-16 15:07:28.816 I/bluetooth( 669): system/bt/stack/gatt/gatt_api.cc:1019 GATT_Register: Allocated name:GattClient uuid:0ba46b8d-319d-0e40-1622-743841999b59 gatt_if:5 eatt_support:0
10-16 15:07:28.816 I/bt_bta_gattc( 669): system/bt/bta/gatt/bta_gattc_act.cc:1110 bta_gattc_conn_cback: Connected att_id:5 transport:le reason:GATT_CONN_OK
10-16 15:07:28.817 D/BluetoothGatt( 1035): onClientRegistered() - status=0 clientIf=5
10-16 15:07:28.824 D/HiSight-SinkService( 2506): onCreate.
10-16 15:07:28.825 I/bt_btif_config( 669): system/bt/btif/src/btif_config.cc:137 btif_get_device_type: Device [c9:b5:96:5c:e3:cb] device type 2
10-16 15:07:28.827 D/BluetoothGatt( 1035): onClientConnectionState() - status=0 clientIf=5 device=C9:B5:96:5C:E3:CB
10-16 15:07:28.827 D/BluetoothGatt( 1035): discoverServices() - device: C9:B5:96:5C:E3:CB
10-16 15:07:28.839 W/audit ( 2581): audit_lost=682 audit_rate_limit=5 audit_backlog_limit=64
10-16 15:07:28.839 E/audit ( 2581): rate limit exceeded
10-16 15:07:28.841 D/HiSight-ConnectionManager( 2506): start ConnectionManager
10-16 15:07:28.842 I/bt_bta_gattc( 669): system/bt/bta/gatt/bta_gattc_cache.cc:902 bta_gattc_get_gatt_db: bta_gattc_get_gatt_db
10-16 15:07:28.847 D/BluetoothGatt( 1035): onSearchComplete() = Device=C9:B5:96:5C:E3:CB Status=0
10-16 15:07:28.854 D/HiSight-SinkService( 2506): onBind.
10-16 15:07:28.859 D/PlayerClient( 2506): service connected.
10-16 15:07:28.859 D/HiSight-SinkService( 2506): ITaskBinder registerCallback: true
10-16 15:07:28.859 D/HiSight-HiSightManager( 2506): ITaskBinder registerCallback.
10-16 15:07:28.859 D/HiSight-CallbackManager( 2506): addNewCallback. com.dangbei.screencast.huaweicast.service.HuaweiCastService$a@16c59d7
10-16 15:07:28.860 E/HuaweiCastService( 2506): eventId: 4001
10-16 15:07:28.862 E/HuaweiCastService( 2506): mPlayerClient is null.
10-16 15:07:28.863 D/HiSight-HiSightManager( 2506): check capability vbr range not setting, using default value
10-16 15:07:28.863 E/HuaweiCastService( 2506): mPlayerClient is null.
10-16 15:07:28.863 D/HiSight-SinkService( 2506): setAuthMode
10-16 15:07:28.863 W/HiSight-ConnectionManager( 2506): mSinkId is empty
10-16 15:07:28.906 W/TelephonyPermissions( 486): reportAccessDeniedToReadIdentifiers:com.dangbei.screencast:getSerial:-1
10-16 15:07:28.924 E/RCInfo ( 1035): cccccc vid:1d5a
10-16 15:07:28.925 E/RCInfo ( 1035): cccccc pid:c081
10-16 15:07:28.937 E/RCInfo ( 1035): cccccc vid:1d5a
10-16 15:07:28.938 E/RCInfo ( 1035): cccccc pid:c081
10-16 15:07:28.939 E/ccc ( 1035): cccccc 请求remote实时 CSH251017 并且请求是否有遥控器更新
10-16 15:07:28.939 E/ccc ( 1035): cccccc requestRemoteInfoInner factory BK version CSH251017
10-16 15:07:29.059 I/okhttp.OkHttpClient( 1035): --> POST http://tymsgapi.qun7.com/v1/core/ykota (598-byte body)
10-16 15:07:29.065 W/TelephonyPermissions( 486): reportAccessDeniedToReadIdentifiers:com.dangbei.screencast:getSerial:-1
10-16 15:07:29.091 V/NFC ( 2506): this device does not have NFC support
10-16 15:07:29.112 I/okhttp.OkHttpClient( 1035): <-- 200 OK http://tymsgapi.qun7.com/v1/core/ykota (52ms, unknown-length body)
10-16 15:07:29.144 I/lerad.etna.haqu( 1035): type=1400 audit(0.0:1131): avc: denied { read } for name="114.dat" dev="mmcblk0p25" ino=2587 scontext=u:r:system_app:s0 tcontext=u:object_r:system_data_root_file:s0 tclass=file permissive=1
10-16 15:07:29.144 I/lerad.etna.haqu( 1035): type=1400 audit(0.0:1132): avc: denied { open } for path="/data/etna_download/remote/114.dat" dev="mmcblk0p25" ino=2587 scontext=u:r:system_app:s0 tcontext=u:object_r:system_data_root_file:s0 tclass=file permissive=1
10-16 15:07:29.144 I/lerad.etna.haqu( 1035): type=1400 audit(0.0:1133): avc: denied { getattr } for path="/data/etna_download/remote/114.dat" dev="mmcblk0p25" ino=2587 scontext=u:r:system_app:s0 tcontext=u:object_r:system_data_root_file:s0 tclass=file permissive=1
10-16 15:07:29.154 E/ccc ( 1035): cccccc hmm 确定遥控器是有更新的 --------------------------
10-16 15:07:29.157 E/ccc ( 1035): cccccc com.dangbei.haqusetting not connect
10-16 15:07:29.157 E/ccc ( 1035): cccccc updateHelper 通知更新
10-16 15:07:29.157 E/ccc ( 1035): cccccc 有更新 且存在文件 RemoteUpdateBean{downloadId='114', name='H5Pro', rommodel='DBBOX-A2,DBBOX-A3', versionName='CSH1000000', downUrl='http://dl.qun7.com/YKQ/CSH/20251016_CSH251017/HB9261_BT016G-CS-002_OTA_1017CSH999999_APP_1.3.12850.231102_66FAF6AE.dat', reUrl='http://dl.v5tv.com/YKQ/CSH/20251016_CSH251017/HB9261_BT016G-CS-002_OTA_1017CSH999999_APP_1.3.12850.231102_66FAF6AE.dat', reUrl2='http://dl.tymcdn.com/YKQ/CSH/20251016_CSH251017/HB9261_BT016G-CS-002_OTA_1017CSH999999_APP_1.3.12850.231102_66FAF6AE.dat', contentLength=275044, md5v='34bac7791b700d55ff837784add81c37', tempUrl='http://dl.qun7.com/YKQ/CSH/20251016_CSH251017/HB9261_BT016G-CS-002_OTA_1017CSH999999_APP_1.3.12850.231102_66FAF6AE.dat', desc='null', status=completed, progress=100.0, isPaused=false, cancelled=true, extraInfo='null', localPath='/data/etna_download/remote/114.dat', current=275044, create_time=0, remark='H5/H5Pro橙视遥控器OTA测试
10-16 15:07:29.157 E/ccc ( 1035):
10-16 15:07:29.157 E/ccc ( 1035): 20251016:CSH251017'}
10-16 15:07:29.368 I/CrashSDKNormalH( 2506): type=1400 audit(0.0:1134): avc: denied { search } for name="com.dangbei.screencast" dev="mmcblk0p25" ino=897 scontext=u:r:platform_app:s0:c512,c768 tcontext=u:object_r:app_data_file:s0:c512,c768 tclass=dir permissive=1 app=com.dangbei.screencast
10-16 15:07:29.368 I/CrashSDKNormalH( 2506): type=1400 audit(0.0:1135): avc: denied { getattr } for path="/data/user/0/com.dangbei.screencast/crashsdk/tags" dev="mmcblk0p25" ino=2070 scontext=u:r:platform_app:s0:c512,c768 tcontext=u:object_r:app_data_file:s0:c512,c768 tclass=dir permissive=1 app=com.dangbei.screencast
10-16 15:07:29.481 W/IorapForwardingService( 486): No service published for: iorapd
10-16 15:07:29.871 I/TDLog ( 2275): [APP] New data found, Submitting...
10-16 15:07:29.893 I/TDLog ( 2275): [APP] Failed to submit data!
10-16 15:07:30.197 I/adbd ( 381): host-19: read thread spawning
10-16 15:07:30.198 I/adbd ( 381): host-19: write thread spawning
10-16 15:07:30.199 I/adbd ( 381): host-19: already offline
10-16 15:07:30.199 I/adbd ( 381): Calling send_auth_request...
10-16 15:07:30.210 I/adbd ( 381): adbd_auth: loading keys from /data/misc/adb/adb_keys
10-16 15:07:30.212 I/adbd ( 381): adb client authorized
10-16 15:07:30.483 W/IorapForwardingService( 486): No service published for: iorapd
10-16 15:07:31.137 D/SntpClient( 486): request time failed: java.net.SocketTimeoutException: Poll timed out
10-16 15:07:31.396 I/CrashSDKNormalH( 2506): type=1400 audit(0.0:1141): avc: denied { open } for path="/data/user/0/com.dangbei.screencast/crashsdk/tags/cr.wa" dev="mmcblk0p25" ino=2171 scontext=u:r:platform_app:s0:c512,c768 tcontext=u:object_r:app_data_file:s0:c512,c768 tclass=file permissive=1 app=com.dangbei.screencast
10-16 15:07:31.396 I/CrashSDKNormalH( 2506): type=1400 audit(0.0:1142): avc: denied { lock } for path="/data/user/0/com.dangbei.screencast/crashsdk/tags/cr.wa" dev="mmcblk0p25" ino=2171 scontext=u:r:platform_app:s0:c512,c768 tcontext=u:object_r:app_data_file:s0:c512,c768 tclass=file permissive=1 app=com.dangbei.screencast
10-16 15:07:31.485 W/IorapForwardingService( 486): No service published for: iorapd
10-16 15:07:31.533 E/WifiHAL ( 659): wifi_get_link_stats: requestResponse Error:-5
10-16 15:07:31.535 E/WifiVendorHal( 486): getWifiLinkLayerStats_1_5_Internal(l.1191) failed {.code = ERROR_INVALID_ARGS, .description = }
10-16 15:07:31.908 E/bt_upio ( 248): upio_set : /proc/bluetooth/sleep/btwrite(-1) incorrent
10-16 15:07:32.487 W/IorapForwardingService( 486): No service published for: iorapd
10-16 15:07:32.619 I/init ( 1): processing action (debug.launcher3.exit=1) from (/vendor/etc/init/init.scheduler.rc:1)
10-16 15:07:32.911 E/dangbei111( 1035): cccccc 检查遥控器是否连接: Dangbei C9:B5:96:5C:E3:CB
10-16 15:07:32.915 E/dangbei111( 1035): cccccc 检查遥控器是否连接: 蓝牙的结果 Dangbei C9:B5:96:5C:E3:CB true
10-16 15:07:32.915 E/dangbei111( 1035): cccccc 确实有遥控器 存在 取消check任务
10-16 15:07:32.915 E/dangbei111( 1035): cccccc rc is connected, stop scan =C9:B5:96:5C:E3:CB
10-16 15:07:32.977 W/hdr10p_Configure( 408): 46 callbacks suppressed
10-16 15:07:32.977 I/ ( 408): DVI mode selected: packets not configured
10-16 15:07:32.977 W/set_vsif_config( 408): 46 callbacks suppressed
10-16 15:07:32.977 I/ ( 408): Error: set vsif failed
10-16 15:07:32.997 I/ ( 408): DVI mode selected: packets not configured
10-16 15:07:32.997 I/ ( 408): Error: set vsif failed
10-16 15:07:33.015 I/ ( 408): DVI mode selected: packets not configured
10-16 15:07:33.015 I/ ( 408): Error: set vsif failed
10-16 15:07:33.035 I/ ( 408): DVI mode selected: packets not configured
10-16 15:07:33.035 I/ ( 408): Error: set vsif failed
10-16 15:07:33.053 I/ ( 408): DVI mode selected: packets not configured
10-16 15:07:33.053 I/ ( 408): Error: set vsif failed
10-16 15:07:33.070 I/ ( 408): DVI mode selected: packets not configured
10-16 15:07:33.071 I/ ( 408): Error: set vsif failed
10-16 15:07:33.081 I/ ( 408): DVI mode selected: packets not configured
10-16 15:07:33.081 I/ ( 408): Error: set vsif failed
10-16 15:07:33.097 I/ ( 408): DVI mode selected: packets not configured
10-16 15:07:33.097 I/ ( 408): Error: set vsif failed
10-16 15:07:33.114 I/ ( 408): DVI mode selected: packets not configured
10-16 15:07:33.114 I/ ( 408): Error: set vsif failed
10-16 15:07:33.131 I/ ( 408): DVI mode selected: packets not configured
10-16 15:07:33.131 I/ ( 408): Error: set vsif failed
10-16 15:07:33.404 I/pool-5-thread-1( 2506): type=1400 audit(0.0:1143): avc: denied { create } for name="1760598453409_2506" scontext=u:r:platform_app:s0:c512,c768 tcontext=u:object_r:app_data_file:s0:c512,c768 tclass=file permissive=1 app=com.dangbei.screencast
10-16 15:07:33.478 I/keystore2( 204): keystore2::watchdog: Watchdog thread idle -> terminating. Have a great day.
10-16 15:07:33.481 I/efs.config( 2506): No update is required, less than 8h since the last update
10-16 15:07:33.488 W/IorapForwardingService( 486): No service published for: iorapd
10-16 15:07:33.547 I/WifiService( 486): releaseMulticastLock uid=10030
10-16 15:07:33.549 I/WifiService( 486): releaseMulticastLock uid=10030
10-16 15:07:33.605 D/HiSight-SinkService( 2506): setDiscoverable true
10-16 15:07:33.607 D/wenhc ( 1096): getScreenInfo uri = content://com.dangbei.screencast.parts.info/screen_cast
10-16 15:07:33.608 D/NearFieldManager( 2506): init.
10-16 15:07:33.608 D/wenhc ( 1096): getScreenInfo uri = content://com.dangbei.screencast.parts.info/screen_cast
10-16 15:07:33.608 D/NearFieldManager( 2506): try check dmsdp
10-16 15:07:33.626 D/NearFieldManager( 2506): package not exist
10-16 15:07:33.630 D/CompatibilityChangeReporter( 486): Compat change id reported: 135634846; UID 10030; state: DISABLED
10-16 15:07:33.631 D/CompatibilityChangeReporter( 486): Compat change id reported: 143937733; UID 10030; state: DISABLED
10-16 15:07:33.631 D/NearFieldManager( 2506): bind nearfield service true
10-16 15:07:33.632 D/NearFieldManager( 2506): registerCallback true
10-16 15:07:33.632 D/HiSight-Discovery( 2506): set deviceInfo type:46
10-16 15:07:33.633 D/HiSight-Discovery( 2506): startAdvertise 1
10-16 15:07:33.648 D/Zygote ( 242): Forked child process 2691
10-16 15:07:33.650 I/ActivityManager( 486): app.processName = com.huawei.connection
10-16 15:07:33.650 I/ActivityManager( 486): Start proc 2691:com.huawei.connection/u0a30 for service {com.dangbei.screencast/com.huawei.connection.service.NearFieldManagerService}
10-16 15:07:33.658 I/Zygote ( 2691): seccomp disabled by setenforce 0
10-16 15:07:33.668 I/rainbow_flow( 1961): type=1400 audit(0.0:1144): avc: denied { ioctl } for path="/dev/spidev1.0" dev="tmpfs" ino=1274 ioctlcmd=0x6b00 scontext=u:r:init:s0 tcontext=u:object_r:device:s0 tclass=chr_file permissive=1
10-16 15:07:33.676 I/adbd ( 381): jdwp connection from 2691
10-16 15:07:33.692 I/ModuleDataForwa( 2506): type=1400 audit(0.0:1145): avc: denied { rename } for name="TD_IP_CACHE.xml" dev="mmcblk0p25" ino=4996 scontext=u:r:platform_app:s0:c512,c768 tcontext=u:object_r:app_data_file:s0:c512,c768 tclass=file permissive=1 app=com.dangbei.screencast
10-16 15:07:33.699 D/CompatibilityChangeReporter( 2691): Compat change id reported: 171979766; UID 10030; state: DISABLED
10-16 15:07:33.713 D/ApplicationLoaders( 2691): Returning zygote-cached class loader: /system/framework/android.test.base.jar
10-16 15:07:33.713 D/ApplicationLoaders( 2691): Returning zygote-cached class loader: /system/framework/android.hidl.manager-V1.0-java.jar
10-16 15:07:33.713 D/ApplicationLoaders( 2691): Returning zygote-cached class loader: /system/framework/android.hidl.base-V1.0-java.jar
10-16 15:07:33.712 I/ModuleDataForwa( 2506): type=1400 audit(0.0:1146): avc: denied { setattr } for name="TD_IP_CACHE.xml" dev="mmcblk0p25" ino=5766 scontext=u:r:platform_app:s0:c512,c768 tcontext=u:object_r:app_data_file:s0:c512,c768 tclass=file permissive=1 app=com.dangbei.screencast
10-16 15:07:33.712 I/ModuleDataForwa( 2506): type=1400 audit(0.0:1147): avc: denied { unlink } for name="TD_IP_CACHE.xml.bak" dev="mmcblk0p25" ino=4996 scontext=u:r:platform_app:s0:c512,c768 tcontext=u:object_r:app_data_file:s0:c512,c768 tclass=file permissive=1 app=com.dangbei.screencast
10-16 15:07:33.735 V/GraphicsEnvironment( 2691): ANGLE Developer option for 'com.dangbei.screencast' set to: 'default'
10-16 15:07:33.736 V/GraphicsEnvironment( 2691): Neither updatable production driver nor prerelease driver is supported.
10-16 15:07:33.737 D/NetworkSecurityConfig( 2691): Using Network Security Config from resource network_security_config debugBuild: false
10-16 15:07:33.739 D/NetworkSecurityConfig( 2691): Using Network Security Config from resource network_security_config debugBuild: false
10-16 15:07:33.741 I/MultiDex( 2691): VM with version 2.1.0 has multidex support
10-16 15:07:33.741 I/MultiDex( 2691): Installing application
10-16 15:07:33.741 I/MultiDex( 2691): VM has multidex support, MultiDex support library is disabled.
10-16 15:07:33.788 I/awei.connection( 2691): type=1400 audit(0.0:1148): avc: denied { search } for name="net" dev="sysfs" ino=10442 scontext=u:r:platform_app:s0:c512,c768 tcontext=u:object_r:sysfs_net:s0 tclass=dir permissive=1 app=com.dangbei.screencast
10-16 15:07:33.788 I/awei.connection( 2691): type=1400 audit(0.0:1149): avc: denied { read } for name="address" dev="sysfs" ino=16906 scontext=u:r:platform_app:s0:c512,c768 tcontext=u:object_r:sysfs_net:s0 tclass=file permissive=1 app=com.dangbei.screencast
10-16 15:07:33.788 I/awei.connection( 2691): type=1400 audit(0.0:1150): avc: denied { open } for path="/sys/devices/virtual/net/dummy0/address" dev="sysfs" ino=16906 scontext=u:r:platform_app:s0:c512,c768 tcontext=u:object_r:sysfs_net:s0 tclass=file permissive=1 app=com.dangbei.screencast
10-16 15:07:33.800 W/audit ( 2691): audit_lost=688 audit_rate_limit=5 audit_backlog_limit=64
10-16 15:07:33.800 E/audit ( 2691): rate limit exceeded
10-16 15:07:33.816 I/crashsdk( 2691): version unique build id: 6230cced
10-16 15:07:33.821 D/crashsdk( 2691): Native log stat thread 2731 setup, waiting
10-16 15:07:33.824 I/crashsdk( 2691): begin hack android.os.Process
10-16 15:07:33.824 I/crashsdk( 2691): end hack android.os.Process
10-16 15:07:33.832 I/TDLog ( 2691): setReportUncaughtExceptions: true
10-16 15:07:33.836 E/Application( 2691): onCreate:Version:v2.8.3/20830/883432e
10-16 15:07:33.848 I/Matrix.AnrTracer( 2691): anrTrace, final mAnrBeatTime:400, mAnrBeatRate:400
10-16 15:07:33.851 E/LaunchManager( 2691): Non main process !
10-16 15:07:33.852 W/System.err( 2691): java.lang.NullPointerException: Attempt to invoke virtual method 'boolean com.efs.sdk.launch.LaunchConfigManager.enableTracer()' on a null object reference
10-16 15:07:33.852 W/System.err( 2691): at com.umeng.umcrash.UMCrash.init(Unknown Source:403)
10-16 15:07:33.852 W/System.err( 2691): at java.lang.reflect.Method.invoke(Native Method)
10-16 15:07:33.852 W/System.err( 2691): at com.umeng.commonsdk.UMConfigure.init(Unknown Source:811)
10-16 15:07:33.852 W/System.err( 2691): at b.f.f.b.a(:4)
10-16 15:07:33.852 W/System.err( 2691): at h.o.a.run(Unknown Source:2)
10-16 15:07:33.855 W/ServiceManager( 486): Permission failure: android.permission.HIGH_SAMPLING_RATE_SENSORS from uid=10030 pid=2691
10-16 15:07:33.858 I/TDLog ( 2691): TalkingData SDK init...
10-16 15:07:33.858 I/TDLog ( 2691): SDK_VERSION is: Android+TD+V5.0.7 gp Type:Native Build_Num:2141
10-16 15:07:33.858 I/TDLog ( 2691): App ID is: B9D7815EC975466AB1332111FCE62DF5
10-16 15:07:33.858 I/TDLog ( 2691): App Channel is: os
10-16 15:07:33.858 I/TDLog ( 2691): App Custom is:
10-16 15:07:33.858 I/TDLog ( 2691): SDK_OVC is: TDOVC+a3bb7754719798526508b6caad480dd7+SaaS
10-16 15:07:33.883 W/efs.send_log( 2691): tryFileLock start!
10-16 15:07:33.878 E/sprdwl ( 1105): sprdwl_rx_rsp_process ctx_id 0 recv rsp[WIFI_CMD_TX_DATA] status[SPRDWL_CMD_STATUS_ERROR]
10-16 15:07:33.892 E/sprdwl ( 1105): sprdwl_rx_rsp_process ctx_id 0 recv rsp[WIFI_CMD_TX_DATA] status[SPRDWL_CMD_STATUS_ERROR]
10-16 15:07:33.904 D/NearFieldManagerService( 2691): NearFieldManagerService.
10-16 15:07:33.904 D/NearFieldManagerService( 2691): onCreate, enter.
10-16 15:07:33.905 I/NearFieldManagerService( 2691): onBind, enter.
10-16 15:07:33.905 D/NearFieldManagerService( 2691): initService
10-16 15:07:33.905 D/NearFieldManagerService( 2691): NearField starting...
10-16 15:07:33.906 D/NearFieldUtils( 2691): checkSystemProperty in
10-16 15:07:33.906 D/NearFieldUtils( 2691): checkSystemProperty: systemProperties:
10-16 15:07:33.906 E/NearFieldUtils( 2691): validProperty: priority is null
10-16 15:07:33.915 D/NearFieldManager( 2506): service connected.
10-16 15:07:33.909 E/sprdwl ( 1105): sprdwl_rx_rsp_process ctx_id 0 recv rsp[WIFI_CMD_TX_DATA] status[SPRDWL_CMD_STATUS_ERROR]
10-16 15:07:33.917 D/HiSight-Discovery( 2506): eventId: 4001
10-16 15:07:33.918 D/HiSight-Discovery( 2506): msg 4001
10-16 15:07:33.918 D/HiSight-Discovery( 2506): bind success, status Ready
10-16 15:07:33.918 D/HiSight-Discovery( 2506): startAdvertise 2
10-16 15:07:33.920 D/HiSight-Discovery( 2506): stopAdvertise.
10-16 15:07:33.920 D/HiSight-Discovery( 2506): nearFieldStartListen deviceType 46
10-16 15:07:33.925 E/sprdwl ( 1105): sprdwl_rx_rsp_process ctx_id 0 recv rsp[WIFI_CMD_TX_DATA] status[SPRDWL_CMD_STATUS_ERROR]
10-16 15:07:33.932 I/NearFieldManagerImpl( 2691): setDeviceInfo, sDeviceId changes
10-16 15:07:33.933 I/NearFieldManagerImpl( 2691): setDeviceInfo, sDeviceName changes
10-16 15:07:33.934 D/NearFieldManagerImpl( 2691): setServiceData, sServiceData=[], serviceData=[32]
10-16 15:07:33.935 E/NearFieldManager( 2506): setIdnNetworkPriority: networkPortPriority is empty
10-16 15:07:33.935 D/NearFieldManager( 2506): StartListen moduleId: CastPlusDiscoveryModule
10-16 15:07:33.937 D/NearFieldManagerImpl( 2691): startListen: moduleId: CastPlusDiscoveryModule
10-16 15:07:33.937 D/NearFieldUtils( 2691): getPreferredIpAddress exec
10-16 15:07:33.937 D/NearFieldUtils( 2691): getPreferredIpAddress by custom priority
10-16 15:07:33.937 D/NearFieldUtils( 2691): getIpByInterfaceSetting customIdnNetworkPriority:[]
10-16 15:07:33.937 D/NearFieldUtils( 2691): getPreferredIpAddress by default priority
10-16 15:07:33.940 E/sprdwl ( 1105): sprdwl_rx_rsp_process ctx_id 0 recv rsp[WIFI_CMD_TX_DATA] status[SPRDWL_CMD_STATUS_ERROR]
10-16 15:07:33.951 I/crashsdk( 2691): Catcher mask: 5000, 20480
10-16 15:07:33.952 I/crashsdk( 2691): Catcher thread 2696
10-16 15:07:33.953 D/crashsdk( 2691): Register ANR handler ...
10-16 15:07:33.953 D/NearFieldManagerImpl( 2691): onReceive action get:android.net.conn.CONNECTIVITY_CHANGE
10-16 15:07:33.954 D/NearFieldUtils( 2691): getPreferredIpAddress exec
10-16 15:07:33.954 D/NearFieldUtils( 2691): getPreferredIpAddress by custom priority
10-16 15:07:33.954 D/NearFieldUtils( 2691): getIpByInterfaceSetting customIdnNetworkPriority:[]
10-16 15:07:33.954 D/NearFieldUtils( 2691): getPreferredIpAddress by default priority
10-16 15:07:33.955 E/sprdwl ( 1105): sprdwl_rx_rsp_process ctx_id 0 recv rsp[WIFI_CMD_TX_DATA] status[SPRDWL_CMD_STATUS_ERROR]
10-16 15:07:33.974 I/efs.config( 2691): --->>> 删除旧的配置文件 false
10-16 15:07:33.989 I/efs.base( 2691): lt=event`ev_ct=efs_core`ev_ac=pvuv`tm=2025-10-16 15:07:97`dn=c86086b6-ce5d-42ac-8990-efafd6293338`ps=com.huawei.connection`um_os=android`stime=1760598453571`pid=2691`fr=android`pkg=com.dangbei.screencast`vcode=20830`dsp_w=1920`uid=c86086b6-ce5d-42ac-8990-efafd6293338`rom=12`wid=c86086b6-ce5d-42ac-8990-efafd6293338`um_app_carrier=`um_access=wifi`um_app_channel=os`um_crash_sdk_version=1.4.0`ctime=1760598453`model=dbbox-a2`lang=zh`net=wifi`brand=dangbei`dsp_h=1080`um_network_type=0`ver=v2.8.3`build_model=DBBOX-A2`w_tm=1760598453`appid=5fc60c21094d637f3130af19`um_umid_header=ai256276725c37c8e63c53fef7d05fccc5`sdk=31`tzone=Asia/Shanghai`sdk_ver=1.3.6.umeng
10-16 15:07:33.990 I/efs.config( 2691): current config version (-1) is older than another (1735614866)
10-16 15:07:33.990 I/efs.config( 2691): load config from storage and notify observer
10-16 15:07:33.970 E/sprdwl ( 1105): sprdwl_rx_rsp_process ctx_id 0 recv rsp[WIFI_CMD_TX_DATA] status[SPRDWL_CMD_STATUS_ERROR]
10-16 15:07:33.985 E/sprdwl ( 1105): sprdwl_rx_rsp_process ctx_id 0 recv rsp[WIFI_CMD_TX_DATA] status[SPRDWL_CMD_STATUS_ERROR]
10-16 15:07:34.000 E/sprdwl ( 1105): sprdwl_rx_rsp_process ctx_id 0 recv rsp[WIFI_CMD_TX_DATA] status[SPRDWL_CMD_STATUS_ERROR]
10-16 15:07:34.015 D/NearFieldUtils( 2691): to get wlan0 ip address
10-16 15:07:34.016 D/NearFieldUtils( 2691): get wlan0 IP succeed.
10-16 15:07:34.016 E/NearFieldManagerImpl( 2691): notifyByPriority: interfaceNameInUse is null
10-16 15:07:34.016 D/NearFieldManagerImpl( 2691): handleConnectivityAction: notified by default
10-16 15:07:34.016 E/sprdwl ( 1105): sprdwl_rx_rsp_process ctx_id 0 recv rsp[WIFI_CMD_TX_DATA] status[SPRDWL_CMD_STATUS_ERROR]
10-16 15:07:34.024 D/NearFieldUtils( 2691): to get wlan0 ip address
10-16 15:07:34.024 D/NearFieldUtils( 2691): to get wlan0 ip address
10-16 15:07:34.024 D/NearFieldUtils( 2691): get wlan0 IP succeed.
10-16 15:07:34.024 D/NearFieldUtils( 2691): get wlan0 IP succeed.
10-16 15:07:34.024 I/NearFieldManagerImpl( 2691): wlan Connected
10-16 15:07:34.024 D/NearFieldManagerImpl( 2691): sDeviceType: 46
10-16 15:07:34.024 D/NearFieldManagerImpl( 2691): registerDevice() is called.
10-16 15:07:34.024 E/NearFieldManagerUtilsNative( 2691): Begin System.loadLibrary()
10-16 15:07:34.032 E/sprdwl ( 1105): sprdwl_rx_rsp_process ctx_id 0 recv rsp[WIFI_CMD_TX_DATA] status[SPRDWL_CMD_STATUS_ERROR]
10-16 15:07:34.047 E/sprdwl ( 1105): sprdwl_rx_rsp_process ctx_id 0 recv rsp[WIFI_CMD_TX_DATA] status[SPRDWL_CMD_STATUS_ERROR]
