--------- beginning of main
10-16 15:06:57.513 W/lowmemorykiller( 178): LMKD : whitelist android.signature.cts.api.hiddenapi_blacklist_api_27;android.signature.cts.api.hiddenapi_blacklist_api_28;android.signature.cts.api.hiddenapi_blacklist_current;android.media.cts;android.process.media;com.antutu.ABenchMark;com.antutu.benchmark.full;com.antutu.benchmark.full:unity;com.antutu.ABenchMark:push;com.futuremark.dmandroid.application;com.allwinner.batterytest;cn.xender;com.socialnmobile.dictapps.notepad.color.note;org.videolan.vlc;
10-16 15:06:57.514 I/lowmemorykiller( 178): Using psi monitors for memory pressure detection
10-16 15:06:57.516 I/lowmemorykiller( 178): Process polling is supported
10-16 15:06:57.540 W/SELinux ( 179): Multiple same specifications for softwinner\.multiir.
10-16 15:06:57.541 I/SELinux ( 179): SELinux: Loaded service_contexts from:
10-16 15:06:57.541 I/SELinux ( 179): /system/etc/selinux/plat_service_contexts
10-16 15:06:57.541 I/SELinux ( 179): /system_ext/etc/selinux/system_ext_service_contexts
10-16 15:06:57.541 I/SELinux ( 179): /vendor/etc/selinux/vendor_service_contexts
10-16 15:06:57.546 I/SELinux ( 181): SELinux: Loaded service_contexts from:
10-16 15:06:57.546 I/SELinux ( 181): /vendor/etc/selinux/vndservice_contexts
10-16 15:06:57.546 I/hwservicemanager( 180): getFrameworkHalManifest: Reading VINTF information.
10-16 15:06:57.557 I/format_device( 187): Don't need to format /dev/block/by-name/Reserve0
10-16 15:06:57.562 I/hwservicemanager( 180): getDeviceHalManifest: Reading VINTF information. --------- beginning of kernel
10-16 15:06:55.490 I/usbcore ( 1): registered new interface driver ums-isd200
10-16 15:06:55.490 I/usbcore ( 1): registered new interface driver ums-jumpshot
10-16 15:06:55.490 I/usbcore ( 1): registered new interface driver ums-karma
10-16 15:06:55.490 I/usbcore ( 1): registered new interface driver ums-onetouch
10-16 15:06:55.490 I/usbcore ( 1): registered new interface driver ums-realtek
10-16 15:06:55.490 I/usbcore ( 1): registered new interface driver ums-sddr09
10-16 15:06:55.490 I/usbcore ( 1): registered new interface driver ums-sddr55
10-16 15:06:55.490 I/usbcore ( 1): registered new interface driver ums-usbat
10-16 15:06:55.490 I/usbcore ( 1): registered new interface driver xpad
10-16 15:06:55.490 I/usbcore ( 1): registered new interface driver usb_acecad
10-16 15:06:55.490 I/usbcore ( 1): registered new interface driver aiptek
10-16 15:06:55.490 I/usbcore ( 1): registered new interface driver gtco
10-16 15:06:55.490 I/usbcore ( 1): registered new interface driver hanwang
10-16 15:06:55.491 I/usbcore ( 1): registered new interface driver kbtab
10-16 15:06:55.491 E/axp2101_pek( 1): axp2101-pek can not register without irq
10-16 15:06:55.498 W/axp2101-pek( 1): probe of axp2101-pek.0 failed with error -22
10-16 15:06:55.498 E/sunxi-rtc 7000000.rtc( 1): reset_control_get() failed
10-16 15:06:55.505 W/sunxi-rtc 7000000.rtc( 1): Fail to get clock 'rtc-spi'
10-16 15:06:55.506 I/sunxi-rtc 7000000.rtc( 1): registered as rtc0
10-16 15:06:55.506 I/sunxi-rtc 7000000.rtc( 1): setting system clock to 2025-10-16T07:06:55 UTC (1760598415)
10-16 15:06:55.506 I/sunxi-rtc 7000000.rtc( 1): sunxi rtc probed
10-16 15:06:55.506 I/ ( 1): i2c /dev entries driver
10-16 15:06:55.506 I/ ( 1): IR NEC protocol handler initialized
10-16 15:06:55.506 I/ ( 1): IR RC5(x/sz) protocol handler initialized
10-16 15:06:55.506 I/usbcore ( 1): registered new interface driver uvcvideo
10-16 15:06:55.506 I/ ( 1): USB Video Class driver (1.1.1)
10-16 15:06:55.506 D/ ( 1): sunxi cedar version 1.1
10-16 15:06:55.507 I/sunxi-cedar 1c0e000.ve( 1): Adding to iommu group 0
10-16 15:06:55.507 D/VE ( 1): install start!!!
10-16 15:06:55.507 I/VE ( 1): cedar-ve the get irq is 20
10-16 15:06:55.507 I/VE ( 1): ve_debug_proc_info:(____ptrval____), data:(____ptrval____), lock:(____ptrval____)
10-16 15:06:55.507 D/VE ( 1): install end!!!
10-16 15:06:55.507 I/sunxi-cedar soc@3000000( 1): ve1@1c0e000: Adding to iommu group 0
10-16 15:06:55.507 I/VE ( 1): device ve1 just use to add iommu master
10-16 15:06:55.507 I/sunxi-wdt 30090a0.watchdog( 1): Watchdog enabled (timeout=16 sec, nowayout=0)
10-16 15:06:55.508 I/device-mapper( 1): uevent: version 1.0.3
10-16 15:06:55.508 I/device-mapper( 1): ioctl: 4.41.0-ioctl (2019-09-16) initialised: dm-devel@redhat.com
10-16 15:06:55.509 I/hidraw ( 1): raw HID events driver (C) Jiri Kosina
10-16 15:06:55.511 I/usbcore ( 1): registered new interface driver usbhid
10-16 15:06:55.511 I/usbhid ( 1): USB HID core driver
10-16 15:06:55.512 I/ashmem ( 1): initialized
10-16 15:06:55.512 I/optee ( 1): probing for conduit method from DT.
10-16 15:06:55.512 I/optee ( 1): revision 2.5
10-16 15:06:55.513 I/optee ( 1): initialized driver
10-16 15:06:55.513 D/ ( 1): drm_base=0x40000000
10-16 15:06:55.513 D/ ( 1): drm_size=0x0
10-16 15:06:55.513 D/ ( 1): tee_base=0x2000000
10-16 15:06:55.513 I/usbcore ( 1): registered new interface driver snd-usb-audio
10-16 15:06:55.513 I/netem ( 1): version 1.3
10-16 15:06:55.513 I/ ( 1): u32 classifier
10-16 15:06:55.513 I/ ( 1): input device check on
10-16 15:06:55.513 I/ ( 1): Actions configured
10-16 15:06:55.514 I/xt_time ( 1): kernel timezone is -0000
10-16 15:06:55.514 I/ipip ( 1): IPv4 and MPLS over IPv4 tunneling driver
10-16 15:06:55.514 I/gre ( 1): GRE over IPv4 demultiplexor driver
10-16 15:06:55.514 I/ip_gre ( 1): GRE over IPv4 tunneling driver
10-16 15:06:55.515 I/ ( 1): IPv4 over IPsec tunneling driver
10-16 15:06:55.516 I/ ( 1): Initializing XFRM netlink socket
10-16 15:06:55.516 I/ ( 1): IPsec XFRM device driver
10-16 15:06:55.516 I/NET ( 1): Registered protocol family 10
10-16 15:06:55.517 I/ ( 1): Segment Routing with IPv6
10-16 15:06:55.517 I/mip6 ( 1): Mobile IPv6
10-16 15:06:55.518 I/sit ( 1): IPv6, IPv4 and MPLS over IPv4 tunneling driver
10-16 15:06:55.518 I/ip6_gre ( 1): GRE over IPv6 tunneling driver
10-16 15:06:55.519 I/NET ( 1): Registered protocol family 17
10-16 15:06:55.519 I/NET ( 1): Registered protocol family 15
10-16 15:06:55.519 I/Bluetooth( 1): RFCOMM TTY layer initialized
10-16 15:06:55.519 I/Bluetooth( 1): RFCOMM socket layer initialized
10-16 15:06:55.519 I/Bluetooth( 1): RFCOMM ver 1.11
10-16 15:06:55.519 I/Bluetooth( 1): HIDP (Human Interface Emulation) ver 1.2
10-16 15:06:55.519 I/Bluetooth( 1): HIDP socket layer initialized
10-16 15:06:55.519 I/l2tp_core( 1): L2TP core driver, V2.0
10-16 15:06:55.519 I/l2tp_ppp( 1): PPPoL2TP kernel driver, V2.0
10-16 15:06:55.519 I/tipc ( 1): Activated (version 2.0.0)
10-16 15:06:55.519 I/NET ( 1): Registered protocol family 30
10-16 15:06:55.519 I/tipc ( 1): Started in single node mode
10-16 15:06:55.520 I/ ( 1): registered taskstats version 1
10-16 15:06:55.520 I/ ( 1): Loading compiled-in X.509 certificates
10-16 15:06:55.520 I/ ( 1): Key type ._fscrypt registered
10-16 15:06:55.520 I/ ( 1): Key type .fscrypt registered
10-16 15:06:55.520 I/ ( 1): Key type fscrypt-provisioning registered
10-16 15:06:55.520 I/ ( 1): HDMI 2.0 driver init start!
10-16 15:06:55.521 I/ ( 1): boot_hdmi=true
10-16 15:06:55.522 I/ ( 1): Can not find the node of esm
10-16 15:06:55.522 E/ ( 1): ERROR: pinctrl_get for HDMI2.0 DDC fail
10-16 15:06:55.528 I/Get hdmi_power0( 1): aldo1
10-16 15:06:55.528 W/ ( 1): (NULL device *): deviceless supply aldo1 not found, using dummy regulator
10-16 15:06:55.528 I/Get hdmi_power1( 1): dcdc1
10-16 15:06:55.528 W/ ( 1): (NULL device *): deviceless supply dcdc1 not found, using dummy regulator
10-16 15:06:55.529 I/ ( 1): hdmi_cec_init
10-16 15:06:55.530 W/[DISP] disp_device_attached,line( 17): 159:
10-16 15:06:55.530 W/ ( 17): attached ok, mgr0<-->device0, type=4
10-16 15:06:55.530 I/[HDMI receive params]( 17): tv mode: 0x22 format:0x3 data bits:0x0 eotf:0x4 cs:0x101 dvi_hdmi:2 range:2 scan:0 aspect_ratio:8
10-16 15:06:55.530 W/[DISP] disp_hdmi_set_mode,line( 17): 681:
10-16 15:06:55.530 W/ ( 17): hdmi_set_mode is null!
10-16 15:06:55.534 I/ ( 1): HDMI2.0 module init end
10-16 15:06:55.534 E/ ( 1): tv_probe()1574 - of_property_read_string tv_power failed!
10-16 15:06:55.542 D/ ( 1): tv probe finished!
10-16 15:06:55.601 W/[DISP] de_rtmx_mgr_apply,line( 17): 464:
10-16 15:06:55.601 W/ ( 17): ctx->output.hdr_type=0
10-16 15:06:55.601 W/[DISP] de_rtmx_mgr_apply,line( 17): 482:
10-16 15:06:55.601 W/ ( 17): ctx->output.hdr_type=0
10-16 15:06:55.622 I/sun50iw9-pinctrl 300b000.pinctrl( 34): initialized sunXi PIO driver
10-16 15:06:55.623 W/sun50iw9-pinctrl 300b000.pinctrl( 34): 300b000.pinctrl supply vcc-pc not found, using dummy regulator
10-16 15:06:55.623 I/sunxi-mmc 4022000.sdmmc( 34): SD/MMC/SDIO Host Controller Driver(v4.20 2021-12-17 11:02)
10-16 15:06:55.624 I/sunxi-mmc 4022000.sdmmc( 34): ***ctl-spec-caps*** 308
10-16 15:06:55.625 I/sunxi-mmc 4022000.sdmmc( 34): No vdmmc regulator found
10-16 15:06:55.625 I/sunxi-mmc 4022000.sdmmc( 34): No vd33sw regulator found
10-16 15:06:55.625 I/sunxi-mmc 4022000.sdmmc( 34): No vd18sw regulator found
10-16 15:06:55.625 I/sunxi-mmc 4022000.sdmmc( 34): No vq33sw regulator found
10-16 15:06:55.625 I/sunxi-mmc 4022000.sdmmc( 34): No vq18sw regulator found
10-16 15:06:55.625 W/sunxi-mmc 4022000.sdmmc( 34): Cann't get pin bias hs pinstate,check if needed
10-16 15:06:55.626 I/sunxi-mmc 4022000.sdmmc( 34): sdc set ios:clk 0Hz bm PP pm UP vdd 23 width 1 timing LEGACY(SDR12) dt B
10-16 15:06:55.638 I/sunxi-mmc 4022000.sdmmc( 34): sdc set ios:clk 400000Hz bm PP pm ON vdd 23 width 1 timing LEGACY(SDR12) dt B
10-16 15:06:55.651 I/sunxi-mmc 4022000.sdmmc( 34): detmode:alway in(non removable)
10-16 15:06:55.652 I/sunxi-mmc 4020000.sdmmc( 34): SD/MMC/SDIO Host Controller Driver(v4.20 2021-12-17 11:02)
10-16 15:06:55.652 I/sunxi-mmc 4020000.sdmmc( 34): ***ctl-spec-caps*** 8
10-16 15:06:55.652 I/sunxi-mmc 4022000.sdmmc( 127): sdc set ios:clk 400000Hz bm PP pm ON vdd 23 width 1 timing LEGACY(SDR12) dt B
10-16 15:06:55.655 I/sunxi-mmc 4020000.sdmmc( 34): No vqmmc regulator found
10-16 15:06:55.655 I/sunxi-mmc 4020000.sdmmc( 34): No vdmmc regulator found
10-16 15:06:55.655 W/sun50iw9-pinctrl 300b000.pinctrl( 34): 300b000.pinctrl supply vcc-pi not found, using dummy regulator
10-16 15:06:55.655 I/sunxi-mmc 4020000.sdmmc( 34): Got CD GPIO
10-16 15:06:55.655 I/sunxi-mmc 4022000.sdmmc( 127): sdc set ios:clk 400000Hz bm PP pm ON vdd 23 width 1 timing LEGACY(SDR12) dt B
10-16 15:06:55.656 I/sunxi-mmc 4020000.sdmmc( 34): sdc set ios:clk 0Hz bm PP pm UP vdd 23 width 1 timing LEGACY(SDR12) dt B
10-16 15:06:55.656 I/sunxi-mmc 4020000.sdmmc( 34): no vqmmc,Check if there is regulator
10-16 15:06:55.657 I/sunxi-mmc 4022000.sdmmc( 127): sdc set ios:clk 400000Hz bm OD pm ON vdd 23 width 1 timing LEGACY(SDR12) dt B
10-16 15:06:55.668 I/sunxi-mmc 4020000.sdmmc( 34): sdc set ios:clk 400000Hz bm PP pm ON vdd 23 width 1 timing LEGACY(SDR12) dt B
10-16 15:06:55.669 I/sunxi-mmc 4022000.sdmmc( 127): sdc set ios:clk 400000Hz bm OD pm ON vdd 23 width 1 timing LEGACY(SDR12) dt B
10-16 15:06:55.669 I/sunxi-mmc 4022000.sdmmc( 127): sdc set ios:clk 400000Hz bm OD pm ON vdd 23 width 1 timing LEGACY(SDR12) dt B
10-16 15:06:55.672 I/sunxi-mmc 4022000.sdmmc( 127): sdc set ios:clk 400000Hz bm OD pm ON vdd 23 width 1 timing LEGACY(SDR12) dt B
10-16 15:06:55.681 I/sunxi-mmc 4020000.sdmmc( 34): detmode:gpio irq
10-16 15:06:55.682 I/sunxi-mmc 4021000.sdmmc( 34): SD/MMC/SDIO Host Controller Driver(v4.20 2021-12-17 11:02)
10-16 15:06:55.682 I/sunxi-mmc 4021000.sdmmc( 34): ***ctl-spec-caps*** 8
10-16 15:06:55.682 I/sunxi-mmc 4020000.sdmmc( 130): sdc set ios:clk 0Hz bm PP pm OFF vdd 0 width 1 timing LEGACY(SDR12) dt B
10-16 15:06:55.683 I/sunxi-mmc 4021000.sdmmc( 34): No vdmmc regulator found
10-16 15:06:55.683 I/sunxi-mmc 4021000.sdmmc( 34): No vd33sw regulator found
10-16 15:06:55.683 I/sunxi-mmc 4021000.sdmmc( 34): No vd18sw regulator found
10-16 15:06:55.683 I/sunxi-mmc 4021000.sdmmc( 34): No vq33sw regulator found
10-16 15:06:55.683 I/sunxi-mmc 4021000.sdmmc( 34): No vq18sw regulator found
10-16 15:06:55.683 W/sunxi-mmc 4021000.sdmmc( 34): Cann't get sleep pinstate,check if needed
10-16 15:06:55.684 I/sunxi-mmc 4021000.sdmmc( 34): sdc set ios:clk 0Hz bm PP pm UP vdd 23 width 1 timing LEGACY(SDR12) dt B
10-16 15:06:55.688 I/sunxi-mmc 4022000.sdmmc( 127): sdc set ios:clk 400000Hz bm PP pm ON vdd 23 width 1 timing LEGACY(SDR12) dt B
10-16 15:06:55.696 I/sunxi-mmc 4021000.sdmmc( 34): sdc set ios:clk 400000Hz bm PP pm ON vdd 23 width 1 timing LEGACY(SDR12) dt B
10-16 15:06:55.700 E/sunxi-mmc 4022000.sdmmc( 127): avoid to switch power_off_notification to POWERED_ON(0x01)
10-16 15:06:55.711 I/sunxi-mmc 4021000.sdmmc( 34): detmode:manually by software
10-16 15:06:55.711 W/sun50iw9-pinctrl 300b000.pinctrl( 34): 300b000.pinctrl supply vcc-ph not found, using dummy regulator
10-16 15:06:55.711 E/uart0 ( 34): get regulator failed
10-16 15:06:55.716 W/uart0 ( 34): uart0 supply uart not found, using dummy regulator
10-16 15:06:55.717 E/uart0 ( 34): uart0 error to get fifo size property
10-16 15:06:55.724 E/sunxi-mmc 4022000.sdmmc( 127): avoid to switch power_off_notification to POWERED_ON(0x01)
10-16 15:06:55.734 I/uart0 ( 34): ttyAS0 at MMIO 0x5000000 (irq = 43, base_baud = 1500000) is a SUNXI
10-16 15:06:55.734 W/ ( 34): sw_console_setup()1807 - console setup baud 115200 parity n bits 8, flow n
10-16 15:06:55.734 I/printk ( 34): console [ttyAS0] enabled
10-16 15:06:55.734 I/printk ( 34): bootconsole [uart8250] disabled
10-16 15:06:55.734 E/sunxi-mmc 4022000.sdmmc( 127): avoid to switch power_off_notification to POWERED_ON(0x01)
10-16 15:06:55.745 E/uart1 ( 34): get regulator failed
10-16 15:06:55.750 W/uart1 ( 34): uart1 supply uart not found, using dummy regulator
10-16 15:06:55.750 I/uart1 ( 34): ttyAS1 at MMIO 0x5000400 (irq = 44, base_baud = 1500000) is a SUNXI
10-16 15:06:55.751 E/sunxi-mmc 4022000.sdmmc( 127): avoid to switch power_off_notification to POWERED_ON(0x01)
10-16 15:06:55.761 W/spi1 ( 34): spi1 supply spi not found, using dummy regulator
10-16 15:06:55.761 W/ ( 34): sunxi_spi_resource_get()2061 - [spi1] SPI MASTER MODE
10-16 15:06:55.761 W/ ( 34): sunxi_spi_clk_init()2137 - [spi1] mclk 100000000
10-16 15:06:55.762 W/ ( 34): sunxi_spi_probe()2541 - [spi1]: driver probe succeed, base ffffffc013de1000, irq 46
10-16 15:06:55.763 E/sun50iw9-pinctrl 300b000.pinctrl( 34): unsupported function io_disabled on pin PA0
10-16 15:06:55.773 I/sunxi-mmc 4021000.sdmmc( 130): sdc set ios:clk 400000Hz bm PP pm ON vdd 23 width 1 timing LEGACY(SDR12) dt B
10-16 15:06:55.773 I/sunxi-mmc 4022000.sdmmc( 127): sdc set ios:clk 400000Hz bm PP pm ON vdd 23 width 8 timing LEGACY(SDR12) dt B
10-16 15:06:55.773 E/sun50iw9-pinctrl 300b000.pinctrl( 34): unsupported function io_disabled on pin PA1
10-16 15:06:55.783 E/sun50iw9-pinctrl 300b000.pinctrl( 34): unsupported function io_disabled on pin PA2
10-16 15:06:55.793 I/sunxi-mmc 4022000.sdmmc( 127): sdc set ios:clk 400000Hz bm PP pm ON vdd 23 width 8 timing MMC-HS200 dt B
10-16 15:06:55.793 E/sun50iw9-pinctrl 300b000.pinctrl( 34): unsupported function io_disabled on pin PA3
10-16 15:06:55.803 I/sunxi-mmc 4022000.sdmmc( 127): sdc set ios:clk 100000000Hz bm PP pm ON vdd 23 width 8 timing MMC-HS200 dt B
10-16 15:06:55.803 I/sunxi-mmc 4021000.sdmmc( 130): sdc set ios:clk 400000Hz bm PP pm ON vdd 23 width 1 timing LEGACY(SDR12) dt B
10-16 15:06:55.803 I/sunxi-mmc 4022000.sdmmc( 127): sdc set ios:clk 100000000Hz bm PP pm ON vdd 23 width 8 timing MMC-HS(SDR20) dt B
10-16 15:06:55.803 I/sunxi-mmc 4022000.sdmmc( 127): sdc set ios:clk 52000000Hz bm PP pm ON vdd 23 width 8 timing MMC-HS(SDR20) dt B
10-16 15:06:55.803 E/sun50iw9-pinctrl 300b000.pinctrl( 34): unsupported function io_disabled on pin PA4
10-16 15:06:55.813 E/sun50iw9-pinctrl 300b000.pinctrl( 34): unsupported function io_disabled on pin PA5
10-16 15:06:55.814 I/[ C0] random( 0): fast init done
10-16 15:06:55.823 E/sun50iw9-pinctrl 300b000.pinctrl( 34): unsupported function io_disabled on pin PA6
10-16 15:06:55.833 I/sunxi-mmc 4022000.sdmmc( 127): sdc set ios:clk 50000000Hz bm PP pm ON vdd 23 width 8 timing MMC-HS400 dt B
10-16 15:06:55.833 I/sunxi-mmc 4022000.sdmmc( 127): sdc set ios:clk 100000000Hz bm PP pm ON vdd 23 width 8 timing MMC-HS400 dt B
10-16 15:06:55.833 E/sun50iw9-pinctrl 300b000.pinctrl( 34): unsupported function io_disabled on pin PA7
10-16 15:06:55.843 E/sun50iw9-pinctrl 300b000.pinctrl( 34): unsupported function io_disabled on pin PA8
10-16 15:06:55.853 E/sun50iw9-pinctrl 300b000.pinctrl( 34): unsupported function io_disabled on pin PA9
10-16 15:06:55.863 I/mmc0 ( 127): new HS400 MMC card at address 0001
10-16 15:06:55.863 W/sun50iw9-pinctrl 300b000.pinctrl( 34): 300b000.pinctrl supply vcc-pa not found, using dummy regulator
10-16 15:06:55.864 I/mmcblk0 ( 127): mmc0:0001 07S000 29.3 GiB
10-16 15:06:55.864 I/mmcblk0boot0( 127): mmc0:0001 07S000 partition 1 4.00 MiB
10-16 15:06:55.865 I/mmcblk0boot1( 127): mmc0:0001 07S000 partition 2 4.00 MiB
10-16 15:06:55.865 I/ ( 34): sunxi gmac driver's version: 1.0.0
10-16 15:06:55.865 I/mmcblk0rpmb( 127): mmc0:0001 07S000 partition 3 4.00 MiB, chardev (244:0)
10-16 15:06:55.866 I/gmac-power0( 34): NULL
10-16 15:06:55.866 I/gmac-power1( 34): NULL
10-16 15:06:55.866 I/gmac-power2( 34): NULL
10-16 15:06:55.867 D/eth0 MAC( 34): 20:2:fe:1c:fb:f7
10-16 15:06:55.868 I/mmcblk0 ( 127): p1 p2 p3 p4 p5 p6 p7 p8 p9 p10 p11 p12 p13 p14 p15 p16 p17 p18 p19 p20 p21 p22 p23 p24 p25
10-16 15:06:55.872 E/sunxi_ir_startup( 34): get ir protocol failed
10-16 15:06:55.874 I/ ( 34): Registered IR keymap rc_map_sunxi
10-16 15:06:55.881 I/rc0 ( 34): sunxi-ir as /devices/platform/soc@3000000/7040000.s_cir/rc/rc0
10-16 15:06:55.881 I/input ( 34): sunxi-ir as /devices/platform/soc@3000000/7040000.s_cir/rc/rc0/s_cir_rx
10-16 15:06:55.882 I/sunxi-mmc 4021000.sdmmc( 130): sdc set ios:clk 400000Hz bm PP pm ON vdd 23 width 4 timing LEGACY(SDR12) dt B
10-16 15:06:55.882 E/ ( 34): failed to get standby led pin assign
10-16 15:06:55.882 I/sunxi-mmc 4021000.sdmmc( 130): sdc set ios:clk 400000Hz bm PP pm ON vdd 23 width 4 timing UHS-SDR104 dt B
10-16 15:06:55.888 I/sunxi-mmc 4021000.sdmmc( 130): sdc set ios:clk 150000000Hz bm PP pm ON vdd 23 width 4 timing UHS-SDR104 dt B
10-16 15:06:55.888 E/ ( 34): failed to get network led pin assign
10-16 15:06:55.894 E/ ( 34): failed to get gpio_sdcard_reused assign
10-16 15:06:55.901 I/ ( 34): gpio_pin_1(230) gpio_is_valid
10-16 15:06:55.901 I/mmc2 ( 130): new ultra high speed SDR104 SDIO card at address 8800
10-16 15:06:55.901 I/ ( 34): gpio_pin_2(229) gpio_is_valid
10-16 15:06:55.901 I/gpio ( 34): 230, name: PH6, ret = 0
10-16 15:06:55.902 I/gpio ( 34): 229, name: PH5, ret = 0
10-16 15:06:55.902 I/ ( 34): gpio-sunxi probe success
10-16 15:06:55.904 W/energy_model( 34): pd0: hertz/watts ratio non-monotonically decreasing: em_cap_state 1 >= em_cap_state0
10-16 15:06:55.904 D/energy_model( 34): Created perf domain 0-3
10-16 15:06:55.915 F/FD650 ( 1): fd650_driver_init: FD650 Driver init.
10-16 15:06:55.923 F/FD650 ( 1): NOTE: register_fd650_driver:::register fd650 driver success
10-16 15:06:55.935 W/ ( 1): [sound 145][COMMON snd_sunxi_pa_pin_init] pa_pin_max get failed, default 0
10-16 15:06:55.936 I/[sound 1022][SPDIF snd_sunxi_dts_params_init] playback_cma( 1): 128
10-16 15:06:55.936 I/[sound 1023][SPDIF snd_sunxi_dts_params_init] capture_cma( 1): 128
10-16 15:06:55.936 I/[sound 1024][SPDIF snd_sunxi_dts_params_init] tx_fifo_size( 1): 128
10-16 15:06:55.936 I/[sound 1025][SPDIF snd_sunxi_dts_params_init] rx_fifo_size( 1): 64
10-16 15:06:55.937 I/ ( 124): HDMI cable is connected
10-16 15:06:55.938 E/debugfs ( 1): Directory 'soc@3000000:codec_plat' with parent 'audiocodec' already present!
10-16 15:06:55.949 I/sunxi-snd-mach soc@3000000( 1): codec_mach: 5096000.codec <-> soc@3000000:codec_plat mapping ok
10-16 15:06:55.950 E/debugfs ( 1): Directory '5093000.spdif_plat' with parent 'sndspdif' already present!
10-16 15:06:55.961 I/sunxi-snd-mach soc@3000000( 1): spdif_mach: snd-soc-dummy-dai <-> 5093000.spdif_plat mapping ok
10-16 15:06:55.961 I/sunxi-snd-mach soc@3000000( 1): ahub_dam_mach: snd-soc-dummy-dai <-> 5097000.ahub_dam_plat mapping ok
10-16 15:06:55.962 E/debugfs ( 1): Directory 'soc@3000000:ahub1_plat' with parent 'ahubhdmi' already present!
10-16 15:06:55.973 I/sunxi-snd-mach soc@3000000( 1): ahub1_mach: snd-soc-dummy-dai <-> soc@3000000:ahub1_plat mapping ok
10-16 15:06:55.973 E/debugfs ( 1): Directory 'soc@3000000:ahub2_plat' with parent 'ahubi2s2' already present!
10-16 15:06:55.984 I/sunxi-snd-mach soc@3000000( 1): ahub2_mach: snd-soc-dummy-dai <-> soc@3000000:ahub2_plat mapping ok
10-16 15:06:55.985 I/cfg80211( 1): Loading compiled-in X.509 certificates for regulatory database
10-16 15:06:55.987 I/cfg80211( 1): Loaded X.509 cert 'sforshee: 00b28ddf47aef9cea7'
10-16 15:06:55.987 W/platform regulatory.0( 35): Direct firmware load for regulatory.db failed with error -2
10-16 15:06:55.987 W/platform regulatory.0( 35): Falling back to sysfs fallback for: regulatory.db
10-16 15:06:55.987 W/clk ( 1): Not disabling unused clocks
10-16 15:06:55.987 E/ ( 1): get_key_map_info()187 - Failed to find "oe" in dts.
10-16 15:06:55.995 E/ ( 0): [ C0] sunxi-i2c sunxi-i2c5: SLA+W has been transmitted; ACK not received
10-16 15:06:56.003 E/sunxi-i2c5( 1): engine-mode: xfer failed(dev addr:0x10)
10-16 15:06:56.012 I/ ( 1): of_property_read_string ac200.tv_regulator_name fail
10-16 15:06:56.012 E/ ( 1): [ac200] get ave_regulator_name failed!
10-16 15:06:56.018 E/ ( 1): [ac200] pwm enable
10-16 15:06:56.022 I/ ( 1): ALSA device list:
10-16 15:06:56.022 I/ ( 1): #0: audiocodec
10-16 15:06:56.022 I/ ( 1): #1: sndspdif
10-16 15:06:56.022 I/ ( 1): #2: ahubdam
10-16 15:06:56.022 I/ ( 1): #3: ahubhdmi
10-16 15:06:56.022 I/ ( 1): #4: ahubi2s2
10-16 15:06:56.022 W/alloc_fd( 1): slot 0 not NULL!
10-16 15:06:56.023 I/ ( 1): Freeing unused kernel memory: 1088K
10-16 15:06:56.049 E/ ( 1): Kernel init done
10-16 15:06:56.053 I/ ( 1): Run /init as init process
10-16 15:06:56.127 I/init ( 1): init first stage started!
10-16 15:06:56.127 I/init ( 1): Unable to open /lib/modules, skipping module loading.
10-16 15:06:56.127 I/init ( 1): Copied ramdisk prop to /second_stage_resources/system/etc/ramdisk/build.prop
10-16 15:06:56.127 I/init ( 1): Switching root to '/first_stage_ramdisk'
10-16 15:06:56.128 I/init ( 1): [libfs_mgr]ReadFstabFromDt(): failed to read fstab from dt
10-16 15:06:56.130 I/init ( 1): Using Android DT directory /proc/device-tree/firmware/android/
10-16 15:06:56.174 I/init ( 1): [libfs_mgr]superblock s_max_mnt_count:65535,/dev/block/by-name/metadata
10-16 15:06:56.174 W/EXT4-fs (mmcblk0p19)( 1): Ignoring removed nomblk_io_submit option
10-16 15:06:56.176 I/EXT4-fs (mmcblk0p19)( 1): mounted filesystem with ordered data mode. Opts: errors=remount-ro,nomblk_io_submit
10-16 15:06:56.176 W/ ( 1): ext4 filesystem being mounted at /metadata supports timestamps until 2038 (0x7fffffff)
10-16 15:06:56.176 I/init ( 1): [libfs_mgr]check_fs(): mount(/dev/block/by-name/metadata,/metadata,ext4)=0: Success
10-16 15:06:56.178 I/init ( 1): [libfs_mgr]check_fs(): unmount(/metadata) succeeded
10-16 15:06:56.178 I/init ( 1): [libfs_mgr]Running /system/bin/e2fsck on /dev/block/mmcblk0p19
10-16 15:06:56.180 I/random ( 148): e2fsck: uninitialized urandom read (40 bytes read)
10-16 15:06:56.181 I/e2fsck ( 1): e2fsck 1.45.4 (23-Sep-2019)
10-16 15:06:56.184 I/e2fsck ( 1): /dev/block/by-name/metadata: clean, 30/4096 files, 1191/4096 blocks
10-16 15:06:56.187 I/EXT4-fs (mmcblk0p19)( 1): mounted filesystem with ordered data mode. Opts: errors=panic
10-16 15:06:56.187 W/ ( 1): ext4 filesystem being mounted at /metadata supports timestamps until 2038 (0x7fffffff)
10-16 15:06:56.192 I/random ( 1): init: uninitialized urandom read (16 bytes read)
10-16 15:06:56.193 I/random ( 1): init: uninitialized urandom read (16 bytes read)
10-16 15:06:56.199 I/EXT4-fs (dm-0)( 1): mounted filesystem without journal. Opts: barrier=1
10-16 15:06:56.207 I/EXT4-fs (dm-1)( 1): mounted filesystem without journal. Opts: barrier=1
10-16 15:06:56.210 I/EXT4-fs (dm-3)( 1): mounted filesystem without journal. Opts: barrier=1
10-16 15:06:56.213 I/EXT4-fs (dm-2)( 1): mounted filesystem without journal. Opts: barrier=1
10-16 15:06:56.218 I/newfs_msdos( 1): executing /system/bin/newfs_msdos failed: No such file or directory
10-16 15:06:56.219 I/newfs_msdos( 1): newfs_msdos terminated by exit(255)
10-16 15:06:56.225 W/SELinux ( 1): Unable to set superblock options before the security server is initialized
10-16 15:06:56.254 W/printk ( 1): init: 26 output lines suppressed due to ratelimiting
10-16 15:06:56.416 W/init ( 1): DM_DEV_STATUS failed for system_ext_a: No such device or address
10-16 15:06:56.416 E/init ( 1): Could not update logical partition
10-16 15:06:56.422 I/init ( 1): Opening SELinux policy
10-16 15:06:56.431 I/init ( 1): Loading SELinux policy
10-16 15:06:56.450 I/SELinux ( 1): Permission nlmsg_getneigh in class netlink_route_socket not defined in policy.
10-16 15:06:56.450 I/SELinux ( 1): the above unknown classes and permissions will be denied
10-16 15:06:56.450 I/SELinux ( 1): policy capability network_peer_controls=1
10-16 15:06:56.450 I/SELinux ( 1): policy capability open_perms=1
10-16 15:06:56.450 I/SELinux ( 1): policy capability extended_socket_class=1
10-16 15:06:56.450 I/SELinux ( 1): policy capability always_check_network=0
10-16 15:06:56.450 I/SELinux ( 1): policy capability cgroup_seclabel=0
10-16 15:06:56.450 I/SELinux ( 1): policy capability nnp_nosuid_transition=1
10-16 15:06:56.504 W/auditd ( 177): type=1403 audit(0.0:2): auid=4294967295 ses=4294967295 lsm=selinux res=1
10-16 15:06:56.523 I/selinux ( 1): SELinux: Loaded file_contexts
10-16 15:06:56.523 I/selinux ( 1):
10-16 15:06:56.601 I/init ( 1): init second stage started!
10-16 15:06:56.669 I/init ( 1): Using Android DT directory /proc/device-tree/firmware/android/
10-16 15:06:56.677 W/init ( 1): Overriding previous property 'persist.sys.usb.config':'none' with new value 'adb'
10-16 15:06:56.678 W/init ( 1): Overriding previous property 'persist.sys.usb.config':'adb' with new value 'none'
10-16 15:06:56.679 W/init ( 1): Couldn't load property file '/vendor/default.prop': open() failed: No such file or directory: No such file or directory
10-16 15:06:56.685 W/init ( 1): Couldn't load property file '/odm_dlkm/etc/build.prop': open() failed: No such file or directory: No such file or directory
10-16 15:06:56.687 W/init ( 1): Couldn't load property file '/oem/build.prop': open() failed: No such file or directory: No such file or directory
10-16 15:06:56.688 E/init ( 1): Could not set 'ro.boot.dynamic_partitions' to 'true' while loading .prop filesRead-only property was already set
10-16 15:06:56.702 E/init ( 1): Could not set 'ro.boot.dynamic_partitions_retrofit' to 'true' while loading .prop filesRead-only property was already set
10-16 15:06:56.719 I/init ( 1): Setting product property ro.product.brand to 'Dangbei' (from ro.product.product.brand)
10-16 15:06:56.720 I/init ( 1): type=1400 audit(0.0:3): avc: denied { relabelto } for name="kmsg_debug" dev="tmpfs" ino=1080 scontext=u:r:init:s0 tcontext=u:object_r:kmsg_debug_device:s0 tclass=chr_file permissive=1
10-16 15:06:56.780 I//system/bin/init( 1): type=1107 audit(0.0:4): uid=0 auid=4294967295 ses=4294967295 subj=u:r:init:s0 msg='avc: denied { read } for property=init.svc.bootanim pid=0 uid=0 gid=0 scontext=u:r:vendor_init:s0 tcontext=u:object_r:init_service_status_private_prop:s0 tclass=file permissive=1'
10-16 15:06:56.844 E/cgroup1 ( 1): Unknown subsys name 'blkio'
10-16 15:06:56.853 E/cgroup1 ( 1): Unknown subsys name 'memory'
10-16 15:06:56.860 I/init ( 1): type=1400 audit(0.0:5): avc: denied { add_name } for name="prefetch_cluster" scontext=u:r:init:s0 tcontext=u:object_r:sysfs:s0 tclass=dir permissive=1
10-16 15:06:57.067 I/ueventd ( 165): ueventd started!
10-16 15:06:57.072 I/selinux ( 165): SELinux: Loaded file_contexts
10-16 15:06:57.072 I/selinux ( 165):
10-16 15:06:57.072 I/ueventd ( 165): Parsing file /system/etc/ueventd.rc...
10-16 15:06:57.073 I/ueventd ( 165): Added '/vendor/etc/ueventd.rc' to import list
10-16 15:06:57.073 I/ueventd ( 165): Added '/odm/etc/ueventd.rc' to import list
10-16 15:06:57.073 I/ueventd ( 165): Parsing file /vendor/etc/ueventd.rc...
10-16 15:06:57.074 I/ueventd ( 165): Unable to read config file '/vendor/etc/ueventd.rc': open() failed: No such file or directory
10-16 15:06:57.074 I/ueventd ( 165): Parsing file /odm/etc/ueventd.rc...
10-16 15:06:57.074 I/ueventd ( 165): Unable to read config file '/odm/etc/ueventd.rc': open() failed: No such file or directory
10-16 15:06:57.100 I/init ( 168): type=1400 audit(0.0:6): avc: denied { write } for name="kmsg_debug" dev="tmpfs" ino=1080 scontext=u:r:init:s0 tcontext=u:object_r:kmsg_debug_device:s0 tclass=chr_file permissive=1
10-16 15:06:57.100 I/init ( 168): type=1400 audit(0.0:7): avc: denied { open } for path="/dev/kmsg_debug" dev="tmpfs" ino=1080 scontext=u:r:init:s0 tcontext=u:object_r:kmsg_debug_device:s0 tclass=chr_file permissive=1
10-16 15:06:57.196 I/init ( 1): type=1400 audit(0.0:8): avc: denied { mount } for name="/" dev="debugfs" ino=1 scontext=u:r:init:s0 tcontext=u:object_r:debugfs:s0 tclass=filesystem permissive=1
10-16 15:06:57.334 I/sunxi-rfkill soc@3000000( 162): rfkill: module version: v1.0.9
10-16 15:06:57.334 I/sunxi-rfkill soc@3000000( 162): rfkill: chip_en gpio=211 assert=1
10-16 15:06:57.334 E/sunxi-rfkill soc@3000000( 162): rfkill: get gpio power_en failed
10-16 15:06:57.342 I/sunxi-rfkill soc@3000000( 162): rfkill: wlan_busnum (1)
10-16 15:06:57.342 W/sunxi-rfkill soc@3000000( 162): rfkill: Missing wlan_power.
10-16 15:06:57.342 I/sunxi-rfkill soc@3000000( 162): rfkill: wlan clock[0] (osc32k-out)
10-16 15:06:57.342 I/sunxi-rfkill soc@3000000( 162): rfkill: wlan_regon gpio=210 assert=1
10-16 15:06:57.342 I/sunxi-rfkill soc@3000000( 162): rfkill: wlan_hostwake gpio=207 assert=1
10-16 15:06:57.342 I/sunxi-rfkill soc@3000000( 162): rfkill: wakeup source is enabled
10-16 15:06:57.343 W/sunxi-rfkill soc@3000000( 162): rfkill: Missing bt_power.
10-16 15:06:57.343 I/sunxi-rfkill soc@3000000( 162): rfkill: bt clock[0] (osc32k-out)
10-16 15:06:57.343 E/sunxi-rfkill soc@3000000( 162): rfkill: get gpio bt_rst failed
10-16 15:06:57.455 I/ ( 1): Registered swp emulation handler
10-16 15:06:57.492 I/init ( 162): type=1400 audit(0.0:9): avc: denied { add_name } for name="comp_algorithm" scontext=u:r:vendor_init:s0 tcontext=u:object_r:sysfs_zram:s0 tclass=dir permissive=1
10-16 15:06:57.492 I/init ( 162): type=1400 audit(0.0:10): avc: denied { create } for name="comp_algorithm" scontext=u:r:vendor_init:s0 tcontext=u:object_r:sysfs_zram:s0 tclass=file permissive=1
10-16 15:06:57.570 I/logd.auditd( 177): start
10-16 15:06:57.588 I/hwservicemanager( 180): getDeviceHalManifest: Successfully processed VINTF information
10-16 15:06:57.589 I/hwservicemanager( 180): getFrameworkHalManifest: Successfully processed VINTF information
10-16 15:06:57.591 I/hwservicemanager( 180): hwservicemanager is ready now.
10-16 15:06:57.576 I/fsck.f2fs( 1): Info: Fix the reported corruption.
10-16 15:06:57.578 I/fsck.f2fs( 1): Info: No support kernel version!
10-16 15:06:57.578 I/fsck.f2fs( 1): Info: Segments per section = 1
10-16 15:06:57.578 I/fsck.f2fs( 1): Info: Sections per zone = 1
10-16 15:06:57.578 I/fsck.f2fs( 1): Info: sector size = 512
10-16 15:06:57.578 I/fsck.f2fs( 1): Info: total sectors = 54377439 (26551 MB)
10-16 15:06:57.579 I/fsck.f2fs( 1): Info: MKFS version
10-16 15:06:57.579 I/fsck.f2fs( 1): "5.4.125+"
10-16 15:06:57.579 I/fsck.f2fs( 1): Info: FSCK version
10-16 15:06:57.579 I/fsck.f2fs( 1): from "5.4.125+"
10-16 15:06:57.589 I/F2FS-fs (mmcblk0p25)( 1): Using encoding defined by superblock: utf8-12.1.0 with flags 0x0 --------- beginning of system
10-16 15:06:57.613 I/vold ( 186): Vold 3.0 (the awakening) firing up
10-16 15:06:57.614 D/vold ( 186): Detected support for: ext4 f2fs vfat
10-16 15:06:57.618 I/F2FS-fs (mmcblk0p25)( 1): Found nat_bits in checkpoint
10-16 15:06:57.620 D/vold ( 186): Found unmanaged dm device named system_a
10-16 15:06:57.620 D/vold ( 186): Found unmanaged dm device named vendor_dlkm_a
10-16 15:06:57.620 D/vold ( 186): Found unmanaged dm device named vendor_a
10-16 15:06:57.620 D/vold ( 186): Found unmanaged dm device named product_a
10-16 15:06:57.625 D/vold ( 186): VoldNativeService::start() completed OK
10-16 15:06:57.865 I/F2FS-fs (mmcblk0p25)( 1): Mounted with checkpoint version = b290310
10-16 15:06:57.896 I/init ( 1): type=1400 audit(0.0:11): avc: denied { getattr } for path="/sys/kernel/debug/devices_deferred" dev="debugfs" ino=5723 scontext=u:r:init:s0 tcontext=u:object_r:debugfs:s0 tclass=file permissive=1
10-16 15:06:57.896 I/init ( 1): type=1400 audit(0.0:12): avc: denied { getattr } for path="/sys/kernel/debug/wakeup_sources" dev="debugfs" ino=2050 scontext=u:r:init:s0 tcontext=u:object_r:debugfs_wakeup_sources:s0 tclass=file permissive=1
10-16 15:06:57.995 E/cutils-trace( 203): Error opening trace file: No such file or directory (2)
10-16 15:06:57.996 E/cutils-trace( 180): Error opening trace file: No such file or directory (2)
10-16 15:06:57.999 I/HidlServiceManagement( 203): Registered android.system.suspend@1.0::ISystemSuspend/default
10-16 15:06:57.999 I/HidlServiceManagement( 203): Removing namespace from process name android.system.suspend@1.0-service to suspend@1.0-service.
10-16 15:06:58.015 D/tee_supplicant( 207): using device "/dev/teepriv0"
10-16 15:06:58.015 D/tee_supplicant( 207): looping
10-16 15:06:58.017 I/fsverity_init( 208): LoadKeyFromFile path=/system/etc/security/fsverity/fsverity-release.x509.der keyname=fsv_system_0
10-16 15:06:58.026 E/cutils-trace( 205): Error opening trace file: No such file or directory (2)
10-16 15:06:58.040 W/mali_kbase( 162): loading out-of-tree module taints kernel.
10-16 15:06:58.046 I/HidlServiceManagement( 205): Registered android.hardware.boot@1.2::IBootControl/default
10-16 15:06:58.046 I/HidlServiceManagement( 205): Removing namespace from process name android.hardware.boot@1.2-service to boot@1.2-service.
10-16 15:06:58.046 I/LegacySupport( 205): Registration complete for android.hardware.boot@1.0::IBootControl/default.
10-16 15:06:58.062 I/android.hardware.security.keymint-service( 206): adding keymint service instance: android.hardware.security.keymint.IKeyMintDevice/default
10-16 15:06:58.063 I/servicemanager( 179): getDeviceHalManifest: Reading VINTF information.
10-16 15:06:58.074 I/mali 1800000.gpu( 162): Regulators probed: 0
10-16 15:06:58.074 I/mali 1800000.gpu( 162): Clocks probed: 2
10-16 15:06:58.076 I/mali 1800000.gpu( 162): [950mv-600MHz] bak[950mv-600MHz] inde_power:0 idle:1 dvfs:1
10-16 15:06:58.076 I/mali 1800000.gpu( 162): GPU identified as 0x3 arch 7.0.9 r0p0 status 0
10-16 15:06:58.076 I/mali 1800000.gpu( 162): No memory group manager is configured
10-16 15:06:58.072 I/servicemanager( 179): getDeviceHalManifest: Successfully processed VINTF information
10-16 15:06:58.072 I/servicemanager( 179): getFrameworkHalManifest: Reading VINTF information.
10-16 15:06:58.078 I/mali 1800000.gpu( 162): Using configured power model mali-simple-power-model, and fallback mali-simple-power-model
10-16 15:06:58.080 I/mali 1800000.gpu( 162): Probed as mali0
10-16 15:06:58.077 I/servicemanager( 179): getFrameworkHalManifest: Successfully processed VINTF information
10-16 15:06:58.077 I/servicemanager( 179): Found android.hardware.security.keymint.IKeyMintDevice/default in device VINTF manifest.
10-16 15:06:58.077 I/android.hardware.security.keymint-service( 206): adding keymint service instance: android.hardware.security.secureclock.ISecureClock/default
10-16 15:06:58.080 I/servicemanager( 179): Found android.hardware.security.secureclock.ISecureClock/default in device VINTF manifest.
10-16 15:06:58.080 I/android.hardware.security.keymint-service( 206): adding keymint service instance: android.hardware.security.sharedsecret.ISharedSecret/default
10-16 15:06:58.081 I/servicemanager( 179): Found android.hardware.security.sharedsecret.ISharedSecret/default in device VINTF manifest.
10-16 15:06:58.081 I/android.hardware.security.keymint-service( 206): adding keymint service instance: android.hardware.security.keymint.IRemotelyProvisionedComponent/default
10-16 15:06:58.082 I/servicemanager( 179): Found android.hardware.security.keymint.IRemotelyProvisionedComponent/default in device VINTF manifest.
10-16 15:06:58.099 I/keystore2( 204): keystore2_main: Keystore2 is starting.
10-16 15:06:58.104 I/Checkpoint( 186): cp_prepareCheckpoint called
10-16 15:06:58.105 I/keystore2( 204): keystore2_main: Starting thread pool now.
10-16 15:06:58.105 I/keystore2( 204): getDeviceHalManifest: Reading VINTF information.
10-16 15:06:58.115 I/keystore2( 204): getDeviceHalManifest: Successfully processed VINTF information
10-16 15:06:58.133 I/tombstoned( 218): tombstoned successfully initialized
10-16 15:06:58.144 I/incfs ( 186): Initial API level of the device: 31
10-16 15:06:58.145 I/incfs ( 186): ro.incremental.enable: module:/vendor/lib/modules/incrementalfs.ko
10-16 15:06:58.145 I/incfs ( 186): isFsAvailable: false
10-16 15:06:58.145 I/incfs ( 186): isFsAvailable: false
10-16 15:06:58.145 E/incfs ( 186): could not open IncFs kernel module "/vendor/lib/modules/incrementalfs.ko": No such file or directory
10-16 15:06:58.145 E/incfs ( 186): IncFs_Features: failed to open features dir, assuming v1/none.: No such file or directory
10-16 15:06:58.146 I/ServiceManager( 186): Waiting for service 'android.security.maintenance' on '/dev/binder'...
10-16 15:06:58.616 W/keystore2( 204): keystore2::watchdog: Keystore Watchdog report:
10-16 15:06:58.617 W/keystore2( 204): keystore2::watchdog: Overdue records:
10-16 15:06:58.617 W/keystore2( 204): keystore2::watchdog: ThreadId(1) In connect_keymint: calling getHardwareInfo() Pending: 500.202251ms Overdue 205.667µs
10-16 15:06:59.617 W/keystore2( 204): keystore2::watchdog: Keystore Watchdog report:
10-16 15:06:59.617 W/keystore2( 204): keystore2::watchdog: Overdue records:
10-16 15:06:59.617 W/keystore2( 204): keystore2::watchdog: ThreadId(1) In connect_keymint: calling getHardwareInfo() Pending: 1.500420834s Overdue 1.000424209s
10-16 15:07:00.429 I/[ C1] random( 0): crng init done
10-16 15:07:00.429 I/[ C1] random( 0): 7 urandom warning(s) missed due to ratelimiting
10-16 15:07:00.450 I/keystore2( 204): keystore2::shared_secret_negotiation: Shared secret negotiation concluded successfully.
10-16 15:07:00.452 E/cutils-trace( 204): Error opening trace file: No such file or directory (2)
10-16 15:07:00.454 I/hwservicemanager( 180): getTransport: Cannot find entry android.hardware.keymaster@4.0::IKeymasterDevice/default in either framework or device VINTF manifest.
10-16 15:07:00.454 I/hwservicemanager( 180): getTransport: Cannot find entry android.hardware.keymaster@3.0::IKeymasterDevice/default in either framework or device VINTF manifest.
10-16 15:07:00.455 I/servicemanager( 179): Found android.system.keystore2.IKeystoreService/default in framework VINTF manifest.
10-16 15:07:00.458 I/keystore2( 204): keystore2_main: Successfully registered Keystore 2.0 service.
10-16 15:07:00.458 I/keystore2( 204): keystore2_main: Joining thread pool now.
10-16 15:07:00.555 I/ServiceManager( 186): Waiting for service 'android.security.maintenance' on '/dev/binder' successful after waiting 2409ms
10-16 15:07:00.557 I/keystore2( 204): keystore2::maintenance: In early_boot_ended.
10-16 15:07:00.569 I/keystore2( 204): keystore2::globals: Touching Keystore 2.0 database for this first time since boot.
10-16 15:07:00.569 I/keystore2( 204): keystore2::globals: Calling cleanup leftovers.
10-16 15:07:00.574 I/keystore2( 204): keystore2::super_key: Starting boot level watcher.
10-16 15:07:00.574 I/keystore2( 204): keystore2::super_key: Read keystore.boot_level value 30
10-16 15:07:00.574 E/keystore2( 204): keystore2::maintenance: Call to earlyBootEnded failed for security level TRUSTED_ENVIRONMENT: In keymint device: calling earlyBootEnded.
10-16 15:07:00.575 I/keystore2( 204): keystore2::super_key: Read keystore.boot_level value 30
10-16 15:07:00.576 I/hwservicemanager( 180): getTransport: Cannot find entry android.hardware.keymaster@4.0::IKeymasterDevice/default in either framework or device VINTF manifest.
10-16 15:07:00.576 I/hwservicemanager( 180): getTransport: Cannot find entry android.hardware.keymaster@3.0::IKeymasterDevice/default in either framework or device VINTF manifest.
10-16 15:07:00.576 E/keystore2( 204): keystore2::maintenance: Call to earlyBootEnded failed for security level STRONGBOX: In call_with_watchdog: getting keymint device.
10-16 15:07:00.576 E/keystore2( 204): keystore2::error: In keymint device: calling earlyBootEnded
10-16 15:07:00.576 E/keystore2( 204):
10-16 15:07:00.576 E/keystore2( 204): Caused by:
10-16 15:07:00.576 E/keystore2( 204): Error::Km(ErrorCode(-1000))
10-16 15:07:00.576 E/vold ( 186): keystore2 Keystore earlyBootEnded returned service specific error: -1000
10-16 15:07:00.624 I/apexd ( 224): This device does not support updatable APEX. Exiting
10-16 15:07:00.625 I/apexd ( 224): Marking APEXd as activated
10-16 15:07:00.700 I/derive_sdk( 226): Read version 1 from 7
10-16 15:07:00.701 I/derive_sdk( 226): Read version 1 from 5
10-16 15:07:00.701 I/derive_sdk( 226): Read version 1 from 9
10-16 15:07:00.702 I/derive_sdk( 226): Read version 1 from 4
10-16 15:07:00.702 I/derive_sdk( 226): Read version 1 from 6
10-16 15:07:00.702 I/derive_sdk( 226): Read version 1 from 3
10-16 15:07:00.703 I/derive_sdk( 226): Read version 1 from 2
10-16 15:07:00.703 I/derive_sdk( 226): Read version 1 from 1
10-16 15:07:00.704 I/derive_sdk( 226): Read version 1 from 10
10-16 15:07:00.704 I/derive_sdk( 226): Read version 1 from 8
10-16 15:07:00.704 I/derive_sdk( 226): R extension version is 1
10-16 15:07:00.705 I/derive_sdk( 226): S extension version is 1
10-16 15:07:00.729 D/vold ( 186): fscrypt_init_user0
10-16 15:07:00.729 D/vold ( 186): fscrypt_prepare_user_storage for volume null, user 0, serial 0, flags 1
10-16 15:07:00.729 D/vold ( 186): Preparing: /data/system/users/0
10-16 15:07:00.730 D/vold ( 186): Preparing: /data/misc/profiles/cur/0
10-16 15:07:00.730 D/vold ( 186): Preparing: /data/system_de/0
10-16 15:07:00.731 D/vold ( 186): Preparing: /data/misc_de/0
10-16 15:07:00.731 D/vold ( 186): Preparing: /data/vendor_de/0
10-16 15:07:00.731 D/vold ( 186): Preparing: /data/user_de/0
10-16 15:07:00.735 D/vdc ( 227): Waited 0ms for vold
10-16 15:07:00.732 D/vold ( 186): /system/bin/vold_prepare_subdirs
10-16 15:07:00.732 D/vold ( 186): prepare
10-16 15:07:00.732 D/vold ( 186):
10-16 15:07:00.732 D/vold ( 186): 0
10-16 15:07:00.732 D/vold ( 186): 1
10-16 15:07:00.764 D/vold_prepare_subdirs( 228): Setting up mode 771 uid 1000 gid 1000 context u:object_r:system_data_file:s0:c512,c768 on path: /data/user_de/0
10-16 15:07:00.765 D/vold_prepare_subdirs( 228): Setting up mode 700 uid 0 gid 0 context u:object_r:vold_data_file:s0 on path: /data/misc_de/0/vold
10-16 15:07:00.765 D/vold_prepare_subdirs( 228): Setting up mode 700 uid 0 gid 0 context u:object_r:storaged_data_file:s0 on path: /data/misc_de/0/storaged
10-16 15:07:00.766 D/vold_prepare_subdirs( 228): Setting up mode 700 uid 0 gid 0 context u:object_r:rollback_data_file:s0 on path: /data/misc_de/0/rollback
10-16 15:07:00.767 D/vold_prepare_subdirs( 228): Setting up mode 700 uid 0 gid 0 context u:object_r:apex_rollback_data_file:s0 on path: /data/misc_de/0/apexrollback
10-16 15:07:00.767 D/vold_prepare_subdirs( 228): Setting up mode 711 uid 0 gid 0 context u:object_r:apex_module_data_file:s0 on path: /data/misc_de/0/apexdata
10-16 15:07:00.768 D/vold_prepare_subdirs( 228): Setting up mode 771 uid 0 gid 1000 context u:object_r:apex_wifi_data_file:s0 on path: /data/misc_de/0/apexdata/com.android.wifi
10-16 15:07:00.769 D/vold_prepare_subdirs( 228): Setting up mode 771 uid 0 gid 1000 context u:object_r:apex_module_data_file:s0 on path: /data/misc_de/0/apexdata/com.android.vndk.v31
10-16 15:07:00.770 D/vold_prepare_subdirs( 228): Setting up mode 771 uid 0 gid 1000 context u:object_r:apex_module_data_file:s0 on path: /data/misc_de/0/apexdata/com.android.tzdata
10-16 15:07:00.770 D/vold_prepare_subdirs( 228): Setting up mode 771 uid 0 gid 1000 context u:object_r:apex_module_data_file:s0 on path: /data/misc_de/0/apexdata/com.android.tethering
10-16 15:07:00.771 D/vold_prepare_subdirs( 228): Setting up mode 771 uid 0 gid 1000 context u:object_r:apex_module_data_file:s0 on path: /data/misc_de/0/apexdata/com.android.sdkext
10-16 15:07:00.772 D/vold_prepare_subdirs( 228): Setting up mode 771 uid 0 gid 1000 context u:object_r:apex_module_data_file:s0 on path: /data/misc_de/0/apexdata/com.android.scheduling
10-16 15:07:00.772 D/vold_prepare_subdirs( 228): Setting up mode 771 uid 0 gid 1000 context u:object_r:apex_module_data_file:s0 on path: /data/misc_de/0/apexdata/com.android.runtime
10-16 15:07:00.773 D/vold_prepare_subdirs( 228): Setting up mode 771 uid 0 gid 1000 context u:object_r:apex_module_data_file:s0 on path: /data/misc_de/0/apexdata/com.android.resolv
10-16 15:07:00.773 D/vold_prepare_subdirs( 228): Setting up mode 771 uid 0 gid 1000 context u:object_r:apex_permission_data_file:s0 on path: /data/misc_de/0/apexdata/com.android.permission
10-16 15:07:00.774 D/vold_prepare_subdirs( 228): Setting up mode 771 uid 0 gid 1000 context u:object_r:apex_module_data_file:s0 on path: /data/misc_de/0/apexdata/com.android.os.statsd
10-16 15:07:00.775 D/vold_prepare_subdirs( 228): Setting up mode 771 uid 0 gid 1000 context u:object_r:apex_module_data_file:s0 on path: /data/misc_de/0/apexdata/com.android.neuralnetworks
10-16 15:07:00.776 D/vold_prepare_subdirs( 228): Setting up mode 771 uid 0 gid 1000 context u:object_r:apex_module_data_file:s0 on path: /data/misc_de/0/apexdata/com.android.mediaprovider
10-16 15:07:00.776 D/vold_prepare_subdirs( 228): Setting up mode 771 uid 0 gid 1000 context u:object_r:apex_module_data_file:s0 on path: /data/misc_de/0/apexdata/com.android.media.swcodec
10-16 15:07:00.777 D/vold_prepare_subdirs( 228): Setting up mode 771 uid 0 gid 1000 context u:object_r:apex_module_data_file:s0 on path: /data/misc_de/0/apexdata/com.android.media
10-16 15:07:00.777 D/vold_prepare_subdirs( 228): Setting up mode 771 uid 0 gid 1000 context u:object_r:apex_module_data_file:s0 on path: /data/misc_de/0/apexdata/com.android.ipsec
10-16 15:07:00.778 D/vold_prepare_subdirs( 228): Setting up mode 771 uid 0 gid 1000 context u:object_r:apex_module_data_file:s0 on path: /data/misc_de/0/apexdata/com.android.i18n
10-16 15:07:00.779 D/vold_prepare_subdirs( 228): Setting up mode 771 uid 0 gid 1000 context u:object_r:apex_module_data_file:s0 on path: /data/misc_de/0/apexdata/com.android.extservices
10-16 15:07:00.779 D/vold_prepare_subdirs( 228): Setting up mode 771 uid 0 gid 1000 context u:object_r:apex_module_data_file:s0 on path: /data/misc_de/0/apexdata/com.android.conscrypt
10-16 15:07:00.780 D/vold_prepare_subdirs( 228): Setting up mode 771 uid 0 gid 1000 context u:object_r:apex_module_data_file:s0 on path: /data/misc_de/0/apexdata/com.android.art
10-16 15:07:00.781 D/vold_prepare_subdirs( 228): Setting up mode 771 uid 0 gid 1000 context u:object_r:apex_module_data_file:s0 on path: /data/misc_de/0/apexdata/com.android.appsearch
10-16 15:07:00.781 D/vold_prepare_subdirs( 228): Setting up mode 771 uid 0 gid 1000 context u:object_r:apex_module_data_file:s0 on path: /data/misc_de/0/apexdata/com.android.adbd
10-16 15:07:00.782 D/vold_prepare_subdirs( 228): Setting up mode 771 uid 1000 gid 1000 context u:object_r:user_profile_root_file:s0:c512,c768 on path: /data/misc/profiles/cur/0
10-16 15:07:00.782 D/vold_prepare_subdirs( 228): Setting up mode 700 uid 1000 gid 1000 context u:object_r:fingerprint_vendor_data_file:s0 on path: /data/vendor_de/0/fpdata
10-16 15:07:00.783 D/vold_prepare_subdirs( 228): Setting up mode 700 uid 1000 gid 1000 context u:object_r:face_vendor_data_file:s0 on path: /data/vendor_de/0/facedata
10-16 15:07:00.784 D/vold ( 186): fscrypt_unlock_user_key 0 serial=0
10-16 15:07:00.807 I/derive_classpath( 230): ParseFragments for bootclasspath
10-16 15:07:00.818 I/derive_classpath( 230): ReadClasspathFragment /apex/com.android.art/etc/classpaths/bootclasspath.pb
10-16 15:07:00.819 I/derive_classpath( 230): ReadClasspathFragment /system/etc/classpaths/bootclasspath.pb
10-16 15:07:00.820 I/derive_classpath( 230): ReadClasspathFragment /apex/com.android.appsearch/etc/classpaths/bootclasspath.pb
10-16 15:07:00.821 I/derive_classpath( 230): ReadClasspathFragment /apex/com.android.conscrypt/etc/classpaths/bootclasspath.pb
10-16 15:07:00.821 I/derive_classpath( 230): ReadClasspathFragment /apex/com.android.i18n/etc/classpaths/bootclasspath.pb
10-16 15:07:00.822 I/derive_classpath( 230): ReadClasspathFragment /apex/com.android.ipsec/etc/classpaths/bootclasspath.pb
10-16 15:07:00.822 I/derive_classpath( 230): ReadClasspathFragment /apex/com.android.media/etc/classpaths/bootclasspath.pb
10-16 15:07:00.823 I/derive_classpath( 230): ReadClasspathFragment /apex/com.android.mediaprovider/etc/classpaths/bootclasspath.pb
10-16 15:07:00.823 I/derive_classpath( 230): ReadClasspathFragment /apex/com.android.os.statsd/etc/classpaths/bootclasspath.pb
10-16 15:07:00.824 I/derive_classpath( 230): ReadClasspathFragment /apex/com.android.permission/etc/classpaths/bootclasspath.pb
10-16 15:07:00.824 I/derive_classpath( 230): ReadClasspathFragment /apex/com.android.scheduling/etc/classpaths/bootclasspath.pb
10-16 15:07:00.825 I/derive_classpath( 230): ReadClasspathFragment /apex/com.android.sdkext/etc/classpaths/bootclasspath.pb
10-16 15:07:00.826 I/derive_classpath( 230): ReadClasspathFragment /apex/com.android.tethering/etc/classpaths/bootclasspath.pb
10-16 15:07:00.826 I/derive_classpath( 230): ReadClasspathFragment /apex/com.android.wifi/etc/classpaths/bootclasspath.pb
10-16 15:07:00.827 I/derive_classpath( 230): ParseFragments for systemserverclasspath
