10-16 15:07:01.849 I/hdmi-cec( 262): HDMI-CEC EventThread start
10-16 15:07:01.850 I/HidlServiceManagement( 248): Registered android.hardware.bluetooth@1.0::IBluetoothHci/default
10-16 15:07:01.850 I/HidlServiceManagement( 248): Removing namespace from process name android.hardware.bluetooth@1.0-service to bluetooth@1.0-service.
10-16 15:07:01.851 I/LegacySupport( 248): Registration complete for android.hardware.bluetooth@1.0::IBluetoothHci/default.
10-16 15:07:01.844 I/init ( 162): type=1400 audit(0.0:14): avc: denied { add_name } for name="runtime_enable" scontext=u:r:vendor_init:s0 tcontext=u:object_r:sysfs_disp:s0 tclass=dir permissive=1
10-16 15:07:01.844 I/init ( 162): type=1400 audit(0.0:15): avc: denied { create } for name="runtime_enable" scontext=u:r:vendor_init:s0 tcontext=u:object_r:sysfs_disp:s0 tclass=file permissive=1
10-16 15:07:01.855 I/netd ( 241): Enabling bandwidth control: 68169us
10-16 15:07:01.864 I/netd ( 241): Initializing RouteController: 8831us
10-16 15:07:01.865 D/XfrmController( 241): XfrmController::ipSecAddXfrmInterface, line=1479
10-16 15:07:01.866 I/HidlServiceManagement( 257): Registered android.hardware.health@2.1::IHealth/default
10-16 15:07:01.866 I/HidlServiceManagement( 257): Removing namespace from process name android.hardware.health@2.1-service to health@2.1-service.
10-16 15:07:01.866 I/android.hardware.health@2.1-service( 257): default: Hal init done
10-16 15:07:01.870 D/XfrmController( 241): XfrmController::ipSecRemoveTunnelInterface, line=1692
10-16 15:07:01.870 D/XfrmController( 241): deviceName=ipsec_test
10-16 15:07:01.876 W/healthd ( 257): battery none chg=
10-16 15:07:01.874 E/gralloc ( 255): Arm Module v1.0
10-16 15:07:01.885 I/ ( 162): file system registered
10-16 15:07:01.893 E/android.hardware.usb.gadget@1.1-service.aw( 263): configfs setup not done yet
10-16 15:07:01.904 E/cutils-trace( 263): Error opening trace file: No such file or directory (2)
10-16 15:07:01.906 I/servicemanager( 179): Found android.hardware.rebootescrow.IRebootEscrow/default in device VINTF manifest.
10-16 15:07:01.912 I/display.output-service( 264): DisplayOutputManagerService is started
10-16 15:07:01.913 I/display.output-service( 264): DisplayOutputManagerService current version V2.2.0
10-16 15:07:01.913 E/cutils-trace( 264): Error opening trace file: No such file or directory (2)
10-16 15:07:01.916 D/XfrmController( 241): Sending Netlink XFRM Message: XFRM_MSG_FLUSHSA
10-16 15:07:01.916 D/XfrmController( 241): Sending Netlink XFRM Message: XFRM_MSG_FLUSHPOLICY
10-16 15:07:01.916 I/netd ( 241): Initializing XfrmController: 51711us
10-16 15:07:01.919 D/Sunxi_PQ( 275): ic_id=2, de_version=201 0x2
10-16 15:07:01.920 D/Sunxi_PQ( 275): /vendor/lib/libde201.so
10-16 15:07:01.923 I/credstore( 270): Registered binder service
10-16 15:07:01.930 I/HidlServiceManagement( 262): Registered android.hardware.tv.cec@1.0::IHdmiCec/default
10-16 15:07:01.931 I/HidlServiceManagement( 262): Removing namespace from process name android.hardware.tv.cec@1.0-service to cec@1.0-service.
10-16 15:07:01.932 I/LegacySupport( 262): Registration complete for android.hardware.tv.cec@1.0::IHdmiCec/default.
10-16 15:07:01.928 I/init ( 287): type=1400 audit(0.0:16): avc: denied { execute_no_trans } for path="/system/bin/xiriservice.sh" dev="dm-0" ino=1297 scontext=u:r:init:s0 tcontext=u:object_r:system_file:s0 tclass=file permissive=1
10-16 15:07:01.928 I/init ( 1): type=1400 audit(0.0:17): avc: denied { setattr } for name="ext_csd" dev="debugfs" ino=6036 scontext=u:r:init:s0 tcontext=u:object_r:debugfs_mmc:s0 tclass=file permissive=1
10-16 15:07:01.935 I/HidlServiceManagement( 263): Registered android.hardware.usb@1.0::IUsb/default
10-16 15:07:01.935 I/HidlServiceManagement( 263): Removing namespace from process name android.hardware.usb@1.0-service.aw to usb@1.0-service.aw.
10-16 15:07:01.935 I/HidlServiceManagement( 255): Registered android.hardware.graphics.allocator@2.0::IAllocator/default
10-16 15:07:01.936 I/sunxihwc( 256): open: Loading: sunxi hwcomposer module
10-16 15:07:01.936 I/HidlServiceManagement( 255): Removing namespace from process name android.hardware.graphics.allocator@2.0-service to allocator@2.0-service.
10-16 15:07:01.936 E/cutils-trace( 256): Error opening trace file: No such file or directory (2)
10-16 15:07:01.936 I/LegacySupport( 255): Registration complete for android.hardware.graphics.allocator@2.0::IAllocator/default.
10-16 15:07:01.937 I/hwservicemanager( 180): Since vendor.display.config@1.0::IDisplayConfig/default is not registered, trying to start it as a lazy HAL.
10-16 15:07:01.937 D/Sunxi_PQ( 275): maybe /vendor/etc/firmware/disp_firmware, fd:-1 @O_RDONLY.
10-16 15:07:01.939 W/libc ( 180): Unable to set property "ctl.interface_start" to "vendor.display.config@1.0::IDisplayConfig/default": error code: 0x20
10-16 15:07:01.939 I/hwservicemanager( 180): Tried to start vendor.display.config@1.0::IDisplayConfig/default as a lazy service, but was unable to. Usually this happens when a service is not installed, but if the service is intended to be used as a lazy service, then it may be configured incorrectly.
10-16 15:07:01.940 I/HidlServiceManagement( 263): Registered android.hardware.usb.gadget@1.1::IUsbGadget/default
10-16 15:07:01.940 I/android.hardware.usb@1.0-service( 263): USB HAL Ready.
10-16 15:07:01.941 I/hwservicemanager( 180): Since vendor.display.config@1.0::IDisplayConfig/default is not registered, trying to start it as a lazy HAL.
10-16 15:07:01.936 I/pqd ( 275): type=1400 audit(0.0:18): avc: denied { read write } for name="disp_firmware" dev="mmcblk0p25" ino=221 scontext=u:r:pqd:s0 tcontext=u:object_r:system_data_root_file:s0 tclass=file permissive=1
10-16 15:07:01.936 I/pqd ( 275): type=1400 audit(0.0:19): avc: denied { open } for path="/data/disp_firmware" dev="mmcblk0p25" ino=221 scontext=u:r:pqd:s0 tcontext=u:object_r:system_data_root_file:s0 tclass=file permissive=1
10-16 15:07:01.936 I/pqd ( 275): type=1400 audit(0.0:20): avc: denied { map } for path="/data/disp_firmware" dev="mmcblk0p25" ino=221 scontext=u:r:pqd:s0 tcontext=u:object_r:system_data_root_file:s0 tclass=file permissive=1
10-16 15:07:01.941 D/Sunxi_PQ( 275): config display firmware completed...
10-16 15:07:01.941 D/Sunxi_PQ( 275): There is not the /vendor/etc/firmware/disp_firmware, creat it.
10-16 15:07:01.941 I/HidlServiceManagement( 264): getService: Trying again for vendor.display.config@1.0::IDisplayConfig/default...
10-16 15:07:01.941 D/Sunxi_PQ( 275): Sunxi PQ entry tanslate thread.
10-16 15:07:01.942 D/Sunxi_PQ( 275): sunxi PQ wait for client connect from tcp port:5005...
10-16 15:07:01.949 I/sunxi-rfkill soc@3000000( 162): rfkill: set block: 0
10-16 15:07:01.949 I/sunxi-rfkill soc@3000000( 162): rfkill: bt power on success
10-16 15:07:01.942 I/HidlServiceManagement( 256): Registered android.hardware.graphics.composer@2.2::IComposer/default
10-16 15:07:01.942 D/Sunxi_PQ( 275): creat a connect thread to deal the socket.
10-16 15:07:01.943 I/HidlServiceManagement( 256): Removing namespace from process name android.hardware.graphics.composer@2.2-service to composer@2.2-service.
10-16 15:07:01.952 W/libc ( 180): Unable to set property "ctl.interface_start" to "vendor.display.config@1.0::IDisplayConfig/default": error code: 0x20
10-16 15:07:01.953 I/hwservicemanager( 180): Tried to start vendor.display.config@1.0::IDisplayConfig/default as a lazy service, but was unable to. Usually this happens when a service is not installed, but if the service is intended to be used as a lazy service, then it may be configured incorrectly.
10-16 15:07:01.960 E/cutils-trace( 241): Error opening trace file: No such file or directory (2)
10-16 15:07:01.964 I/init ( 305): type=1400 audit(0.0:21): avc: denied { write } for name="kmsg_debug" dev="tmpfs" ino=1080 scontext=u:r:init:s0 tcontext=u:object_r:kmsg_debug_device:s0 tclass=chr_file permissive=1
10-16 15:07:01.964 I/init ( 305): type=1400 audit(0.0:22): avc: denied { open } for path="/dev/kmsg_debug" dev="tmpfs" ino=1080 scontext=u:r:init:s0 tcontext=u:object_r:kmsg_debug_device:s0 tclass=chr_file permissive=1
10-16 15:07:01.973 I/HidlServiceManagement( 247): Registered android.hardware.audio@7.0::IDevicesFactory/default
10-16 15:07:01.976 I/HidlServiceManagement( 247): Removing namespace from process name android.hardware.audio.service to audio.service.
10-16 15:07:01.977 I/LegacySupport( 247): Registration complete for android.hardware.audio@7.0::IDevicesFactory/default.
10-16 15:07:01.972 I/xiriservice.sh( 287): type=1400 audit(0.0:23): avc: denied { write } for name="tmp" dev="mmcblk0p25" ino=85 scontext=u:r:init:s0 tcontext=u:object_r:shell_data_file:s0 tclass=dir permissive=1 bug=b/77873135
10-16 15:07:01.976 I/onstartup.sh( 281): type=1400 audit(0.0:24): avc: denied { write search } for name="tmp" dev="mmcblk0p25" ino=85 scontext=u:r:onstartup:s0 tcontext=u:object_r:shell_data_file:s0 tclass=dir permissive=1
10-16 15:07:01.976 I/onstartup.sh( 281): type=1400 audit(0.0:25): avc: denied { getattr } for path="/data/local/tmp" dev="mmcblk0p25" ino=85 scontext=u:r:onstartup:s0 tcontext=u:object_r:shell_data_file:s0 tclass=dir permissive=1
10-16 15:07:02.011 E/GpuMem ( 272): Failed to retrieve pinned program from /sys/fs/bpf/prog_gpu_mem_tracepoint_gpu_mem_gpu_mem_total [2(No such file or directory)]
10-16 15:07:02.012 E/GpuMemTracer( 272): Cannot initialize GpuMemTracer before GpuMem
10-16 15:07:02.024 I/gsid ( 292): no DSU: No such file or directory
10-16 15:07:02.020 I/init ( 315): type=1400 audit(0.0:26): avc: denied { execute } for name="led_switch.sh" dev="dm-1" ino=129 scontext=u:r:init:s0 tcontext=u:object_r:vendor_file:s0 tclass=file permissive=1
10-16 15:07:02.020 I/init ( 315): type=1400 audit(0.0:27): avc: denied { execute_no_trans } for path="/vendor/bin/led_switch.sh" dev="dm-1" ino=129 scontext=u:r:init:s0 tcontext=u:object_r:vendor_file:s0 tclass=file permissive=1
10-16 15:07:02.024 I/pgrep ( 312): type=1400 audit(0.0:28): avc: denied { read } for scontext=u:r:toolbox:s0 tcontext=u:r:init:s0 tclass=file permissive=1
10-16 15:07:02.024 I/pgrep ( 312): type=1400 audit(0.0:29): avc: denied { read } for scontext=u:r:toolbox:s0 tcontext=u:r:kernel:s0 tclass=file permissive=1
10-16 15:07:02.028 I/pgrep ( 312): type=1400 audit(0.0:30): avc: denied { read } for scontext=u:r:toolbox:s0 tcontext=u:r:vendor_init:s0 tclass=file permissive=1
10-16 15:07:02.028 I/pgrep ( 312): type=1400 audit(0.0:31): avc: denied { sys_ptrace } for capability=19 scontext=u:r:toolbox:s0 tcontext=u:r:toolbox:s0 tclass=capability permissive=1
10-16 15:07:02.028 I/pgrep ( 312): type=1400 audit(0.0:32): avc: denied { read } for scontext=u:r:toolbox:s0 tcontext=u:r:ueventd:s0 tclass=file permissive=1
10-16 15:07:02.028 I/pgrep ( 312): type=1400 audit(0.0:33): avc: denied { read } for scontext=u:r:toolbox:s0 tcontext=u:r:logd:s0 tclass=file permissive=1
10-16 15:07:02.028 I/pgrep ( 312): type=1400 audit(0.0:34): avc: denied { read } for scontext=u:r:toolbox:s0 tcontext=u:r:lmkd:s0 tclass=file permissive=1
10-16 15:07:02.028 I/pgrep ( 312): type=1400 audit(0.0:35): avc: denied { read } for scontext=u:r:toolbox:s0 tcontext=u:r:servicemanager:s0 tclass=file permissive=1
10-16 15:07:02.028 I/pgrep ( 312): type=1400 audit(0.0:36): avc: denied { read } for scontext=u:r:toolbox:s0 tcontext=u:r:hwservicemanager:s0 tclass=file permissive=1
10-16 15:07:02.028 I/pgrep ( 312): type=1400 audit(0.0:37): avc: denied { getattr } for path="/proc/1" dev="proc" ino=1094 scontext=u:r:toolbox:s0 tcontext=u:r:init:s0 tclass=dir permissive=1
10-16 15:07:02.028 I/pgrep ( 312): type=1400 audit(0.0:38): avc: denied { search } for name="1" dev="proc" ino=1094 scontext=u:r:toolbox:s0 tcontext=u:r:init:s0 tclass=dir permissive=1
10-16 15:07:02.028 I/pgrep ( 312): type=1400 audit(0.0:39): avc: denied { open } for path="/proc/1/stat" dev="proc" ino=9397 scontext=u:r:toolbox:s0 tcontext=u:r:init:s0 tclass=file permissive=1
10-16 15:07:02.028 I/pgrep ( 312): type=1400 audit(0.0:40): avc: denied { getattr } for path="/proc/2" dev="proc" ino=8387 scontext=u:r:toolbox:s0 tcontext=u:r:kernel:s0 tclass=dir permissive=1
10-16 15:07:02.028 I/pgrep ( 312): type=1400 audit(0.0:41): avc: denied { search } for name="2" dev="proc" ino=8387 scontext=u:r:toolbox:s0 tcontext=u:r:kernel:s0 tclass=dir permissive=1
10-16 15:07:02.028 I/pgrep ( 312): type=1400 audit(0.0:42): avc: denied { open } for path="/proc/2/stat" dev="proc" ino=9398 scontext=u:r:toolbox:s0 tcontext=u:r:kernel:s0 tclass=file permissive=1
10-16 15:07:02.032 I/onstartup.sh( 281): type=1400 audit(0.0:43): avc: denied { getattr } for path="/data/local/fast_apks_installed" dev="mmcblk0p25" ino=224 scontext=u:r:onstartup:s0 tcontext=u:object_r:onstartup_system_file:s0 tclass=file permissive=1
10-16 15:07:02.048 I/led_switch.sh( 315): type=1400 audit(0.0:45): avc: denied { add_name } for name="led_swith.txt" scontext=u:r:init:s0 tcontext=u:object_r:shell_data_file:s0 tclass=dir permissive=1 bug=b/77873135
10-16 15:07:02.048 I/led_switch.sh( 315): type=1400 audit(0.0:46): avc: denied { create } for name="led_swith.txt" scontext=u:r:init:s0 tcontext=u:object_r:shell_data_file:s0 tclass=file permissive=1 bug=b/77873135
10-16 15:07:02.052 I/led_switch.sh( 315): type=1400 audit(0.0:47): avc: denied { write } for name="led_swith.txt" dev="mmcblk0p25" ino=222 scontext=u:r:init:s0 tcontext=u:object_r:shell_data_file:s0 tclass=file permissive=1 bug=b/77873135
10-16 15:07:02.052 I/led_switch.sh( 315): type=1400 audit(0.0:48): avc: denied { open } for path="/data/local/tmp/led_swith.txt" dev="mmcblk0p25" ino=222 scontext=u:r:init:s0 tcontext=u:object_r:shell_data_file:s0 tclass=file permissive=1 bug=b/77873135
10-16 15:07:02.040 I/pgrep ( 312): type=1400 audit(0.0:44): avc: denied { getattr } for path="/proc/162" dev="proc" ino=1129 scontext=u:r:toolbox:s0 tcontext=u:r:vendor_init:s0 tclass=dir permissive=1
10-16 15:07:02.052 I/pgrep ( 312): type=1400 audit(0.0:49): avc: denied { search } for name="162" dev="proc" ino=1129 scontext=u:r:toolbox:s0 tcontext=u:r:vendor_init:s0 tclass=dir permissive=1
10-16 15:07:02.052 I/pgrep ( 312): type=1400 audit(0.0:50): avc: denied { open } for path="/proc/162/stat" dev="proc" ino=9486 scontext=u:r:toolbox:s0 tcontext=u:r:vendor_init:s0 tclass=file permissive=1
10-16 15:07:02.056 I/pgrep ( 312): type=1400 audit(0.0:51): avc: denied { getattr } for path="/proc/165" dev="proc" ino=1171 scontext=u:r:toolbox:s0 tcontext=u:r:ueventd:s0 tclass=dir permissive=1
10-16 15:07:02.056 I/pgrep ( 312): type=1400 audit(0.0:52): avc: denied { search } for name="165" dev="proc" ino=1171 scontext=u:r:toolbox:s0 tcontext=u:r:ueventd:s0 tclass=dir permissive=1
10-16 15:07:02.056 I/pgrep ( 312): type=1400 audit(0.0:53): avc: denied { open } for path="/proc/165/stat" dev="proc" ino=9487 scontext=u:r:toolbox:s0 tcontext=u:r:ueventd:s0 tclass=file permissive=1
10-16 15:07:02.056 I/pgrep ( 312): type=1400 audit(0.0:54): avc: denied { getattr } for path="/proc/177" dev="proc" ino=876 scontext=u:r:toolbox:s0 tcontext=u:r:logd:s0 tclass=dir permissive=1
10-16 15:07:02.056 I/pgrep ( 312): type=1400 audit(0.0:55): avc: denied { search } for name="177" dev="proc" ino=876 scontext=u:r:toolbox:s0 tcontext=u:r:logd:s0 tclass=dir permissive=1
10-16 15:07:02.056 I/pgrep ( 312): type=1400 audit(0.0:56): avc: denied { open } for path="/proc/177/stat" dev="proc" ino=9490 scontext=u:r:toolbox:s0 tcontext=u:r:logd:s0 tclass=file permissive=1
10-16 15:07:02.056 I/pgrep ( 312): type=1400 audit(0.0:57): avc: denied { getattr } for path="/proc/178" dev="proc" ino=6432 scontext=u:r:toolbox:s0 tcontext=u:r:lmkd:s0 tclass=dir permissive=1
10-16 15:07:02.056 I/pgrep ( 312): type=1400 audit(0.0:58): avc: denied { search } for name="178" dev="proc" ino=6432 scontext=u:r:toolbox:s0 tcontext=u:r:lmkd:s0 tclass=dir permissive=1
10-16 15:07:02.056 I/pgrep ( 312): type=1400 audit(0.0:59): avc: denied { open } for path="/proc/178/stat" dev="proc" ino=9491 scontext=u:r:toolbox:s0 tcontext=u:r:lmkd:s0 tclass=file permissive=1
10-16 15:07:02.056 I/pgrep ( 312): type=1400 audit(0.0:60): avc: denied { getattr } for path="/proc/179" dev="proc" ino=1314 scontext=u:r:toolbox:s0 tcontext=u:r:servicemanager:s0 tclass=dir permissive=1
10-16 15:07:02.056 I/pgrep ( 312): type=1400 audit(0.0:61): avc: denied { search } for name="179" dev="proc" ino=1314 scontext=u:r:toolbox:s0 tcontext=u:r:servicemanager:s0 tclass=dir permissive=1
10-16 15:07:02.056 I/pgrep ( 312): type=1400 audit(0.0:62): avc: denied { open } for path="/proc/179/stat" dev="proc" ino=9492 scontext=u:r:toolbox:s0 tcontext=u:r:servicemanager:s0 tclass=file permissive=1
10-16 15:07:02.056 I/pgrep ( 312): type=1400 audit(0.0:63): avc: denied { read } for scontext=u:r:toolbox:s0 tcontext=u:r:vndservicemanager:s0 tclass=file permissive=1
10-16 15:07:02.056 I/pgrep ( 312): type=1400 audit(0.0:64): avc: denied { read } for scontext=u:r:toolbox:s0 tcontext=u:r:shell:s0 tclass=file permissive=1
10-16 15:07:02.056 I/pgrep ( 312): type=1400 audit(0.0:65): avc: denied { read } for scontext=u:r:toolbox:s0 tcontext=u:r:vold:s0 tclass=file permissive=1
10-16 15:07:02.056 I/pgrep ( 312): type=1400 audit(0.0:66): avc: denied { read } for scontext=u:r:toolbox:s0 tcontext=u:r:system_suspend:s0 tclass=file permissive=1
10-16 15:07:02.056 I/pgrep ( 312): type=1400 audit(0.0:67): avc: denied { read } for scontext=u:r:toolbox:s0 tcontext=u:r:keystore:s0 tclass=file permissive=1
10-16 15:07:02.056 I/pgrep ( 312): type=1400 audit(0.0:68): avc: denied { read } for scontext=u:r:toolbox:s0 tcontext=u:r:hal_bootctl_default:s0 tclass=file permissive=1
10-16 15:07:02.056 I/pgrep ( 312): type=1400 audit(0.0:69): avc: denied { read } for scontext=u:r:toolbox:s0 tcontext=u:r:hal_keymint_default:s0 tclass=file permissive=1
10-16 15:07:02.056 I/pgrep ( 312): type=1400 audit(0.0:70): avc: denied { read } for scontext=u:r:toolbox:s0 tcontext=u:r:tee:s0 tclass=file permissive=1
10-16 15:07:02.056 I/pgrep ( 312): type=1400 audit(0.0:71): avc: denied { read } for scontext=u:r:toolbox:s0 tcontext=u:r:tombstoned:s0 tclass=file permissive=1
10-16 15:07:02.056 I/pgrep ( 312): type=1400 audit(0.0:72): avc: denied { read } for scontext=u:r:toolbox:s0 tcontext=u:r:statsd:s0 tclass=file permissive=1
10-16 15:07:02.067 D/XiriService( 309): XiriService version 2.5.0.11258
10-16 15:07:02.056 I/pgrep ( 312): type=1400 audit(0.0:73): avc: denied { read } for scontext=u:r:toolbox:s0 tcontext=u:r:netd:s0 tclass=file permissive=1
10-16 15:07:02.056 I/pgrep ( 312): type=1400 audit(0.0:74): avc: denied { read } for scontext=u:r:toolbox:s0 tcontext=u:r:zygote:s0 tclass=file permissive=1
10-16 15:07:02.056 I/pgrep ( 312): type=1400 audit(0.0:75): avc: denied { read } for scontext=u:r:toolbox:s0 tcontext=u:r:hal_allocator_default:s0 tclass=file permissive=1
10-16 15:07:02.056 I/pgrep ( 312): type=1400 audit(0.0:76): avc: denied { read } for scontext=u:r:toolbox:s0 tcontext=u:r:hal_audio_default:s0 tclass=file permissive=1
10-16 15:07:02.056 I/pgrep ( 312): type=1400 audit(0.0:77): avc: denied { read } for scontext=u:r:toolbox:s0 tcontext=u:r:hal_bluetooth_default:s0 tclass=file permissive=1
10-16 15:07:02.056 I/pgrep ( 312): type=1400 audit(0.0:78): avc: denied { read } for scontext=u:r:toolbox:s0 tcontext=u:r:hal_camera_default:s0 tclass=file permissive=1
10-16 15:07:02.056 I/pgrep ( 312): type=1400 audit(0.0:79): avc: denied { read } for scontext=u:r:toolbox:s0 tcontext=u:r:hal_cas_default:s0 tclass=file permissive=1
10-16 15:07:02.056 I/pgrep ( 312): type=1400 audit(0.0:80): avc: denied { read } for scontext=u:r:toolbox:s0 tcontext=u:r:hal_gatekeeper_default:s0 tclass=file permissive=1
10-16 15:07:02.056 I/pgrep ( 312): type=1400 audit(0.0:81): avc: denied { read } for scontext=u:r:toolbox:s0 tcontext=u:r:hal_graphics_allocator_default:s0 tclass=file permissive=1
10-16 15:07:02.056 I/pgrep ( 312): type=1400 audit(0.0:82): avc: denied { read } for scontext=u:r:toolbox:s0 tcontext=u:r:hal_graphics_composer_default:s0 tclass=file permissive=1
10-16 15:07:02.060 I/pgrep ( 312): type=1400 audit(0.0:83): avc: denied { read } for scontext=u:r:toolbox:s0 tcontext=u:r:hal_health_default:s0 tclass=file permissive=1
10-16 15:07:02.060 I/pgrep ( 312): type=1400 audit(0.0:84): avc: denied { read } for scontext=u:r:toolbox:s0 tcontext=u:r:hal_light_default:s0 tclass=file permissive=1
10-16 15:07:02.060 I/pgrep ( 312): type=1400 audit(0.0:85): avc: denied { read } for scontext=u:r:toolbox:s0 tcontext=u:r:hal_power_default:s0 tclass=file permissive=1
10-16 15:07:02.060 I/pgrep ( 312): type=1400 audit(0.0:86): avc: denied { read } for scontext=u:r:toolbox:s0 tcontext=u:r:hal_tv_cec_default:s0 tclass=file permissive=1
10-16 15:07:02.060 I/pgrep ( 312): type=1400 audit(0.0:87): avc: denied { read } for scontext=u:r:toolbox:s0 tcontext=u:r:hal_usb_impl:s0 tclass=file permissive=1
10-16 15:07:02.060 I/pgrep ( 312): type=1400 audit(0.0:88): avc: denied { read } for scontext=u:r:toolbox:s0 tcontext=u:r:hal_awdisplayoutput_default:s0 tclass=file permissive=1
10-16 15:07:02.060 I/pgrep ( 312): type=1400 audit(0.0:89): avc: denied { read } for scontext=u:r:toolbox:s0 tcontext=u:r:hal_rebootescrow_default:s0 tclass=file permissive=1
10-16 15:07:02.060 I/pgrep ( 312): type=1400 audit(0.0:90): avc: denied { read } for scontext=u:r:toolbox:s0 tcontext=u:r:audioserver:s0 tclass=file permissive=1
10-16 15:07:02.060 I/pgrep ( 312): type=1400 audit(0.0:91): avc: denied { read } for scontext=u:r:toolbox:s0 tcontext=u:r:credstore:s0 tclass=file permissive=1
10-16 15:07:02.060 I/pgrep ( 312): type=1400 audit(0.0:92): avc: denied { read } for scontext=u:r:toolbox:s0 tcontext=u:r:gpuservice:s0 tclass=file permissive=1
10-16 15:07:02.060 I/pgrep ( 312): type=1400 audit(0.0:93): avc: denied { read } for scontext=u:r:toolbox:s0 tcontext=u:r:surfaceflinger:s0 tclass=file permissive=1
10-16 15:07:02.060 I/pgrep ( 312): type=1400 audit(0.0:94): avc: denied { read } for scontext=u:r:toolbox:s0 tcontext=u:r:pqd:s0 tclass=file permissive=1
10-16 15:07:02.060 I/pgrep ( 312): type=1400 audit(0.0:95): avc: denied { read } for scontext=u:r:toolbox:s0 tcontext=u:r:onstartup:s0 tclass=file permissive=1
10-16 15:07:02.060 I/led_switch.sh( 317): type=1400 audit(0.0:96): avc: denied { execute_no_trans } for path="/vendor/bin/toolbox" dev="dm-1" ino=229 scontext=u:r:init:s0 tcontext=u:object_r:vendor_toolbox_exec:s0 tclass=file permissive=1
10-16 15:07:02.060 I/pgrep ( 312): type=1400 audit(0.0:97): avc: denied { getattr } for path="/proc/180" dev="proc" ino=866 scontext=u:r:toolbox:s0 tcontext=u:r:hwservicemanager:s0 tclass=dir permissive=1
10-16 15:07:02.060 I/pgrep ( 312): type=1400 audit(0.0:98): avc: denied { search } for name="180" dev="proc" ino=866 scontext=u:r:toolbox:s0 tcontext=u:r:hwservicemanager:s0 tclass=dir permissive=1
10-16 15:07:02.060 I/pgrep ( 312): type=1400 audit(0.0:99): avc: denied { open } for path="/proc/180/stat" dev="proc" ino=9506 scontext=u:r:toolbox:s0 tcontext=u:r:hwservicemanager:s0 tclass=file permissive=1
10-16 15:07:02.060 I/pgrep ( 312): type=1400 audit(0.0:100): avc: denied { getattr } for path="/proc/181" dev="proc" ino=6440 scontext=u:r:toolbox:s0 tcontext=u:r:vndservicemanager:s0 tclass=dir permissive=1
10-16 15:07:02.060 I/pgrep ( 312): type=1400 audit(0.0:101): avc: denied { search } for name="181" dev="proc" ino=6440 scontext=u:r:toolbox:s0 tcontext=u:r:vndservicemanager:s0 tclass=dir permissive=1
10-16 15:07:02.060 I/pgrep ( 312): type=1400 audit(0.0:102): avc: denied { open } for path="/proc/181/stat" dev="proc" ino=9507 scontext=u:r:toolbox:s0 tcontext=u:r:vndservicemanager:s0 tclass=file permissive=1
10-16 15:07:02.060 I/pgrep ( 312): type=1400 audit(0.0:103): avc: denied { getattr } for path="/proc/182" dev="proc" ino=2539 scontext=u:r:toolbox:s0 tcontext=u:r:shell:s0 tclass=dir permissive=1
10-16 15:07:02.060 I/pgrep ( 312): type=1400 audit(0.0:104): avc: denied { search } for name="182" dev="proc" ino=2539 scontext=u:r:toolbox:s0 tcontext=u:r:shell:s0 tclass=dir permissive=1
10-16 15:07:02.060 I/pgrep ( 312): type=1400 audit(0.0:105): avc: denied { open } for path="/proc/182/stat" dev="proc" ino=9508 scontext=u:r:toolbox:s0 tcontext=u:r:shell:s0 tclass=file permissive=1
10-16 15:07:02.060 I/pgrep ( 312): type=1400 audit(0.0:106): avc: denied { getattr } for path="/proc/186" dev="proc" ino=1342 scontext=u:r:toolbox:s0 tcontext=u:r:vold:s0 tclass=dir permissive=1
10-16 15:07:02.060 I/pgrep ( 312): type=1400 audit(0.0:107): avc: denied { search } for name="186" dev="proc" ino=1342 scontext=u:r:toolbox:s0 tcontext=u:r:vold:s0 tclass=dir permissive=1
10-16 15:07:02.060 I/pgrep ( 312): type=1400 audit(0.0:108): avc: denied { open } for path="/proc/186/stat" dev="proc" ino=9512 scontext=u:r:toolbox:s0 tcontext=u:r:vold:s0 tclass=file permissive=1
10-16 15:07:02.060 I/pgrep ( 312): type=1400 audit(0.0:109): avc: denied { getattr } for path="/proc/203" dev="proc" ino=934 scontext=u:r:toolbox:s0 tcontext=u:r:system_suspend:s0 tclass=dir permissive=1
10-16 15:07:02.060 I/pgrep ( 312): type=1400 audit(0.0:110): avc: denied { search } for name="203" dev="proc" ino=934 scontext=u:r:toolbox:s0 tcontext=u:r:system_suspend:s0 tclass=dir permissive=1
10-16 15:07:02.060 I/pgrep ( 312): type=1400 audit(0.0:111): avc: denied { open } for path="/proc/203/stat" dev="proc" ino=9517 scontext=u:r:toolbox:s0 tcontext=u:r:system_suspend:s0 tclass=file permissive=1
10-16 15:07:02.060 I/pgrep ( 312): type=1400 audit(0.0:112): avc: denied { getattr } for path="/proc/204" dev="proc" ino=2647 scontext=u:r:toolbox:s0 tcontext=u:r:keystore:s0 tclass=dir permissive=1
10-16 15:07:02.060 I/pgrep ( 312): type=1400 audit(0.0:113): avc: denied { search } for name="204" dev="proc" ino=2647 scontext=u:r:toolbox:s0 tcontext=u:r:keystore:s0 tclass=dir permissive=1
10-16 15:07:02.060 I/pgrep ( 312): type=1400 audit(0.0:114): avc: denied { open } for path="/proc/204/stat" dev="proc" ino=9518 scontext=u:r:toolbox:s0 tcontext=u:r:keystore:s0 tclass=file permissive=1
10-16 15:07:02.064 I/pgrep ( 312): type=1400 audit(0.0:115): avc: denied { getattr } for path="/proc/205" dev="proc" ino=1418 scontext=u:r:toolbox:s0 tcontext=u:r:hal_bootctl_default:s0 tclass=dir permissive=1
10-16 15:07:02.064 I/pgrep ( 312): type=1400 audit(0.0:116): avc: denied { search } for name="205" dev="proc" ino=1418 scontext=u:r:toolbox:s0 tcontext=u:r:hal_bootctl_default:s0 tclass=dir permissive=1
10-16 15:07:02.064 I/pgrep ( 312): type=1400 audit(0.0:117): avc: denied { open } for path="/proc/205/stat" dev="proc" ino=9519 scontext=u:r:toolbox:s0 tcontext=u:r:hal_bootctl_default:s0 tclass=file permissive=1
10-16 15:07:02.064 I/pgrep ( 312): type=1400 audit(0.0:118): avc: denied { getattr } for path="/proc/206" dev="proc" ino=2661 scontext=u:r:toolbox:s0 tcontext=u:r:hal_keymint_default:s0 tclass=dir permissive=1
10-16 15:07:02.064 I/pgrep ( 312): type=1400 audit(0.0:119): avc: denied { sys_ptrace } for capability=19 scontext=u:r:toolbox:s0 tcontext=u:r:toolbox:s0 tclass=capability permissive=1
10-16 15:07:02.064 I/pgrep ( 312): type=1400 audit(0.0:120): avc: denied { search } for name="206" dev="proc" ino=2661 scontext=u:r:toolbox:s0 tcontext=u:r:hal_keymint_default:s0 tclass=dir permissive=1
10-16 15:07:02.064 I/pgrep ( 312): type=1400 audit(0.0:121): avc: denied { open } for path="/proc/206/stat" dev="proc" ino=9520 scontext=u:r:toolbox:s0 tcontext=u:r:hal_keymint_default:s0 tclass=file permissive=1
10-16 15:07:02.064 I/pgrep ( 312): type=1400 audit(0.0:122): avc: denied { getattr } for path="/proc/207" dev="proc" ino=951 scontext=u:r:toolbox:s0 tcontext=u:r:tee:s0 tclass=dir permissive=1
10-16 15:07:02.064 I/pgrep ( 312): type=1400 audit(0.0:123): avc: denied { search } for name="207" dev="proc" ino=951 scontext=u:r:toolbox:s0 tcontext=u:r:tee:s0 tclass=dir permissive=1
10-16 15:07:02.064 I/pgrep ( 312): type=1400 audit(0.0:124): avc: denied { open } for path="/proc/207/stat" dev="proc" ino=9521 scontext=u:r:toolbox:s0 tcontext=u:r:tee:s0 tclass=file permissive=1
10-16 15:07:02.064 I/pgrep ( 312): type=1400 audit(0.0:125): avc: denied { getattr } for path="/proc/218" dev="proc" ino=6661 scontext=u:r:toolbox:s0 tcontext=u:r:tombstoned:s0 tclass=dir permissive=1
10-16 15:07:02.064 I/pgrep ( 312): type=1400 audit(0.0:126): avc: denied { search } for name="218" dev="proc" ino=6661 scontext=u:r:toolbox:s0 tcontext=u:r:tombstoned:s0 tclass=dir permissive=1
10-16 15:07:02.064 I/pgrep ( 312): type=1400 audit(0.0:127): avc: denied { open } for path="/proc/218/stat" dev="proc" ino=9525 scontext=u:r:toolbox:s0 tcontext=u:r:tombstoned:s0 tclass=file permissive=1
10-16 15:07:02.064 I/pgrep ( 312): type=1400 audit(0.0:128): avc: denied { getattr } for path="/proc/240" dev="proc" ino=1646 scontext=u:r:toolbox:s0 tcontext=u:r:statsd:s0 tclass=dir permissive=1
10-16 15:07:02.064 I/pgrep ( 312): type=1400 audit(0.0:129): avc: denied { search } for name="240" dev="proc" ino=1646 scontext=u:r:toolbox:s0 tcontext=u:r:statsd:s0 tclass=dir permissive=1
10-16 15:07:02.077 I/HidlServiceManagement( 247): Registered android.hardware.audio.effect@7.0::IEffectsFactory/default
10-16 15:07:02.078 I/LegacySupport( 247): Registration complete for android.hardware.audio.effect@7.0::IEffectsFactory/default.
10-16 15:07:02.080 I/hwservicemanager( 180): getTransport: Cannot find entry android.hardware.soundtrigger@2.3::ISoundTriggerHw/default in either framework or device VINTF manifest.
10-16 15:07:02.064 I/pgrep ( 312): type=1400 audit(0.0:130): avc: denied { open } for path="/proc/240/stat" dev="proc" ino=9526 scontext=u:r:toolbox:s0 tcontext=u:r:statsd:s0 tclass=file permissive=1
10-16 15:07:02.064 I/pgrep ( 312): type=1400 audit(0.0:131): avc: denied { getattr } for path="/proc/241" dev="proc" ino=2861 scontext=u:r:toolbox:s0 tcontext=u:r:netd:s0 tclass=dir permissive=1
10-16 15:07:02.064 I/pgrep ( 312): type=1400 audit(0.0:132): avc: denied { search } for name="241" dev="proc" ino=2861 scontext=u:r:toolbox:s0 tcontext=u:r:netd:s0 tclass=dir permissive=1
10-16 15:07:02.064 I/pgrep ( 312): type=1400 audit(0.0:133): avc: denied { open } for path="/proc/241/stat" dev="proc" ino=9527 scontext=u:r:toolbox:s0 tcontext=u:r:netd:s0 tclass=file permissive=1
10-16 15:07:02.064 I/pgrep ( 312): type=1400 audit(0.0:134): avc: denied { getattr } for path="/proc/242" dev="proc" ino=6795 scontext=u:r:toolbox:s0 tcontext=u:r:zygote:s0 tclass=dir permissive=1
10-16 15:07:02.084 E/LegacySupport( 247): Could not get passthrough implementation for android.hardware.soundtrigger@2.3::ISoundTriggerHw/default.
10-16 15:07:02.076 I/pgrep ( 312): type=1400 audit(0.0:135): avc: denied { search } for name="242" dev="proc" ino=6795 scontext=u:r:toolbox:s0 tcontext=u:r:zygote:s0 tclass=dir permissive=1
10-16 15:07:02.076 I/pgrep ( 312): type=1400 audit(0.0:136): avc: denied { open } for path="/proc/242/stat" dev="proc" ino=9528 scontext=u:r:toolbox:s0 tcontext=u:r:zygote:s0 tclass=file permissive=1
10-16 15:07:02.076 I/pgrep ( 312): type=1400 audit(0.0:137): avc: denied { getattr } for path="/proc/246" dev="proc" ino=7272 scontext=u:r:toolbox:s0 tcontext=u:r:hal_allocator_default:s0 tclass=dir permissive=1
10-16 15:07:02.076 I/pgrep ( 312): type=1400 audit(0.0:138): avc: denied { search } for name="246" dev="proc" ino=7272 scontext=u:r:toolbox:s0 tcontext=u:r:hal_allocator_default:s0 tclass=dir permissive=1
10-16 15:07:02.076 I/pgrep ( 312): type=1400 audit(0.0:139): avc: denied { open } for path="/proc/246/stat" dev="proc" ino=9529 scontext=u:r:toolbox:s0 tcontext=u:r:hal_allocator_default:s0 tclass=file permissive=1
10-16 15:07:02.076 I/pgrep ( 312): type=1400 audit(0.0:140): avc: denied { getattr } for path="/proc/247" dev="proc" ino=6824 scontext=u:r:toolbox:s0 tcontext=u:r:hal_audio_default:s0 tclass=dir permissive=1
10-16 15:07:02.076 I/pgrep ( 312): type=1400 audit(0.0:141): avc: denied { search } for name="247" dev="proc" ino=6824 scontext=u:r:toolbox:s0 tcontext=u:r:hal_audio_default:s0 tclass=dir permissive=1
10-16 15:07:02.076 I/pgrep ( 312): type=1400 audit(0.0:142): avc: denied { open } for path="/proc/247/stat" dev="proc" ino=9530 scontext=u:r:toolbox:s0 tcontext=u:r:hal_audio_default:s0 tclass=file permissive=1
10-16 15:07:02.085 I/hwservicemanager( 180): getTransport: Cannot find entry android.hardware.soundtrigger@2.2::ISoundTriggerHw/default in either framework or device VINTF manifest.
10-16 15:07:02.076 I/pgrep ( 312): type=1400 audit(0.0:143): avc: denied { getattr } for path="/proc/248" dev="proc" ino=2888 scontext=u:r:toolbox:s0 tcontext=u:r:hal_bluetooth_default:s0 tclass=dir permissive=1
10-16 15:07:02.076 I/pgrep ( 312): type=1400 audit(0.0:144): avc: denied { search } for name="248" dev="proc" ino=2888 scontext=u:r:toolbox:s0 tcontext=u:r:hal_bluetooth_default:s0 tclass=dir permissive=1
10-16 15:07:02.076 I/pgrep ( 312): type=1400 audit(0.0:145): avc: denied { open } for path="/proc/248/stat" dev="proc" ino=9531 scontext=u:r:toolbox:s0 tcontext=u:r:hal_bluetooth_default:s0 tclass=file permissive=1
10-16 15:07:02.076 I/pgrep ( 312): type=1400 audit(0.0:146): avc: denied { getattr } for path="/proc/249" dev="proc" ino=7296 scontext=u:r:toolbox:s0 tcontext=u:r:hal_camera_default:s0 tclass=dir permissive=1
10-16 15:07:02.076 I/pgrep ( 312): type=1400 audit(0.0:147): avc: denied { search } for name="249" dev="proc" ino=7296 scontext=u:r:toolbox:s0 tcontext=u:r:hal_camera_default:s0 tclass=dir permissive=1
10-16 15:07:02.076 I/pgrep ( 312): type=1400 audit(0.0:148): avc: denied { open } for path="/proc/249/stat" dev="proc" ino=9532 scontext=u:r:toolbox:s0 tcontext=u:r:hal_camera_default:s0 tclass=file permissive=1
10-16 15:07:02.076 I/pgrep ( 312): type=1400 audit(0.0:149): avc: denied { getattr } for path="/proc/250" dev="proc" ino=2905 scontext=u:r:toolbox:s0 tcontext=u:r:hal_cas_default:s0 tclass=dir permissive=1
10-16 15:07:02.086 E/LegacySupport( 247): Could not get passthrough implementation for android.hardware.soundtrigger@2.2::ISoundTriggerHw/default.
10-16 15:07:02.076 I/pgrep ( 312): type=1400 audit(0.0:150): avc: denied { search } for name="250" dev="proc" ino=2905 scontext=u:r:toolbox:s0 tcontext=u:r:hal_cas_default:s0 tclass=dir permissive=1
10-16 15:07:02.076 I/pgrep ( 312): type=1400 audit(0.0:151): avc: denied { open } for path="/proc/250/stat" dev="proc" ino=9533 scontext=u:r:toolbox:s0 tcontext=u:r:hal_cas_default:s0 tclass=file permissive=1
10-16 15:07:02.076 I/pgrep ( 312): type=1400 audit(0.0:152): avc: denied { getattr } for path="/proc/251" dev="proc" ino=1918 scontext=u:r:toolbox:s0 tcontext=u:r:hal_gatekeeper_default:s0 tclass=dir permissive=1
10-16 15:07:02.076 I/pgrep ( 312): type=1400 audit(0.0:153): avc: denied { search } for name="251" dev="proc" ino=1918 scontext=u:r:toolbox:s0 tcontext=u:r:hal_gatekeeper_default:s0 tclass=dir permissive=1
10-16 15:07:02.076 I/pgrep ( 312): type=1400 audit(0.0:154): avc: denied { open } for path="/proc/251/stat" dev="proc" ino=9534 scontext=u:r:toolbox:s0 tcontext=u:r:hal_gatekeeper_default:s0 tclass=file permissive=1
10-16 15:07:02.087 I/hwservicemanager( 180): getTransport: Cannot find entry android.hardware.soundtrigger@2.1::ISoundTriggerHw/default in either framework or device VINTF manifest.
10-16 15:07:02.076 I/pgrep ( 312): type=1400 audit(0.0:155): avc: denied { getattr } for path="/proc/255" dev="proc" ino=2928 scontext=u:r:toolbox:s0 tcontext=u:r:hal_graphics_allocator_default:s0 tclass=dir permissive=1
10-16 15:07:02.076 I/pgrep ( 312): type=1400 audit(0.0:156): avc: denied { search } for name="255" dev="proc" ino=2928 scontext=u:r:toolbox:s0 tcontext=u:r:hal_graphics_allocator_default:s0 tclass=dir permissive=1
10-16 15:07:02.076 I/pgrep ( 312): type=1400 audit(0.0:157): avc: denied { open } for path="/proc/255/stat" dev="proc" ino=9537 scontext=u:r:toolbox:s0 tcontext=u:r:hal_graphics_allocator_default:s0 tclass=file permissive=1
10-16 15:07:02.088 E/LegacySupport( 247): Could not get passthrough implementation for android.hardware.soundtrigger@2.1::ISoundTriggerHw/default.
10-16 15:07:02.088 I/hwservicemanager( 180): getTransport: Cannot find entry android.hardware.soundtrigger@2.0::ISoundTriggerHw/default in either framework or device VINTF manifest.
10-16 15:07:02.091 E/LegacySupport( 247): Could not get passthrough implementation for android.hardware.soundtrigger@2.0::ISoundTriggerHw/default.
10-16 15:07:02.076 I/pgrep ( 312): type=1400 audit(0.0:158): avc: denied { getattr } for path="/proc/256" dev="proc" ino=1933 scontext=u:r:toolbox:s0 tcontext=u:r:hal_graphics_composer_default:s0 tclass=dir permissive=1
10-16 15:07:02.076 I/pgrep ( 312): type=1400 audit(0.0:159): avc: denied { search } for name="256" dev="proc" ino=1933 scontext=u:r:toolbox:s0 tcontext=u:r:hal_graphics_composer_default:s0 tclass=dir permissive=1
10-16 15:07:02.076 I/pgrep ( 312): type=1400 audit(0.0:160): avc: denied { open } for path="/proc/256/stat" dev="proc" ino=9538 scontext=u:r:toolbox:s0 tcontext=u:r:hal_graphics_composer_default:s0 tclass=file permissive=1
10-16 15:07:02.076 I/pgrep ( 312): type=1400 audit(0.0:161): avc: denied { getattr } for path="/proc/257" dev="proc" ino=2955 scontext=u:r:toolbox:s0 tcontext=u:r:hal_health_default:s0 tclass=dir permissive=1
10-16 15:07:02.076 I/pgrep ( 312): type=1400 audit(0.0:162): avc: denied { search } for name="257" dev="proc" ino=2955 scontext=u:r:toolbox:s0 tcontext=u:r:hal_health_default:s0 tclass=dir permissive=1
10-16 15:07:02.076 I/pgrep ( 312): type=1400 audit(0.0:163): avc: denied { open } for path="/proc/257/stat" dev="proc" ino=9539 scontext=u:r:toolbox:s0 tcontext=u:r:hal_health_default:s0 tclass=file permissive=1
10-16 15:07:02.076 I/pgrep ( 312): type=1400 audit(0.0:164): avc: denied { getattr } for path="/proc/258" dev="proc" ino=1962 scontext=u:r:toolbox:s0 tcontext=u:r:hal_light_default:s0 tclass=dir permissive=1
10-16 15:07:02.076 I/pgrep ( 312): type=1400 audit(0.0:165): avc: denied { search } for name="258" dev="proc" ino=1962 scontext=u:r:toolbox:s0 tcontext=u:r:hal_light_default:s0 tclass=dir permissive=1
10-16 15:07:02.076 I/pgrep ( 312): type=1400 audit(0.0:166): avc: denied { open } for path="/proc/258/stat" dev="proc" ino=9540 scontext=u:r:toolbox:s0 tcontext=u:r:hal_light_default:s0 tclass=file permissive=1
10-16 15:07:02.076 I/pgrep ( 312): type=1400 audit(0.0:167): avc: denied { getattr } for path="/proc/259" dev="proc" ino=6916 scontext=u:r:toolbox:s0 tcontext=u:r:hal_power_default:s0 tclass=dir permissive=1
10-16 15:07:02.076 I/pgrep ( 312): type=1400 audit(0.0:168): avc: denied { search } for name="259" dev="proc" ino=6916 scontext=u:r:toolbox:s0 tcontext=u:r:hal_power_default:s0 tclass=dir permissive=1
10-16 15:07:02.076 I/pgrep ( 312): type=1400 audit(0.0:169): avc: denied { open } for path="/proc/259/stat" dev="proc" ino=9541 scontext=u:r:toolbox:s0 tcontext=u:r:hal_power_default:s0 tclass=file permissive=1
10-16 15:07:02.076 I/xiriservice_All( 309): type=1400 audit(0.0:170): avc: denied { search } for name="com.android.connectivity.resources" dev="mmcblk0p25" ino=503 scontext=u:r:init:s0 tcontext=u:object_r:privapp_data_file:s0:c512,c768 tclass=dir permissive=1
10-16 15:07:02.076 I/pgrep ( 312): type=1400 audit(0.0:171): avc: denied { getattr } for path="/proc/262" dev="proc" ino=1968 scontext=u:r:toolbox:s0 tcontext=u:r:hal_tv_cec_default:s0 tclass=dir permissive=1
10-16 15:07:02.076 I/pgrep ( 312): type=1400 audit(0.0:172): avc: denied { search } for name="262" dev="proc" ino=1968 scontext=u:r:toolbox:s0 tcontext=u:r:hal_tv_cec_default:s0 tclass=dir permissive=1
10-16 15:07:02.076 I/xiriservice_All( 309): type=1400 audit(0.0:173): avc: denied { search } for name="android" dev="mmcblk0p25" ino=507 scontext=u:r:init:s0 tcontext=u:object_r:system_app_data_file:s0 tclass=dir permissive=1
10-16 15:07:02.076 I/pgrep ( 312): type=1400 audit(0.0:174): avc: denied { open } for path="/proc/262/stat" dev="proc" ino=9542 scontext=u:r:toolbox:s0 tcontext=u:r:hal_tv_cec_default:s0 tclass=file permissive=1
10-16 15:07:02.076 I/pgrep ( 312): type=1400 audit(0.0:175): avc: denied { getattr } for path="/proc/263" dev="proc" ino=2017 scontext=u:r:toolbox:s0 tcontext=u:r:hal_usb_impl:s0 tclass=dir permissive=1
10-16 15:07:02.076 I/pgrep ( 312): type=1400 audit(0.0:176): avc: denied { search } for name="263" dev="proc" ino=2017 scontext=u:r:toolbox:s0 tcontext=u:r:hal_usb_impl:s0 tclass=dir permissive=1
10-16 15:07:02.076 I/pgrep ( 312): type=1400 audit(0.0:177): avc: denied { open } for path="/proc/263/stat" dev="proc" ino=9543 scontext=u:r:toolbox:s0 tcontext=u:r:hal_usb_impl:s0 tclass=file permissive=1
10-16 15:07:02.076 I/pgrep ( 312): type=1400 audit(0.0:178): avc: denied { getattr } for path="/proc/264" dev="proc" ino=2023 scontext=u:r:toolbox:s0 tcontext=u:r:hal_awdisplayoutput_default:s0 tclass=dir permissive=1
10-16 15:07:02.076 I/pgrep ( 312): type=1400 audit(0.0:179): avc: denied { search } for name="264" dev="proc" ino=2023 scontext=u:r:toolbox:s0 tcontext=u:r:hal_awdisplayoutput_default:s0 tclass=dir permissive=1
10-16 15:07:02.076 I/pgrep ( 312): type=1400 audit(0.0:180): avc: denied { open } for path="/proc/264/stat" dev="proc" ino=9544 scontext=u:r:toolbox:s0 tcontext=u:r:hal_awdisplayoutput_default:s0 tclass=file permissive=1
10-16 15:07:02.076 I/pgrep ( 312): type=1400 audit(0.0:181): avc: denied { getattr } for path="/proc/267" dev="proc" ino=2025 scontext=u:r:toolbox:s0 tcontext=u:r:hal_rebootescrow_default:s0 tclass=dir permissive=1
10-16 15:07:02.076 I/pgrep ( 312): type=1400 audit(0.0:182): avc: denied { search } for name="267" dev="proc" ino=2025 scontext=u:r:toolbox:s0 tcontext=u:r:hal_rebootescrow_default:s0 tclass=dir permissive=1
10-16 15:07:02.076 I/pgrep ( 312): type=1400 audit(0.0:183): avc: denied { open } for path="/proc/267/stat" dev="proc" ino=9545 scontext=u:r:toolbox:s0 tcontext=u:r:hal_rebootescrow_default:s0 tclass=file permissive=1
10-16 15:07:02.076 I/pgrep ( 312): type=1400 audit(0.0:184): avc: denied { getattr } for path="/proc/269" dev="proc" ino=8207 scontext=u:r:toolbox:s0 tcontext=u:r:audioserver:s0 tclass=dir permissive=1
10-16 15:07:02.076 I/pgrep ( 312): type=1400 audit(0.0:185): avc: denied { search } for name="269" dev="proc" ino=8207 scontext=u:r:toolbox:s0 tcontext=u:r:audioserver:s0 tclass=dir permissive=1
10-16 15:07:02.076 I/pgrep ( 312): type=1400 audit(0.0:186): avc: denied { open } for path="/proc/269/stat" dev="proc" ino=9546 scontext=u:r:toolbox:s0 tcontext=u:r:audioserver:s0 tclass=file permissive=1
10-16 15:07:02.080 I/pgrep ( 312): type=1400 audit(0.0:187): avc: denied { getattr } for path="/proc/270" dev="proc" ino=2044 scontext=u:r:toolbox:s0 tcontext=u:r:credstore:s0 tclass=dir permissive=1
10-16 15:07:02.080 I/pgrep ( 312): type=1400 audit(0.0:188): avc: denied { search } for name="270" dev="proc" ino=2044 scontext=u:r:toolbox:s0 tcontext=u:r:credstore:s0 tclass=dir permissive=1
10-16 15:07:02.080 I/pgrep ( 312): type=1400 audit(0.0:189): avc: denied { open } for path="/proc/270/stat" dev="proc" ino=9547 scontext=u:r:toolbox:s0 tcontext=u:r:credstore:s0 tclass=file permissive=1
10-16 15:07:02.080 I/pgrep ( 312): type=1400 audit(0.0:190): avc: denied { getattr } for path="/proc/272" dev="proc" ino=9219 scontext=u:r:toolbox:s0 tcontext=u:r:gpuservice:s0 tclass=dir permissive=1
10-16 15:07:02.080 I/pgrep ( 312): type=1400 audit(0.0:191): avc: denied { search } for name="272" dev="proc" ino=9219 scontext=u:r:toolbox:s0 tcontext=u:r:gpuservice:s0 tclass=dir permissive=1
10-16 15:07:02.080 I/pgrep ( 312): type=1400 audit(0.0:192): avc: denied { open } for path="/proc/272/stat" dev="proc" ino=9548 scontext=u:r:toolbox:s0 tcontext=u:r:gpuservice:s0 tclass=file permissive=1
10-16 15:07:02.080 I/pgrep ( 312): type=1400 audit(0.0:193): avc: denied { getattr } for path="/proc/273" dev="proc" ino=8333 scontext=u:r:toolbox:s0 tcontext=u:r:surfaceflinger:s0 tclass=dir permissive=1
10-16 15:07:02.097 I/ExtCamUtils@3.4( 249): loadFromCfg: load external camera config succeed!
10-16 15:07:02.097 I/ExtCamUtils@3.4( 249): loadFromCfg: no internal ignored device specified
10-16 15:07:02.080 I/pgrep ( 312): type=1400 audit(0.0:194): avc: denied { search } for name="273" dev="proc" ino=8333 scontext=u:r:toolbox:s0 tcontext=u:r:surfaceflinger:s0 tclass=dir permissive=1
10-16 15:07:02.080 I/pgrep ( 312): type=1400 audit(0.0:195): avc: denied { open } for path="/proc/273/stat" dev="proc" ino=9549 scontext=u:r:toolbox:s0 tcontext=u:r:surfaceflinger:s0 tclass=file permissive=1
10-16 15:07:02.080 I/pgrep ( 312): type=1400 audit(0.0:196): avc: denied { getattr } for path="/proc/275" dev="proc" ino=9272 scontext=u:r:toolbox:s0 tcontext=u:r:pqd:s0 tclass=dir permissive=1
10-16 15:07:02.080 I/pgrep ( 312): type=1400 audit(0.0:197): avc: denied { search } for name="275" dev="proc" ino=9272 scontext=u:r:toolbox:s0 tcontext=u:r:pqd:s0 tclass=dir permissive=1
10-16 15:07:02.080 I/pgrep ( 312): type=1400 audit(0.0:198): avc: denied { open } for path="/proc/275/stat" dev="proc" ino=9550 scontext=u:r:toolbox:s0 tcontext=u:r:pqd:s0 tclass=file permissive=1
10-16 15:07:02.084 I/xiriservice_All( 309): type=1400 audit(0.0:199): avc: denied { read } for name="lib" dev="mmcblk0p25" ino=4832 scontext=u:r:init:s0 tcontext=u:object_r:system_app_data_file:s0 tclass=lnk_file permissive=1
10-16 15:07:02.098 V/CamPrvdr@2.4-external( 249): Preferred HAL 3 minor version is 4
10-16 15:07:02.088 I/xiriservice_All( 309): type=1400 audit(0.0:200): avc: denied { search } for name="android.ext.shared" dev="mmcblk0p25" ino=524 scontext=u:r:init:s0 tcontext=u:object_r:app_data_file:s0:c512,c768 tclass=dir permissive=1
10-16 15:07:02.100 W/audiohalservice( 247): Could not register Soundtrigger API
10-16 15:07:02.088 I/xiriservice_All( 309): type=1400 audit(0.0:201): avc: denied { read } for name="lib" dev="mmcblk0p25" ino=4843 scontext=u:r:init:s0 tcontext=u:object_r:app_data_file:s0:c512,c768 tclass=lnk_file permissive=1
10-16 15:07:02.092 I/check_xm_hidraw( 318): type=1400 audit(0.0:202): avc: denied { execute_no_trans } for path="/system/bin/xm_hidread" dev="dm-0" ino=1299 scontext=u:r:init:s0 tcontext=u:object_r:system_file:s0 tclass=file permissive=1
10-16 15:07:02.092 I/xiriservice_All( 309): type=1400 audit(0.0:203): avc: denied { search } for name="com.android.permissioncontroller" dev="mmcblk0p25" ino=553 scontext=u:r:init:s0 tcontext=u:object_r:privapp_data_file:s0:c73,c256,c512,c768 tclass=dir permissive=1
10-16 15:07:02.092 I/xiriservice_All( 309): type=1400 audit(0.0:204): avc: denied { read } for name="lib" dev="mmcblk0p25" ino=4822 scontext=u:r:init:s0 tcontext=u:object_r:privapp_data_file:s0:c512,c768 tclass=lnk_file permissive=1
10-16 15:07:02.103 I/hwservicemanager( 180): getTransport: Cannot find entry android.hardware.bluetooth.audio@2.1::IBluetoothAudioProvidersFactory/default in either framework or device VINTF manifest.
10-16 15:07:02.100 I/xiriservice_All( 309): type=1400 audit(0.0:205): avc: denied { search } for name="com.android.internal.systemui.navbar.gestural_wide_back" dev="mmcblk0p25" ino=632 scontext=u:r:init:s0 tcontext=u:object_r:app_data_file:s0:c3,c256,c512,c768 tclass=dir permissive=1
10-16 15:07:02.100 I/xiriservice_All( 309): type=1400 audit(0.0:206): avc: denied { search } for name="com.sohu.inputmethod.sogou.tv" dev="mmcblk0p25" ino=1409 scontext=u:r:init:s0 tcontext=u:object_r:app_data_file:s0:c35,c256,c512,c768 tclass=dir permissive=1
10-16 15:07:02.100 I/xiriservice_All( 309): type=1400 audit(0.0:207): avc: denied { read } for name="lib" dev="mmcblk0p25" ino=4828 scontext=u:r:init:s0 tcontext=u:object_r:app_data_file:s0:c35,c256,c512,c768 tclass=lnk_file permissive=1
10-16 15:07:02.108 I/HidlServiceManagement( 249): Registered android.hardware.camera.provider@2.4::ICameraProvider/external/0
10-16 15:07:02.109 I/HidlServiceManagement( 249): Removing namespace from process name android.hardware.camera.provider@2.4-external-service to provider@2.4-external-service.
10-16 15:07:02.109 I/LegacySupport( 249): Registration complete for android.hardware.camera.provider@2.4::ICameraProvider/external/0.
10-16 15:07:02.104 I/xiriservice_All( 309): type=1400 audit(0.0:208): avc: denied { search } for name="com.android.htmlviewer" dev="mmcblk0p25" ino=704 scontext=u:r:init:s0 tcontext=u:object_r:app_data_file:s0:c44,c256,c512,c768 tclass=dir permissive=1
10-16 15:07:02.104 I/xiriservice_All( 309): type=1400 audit(0.0:209): avc: denied { search } for name="com.android.companiondevicemanager" dev="mmcblk0p25" ino=712 scontext=u:r:init:s0 tcontext=u:object_r:app_data_file:s0:c45,c256,c512,c768 tclass=dir permissive=1
10-16 15:07:02.104 I/xiriservice_All( 309): type=1400 audit(0.0:210): avc: denied { search } for name="com.android.internal.systemui.onehanded.gestural" dev="mmcblk0p25" ino=736 scontext=u:r:init:s0 tcontext=u:object_r:app_data_file:s0:c9,c256,c512,c768 tclass=dir permissive=1
10-16 15:07:02.108 I/xiriservice_All( 309): type=1400 audit(0.0:211): avc: denied { search } for name="com.android.simappdialog" dev="mmcblk0p25" ino=779 scontext=u:r:init:s0 tcontext=u:object_r:app_data_file:s0:c48,c256,c512,c768 tclass=dir permissive=1
10-16 15:07:02.108 I/xiriservice_All( 309): type=1400 audit(0.0:212): avc: denied { read } for name="lib" dev="mmcblk0p25" ino=4831 scontext=u:r:init:s0 tcontext=u:object_r:radio_data_file:s0 tclass=lnk_file permissive=1
10-16 15:07:02.108 I/xiriservice_All( 309): type=1400 audit(0.0:213): avc: denied { search } for name="com.android.modulemetadata" dev="mmcblk0p25" ino=796 scontext=u:r:init:s0 tcontext=u:object_r:app_data_file:s0:c58,c256,c512,c768 tclass=dir permissive=1
10-16 15:07:02.108 I/xiriservice_All( 309): type=1400 audit(0.0:214): avc: denied { search } for name="com.google.android.apps.searchlite.overlay" dev="mmcblk0p25" ino=824 scontext=u:r:init:s0 tcontext=u:object_r:app_data_file:s0:c7,c256,c512,c768 tclass=dir permissive=1
