10-16 15:07:18.565 W/System.err( 1096): at okhttp3.internal.http.RetryAndFollowUpInterceptor.intercept(SourceFile:35)
10-16 15:07:18.565 W/System.err( 1096): at okhttp3.internal.http.RealInterceptorChain.proceed(SourceFile:155)
10-16 15:07:18.565 W/System.err( 1096): at com.monster.ok2curl.CurlInterceptor.intercept(SourceFile:26)
10-16 15:07:18.565 W/System.err( 1096): at okhttp3.internal.http.RealInterceptorChain.proceed(SourceFile:155)
10-16 15:07:18.565 W/System.err( 1096): at com.dangbei.leard.base.proider.net.interceptor.DomainSwitchInterceptor.intercept(SourceFile:72)
10-16 15:07:18.565 W/System.err( 1096): at okhttp3.internal.http.RealInterceptorChain.proceed(SourceFile:155)
10-16 15:07:18.565 W/System.err( 1096): at com.dangbei.leard.base.proider.net.interceptor.RequestSignAndEncryptInterceptor.intercept(SourceFile:240)
10-16 15:07:18.565 W/System.err( 1096): at okhttp3.internal.http.RealInterceptorChain.proceed(SourceFile:155)
10-16 15:07:18.595 W/System.err( 1096): at com.dangbei.leard.base.proider.net.interceptor.RequestExtraParamsInterceptor.intercept(SourceFile:241)
10-16 15:07:18.595 I/wpa_supplicant( 1161): wlan0: Trying to associate with 10:7c:61:1a:4b:90 (SSID='2.4G' freq=2442 MHz)
10-16 15:07:18.598 W/System.err( 1096): at okhttp3.internal.http.RealInterceptorChain.proceed(SourceFile:155)
10-16 15:07:18.603 W/System.err( 1096): at okhttp3.internal.connection.RealCall.getResponseWithInterceptorChain$okhttp(SourceFile:114)
10-16 15:07:18.604 W/System.err( 1096): at okhttp3.internal.connection.RealCall$AsyncCall.run(SourceFile:41)
10-16 15:07:18.604 W/System.err( 1096): at java.util.concurrent.ThreadPoolExecutor.runWorker(ThreadPoolExecutor.java:1167)
10-16 15:07:18.604 W/System.err( 1096): at java.util.concurrent.ThreadPoolExecutor$Worker.run(ThreadPoolExecutor.java:641)
10-16 15:07:18.604 W/System.err( 1096): at java.lang.Thread.run(Thread.java:920)
10-16 15:07:18.608 E/hq ( 1096): ErrorCoroutineExceptionHandler:::runTry error:java.net.UnknownHostException: Unable to resolve host "ottdbui-tyapiqun7.yysh.mgtv.com": No address associated with hostname from=requestMessageDialog
10-16 15:07:18.609 D/WifiCountryCode( 486): evaluateAllCmmStateAndApplyIfAllReady: {ConcreteClientModeManager{id=18956 iface=wlan0 role=ROLE_CLIENT_PRIMARY}=false}
10-16 15:07:18.610 D/WifiClientModeImpl[wlan0]( 486): Start Connecting Watchdog 1
10-16 15:07:18.616 D/QuickLifeImpl( 1035): onReceive intent : Intent { act=android.net.wifi.STATE_CHANGE flg=0x4000010 (has extras) }
10-16 15:07:18.651 V/audio_hw_primary( 247): set property persist.vendor.audio.output.active: AUDIO_HDMI ok
10-16 15:07:18.651 V/audio_hw_primary( 247): AUDIO_HDMI output device will be active
10-16 15:07:18.652 D/chongyuzhao( 486): stop reconnect
10-16 15:07:18.653 D/AudioManagerEx( 486): Update Settings.System.AUDIO_OUTPUT_CHANNEL, now save audio is AUDIO_HDMI
10-16 15:07:18.653 D/AudioManagerPolicy( 486): get AUDIO_MANAGE_POLICY is 2
10-16 15:07:18.654 D/audio_hw_primary( 247): getAudioDevices()
10-16 15:07:18.655 I/Zygote ( 1488): seccomp disabled by setenforce 0
10-16 15:07:18.658 D/audio_hw_primary( 247): out dev:AUDIO_CODEC
10-16 15:07:18.658 D/audio_hw_primary( 247): in dev:AUDIO_SPDIF
10-16 15:07:18.658 D/audio_hw_primary( 247): out dev:AUDIO_SPDIF
10-16 15:07:18.658 D/audio_hw_primary( 247): in dev:AUDIO_HDMI
10-16 15:07:18.658 D/audio_hw_primary( 247): out dev:AUDIO_HDMI
10-16 15:07:18.658 D/audio_hw_primary( 247): in dev:AUDIO_I2S2
10-16 15:07:18.658 D/audio_hw_primary( 247): in capture: AUDIO_SPDIF,AUDIO_HDMI,AUDIO_I2S2
10-16 15:07:18.659 D/xm_audio( 247): adev_get_parameters
10-16 15:07:18.660 I/hash_map_utils( 269): system/bt/osi/src/hash_map_utils.cc:81 hash_map_utils_dump_string_keys_string_values: key: 'audio_devices_in' value: ''
10-16 15:07:18.666 D/AudioManagerEx( 486): type audio_devices_in list AUDIO_SPDIF,AUDIO_HDMI,AUDIO_I2S2=
10-16 15:07:18.670 D/AudioManagerEx( 486): state=audio_devices_in_active,dev=[AUDIO_CODEC]
10-16 15:07:18.670 D/AudioManagerEx( 486): enablePassThrough = true
10-16 15:07:18.670 D/AudioManagerEx( 486): audio=AUDIO_CODEC
10-16 15:07:18.671 V/audio_hw_primary( 247): adev_set_parameters, audio_devices_in_active=AUDIO_CODEC
10-16 15:07:18.671 V/audio_hw_primary( 247): in AUDIO_PARAMETER_DEVICES_IN_ACTIVE: AUDIO_CODEC
10-16 15:07:18.686 I/wificond( 360): Regulatory domain changed to country: CN on wiphy_index: 0
10-16 15:07:18.691 I/adbd ( 381): jdwp connection from 1488
10-16 15:07:18.704 I/wificond( 360): 2.4Ghz frequencies: 2412 2417 2422 2427 2432 2437 2442 2447 2452 2457 2462 2467 2472
10-16 15:07:18.704 I/wificond( 360): 5Ghz non-DFS frequencies: 5180 5200 5220 5240 5745 5765 5785 5805 5825
10-16 15:07:18.704 I/wificond( 360): 5Ghz DFS frequencies: 5260 5280 5300 5320
10-16 15:07:18.704 I/wificond( 360): 6Ghz frequencies:
10-16 15:07:18.704 I/wificond( 360): 60Ghz frequencies:
10-16 15:07:18.706 I/wpa_supplicant( 1161): wlan0: Associated with 10:7c:61:1a:4b:90
10-16 15:07:18.707 I/wpa_supplicant( 1161): wlan0: CTRL-EVENT-SUBNET-STATUS-UPDATE status=0
10-16 15:07:18.708 I/wpa_supplicant( 1161): wlan0: CTRL-EVENT-REGDOM-CHANGE init=COUNTRY_IE type=COUNTRY alpha2=CN
10-16 15:07:18.717 I/wpa_supplicant( 1161): wlan0: WPA: RX message 1 of 4-Way Handshake from 10:7c:61:1a:4b:90 (ver=2)
10-16 15:07:18.717 I/wpa_supplicant( 1161): wlan0: WPA: Sending EAPOL-Key 2/4
10-16 15:07:18.720 D/WifiNl80211Manager( 486): OnRegDomainChanged CN
10-16 15:07:18.721 D/WifiNative( 486): onCountryCodeChanged: CN
10-16 15:07:18.721 I/WifiCountryCode( 486): Receive onDriverCountryCodeChanged CN
10-16 15:07:18.726 I/wpa_supplicant( 1161): wlan0: WPA: RX message 3 of 4-Way Handshake from 10:7c:61:1a:4b:90 (ver=2)
10-16 15:07:18.726 I/wpa_supplicant( 1161): wlan0: WPA: Sending EAPOL-Key 4/4
10-16 15:07:18.726 D/CompatibilityChangeReporter( 486): Compat change id reported: 168419799; UID 10019; state: DISABLED
10-16 15:07:18.733 I/wpa_supplicant( 1161): wlan0: WPA: Key negotiation completed with 10:7c:61:1a:4b:90 [PTK=CCMP GTK=CCMP]
10-16 15:07:18.733 I/wpa_supplicant( 1161): wlan0: CTRL-EVENT-CONNECTED - Connection to 10:7c:61:1a:4b:90 completed [id=0 id_str=%7B%22configKey%22%3A%22%5C%222.4G%5C%22WPA_PSK%22%2C%22creatorUid%22%3A%221000%22%7D]
10-16 15:07:18.739 I/EthernetTracker( 486): interfaceLinkStateChanged, iface: wlan0, up: true
10-16 15:07:18.739 W/PppoeNetworkFactory( 486): interfaceLinkStateChanged
10-16 15:07:18.739 D/PppoeNetworkFactory( 486): updateInterface: mIface: mPhyIface:eth0 iface:wlan0 link:up
10-16 15:07:18.739 D/PppoeNetworkFactory( 486): not tracker interface
10-16 15:07:18.742 V/audio_hw_primary( 247): set property persist.vendor.audio.input.active: AUDIO_CODEC ok
10-16 15:07:18.776 W/ActivityManager( 486): Slow operation: 52ms so far, now at attachApplicationLocked: immediately after bindApplication
10-16 15:07:18.776 W/ActivityManager( 486): Slow operation: 52ms so far, now at attachApplicationLocked: after updateLruProcessLocked
10-16 15:07:18.776 W/ActivityManager( 486): Slow operation: 53ms so far, now at attachApplicationLocked: after mServices.attachApplicationLocked
10-16 15:07:18.781 W/ActivityManager( 486): Slow operation: 57ms so far, now at attachApplicationLocked: after updateOomAdjLocked
10-16 15:07:18.782 W/Looper ( 486): Slow dispatch took 569ms main h=android.app.ActivityThread$H c=android.app.LoadedApk$ReceiverDispatcher$Args$$ExternalSyntheticLambda0@93d4b6b m=0
10-16 15:07:18.782 W/Looper ( 486): Slow delivery took 558ms main h=android.os.Handler c=com.android.server.hdmi.WorkSourceUidPreservingRunnable@bd5e6c8 m=0
10-16 15:07:18.783 D/AudioDeviceManagerObserver( 486): name: AUDIO_HDMI, state: 0, type: 1
10-16 15:07:18.784 W/Looper ( 486): Drained
10-16 15:07:18.785 I/WifiService( 486): onDriverCountryCodeChanged CN
10-16 15:07:18.798 D/AudioManagerPolicy( 486): On Audio device plug in/out receive,name=AUDIO_HDMI type=1 state=0 extra=null
10-16 15:07:18.798 V/AudioManagerPolicy( 486): chengkan------------- hdmi inactive
10-16 15:07:18.801 D/AudioManagerPolicy( 486): get AUDIO_MANAGE_POLICY is 2
10-16 15:07:18.801 D/AudioManagerPolicy( 486): Policy2 HDMI Plug Out/In Switch! Booting
10-16 15:07:18.805 D/AudioManagerEx( 486): AudioManagerEx
10-16 15:07:18.805 D/AudioManagerPolicy( 486): save audio is AUDIO_HDMI
10-16 15:07:18.805 D/AudioManagerPolicy( 486): get AUDIO_MANAGE_POLICY is 2
10-16 15:07:18.805 D/AudioManagerPolicy( 486): POLICY_2 Remove USB Audio or No USB Audio Output Device Connected!
10-16 15:07:18.806 D/AudioManagerEx( 486): state=audio_devices_out_active,dev=[AUDIO_HDMI]
10-16 15:07:18.806 D/AudioManagerEx( 486): enablePassThrough = true
10-16 15:07:18.807 D/AudioManagerEx( 486): Hdmi status true,true,1
10-16 15:07:18.807 D/AudioManagerEx( 486): HDMI AUDIO_HDMI
10-16 15:07:18.807 D/AudioManagerEx( 486): AUDIO_NAME_HDMI
10-16 15:07:18.808 D/QuickLifeImpl( 1035): onReceive intent : Intent { act=android.net.wifi.STATE_CHANGE flg=0x4000010 (has extras) }
10-16 15:07:18.808 D/CompatibilityChangeReporter( 1488): Compat change id reported: 171979766; UID 10019; state: ENABLED
10-16 15:07:18.809 V/audio_hw_primary( 247): adev_set_parameters, mediasw.sft.rawdata=HDMI_RAW
10-16 15:07:18.812 D/AudioManagerEx( 486): audio=AUDIO_HDMI
10-16 15:07:18.814 V/audio_hw_primary( 247): adev_set_parameters, audio_devices_out_active=AUDIO_HDMI
10-16 15:07:18.814 V/audio_hw_primary( 247): out AUDIO_PARAMETER_DEVICES_OUT_ACTIVE: AUDIO_HDMI
10-16 15:07:18.817 V/GraphicsEnvironment( 1456): ANGLE Developer option for 'com.dangbei.lerad.rocky' set to: 'default'
10-16 15:07:18.818 V/GraphicsEnvironment( 1456): Neither updatable production driver nor prerelease driver is supported.
10-16 15:07:18.819 D/NetworkSecurityConfig( 1456): No Network Security Config specified, using platform default
10-16 15:07:18.821 D/NetworkSecurityConfig( 1456): No Network Security Config specified, using platform default
10-16 15:07:18.823 I/MultiDex( 1456): VM with version 2.1.0 has multidex support
10-16 15:07:18.824 I/MultiDex( 1456): Installing application
10-16 15:07:18.824 I/MultiDex( 1456): VM has multidex support, MultiDex support library is disabled.
10-16 15:07:18.844 D/RockyApplication( 1456): init: false
10-16 15:07:18.856 V/audio_hw_primary( 247): set property persist.vendor.audio.output.active: AUDIO_HDMI ok
10-16 15:07:18.856 V/audio_hw_primary( 247): AUDIO_HDMI output device will be active
10-16 15:07:18.857 D/AudioManagerEx( 486): Update Settings.System.AUDIO_OUTPUT_CHANNEL, now save audio is AUDIO_HDMI
10-16 15:07:18.861 I/ActivityManager( 486): com.android.dynsystem is exempt from freezer
10-16 15:07:18.862 D/CompatibilityChangeReporter( 486): Compat change id reported: 135634846; UID 1000; state: DISABLED
10-16 15:07:18.879 D/Zygote ( 242): Forked child process 1538
10-16 15:07:18.884 I/ActivityManager( 486): app.processName = com.android.dynsystem
10-16 15:07:18.884 I/ActivityManager( 486): Start proc 1538:com.android.dynsystem/1000 for broadcast {com.android.dynsystem/com.android.dynsystem.BootCompletedReceiver}
10-16 15:07:18.887 I/Zygote ( 1538): seccomp disabled by setenforce 0
10-16 15:07:18.904 E/GetBgColorManager( 1096): setTargetImageView:
10-16 15:07:18.907 D/QuickLifeImpl( 1035): onReceive intent : Intent { act=android.net.wifi.STATE_CHANGE flg=0x4000010 (has extras) }
10-16 15:07:18.912 I/adbd ( 381): jdwp connection from 1538
10-16 15:07:18.924 D/TheRouter::RouterInject( 1096): interception::===interface com.dangbei.leard.protocol.MainManagerInterface===MainManagerInterfaceImpl198556445
10-16 15:07:18.926 D/ConnectivityService( 486): registerNetworkAgent NetworkAgentInfo{network{100} handle{432902426637} ni{WIFI CONNECTING extra: } Score(60 ; KeepConnected : 0 ; Policies : IS_UNMETERED) lp{{LinkAddresses: [ ] DnsAddresses: [ ] Domains: null MTU: 0 Routes: [ ]}} nc{[ Transports: WIFI Capabilities: NOT_METERED&INTERNET&NOT_RESTRICTED&TRUSTED&NOT_VPN&NOT_ROAMING&FOREGROUND&NOT_CONGESTED&NOT_SUSPENDED&NOT_VCN_MANAGED LinkUpBandwidth>=300000Kbps LinkDnBandwidth>=300000Kbps Specifier: TransportInfo: OwnerUid: 1000 AdminUids: [1000] SSID: "2.4G"]}}
10-16 15:07:18.941 D/CompatibilityChangeReporter( 486): Compat change id reported: 168419799; UID 1000; state: DISABLED
10-16 15:07:18.947 E/wpa_supplicant( 1161): nl80211: kernel reports: unexpected nested data
10-16 15:07:18.972 D/QuickLifeImpl( 1035): onReceive intent : Intent { act=android.net.wifi.STATE_CHANGE flg=0x4000010 (has extras) }
10-16 15:07:18.969 I/ContactLocale( 1250): AddressBook Labels [[zh_CN]]: […, A, B, C, D, E, F, G, H, I, J, K, L, M, N, O, P, Q, R, S, T, U, V, W, X, Y, Z, Α, Β, Γ, Δ, Ε, Ζ, Η, Θ, Ι, Κ, Λ, Μ, Ν, Ξ, Ο, Π, Ρ, Σ, Τ, Υ, Φ, Χ, Ψ, Ω, …, А, Б, В, Г, Д, Ђ, Е, Є, Ж, З, И, І, Й, Ј, К, Л, Љ, М, Н, Њ, О, П, Р, С, Т, Ћ, У, Ф, Х, Ц, Ч, Џ, Ш, Щ, Ю, Я, …, א, ב, ג, ד, ה, ו, ז, ח, ט, י, כ, ל, מ, נ, ס, ע, פ, צ, ק, ר, ש, ת, …, ا, ب, ت, ث, ج, ح, خ, د, ذ, ر, ز, س, ش, ص, ض, ط, ظ, ع, غ, ف, ق, ك, ل, م, ن, ه, و, ي, …, ก, ข, ฃ, ค, ฅ, ฆ, ง, จ, ฉ, ช, ซ, ฌ, ญ, ฎ, ฏ, ฐ, ฑ, ฒ, ณ, ด, ต, ถ, ท, ธ, น, บ, ป, ผ, ฝ, พ, ฟ, ภ, ม, ย, ร, ฤ, ล, ฦ, ว, ศ, ษ, ส, ห, ฬ, อ, ฮ, …, ㄱ, ㄴ, ㄷ, ㄹ, ㅁ, ㅂ, ㅅ, ㅇ, ㅈ, ㅊ, ㅋ, ㅌ, ㅍ, ㅎ, …, あ, か, さ, た, な, は, ま, や, ら, わ, #, …]
10-16 15:07:18.975 D/CompatibilityChangeReporter( 1538): Compat change id reported: 171979766; UID 1000; state: ENABLED
10-16 15:07:19.009 D/RockyManager( 1456): initFarWakeStatus isMainFarSwitch: false
10-16 15:07:19.019 I/RockyManager( 1456): isFarWake: false
10-16 15:07:19.023 E/getHdmiStatus( 1096): sourceInputStatus=null mEtnaAdapter=com.dangbei.launcher.etna.EtnaAdapter@cb230d5
10-16 15:07:19.031 E/WifiHAL ( 659): wifi_get_packet_filter_capabilities: requestResponse() error: -3
10-16 15:07:19.031 I/WifiHAL ( 659): Packet filtering is not supprted
10-16 15:07:19.059 E/bt_upio ( 248): upio_set : /proc/bluetooth/sleep/btwrite(-1) incorrent
10-16 15:07:19.093 W/ContextImpl( 1456): Calling a method in the system process without a qualified user: android.app.ContextImpl.startService:1816 android.content.ContextWrapper.startService:774 com.cvte.tv.api.TvApiSDKManager.:177 com.cvte.tv.api.TvApiSDKManager.init:217 com.dangbei.rocky.component.system.SystemControlUtils.initSystemAidl:82
10-16 15:07:19.095 W/ActivityManager( 486): Unable to start service Intent { act=com.cvte.tv.api.TV_API_SERVICE pkg=com.cvte.tv.api.impl } U=0: not found
10-16 15:07:19.103 W/ContextImpl( 1456): Calling a method in the system process without a qualified user: android.app.ContextImpl.bindService:1895 android.content.ContextWrapper.bindService:810 com.cvte.tv.api.TvApiSDKManager.:178 com.cvte.tv.api.TvApiSDKManager.init:217 com.dangbei.rocky.component.system.SystemControlUtils.initSystemAidl:82
10-16 15:07:19.111 E/WifiHAL ( 659): wifi_get_link_stats: requestResponse Error:-5
10-16 15:07:19.113 W/ActivityManager( 486): Unable to start service Intent { act=com.cvte.tv.api.TV_API_SERVICE pkg=com.cvte.tv.api.impl } U=0: not found
10-16 15:07:19.114 E/WifiVendorHal( 486): getWifiLinkLayerStats_1_5_Internal(l.1191) failed {.code = ERROR_INVALID_ARGS, .description = }
10-16 15:07:19.120 D/TvApiSDKManager( 1456): getTvApi getSystemService = false
10-16 15:07:19.120 D/TvApiSDKManager( 1456): getTvApi startService
10-16 15:07:19.121 W/ContextImpl( 1456): Calling a method in the system process without a qualified user: android.app.ContextImpl.startService:1816 android.content.ContextWrapper.startService:774 com.cvte.tv.api.TvApiSDKManager.getTvApi:361 com.dangbei.rocky.component.system.SystemControlUtils.initSystemAidl:83 com.dangbei.rocky.component.system.SystemComponent.onAttached:38
10-16 15:07:19.124 W/ActivityManager( 486): Unable to start service Intent { act=com.cvte.tv.api.TV_API_SERVICE pkg=com.cvte.tv.api.impl } U=0: not found
10-16 15:07:19.129 W/ContextImpl( 1456): Calling a method in the system process without a qualified user: android.app.ContextImpl.bindService:1895 android.content.ContextWrapper.bindService:810 com.cvte.tv.api.TvApiSDKManager.getTvApi:362 com.dangbei.rocky.component.system.SystemControlUtils.initSystemAidl:83 com.dangbei.rocky.component.system.SystemComponent.onAttached:38
10-16 15:07:19.130 W/ActivityManager( 486): Unable to start service Intent { act=com.cvte.tv.api.TV_API_SERVICE pkg=com.cvte.tv.api.impl } U=0: not found
10-16 15:07:19.142 V/GraphicsEnvironment( 1488): ANGLE Developer option for 'com.android.providers.downloads' set to: 'default'
10-16 15:07:19.143 V/GraphicsEnvironment( 1488): Neither updatable production driver nor prerelease driver is supported.
10-16 15:07:19.145 D/NetworkSecurityConfig( 1488): No Network Security Config specified, using platform default
10-16 15:07:19.145 D/NetworkSecurityConfig( 1488): No Network Security Config specified, using platform default
10-16 15:07:19.166 W/ContextImpl( 1456): Calling a method in the system process without a qualified user: android.app.ContextImpl.startService:1816 android.content.ContextWrapper.startService:774 com.dangbei.phrike.core.DownloadManager.register:294 com.dangbei.component_appcontrol.phrike.XPhrikeAppCreator.register:47 com.dangbei.component_appcontrol.AppControlComponent.onAttached:65
10-16 15:07:19.200 D/CompatibilityChangeReporter( 486): Compat change id reported: 171306433; UID 1073; state: ENABLED
10-16 15:07:19.202 D/ConnectivityService( 486): [100 WIFI] EVENT_NETWORK_INFO_CHANGED, going from CONNECTING to CONNECTING
10-16 15:07:19.206 E/WifiHAL ( 659): wifi_get_link_stats: requestResponse Error:-5
10-16 15:07:19.212 V/GraphicsEnvironment( 1538): ANGLE Developer option for 'com.android.dynsystem' set to: 'default'
10-16 15:07:19.213 V/GraphicsEnvironment( 1538): Neither updatable production driver nor prerelease driver is supported.
10-16 15:07:19.213 E/WifiVendorHal( 486): getWifiLinkLayerStats_1_5_Internal(l.1191) failed {.code = ERROR_INVALID_ARGS, .description = }
10-16 15:07:19.212 I/IpClient.wlan0( 757): type=1400 audit(0.0:556): avc: denied { search } for name="net" dev="sysfs" ino=10442 scontext=u:r:network_stack:s0 tcontext=u:object_r:sysfs_net:s0 tclass=dir permissive=1
10-16 15:07:19.212 I/IpClient.wlan0( 757): type=1400 audit(0.0:557): avc: denied { read } for name="address" dev="sysfs" ino=16906 scontext=u:r:network_stack:s0 tcontext=u:object_r:sysfs_net:s0 tclass=file permissive=1
10-16 15:07:19.212 I/IpClient.wlan0( 757): type=1400 audit(0.0:558): avc: denied { open } for path="/sys/devices/virtual/net/dummy0/address" dev="sysfs" ino=16906 scontext=u:r:network_stack:s0 tcontext=u:object_r:sysfs_net:s0 tclass=file permissive=1
10-16 15:07:19.212 I/IpClient.wlan0( 757): type=1400 audit(0.0:559): avc: denied { getattr } for path="/sys/devices/virtual/net/dummy0/address" dev="sysfs" ino=16906 scontext=u:r:network_stack:s0 tcontext=u:object_r:sysfs_net:s0 tclass=file permissive=1
10-16 15:07:19.216 D/NetworkSecurityConfig( 1538): No Network Security Config specified, using platform default
10-16 15:07:19.217 D/NetworkSecurityConfig( 1538): No Network Security Config specified, using platform default
10-16 15:07:19.225 I/RockyManager( 1456): initSDKDelegate:
10-16 15:07:19.224 I/Thread-2( 1597): type=1400 audit(0.0:560): avc: denied { execute } for name="am" dev="dm-1" ino=1164 scontext=u:r:system_app:s0 tcontext=u:object_r:vendor_file:s0 tclass=file permissive=1
10-16 15:07:19.243 I/ActivityManager( 486): com.android.dynsystem is exempt from freezer
10-16 15:07:19.246 D/CompatibilityChangeReporter( 486): Compat change id reported: 135634846; UID 1000; state: DISABLED
10-16 15:07:19.267 I/ActivityManager( 486): com.android.managedprovisioning is exempt from freezer
10-16 15:07:19.271 D/CompatibilityChangeReporter( 486): Compat change id reported: 135634846; UID 10023; state: DISABLED
10-16 15:07:19.272 D/CompatibilityChangeReporter( 486): Compat change id reported: 177438394; UID 10023; state: DISABLED
10-16 15:07:19.272 D/CompatibilityChangeReporter( 486): Compat change id reported: 135772972; UID 10023; state: DISABLED
10-16 15:07:19.274 D/CompatibilityChangeReporter( 486): Compat change id reported: 135754954; UID 10023; state: ENABLED
10-16 15:07:19.285 I/Zygote ( 1602): seccomp disabled by setenforce 0
10-16 15:07:19.287 D/Zygote ( 242): Forked child process 1602
10-16 15:07:19.289 I/ActivityManager( 486): app.processName = com.android.dynsystem:dynsystem
10-16 15:07:19.289 I/ActivityManager( 486): Start proc 1602:com.android.dynsystem:dynsystem/1000 for service {com.android.dynsystem/com.android.dynsystem.DynamicSystemInstallationService}
10-16 15:07:19.302 I/hq ( 1096): hq:::curl -X GET "https://ottdbui-tyapiqun7.yysh.mgtv.com/v1/agile/navList?rommodelnumber=40I2XonQAUU%3D&cpuserial=PlZpqfc1JpxOOZ0anAV38AcloAYinsDQ&pattern=4Beei9NZNdo%3D&rommodel=Pqlpla5YRarwmFg%2B5VG%2FRQ%3D%3D&sn=ia%2FaFKiHtUJJAiZNtw0Vu%2Bo7tXt8HRXc&lang=vT%2FCsDI%2Fr10%3D&brand=elfd%2FN0Mw6U%3D&theme=L%2B%2FPU%2FFQgEY%3D&vcode=o%2BppAkqptlQ%3D&vname=oql4Ml1tHJc%3D&license=Hs4jp68qr9I%3D&channel=TIQ8TWTDuwcufJjk0AcBhA%3D%3D&packagename=qzBdBNULiCmiu3CIMurjL7PIryC36aZ2YdCJzQtyjcQ%3D&romvercode=LElfY4n9b%2B8%3D&romvername=DKxT5CPc%2FX8%3D&network=IGYWVa9OT%2Bk%3D&deviceEid=cRYfvD8g2raQeh4ZjQLJU5VJuJCft4VI4gdkaLe5245GHZlO7LFf1A%3D%3D&mac=iP4TVZLko9WuJ1hg87dgdZKk84039%2FKT&userid=pctYUOG3RH0%3D"
10-16 15:07:19.304 I/adbd ( 381): jdwp connection from 1602
10-16 15:07:19.311 W/System.err( 1096): com.dangbei.leard.base.proider.error.ApiException: java.net.UnknownHostException: Unable to resolve host "ottdbui-tyapiqun7.yysh.mgtv.com": No address associated with hostname
10-16 15:07:19.316 W/System.err( 1096): at com.dangbei.leard.base.proider.error.ErrorExtKt.handleException(SourceFile:286)
10-16 15:07:19.316 W/System.err( 1096): at com.dangbei.leard.base.ext.FlowExtKt.runHttpTry2Data(SourceFile:224)
10-16 15:07:19.316 W/System.err( 1096): at com.dangbei.leard.base.ext.FlowExtKt$runHttpTry2Data$1.invokeSuspend(Unknown Source:15)
10-16 15:07:19.316 W/System.err( 1096): at kotlin.coroutines.jvm.internal.BaseContinuationImpl.resumeWith(SourceFile:12)
10-16 15:07:19.316 W/System.err( 1096): at kotlinx.coroutines.internal.ScopeCoroutine.afterResume(Unknown Source:6)
10-16 15:07:19.316 W/System.err( 1096): at kotlinx.coroutines.AbstractCoroutine.resumeWith(SourceFile:16)
10-16 15:07:19.316 W/System.err( 1096): at kotlin.coroutines.jvm.internal.BaseContinuationImpl.resumeWith(SourceFile:50)
10-16 15:07:19.316 W/System.err( 1096): at kotlinx.coroutines.DispatchedTask.run(SourceFile:105)
10-16 15:07:19.316 W/System.err( 1096): at kotlinx.coroutines.internal.LimitedDispatcher.run(SourceFile:13)
10-16 15:07:19.316 W/System.err( 1096): at kotlinx.coroutines.scheduling.TaskImpl.run(SourceFile:3)
10-16 15:07:19.316 W/System.err( 1096): at kotlinx.coroutines.scheduling.CoroutineScheduler.runSafely(SourceFile:1)
10-16 15:07:19.316 W/System.err( 1096): at kotlinx.coroutines.scheduling.CoroutineScheduler$Worker.executeTask(SourceFile:15)
10-16 15:07:19.316 W/System.err( 1096): at kotlinx.coroutines.scheduling.CoroutineScheduler$Worker.runWorker(SourceFile:29)
10-16 15:07:19.316 W/System.err( 1096): at kotlinx.coroutines.scheduling.CoroutineScheduler$Worker.run(Unknown Source:0)
10-16 15:07:19.317 W/System.err( 1096): Caused by: java.net.UnknownHostException: Unable to resolve host "ottdbui-tyapiqun7.yysh.mgtv.com": No address associated with hostname
10-16 15:07:19.317 W/System.err( 1096): at java.net.Inet6AddressImpl.lookupHostByName(Inet6AddressImpl.java:124)
10-16 15:07:19.317 W/System.err( 1096): at java.net.Inet6AddressImpl.lookupAllHostAddr(Inet6AddressImpl.java:103)
10-16 15:07:19.317 W/System.err( 1096): at java.net.InetAddress.getAllByName(InetAddress.java:1152)
10-16 15:07:19.317 W/System.err( 1096): at okhttp3.Dns$Companion$DnsSystem.lookup(SourceFile:6)
10-16 15:07:19.317 W/System.err( 1096): at okhttp3.internal.connection.RouteSelector.resetNextInetSocketAddress(SourceFile:153)
10-16 15:07:19.317 W/System.err( 1096): at okhttp3.internal.connection.RouteSelector.nextProxy(SourceFile:21)
10-16 15:07:19.317 W/System.err( 1096): at okhttp3.internal.connection.RouteSelector.next(SourceFile:18)
10-16 15:07:19.317 W/System.err( 1096): at okhttp3.internal.connection.ExchangeFinder.findConnection(SourceFile:197)
10-16 15:07:19.317 W/System.err( 1096): at okhttp3.internal.connection.ExchangeFinder.findHealthyConnection(SourceFile:1)
10-16 15:07:19.317 W/System.err( 1096): at okhttp3.internal.connection.ExchangeFinder.find(SourceFile:52)
10-16 15:07:19.317 W/System.err( 1096): at okhttp3.internal.connection.RealCall.initExchange$okhttp(SourceFile:32)
10-16 15:07:19.317 W/System.err( 1096): at okhttp3.internal.connection.ConnectInterceptor.intercept(SourceFile:12)
10-16 15:07:19.317 W/System.err( 1096): at okhttp3.internal.http.RealInterceptorChain.proceed(SourceFile:155)
10-16 15:07:19.317 W/System.err( 1096): at okhttp3.internal.cache.CacheInterceptor.intercept(SourceFile:190)
10-16 15:07:19.317 W/System.err( 1096): at okhttp3.internal.http.RealInterceptorChain.proceed(SourceFile:155)
10-16 15:07:19.317 W/System.err( 1096): at okhttp3.internal.http.BridgeInterceptor.intercept(SourceFile:168)
10-16 15:07:19.317 W/System.err( 1096): at okhttp3.internal.http.RealInterceptorChain.proceed(SourceFile:155)
10-16 15:07:19.317 W/System.err( 1096): at okhttp3.internal.http.RetryAndFollowUpInterceptor.intercept(SourceFile:35)
10-16 15:07:19.317 W/System.err( 1096): at okhttp3.internal.http.RealInterceptorChain.proceed(SourceFile:155)
10-16 15:07:19.317 W/System.err( 1096): at com.monster.ok2curl.CurlInterceptor.intercept(SourceFile:26)
10-16 15:07:19.317 W/System.err( 1096): at okhttp3.internal.http.RealInterceptorChain.proceed(SourceFile:155)
10-16 15:07:19.317 W/System.err( 1096): at com.dangbei.leard.base.proider.net.interceptor.DomainSwitchInterceptor.intercept(SourceFile:72)
10-16 15:07:19.317 W/System.err( 1096): at okhttp3.internal.http.RealInterceptorChain.proceed(SourceFile:155)
10-16 15:07:19.317 W/System.err( 1096): at com.dangbei.leard.base.proider.net.interceptor.RequestSignAndEncryptInterceptor.intercept(SourceFile:240)
10-16 15:07:19.317 W/System.err( 1096): at okhttp3.internal.http.RealInterceptorChain.proceed(SourceFile:155)
10-16 15:07:19.317 W/System.err( 1096): at com.dangbei.leard.base.proider.net.interceptor.RequestExtraParamsInterceptor.intercept(SourceFile:241)
10-16 15:07:19.317 W/System.err( 1096): at okhttp3.internal.http.RealInterceptorChain.proceed(SourceFile:155)
10-16 15:07:19.317 W/System.err( 1096): at okhttp3.internal.connection.RealCall.getResponseWithInterceptorChain$okhttp(SourceFile:114)
10-16 15:07:19.317 W/System.err( 1096): at okhttp3.internal.connection.RealCall$AsyncCall.run(SourceFile:41)
10-16 15:07:19.317 W/System.err( 1096): at java.util.concurrent.ThreadPoolExecutor.runWorker(ThreadPoolExecutor.java:1167)
10-16 15:07:19.317 W/System.err( 1096): at java.util.concurrent.ThreadPoolExecutor$Worker.run(ThreadPoolExecutor.java:641)
10-16 15:07:19.317 W/System.err( 1096): at java.lang.Thread.run(Thread.java:920)
10-16 15:07:19.318 E/hq ( 1096): ErrorCoroutineExceptionHandler:::runTry error:java.net.UnknownHostException: Unable to resolve host "ottdbui-tyapiqun7.yysh.mgtv.com": No address associated with hostname from=requestAppBarData_loadData
10-16 15:07:19.360 W/ActivityManager( 486): Slow operation: 118ms so far, now at startProcess: done updating pids map
10-16 15:07:19.360 W/ActivityManager( 486): Slow operation: 105ms so far, now at startProcess: asking zygote to start proc
10-16 15:07:19.370 W/system_server( 486): Verification of void com.android.server.wifi.proto.nano.WifiMetricsProto$WifiUsabilityStatsEntry.writeTo(com.android.wifi.x.com.google.protobuf.nano.CodedOutputByteBufferNano) took 127.350ms (3745.56 bytecodes/s) (6728B approximate peak alloc)
10-16 15:07:19.389 D/CompatibilityChangeReporter( 486): Compat change id reported: 143937733; UID 10023; state: ENABLED
10-16 15:07:19.407 D/Zygote ( 242): Forked child process 1634
10-16 15:07:19.411 W/ActivityManager( 486): Slow operation: 155ms so far, now at startProcess: returned from zygote!
10-16 15:07:19.419 D/ConnectivityService( 486): requestNetwork for uid/pid:1000/1096 activeRequest: null callbackRequest: 27 [NetworkRequest [ REQUEST id=28, [ Capabilities: INTERNET&NOT_RESTRICTED&TRUSTED&NOT_VCN_MANAGED Uid: 1000 RequestorUid: 1000 RequestorPkg: com.dangbei.leard.leradlauncher] ]] callback flags: 0 priority: 2147483647
10-16 15:07:19.423 I/Zygote ( 1634): seccomp disabled by setenforce 0
10-16 15:07:19.428 D/ConnectivityService( 486): NetReassign [no changes]
10-16 15:07:19.436 D/Ethernet( 486): got request NetworkRequest [ REQUEST id=28, [ Capabilities: INTERNET&NOT_RESTRICTED&TRUSTED&NOT_VCN_MANAGED Uid: 1000 RequestorUid: 1000 RequestorPkg: com.dangbei.leard.leradlauncher] ]
10-16 15:07:19.436 D/EthernetNetworkFactory( 486): acceptRequest, request: NetworkRequest [ REQUEST id=28, [ Capabilities: INTERNET&NOT_RESTRICTED&TRUSTED&NOT_VCN_MANAGED Uid: 1000 RequestorUid: 1000 RequestorPkg: com.dangbei.leard.leradlauncher] ]
10-16 15:07:19.436 I/EthernetNetworkFactory( 486): networkForRequest, request: NetworkRequest [ REQUEST id=28, [ Capabilities: INTERNET&NOT_RESTRICTED&TRUSTED&NOT_VCN_MANAGED Uid: 1000 RequestorUid: 1000 RequestorPkg: com.dangbei.leard.leradlauncher] ], network: null
10-16 15:07:19.437 W/IorapForwardingService( 486): No service published for: iorapd
10-16 15:07:19.440 W/audit ( 1635): audit_lost=182 audit_rate_limit=5 audit_backlog_limit=64
10-16 15:07:19.440 E/audit ( 1635): rate limit exceeded
10-16 15:07:19.442 I/adbd ( 381): jdwp connection from 1634
10-16 15:07:19.446 D/PPPOE ( 486): got request NetworkRequest [ REQUEST id=28, [ Capabilities: INTERNET&NOT_RESTRICTED&TRUSTED&NOT_VCN_MANAGED Uid: 1000 RequestorUid: 1000 RequestorPkg: com.dangbei.leard.leradlauncher] ]
10-16 15:07:19.457 D/OsInitLaunch( 1096): send cache: launchAd, playAd, complete, null
10-16 15:07:19.457 E/Trigger ( 1096): ContinuousTrigger current:AdCallback next: null 队列name: launcer
10-16 15:07:19.457 E/Trigger ( 1096): ContinuousTrigger clear 队列name: launcer
10-16 15:07:19.458 I/Choreographer( 1096): Skipped 58 frames! The application may be doing too much work on its main thread.
10-16 15:07:19.465 D/bbb ( 1174): onStartCommand begin !!!!!!! data分区剩余 24888MB
10-16 15:07:19.475 W/ActivityManager( 486): Slow operation: 219ms so far, now at startProcess: done updating battery stats
10-16 15:07:19.475 W/ActivityManager( 486): Slow operation: 219ms so far, now at startProcess: building log message
10-16 15:07:19.475 I/ActivityManager( 486): app.processName = com.android.managedprovisioning
10-16 15:07:19.475 I/ActivityManager( 486): Start proc 1634:com.android.managedprovisioning/u0a23 for broadcast {com.android.managedprovisioning/com.android.managedprovisioning.BootReminder}
10-16 15:07:19.475 W/ActivityManager( 486): Slow operation: 219ms so far, now at startProcess: starting to update pids map
10-16 15:07:19.476 D/aaa ( 1099): LedStatusService onStartCommand begin
10-16 15:07:19.477 D/CompatibilityChangeReporter( 486): Compat change id reported: 171306433; UID 1000; state: ENABLED
10-16 15:07:19.477 W/ActivityManager( 486): Slow operation: 221ms so far, now at startProcess: done updating pids map
10-16 15:07:19.488 D/aaa ( 1099): topPkg is -------------- :com.dangbei.leard.leradlauncher
10-16 15:07:19.512 D/CompatibilityChangeReporter( 1602): Compat change id reported: 171979766; UID 1000; state: ENABLED
10-16 15:07:19.512 D/WifiNetworkFactory( 486): got request NetworkRequest [ REQUEST id=28, [ Capabilities: INTERNET&NOT_RESTRICTED&TRUSTED&NOT_VCN_MANAGED Uid: 1000 RequestorUid: 1000 RequestorPkg: com.dangbei.leard.leradlauncher] ]
10-16 15:07:19.513 D/UntrustedWifiNetworkFactory( 486): got request NetworkRequest [ REQUEST id=28, [ Capabilities: INTERNET&NOT_RESTRICTED&TRUSTED&NOT_VCN_MANAGED Uid: 1000 RequestorUid: 1000 RequestorPkg: com.dangbei.leard.leradlauncher] ]
10-16 15:07:19.513 D/OemPaidWifiNetworkFactory( 486): got request NetworkRequest [ REQUEST id=28, [ Capabilities: INTERNET&NOT_RESTRICTED&TRUSTED&NOT_VCN_MANAGED Uid: 1000 RequestorUid: 1000 RequestorPkg: com.dangbei.leard.leradlauncher] ]
10-16 15:07:19.517 D/ConnectivityService( 486): NetReassign [no changes]
10-16 15:07:19.593 D/ConnectivityService( 486): NetReassign [no changes]
10-16 15:07:19.614 E/ccc ( 1035): cccccc etnaService addListener com.dangbei.lerad.etna.aidl.IEtnaAidlListener$Stub$Proxy@d740387 com.dangbei.leard.leradlauncher
10-16 15:07:19.616 E/hq ( 1096): Etna:::etnaClient connectState=true
10-16 15:07:19.629 D/CompatibilityChangeReporter( 486): Compat change id reported: 168419799; UID 10023; state: DISABLED
10-16 15:07:19.630 D/hq ( 1096): NetWorkStateReceiver:::检查网络,并且持续更新 isConnect=false
10-16 15:07:19.657 V/GraphicsEnvironment( 1602): ANGLE Developer option for 'com.android.dynsystem' set to: 'default'
10-16 15:07:19.657 V/GraphicsEnvironment( 1602): Neither updatable production driver nor prerelease driver is supported.
10-16 15:07:19.663 D/NetworkSecurityConfig( 1602): No Network Security Config specified, using platform default
10-16 15:07:19.664 D/NetworkSecurityConfig( 1602): No Network Security Config specified, using platform default
10-16 15:07:19.681 D/DynamicSystemInstallationService( 1602): onStartCommand(): action=android.os.image.action.NOTIFY_IF_IN_USE
10-16 15:07:19.682 W/ActivityManager( 486): Slow operation: 63ms so far, now at attachApplicationLocked: after sendPendingBroadcastsLocked
10-16 15:07:19.686 D/CompatibilityChangeReporter( 1634): Compat change id reported: 171979766; UID 10023; state: ENABLED
10-16 15:07:19.688 I/DynamicSystemService( 486): isInstalled(): false
10-16 15:07:19.695 E/WifiVendorHal( 486): configureNeighborDiscoveryOffload(l.2704) failed {.code = ERROR_INVALID_ARGS, .description = }
10-16 15:07:19.700 D/ContactsDatabaseHelper( 1250): WAL enabled for profile.db: true
10-16 15:07:19.881 D/ConnectivityService( 486): Adding iface wlan0 to network 100
10-16 15:07:19.881 E/Netd ( 241): no such netId 100
10-16 15:07:19.883 W/ConnectivityService( 486): Exception adding interface: android.os.ServiceSpecificException: Machine is not on the network (code 64)
10-16 15:07:19.889 E/Netd ( 241): no such netId 100
10-16 15:07:19.901 I/UtilCommon( 1456): bluetoothMac=F4:AB:5C:B3:75:D7
10-16 15:07:19.925 W/BestClock( 486): java.time.DateTimeException: Missing NTP fix
10-16 15:07:19.965 W/BestClock( 486): java.time.DateTimeException: Missing NTP fix
10-16 15:07:19.972 W/BestClock( 486): java.time.DateTimeException: Missing NTP fix
10-16 15:07:19.973 W/BestClock( 486): java.time.DateTimeException: Missing NTP fix
10-16 15:07:19.981 W/rkstack.proces( 757): Verification of android.net.dhcp.DhcpPacket android.net.dhcp.DhcpPacket.decodeFullPacket(java.nio.ByteBuffer, int, byte[]) took 105.430ms (12083.81 bytecodes/s) (20768B approximate peak alloc)
10-16 15:07:19.998 E/WifiHAL ( 659): wifi_get_link_stats: requestResponse Error:-5
10-16 15:07:20.000 E/WifiVendorHal( 486): getWifiLinkLayerStats_1_5_Internal(l.1191) failed {.code = ERROR_INVALID_ARGS, .description = }
10-16 15:07:20.018 D/QuickLifeImpl( 1035): start resetAppStartTimes!
10-16 15:07:20.018 W/System.err( 1456): java.net.UnknownHostException: Unable to resolve host "tyapi.qun7.com": No address associated with hostname
10-16 15:07:20.018 W/System.err( 1456): at java.net.Inet6AddressImpl.lookupHostByName(Inet6AddressImpl.java:156)
10-16 15:07:20.019 W/System.err( 1456): at java.net.Inet6AddressImpl.lookupAllHostAddr(Inet6AddressImpl.java:103)
10-16 15:07:20.019 W/System.err( 1456): at java.net.InetAddress.getAllByName(InetAddress.java:1152)
10-16 15:07:20.019 W/System.err( 1456): at com.android.okhttp.Dns$1.lookup(Dns.java:41)
10-16 15:07:20.019 W/System.err( 1456): at com.android.okhttp.internal.http.RouteSelector.resetNextInetSocketAddress(RouteSelector.java:178)
10-16 15:07:20.019 W/System.err( 1456): at com.android.okhttp.internal.http.RouteSelector.nextProxy(RouteSelector.java:144)
10-16 15:07:20.019 W/System.err( 1456): at com.android.okhttp.internal.http.RouteSelector.next(RouteSelector.java:86)
10-16 15:07:20.019 W/System.err( 1456): at com.android.okhttp.internal.http.StreamAllocation.findConnection(StreamAllocation.java:176)
10-16 15:07:20.019 W/System.err( 1456): at com.android.okhttp.internal.http.StreamAllocation.findHealthyConnection(StreamAllocation.java:128)
10-16 15:07:20.019 W/System.err( 1456): at com.android.okhttp.internal.http.StreamAllocation.newStream(StreamAllocation.java:97)
10-16 15:07:20.019 W/System.err( 1456): at com.android.okhttp.internal.http.HttpEngine.connect(HttpEngine.java:289)
10-16 15:07:20.019 W/System.err( 1456): at com.android.okhttp.internal.http.HttpEngine.sendRequest(HttpEngine.java:232)
10-16 15:07:20.019 W/System.err( 1456): at com.android.okhttp.internal.huc.HttpURLConnectionImpl.execute(HttpURLConnectionImpl.java:465)
10-16 15:07:20.019 W/System.err( 1456): at com.android.okhttp.internal.huc.HttpURLConnectionImpl.getResponse(HttpURLConnectionImpl.java:411)
10-16 15:07:20.019 W/System.err( 1456): at com.android.okhttp.internal.huc.HttpURLConnectionImpl.getResponseCode(HttpURLConnectionImpl.java:542)
10-16 15:07:20.019 W/System.err( 1456): at com.dangbei.statistics.UtilCommon.networkGetIp(UtilCommon.java:826)
10-16 15:07:20.019 W/System.err( 1456): at com.dangbei.statistics.UtilCommon$1.accept(UtilCommon.java:807)
10-16 15:07:20.019 W/System.err( 1456): at com.dangbei.statistics.UtilCommon$1.accept(UtilCommon.java:803)
10-16 15:07:20.019 W/System.err( 1456): at io.reactivex.internal.operators.observable.ObservableDoOnEach$DoOnEachObserver.onNext(ObservableDoOnEach.java:93)
10-16 15:07:20.019 W/System.err( 1456): at io.reactivex.internal.operators.observable.ObservableObserveOn$ObserveOnObserver.drainNormal(ObservableObserveOn.java:201)
10-16 15:07:20.019 W/System.err( 1456): at io.reactivex.internal.operators.observable.ObservableObserveOn$ObserveOnObserver.run(ObservableObserveOn.java:255)
10-16 15:07:20.019 W/System.err( 1456): at io.reactivex.internal.schedulers.ScheduledRunnable.run(ScheduledRunnable.java:66)
10-16 15:07:20.019 W/System.err( 1456): at io.reactivex.internal.schedulers.ScheduledRunnable.call(ScheduledRunnable.java:57)
10-16 15:07:20.019 W/System.err( 1456): at java.util.concurrent.FutureTask.run(FutureTask.java:266)
10-16 15:07:20.019 W/System.err( 1456): at java.util.concurrent.ScheduledThreadPoolExecutor$ScheduledFutureTask.run(ScheduledThreadPoolExecutor.java:301)
10-16 15:07:20.019 W/System.err( 1456): at java.util.concurrent.ThreadPoolExecutor.runWorker(ThreadPoolExecutor.java:1167)
10-16 15:07:20.019 W/System.err( 1456): at java.util.concurrent.ThreadPoolExecutor$Worker.run(ThreadPoolExecutor.java:641)
10-16 15:07:20.019 W/System.err( 1456): at java.lang.Thread.run(Thread.java:920)
10-16 15:07:20.020 W/System.err( 1456): Caused by: android.system.GaiException: android_getaddrinfo failed: EAI_NODATA (No address associated with hostname)
10-16 15:07:20.020 W/System.err( 1456): at libcore.io.Linux.android_getaddrinfo(Native Method)
10-16 15:07:20.020 W/System.err( 1456): at libcore.io.ForwardingOs.android_getaddrinfo(ForwardingOs.java:136)
10-16 15:07:20.020 W/System.err( 1456): at libcore.io.BlockGuardOs.android_getaddrinfo(BlockGuardOs.java:221)
10-16 15:07:20.020 W/System.err( 1456): at libcore.io.ForwardingOs.android_getaddrinfo(ForwardingOs.java:136)
10-16 15:07:20.020 W/System.err( 1456): at java.net.Inet6AddressImpl.lookupHostByName(Inet6AddressImpl.java:135)
10-16 15:07:20.020 W/System.err( 1456): ... 27 more
10-16 15:07:20.051 D/DhcpClient( 757): l2key: W5a8d1c38c0975e76 lease address: /192.168.50.38 lease expiry: 1760684367742 current time: 1760598440051
10-16 15:07:20.057 D/DhcpClient( 757): Broadcasting DHCPREQUEST ciaddr=0.0.0.0 request=192.168.50.38 serverid=null
10-16 15:07:20.062 V/GraphicsEnvironment( 1634): ANGLE Developer option for 'com.android.managedprovisioning' set to: 'default'
10-16 15:07:20.062 V/GraphicsEnvironment( 1634): Neither updatable production driver nor prerelease driver is supported.
10-16 15:07:20.065 D/NetworkSecurityConfig( 1634): No Network Security Config specified, using platform default
10-16 15:07:20.066 D/NetworkSecurityConfig( 1634): No Network Security Config specified, using platform default
10-16 15:07:20.076 W/bei.lerad.rock( 1456): Class com.iflytek.aiui.AIUIAgent failed lock verification and will run slower.
10-16 15:07:20.076 W/bei.lerad.rock( 1456): Common causes for lock verification issues are non-optimized dex code
10-16 15:07:20.076 W/bei.lerad.rock( 1456): and incorrect proguard optimizations.
10-16 15:07:20.085 I/AiuiEngine( 1456): create aiui agent
10-16 15:07:20.086 D/RockyVoice_AiUiDelegate( 1456): 初始化成功
10-16 15:07:20.088 D/RockyNetMessageUtil( 1456): initTipsList tipEntity = null isRequestTipSuccess = false
10-16 15:07:20.094 W/bei.lerad.rock( 1456): Class com.iflytek.aiui.utils.c failed lock verification and will run slower.
10-16 15:07:20.098 D/DhcpClient( 757): Received packet: f4:ab:5c:b3:c4:33 ACK: your new IP /192.168.50.38, netmask /255.255.255.0, gateways [/192.168.50.1] DNS servers: /192.168.50.1 , lease time 86400
10-16 15:07:20.109 D/DhcpClient( 757): Confirmed lease: android.net.networkstack.DhcpResults@2b3e257 DHCP server /192.168.50.1 Vendor info null lease 86400 seconds Servername
10-16 15:07:20.137 W/bei.lerad.rock( 1456): Class com.iflytek.aiui.utils.l failed lock verification and will run slower.
10-16 15:07:20.163 I/CarUiInstaller( 1634): CarUiInstaller started for com.android.managedprovisioning
10-16 15:07:20.165 D/RockyNetMessageUtil( 1456): initMediaControlPage pageEntity = null isRequestPageControlSuccess = false
10-16 15:07:20.199 D/QuickLifeImpl( 1035): onReceive intent : Intent { act=android.net.wifi.STATE_CHANGE flg=0x4000010 (has extras) }
10-16 15:07:20.206 E/Netd ( 241): no such netId 100
10-16 15:07:20.207 E/ConnectivityService( 486): Exception in networkAddRouteParcel for non-gateway: android.os.ServiceSpecificException: Machine is not on the network (code 64)
10-16 15:07:20.208 E/Netd ( 241): no such netId 100
10-16 15:07:20.209 E/ConnectivityService( 486): Exception in networkAddRouteParcel for gateway: android.os.ServiceSpecificException: Machine is not on the network (code 64)
10-16 15:07:20.215 D/CompatibilityChangeReporter( 486): Compat change id reported: 168419799; UID 10019; state: DISABLED
10-16 15:07:20.216 D/XHttpObservable( 1456): handleRequest: start https://tyapi.qun7.com/v1/voice/getsoundshowmsg ,,, isCache = false
10-16 15:07:20.216 I/preinstall.sh( 1749): type=1400 audit(0.0:624): avc: denied { execute } for name="sh" dev="dm-0" ino=1202 scontext=u:r:system_server:s0 tcontext=u:object_r:shell_exec:s0 tclass=file permissive=1
10-16 15:07:20.216 I/preinstall.sh( 1749): type=1400 audit(0.0:625): avc: denied { read open } for path="/system/bin/sh" dev="dm-0" ino=1202 scontext=u:r:system_server:s0 tcontext=u:object_r:shell_exec:s0 tclass=file permissive=1
10-16 15:07:20.216 I/pm ( 1749): type=1400 audit(0.0:626): avc: denied { map } for path="/system/bin/sh" dev="dm-0" ino=1202 scontext=u:r:system_server:s0 tcontext=u:object_r:shell_exec:s0 tclass=file permissive=1
10-16 15:07:20.216 I/pm ( 1749): type=1400 audit(0.0:627): avc: denied { getattr } for path="/system/bin/sh" dev="dm-0" ino=1202 scontext=u:r:system_server:s0 tcontext=u:object_r:shell_exec:s0 tclass=file permissive=1
10-16 15:07:20.231 W/BestClock( 486): java.time.DateTimeException: Missing NTP fix
10-16 15:07:20.257 D/QuickLifeImpl( 1035): onReceive intent : Intent { act=android.net.wifi.STATE_CHANGE flg=0x4000010 (has extras) }
10-16 15:07:20.258 W/BestClock( 486): java.time.DateTimeException: Missing NTP fix
10-16 15:07:20.263 D/ConnectivityService( 486): Setting DNS servers for network 100 to [/192.168.50.1]
10-16 15:07:20.273 W/BestClock( 486): java.time.DateTimeException: Missing NTP fix
10-16 15:07:20.273 W/BestClock( 486): java.time.DateTimeException: Missing NTP fix
10-16 15:07:20.281 D/XHttpObservable( 1456): handleRequest: start https://tyapi.qun7.com/v1/voice/getResponseControlPage ,,, isCache = false
10-16 15:07:20.292 W/BestClock( 486): java.time.DateTimeException: Missing NTP fix
10-16 15:07:20.292 I/cmd ( 1748): type=1400 audit(0.0:628): avc: denied { call } for scontext=u:r:preinstall:s0 tcontext=u:r:system_server:s0 tclass=binder permissive=1
10-16 15:07:20.315 W/SoundPool( 1456): Use of stream types is deprecated for operations other than volume control
10-16 15:07:20.315 W/SoundPool( 1456): See the documentation of SoundPool() for what to use instead with android.media.AudioAttributes to qualify your playback use case
10-16 15:07:20.338 D/DhcpClient( 757): Scheduling renewal in 43199s
10-16 15:07:20.338 W/BestClock( 486): java.time.DateTimeException: Missing NTP fix
10-16 15:07:20.338 D/DhcpClient( 757): Scheduling rebind in 75599s
10-16 15:07:20.338 D/DhcpClient( 757): Scheduling expiry in 86399s
10-16 15:07:20.340 W/BestClock( 486): java.time.DateTimeException: Missing NTP fix
10-16 15:07:20.341 W/BestClock( 486): java.time.DateTimeException: Missing NTP fix
10-16 15:07:20.345 D/ConnectivityService( 486): [100 WIFI] EVENT_NETWORK_INFO_CHANGED, going from CONNECTING to CONNECTED
10-16 15:07:20.354 D/DnsManager( 486): sendDnsConfigurationForNetwork(100, [192.168.50.1], [], 1800, 25, 8, 64, 0, 0, , [])
10-16 15:07:20.365 W/DnsManager( 486): updatePrivateDns(100, PrivateDnsConfig{true:/[]})
10-16 15:07:20.365 D/ConnectivityService( 486): Setting DNS servers for network 100 to [/192.168.50.1]
10-16 15:07:20.372 D/DnsManager( 486): sendDnsConfigurationForNetwork(100, [192.168.50.1], [], 1800, 25, 8, 64, 0, 0, , [192.168.50.1])
10-16 15:07:20.374 W/resolv ( 241): Validating DnsTlsServer 192.168.50.1 with mark 0xf0064
10-16 15:07:20.376 W/resolv ( 241): Socket failed to connect: Network is unreachable
10-16 15:07:20.376 W/resolv ( 241): TCP Handshake failed: 101
10-16 15:07:20.377 W/resolv ( 241): query failed
10-16 15:07:20.377 W/resolv ( 241): validateDnsTlsServer returned 0 for 192.168.50.1
10-16 15:07:20.377 W/resolv ( 241): Validation failed
10-16 15:07:20.382 D/RockyReceiver( 1456): action: android.net.wifi.WIFI_STATE_CHANGED
10-16 15:07:20.383 E/ConnectivityService( 486): Exception = android.content.pm.PackageManager$NameNotFoundException: android.net.cts
10-16 15:07:20.391 D/ConnectivityService( 486): Adding iface wlan0 to network 100
10-16 15:07:20.403 D/RockyReceiver( 1456): action: android.net.wifi.STATE_CHANGE
10-16 15:07:20.404 E/ConnectivityService( 486): Exception = android.content.pm.PackageManager$NameNotFoundException: android.net.cts
10-16 15:07:20.423 D/ConnectivityService( 486): Setting DNS servers for network 100 to [/192.168.50.1]
10-16 15:07:20.424 D/DnsManager( 486): sendDnsConfigurationForNetwork(100, [192.168.50.1], [], 1800, 25, 8, 64, 0, 0, , [192.168.50.1])
10-16 15:07:20.430 W/resolv ( 241): Validating DnsTlsServer 192.168.50.1 with mark 0xf0064
10-16 15:07:20.444 W/resolv ( 241): SSL_connect ssl error =5, mark 0xf0064: Connection refused
10-16 15:07:20.444 W/resolv ( 241): TLS Handshake failed
10-16 15:07:20.445 W/resolv ( 241): query failed
10-16 15:07:20.445 W/resolv ( 241): validateDnsTlsServer returned 0 for 192.168.50.1
10-16 15:07:20.445 W/resolv ( 241): Validation failed
10-16 15:07:20.446 W/IorapForwardingService( 486): No service published for: iorapd
10-16 15:07:20.444 W/audit ( 1776): audit_lost=220 audit_rate_limit=5 audit_backlog_limit=64
10-16 15:07:20.444 E/audit ( 1776): rate limit exceeded
10-16 15:07:20.455 D/NetworkSecurityConfig( 1488): No Network Security Config specified, using platform default
10-16 15:07:20.457 W/WifiScoreReport( 486): Cannot start external scoring netId=100 currentNetId=100 currentNetCapabilities=[ Transports: WIFI Capabilities: NOT_METERED&INTERNET&NOT_RESTRICTED&TRUSTED&NOT_VPN&NOT_ROAMING&NOT_CONGESTED&NOT_SUSPENDED&NOT_VCN_MANAGED LinkUpBandwidth>=12000Kbps LinkDnBandwidth>=30000Kbps Specifier: TransportInfo: SignalStrength: -30 OwnerUid: 1000 AdminUids: [1000] SSID: "2.4G"] sessionId=1008
10-16 15:07:20.491 W/BestClock( 486): java.time.DateTimeException: Missing NTP fix
10-16 15:07:20.497 D/CompatibilityChangeReporter( 486): Compat change id reported: 135634846; UID 10055; state: DISABLED
10-16 15:07:20.497 D/CompatibilityChangeReporter( 486): Compat change id reported: 177438394; UID 10055; state: DISABLED
10-16 15:07:20.498 D/CompatibilityChangeReporter( 486): Compat change id reported: 135772972; UID 10055; state: DISABLED
10-16 15:07:20.498 D/CompatibilityChangeReporter( 486): Compat change id reported: 135754954; UID 10055; state: ENABLED
10-16 15:07:20.498 D/CompatibilityChangeReporter( 486): Compat change id reported: 143937733; UID 10055; state: ENABLED
10-16 15:07:20.522 W/BestClock( 486): java.time.DateTimeException: Missing NTP fix
10-16 15:07:20.529 D/Zygote ( 242): Forked child process 1790
10-16 15:07:20.540 W/BestClock( 486): java.time.DateTimeException: Missing NTP fix
10-16 15:07:20.544 I/ActivityManager( 486): app.processName = com.android.onetimeinitializer
10-16 15:07:20.544 I/ActivityManager( 486): Start proc 1790:com.android.onetimeinitializer/u0a55 for broadcast {com.android.onetimeinitializer/com.android.onetimeinitializer.OneTimeInitializerReceiver}
10-16 15:07:20.544 W/BestClock( 486): java.time.DateTimeException: Missing NTP fix
10-16 15:07:20.562 I/Zygote ( 1790): seccomp disabled by setenforce 0
10-16 15:07:20.594 I/adbd ( 381): jdwp connection from 1790
10-16 15:07:20.631 D/ExifInterface( 1096): No image meets the size requirements of a thumbnail image.
10-16 15:07:20.635 W/System ( 1456): A resource failed to call close.
10-16 15:07:20.659 D/CompatibilityChangeReporter( 486): Compat change id reported: 168419799; UID 10055; state: DISABLED
10-16 15:07:20.695 W/hdr10p_Configure( 408): 194 callbacks suppressed
10-16 15:07:20.695 I/ ( 408): DVI mode selected: packets not configured
10-16 15:07:20.695 W/set_vsif_config( 408): 194 callbacks suppressed
10-16 15:07:20.695 I/ ( 408): Error: set vsif failed
