10-16 15:07:02.108 I/xiriservice_All( 309): type=1400 audit(0.0:215): avc: denied { search } for name="com.android.internal.systemui.navbar.threebutton" dev="mmcblk0p25" ino=833 scontext=u:r:init:s0 tcontext=u:object_r:app_data_file:s0:c4,c256,c512,c768 tclass=dir permissive=1
10-16 15:07:02.108 I/xiriservice_All( 309): type=1400 audit(0.0:216): avc: denied { search } for name="com.google.android.networkstackconfig" dev="mmcblk0p25" ino=841 scontext=u:r:init:s0 tcontext=u:object_r:app_data_file:s0:c0,c256,c512,c768 tclass=dir permissive=1
10-16 15:07:02.116 E/LegacySupport( 247): Could not get passthrough implementation for android.hardware.bluetooth.audio@2.1::IBluetoothAudioProvidersFactory/default.
10-16 15:07:02.117 I/hwservicemanager( 180): getTransport: Cannot find entry android.hardware.bluetooth.audio@2.0::IBluetoothAudioProvidersFactory/default in either framework or device VINTF manifest.
10-16 15:07:02.112 I/xiriservice_All( 309): type=1400 audit(0.0:217): avc: denied { search } for name="com.android.internal.systemui.navbar.gestural_extra_wide_back" dev="mmcblk0p25" ino=913 scontext=u:r:init:s0 tcontext=u:object_r:app_data_file:s0:c10,c256,c512,c768 tclass=dir permissive=1
10-16 15:07:02.112 I/xiriservice_All( 309): type=1400 audit(0.0:218): avc: denied { search } for name="com.android.printspooler" dev="mmcblk0p25" ino=937 scontext=u:r:init:s0 tcontext=u:object_r:app_data_file:s0:c39,c256,c512,c768 tclass=dir permissive=1
10-16 15:07:02.118 E/LegacySupport( 247): Could not get passthrough implementation for android.hardware.bluetooth.audio@2.0::IBluetoothAudioProvidersFactory/default.
10-16 15:07:02.118 W/audiohalservice( 247): Could not register Bluetooth Audio API
10-16 15:07:02.119 I/hwservicemanager( 180): getTransport: Cannot find entry android.hardware.bluetooth.a2dp@1.0::IBluetoothAudioOffload/default in either framework or device VINTF manifest.
10-16 15:07:02.112 I/xiriservice_All( 309): type=1400 audit(0.0:219): avc: denied { read } for name="lib" dev="mmcblk0p25" ino=4836 scontext=u:r:init:s0 tcontext=u:object_r:app_data_file:s0:c39,c256,c512,c768 tclass=lnk_file permissive=1
10-16 15:07:02.119 E/LegacySupport( 247): Could not get passthrough implementation for android.hardware.bluetooth.a2dp@1.0::IBluetoothAudioOffload/default.
10-16 15:07:02.119 W/audiohalservice( 247): Could not register Bluetooth Audio Offload API
10-16 15:07:02.116 I/xiriservice_All( 309): type=1400 audit(0.0:220): avc: denied { search } for name="com.android.dreams.basic" dev="mmcblk0p25" ino=945 scontext=u:r:init:s0 tcontext=u:object_r:app_data_file:s0:c50,c256,c512,c768 tclass=dir permissive=1
10-16 15:07:02.116 I/xiriservice_All( 309): type=1400 audit(0.0:221): avc: denied { search } for name="com.android.webview" dev="mmcblk0p25" ino=953 scontext=u:r:init:s0 tcontext=u:object_r:app_data_file:s0:c60,c256,c512,c768 tclass=dir permissive=1
10-16 15:07:02.116 I/xiriservice_All( 309): type=1400 audit(0.0:222): avc: denied { read } for name="lib" dev="mmcblk0p25" ino=4837 scontext=u:r:init:s0 tcontext=u:object_r:app_data_file:s0:c60,c256,c512,c768 tclass=lnk_file permissive=1
10-16 15:07:02.123 I/CamPrvdr@2.4-external( 249): threadLoop start monitoring new V4L2 devices
10-16 15:07:02.123 D/XM_HIDREAD( 318): hidread running 0429 d06.
10-16 15:07:02.124 D/XM_HIDREAD( 318): addr_len_t:26,addr_len:26
10-16 15:07:02.124 D/XM_HIDREAD( 318): server_socket:4
10-16 15:07:02.124 D/XM_HIDREAD( 318): pthread_join listen_thread before
10-16 15:07:02.124 D/XM_HIDREAD( 318): >> start monitor uevent ...
10-16 15:07:02.120 I/xm_hidread( 318): type=1400 audit(0.0:223): avc: denied { create } for scontext=u:r:init:s0 tcontext=u:r:init:s0 tclass=netlink_kobject_uevent_socket permissive=1
10-16 15:07:02.120 I/xm_hidread( 318): type=1400 audit(0.0:224): avc: denied { setopt } for scontext=u:r:init:s0 tcontext=u:r:init:s0 tclass=netlink_kobject_uevent_socket permissive=1
10-16 15:07:02.120 I/xm_hidread( 318): type=1400 audit(0.0:225): avc: denied { bind } for scontext=u:r:init:s0 tcontext=u:r:init:s0 tclass=netlink_kobject_uevent_socket permissive=1
10-16 15:07:02.120 I/xm_hidread( 318): type=1400 audit(0.0:226): avc: denied { read } for scontext=u:r:init:s0 tcontext=u:r:init:s0 tclass=netlink_kobject_uevent_socket permissive=1
10-16 15:07:02.126 D/XM_HIDREAD( 318): listener_thread has start 4.
10-16 15:07:02.126 D/XM_HIDREAD( 318): accept before.
10-16 15:07:02.124 I/xiriservice_All( 309): type=1400 audit(0.0:227): avc: denied { search } for name="com.android.printservice.recommendation" dev="mmcblk0p25" ino=1035 scontext=u:r:init:s0 tcontext=u:object_r:app_data_file:s0:c53,c256,c512,c768 tclass=dir permissive=1
10-16 15:07:02.124 I/xiriservice_All( 309): type=1400 audit(0.0:228): avc: denied { search } for name="com.google.android.networkstack.tetheringconfig" dev="mmcblk0p25" ino=1043 scontext=u:r:init:s0 tcontext=u:object_r:app_data_file:s0:c5,c256,c512,c768 tclass=dir permissive=1
10-16 15:07:02.124 I/led_switch.sh( 323): type=1400 audit(0.0:229): avc: denied { execute_no_trans } for path="/vendor/bin/toolbox" dev="dm-1" ino=229 scontext=u:r:init:s0 tcontext=u:object_r:vendor_toolbox_exec:s0 tclass=file permissive=1
10-16 15:07:02.128 I/xiriservice_All( 309): type=1400 audit(0.0:230): avc: denied { search } for name="com.android.theme.font.notoserifsource" dev="mmcblk0p25" ino=1068 scontext=u:r:init:s0 tcontext=u:object_r:app_data_file:s0:c1,c256,c512,c768 tclass=dir permissive=1
10-16 15:07:02.132 I/xiriservice_All( 309): type=1400 audit(0.0:231): avc: denied { search } for name="com.android.smspush" dev="mmcblk0p25" ino=1124 scontext=u:r:init:s0 tcontext=u:object_r:app_data_file:s0:c69,c256,c512,c768 tclass=dir permissive=1
10-16 15:07:02.140 I/xiriservice_All( 309): type=1400 audit(0.0:232): avc: denied { search } for name="com.tv.filemanager.os" dev="mmcblk0p25" ino=1140 scontext=u:r:init:s0 tcontext=u:object_r:app_data_file:s0:c42,c256,c512,c768 tclass=dir permissive=1
10-16 15:07:02.140 I/xiriservice_All( 309): type=1400 audit(0.0:233): avc: denied { search } for name="com.android.bookmarkprovider" dev="mmcblk0p25" ino=1164 scontext=u:r:init:s0 tcontext=u:object_r:app_data_file:s0:c40,c256,c512,c768 tclass=dir permissive=1
10-16 15:07:02.144 I/xiriservice_All( 309): type=1400 audit(0.0:234): avc: denied { search } for name="com.android.cts.ctsshim" dev="mmcblk0p25" ino=1180 scontext=u:r:init:s0 tcontext=u:object_r:app_data_file:s0:c52,c256,c512,c768 tclass=dir permissive=1
10-16 15:07:02.144 I/xiriservice_All( 309): type=1400 audit(0.0:235): avc: denied { search } for name="com.dangbei.lerad.screensaver" dev="mmcblk0p25" ino=1188 scontext=u:r:init:s0 tcontext=u:object_r:app_data_file:s0:c54,c256,c512,c768 tclass=dir permissive=1
10-16 15:07:02.144 I/xiriservice_All( 309): type=1400 audit(0.0:236): avc: denied { read } for name="lib" dev="mmcblk0p25" ino=4851 scontext=u:r:init:s0 tcontext=u:object_r:app_data_file:s0:c54,c256,c512,c768 tclass=lnk_file permissive=1
10-16 15:07:02.144 I/xiriservice_All( 309): type=1400 audit(0.0:237): avc: denied { search } for name="com.android.remoteprovisioner" dev="mmcblk0p25" ino=1196 scontext=u:r:init:s0 tcontext=u:object_r:app_data_file:s0:c64,c256,c512,c768 tclass=dir permissive=1
10-16 15:07:02.144 I/xiriservice_All( 309): type=1400 audit(0.0:238): avc: denied { search } for name="com.softwinner.theme.icon" dev="mmcblk0p25" ino=1204 scontext=u:r:init:s0 tcontext=u:object_r:app_data_file:s0:c6,c256,c512,c768 tclass=dir permissive=1
10-16 15:07:02.144 I/xiriservice_All( 309): type=1400 audit(0.0:239): avc: denied { search } for name="com.android.music" dev="mmcblk0p25" ino=1228 scontext=u:r:init:s0 tcontext=u:object_r:app_data_file:s0:c51,c256,c512,c768 tclass=dir permissive=1
10-16 15:07:02.148 I/xiriservice_All( 309): type=1400 audit(0.0:240): avc: denied { search } for name="com.android.providers.media.module" dev="mmcblk0p25" ino=1260 scontext=u:r:init:s0 tcontext=u:object_r:privapp_data_file:s0:c74,c256,c512,c768 tclass=dir permissive=1
10-16 15:07:02.148 I/xiriservice_All( 309): type=1400 audit(0.0:241): avc: denied { read } for name="lib" dev="mmcblk0p25" ino=4853 scontext=u:r:init:s0 tcontext=u:object_r:privapp_data_file:s0:c74,c256,c512,c768 tclass=lnk_file permissive=1
10-16 15:07:02.148 I/xiriservice_All( 309): type=1400 audit(0.0:242): avc: denied { search } for name="com.softwinner.theme.color" dev="mmcblk0p25" ino=1268 scontext=u:r:init:s0 tcontext=u:object_r:app_data_file:s0:c8,c256,c512,c768 tclass=dir permissive=1
10-16 15:07:02.148 I/xiriservice_All( 309): type=1400 audit(0.0:243): avc: denied { search } for name="com.android.hotspot2.osulogin" dev="mmcblk0p25" ino=1284 scontext=u:r:init:s0 tcontext=u:object_r:app_data_file:s0:c71,c256,c512,c768 tclass=dir permissive=1
10-16 15:07:02.152 I/xiriservice_All( 309): type=1400 audit(0.0:244): avc: denied { search } for name="com.android.internal.systemui.navbar.gestural" dev="mmcblk0p25" ino=1292 scontext=u:r:init:s0 tcontext=u:object_r:app_data_file:s0:c11,c256,c512,c768 tclass=dir permissive=1
10-16 15:07:02.152 I/xiriservice_All( 309): type=1400 audit(0.0:245): avc: denied { search } for name="com.android.bluetoothmidiservice" dev="mmcblk0p25" ino=1308 scontext=u:r:init:s0 tcontext=u:object_r:app_data_file:s0:c41,c256,c512,c768 tclass=dir permissive=1
10-16 15:07:02.152 I/xiriservice_All( 309): type=1400 audit(0.0:246): avc: denied { search } for name="com.android.traceur" dev="mmcblk0p25" ino=1332 scontext=u:r:init:s0 tcontext=u:object_r:app_data_file:s0:c17,c256,c512,c768 tclass=dir permissive=1
10-16 15:07:02.156 I/xiriservice_All( 309): type=1400 audit(0.0:247): avc: denied { read } for name="lib" dev="mmcblk0p25" ino=4858 scontext=u:r:init:s0 tcontext=u:object_r:bluetooth_data_file:s0 tclass=lnk_file permissive=1
10-16 15:07:02.160 I/xiriservice_All( 309): type=1400 audit(0.0:248): avc: denied { search } for name="com.android.captiveportallogin" dev="mmcblk0p25" ino=1356 scontext=u:r:init:s0 tcontext=u:object_r:app_data_file:s0:c46,c256,c512,c768 tclass=dir permissive=1
10-16 15:07:02.160 I/xiriservice_All( 309): type=1400 audit(0.0:249): avc: denied { search } for name="com.android.internal.systemui.navbar.gestural_narrow_back" dev="mmcblk0p25" ino=1364 scontext=u:r:init:s0 tcontext=u:object_r:app_data_file:s0:c2,c256,c512,c768 tclass=dir permissive=1
10-16 15:07:02.164 I/xiriservice_All( 309): type=1400 audit(0.0:250): avc: denied { search } for name="com.dangbei.dbmusic.dbos.tab" dev="mmcblk0p25" ino=5069 scontext=u:r:init:s0 tcontext=u:object_r:app_data_file:s0:c77,c256,c512,c768 tclass=dir permissive=1
10-16 15:07:02.164 I/xiriservice_All( 309): type=1400 audit(0.0:251): avc: denied { read } for name="lib" dev="mmcblk0p25" ino=5077 scontext=u:r:init:s0 tcontext=u:object_r:app_data_file:s0:c77,c256,c512,c768 tclass=lnk_file permissive=1
10-16 15:07:02.172 I/xiriservice_All( 309): type=1400 audit(0.0:252): avc: denied { search } for name="android.auto_generated_rro_vendor__" dev="mmcblk0p25" ino=1372 scontext=u:r:init:s0 tcontext=u:object_r:app_data_file:s0:c12,c256,c512,c768 tclass=dir permissive=1
10-16 15:07:02.172 I/xiriservice_All( 309): type=1400 audit(0.0:253): avc: denied { search } for name="com.dangbei.hqmedia" dev="mmcblk0p25" ino=3746 scontext=u:r:init:s0 tcontext=u:object_r:app_data_file:s0:c76,c256,c512,c768 tclass=dir permissive=1
10-16 15:07:02.172 I/xiriservice_All( 309): type=1400 audit(0.0:254): avc: denied { read } for name="lib" dev="mmcblk0p25" ino=4841 scontext=u:r:init:s0 tcontext=u:object_r:app_data_file:s0:c76,c256,c512,c768 tclass=lnk_file permissive=1
10-16 15:07:02.180 I/rainbow_flow( 324): type=1400 audit(0.0:255): avc: denied { write } for name="spidev1.0" dev="tmpfs" ino=1274 scontext=u:r:init:s0 tcontext=u:object_r:device:s0 tclass=chr_file permissive=1
10-16 15:07:02.180 I/rainbow_flow( 324): type=1400 audit(0.0:256): avc: denied { open } for path="/dev/spidev1.0" dev="tmpfs" ino=1274 scontext=u:r:init:s0 tcontext=u:object_r:device:s0 tclass=chr_file permissive=1
10-16 15:07:02.180 I/rainbow_flow( 324): type=1400 audit(0.0:257): avc: denied { ioctl } for path="/dev/spidev1.0" dev="tmpfs" ino=1274 ioctlcmd=0x6b01 scontext=u:r:init:s0 tcontext=u:object_r:device:s0 tclass=chr_file permissive=1
10-16 15:07:02.221 I/bootstat( 325): Service started: /system/bin/bootstat --set_system_boot_reason
10-16 15:07:02.224 I/bootstat( 325): Canonical boot reason: reboot,
10-16 15:07:02.224 I/bootstat( 325): Canonical boot reason: reboot,
10-16 15:07:02.235 I/bootstat( 325): Last reboot reason read from /metadata/bootstat/persist.sys.boot.reason : reboot,. Last reboot reason read from persist.sys.boot.reason : reboot,
10-16 15:07:02.235 I/bootstat( 325): Normalized last reboot reason : reboot,
10-16 15:07:02.252 I/rainbow_flow( 324): type=1400 audit(0.0:258): avc: denied { ioctl } for path="/dev/spidev1.0" dev="tmpfs" ino=1274 ioctlcmd=0x6b00 scontext=u:r:init:s0 tcontext=u:object_r:device:s0 tclass=chr_file permissive=1
10-16 15:07:02.271 D/XiriService( 309): read SYSTEM APP lib
10-16 15:07:02.280 D/DONGLE_SERVICE( 330): ble_rc_service version is 2.0.26601
10-16 15:07:02.276 I/preloaddata( 329): type=1400 audit(0.0:259): avc: denied { write search } for name="tmp" dev="mmcblk0p25" ino=85 scontext=u:r:toolbox:s0 tcontext=u:object_r:shell_data_file:s0 tclass=dir permissive=1
10-16 15:07:02.276 I/preloaddata( 329): type=1400 audit(0.0:260): avc: denied { getattr } for path="/data/local/tmp" dev="mmcblk0p25" ino=85 scontext=u:r:toolbox:s0 tcontext=u:object_r:shell_data_file:s0 tclass=dir permissive=1
10-16 15:07:02.281 D/DONGLE_SERVICE( 330): init command center ...
10-16 15:07:02.282 D/DONGLE_SERVICE( 330): trying to scan for smart ctrl hidraw...
10-16 15:07:02.284 D/DONGLE_SERVICE( 330): command center, start working...
10-16 15:07:02.287 W/perfetto( 328): service.cc:207 Started traced, listening on /dev/socket/traced_producer /dev/socket/traced_consumer
10-16 15:07:02.287 I/perfetto( 327): probes.cc:84 Starting /system/bin/traced_probes service
10-16 15:07:02.288 D/DONGLE_SERVICE( 330): >> start monitor uevent ...
10-16 15:07:02.284 I/xiriservice_All( 330): type=1400 audit(0.0:261): avc: denied { create } for scontext=u:r:init:s0 tcontext=u:r:init:s0 tclass=netlink_kobject_uevent_socket permissive=1
10-16 15:07:02.284 I/xiriservice_All( 330): type=1400 audit(0.0:262): avc: denied { setopt } for scontext=u:r:init:s0 tcontext=u:r:init:s0 tclass=netlink_kobject_uevent_socket permissive=1
10-16 15:07:02.284 I/xiriservice_All( 330): type=1400 audit(0.0:263): avc: denied { bind } for scontext=u:r:init:s0 tcontext=u:r:init:s0 tclass=netlink_kobject_uevent_socket permissive=1
10-16 15:07:02.284 I/xiriservice_All( 330): type=1400 audit(0.0:264): avc: denied { read } for scontext=u:r:init:s0 tcontext=u:r:init:s0 tclass=netlink_kobject_uevent_socket permissive=1
10-16 15:07:02.289 I/perfetto( 327): _activity_trigger.cc:71 mm_events ftrace instance not found. Triggering of traces on memory pressure will not be available on this device.
10-16 15:07:02.296 E/cutils-trace( 273): Error opening trace file: No such file or directory (2)
10-16 15:07:02.297 I/perfetto( 327): probes_producer.cc:112 Connected to the service
10-16 15:07:02.297 I/hwservicemanager( 180): getTransport: Cannot find entry android.hardware.configstore@1.0::ISurfaceFlingerConfigs/default in either framework or device VINTF manifest.
10-16 15:07:02.308 I/SurfaceFlinger( 273): Using HWComposer service: default
10-16 15:07:02.309 I/SurfaceFlinger( 273): SurfaceFlinger is starting
10-16 15:07:02.310 I/hwservicemanager( 180): getTransport: Cannot find entry android.hardware.configstore@1.1::ISurfaceFlingerConfigs/default in either framework or device VINTF manifest.
10-16 15:07:02.311 I/SurfaceFlinger( 273): Disabling blur effects, they are not supported.
10-16 15:07:02.318 I/SurfaceFlinger( 273): SurfaceFlinger's main thread ready to run. Initializing graphics H/W...
10-16 15:07:02.312 I/xiriservice_All( 309): type=1400 audit(0.0:265): avc: denied { watch } for path="/data/data" dev="mmcblk0p25" ino=87 scontext=u:r:init:s0 tcontext=u:object_r:system_data_file:s0:c512,c768 tclass=dir permissive=1
10-16 15:07:02.318 D/RenderEngine( 273): RenderEngine with GLES Backend
10-16 15:07:02.321 D/AndroidRuntime( 242): >>>>>> START com.android.internal.os.ZygoteInit uid 0 <<<<<<
10-16 15:07:02.337 D/XM_HIDREAD( 318): add@ add@/devices/platform/uwe_bsp.0
10-16 15:07:02.338 D/XM_HIDREAD( 318): add@ add@/devices/platform/uwe_bsp.0/wakeup/wakeup8
10-16 15:07:02.342 I/WCN ( 162): marlin_init entry!
10-16 15:07:02.343 I/WCN ( 162): unisoc wcn driver version: W25.42.4, build time: Oct 16 2025 09:21:39 (UTC)
10-16 15:07:02.343 I/WCN ( 162): wcn config keep power on
10-16 15:07:02.343 I/WCN ( 162): wcn config bt wake host
10-16 15:07:02.343 I/WCN ( 162): marlin_registsr_bt_wake bt_hostwake gpio=208 intnum=237
10-16 15:07:02.342 I/FastMixerState( 269): sMaxFastTracks = 8
10-16 15:07:02.346 I/sdiohal ( 162): sdiohal_parse_dt adma_tx:1, adma_rx:1, pwrseq:0, irq type:data, gpio_num:0, blksize:840
10-16 15:07:02.351 V/MediaUtils( 269): physMem: 2055442432
10-16 15:07:02.351 V/MediaUtils( 269): requested limit: 411088480
10-16 15:07:02.351 I/libc ( 269): malloc_limit: Allocation limit enabled, max size 411088480 bytes
10-16 15:07:02.352 I/audioserver( 269): ServiceManager: 0xf6f05420
10-16 15:07:02.348 I/EventThread( 262): type=1400 audit(0.0:266): avc: denied { search } for name="extcon" dev="sysfs" ino=18109 scontext=u:r:hal_tv_cec_default:s0 tcontext=u:object_r:sysfs_extcon:s0 tclass=dir permissive=1
10-16 15:07:02.348 I/EventThread( 262): type=1400 audit(0.0:267): avc: denied { read } for name="u:object_r:default_prop:s0" dev="tmpfs" ino=2234 scontext=u:r:hal_tv_cec_default:s0 tcontext=u:object_r:default_prop:s0 tclass=file permissive=1
10-16 15:07:02.348 I/EventThread( 262): type=1400 audit(0.0:268): avc: denied { open } for path="/dev/__properties__/u:object_r:default_prop:s0" dev="tmpfs" ino=2234 scontext=u:r:hal_tv_cec_default:s0 tcontext=u:object_r:default_prop:s0 tclass=file permissive=1
10-16 15:07:02.348 I/EventThread( 262): type=1400 audit(0.0:269): avc: denied { getattr } for path="/dev/__properties__/u:object_r:default_prop:s0" dev="tmpfs" ino=2234 scontext=u:r:hal_tv_cec_default:s0 tcontext=u:object_r:default_prop:s0 tclass=file permissive=1
10-16 15:07:02.348 I/EventThread( 262): type=1400 audit(0.0:270): avc: denied { map } for path="/dev/__properties__/u:object_r:default_prop:s0" dev="tmpfs" ino=2234 scontext=u:r:hal_tv_cec_default:s0 tcontext=u:object_r:default_prop:s0 tclass=file permissive=1
10-16 15:07:02.354 W/BatteryNotifier( 269): batterystats service unavailable!
10-16 15:07:02.354 D/XM_HIDREAD( 318): add@ add@/class/slog_wcn
10-16 15:07:02.354 E/cutils-trace( 269): Error opening trace file: No such file or directory (2)
10-16 15:07:02.350 E/sdiohal err( 162): sdio, BITS =64, PageSize =4096, order=6, 3
10-16 15:07:02.360 I/sdiohal ( 162): sdiohal_init ok
10-16 15:07:02.356 D/XM_HIDREAD( 318): add@ add@/devices/virtual/slog_wcn/slog_wcn0
10-16 15:07:02.357 D/XM_HIDREAD( 318): add@ add@/devices/virtual/slog_wcn/slog_wcn1
10-16 15:07:02.358 D/XM_HIDREAD( 318): add@ add@/devices/virtual/misc/wcn_op
10-16 15:07:02.358 D/XM_HIDREAD( 318): add@ add@/bus/platform/drivers/uwe_bsp
10-16 15:07:02.358 D/XM_HIDREAD( 318): add@ add@/module/uwe5621_bsp_sdio
10-16 15:07:02.363 I/WCN ( 162): marlin_probe ok!
10-16 15:07:02.388 D/XM_HIDREAD( 318): add@ add@/devices/platform/mtty.0
10-16 15:07:02.389 D/XM_HIDREAD( 318): add@ add@/devices/virtual/tty/ttyBT0
10-16 15:07:02.390 E/ ( 162): uwe5621_bt_tty_init
10-16 15:07:02.395 E/ ( 162): mtty_probe unisoc soc, continue
10-16 15:07:02.396 I/ ( 162): mtty_probe init device addr: 0x00000000efc906b3
10-16 15:07:02.401 E/ ( 162): rfkill_bluetooth_init
10-16 15:07:02.399 I/AndroidRuntime( 242): Using default boot image
10-16 15:07:02.400 I/AndroidRuntime( 242): Leaving lock profiling enabled
10-16 15:07:02.400 D/XM_HIDREAD( 318): add@ add@/devices/platform/mtty.0/rfkill/rfkill1
10-16 15:07:02.407 E/ ( 162): rfkill_bluetooth_init end
10-16 15:07:02.409 E/cutils-trace( 242): Error opening trace file: No such file or directory (2)
10-16 15:07:02.412 E/ ( 162): marlin_sdio_init
10-16 15:07:02.412 D/XM_HIDREAD( 318): add@ add@/bus/platform/drivers/mtty
10-16 15:07:02.412 D/XM_HIDREAD( 318): add@ add@/module/sprdbt_tty
10-16 15:07:02.416 I/zygote ( 242): option[0]=-Xzygote
10-16 15:07:02.416 I/zygote ( 242): option[1]=-Xdeny-art-apex-data-files
10-16 15:07:02.416 I/zygote ( 242): option[2]=exit
10-16 15:07:02.416 I/zygote ( 242): option[3]=vfprintf
10-16 15:07:02.416 I/zygote ( 242): option[4]=sensitiveThread
10-16 15:07:02.416 I/zygote ( 242): option[5]=-verbose:gc
10-16 15:07:02.416 I/zygote ( 242): option[6]=-XX:PerfettoHprof=true
10-16 15:07:02.416 I/zygote ( 242): option[7]=-XX:PerfettoJavaHeapStackProf=true
10-16 15:07:02.416 I/zygote ( 242): option[8]=-Xprimaryzygote
10-16 15:07:02.416 I/zygote ( 242): option[9]=-Xms5m
10-16 15:07:02.416 I/zygote ( 242): option[10]=-Xmx512m
10-16 15:07:02.416 I/zygote ( 242): option[11]=-XX:HeapGrowthLimit=256m
10-16 15:07:02.416 I/zygote ( 242): option[12]=-XX:HeapMinFree=512k
10-16 15:07:02.416 I/zygote ( 242): option[13]=-XX:HeapMaxFree=8m
10-16 15:07:02.416 I/zygote ( 242): option[14]=-XX:HeapTargetUtilization=0.75
10-16 15:07:02.416 I/zygote ( 242): option[15]=-Xusejit:true
10-16 15:07:02.416 I/zygote ( 242): option[16]=-Xjitsaveprofilinginfo
10-16 15:07:02.416 I/zygote ( 242): option[17]=-XMadviseWillNeedVdexFileSize:104857600
10-16 15:07:02.416 I/zygote ( 242): option[18]=-XMadviseWillNeedOdexFileSize:104857600
10-16 15:07:02.417 I/zygote ( 242): option[19]=-XMadviseWillNeedArtFileSize:4294967295
10-16 15:07:02.417 I/zygote ( 242): option[20]=-XjdwpOptions:suspend=n,server=y
10-16 15:07:02.417 I/zygote ( 242): option[21]=-XjdwpProvider:default
10-16 15:07:02.417 I/zygote ( 242): option[22]=-Xopaque-jni-ids:swapable
10-16 15:07:02.417 I/zygote ( 242): option[23]=-Xcompiler-option
10-16 15:07:02.417 I/zygote ( 242): option[24]=--instruction-set-variant=cortex-a7
10-16 15:07:02.417 I/zygote ( 242): option[25]=-Xcompiler-option
10-16 15:07:02.417 I/zygote ( 242): option[26]=--instruction-set-features=default
10-16 15:07:02.417 I/zygote ( 242): option[27]=-Xcompiler-option
10-16 15:07:02.417 I/zygote ( 242): option[28]=--generate-mini-debug-info
10-16 15:07:02.417 I/zygote ( 242): option[29]=-Ximage-compiler-option
10-16 15:07:02.417 I/zygote ( 242): option[30]=--runtime-arg
10-16 15:07:02.417 I/zygote ( 242): option[31]=-Ximage-compiler-option
10-16 15:07:02.417 I/zygote ( 242): option[32]=-Xms64m
10-16 15:07:02.417 I/zygote ( 242): option[33]=-Ximage-compiler-option
10-16 15:07:02.417 I/zygote ( 242): option[34]=--runtime-arg
10-16 15:07:02.417 I/zygote ( 242): option[35]=-Ximage-compiler-option
10-16 15:07:02.417 I/zygote ( 242): option[36]=-Xmx64m
10-16 15:07:02.417 I/zygote ( 242): option[37]=-Ximage-compiler-option
10-16 15:07:02.417 I/zygote ( 242): option[38]=--dirty-image-objects=/system/etc/dirty-image-objects
10-16 15:07:02.417 I/zygote ( 242): option[39]=-Ximage-compiler-option
10-16 15:07:02.417 I/zygote ( 242): option[40]=--instruction-set-variant=cortex-a7
10-16 15:07:02.417 I/zygote ( 242): option[41]=-Ximage-compiler-option
10-16 15:07:02.417 I/zygote ( 242): option[42]=--instruction-set-features=default
10-16 15:07:02.417 I/zygote ( 242): option[43]=-Ximage-compiler-option
10-16 15:07:02.417 I/zygote ( 242): option[44]=--generate-mini-debug-info
10-16 15:07:02.417 I/zygote ( 242): option[45]=-Duser.locale=zh-CN
10-16 15:07:02.417 I/zygote ( 242): option[46]=--cpu-abilist=armeabi-v7a,armeabi
10-16 15:07:02.417 I/zygote ( 242): option[47]=-Xfingerprint:Dangbei/raven/raven:12/SP1A.211105.004/20251016.092202:user/release-keys
10-16 15:07:02.446 W/zygote ( 242): ART APEX data files are untrusted.
10-16 15:07:02.446 W/zygote ( 242): Could not reserve sentinel fault page
10-16 15:07:02.462 I/ServiceManager( 269): Waiting for service 'media.metrics' on '/dev/binder'...
10-16 15:07:02.512 I/init ( 1): type=1400 audit(0.0:271): avc: denied { read } for name="ext_csd" dev="debugfs" ino=6036 scontext=u:r:init:s0 tcontext=u:object_r:debugfs_mmc:s0 tclass=file permissive=1
10-16 15:07:02.512 I/init ( 1): type=1400 audit(0.0:272): avc: denied { open } for path="/sys/kernel/debug/mmc0/mmc0:0001/ext_csd" dev="debugfs" ino=6036 scontext=u:r:init:s0 tcontext=u:object_r:debugfs_mmc:s0 tclass=file permissive=1
10-16 15:07:02.520 D/libEGL ( 273): loaded /vendor/lib/egl/libGLES_mali.so
10-16 15:07:02.536 I/installd( 348): installd firing up
10-16 15:07:02.572 I/rainbow_flow( 324): type=1400 audit(0.0:273): avc: denied { ioctl } for path="/dev/spidev1.0" dev="tmpfs" ino=1274 ioctlcmd=0x6b00 scontext=u:r:init:s0 tcontext=u:object_r:device:s0 tclass=chr_file permissive=1
10-16 15:07:02.592 I/storaged( 358): type=1400 audit(0.0:274): avc: denied { read } for path="/sys/kernel/debug/mmc0/mmc0:0001/ext_csd" dev="debugfs" ino=6036 scontext=u:r:storaged:s0 tcontext=u:object_r:debugfs_mmc:s0 tclass=file permissive=1
10-16 15:07:02.706 D/WifiHWInfo( 364): Start to load wireless module hardware info table...
10-16 15:07:02.708 D/dom2reg ( 363): timezone change, new: Asia/Shanghai, pre:
10-16 15:07:02.708 D/dom2reg ( 363): convert timezone to alpha2 country code: CN
10-16 15:07:02.710 D/dom2reg ( 363): regulatory set to [CN] success(0)
10-16 15:07:02.757 D/WifiHWInfo( 364): Entry [01], BUS: SDIO, ID: 0x024C8179, Name: rtl8189es.
10-16 15:07:02.757 D/WifiHWInfo( 364): Entry [02], BUS: SDIO, ID: 0x024CB723, Name: rtl8723bs_vq0.
10-16 15:07:02.757 D/WifiHWInfo( 364): Entry [03], BUS: SDIO, ID: 0x024CB703, Name: rtl8723cs.
10-16 15:07:02.757 D/WifiHWInfo( 364): Entry [04], BUS: SDIO, ID: 0x024CD723, Name: rtl8723ds.
10-16 15:07:02.757 D/WifiHWInfo( 364): Entry [05], BUS: SDIO, ID: 0x024CF179, Name: rtl8189fs.
10-16 15:07:02.757 D/WifiHWInfo( 364): Entry [06], BUS: SDIO, ID: 0x024CB822, Name: rtl88x2bs.
10-16 15:07:02.757 D/WifiHWInfo( 364): Entry [07], BUS: USB, ID: 0x0BDAD723, Name: rtl8723du.
10-16 15:07:02.757 D/WifiHWInfo( 364): Entry [08], BUS: USB, ID: 0x0BDA8179, Name: rtl8188etv.
10-16 15:07:02.757 D/WifiHWInfo( 364): Entry [09], BUS: USB, ID: 0x0BDA0179, Name: rtl8188eu.
10-16 15:07:02.757 D/WifiHWInfo( 364): Entry [10], BUS: USB, ID: 0x0BDA818B, Name: rtl8192eu.
10-16 15:07:02.757 D/WifiHWInfo( 364): Entry [11], BUS: USB, ID: 0x0BDAB720, Name: rtl8723bu.
10-16 15:07:02.757 D/WifiHWInfo( 364): Entry [12], BUS: USB, ID: 0x0BDAC82C, Name: rtl8822cu.
10-16 15:07:02.757 D/WifiHWInfo( 364): Entry [13], BUS: USB, ID: 0x0BDAF179, Name: rtl8188fu.
10-16 15:07:02.757 D/WifiHWInfo( 364): Entry [14], BUS: SDIO, ID: 0x02D0A9A6, Name: ap6212.
10-16 15:07:02.757 D/WifiHWInfo( 364): Entry [15], BUS: SDIO, ID: 0x02D04330, Name: ap6330.
10-16 15:07:02.757 D/WifiHWInfo( 364): Entry [16], BUS: SDIO, ID: 0x02D04356, Name: ap6356s.
10-16 15:07:02.757 D/WifiHWInfo( 364): Entry [17], BUS: SDIO, ID: 0x02D0A9BF, Name: ap6255.
10-16 15:07:02.757 D/WifiHWInfo( 364): Entry [18], BUS: SDIO, ID: 0x02D04334, Name: bcm43342.
10-16 15:07:02.757 D/WifiHWInfo( 364): Entry [19], BUS: SDIO, ID: 0x00202281, Name: xr819.
10-16 15:07:02.757 D/WifiHWInfo( 364): Entry [20], BUS: SDIO, ID: 0x0A9E2282, Name: xr829.
10-16 15:07:02.757 D/WifiHWInfo( 364): Entry [21], BUS: SDIO, ID: 0x0271050A, Name: qca6174a.
10-16 15:07:02.757 D/WifiHWInfo( 364): Entry [22], BUS: SDIO, ID: 0x30303030, Name: ssv6x5x.
10-16 15:07:02.757 D/WifiHWInfo( 364): Entry [23], BUS: SDIO, ID: 0x00000000, Name: uwe5621.
10-16 15:07:02.757 D/WifiHWInfo( 364): Entry [24], BUS: SDIO, ID: 0x54490145, Name: aic8800.
10-16 15:07:02.757 D/WifiHWInfo( 364): Entry [25], BUS: SDIO, ID: 0xC8A1C08D, Name: aic8800.
10-16 15:07:02.757 D/WifiHWInfo( 364): Entry [26], BUS: USB, ID: 0xA69C8800, Name: aic8800.
10-16 15:07:02.757 D/WifiHWInfo( 364): Entry [27], BUS: USB, ID: 0x007A8888, Name: atbm6023is.
10-16 15:07:02.757 D/WifiHWInfo( 364): Entry [28], BUS: SDIO, ID: 0x02E79086, Name: 9012p.
10-16 15:07:02.757 D/WifiHWInfo( 364): Entry [29], BUS: SDIO, ID: 0x007A6011, Name: atbm613x_wifi_sdio.
10-16 15:07:02.757 D/WifiHWInfo( 364): Entry [30], BUS: SDIO, ID: 0x024CC822, Name: 88x2cs.
10-16 15:07:02.757 D/WifiHWInfo( 364): Entry [31], BUS: SDIO, ID: 0x000018F0, Name: dummy.
10-16 15:07:02.757 D/HWINFO ( 364): ********** Wireless information **********
10-16 15:07:02.757 D/HWINFO ( 364): module vendor: sprd
10-16 15:07:02.757 D/HWINFO ( 364): module name : uwe5621
10-16 15:07:02.757 D/HWINFO ( 364): wifi hal name: libwifi-hal-sprd.so
10-16 15:07:02.757 D/HWINFO ( 364): libbt-vendor : libbt-sprd.so
10-16 15:07:02.757 D/HWINFO ( 364): is bt support: 1
10-16 15:07:02.757 D/HWINFO ( 364): ******************************************
10-16 15:07:02.801 I/wificond( 360): wificond is starting up...
10-16 15:07:02.812 E/cutils-trace( 360): Error opening trace file: No such file or directory (2)
10-16 15:07:02.812 I/init ( 1): type=1400 audit(0.0:275): avc: denied { add_name } for name="panic" scontext=u:r:init:s0 tcontext=u:object_r:sysfs:s0 tclass=dir permissive=1
10-16 15:07:02.822 I/RenderEngine( 273): Realtime priority unsupported, degrading gracefully to high priority
10-16 15:07:02.844 I/xm_hidread( 318): type=1400 audit(0.0:276): avc: denied { read } for scontext=u:r:init:s0 tcontext=u:r:init:s0 tclass=netlink_kobject_uevent_socket permissive=1
10-16 15:07:02.854 I/sunxi-rfkill soc@3000000( 162): rfkill: set block: 1
10-16 15:07:02.854 I/sunxi-rfkill soc@3000000( 162): rfkill: bt power off success
10-16 15:07:02.848 I/EventThread( 262): type=1400 audit(0.0:277): avc: denied { search } for name="extcon" dev="sysfs" ino=18109 scontext=u:r:hal_tv_cec_default:s0 tcontext=u:object_r:sysfs_extcon:s0 tclass=dir permissive=1
10-16 15:07:02.896 I/gatekeeperd( 369): Starting gatekeeperd...
10-16 15:07:02.909 E/cutils-trace( 369): Error opening trace file: No such file or directory (2)
10-16 15:07:02.918 E/cutils-trace( 378): Error opening trace file: No such file or directory (2)
10-16 15:07:02.930 I/HidlServiceManagement( 360): Registered android.system.wifi.keystore@1.0::IKeystore/default
10-16 15:07:02.950 I/hwservicemanager( 180): getTransport: Cannot find entry android.hardware.graphics.mapper@4.0::IMapper/default in either framework or device VINTF manifest.
10-16 15:07:02.952 W/HidlServiceManagement( 264): Waited one second for vendor.display.config@1.0::IDisplayConfig/default
10-16 15:07:02.960 I/Gralloc4( 273): mapper 4.x is not supported
10-16 15:07:02.965 I/usbd ( 378): Usb HAL found.
10-16 15:07:02.965 I/usbd ( 378): peristent prop is adb
10-16 15:07:02.969 I/hwservicemanager( 180): Since vendor.display.config@1.0::IDisplayConfig/default is not registered, trying to start it as a lazy HAL.
10-16 15:07:02.975 I/android.hardware.usb.gadget@1.1-service.aw( 263): setCurrentUsbFunctions None
10-16 15:07:02.975 I/android.hardware.usb.gadget@1.1-service.aw( 263): Gadget cannot be pulled down
10-16 15:07:02.976 I/android.hardware.usb.gadget@1.1-service.aw( 263): mMonitor not running
10-16 15:07:02.976 I/android.hardware.usb.gadget@1.1-service.aw( 263): Returned from tearDown gadget
10-16 15:07:02.972 I/rainbow_flow( 324): type=1400 audit(0.0:278): avc: denied { ioctl } for path="/dev/spidev1.0" dev="tmpfs" ino=1274 ioctlcmd=0x6b00 scontext=u:r:init:s0 tcontext=u:object_r:device:s0 tclass=chr_file permissive=1
10-16 15:07:02.978 I/HidlServiceManagement( 264): getService: Trying again for vendor.display.config@1.0::IDisplayConfig/default...
10-16 15:07:02.979 I/hwservicemanager( 180): getTransport: Cannot find entry android.hardware.graphics.mapper@3.0::IMapper/default in either framework or device VINTF manifest.
10-16 15:07:02.979 W/Gralloc3( 273): mapper 3.x is not supported
10-16 15:07:03.001 W/libc ( 180): Unable to set property "ctl.interface_start" to "vendor.display.config@1.0::IDisplayConfig/default": error code: 0x20
10-16 15:07:03.009 I/android.hardware.media.omx@1.0-service( 362): mediacodecservice starting
10-16 15:07:03.020 W/android.hardware.media.omx@1.0-service( 362): Could not read additional policy file '/vendor/etc/seccomp_policy/mediacodec.policy'
10-16 15:07:03.021 W/android.hardware.media.omx@1.0-service( 362): libminijail[362]: failed to get path of fd 4: No such file or directory
10-16 15:07:03.021 W/android.hardware.media.omx@1.0-service( 362): libminijail[362]: allowing syscall: clock_gettime
10-16 15:07:03.021 W/android.hardware.media.omx@1.0-service( 362): libminijail[362]: allowing syscall: connect
10-16 15:07:03.021 W/android.hardware.media.omx@1.0-service( 362): libminijail[362]: allowing syscall: fcntl64
10-16 15:07:03.021 W/android.hardware.media.omx@1.0-service( 362): libminijail[362]: allowing syscall: socket
10-16 15:07:03.021 W/android.hardware.media.omx@1.0-service( 362): libminijail[362]: allowing syscall: writev
10-16 15:07:03.022 W/android.hardware.media.omx@1.0-service( 362): libminijail[362]: compile_file: (59): syscall getrandom redefined here
10-16 15:07:03.022 W/android.hardware.media.omx@1.0-service( 362): libminijail[362]: compile_file: (15): previous definition here
10-16 15:07:03.023 W/android.hardware.media.omx@1.0-service( 362): libminijail[362]: compile_file: /system/etc/seccomp_policy/crash_dump.arm.policy(1): syscall read redefined here
10-16 15:07:03.024 W/android.hardware.media.omx@1.0-service( 362): libminijail[362]: compile_file: (9): previous definition here
10-16 15:07:03.024 W/android.hardware.media.omx@1.0-service( 362): libminijail[362]: compile_file: /system/etc/seccomp_policy/crash_dump.arm.policy(2): syscall write redefined here
10-16 15:07:03.024 W/android.hardware.media.omx@1.0-service( 362): libminijail[362]: compile_file: (5): previous definition here
10-16 15:07:03.024 W/android.hardware.media.omx@1.0-service( 362): libminijail[362]: compile_file: /system/etc/seccomp_policy/crash_dump.arm.policy(3): syscall exit redefined here
10-16 15:07:03.024 W/android.hardware.media.omx@1.0-service( 362): libminijail[362]: compile_file: (40): previous definition here
10-16 15:07:03.024 W/android.hardware.media.omx@1.0-service( 362): libminijail[362]: compile_file: /system/etc/seccomp_policy/crash_dump.arm.policy(4): syscall rt_sigreturn redefined here
10-16 15:07:03.024 W/android.hardware.media.omx@1.0-service( 362): libminijail[362]: compile_file: (45): previous definition here
10-16 15:07:03.024 W/android.hardware.media.omx@1.0-service( 362): libminijail[362]: compile_file: /system/etc/seccomp_policy/crash_dump.arm.policy(6): syscall exit_group redefined here
10-16 15:07:03.024 W/android.hardware.media.omx@1.0-service( 362): libminijail[362]: compile_file: (44): previous definition here
10-16 15:07:03.024 W/android.hardware.media.omx@1.0-service( 362): libminijail[362]: compile_file: /system/etc/seccomp_policy/crash_dump.arm.policy(7): syscall clock_gettime redefined here
10-16 15:07:03.024 W/android.hardware.media.omx@1.0-service( 362): libminijail[362]: compile_file: (7): previous definition here
10-16 15:07:03.025 W/android.hardware.media.omx@1.0-service( 362): libminijail[362]: compile_file: /system/etc/seccomp_policy/crash_dump.arm.policy(8): syscall gettimeofday redefined here
10-16 15:07:03.025 W/android.hardware.media.omx@1.0-service( 362): libminijail[362]: compile_file: (47): previous definition here
10-16 15:07:03.025 W/android.hardware.media.omx@1.0-service( 362): libminijail[362]: compile_file: /system/etc/seccomp_policy/crash_dump.arm.policy(9): syscall futex redefined here
10-16 15:07:03.025 W/android.hardware.media.omx@1.0-service( 362): libminijail[362]: compile_file: (3): previous definition here
10-16 15:07:03.025 W/android.hardware.media.omx@1.0-service( 362): libminijail[362]: compile_file: /system/etc/seccomp_policy/crash_dump.arm.policy(10): syscall getrandom redefined here
10-16 15:07:03.025 W/android.hardware.media.omx@1.0-service( 362): libminijail[362]: compile_file: (15): previous definition here
10-16 15:07:03.025 W/android.hardware.media.omx@1.0-service( 362): libminijail[362]: compile_file: /system/etc/seccomp_policy/crash_dump.arm.policy(13): syscall ppoll redefined here
10-16 15:07:03.025 W/android.hardware.media.omx@1.0-service( 362): libminijail[362]: compile_file: (13): previous definition here
10-16 15:07:03.025 W/android.hardware.media.omx@1.0-service( 362): libminijail[362]: compile_file: /system/etc/seccomp_policy/crash_dump.arm.policy(14): syscall pipe2 redefined here
10-16 15:07:03.025 W/android.hardware.media.omx@1.0-service( 362): libminijail[362]: compile_file: (46): previous definition here
10-16 15:07:03.026 W/android.hardware.media.omx@1.0-service( 362): libminijail[362]: compile_file: /system/etc/seccomp_policy/crash_dump.arm.policy(15): syscall openat redefined here
10-16 15:07:03.026 W/android.hardware.media.omx@1.0-service( 362): libminijail[362]: compile_file: (30): previous definition here
10-16 15:07:03.026 W/android.hardware.media.omx@1.0-service( 362): libminijail[362]: compile_file: /system/etc/seccomp_policy/crash_dump.arm.policy(16): syscall dup redefined here
10-16 15:07:03.026 W/android.hardware.media.omx@1.0-service( 362): libminijail[362]: compile_file: (12): previous definition here
10-16 15:07:03.026 I/main_extractorservice( 351): enable media.extractor memory limits
10-16 15:07:03.026 W/android.hardware.media.omx@1.0-service( 362): libminijail[362]: compile_file: /system/etc/seccomp_policy/crash_dump.arm.policy(17): syscall close redefined here
10-16 15:07:03.026 W/android.hardware.media.omx@1.0-service( 362): libminijail[362]: compile_file: (10): previous definition here
10-16 15:07:03.026 W/android.hardware.media.omx@1.0-service( 362): libminijail[362]: compile_file: /system/etc/seccomp_policy/crash_dump.arm.policy(18): syscall lseek redefined here
10-16 15:07:03.026 W/android.hardware.media.omx@1.0-service( 362): libminijail[362]: compile_file: (50): previous definition here
10-16 15:07:03.026 W/android.hardware.media.omx@1.0-service( 362): libminijail[362]: compile_file: /system/etc/seccomp_policy/crash_dump.arm.policy(19): syscall getdents64 redefined here
10-16 15:07:03.026 W/android.hardware.media.omx@1.0-service( 362): libminijail[362]: compile_file: (58): previous definition here
10-16 15:07:03.026 W/android.hardware.media.omx@1.0-service( 362): libminijail[362]: compile_file: /system/etc/seccomp_policy/crash_dump.arm.policy(20): syscall faccessat redefined here
10-16 15:07:03.026 W/android.hardware.media.omx@1.0-service( 362): libminijail[362]: compile_file: (38): previous definition here
10-16 15:07:03.026 W/android.hardware.media.omx@1.0-service( 362): libminijail[362]: compile_file: /system/etc/seccomp_policy/crash_dump.arm.policy(25): syscall rt_sigprocmask redefined here
10-16 15:07:03.028 V/MediaUtils( 351): physMem: 2055442432
10-16 15:07:03.029 V/MediaUtils( 351): requested limit: 411088480
10-16 15:07:03.029 I/libc ( 351): malloc_limit: Allocation limit enabled, max size 411088480 bytes
10-16 15:07:03.036 W/android.hardware.media.omx@1.0-service( 362): libminijail[362]: compile_file: (41): previous definition here
10-16 15:07:03.036 W/android.hardware.media.omx@1.0-service( 362): libminijail[362]: compile_file: /system/etc/seccomp_policy/crash_dump.arm.policy(28): syscall prctl redefined here
10-16 15:07:03.036 W/android.hardware.media.omx@1.0-service( 362): libminijail[362]: compile_file: (6): previous definition here
10-16 15:07:03.036 W/android.hardware.media.omx@1.0-service( 362): libminijail[362]: compile_file: /system/etc/seccomp_policy/crash_dump.arm.policy(29): syscall madvise redefined here
10-16 15:07:03.036 W/android.hardware.media.omx@1.0-service( 362): libminijail[362]: compile_file: (29): previous definition here
10-16 15:07:03.037 W/android.hardware.media.omx@1.0-service( 362): libminijail[362]: compile_file: /system/etc/seccomp_policy/crash_dump.arm.policy(30): syscall mprotect redefined here
10-16 15:07:03.037 W/android.hardware.media.omx@1.0-service( 362): libminijail[362]: compile_file: (28): previous definition here
10-16 15:07:03.037 W/android.hardware.media.omx@1.0-service( 362): libminijail[362]: compile_file: /system/etc/seccomp_policy/crash_dump.arm.policy(31): syscall munmap redefined here
10-16 15:07:03.037 W/android.hardware.media.omx@1.0-service( 362): libminijail[362]: compile_file: (27): previous definition here
10-16 15:07:03.037 W/android.hardware.media.omx@1.0-service( 362): libminijail[362]: compile_file: /system/etc/seccomp_policy/crash_dump.arm.policy(32): syscall getuid32 redefined here
10-16 15:07:03.037 W/android.hardware.media.omx@1.0-service( 362): libminijail[362]: compile_file: (34): previous definition here
10-16 15:07:03.037 W/android.hardware.media.omx@1.0-service( 362): libminijail[362]: compile_file: /system/etc/seccomp_policy/crash_dump.arm.policy(33): syscall fstat64 redefined here
10-16 15:07:03.037 W/android.hardware.media.omx@1.0-service( 362): libminijail[362]: compile_file: (35): previous definition here
10-16 15:07:03.037 W/android.hardware.media.omx@1.0-service( 362): libminijail[362]: compile_file: /system/etc/seccomp_policy/crash_dump.arm.policy(34): syscall mmap2 redefined here
10-16 15:07:03.038 W/android.hardware.media.omx@1.0-service( 362): libminijail[362]: compile_file: (14): previous definition here
10-16 15:07:03.039 W/android.hardware.media.omx@1.0-service( 362): libminijail[362]: logging seccomp filter failures
10-16 15:07:03.042 E/gralloc ( 273): Arm Module v1.0
10-16 15:07:03.049 I/hwservicemanager( 180): getTransport: Cannot find entry android.hardware.graphics.allocator@4.0::IAllocator/default in either framework or device VINTF manifest.
10-16 15:07:03.049 W/Gralloc4( 273): allocator 4.x is not supported
10-16 15:07:03.050 I/hwservicemanager( 180): getTransport: Cannot find entry android.hardware.graphics.allocator@3.0::IAllocator/default in either framework or device VINTF manifest.
10-16 15:07:03.050 W/Gralloc3( 273): allocator 3.x is not supported
10-16 15:07:03.068 I/update_engine( 370): [INFO:main.cc(55)] A/B Update Engine starting
10-16 15:07:03.069 I/cedarc ( 362): : register h265 decoder success!
10-16 15:07:03.070 W/mediaextractor( 351): Could not read additional policy file '/vendor/etc/seccomp_policy/mediaextractor.policy'
10-16 15:07:03.070 E/cedarc ( 362): : dlopen 'libawh265soft.so' fail: dlopen failed: library "libawh265soft.so" not found
10-16 15:07:03.070 W/mediaextractor( 351): libminijail[351]: failed to get path of fd 4: No such file or directory
10-16 15:07:03.070 W/mediaextractor( 351): libminijail[351]: allowing syscall: clock_gettime
10-16 15:07:03.071 W/mediaextractor( 351): libminijail[351]: allowing syscall: connect
10-16 15:07:03.071 W/mediaextractor( 351): libminijail[351]: allowing syscall: fcntl64
10-16 15:07:03.071 W/mediaextractor( 351): libminijail[351]: allowing syscall: socket
10-16 15:07:03.071 I/cedarc ( 362): : register h264 decoder success!
10-16 15:07:03.071 W/mediaextractor( 351): libminijail[351]: allowing syscall: writev
10-16 15:07:03.071 I/cedarc ( 362): : register mjpeg decoder success!
10-16 15:07:03.072 I/cedarc ( 362): : register mjpegplus decoder success!
10-16 15:07:03.072 I/cedarc ( 362): : register mpeg2 decoder success!
10-16 15:07:03.073 W/mediaextractor( 351): libminijail[351]: compile_file: /apex/com.android.media/etc/seccomp_policy/crash_dump.arm.policy(1): syscall read redefined here
10-16 15:07:03.073 W/mediaextractor( 351): libminijail[351]: compile_file: (19): previous definition here
10-16 15:07:03.073 W/cedarc ( 362): : Invalid plugin, CedarPluginVDInit not found, lib:libawmpeg4base.so.
10-16 15:07:03.073 W/mediaextractor( 351): libminijail[351]: compile_file: /apex/com.android.media/etc/seccomp_policy/crash_dump.arm.policy(2): syscall write redefined here
10-16 15:07:03.073 W/mediaextractor( 351): libminijail[351]: compile_file: (6): previous definition here
10-16 15:07:03.073 V/MediaUtils( 352): physMem: 2055442432
10-16 15:07:03.073 W/mediaextractor( 351): libminijail[351]: compile_file: /apex/com.android.media/etc/seccomp_policy/crash_dump.arm.policy(3): syscall exit redefined here
10-16 15:07:03.073 W/mediaextractor( 351): libminijail[351]: compile_file: (27): previous definition here
10-16 15:07:03.073 V/MediaUtils( 352): requested limit: 134217728
10-16 15:07:03.073 W/mediaextractor( 351): libminijail[351]: compile_file: /apex/com.android.media/etc/seccomp_policy/crash_dump.arm.policy(4): syscall rt_sigreturn redefined here
10-16 15:07:03.073 W/mediaextractor( 351): libminijail[351]: compile_file: (29): previous definition here
10-16 15:07:03.073 I/libc ( 352): malloc_limit: Allocation limit enabled, max size 134217728 bytes
10-16 15:07:03.073 W/mediaextractor( 351): libminijail[351]: compile_file: /apex/com.android.media/etc/seccomp_policy/crash_dump.arm.policy(6): syscall exit_group redefined here
10-16 15:07:03.073 W/mediaextractor( 351): libminijail[351]: compile_file: (28): previous definition here
10-16 15:07:03.074 W/mediaextractor( 351): libminijail[351]: compile_file: /apex/com.android.media/etc/seccomp_policy/crash_dump.arm.policy(7): syscall clock_gettime redefined here
10-16 15:07:03.074 I/cedarc ( 362): : register mpeg4Normal decoder success!
10-16 15:07:03.074 W/mediaextractor( 351): libminijail[351]: compile_file: (20): previous definition here
10-16 15:07:03.074 W/mediaextractor( 351): libminijail[351]: compile_file: /apex/com.android.media/etc/seccomp_policy/crash_dump.arm.policy(9): syscall futex redefined here
10-16 15:07:03.074 W/mediaextractor( 351): libminijail[351]: compile_file: (4): previous definition here
10-16 15:07:03.074 W/mediaextractor( 351): libminijail[351]: compile_file: /apex/com.android.media/etc/seccomp_policy/crash_dump.arm.policy(10): syscall getrandom redefined here
10-16 15:07:03.074 W/mediaextractor( 351): libminijail[351]: compile_file: (43): previous definition here
10-16 15:07:03.074 W/mediaextractor( 351): libminijail[351]: compile_file: /apex/com.android.media/etc/seccomp_policy/crash_dump.arm.policy(12): syscall gettid redefined here
10-16 15:07:03.074 W/mediaextractor( 351): libminijail[351]: compile_file: (34): previous definition here
10-16 15:07:03.074 I/cedarc ( 362): : register Mpeg4Vp6 decoder success!
10-16 15:07:03.074 W/mediaextractor( 351): libminijail[351]: compile_file: /apex/com.android.media/etc/seccomp_policy/crash_dump.arm.policy(15): syscall openat redefined here
10-16 15:07:03.074 W/mediaextractor( 351): libminijail[351]: compile_file: (16): previous definition here
10-16 15:07:03.074 W/mediaextractor( 351): libminijail[351]: compile_file: /apex/com.android.media/etc/seccomp_policy/crash_dump.arm.policy(16): syscall dup redefined here
10-16 15:07:03.074 W/mediaextractor( 351): libminijail[351]: compile_file: (11): previous definition here
10-16 15:07:03.074 W/mediaextractor( 351): libminijail[351]: compile_file: /apex/com.android.media/etc/seccomp_policy/crash_dump.arm.policy(17): syscall close redefined here
10-16 15:07:03.074 W/mediaextractor( 351): libminijail[351]: compile_file: (9): previous definition here
10-16 15:07:03.074 W/mediaextractor( 351): libminijail[351]: compile_file: /apex/com.android.media/etc/seccomp_policy/crash_dump.arm.policy(18): syscall lseek redefined here
10-16 15:07:03.074 W/mediaextractor( 351): libminijail[351]: compile_file: (21): previous definition here
10-16 15:07:03.075 W/mediaextractor( 351): libminijail[351]: compile_file: /apex/com.android.media/etc/seccomp_policy/crash_dump.arm.policy(20): syscall faccessat redefined here
10-16 15:07:03.075 W/mediaextractor( 351): libminijail[351]: compile_file: (30): previous definition here
10-16 15:07:03.075 I/cedarc ( 362): : register mpeg4dx decoder success!
10-16 15:07:03.075 W/mediaextractor( 351): libminijail[351]: compile_file: /apex/com.android.media/etc/seccomp_policy/crash_dump.arm.policy(25): syscall rt_sigprocmask redefined here
10-16 15:07:03.075 W/mediaextractor( 351): libminijail[351]: compile_file: (35): previous definition here
10-16 15:07:03.075 W/mediaextractor( 351): libminijail[351]: compile_file: /apex/com.android.media/etc/seccomp_policy/crash_dump.arm.policy(28): syscall prctl redefined here
10-16 15:07:03.075 W/mediaextractor( 351): libminijail[351]: compile_file: (5): previous definition here
10-16 15:07:03.075 I/cedarc ( 362): : register mpeg4H263 decoder success!
10-16 15:07:03.075 W/mediaextractor( 351): libminijail[351]: compile_file: /apex/com.android.media/etc/seccomp_policy/crash_dump.arm.policy(29): syscall madvise redefined here
10-16 15:07:03.075 W/mediaextractor( 351): libminijail[351]: compile_file: (31): previous definition here
10-16 15:07:03.077 W/mediaextractor( 351): libminijail[351]: compile_file: /apex/com.android.media/etc/seccomp_policy/crash_dump.arm.policy(30): syscall mprotect redefined here
10-16 15:07:03.077 W/mediaextractor( 351): libminijail[351]: compile_file: (12): previous definition here
10-16 15:07:03.077 W/mediaextractor( 351): libminijail[351]: compile_file: /apex/com.android.media/etc/seccomp_policy/crash_dump.arm.policy(31): syscall munmap redefined here
10-16 15:07:03.077 E/ion ( 255): ioctl c0044901 failed with code -1: Inappropriate ioctl for device
10-16 15:07:03.078 I/gralloc ( 255): alloc buffer:W:1 H:1 S:16 PL[1 1] SZ:64 fmt:1 if:0 af:1 usg:300 fg:00000004
10-16 15:07:03.078 W/mediaextractor( 351): libminijail[351]: compile_file: (10): previous definition here
10-16 15:07:03.078 W/mediaextractor( 351): libminijail[351]: compile_file: /apex/com.android.media/etc/seccomp_policy/crash_dump.arm.policy(32): syscall getuid32 redefined here
10-16 15:07:03.078 E/ion ( 273): ioctl c0044901 failed with code -1: Inappropriate ioctl for device
10-16 15:07:03.078 W/mediaextractor( 351): libminijail[351]: compile_file: (13): previous definition here
10-16 15:07:03.079 W/mediaextractor( 351): libminijail[351]: compile_file: /apex/com.android.media/etc/seccomp_policy/crash_dump.arm.policy(33): syscall fstat64 redefined here
