10-16 15:07:05.568 W/Gralloc3( 522): mapper 3.x is not supported
10-16 15:07:05.572 I/SystemConfig( 486): Reading permissions from /vendor/etc/permissions/android.hardware.camera.front.xml
10-16 15:07:05.575 I/SystemConfig( 486): Reading permissions from /vendor/etc/permissions/android.software.vulkan.deqp.level.xml
10-16 15:07:05.576 E/gralloc ( 522): Arm Module v1.0
10-16 15:07:05.577 I/SystemConfig( 486): Reading permissions from /vendor/etc/permissions/android.hardware.vulkan.level.xml
10-16 15:07:05.577 I/hwservicemanager( 180): getTransport: Cannot find entry android.hardware.graphics.allocator@4.0::IAllocator/default in either framework or device VINTF manifest.
10-16 15:07:05.578 W/Gralloc4( 522): allocator 4.x is not supported
10-16 15:07:05.578 I/hwservicemanager( 180): getTransport: Cannot find entry android.hardware.graphics.allocator@3.0::IAllocator/default in either framework or device VINTF manifest.
10-16 15:07:05.578 W/Gralloc3( 522): allocator 3.x is not supported
10-16 15:07:05.579 I/SystemConfig( 486): Reading permissions from /vendor/etc/permissions/id.hardware.camera.xml
10-16 15:07:05.581 I/SystemConfig( 486): Reading permissions from /vendor/etc/permissions/android.hardware.keystore.app_attest_key.xml
10-16 15:07:05.583 I/SystemConfig( 486): Reading permissions from /vendor/etc/permissions/android.hardware.usb.accessory.xml
10-16 15:07:05.583 I/gralloc ( 255): alloc buffer:W:1920 H:1080 S:1920 PL[1920 1080] SZ:8294400 fmt:43 if:0 af:43 usg:20000b00 fg:00000004
10-16 15:07:05.584 E/ion ( 522): ioctl c0044901 failed with code -1: Inappropriate ioctl for device
10-16 15:07:05.584 I/SystemConfig( 486): Reading permissions from /vendor/etc/permissions/android.software.verified_boot.xml
10-16 15:07:05.586 I/SystemConfig( 486): Reading permissions from /vendor/etc/permissions/android.software.opengles.deqp.level.xml
10-16 15:07:05.588 I/SystemConfig( 486): Reading permissions from /vendor/etc/permissions/android.hardware.wifi.xml
10-16 15:07:05.589 I/SystemConfig( 486): Reading permissions from /vendor/etc/permissions/android.hardware.camera.external.xml
10-16 15:07:05.592 I/SystemConfig( 486): Reading permissions from /vendor/etc/permissions/android.software.backup.xml
10-16 15:07:05.593 I/SystemConfig( 486): Reading permissions from /vendor/etc/permissions/android.hardware.vulkan.version.xml
10-16 15:07:05.595 I/SystemConfig( 486): Reading permissions from /vendor/etc/permissions/android.hardware.reboot_escrow.xml
10-16 15:07:05.597 I/SystemConfig( 486): Reading permissions from /vendor/etc/permissions/tv_core_hardware.xml
10-16 15:07:05.600 I/SystemConfig( 486): Reading permissions from /vendor/etc/permissions/android.hardware.bluetooth_le.xml
10-16 15:07:05.605 I/SystemConfig( 486): Reading permissions from /vendor/etc/permissions/android.hardware.bluetooth.xml
10-16 15:07:05.608 I/SystemConfig( 486): Reading permissions from /vendor/etc/permissions/android.hardware.camera.flash-autofocus.xml
10-16 15:07:05.610 I/SystemConfig( 486): Reading permissions from /vendor/etc/permissions/android.hardware.wifi.passpoint.xml
10-16 15:07:05.612 I/SystemConfig( 486): Reading permissions from /vendor/etc/permissions/android.hardware.wifi.direct.xml
10-16 15:07:05.614 I/SystemConfig( 486): Reading permissions from /vendor/etc/permissions/android.hardware.opengles.aep.xml
10-16 15:07:05.616 I/SystemConfig( 486): Reading permissions from /vendor/etc/permissions/android.hardware.hardware_keystore.xml
10-16 15:07:05.617 I/SystemServerTiming( 486): StartInstaller
10-16 15:07:05.618 I/SystemServiceManager( 486): Starting com.android.server.pm.Installer
10-16 15:07:05.618 I/SystemConfig( 486): Reading permissions from /vendor/etc/permissions/android.hardware.vulkan.compute.xml
10-16 15:07:05.621 I/SystemConfig( 486): Reading permissions from /vendor/etc/permissions/android.hardware.usb.host.xml
10-16 15:07:05.622 D/installd( 348): Found quota mount /dev/block/by-name/userdata at /data
10-16 15:07:05.622 D/installd( 348): Found quota mount /dev/block/by-name/userdata at /data/user/0
10-16 15:07:05.623 I/SurfaceFlinger( 273): Enter boot animation
10-16 15:07:05.625 E/ion ( 256): ioctl c0044901 failed with code -1: Inappropriate ioctl for device
10-16 15:07:05.633 I/ ( 408): DVI mode selected: packets not configured
10-16 15:07:05.633 I/ ( 408): Error: set vsif failed
10-16 15:07:05.629 I/SystemServerTiming( 486): DeviceIdentifiersPolicyService
10-16 15:07:05.629 I/SystemServiceManager( 486): Starting com.android.server.os.DeviceIdentifiersPolicyService
10-16 15:07:05.631 I/SystemServerTiming( 486): UriGrantsManagerService
10-16 15:07:05.632 I/SystemConfig( 486): Reading permissions from /vendor/etc/permissions/android.hardware.ethernet.xml
10-16 15:07:05.632 I/SystemServiceManager( 486): Starting com.android.server.uri.UriGrantsManagerService$Lifecycle
10-16 15:07:05.633 I/SystemConfig( 486): Reading permissions from /vendor/etc/permissions/android.software.ipsec_tunnels.xml
10-16 15:07:05.637 I/SystemServerTiming( 486): StartPowerStatsService
10-16 15:07:05.637 I/SystemServiceManager( 486): Starting com.android.server.powerstats.PowerStatsService
10-16 15:07:05.640 E/servicemanager( 179): Could not find android.hardware.power.stats.IPowerStats/default in the VINTF manifest.
10-16 15:07:05.640 I/SystemConfig( 486): Reading permissions from /product/etc/sysconfig/preinstalled-packages-platform-handheld-product.xml
10-16 15:07:05.644 I/SystemConfig( 486): Reading permissions from /product/etc/sysconfig/preinstalled-packages-platform-overlays.xml
10-16 15:07:05.648 I/hwservicemanager( 180): getTransport: Cannot find entry android.hardware.power.stats@1.0::IPowerStats/default in either framework or device VINTF manifest.
10-16 15:07:05.648 E/PowerStatsService( 486): Unable to get power.stats HAL service.
10-16 15:07:05.648 I/SystemConfig( 486): Reading permissions from /product/etc/permissions/com.android.settings.intelligence.xml
10-16 15:07:05.649 E/PowerStatsService( 486): nativeInit failed to connect to power.stats HAL
10-16 15:07:05.650 I/SystemServerTiming( 486): StartIStatsService
10-16 15:07:05.651 I/SystemConfig( 486): Reading permissions from /product/etc/permissions/com.android.tv.xml
10-16 15:07:05.652 I/hwservicemanager( 180): getTransport: Cannot find entry android.frameworks.stats@1.0::IStats/default in either framework or device VINTF manifest.
10-16 15:07:05.653 E/HidlServiceManagement( 486): Service android.frameworks.stats@1.0::IStats/default must be in VINTF manifest in order to register/get.
10-16 15:07:05.653 W/system_server( 486): Cannot register HIDL android.frameworks.stats@1.0::IStats: -2147483648
10-16 15:07:05.654 I/servicemanager( 179): Found android.frameworks.stats.IStats/default in framework VINTF manifest.
10-16 15:07:05.654 W/SystemConfig( 486): No directory /system_ext/etc/sysconfig, skipping
10-16 15:07:05.655 I/SystemServerTiming( 486): MemtrackProxyService
10-16 15:07:05.656 I/hwservicemanager( 180): getTransport: Cannot find entry android.hardware.memtrack@1.0::IMemtrack/default in either framework or device VINTF manifest.
10-16 15:07:05.657 E/servicemanager( 179): Could not find android.hardware.memtrack.IMemtrack/default in the VINTF manifest.
10-16 15:07:05.657 I/SystemConfig( 486): Reading permissions from /system_ext/etc/permissions/com.android.systemui.xml
10-16 15:07:05.658 I/Stability( 486): Interface set with vintf stability wire protocol version 1 downgraded to system stability wire protocol version 1 stability
10-16 15:07:05.659 I/SystemServerTiming( 486): StartActivityManager
10-16 15:07:05.659 I/SystemServiceManager( 486): Starting com.android.server.wm.ActivityTaskManagerService$Lifecycle
10-16 15:07:05.662 I/SystemConfig( 486): Reading permissions from /system_ext/etc/permissions/privapp-settingssetup.xml
10-16 15:07:05.667 I/SystemConfig( 486): Reading permissions from /system_ext/etc/permissions/provision-permissions.xml
10-16 15:07:05.670 I/SystemConfig( 486): Reading permissions from /system_ext/etc/permissions/com.android.carrierconfig.xml
10-16 15:07:05.674 I/SystemConfig( 486): Reading permissions from /system_ext/etc/permissions/com.android.tv.settings.xml
10-16 15:07:05.676 I/SystemConfig( 486): Reading permissions from /system_ext/etc/permissions/com.softwinner.screenshot.xml
10-16 15:07:05.678 I/SystemConfig( 486): Reading permissions from /system_ext/etc/permissions/com.android.storagemanager.xml
10-16 15:07:05.681 I/SystemConfig( 486): Reading permissions from /system_ext/etc/permissions/com.android.provision.xml
10-16 15:07:05.681 I/gralloc ( 255): alloc buffer:W:1920 H:1080 S:1920 PL[1920 1080] SZ:8294400 fmt:43 if:0 af:43 usg:20000b00 fg:00000004
10-16 15:07:05.687 I/SystemConfig( 486): Reading permissions from /apex/com.android.ipsec/etc/permissions/android.net.ipsec.ike.xml
10-16 15:07:05.698 I/ ( 408): DVI mode selected: packets not configured
10-16 15:07:05.698 I/ ( 408): Error: set vsif failed
10-16 15:07:05.696 I/SystemServiceManager( 486): Starting com.android.server.am.ActivityManagerService$Lifecycle
10-16 15:07:05.704 W/SystemConfig( 486): Failed to read public libraries file /vendor/etc/public.libraries.txt
10-16 15:07:05.704 W/SystemConfig( 486): java.io.FileNotFoundException: /vendor/etc/public.libraries.txt: open failed: ENOENT (No such file or directory)
10-16 15:07:05.704 W/SystemConfig( 486): at libcore.io.IoBridge.open(IoBridge.java:575)
10-16 15:07:05.704 W/SystemConfig( 486): at java.io.FileInputStream.(FileInputStream.java:160)
10-16 15:07:05.704 W/SystemConfig( 486): at java.io.FileReader.(FileReader.java:72)
10-16 15:07:05.704 W/SystemConfig( 486): at com.android.server.SystemConfig.readPublicLibrariesListFile(SystemConfig.java:1601)
10-16 15:07:05.704 W/SystemConfig( 486): at com.android.server.SystemConfig.readPublicNativeLibrariesList(SystemConfig.java:1583)
10-16 15:07:05.704 W/SystemConfig( 486): at com.android.server.SystemConfig.(SystemConfig.java:484)
10-16 15:07:05.704 W/SystemConfig( 486): at com.android.server.SystemConfig.getInstance(SystemConfig.java:272)
10-16 15:07:05.704 W/SystemConfig( 486): at com.android.server.SystemServer$$ExternalSyntheticLambda7.run(Unknown Source:0)
10-16 15:07:05.704 W/SystemConfig( 486): at com.android.server.SystemServerInitThreadPool.lambda$submitTask$0$SystemServerInitThreadPool(SystemServerInitThreadPool.java:105)
10-16 15:07:05.704 W/SystemConfig( 486): at com.android.server.SystemServerInitThreadPool$$ExternalSyntheticLambda0.run(Unknown Source:6)
10-16 15:07:05.704 W/SystemConfig( 486): at java.util.concurrent.Executors$RunnableAdapter.call(Executors.java:462)
10-16 15:07:05.704 W/SystemConfig( 486): at java.util.concurrent.FutureTask.run(FutureTask.java:266)
10-16 15:07:05.704 W/SystemConfig( 486): at java.util.concurrent.ThreadPoolExecutor.runWorker(ThreadPoolExecutor.java:1167)
10-16 15:07:05.704 W/SystemConfig( 486): at java.util.concurrent.ThreadPoolExecutor$Worker.run(ThreadPoolExecutor.java:641)
10-16 15:07:05.704 W/SystemConfig( 486): at com.android.internal.util.ConcurrentUtils$1$1.run(ConcurrentUtils.java:65)
10-16 15:07:05.704 W/SystemConfig( 486): Caused by: android.system.ErrnoException: open failed: ENOENT (No such file or directory)
10-16 15:07:05.704 W/SystemConfig( 486): at libcore.io.Linux.open(Native Method)
10-16 15:07:05.704 W/SystemConfig( 486): at libcore.io.ForwardingOs.open(ForwardingOs.java:567)
10-16 15:07:05.704 W/SystemConfig( 486): at libcore.io.BlockGuardOs.open(BlockGuardOs.java:273)
10-16 15:07:05.704 W/SystemConfig( 486): at libcore.io.IoBridge.open(IoBridge.java:561)
10-16 15:07:05.704 W/SystemConfig( 486): ... 14 more
10-16 15:07:05.708 D/SystemServerInitThreadPool( 486): Finished executing ReadingSystemConfig
10-16 15:07:05.718 I/ActivityManager( 486): Memory class: 256
10-16 15:07:05.724 I/Binder ( 486): Setting heavy hitter watcher config: false, 0, 0.0
10-16 15:07:05.764 I/ ( 408): DVI mode selected: packets not configured
10-16 15:07:05.764 I/ ( 408): Error: set vsif failed
10-16 15:07:05.784 D/BatteryStatsImpl( 486): Reading daily items from /data/system/batterystats-daily.xml
10-16 15:07:05.808 I/hwservicemanager( 180): getTransport: Cannot find entry android.hardware.power.stats@1.0::IPowerStats/default in either framework or device VINTF manifest.
10-16 15:07:05.809 E/BatteryStatsService( 486): Unable to load Power.Stats.HAL. Setting rail availability to false
10-16 15:07:05.810 E/BluetoothAdapter( 486): Bluetooth binder is null
10-16 15:07:05.810 I/KernelCpuUidFreqTimeReader( 486): mPerClusterTimesAvailable=false
10-16 15:07:05.814 I/ ( 408): DVI mode selected: packets not configured
10-16 15:07:05.814 I/ ( 408): Error: set vsif failed
10-16 15:07:05.814 W/KernelCpuUidFreqTimeBpfMapReader( 486): Failed to start tracking
10-16 15:07:05.815 W/KernelCpuProcStringReader( 486): File not found. It's normal if not implemented: /proc/uid_time_in_state
10-16 15:07:05.816 W/KernelCpuUidActiveTimeBpfMapReader( 486): Failed to start tracking
10-16 15:07:05.817 W/KernelCpuProcStringReader( 486): File not found. It's normal if not implemented: /proc/uid_concurrent_active_time
10-16 15:07:05.818 W/KernelCpuUidClusterTimeBpfMapReader( 486): Failed to start tracking
10-16 15:07:05.822 W/Zygote ( 486): Class not found for preloading: android.view.SurfaceView$2
10-16 15:07:05.822 W/KernelCpuProcStringReader( 486): File not found. It's normal if not implemented: /proc/uid_concurrent_policy_time
10-16 15:07:05.823 E/KernelCpuSpeedReader( 486): Failed to read cpu-freq: /sys/devices/system/cpu/cpu0/cpufreq/stats/time_in_state: open failed: ENOENT (No such file or directory)
10-16 15:07:05.823 E/system_server( 486): Cannot read thread CPU times for PID 486
10-16 15:07:05.820 I/Binder:203_2( 203): type=1400 audit(0.0:302): avc: denied { read } for name="event_count" dev="sysfs" ino=23149 scontext=u:r:system_suspend:s0 tcontext=u:object_r:sysfs:s0 tclass=file permissive=1
10-16 15:07:05.820 I/Binder:203_2( 203): type=1400 audit(0.0:303): avc: denied { open } for path="/sys/devices/platform/soc@3000000/7040000.s_cir/wakeup/wakeup4/event_count" dev="sysfs" ino=23149 scontext=u:r:system_suspend:s0 tcontext=u:object_r:sysfs:s0 tclass=file permissive=1
10-16 15:07:05.820 I/Binder:203_2( 203): type=1400 audit(0.0:304): avc: denied { getattr } for path="/sys/devices/platform/soc@3000000/7040000.s_cir/wakeup/wakeup4/event_count" dev="sysfs" ino=23149 scontext=u:r:system_suspend:s0 tcontext=u:object_r:sysfs:s0 tclass=file permissive=1
10-16 15:07:05.841 W/KernelMemoryBandwidthStats( 486): No kernel memory bandwidth stats available
10-16 15:07:05.897 I/ ( 408): DVI mode selected: packets not configured
10-16 15:07:05.897 I/ ( 408): Error: set vsif failed
10-16 15:07:05.947 I/ ( 408): DVI mode selected: packets not configured
10-16 15:07:05.947 I/ ( 408): Error: set vsif failed
10-16 15:07:05.997 I/ ( 408): DVI mode selected: packets not configured
10-16 15:07:05.997 I/ ( 408): Error: set vsif failed
10-16 15:07:06.038 I/IntentFirewall( 486): Read new rules (A:0 B:0 S:0)
10-16 15:07:06.049 I/ ( 408): DVI mode selected: packets not configured
10-16 15:07:06.049 I/ ( 408): Error: set vsif failed
10-16 15:07:06.061 E/libprocessgroup( 486): Failed to open /dev/memcg/apps: Permission denied
10-16 15:07:06.063 D/AppOps ( 486): AppOpsService published
10-16 15:07:06.066 I/SystemServerTiming( 486): StartDataLoaderManagerService
10-16 15:07:06.066 I/SystemServiceManager( 486): Starting com.android.server.pm.DataLoaderManagerService
10-16 15:07:06.070 I/Zygote ( 486): ...preloaded 7337 classes in 1097ms.
10-16 15:07:06.071 I/Zygote ( 486): Called ZygoteHooks.endPreload()
10-16 15:07:06.072 I/SystemServerTiming( 486): StartIncrementalService
10-16 15:07:06.073 I/Zygote ( 486): Installed AndroidKeyStoreProvider in 2ms.
10-16 15:07:06.076 I/incfs-mounts( 486): [incfs] Loaded incremental-fs mount info: 0 instances, 0 mount points
10-16 15:07:06.078 I/SystemServerTiming( 486): StartPowerManager
10-16 15:07:06.078 I/SystemServiceManager( 486): Starting com.android.server.power.PowerManagerService
10-16 15:07:06.090 I/servicemanager( 179): Found android.hardware.power.IPower/default in device VINTF manifest.
10-16 15:07:06.094 I/hw-BpHwBinder( 180): onLastStrongRef automatically unlinking death recipients
10-16 15:07:06.096 I/AW_PowerHAL( 259): Power setMode: INTERACTIVE to: 1
10-16 15:07:06.096 I/AW_PowerHAL( 259): not completed yet, ignore mode request other
10-16 15:07:06.096 I/AW_PowerHAL( 259): check: Mode 0 not Supported ,do nothing
10-16 15:07:06.099 I/SystemServerTiming( 486): StartThermalManager
10-16 15:07:06.099 I/SystemServiceManager( 486): Starting com.android.server.power.ThermalManagerService
10-16 15:07:06.102 I/SystemServerTiming( 486): StartHintManager
10-16 15:07:06.102 I/SystemServiceManager( 486): Starting com.android.server.power.hint.HintManagerService
10-16 15:07:06.104 E/PowerHalController( 486): getHintSessionPreferredRate failed: Status(-129, EX_TRANSACTION_FAILED): 'UNKNOWN_TRANSACTION: '
10-16 15:07:06.106 I/SystemServerTiming( 486): InitPowerManagement
10-16 15:07:06.113 I/ ( 408): DVI mode selected: packets not configured
10-16 15:07:06.113 I/ ( 408): Error: set vsif failed
10-16 15:07:06.109 I/SystemServerTiming( 486): StartRecoverySystemService
10-16 15:07:06.109 I/SystemServiceManager( 486): Starting com.android.server.recoverysystem.RecoverySystemService$Lifecycle
10-16 15:07:06.115 I/PackageWatchdog( 486): Syncing state, reason: added new observer
10-16 15:07:06.116 I/PackageWatchdog( 486): Not pruning observers, elapsed time: 0ms
10-16 15:07:06.116 I/PackageWatchdog( 486): Saving observer state to file
10-16 15:07:06.116 I/PackageWatchdog( 486): Cancelling state sync, nothing to sync
10-16 15:07:06.118 I/SystemServerTiming( 486): StartLightsService
10-16 15:07:06.119 I/SystemServiceManager( 486): Starting com.android.server.lights.LightsService
10-16 15:07:06.122 I/servicemanager( 179): Found android.hardware.light.ILights/default in device VINTF manifest.
10-16 15:07:06.124 I/android.hardware.lights-service( 258): Lights reporting supported lights size=1
10-16 15:07:06.127 I/SystemServerTiming( 486): StartSidekickService
10-16 15:07:06.127 I/SystemServerTiming( 486): StartDisplayManager
10-16 15:07:06.127 I/SystemServiceManager( 486): Starting com.android.server.display.DisplayManagerService
10-16 15:07:06.131 I/Zygote ( 486): Warmed up JCA providers in 57ms.
10-16 15:07:06.131 D/Zygote ( 486): Zygote:ThreadPreadloadClass took 1160ms.
10-16 15:07:06.145 E/HWComposer( 273): getSupportedContentTypes: getSupportedContentTypes failed for display 0: Unsupported (8)
10-16 15:07:06.146 I/SystemServerTiming( 486): WaitForDisplay
10-16 15:07:06.146 I/SystemServiceManager( 486): Starting phase 100
10-16 15:07:06.146 I/SystemServerTiming( 486): OnBootPhase_100
10-16 15:07:06.165 I/DisplayDeviceRepository( 486): Display device added: DisplayDeviceInfo{"内置屏幕": uniqueId="local:0", 1920 x 1080, modeId 1, defaultModeId 1, supportedModes [{id=1, width=1920, height=1080, fps=60.000004, alternativeRefreshRates=[]}], colorMode 0, supportedColorModes [0], hdrCapabilities HdrCapabilities{mSupportedHdrTypes=[2, 3], mMaxLuminance=500.0, mMaxAverageLuminance=500.0, mMinLuminance=0.0}, allmSupported false, gameContentTypeSupported false, density 240, 0.16 x 0.16 dpi, appVsyncOff 1000000, presDeadline 16666666, touch INTERNAL, rotation 0, type INTERNAL, address {port=0}, deviceProductInfo null, state UNKNOWN, frameRateOverride , brightnessMinimum 0.0, brightnessMaximum 1.0, brightnessDefault 0.39763778, FLAG_DEFAULT_DISPLAY, FLAG_ROTATES_WITH_CONTENT, FLAG_SECURE, FLAG_SUPPORTS_PROTECTED_BUFFERS}
10-16 15:07:06.168 I/LogicalDisplayMapper( 486): Applying layout: [{addr: {port=0}, dispId: 0(ON)}], Previous layout: null
10-16 15:07:06.171 I/LogicalDisplayMapper( 486): Adding new display: 0: DisplayInfo{"内置屏幕", displayId 0", displayGroupId -1, FLAG_SECURE, FLAG_SUPPORTS_PROTECTED_BUFFERS, FLAG_TRUSTED, real 1920 x 1080, largest app 1920 x 1080, smallest app 1920 x 1080, appVsyncOff 1000000, presDeadline 16666666, mode 1, defaultMode 1, modes [{id=1, width=1920, height=1080, fps=60.000004, alternativeRefreshRates=[]}], hdrCapabilities HdrCapabilities{mSupportedHdrTypes=[2, 3], mMaxLuminance=500.0, mMaxAverageLuminance=500.0, mMinLuminance=0.0}, userDisabledHdrTypes [], minimalPostProcessingSupported false, rotation 0, state UNKNOWN, type INTERNAL, uniqueId "local:0", app 1920 x 1080, density 240 (0.16 x 0.16) dpi, layerStack 0, colorMode 0, supportedColorModes [0], address {port=0}, deviceProductInfo null, removeMode 0, refreshRateOverride 0.0, brightnessMinimum 0.0, brightnessMaximum 1.0, brightnessDefault 0.39763778}
10-16 15:07:06.172 I/LogicalDisplayMapper( 486): Setting new display group 0 for display 0, from previous group: null
10-16 15:07:06.175 I/SystemServerTiming( 486): StartDomainVerificationService
10-16 15:07:06.180 I/ ( 408): DVI mode selected: packets not configured
10-16 15:07:06.180 I/ ( 408): Error: set vsif failed
10-16 15:07:06.196 I/SystemServerTiming( 486): StartPackageManagerService
10-16 15:07:06.197 I/Watchdog( 486): Pausing HandlerChecker: main thread for reason: packagemanagermain. Pause count: 1
10-16 15:07:06.205 I/PackageManagerTiming( 486): create package manager
10-16 15:07:06.216 E/PackageManager( 486): /oem/delete.txt not exist
10-16 15:07:06.216 I/PackageManagerTiming( 486): createSubComponents
10-16 15:07:06.258 I/PackageManagerTiming( 486): addSharedUsers
10-16 15:07:06.262 I/PackageManagerTiming( 486): get system config
10-16 15:07:06.269 D/PackageManager( 486): Directories scanned as system partitions: [/system:0, /vendor:524288, /odm:4194304, /oem:262144, /product:1048576, /system/system_ext:2097152, /apex/com.android.wifi:8388608, /apex/com.android.vndk.v31:8388608, /apex/com.android.tzdata:8388608, /apex/com.android.tethering:8388608, /apex/com.android.sdkext:8388608, /apex/com.android.scheduling:8388608, /apex/com.android.runtime:8388608, /apex/com.android.resolv:8388608, /apex/com.android.permission:8388608, /apex/com.android.os.statsd:8388608, /apex/com.android.neuralnetworks:8388608, /apex/com.android.mediaprovider:8388608, /apex/com.android.media.swcodec:8388608, /apex/com.android.media:8388608, /apex/com.android.ipsec:8388608, /apex/com.android.i18n:8388608, /apex/com.android.extservices:8388608, /apex/com.android.conscrypt:8388608, /apex/com.android.art:8388608, /apex/com.android.appsearch:8388608, /apex/com.android.adbd:8388608]
10-16 15:07:06.278 D/SELinuxMMAC( 486): Using policy file /system/etc/selinux/plat_mac_permissions.xml
10-16 15:07:06.281 D/SELinuxMMAC( 486): Using policy file /system_ext/etc/selinux/system_ext_mac_permissions.xml
10-16 15:07:06.283 D/SELinuxMMAC( 486): Using policy file /vendor/etc/selinux/vendor_mac_permissions.xml
10-16 15:07:06.286 I/PackageManagerTiming( 486): loadFallbacks
10-16 15:07:06.291 D/FallbackCategoryProvider( 486): Found 1 fallback categories
10-16 15:07:06.292 I/PackageManagerTiming( 486): read user settings
10-16 15:07:06.407 D/SystemServerInitThreadPool( 486): Finished executing loadPreinstalledSystemFontMap
10-16 15:07:06.497 W/android.permission.PermissionManager( 486): Missing ActivityManager; assuming 1000 holds android.permission.SET_PREFERRED_APPLICATIONS
10-16 15:07:06.498 W/android.permission.PermissionManager( 486): Missing ActivityManager; assuming 1000 holds android.permission.SET_PREFERRED_APPLICATIONS
10-16 15:07:06.498 W/android.permission.PermissionManager( 486): Missing ActivityManager; assuming 1000 holds android.permission.SET_PREFERRED_APPLICATIONS
10-16 15:07:06.498 W/android.permission.PermissionManager( 486): Missing ActivityManager; assuming 1000 holds android.permission.SET_PREFERRED_APPLICATIONS
10-16 15:07:06.499 W/android.permission.PermissionManager( 486): Missing ActivityManager; assuming 1000 holds android.permission.SET_PREFERRED_APPLICATIONS
10-16 15:07:06.499 W/android.permission.PermissionManager( 486): Missing ActivityManager; assuming 1000 holds android.permission.SET_PREFERRED_APPLICATIONS
10-16 15:07:06.499 W/android.permission.PermissionManager( 486): Missing ActivityManager; assuming 1000 holds android.permission.SET_PREFERRED_APPLICATIONS
10-16 15:07:06.499 W/android.permission.PermissionManager( 486): Missing ActivityManager; assuming 1000 holds android.permission.SET_PREFERRED_APPLICATIONS
10-16 15:07:06.500 W/android.permission.PermissionManager( 486): Missing ActivityManager; assuming 1000 holds android.permission.SET_PREFERRED_APPLICATIONS
10-16 15:07:06.500 W/android.permission.PermissionManager( 486): Missing ActivityManager; assuming 1000 holds android.permission.SET_PREFERRED_APPLICATIONS
10-16 15:07:06.500 W/android.permission.PermissionManager( 486): Missing ActivityManager; assuming 1000 holds android.permission.SET_PREFERRED_APPLICATIONS
10-16 15:07:06.500 W/android.permission.PermissionManager( 486): Missing ActivityManager; assuming 1000 holds android.permission.SET_PREFERRED_APPLICATIONS
10-16 15:07:06.501 W/android.permission.PermissionManager( 486): Missing ActivityManager; assuming 1000 holds android.permission.SET_PREFERRED_APPLICATIONS
10-16 15:07:06.501 W/android.permission.PermissionManager( 486): Missing ActivityManager; assuming 1000 holds android.permission.SET_PREFERRED_APPLICATIONS
10-16 15:07:06.501 W/android.permission.PermissionManager( 486): Missing ActivityManager; assuming 1000 holds android.permission.SET_PREFERRED_APPLICATIONS
10-16 15:07:06.501 W/android.permission.PermissionManager( 486): Missing ActivityManager; assuming 1000 holds android.permission.SET_PREFERRED_APPLICATIONS
10-16 15:07:06.501 W/android.permission.PermissionManager( 486): Missing ActivityManager; assuming 1000 holds android.permission.SET_PREFERRED_APPLICATIONS
10-16 15:07:06.502 W/android.permission.PermissionManager( 486): Missing ActivityManager; assuming 1000 holds android.permission.SET_PREFERRED_APPLICATIONS
10-16 15:07:06.502 W/android.permission.PermissionManager( 486): Missing ActivityManager; assuming 1000 holds android.permission.SET_PREFERRED_APPLICATIONS
10-16 15:07:06.502 W/android.permission.PermissionManager( 486): Missing ActivityManager; assuming 1000 holds android.permission.SET_PREFERRED_APPLICATIONS
10-16 15:07:06.502 W/android.permission.PermissionManager( 486): Missing ActivityManager; assuming 1000 holds android.permission.SET_PREFERRED_APPLICATIONS
10-16 15:07:06.502 W/android.permission.PermissionManager( 486): Missing ActivityManager; assuming 1000 holds android.permission.SET_PREFERRED_APPLICATIONS
10-16 15:07:06.503 W/android.permission.PermissionManager( 486): Missing ActivityManager; assuming 1000 holds android.permission.SET_PREFERRED_APPLICATIONS
10-16 15:07:06.503 W/android.permission.PermissionManager( 486): Missing ActivityManager; assuming 1000 holds android.permission.SET_PREFERRED_APPLICATIONS
10-16 15:07:06.503 W/android.permission.PermissionManager( 486): Missing ActivityManager; assuming 1000 holds android.permission.SET_PREFERRED_APPLICATIONS
10-16 15:07:06.503 W/android.permission.PermissionManager( 486): Missing ActivityManager; assuming 1000 holds android.permission.SET_PREFERRED_APPLICATIONS
10-16 15:07:06.504 W/android.permission.PermissionManager( 486): Missing ActivityManager; assuming 1000 holds android.permission.SET_PREFERRED_APPLICATIONS
10-16 15:07:06.504 W/android.permission.PermissionManager( 486): Missing ActivityManager; assuming 1000 holds android.permission.SET_PREFERRED_APPLICATIONS
10-16 15:07:06.504 W/android.permission.PermissionManager( 486): Missing ActivityManager; assuming 1000 holds android.permission.SET_PREFERRED_APPLICATIONS
10-16 15:07:06.504 W/android.permission.PermissionManager( 486): Missing ActivityManager; assuming 1000 holds android.permission.SET_PREFERRED_APPLICATIONS
10-16 15:07:06.505 W/android.permission.PermissionManager( 486): Missing ActivityManager; assuming 1000 holds android.permission.SET_PREFERRED_APPLICATIONS
10-16 15:07:06.505 W/android.permission.PermissionManager( 486): Missing ActivityManager; assuming 1000 holds android.permission.SET_PREFERRED_APPLICATIONS
10-16 15:07:06.505 W/android.permission.PermissionManager( 486): Missing ActivityManager; assuming 1000 holds android.permission.SET_PREFERRED_APPLICATIONS
10-16 15:07:06.505 W/android.permission.PermissionManager( 486): Missing ActivityManager; assuming 1000 holds android.permission.SET_PREFERRED_APPLICATIONS
10-16 15:07:06.506 W/android.permission.PermissionManager( 486): Missing ActivityManager; assuming 1000 holds android.permission.SET_PREFERRED_APPLICATIONS
10-16 15:07:06.506 W/android.permission.PermissionManager( 486): Missing ActivityManager; assuming 1000 holds android.permission.SET_PREFERRED_APPLICATIONS
10-16 15:07:06.506 W/android.permission.PermissionManager( 486): Missing ActivityManager; assuming 1000 holds android.permission.SET_PREFERRED_APPLICATIONS
10-16 15:07:06.506 W/android.permission.PermissionManager( 486): Missing ActivityManager; assuming 1000 holds android.permission.SET_PREFERRED_APPLICATIONS
10-16 15:07:06.507 W/android.permission.PermissionManager( 486): Missing ActivityManager; assuming 1000 holds android.permission.SET_PREFERRED_APPLICATIONS
10-16 15:07:06.507 W/android.permission.PermissionManager( 486): Missing ActivityManager; assuming 1000 holds android.permission.SET_PREFERRED_APPLICATIONS
10-16 15:07:06.507 W/android.permission.PermissionManager( 486): Missing ActivityManager; assuming 1000 holds android.permission.SET_PREFERRED_APPLICATIONS
10-16 15:07:06.507 W/android.permission.PermissionManager( 486): Missing ActivityManager; assuming 1000 holds android.permission.SET_PREFERRED_APPLICATIONS
10-16 15:07:06.508 W/android.permission.PermissionManager( 486): Missing ActivityManager; assuming 1000 holds android.permission.SET_PREFERRED_APPLICATIONS
10-16 15:07:06.508 W/android.permission.PermissionManager( 486): Missing ActivityManager; assuming 1000 holds android.permission.SET_PREFERRED_APPLICATIONS
10-16 15:07:06.508 W/android.permission.PermissionManager( 486): Missing ActivityManager; assuming 1000 holds android.permission.SET_PREFERRED_APPLICATIONS
10-16 15:07:06.508 W/android.permission.PermissionManager( 486): Missing ActivityManager; assuming 1000 holds android.permission.SET_PREFERRED_APPLICATIONS
10-16 15:07:06.508 W/android.permission.PermissionManager( 486): Missing ActivityManager; assuming 1000 holds android.permission.SET_PREFERRED_APPLICATIONS
10-16 15:07:06.509 W/android.permission.PermissionManager( 486): Missing ActivityManager; assuming 1000 holds android.permission.SET_PREFERRED_APPLICATIONS
10-16 15:07:06.509 W/android.permission.PermissionManager( 486): Missing ActivityManager; assuming 1000 holds android.permission.SET_PREFERRED_APPLICATIONS
10-16 15:07:06.509 W/android.permission.PermissionManager( 486): Missing ActivityManager; assuming 1000 holds android.permission.SET_PREFERRED_APPLICATIONS
10-16 15:07:06.509 W/android.permission.PermissionManager( 486): Missing ActivityManager; assuming 1000 holds android.permission.SET_PREFERRED_APPLICATIONS
10-16 15:07:06.510 W/android.permission.PermissionManager( 486): Missing ActivityManager; assuming 1000 holds android.permission.SET_PREFERRED_APPLICATIONS
10-16 15:07:06.510 W/android.permission.PermissionManager( 486): Missing ActivityManager; assuming 1000 holds android.permission.SET_PREFERRED_APPLICATIONS
10-16 15:07:06.510 W/android.permission.PermissionManager( 486): Missing ActivityManager; assuming 1000 holds android.permission.SET_PREFERRED_APPLICATIONS
10-16 15:07:06.510 W/android.permission.PermissionManager( 486): Missing ActivityManager; assuming 1000 holds android.permission.SET_PREFERRED_APPLICATIONS
10-16 15:07:06.510 W/android.permission.PermissionManager( 486): Missing ActivityManager; assuming 1000 holds android.permission.SET_PREFERRED_APPLICATIONS
10-16 15:07:06.511 W/android.permission.PermissionManager( 486): Missing ActivityManager; assuming 1000 holds android.permission.SET_PREFERRED_APPLICATIONS
10-16 15:07:06.511 W/android.permission.PermissionManager( 486): Missing ActivityManager; assuming 1000 holds android.permission.SET_PREFERRED_APPLICATIONS
10-16 15:07:06.511 W/android.permission.PermissionManager( 486): Missing ActivityManager; assuming 1000 holds android.permission.SET_PREFERRED_APPLICATIONS
10-16 15:07:06.512 W/android.permission.PermissionManager( 486): Missing ActivityManager; assuming 1000 holds android.permission.SET_PREFERRED_APPLICATIONS
10-16 15:07:06.512 W/android.permission.PermissionManager( 486): Missing ActivityManager; assuming 1000 holds android.permission.SET_PREFERRED_APPLICATIONS
10-16 15:07:06.512 W/android.permission.PermissionManager( 486): Missing ActivityManager; assuming 1000 holds android.permission.SET_PREFERRED_APPLICATIONS
10-16 15:07:06.512 W/android.permission.PermissionManager( 486): Missing ActivityManager; assuming 1000 holds android.permission.SET_PREFERRED_APPLICATIONS
10-16 15:07:06.512 W/android.permission.PermissionManager( 486): Missing ActivityManager; assuming 1000 holds android.permission.SET_PREFERRED_APPLICATIONS
10-16 15:07:06.513 W/android.permission.PermissionManager( 486): Missing ActivityManager; assuming 1000 holds android.permission.SET_PREFERRED_APPLICATIONS
10-16 15:07:06.513 W/android.permission.PermissionManager( 486): Missing ActivityManager; assuming 1000 holds android.permission.SET_PREFERRED_APPLICATIONS
10-16 15:07:06.513 W/android.permission.PermissionManager( 486): Missing ActivityManager; assuming 1000 holds android.permission.SET_PREFERRED_APPLICATIONS
10-16 15:07:06.513 W/android.permission.PermissionManager( 486): Missing ActivityManager; assuming 1000 holds android.permission.SET_PREFERRED_APPLICATIONS
10-16 15:07:06.514 W/android.permission.PermissionManager( 486): Missing ActivityManager; assuming 1000 holds android.permission.SET_PREFERRED_APPLICATIONS
10-16 15:07:06.514 W/android.permission.PermissionManager( 486): Missing ActivityManager; assuming 1000 holds android.permission.SET_PREFERRED_APPLICATIONS
10-16 15:07:06.514 W/android.permission.PermissionManager( 486): Missing ActivityManager; assuming 1000 holds android.permission.SET_PREFERRED_APPLICATIONS
10-16 15:07:06.514 W/android.permission.PermissionManager( 486): Missing ActivityManager; assuming 1000 holds android.permission.SET_PREFERRED_APPLICATIONS
10-16 15:07:06.514 W/android.permission.PermissionManager( 486): Missing ActivityManager; assuming 1000 holds android.permission.SET_PREFERRED_APPLICATIONS
10-16 15:07:06.515 W/android.permission.PermissionManager( 486): Missing ActivityManager; assuming 1000 holds android.permission.SET_PREFERRED_APPLICATIONS
10-16 15:07:06.515 W/android.permission.PermissionManager( 486): Missing ActivityManager; assuming 1000 holds android.permission.SET_PREFERRED_APPLICATIONS
10-16 15:07:06.516 W/android.permission.PermissionManager( 486): Missing ActivityManager; assuming 1000 holds android.permission.SET_PREFERRED_APPLICATIONS
10-16 15:07:06.516 W/android.permission.PermissionManager( 486): Missing ActivityManager; assuming 1000 holds android.permission.SET_PREFERRED_APPLICATIONS
10-16 15:07:06.516 W/android.permission.PermissionManager( 486): Missing ActivityManager; assuming 1000 holds android.permission.SET_PREFERRED_APPLICATIONS
10-16 15:07:06.516 W/android.permission.PermissionManager( 486): Missing ActivityManager; assuming 1000 holds android.permission.SET_PREFERRED_APPLICATIONS
10-16 15:07:06.516 W/android.permission.PermissionManager( 486): Missing ActivityManager; assuming 1000 holds android.permission.SET_PREFERRED_APPLICATIONS
10-16 15:07:06.517 W/android.permission.PermissionManager( 486): Missing ActivityManager; assuming 1000 holds android.permission.SET_PREFERRED_APPLICATIONS
10-16 15:07:06.517 W/android.permission.PermissionManager( 486): Missing ActivityManager; assuming 1000 holds android.permission.SET_PREFERRED_APPLICATIONS
10-16 15:07:06.517 W/android.permission.PermissionManager( 486): Missing ActivityManager; assuming 1000 holds android.permission.SET_PREFERRED_APPLICATIONS
10-16 15:07:06.517 W/android.permission.PermissionManager( 486): Missing ActivityManager; assuming 1000 holds android.permission.SET_PREFERRED_APPLICATIONS
10-16 15:07:06.517 W/android.permission.PermissionManager( 486): Missing ActivityManager; assuming 1000 holds android.permission.SET_PREFERRED_APPLICATIONS
10-16 15:07:06.518 W/android.permission.PermissionManager( 486): Missing ActivityManager; assuming 1000 holds android.permission.SET_PREFERRED_APPLICATIONS
10-16 15:07:06.518 W/android.permission.PermissionManager( 486): Missing ActivityManager; assuming 1000 holds android.permission.SET_PREFERRED_APPLICATIONS
10-16 15:07:06.518 W/android.permission.PermissionManager( 486): Missing ActivityManager; assuming 1000 holds android.permission.SET_PREFERRED_APPLICATIONS
10-16 15:07:06.518 W/android.permission.PermissionManager( 486): Missing ActivityManager; assuming 1000 holds android.permission.SET_PREFERRED_APPLICATIONS
10-16 15:07:06.519 W/android.permission.PermissionManager( 486): Missing ActivityManager; assuming 1000 holds android.permission.SET_PREFERRED_APPLICATIONS
10-16 15:07:06.519 W/android.permission.PermissionManager( 486): Missing ActivityManager; assuming 1000 holds android.permission.SET_PREFERRED_APPLICATIONS
10-16 15:07:06.519 W/android.permission.PermissionManager( 486): Missing ActivityManager; assuming 1000 holds android.permission.SET_PREFERRED_APPLICATIONS
10-16 15:07:06.519 W/android.permission.PermissionManager( 486): Missing ActivityManager; assuming 1000 holds android.permission.SET_PREFERRED_APPLICATIONS
10-16 15:07:06.520 W/android.permission.PermissionManager( 486): Missing ActivityManager; assuming 1000 holds android.permission.SET_PREFERRED_APPLICATIONS
10-16 15:07:06.520 W/android.permission.PermissionManager( 486): Missing ActivityManager; assuming 1000 holds android.permission.SET_PREFERRED_APPLICATIONS
10-16 15:07:06.520 W/android.permission.PermissionManager( 486): Missing ActivityManager; assuming 1000 holds android.permission.SET_PREFERRED_APPLICATIONS
10-16 15:07:06.520 W/android.permission.PermissionManager( 486): Missing ActivityManager; assuming 1000 holds android.permission.SET_PREFERRED_APPLICATIONS
10-16 15:07:06.521 W/android.permission.PermissionManager( 486): Missing ActivityManager; assuming 1000 holds android.permission.SET_PREFERRED_APPLICATIONS
10-16 15:07:06.521 W/android.permission.PermissionManager( 486): Missing ActivityManager; assuming 1000 holds android.permission.SET_PREFERRED_APPLICATIONS
10-16 15:07:06.521 W/android.permission.PermissionManager( 486): Missing ActivityManager; assuming 1000 holds android.permission.SET_PREFERRED_APPLICATIONS
10-16 15:07:06.521 W/android.permission.PermissionManager( 486): Missing ActivityManager; assuming 1000 holds android.permission.SET_PREFERRED_APPLICATIONS
10-16 15:07:06.522 W/android.permission.PermissionManager( 486): Missing ActivityManager; assuming 1000 holds android.permission.SET_PREFERRED_APPLICATIONS
10-16 15:07:06.522 W/android.permission.PermissionManager( 486): Missing ActivityManager; assuming 1000 holds android.permission.SET_PREFERRED_APPLICATIONS
10-16 15:07:06.522 W/android.permission.PermissionManager( 486): Missing ActivityManager; assuming 1000 holds android.permission.SET_PREFERRED_APPLICATIONS
10-16 15:07:06.522 W/android.permission.PermissionManager( 486): Missing ActivityManager; assuming 1000 holds android.permission.SET_PREFERRED_APPLICATIONS
10-16 15:07:06.522 W/android.permission.PermissionManager( 486): Missing ActivityManager; assuming 1000 holds android.permission.SET_PREFERRED_APPLICATIONS
10-16 15:07:06.523 W/android.permission.PermissionManager( 486): Missing ActivityManager; assuming 1000 holds android.permission.SET_PREFERRED_APPLICATIONS
10-16 15:07:06.523 W/android.permission.PermissionManager( 486): Missing ActivityManager; assuming 1000 holds android.permission.SET_PREFERRED_APPLICATIONS
10-16 15:07:06.523 W/android.permission.PermissionManager( 486): Missing ActivityManager; assuming 1000 holds android.permission.SET_PREFERRED_APPLICATIONS
10-16 15:07:06.523 W/android.permission.PermissionManager( 486): Missing ActivityManager; assuming 1000 holds android.permission.SET_PREFERRED_APPLICATIONS
10-16 15:07:06.524 W/android.permission.PermissionManager( 486): Missing ActivityManager; assuming 1000 holds android.permission.SET_PREFERRED_APPLICATIONS
10-16 15:07:06.524 W/android.permission.PermissionManager( 486): Missing ActivityManager; assuming 1000 holds android.permission.SET_PREFERRED_APPLICATIONS
10-16 15:07:06.524 W/android.permission.PermissionManager( 486): Missing ActivityManager; assuming 1000 holds android.permission.SET_PREFERRED_APPLICATIONS
10-16 15:07:06.524 W/android.permission.PermissionManager( 486): Missing ActivityManager; assuming 1000 holds android.permission.SET_PREFERRED_APPLICATIONS
10-16 15:07:06.553 W/PackageSettings( 486): Missing permission state for package: com.android.cts.priv.ctsshim
10-16 15:07:06.553 W/PackageSettings( 486): Missing permission state for package: com.android.internal.systemui.navbar.gestural_wide_back
10-16 15:07:06.553 W/PackageSettings( 486): Missing permission state for package: com.softwinner.awlogsettings
10-16 15:07:06.554 W/PackageSettings( 486): Missing permission state for package: com.android.htmlviewer
10-16 15:07:06.554 W/PackageSettings( 486): Missing permission state for package: com.android.internal.systemui.onehanded.gestural
10-16 15:07:06.554 W/PackageSettings( 486): Missing permission state for package: com.android.simappdialog
10-16 15:07:06.554 W/PackageSettings( 486): Missing permission state for package: com.android.connectivity.resources
10-16 15:07:06.554 W/PackageSettings( 486): Missing permission state for package: com.android.modulemetadata
10-16 15:07:06.554 W/PackageSettings( 486): Missing permission state for package: com.google.android.apps.searchlite.overlay
10-16 15:07:06.554 W/PackageSettings( 486): Missing permission state for package: com.android.internal.systemui.navbar.threebutton
10-16 15:07:06.554 W/PackageSettings( 486): Missing permission state for package: com.google.android.networkstackconfig
10-16 15:07:06.555 W/PackageSettings( 486): Missing permission state for package: com.android.internal.systemui.navbar.gestural_extra_wide_back
10-16 15:07:06.555 W/PackageSettings( 486): Missing permission state for package: com.android.dreams.basic
10-16 15:07:06.557 W/PackageSettings( 486): Missing permission state for package: android.ext.shared
10-16 15:07:06.557 W/PackageSettings( 486): Missing permission state for package: com.google.android.networkstack.tetheringconfig
10-16 15:07:06.558 W/PackageSettings( 486): Missing permission state for package: com.android.wifi.resources
10-16 15:07:06.558 W/PackageSettings( 486): Missing permission state for package: com.android.theme.font.notoserifsource
10-16 15:07:06.558 W/PackageSettings( 486): Missing permission state for package: com.allwinnertech.packageoverride
10-16 15:07:06.558 W/PackageSettings( 486): Missing permission state for package: com.android.bookmarkprovider
10-16 15:07:06.558 W/PackageSettings( 486): Missing permission state for package: com.android.cts.ctsshim
10-16 15:07:06.558 W/PackageSettings( 486): Missing permission state for package: com.softwinner.theme.icon
10-16 15:07:06.558 W/PackageSettings( 486): Missing permission state for package: com.softwinner.theme.color
10-16 15:07:06.558 W/PackageSettings( 486): Missing permission state for package: com.android.internal.systemui.navbar.gestural
10-16 15:07:06.559 W/PackageSettings( 486): Missing permission state for package: com.android.internal.systemui.navbar.gestural_narrow_back
10-16 15:07:06.559 W/PackageSettings( 486): Missing permission state for package: android.auto_generated_rro_vendor__
10-16 15:07:06.560 W/PackageSettings( 486): Missing permission state for shared user: android.uid.log
10-16 15:07:06.560 W/PackageSettings( 486): Missing permission state for shared user: android.uid.nfc
10-16 15:07:06.560 W/PackageSettings( 486): Missing permission state for shared user: android.uid.uwb
10-16 15:07:06.568 D/PackageManager( 486): Keeping known cache 8906c18ed678c67782815e4fe4cdd725a9889f36
10-16 15:07:06.571 D/PackageManager( 486): No files in app dir /system/system_ext/overlay
10-16 15:07:06.579 I/PackageBackwardCompatibility( 486): Loaded android.content.pm.AndroidTestBaseUpdater
10-16 15:07:06.581 D/CompatibilityChangeReporter( 486): Compat change id reported: 143539591; UID -1; state: ENABLED
10-16 15:07:06.598 W/ServiceManager( 240): Service statscompanion didn't start. Returning NULL
10-16 15:07:06.602 I/statsd ( 240): Statsd starts to listen to socket.
10-16 15:07:06.609 D/PackageManager( 486): No files in app dir /oem/overlay
10-16 15:07:06.610 D/PackageManager( 486): No files in app dir /odm/overlay
10-16 15:07:06.618 W/PackageManager( 486): Failed to parse /system/framework/arm: Missing base APK in /system/framework/arm
10-16 15:07:06.618 W/PackageManager( 486): Failed to parse /system/framework/oat: Missing base APK in /system/framework/oat/arm
10-16 15:07:06.680 D/PackageParsing( 486): homlet: force set orientation: 0
10-16 15:07:06.682 D/CompatibilityChangeReporter( 486): Compat change id reported: 150232615; UID -1; state: ENABLED
10-16 15:07:06.697 D/CompatibilityChangeReporter( 486): Compat change id reported: 143539591; UID -1; state: DISABLED
10-16 15:07:06.698 D/CompatibilityChangeReporter( 486): Compat change id reported: 168782947; UID -1; state: DISABLED
10-16 15:07:06.745 W/PackageManager( 486): Failed to parse /system/priv-app/SettingsAssist: /system/priv-app/SettingsAssist/SettingsAssist.apk (at Binary XML file line #34): com.softwinner.settingsassist.Recovery: Targeting S+ (version 31 and above) requires that an explicit value for android:exported be defined when intent filters are present
10-16 15:07:06.770 W/PackageManager( 486): Provider ComponentInfo{com.dangbei.leard.leradlauncher/androidx.core.content.FileProvider} already defined; ignoring
10-16 15:07:06.840 D/CompatibilityChangeReporter( 486): Compat change id reported: 168782947; UID -1; state: ENABLED
10-16 15:07:06.959 I/system_server( 486): Background young concurrent copying GC freed 186449(9852KB) AllocSpace objects, 109(2652KB) LOS objects, 78% free, 6914KB/30MB, paused 743us total 288.429ms
10-16 15:07:06.995 D/PackageManager( 486): No files in app dir /vendor/priv-app
10-16 15:07:06.995 D/PackageManager( 486): No files in app dir /vendor/app
10-16 15:07:06.995 D/PackageManager( 486): No files in app dir /odm/priv-app
10-16 15:07:06.995 D/PackageManager( 486): No files in app dir /odm/app
10-16 15:07:06.995 D/PackageManager( 486): No files in app dir /oem/priv-app
10-16 15:07:06.996 D/PackageManager( 486): No files in app dir /oem/app
10-16 15:07:07.084 D/PackageManager( 486): No files in app dir /apex/com.android.vndk.v31/priv-app
10-16 15:07:07.084 D/PackageManager( 486): No files in app dir /apex/com.android.vndk.v31/app
10-16 15:07:07.084 D/PackageManager( 486): No files in app dir /apex/com.android.tzdata/priv-app
10-16 15:07:07.084 D/PackageManager( 486): No files in app dir /apex/com.android.tzdata/app
10-16 15:07:07.093 D/PackageManager( 486): No files in app dir /apex/com.android.tethering/app
10-16 15:07:07.093 D/PackageManager( 486): No files in app dir /apex/com.android.sdkext/priv-app
10-16 15:07:07.093 D/PackageManager( 486): No files in app dir /apex/com.android.sdkext/app
10-16 15:07:07.093 D/PackageManager( 486): No files in app dir /apex/com.android.scheduling/priv-app
10-16 15:07:07.093 D/PackageManager( 486): No files in app dir /apex/com.android.scheduling/app
10-16 15:07:07.093 D/PackageManager( 486): No files in app dir /apex/com.android.runtime/priv-app
10-16 15:07:07.093 D/PackageManager( 486): No files in app dir /apex/com.android.runtime/app
10-16 15:07:07.094 D/PackageManager( 486): No files in app dir /apex/com.android.resolv/priv-app
10-16 15:07:07.094 D/PackageManager( 486): No files in app dir /apex/com.android.resolv/app
10-16 15:07:07.104 D/PackageManager( 486): No files in app dir /apex/com.android.permission/app
10-16 15:07:07.104 D/PackageManager( 486): No files in app dir /apex/com.android.os.statsd/priv-app
10-16 15:07:07.104 D/PackageManager( 486): No files in app dir /apex/com.android.os.statsd/app
10-16 15:07:07.105 D/PackageManager( 486): No files in app dir /apex/com.android.neuralnetworks/priv-app
10-16 15:07:07.105 D/PackageManager( 486): No files in app dir /apex/com.android.neuralnetworks/app
10-16 15:07:07.118 D/PackageManager( 486): No files in app dir /apex/com.android.mediaprovider/app
10-16 15:07:07.118 D/PackageManager( 486): No files in app dir /apex/com.android.media.swcodec/priv-app
10-16 15:07:07.118 D/PackageManager( 486): No files in app dir /apex/com.android.media.swcodec/app
10-16 15:07:07.119 D/PackageManager( 486): No files in app dir /apex/com.android.media/priv-app
10-16 15:07:07.119 D/PackageManager( 486): No files in app dir /apex/com.android.media/app
10-16 15:07:07.119 D/PackageManager( 486): No files in app dir /apex/com.android.ipsec/priv-app
10-16 15:07:07.119 D/PackageManager( 486): No files in app dir /apex/com.android.ipsec/app
10-16 15:07:07.119 D/PackageManager( 486): No files in app dir /apex/com.android.i18n/priv-app
10-16 15:07:07.119 D/PackageManager( 486): No files in app dir /apex/com.android.i18n/app
10-16 15:07:07.124 D/PackageManager( 486): No files in app dir /apex/com.android.extservices/app
10-16 15:07:07.125 D/PackageManager( 486): No files in app dir /apex/com.android.conscrypt/priv-app
10-16 15:07:07.125 D/PackageManager( 486): No files in app dir /apex/com.android.conscrypt/app
10-16 15:07:07.125 D/PackageManager( 486): No files in app dir /apex/com.android.art/priv-app
10-16 15:07:07.125 D/PackageManager( 486): No files in app dir /apex/com.android.art/app
10-16 15:07:07.125 D/PackageManager( 486): No files in app dir /apex/com.android.appsearch/priv-app
