10-17 11:22:50.880 D/AppWidgetServiceImpl( 714): Unable to load widget provider info from xml for ComponentInfo{com.android.systemui/com.android.systemui.people.widget.PeopleSpaceWidgetProvider}
10-17 11:22:50.888 I/AppWidgetServiceImpl( 714): Processing of handleUserUnlocked u0 took 77 ms
10-17 11:22:50.892 V/WindowManagerShell( 972): Transition requested: android.os.BinderProxy@e1bb4e TransitionRequestInfo { type = 2, triggerTask = TaskInfo{userId=0 taskId=3 displayId=0 isRunning=false baseIntent=Intent { act=android.intent.action.MAIN cat=[android.intent.category.HOME] flg=0x10800100 cmp=com.android.tv.settings/.system.FallbackHome } baseActivity=null topActivity=null origActivity=null realActivity=ComponentInfo{com.android.tv.settings/com.android.tv.settings.system.FallbackHome} numActivities=0 lastActiveTime=22688 supportsMultiWindow=true resizeMode=0 isResizeable=false minWidth=-1 minHeight=-1 defaultMinSize=220 token=WCT{android.window.IWindowContainerToken$Stub$Proxy@382b46f} topActivityType=2 pictureInPictureParams=null shouldDockBigOverlays=false launchIntoPipHostTaskId=-1 lastParentTaskIdBeforePip=-1 displayCutoutSafeInsets=null topActivityInfo=null launchCookies=[] positionInParent=Point(0, 0) parentTaskId=-1 isFocused=true isVisible=true isVisibleRequested=true isSleeping=false topActivityInSizeCompat=false topActivityEligibleForLetterboxEducation= false isLetterboxDoubleTapEnabled= false topActivityEligibleForUserAspectRatioButton= false topActivityBoundsLetterboxed= false isFromLetterboxDoubleTap= false topActivityLetterboxVerticalPosition= -1 topActivityLetterboxHorizontalPosition= -1 topActivityLetterboxWidth=-1 topActivityLetterboxHeight=-1 isUserFullscreenOverrideEnabled=false isTopActivityTransparent=false locusId=null displayAreaFeatureId=1 cameraCompatControlState=hidden}, remoteTransition = null, displayChange = null, flags = 0 }
10-17 11:22:50.906 D/CompatibilityChangeReporter( 714): Compat change id reported: 265464455; UID 1000; state: DISABLED
10-17 11:22:50.909 D/CompatibilityChangeReporter( 714): Compat change id reported: 265452344; UID 1000; state: DISABLED
10-17 11:22:50.910 D/CompatibilityChangeReporter( 714): Compat change id reported: 266124927; UID 1000; state: DISABLED
10-17 11:22:50.910 D/CompatibilityChangeReporter( 714): Compat change id reported: 265451093; UID 1000; state: DISABLED
10-17 11:22:50.910 D/CompatibilityChangeReporter( 714): Compat change id reported: 265456536; UID 1000; state: DISABLED
10-17 11:22:50.911 D/CompatibilityChangeReporter( 714): Compat change id reported: 255940284; UID 1000; state: DISABLED
10-17 11:22:50.911 D/CompatibilityChangeReporter( 714): Compat change id reported: 236283604; UID 1000; state: DISABLED
10-17 11:22:50.912 D/CompatibilityChangeReporter( 714): Compat change id reported: 263959004; UID 1000; state: DISABLED
10-17 11:22:50.912 D/CompatibilityChangeReporter( 714): Compat change id reported: 264304459; UID 1000; state: DISABLED
10-17 11:22:50.912 D/CompatibilityChangeReporter( 714): Compat change id reported: 264301586; UID 1000; state: DISABLED
10-17 11:22:50.913 D/CompatibilityChangeReporter( 714): Compat change id reported: 254631730; UID 1000; state: DISABLED
10-17 11:22:50.920 I/HealthConnectBackupRestore( 714): Attempt to schedule download timeout job with state: 0
10-17 11:22:50.920 I/HealthConnectBackupRestore( 714): Attempt to schedule staging timeout job with state: 0
10-17 11:22:50.928 D/CompatibilityChangeReporter( 714): Compat change id reported: 273509367; UID 1000; state: DISABLED
10-17 11:22:50.929 D/CompatibilityChangeReporter( 714): Compat change id reported: 263259275; UID 1000; state: DISABLED
10-17 11:22:50.929 D/CompatibilityChangeReporter( 714): Compat change id reported: 174042980; UID 1000; state: DISABLED
10-17 11:22:50.930 D/CompatibilityChangeReporter( 714): Compat change id reported: 174042936; UID 1000; state: DISABLED
10-17 11:22:50.930 D/CompatibilityChangeReporter( 714): Compat change id reported: 181136395; UID 1000; state: DISABLED
10-17 11:22:50.931 I/HealthConnectBackupRestore( 714): Attempt to schedule merging timeout job with state: 0
10-17 11:22:50.936 D/CompatibilityChangeReporter( 714): Compat change id reported: 170503758; UID 10064; state: ENABLED
10-17 11:22:50.940 I/UsageStatsService( 714): User[0] Rollover scheduled @ 2025-10-18 11:15:59(1760757359566)
10-17 11:22:50.943 D/CompatibilityChangeReporter( 714): Compat change id reported: 194480991; UID 1000; state: ENABLED
10-17 11:22:50.953 D/CompatibilityChangeReporter( 714): Compat change id reported: 197654537; UID 1000; state: DISABLED
10-17 11:22:50.956 I/ActivityTaskManager( 714): START u0 {act=android.intent.action.MAIN cat=[android.intent.category.HOME] flg=0x10000100 cmp=com.dangbei.leard.leradlauncher/com.dangbei.launcher.home.LauncherActivity (has extras)} with LAUNCH_SINGLE_TASK from uid 0 (BAL_ALLOW_ALLOWLISTED_UID) result code=0
10-17 11:22:50.962 D/CompatibilityChangeReporter( 714): Compat change id reported: 168419799; UID 1000; state: DISABLED
10-17 11:22:50.962 D/CompatibilityChangeReporter( 714): Compat change id reported: 273564678; UID 1000; state: DISABLED
10-17 11:22:50.964 V/NotificationAssistants( 714): disabling notification assistant for user 0: ComponentInfo{android.ext.services/android.ext.services.notification.Assistant}
10-17 11:22:50.965 D/NotificationListeners( 714): Removing active service ComponentInfo{android.ext.services/android.ext.services.notification.Assistant}
10-17 11:22:50.967 E/TaskPersister( 714): File error accessing recents directory (directory doesn't exist?).
10-17 11:22:50.970 D/CompatibilityChangeReporter( 714): Compat change id reported: 261072174; UID 1002; state: ENABLED
10-17 11:22:50.971 W/Looper ( 714): Slow dispatch took 105ms android.ui h=com.android.server.am.ActivityManagerService$UiHandler c=null m=68
10-17 11:22:50.974 V/NotificationAssistants( 714): enabling notification assistant for 0: ComponentInfo{android.ext.services/android.ext.services.notification.Assistant}
10-17 11:22:50.974 V/NotificationAssistants( 714): binding: Intent { act=android.service.notification.NotificationAssistantService cmp=android.ext.services/.notification.Assistant (has extras) }
10-17 11:22:50.980 I/UsageStatsService( 714): User[0] Flushing usage stats to disk
10-17 11:22:50.981 I/ActivityManager( 714): com.dangbei.leard.leradlauncher is exempt from freezer
10-17 11:22:50.981 D/CompatibilityChangeReporter( 714): Compat change id reported: 135634846; UID 1000; state: DISABLED
10-17 11:22:51.006 D/CompatibilityChangeReporter( 714): Compat change id reported: 161252188; UID 10049; state: DISABLED
10-17 11:22:51.010 D/CompatibilityChangeReporter( 714): Compat change id reported: 135634846; UID 10049; state: DISABLED
10-17 11:22:51.012 W/ContextImpl( 1174): Calling a method in the system process without a qualified user: android.app.ContextImpl.startService:1899 android.content.ContextWrapper.startService:825 android.content.ContextWrapper.startService:825 com.droidlogic.btpair.FastBootComplete.onReceive:21 android.app.ActivityThread.handleReceiver:4494
10-17 11:22:51.016 D/CompatibilityChangeReporter( 714): Compat change id reported: 177438394; UID 10049; state: DISABLED
10-17 11:22:51.016 D/CompatibilityChangeReporter( 714): Compat change id reported: 135772972; UID 10049; state: DISABLED
10-17 11:22:51.016 D/CompatibilityChangeReporter( 714): Compat change id reported: 135754954; UID 10049; state: ENABLED
10-17 11:22:51.034 D/CompatibilityChangeReporter( 714): Compat change id reported: 161252188; UID 1000; state: DISABLED
10-17 11:22:51.038 W/ActivityManager( 714): Slow operation: 58ms so far, now at startProcess: returned from zygote!
10-17 11:22:51.039 W/ContextImpl( 1174): Calling a method in the system process without a qualified user: android.app.ContextImpl.startService:1899 android.content.ContextWrapper.startService:825 android.content.ContextWrapper.startService:825 com.droidlogic.btpair.FastBootComplete.onReceive:24 android.app.ActivityThread.handleReceiver:4494
10-17 11:22:51.043 I/ActivityManager( 714): com.android.keychain is exempt from freezer
10-17 11:22:51.046 W/ActivityManager( 714): Slow operation: 66ms so far, now at startProcess: done updating battery stats
10-17 11:22:51.046 W/ActivityManager( 714): Slow operation: 66ms so far, now at startProcess: building log message
10-17 11:22:51.046 I/ActivityManager( 714): Start proc 1524:com.dangbei.leard.leradlauncher/1000 for top-activity {com.dangbei.leard.leradlauncher/com.dangbei.launcher.home.LauncherActivity}
10-17 11:22:51.046 W/ActivityManager( 714): Slow operation: 66ms so far, now at startProcess: starting to update pids map
10-17 11:22:51.046 W/ActivityManager( 714): Slow operation: 66ms so far, now at startProcess: done updating pids map
10-17 11:22:51.047 D/CompatibilityChangeReporter( 714): Compat change id reported: 143937733; UID 10049; state: ENABLED
10-17 11:22:51.050 I/MediaSessionStack( 714): addSession to bottom of stack | record: com.android.bluetooth/BluetoothMediaBrowserService (userId=0)
10-17 11:22:51.059 D/WindowManagerShell( 972): TvPipController: onTaskStackChanged()
10-17 11:22:51.101 D/CompatibilityChangeReporter( 714): Compat change id reported: 168419799; UID 1000; state: DISABLED
10-17 11:22:51.102 D/CompatibilityChangeReporter( 714): Compat change id reported: 273564678; UID 1000; state: DISABLED
10-17 11:22:51.109 I/ActivityManager( 714): com.oranth.ledstatus is exempt from freezer
10-17 11:22:51.110 D/CompatibilityChangeReporter( 714): Compat change id reported: 135634846; UID 1000; state: DISABLED
10-17 11:22:51.117 V/NotificationAssistants( 714): 0 notification assistant service connected: ComponentInfo{android.ext.services/android.ext.services.notification.Assistant}
10-17 11:22:51.117 D/SystemServerTiming( 714): getUserSwitchability-0
10-17 11:22:51.118 D/SystemServerTiming( 714): TM.isInCall
10-17 11:22:51.119 V/SystemServerTiming( 714): TM.isInCall took to complete: 0ms
10-17 11:22:51.119 D/SystemServerTiming( 714): hasUserRestriction-DISALLOW_USER_SWITCH
10-17 11:22:51.119 V/SystemServerTiming( 714): hasUserRestriction-DISALLOW_USER_SWITCH took to complete: 0ms
10-17 11:22:51.119 D/SystemServerTiming( 714): getInt-ALLOW_USER_SWITCHING_WHEN_SYSTEM_USER_LOCKED
10-17 11:22:51.119 V/SystemServerTiming( 714): getInt-ALLOW_USER_SWITCHING_WHEN_SYSTEM_USER_LOCKED took to complete: 1ms
10-17 11:22:51.119 D/SystemServerTiming( 714): isUserUnlocked-USER_SYSTEM
10-17 11:22:51.119 V/SystemServerTiming( 714): isUserUnlocked-USER_SYSTEM took to complete: 0ms
10-17 11:22:51.119 V/SystemServerTiming( 714): getUserSwitchability-0 took to complete: 1ms
10-17 11:22:51.123 D/SystemServerTiming( 714): getUserSwitchability-0
10-17 11:22:51.124 D/SystemServerTiming( 714): TM.isInCall
10-17 11:22:51.125 V/SystemServerTiming( 714): TM.isInCall took to complete: 2ms
10-17 11:22:51.125 D/SystemServerTiming( 714): hasUserRestriction-DISALLOW_USER_SWITCH
10-17 11:22:51.125 V/SystemServerTiming( 714): hasUserRestriction-DISALLOW_USER_SWITCH took to complete: 0ms
10-17 11:22:51.126 D/SystemServerTiming( 714): getInt-ALLOW_USER_SWITCHING_WHEN_SYSTEM_USER_LOCKED
10-17 11:22:51.126 V/SystemServerTiming( 714): getInt-ALLOW_USER_SWITCHING_WHEN_SYSTEM_USER_LOCKED took to complete: 0ms
10-17 11:22:51.126 D/SystemServerTiming( 714): isUserUnlocked-USER_SYSTEM
10-17 11:22:51.126 V/SystemServerTiming( 714): isUserUnlocked-USER_SYSTEM took to complete: 0ms
10-17 11:22:51.126 V/SystemServerTiming( 714): getUserSwitchability-0 took to complete: 2ms
10-17 11:22:51.129 W/ActivityManager( 714): Slow operation: 121ms so far, now at startProcess: returned from zygote!
10-17 11:22:51.132 I/SyncManager( 714): Loaded persisted syncs: 0 periodic syncs, 0 oneshot syncs, 0 total system server jobs, JobStats: FirstLoad: 5/3/0 LastSave: -1/-1/-1
10-17 11:22:51.132 W/ActivityManager( 714): Slow operation: 123ms so far, now at startProcess: done updating battery stats
10-17 11:22:51.132 W/ActivityManager( 714): Slow operation: 123ms so far, now at startProcess: building log message
10-17 11:22:51.132 I/ActivityManager( 714): Start proc 1542:com.android.music/u0a49 for service {com.android.music/com.android.music.MediaPlaybackService}
10-17 11:22:51.132 W/ActivityManager( 714): Slow operation: 124ms so far, now at startProcess: starting to update pids map
10-17 11:22:51.132 W/ActivityManager( 714): Slow operation: 124ms so far, now at startProcess: done updating pids map
10-17 11:22:51.132 W/ActivityManager( 714): Slow operation: 97ms so far, now at startProcess: asking zygote to start proc
10-17 11:22:51.136 I/MediaSessionStack( 714): addSession to bottom of stack | record: com.android.bluetooth/BluetoothMediaBrowserService (userId=0)
10-17 11:22:51.138 D/SystemServerTiming( 714): getUserSwitchability-0
10-17 11:22:51.138 D/SystemServerTiming( 714): TM.isInCall
10-17 11:22:51.138 V/SystemServerTiming( 714): TM.isInCall took to complete: 1ms
10-17 11:22:51.138 D/SystemServerTiming( 714): hasUserRestriction-DISALLOW_USER_SWITCH
10-17 11:22:51.138 V/SystemServerTiming( 714): hasUserRestriction-DISALLOW_USER_SWITCH took to complete: 0ms
10-17 11:22:51.138 D/SystemServerTiming( 714): getInt-ALLOW_USER_SWITCHING_WHEN_SYSTEM_USER_LOCKED
10-17 11:22:51.138 V/SystemServerTiming( 714): getInt-ALLOW_USER_SWITCHING_WHEN_SYSTEM_USER_LOCKED took to complete: 0ms
10-17 11:22:51.138 D/SystemServerTiming( 714): isUserUnlocked-USER_SYSTEM
10-17 11:22:51.138 V/SystemServerTiming( 714): isUserUnlocked-USER_SYSTEM took to complete: 0ms
10-17 11:22:51.138 V/SystemServerTiming( 714): getUserSwitchability-0 took to complete: 1ms
10-17 11:22:51.142 D/SystemServerTiming( 714): getUserSwitchability-0
10-17 11:22:51.143 D/SystemServerTiming( 714): TM.isInCall
10-17 11:22:51.143 V/SystemServerTiming( 714): TM.isInCall took to complete: 1ms
10-17 11:22:51.143 D/SystemServerTiming( 714): hasUserRestriction-DISALLOW_USER_SWITCH
10-17 11:22:51.143 V/SystemServerTiming( 714): hasUserRestriction-DISALLOW_USER_SWITCH took to complete: 0ms
10-17 11:22:51.143 D/SystemServerTiming( 714): getInt-ALLOW_USER_SWITCHING_WHEN_SYSTEM_USER_LOCKED
10-17 11:22:51.143 V/SystemServerTiming( 714): getInt-ALLOW_USER_SWITCHING_WHEN_SYSTEM_USER_LOCKED took to complete: 0ms
10-17 11:22:51.143 D/SystemServerTiming( 714): isUserUnlocked-USER_SYSTEM
10-17 11:22:51.143 V/SystemServerTiming( 714): isUserUnlocked-USER_SYSTEM took to complete: 0ms
10-17 11:22:51.143 V/SystemServerTiming( 714): getUserSwitchability-0 took to complete: 1ms
10-17 11:22:51.148 D/SystemServerTiming( 714): getUserSwitchability-0
10-17 11:22:51.148 D/SystemServerTiming( 714): TM.isInCall
10-17 11:22:51.149 V/SystemServerTiming( 714): TM.isInCall took to complete: 1ms
10-17 11:22:51.149 D/SystemServerTiming( 714): hasUserRestriction-DISALLOW_USER_SWITCH
10-17 11:22:51.149 V/SystemServerTiming( 714): hasUserRestriction-DISALLOW_USER_SWITCH took to complete: 0ms
10-17 11:22:51.149 D/SystemServerTiming( 714): getInt-ALLOW_USER_SWITCHING_WHEN_SYSTEM_USER_LOCKED
10-17 11:22:51.149 V/SystemServerTiming( 714): getInt-ALLOW_USER_SWITCHING_WHEN_SYSTEM_USER_LOCKED took to complete: 0ms
10-17 11:22:51.149 D/SystemServerTiming( 714): isUserUnlocked-USER_SYSTEM
10-17 11:22:51.149 V/SystemServerTiming( 714): isUserUnlocked-USER_SYSTEM took to complete: 0ms
10-17 11:22:51.149 V/SystemServerTiming( 714): getUserSwitchability-0 took to complete: 2ms
10-17 11:22:51.154 D/SystemServerTiming( 714): getUserSwitchability-0
10-17 11:22:51.155 D/SystemServerTiming( 714): TM.isInCall
10-17 11:22:51.156 V/SystemServerTiming( 714): TM.isInCall took to complete: 1ms
10-17 11:22:51.156 D/SystemServerTiming( 714): hasUserRestriction-DISALLOW_USER_SWITCH
10-17 11:22:51.156 V/SystemServerTiming( 714): hasUserRestriction-DISALLOW_USER_SWITCH took to complete: 0ms
10-17 11:22:51.156 D/SystemServerTiming( 714): getInt-ALLOW_USER_SWITCHING_WHEN_SYSTEM_USER_LOCKED
10-17 11:22:51.156 V/SystemServerTiming( 714): getInt-ALLOW_USER_SWITCHING_WHEN_SYSTEM_USER_LOCKED took to complete: 0ms
10-17 11:22:51.156 D/SystemServerTiming( 714): isUserUnlocked-USER_SYSTEM
10-17 11:22:51.156 V/SystemServerTiming( 714): isUserUnlocked-USER_SYSTEM took to complete: 0ms
10-17 11:22:51.156 V/SystemServerTiming( 714): getUserSwitchability-0 took to complete: 1ms
10-17 11:22:51.160 D/SystemServerTiming( 714): getUserSwitchability-0
10-17 11:22:51.160 D/SystemServerTiming( 714): TM.isInCall
10-17 11:22:51.162 V/SystemServerTiming( 714): TM.isInCall took to complete: 1ms
10-17 11:22:51.162 D/SystemServerTiming( 714): hasUserRestriction-DISALLOW_USER_SWITCH
10-17 11:22:51.162 V/SystemServerTiming( 714): hasUserRestriction-DISALLOW_USER_SWITCH took to complete: 0ms
10-17 11:22:51.162 D/SystemServerTiming( 714): getInt-ALLOW_USER_SWITCHING_WHEN_SYSTEM_USER_LOCKED
10-17 11:22:51.162 V/SystemServerTiming( 714): getInt-ALLOW_USER_SWITCHING_WHEN_SYSTEM_USER_LOCKED took to complete: 0ms
10-17 11:22:51.162 D/SystemServerTiming( 714): isUserUnlocked-USER_SYSTEM
10-17 11:22:51.162 V/SystemServerTiming( 714): isUserUnlocked-USER_SYSTEM took to complete: 0ms
10-17 11:22:51.162 V/SystemServerTiming( 714): getUserSwitchability-0 took to complete: 1ms
10-17 11:22:51.164 I/BackupManagerService( 714): isBackupEnabled() => false due to absent settings file
10-17 11:22:51.164 D/BackupManagerService( 714): user:0 readBackupEnableState enabled:false
10-17 11:22:51.165 D/SystemServerTiming( 714): getUserSwitchability-0
10-17 11:22:51.166 D/SystemServerTiming( 714): TM.isInCall
10-17 11:22:51.166 V/SystemServerTiming( 714): TM.isInCall took to complete: 1ms
10-17 11:22:51.166 D/SystemServerTiming( 714): hasUserRestriction-DISALLOW_USER_SWITCH
10-17 11:22:51.166 V/SystemServerTiming( 714): hasUserRestriction-DISALLOW_USER_SWITCH took to complete: 0ms
10-17 11:22:51.166 D/SystemServerTiming( 714): getInt-ALLOW_USER_SWITCHING_WHEN_SYSTEM_USER_LOCKED
10-17 11:22:51.166 V/SystemServerTiming( 714): getInt-ALLOW_USER_SWITCHING_WHEN_SYSTEM_USER_LOCKED took to complete: 0ms
10-17 11:22:51.166 D/SystemServerTiming( 714): isUserUnlocked-USER_SYSTEM
10-17 11:22:51.166 V/SystemServerTiming( 714): isUserUnlocked-USER_SYSTEM took to complete: 0ms
10-17 11:22:51.166 V/SystemServerTiming( 714): getUserSwitchability-0 took to complete: 1ms
10-17 11:22:51.167 I/BackupManagerService( 714): [UserID:0] Backup enabled => false
10-17 11:22:51.221 V/BackupManagerConstants( 714): getKeyValueBackupIntervalMilliseconds(...) returns 14400000
10-17 11:22:51.222 V/BackupManagerConstants( 714): getKeyValueBackupFuzzMilliseconds(...) returns 600000
10-17 11:22:51.222 V/BackupManagerConstants( 714): getKeyValueBackupRequiredNetworkType(...) returns 1
10-17 11:22:51.222 V/BackupManagerConstants( 714): getKeyValueBackupRequireCharging(...) returns true
10-17 11:22:51.222 V/KeyValueBackupJob( 714): Scheduling k/v pass in 249 minutes
10-17 11:22:51.251 W/ActivityManager( 714): Slow operation: 215ms so far, now at startProcess: returned from zygote!
10-17 11:22:51.251 W/ActivityManager( 714): Slow operation: 216ms so far, now at startProcess: done updating battery stats
10-17 11:22:51.251 W/ActivityManager( 714): Slow operation: 216ms so far, now at startProcess: building log message
10-17 11:22:51.252 I/ActivityManager( 714): Start proc 1559:com.android.keychain/1000 for service {com.android.keychain/com.android.keychain.KeyChainService}
10-17 11:22:51.252 W/ActivityManager( 714): Slow operation: 216ms so far, now at startProcess: starting to update pids map
10-17 11:22:51.252 W/ActivityManager( 714): Slow operation: 216ms so far, now at startProcess: done updating pids map
10-17 11:22:51.252 W/ActivityManager( 714): Slow operation: 144ms so far, now at startProcess: asking zygote to start proc
10-17 11:22:51.284 W/ActivityManager( 714): Slow operation: 176ms so far, now at startProcess: returned from zygote!
10-17 11:22:51.284 W/ActivityManager( 714): Slow operation: 176ms so far, now at startProcess: done updating battery stats
10-17 11:22:51.285 W/ActivityManager( 714): Slow operation: 176ms so far, now at startProcess: building log message
10-17 11:22:51.285 I/ActivityManager( 714): Start proc 1564:com.oranth.ledstatus/1000 for broadcast {com.oranth.ledstatus/com.oranth.ledstatus.BootCompletedReceiver}
10-17 11:22:51.285 W/ActivityManager( 714): Slow operation: 176ms so far, now at startProcess: starting to update pids map
10-17 11:22:51.285 W/ActivityManager( 714): Slow operation: 177ms so far, now at startProcess: done updating pids map
10-17 11:22:51.323 D/CompatibilityChangeReporter( 714): Compat change id reported: 168419799; UID 1000; state: DISABLED
10-17 11:22:51.323 D/CompatibilityChangeReporter( 714): Compat change id reported: 273564678; UID 1000; state: DISABLED
10-17 11:22:51.335 D/CompatibilityChangeReporter( 714): Compat change id reported: 168419799; UID 10049; state: DISABLED
10-17 11:22:51.336 D/CompatibilityChangeReporter( 714): Compat change id reported: 273564678; UID 10049; state: DISABLED
10-17 11:22:51.349 D/CompatibilityChangeReporter( 714): Compat change id reported: 265195908; UID 10049; state: ENABLED
10-17 11:22:51.374 D/CompatibilityChangeReporter( 714): Compat change id reported: 170503758; UID 10049; state: DISABLED
10-17 11:22:51.398 I/[1 T1174 ..] BTI( 0): mac_token length: 17
10-17 11:22:51.399 I/[1 T1174 ..] BTI( 0): parsed mac: [0xc9,0xb5,0x96,0x5c,0xe3,0xc9]
10-17 11:22:51.405 I/[1 T1174 ..] BTI( 0): mac:[0xc9,0xb5,0x96,0x5c,0xe3,0xc9]
10-17 11:22:51.405 I/[1 T1174 ..] BTI( 0): mac_token length: 0
10-17 11:22:51.406 E/[1 T1174 ..] BTE( 0): NULL str
10-17 11:22:51.484 V/WindowManager( 714): app ------------- force_land :0
10-17 11:22:51.494 D/CompatibilityChangeReporter( 714): Compat change id reported: 168419799; UID 1000; state: DISABLED
10-17 11:22:51.494 D/CompatibilityChangeReporter( 714): Compat change id reported: 273564678; UID 1000; state: DISABLED
10-17 11:22:51.506 I/MediaSessionStack( 714): addSession to bottom of stack | record: com.android.music/MediaPlaybackService (userId=0)
10-17 11:22:51.523 D/CompatibilityChangeReporter( 714): Compat change id reported: 261072174; UID 10052; state: ENABLED
10-17 11:22:51.573 D/CompatibilityChangeReporter( 714): Compat change id reported: 161145287; UID 10064; state: ENABLED
10-17 11:22:51.651 I/StorageUserConnection( 714): Service: [ComponentInfo{com.android.providers.media.module/com.android.providers.media.fuse.ExternalStorageServiceImpl}] connected. User [0]
10-17 11:22:51.695 I/ActivityManager( 714): com.oranth.storage is exempt from freezer
10-17 11:22:51.696 D/CompatibilityChangeReporter( 714): Compat change id reported: 135634846; UID 1000; state: DISABLED
10-17 11:22:51.710 D/CompatibilityChangeReporter( 714): Compat change id reported: 135634846; UID 10017; state: DISABLED
10-17 11:22:51.710 D/CompatibilityChangeReporter( 714): Compat change id reported: 177438394; UID 10017; state: DISABLED
10-17 11:22:51.710 D/CompatibilityChangeReporter( 714): Compat change id reported: 135772972; UID 10017; state: DISABLED
10-17 11:22:51.710 D/CompatibilityChangeReporter( 714): Compat change id reported: 135754954; UID 10017; state: ENABLED
10-17 11:22:51.715 W/ContextImpl( 1564): Calling a method in the system process without a qualified user: android.app.ContextImpl.startService:1899 android.content.ContextWrapper.startService:825 android.content.ContextWrapper.startService:825 com.oranth.ledstatus.BootCompletedReceiver.onReceive:15 android.app.ActivityThread.handleReceiver:4494
10-17 11:22:51.724 D/CompatibilityChangeReporter( 714): Compat change id reported: 149924527; UID 1000; state: ENABLED
10-17 11:22:51.724 D/CompatibilityChangeReporter( 714): Compat change id reported: 132649864; UID 1000; state: DISABLED
10-17 11:22:51.749 W/ContextImpl( 1506): Calling a method in the system process without a qualified user: android.app.ContextImpl.startService:1899 android.content.ContextWrapper.startService:825 com.dangbei.quicklife.QuickLifeManager.startQuickLifeService:108 com.dangbei.quicklife.QuickLifeManager.init:57 com.dangbei.lerad.etna.haqu.EtnaApplication.init:68
10-17 11:22:51.768 W/ActivityManager( 714): Slow operation: 74ms so far, now at startProcess: returned from zygote!
10-17 11:22:51.769 W/ActivityManager( 714): Slow operation: 74ms so far, now at startProcess: done updating battery stats
10-17 11:22:51.769 W/ActivityManager( 714): Slow operation: 74ms so far, now at startProcess: building log message
10-17 11:22:51.769 I/ActivityManager( 714): Start proc 1640:com.oranth.storage/1000 for broadcast {com.oranth.storage/com.oranth.storage.BootCompletedReceiver}
10-17 11:22:51.769 W/ActivityManager( 714): Slow operation: 75ms so far, now at startProcess: starting to update pids map
10-17 11:22:51.769 W/ActivityManager( 714): Slow operation: 75ms so far, now at startProcess: done updating pids map
10-17 11:22:51.769 W/ActivityManager( 714): Slow operation: 62ms so far, now at startProcess: asking zygote to start proc
10-17 11:22:51.770 D/CompatibilityChangeReporter( 714): Compat change id reported: 143937733; UID 10017; state: ENABLED
10-17 11:22:51.836 W/ActivityManager( 714): Slow operation: 128ms so far, now at startProcess: returned from zygote!
10-17 11:22:51.836 W/ActivityManager( 714): Slow operation: 129ms so far, now at startProcess: done updating battery stats
10-17 11:22:51.836 W/ActivityManager( 714): Slow operation: 129ms so far, now at startProcess: building log message
10-17 11:22:51.836 I/ActivityManager( 714): Start proc 1644:android.process.acore/u0a17 for content provider {com.android.providers.contacts/com.android.providers.contacts.ContactsProvider2}
10-17 11:22:51.836 W/ActivityManager( 714): Slow operation: 129ms so far, now at startProcess: starting to update pids map
10-17 11:22:51.837 W/ActivityManager( 714): Slow operation: 129ms so far, now at startProcess: done updating pids map
10-17 11:22:51.875 D/CompatibilityChangeReporter( 714): Compat change id reported: 168419799; UID 10017; state: DISABLED
10-17 11:22:51.875 D/CompatibilityChangeReporter( 714): Compat change id reported: 273564678; UID 10017; state: DISABLED
10-17 11:22:51.879 D/CompatibilityChangeReporter( 714): Compat change id reported: 265195908; UID 10017; state: ENABLED
10-17 11:22:51.884 D/CompatibilityChangeReporter( 714): Compat change id reported: 170503758; UID 10017; state: ENABLED
10-17 11:22:51.903 W/ContextImpl( 1506): Calling a method in the system process without a qualified user: android.app.ContextImpl.startService:1899 android.content.ContextWrapper.startService:825 com.dangbei.lerad.etna.core.EtnaManager.startService:64 com.dangbei.lerad.etna.core.EtnaManager.init:39 com.dangbei.lerad.etna.haqu.EtnaApplication.init:89
10-17 11:22:51.908 D/CompatibilityChangeReporter( 714): Compat change id reported: 168419799; UID 1000; state: DISABLED
10-17 11:22:51.908 D/CompatibilityChangeReporter( 714): Compat change id reported: 273564678; UID 1000; state: DISABLED
10-17 11:22:51.917 W/ContextImpl( 1506): Calling a method in the system process without a qualified user: android.app.ContextImpl.startService:1899 android.content.ContextWrapper.startService:825 com.dangbei.andes.CoreService$Companion.start:29 com.dangbei.lerad.etna.haqu.EtnaApplication.init:90 com.dangbei.lerad.etna.haqu.EtnaApplication.onCreate:60
10-17 11:22:51.961 D/HDMI ( 714): Process pid:1506 is calling addHotplugEventListener
10-17 11:22:51.981 W/ContextImpl( 1506): Calling a method in the system process without a qualified user: android.app.ContextImpl.bindService:1988 android.content.ContextWrapper.bindService:861 com.dangbei.lerad.etna.lib.client.EtnaClient.bindServer:138 com.dangbei.lerad.etna.lib.client.EtnaClient.access$600:29 com.dangbei.lerad.etna.lib.client.EtnaClient$3.call:205
10-17 11:22:52.037 W/ContextImpl( 1506): Calling a method in the system process without a qualified user: android.app.ContextImpl.bindService:1988 android.content.ContextWrapper.bindService:861 com.dangbei.lerad.etna.lib.client.EtnaClient.bindServer:138 com.dangbei.lerad.etna.lib.client.EtnaClient.access$600:29 com.dangbei.lerad.etna.lib.client.EtnaClient$3.call:205
10-17 11:22:52.074 D/CompatibilityChangeReporter( 714): Compat change id reported: 161145287; UID 10017; state: ENABLED
10-17 11:22:52.131 W/wificond( 603): Scan is not started. Ignore abort request
10-17 11:22:52.133 D/CountryDetector( 714): The first listener is added
10-17 11:22:51.985 W/ ( 0): [1 T1087 ..] [W2][ MSG_RX] [aml_rx_scanu_start_cfm 670]aml_rx_scanu_start_cfm, cur_chan:0
10-17 11:22:52.142 I/[3 T413 ..] apexd( 0): Cleaning up reserved space for compressed APEX
10-17 11:22:52.160 W/ContextImpl( 1640): Calling a method in the system process without a qualified user: android.app.ContextImpl.startService:1899 android.content.ContextWrapper.startService:825 android.content.ContextWrapper.startService:825 com.oranth.storage.BootCompletedReceiver.onReceive:15 android.app.ActivityThread.handleReceiver:4494
10-17 11:22:52.212 W/[1 T1174 ..] audit( 0): audit_lost=1 audit_rate_limit=5 audit_backlog_limit=64
10-17 11:22:52.212 E/[1 T1174 ..] audit( 0): rate limit exceeded
10-17 11:22:52.183 E/BootReceiver( 714): Could not open /sys/kernel/tracing/instances/bootreceiver/trace_pipe
10-17 11:22:52.183 E/BootReceiver( 714): android.system.ErrnoException: open failed: ENOENT (No such file or directory)
10-17 11:22:52.183 E/BootReceiver( 714): at libcore.io.Linux.open(Native Method)
10-17 11:22:52.183 E/BootReceiver( 714): at libcore.io.ForwardingOs.open(ForwardingOs.java:563)
10-17 11:22:52.183 E/BootReceiver( 714): at libcore.io.BlockGuardOs.open(BlockGuardOs.java:274)
10-17 11:22:52.183 E/BootReceiver( 714): at android.system.Os.open(Os.java:494)
10-17 11:22:52.183 E/BootReceiver( 714): at com.android.server.BootReceiver.onReceive(BootReceiver.java:164)
10-17 11:22:52.183 E/BootReceiver( 714): at android.app.ActivityThread.handleReceiver(ActivityThread.java:4494)
10-17 11:22:52.183 E/BootReceiver( 714): at android.app.ActivityThread.-$$Nest$mhandleReceiver(Unknown Source:0)
10-17 11:22:52.183 E/BootReceiver( 714): at android.app.ActivityThread$H.handleMessage(ActivityThread.java:2285)
10-17 11:22:52.183 E/BootReceiver( 714): at android.os.Handler.dispatchMessage(Handler.java:106)
10-17 11:22:52.183 E/BootReceiver( 714): at android.os.Looper.loopOnce(Looper.java:205)
10-17 11:22:52.183 E/BootReceiver( 714): at android.os.Looper.loop(Looper.java:294)
10-17 11:22:52.183 E/BootReceiver( 714): at com.android.server.SystemServer.run(SystemServer.java:982)
10-17 11:22:52.183 E/BootReceiver( 714): at com.android.server.SystemServer.main(SystemServer.java:668)
10-17 11:22:52.183 E/BootReceiver( 714): at java.lang.reflect.Method.invoke(Native Method)
10-17 11:22:52.183 E/BootReceiver( 714): at com.android.internal.os.RuntimeInit$MethodAndArgsCaller.run(RuntimeInit.java:552)
10-17 11:22:52.183 E/BootReceiver( 714): at com.android.internal.os.ZygoteInit.main(ZygoteInit.java:956)
10-17 11:22:52.201 D/CompatibilityChangeReporter( 714): Compat change id reported: 171306433; UID 1000; state: ENABLED
10-17 11:22:52.202 D/CompatibilityChangeReporter( 714): Compat change id reported: 218533173; UID 1000; state: ENABLED
10-17 11:22:52.208 W/ContextImpl( 1174): Calling a method in the system process without a qualified user: android.app.ContextImpl.startService:1899 android.content.ContextWrapper.startService:825 android.content.ContextWrapper.startService:825 com.droidlogic.BootComplete.onReceive:123 android.app.ActivityThread.handleReceiver:4494
10-17 11:22:52.212 W/ContextImpl( 1174): Calling a method in the system process without a qualified user: android.app.ContextImpl.startForegroundService:1905 android.content.ContextWrapper.startForegroundService:830 android.content.ContextWrapper.startForegroundService:830 com.droidlogic.BootComplete.onReceive:132 android.app.ActivityThread.handleReceiver:4494
10-17 11:22:52.213 W/ActivityManager( 714): Unable to start service Intent { cmp=com.android.tv.mdnsoffloadcmd/.MdnsOffloadCmdService } U=0: not found
10-17 11:22:52.213 I/DropBoxManagerService( 714): add tag=SYSTEM_BOOT isTagEnabled=true flags=0x2
10-17 11:22:52.263 I/ ( 0): [0 T78 ..] [TEE] E/TC:? 00 tee_rpmb_verify_key_sync_counter:1008 Verify key returning 0xffff0008
10-17 11:22:52.264 I/ ( 0): [0 T78 ..] [TEE] E/TC:? 00 tee_mkl_status:195 tee_mkl_status bad state, status = 0x0
10-17 11:22:52.265 I/ ( 0): [0 T78 ..] [TEE] E/TC:? 00 tee_provision_get_pfpk_enc:351 PFPK key table bad status, res = 0xffff0007
10-17 11:22:52.266 I/ ( 0): [0 T78 ..] [TEE] E/TA: read_pfid_from_property:765 [PROVISION-TA] PFID is not provisioned
10-17 11:22:52.268 I/ ( 0): [0 T78 ..] [TEE] E/TA: pfid_query:877 [PROVISION-TA] pfid_query read pfid property error, return 0xFFFF0008
10-17 11:22:52.273 I/ ( 0): [0 T78 ..] [TEE] E/TC:? 00 tee_rpmb_verify_key_sync_counter:1008 Verify key returning 0xffff0008
10-17 11:22:52.276 I/ ( 0): [0 T78 ..] [TEE] E/TC:? 00 tee_mkl_status:195 tee_mkl_status bad state, status = 0x0
10-17 11:22:52.279 I/ ( 0): [0 T78 ..] [TEE] E/TC:? 00 tee_provision_get_pfpk_enc:351 PFPK key table bad status, res = 0xffff0007
10-17 11:22:52.280 I/ ( 0): [0 T78 ..] [TEE] E/TC:? 00 tee_mkl_status:195 tee_mkl_status bad state, status = 0x0
10-17 11:22:52.214 W/ContextImpl( 1174): Calling a method in the system process without a qualified user: android.app.ContextImpl.startService:1899 android.content.ContextWrapper.startService:825 android.content.ContextWrapper.startService:825 com.droidlogic.BootComplete.onReceive:134 android.app.ActivityThread.handleReceiver:4494
10-17 11:22:52.218 W/ContextImpl( 1174): Calling a method in the system process without a qualified user: android.app.ContextImpl.startService:1899 android.content.ContextWrapper.startService:825 android.content.ContextWrapper.startService:825 com.droidlogic.BootComplete.onReceive:135 android.app.ActivityThread.handleReceiver:4494
10-17 11:22:52.232 I/BootReceiver( 714): Copying /sys/fs/pstore/console-ramoops-0 to DropBox (SYSTEM_LAST_KMSG)
10-17 11:22:52.238 I/DropBoxManagerService( 714): add tag=SYSTEM_LAST_KMSG isTagEnabled=true flags=0x6
10-17 11:22:52.253 W/ContextImpl( 1174): Calling a method in the system process without a qualified user: android.app.ContextImpl.stopService:1911 android.content.ContextWrapper.stopService:835 android.content.ContextWrapper.stopService:835 com.droidlogic.BootComplete$2.onChange:298 com.droidlogic.BootComplete.updateDeveloperOptionsWatcher:305
10-17 11:22:52.257 W/ContextImpl( 1174): Calling a method in the system process without a qualified user: android.app.ContextImpl.startService:1899 android.content.ContextWrapper.startService:825 android.content.ContextWrapper.startService:825 com.droidlogic.BootComplete.onReceive:180 android.app.ActivityThread.handleReceiver:4494
10-17 11:22:52.272 W/ContextImpl( 1174): Calling a method in the system process without a qualified user: android.app.ContextImpl.startService:1899 android.content.ContextWrapper.startService:825 android.content.ContextWrapper.startService:825 com.droidlogic.BootComplete.onReceive:190 android.app.ActivityThread.handleReceiver:4494
10-17 11:22:52.277 I/BootReceiver( 714): Copying audit failures to DropBox
10-17 11:22:52.288 I/BootReceiver( 714): Copied 6454 worth of audits to DropBox
10-17 11:22:52.289 I/DropBoxManagerService( 714): add tag=SYSTEM_AUDIT isTagEnabled=true flags=0x2
10-17 11:22:52.292 I/ActivityManager( 714): com.droidlogic.mictoggle is exempt from freezer
10-17 11:22:52.292 D/CompatibilityChangeReporter( 714): Compat change id reported: 135634846; UID 1000; state: DISABLED
10-17 11:22:52.298 D/HDMI ( 714): addVendorCommandListener 1877008
10-17 11:22:52.305 I/BootReceiver( 714): Checking for fsck errors
10-17 11:22:52.308 I/BootReceiver( 714): fs_stat, partition:param stat:0x10013
10-17 11:22:52.308 I/BootReceiver( 714): fs_stat, partition:rsv stat:0x3
10-17 11:22:52.308 I/BootReceiver( 714): fs_stat, partition:tee stat:0x3
10-17 11:22:52.308 I/BootReceiver( 714): fs_stat, partition:factory stat:0x0
10-17 11:22:52.309 I/BootReceiver( 714): fs_stat, partition:userdata stat:0x0
10-17 11:22:52.336 W/ContextImpl( 714): Calling a method in the system process without a qualified user: android.app.ContextImpl.sendStickyBroadcast:1626 com.android.server.wifi.ClientModeImpl.sendNetworkChangeBroadcast:3008 com.android.server.wifi.ClientModeImpl.lambda$sendNetworkChangeBroadcastWithCurrentState$14:2985 com.android.server.wifi.ClientModeImpl.$r8$lambda$q-j88Pjw4gROgoJFr8wBlBVbuJI:0 com.android.server.wifi.ClientModeImpl$$ExternalSyntheticLambda4.send:0
10-17 11:22:52.341 I/ActivityManager( 714): Start proc 1720:com.droidlogic.mictoggle/1000 for broadcast {com.droidlogic.mictoggle/com.droidlogic.mictoggle.AssistantMicMuteReceiver}
10-17 11:22:52.343 D/CompatibilityChangeReporter( 714): Compat change id reported: 135634846; UID 10019; state: DISABLED
10-17 11:22:52.344 D/CompatibilityChangeReporter( 714): Compat change id reported: 177438394; UID 10019; state: DISABLED
10-17 11:22:52.344 D/CompatibilityChangeReporter( 714): Compat change id reported: 135772972; UID 10019; state: DISABLED
10-17 11:22:52.344 D/CompatibilityChangeReporter( 714): Compat change id reported: 135754954; UID 10019; state: ENABLED
10-17 11:22:52.350 I/ ( 0): [3 T78 ..] [TEE] E/TC:? 00 tee_provision_get_pfpk_enc:351 PFPK key table bad status, res = 0xffff0007
10-17 11:22:52.351 I/ ( 0): [3 T78 ..] [TEE] E/TA: get_pfpk_enc:786 [PROVISION-TA] TEE_Provision_Get_PFPK_ENC() failed, return 0xFFFF0007
10-17 11:22:52.352 I/ ( 0): [3 T78 ..] [TEE] E/TA: pfpk_query:851 [PROVISION-TA] get_pfpk_enc return 0xFFFF0007
10-17 11:22:52.345 D/CompatibilityChangeReporter( 714): Compat change id reported: 143937733; UID 10019; state: ENABLED
10-17 11:22:52.348 E/UsbDeviceManager( 714): Usb setCurrentUsbFunctionsCb failed ,functions:1 ,status:1 ,transactionId:6
10-17 11:22:52.348 I/UsbDeviceManager( 714): notifyCurrentFunction request:1 status:1
10-17 11:22:52.383 D/CompatibilityChangeReporter( 714): Compat change id reported: 168419799; UID 1000; state: DISABLED
10-17 11:22:52.383 D/CompatibilityChangeReporter( 714): Compat change id reported: 273564678; UID 1000; state: DISABLED
10-17 11:22:52.390 I/ActivityManager( 714): Start proc 1738:android.process.media/u0a19 for content provider {com.android.providers.downloads/com.android.providers.downloads.DownloadProvider}
10-17 11:22:52.412 W/ ( 0): [1 T1113 ..] [W2][ MAIN] [aml_cfg80211_connect 2275] vif:0 privacy=1, key=0000000000000000, key_len=0, key_idx=0 auth_type:0 wpa_versions:2
10-17 11:22:52.417 W/ ( 0): [1 T1113 ..] [W2][ MAIN] [aml_set_scan_hang 1933]set_scan_hang, flag:1, [aml_cfg80211_connect 2319]
10-17 11:22:52.418 W/ ( 0): [1 T1113 ..] [W2][ MSG_TX] [aml_send_sm_connect_req 2244]>>> aml_send_sm_connect_req(2244)
10-17 11:22:52.421 W/ ( 0): [1 T1087 ..] [W2][ CMD] [cmd_complete 65]cmd tkn[23] flags:0002 result: -4 cmd:6144-SM_CONNECT_REQ - reqcfm(6145-SM_CONNECT_CFM)
10-17 11:22:52.442 W/ ( 0): [1 T1113 ..] [W2][ MAIN] [aml_cfg80211_connect 2343]ssid=2.4G, center freq:2442
10-17 11:22:52.443 W/ ( 0): [1 T1113 ..] [W2][RECOVERY] [aml_recy_save_assoc_info 112]assoc info chan bw=0, center freq=2442
10-17 11:22:52.538 W/WindowManager( 714): Failed looking up window session=Session{1b2df56 1524:1000} callers=com.android.server.wm.WindowManagerService.windowForClientLocked:6077 com.android.server.wm.Session.updateRequestedVisibleTypes:695 android.view.IWindowSession$Stub.onTransact:1034
10-17 11:22:52.539 W/WindowManager( 714): [addWindow] title:com.dangbei.leard.leradlauncher/com.dangbei.launcher.home.LauncherActivity
10-17 11:22:52.548 D/CoreBackPreview( 714): Window{37d37ad u0 com.dangbei.leard.leradlauncher/com.dangbei.launcher.home.LauncherActivity}: Setting back callback OnBackInvokedCallbackInfo{mCallback=android.window.IOnBackInvokedCallback$Stub$Proxy@b2ffe73, mPriority=0, mIsAnimationCallback=false}
10-17 11:22:52.571 D/CompatibilityChangeReporter( 714): Compat change id reported: 168419799; UID 10019; state: DISABLED
10-17 11:22:52.572 D/CompatibilityChangeReporter( 714): Compat change id reported: 273564678; UID 10019; state: DISABLED
10-17 11:22:52.579 D/CompatibilityChangeReporter( 714): Compat change id reported: 265195908; UID 10019; state: ENABLED
10-17 11:22:52.634 D/CompatibilityChangeReporter( 714): Compat change id reported: 170503758; UID 10019; state: ENABLED
10-17 11:22:52.654 W/ContextImpl( 1720): Calling a method in the system process without a qualified user: android.app.ContextImpl.startService:1899 android.content.ContextWrapper.startService:825 android.content.ContextWrapper.startService:825 com.droidlogic.mictoggle.AssistantMicMuteReceiver.onReceive:48 android.app.ActivityThread.handleReceiver:4494
10-17 11:22:52.657 D/CompatibilityChangeReporter( 714): Compat change id reported: 261072174; UID 1000; state: DISABLED
10-17 11:22:52.661 W/ContextImpl( 714): Calling a method in the system process without a qualified user: android.app.ContextImpl.startService:1899 com.android.server.wm.DisplayPolicy.lambda$focusChangedLw$5:2126 com.android.server.wm.DisplayPolicy.$r8$lambda$Znxk63oh-WzVnzo_WQefN7uxV48:0 com.android.server.wm.DisplayPolicy$$ExternalSyntheticLambda13.run:0 android.os.Handler.handleCallback:958
10-17 11:22:52.443 W/ ( 0): [1 T1113 ..] [W2][RECOVERY] [aml_recy_flags_set 62]set flags(0x1), new flags(0x1)
10-17 11:22:52.696 I/[2 T233 ..] servicemanager( 0): Found android.hardware.graphics.allocator.IAllocator/default in device VINTF manifest.
10-17 11:22:52.700 I/[2 T233 ..] servicemanager( 0): Found android.hardware.graphics.allocator.IAllocator/default in device VINTF manifest.
10-17 11:22:52.704 I/vold ( 247): fuse-bpf is enabled because /sys/fs/fuse/features/fuse_bpf reads 'supported'
10-17 11:22:52.704 I/vold ( 247): Setting ro.fuse.bpf.is_running to true
10-17 11:22:52.705 I/vold ( 247): Configuring read_ahead of /mnt/user/0/emulated fuse filesystem to 256kb
10-17 11:22:52.706 I/vold ( 247): Writing 256 to /sys/class/bdi/0:65/read_ahead_kb
10-17 11:22:52.706 I/vold ( 247): Configuring max_ratio of /mnt/user/0/emulated fuse filesystem to 40
10-17 11:22:52.706 I/vold ( 247): Writing 40 to /sys/class/bdi/0:65/max_ratio
10-17 11:22:52.710 I/StorageManagerService( 714): Mounted volume VolumeInfo{emulated;0}:
10-17 11:22:52.710 I/StorageManagerService( 714): type=EMULATED diskId=null partGuid= mountFlags=PRIMARY|VISIBLE_FOR_WRITE
10-17 11:22:52.710 I/StorageManagerService( 714): mountUserId=0 state=MOUNTED
10-17 11:22:52.710 I/StorageManagerService( 714): fsType=null fsUuid=null fsLabel=null
10-17 11:22:52.710 I/StorageManagerService( 714): path=/storage/emulated internalPath=/data/media
10-17 11:22:52.717 I/StorageSessionController( 714): Notifying volume state changed for session with id: emulated;0
10-17 11:22:52.735 W/ContextImpl( 1174): Calling a method in the system process without a qualified user: android.app.ContextImpl.startService:1899 android.content.ContextWrapper.startService:825 android.content.ContextWrapper.startService:825 com.droidlogic.AiPqReceiver.onReceive:31 android.app.ActivityThread.handleReceiver:4494
10-17 11:22:52.739 D/HDMI ( 714): receive android.intent.action.BOOT_COMPLETED
10-17 11:22:52.740 I/HDMI ( 714): Receive boot completed broadcast
10-17 11:22:52.766 I/CheckInBootCompletedReceiver( 1438): Received boot completed intent --------- beginning of main
10-17 11:22:52.773 I/SystemControl( 319): [/SystemControlService.cpp, readAiPqTable, 2076] readAiPqTable:run readAiPqTable
10-17 11:22:52.774 E/SystemControl( 319): [/SysTokenizer.cpp, open, 62] Error opening file 'vendor/etc/scenes_data.txt', No such file or directory.
10-17 11:22:52.774 E/SystemControl( 319): [/SystemControlService.cpp, readAiPqTable, 2079] Error -2 opening aipq config file vendor/etc/scenes_data.txt.
10-17 11:22:52.791 D/AIPQ_TABLE( 1174): getAipqTable value:
10-17 11:22:52.791 D/AiPqService( 1174): scenesval--><--
10-17 11:22:52.791 D/GlobalParametersService( 1438): onCreate
10-17 11:22:52.795 D/AiPqService( 1174): [AIPQservice] onCreate sys_value= 0
10-17 11:22:52.799 I/DlcClient( 1438): Binding com.android.devicelockcontroller/.storage.GlobalParametersService
10-17 11:22:52.809 I/StorageSessionController( 714): Notifying volume state changed for session with id: emulated;0
10-17 11:22:52.810 I/ExternalStorageServiceImpl( 1491): Ignoring volume state for vol:external_primary. State: checking
10-17 11:22:52.797 D/AiPqService( 1174): [AIPQservice] onStartCommand
10-17 11:22:52.815 D/QuickLifeImpl( 1506): getSceneList!
10-17 11:22:52.815 D/QuickLifeImpl( 1506): checkCircle list = []
10-17 11:22:52.816 V/MediaStore( 1491): Examining volume emulated;0 with name external_primary and state mounted
10-17 11:22:52.818 D/QuickLifeImpl( 1506): addNewSceneAlarm! isCorrectTime = true
10-17 11:22:52.819 D/CompatibilityChangeReporter( 1506): Compat change id reported: 160794467; UID 1000; state: DISABLED
10-17 11:22:52.825 I/StorageSessionController( 714): Notifying volume state changed for session with id: emulated;0
10-17 11:22:52.831 D/QuickLifeImpl( 1506): day1 = 2025-10-17 00:00:00; day2 = 2025-10-18 00:00:00; timerMillis = 1760716800824
10-17 11:22:52.832 D/CompatibilityChangeReporter( 714): Compat change id reported: 171306433; UID 1000; state: DISABLED
10-17 11:22:52.854 V/ContactsProvider( 1644): 0 Dangling Contacts have been cleaned up.
10-17 11:22:52.870 I/system_server( 714): Background concurrent copying GC freed 91271(5285KB) AllocSpace objects, 28(4956KB) LOS objects, 49% free, 12MB/25MB, paused 265us,196us total 632.312ms
10-17 11:22:52.877 D/BufferPoolAccessor2.0( 714): bufferpool2 0xb67c28a8 : 0(0 size) total buffers - 0(0 size) used buffers - 2/7 (recycle/alloc) - 9/34 (fetch/transfer)
10-17 11:22:52.877 D/BufferPoolAccessor2.0( 714): bufferpool2 0xb67cbae8 : 0(0 size) total buffers - 0(0 size) used buffers - 2/7 (recycle/alloc) - 5/26 (fetch/transfer)
10-17 11:22:52.877 D/BufferPoolAccessor2.0( 714): bufferpool2 0xb67f5848 : 0(0 size) total buffers - 0(0 size) used buffers - 1/7 (recycle/alloc) - 6/24 (fetch/transfer)
10-17 11:22:52.877 D/BufferPoolAccessor2.0( 714): bufferpool2 0xb67c31a8 : 0(0 size) total buffers - 0(0 size) used buffers - 2/7 (recycle/alloc) - 5/34 (fetch/transfer)
10-17 11:22:52.877 D/BufferPoolAccessor2.0( 714): evictor expired: 4, evicted: 4
10-17 11:22:52.906 W/ ( 0): [1 T1087 ..] [W2][ MSG_RX] [aml_rx_sm_connect_ind 1082]vif_idx:0, status_code:0, sta_idx:0,center_freq:2442, center_freq1:2432, roamed:0, mac:10:7c:61:1a:4b:90
10-17 11:22:52.906 W/ ( 0): [1 T1087 ..] [W2][ MAIN] [aml_set_scan_hang 1933]set_scan_hang, flag:0, [aml_rx_sm_connect_ind 1083]
10-17 11:22:52.909 W/ ( 0): [1 T1087 ..] [W2][ MAIN] [aml_chanctx_link 670]vif index:0 ch idx:0
10-17 11:22:52.909 W/ ( 0): [1 T1087 ..] [W2][ MAIN] [aml_chanctx_link 680]band:0, bw:2 cfreq:2442, cfreq1:2432, cfreq2:0
10-17 11:22:52.902 I/wpa_supplicant( 1113): assoc key_mgmt 0x2 network key_mgmt 0x142
10-17 11:22:52.902 I/wpa_supplicant( 1113): wlan0: Associated with 10:7c:61:1a:4b:90
10-17 11:22:52.902 I/wpa_supplicant( 1113): wlan0: CTRL-EVENT-SUBNET-STATUS-UPDATE status=0
10-17 11:22:52.904 I/wpa_supplicant( 1113): wlan0: WPA: RX message 1 of 4-Way Handshake from 10:7c:61:1a:4b:90 (ver=2)
10-17 11:22:52.905 I/wpa_supplicant( 1113): assoc key_mgmt 0x2 network key_mgmt 0x142
10-17 11:22:52.905 I/wpa_supplicant( 1113): wlan0: WPA: Sending EAPOL-Key 2/4
10-17 11:22:52.906 I/Tethering( 1040): adding IpServer for: wlan0
10-17 11:22:52.912 I/wpa_supplicant( 1113): wlan0: RSN: RX message 3 of 4-Way Handshake from 10:7c:61:1a:4b:90 (ver=2)
10-17 11:22:52.912 I/wpa_supplicant( 1113): wlan0: WPA: Sending EAPOL-Key 4/4
10-17 11:22:52.910 W/ ( 0): [1 T1087 ..] [W2][ MSG_RX] [aml_rx_sm_connect_ind 1239]ssid:2.4G, bss_freq:2442
10-17 11:22:52.912 W/ ( 0): [1 T1087 ..] [W2][ MSG_RX] [aml_rx_sm_connect_ind_ex 993]freq[2442 2432 0], bw:BW_40 max_mcs:11 format_mode:HE_SU no_ss:2ss short_gi:1
10-17 11:22:52.915 W/ ( 0): [2 T1113 ..] [W2][ TX] [aml_select_txq 475]set eap frame to vo
10-17 11:22:52.915 W/ ( 0): [2 T1113 ..] [W2][ TX] [aml_filter_sp_data_frame 1273][SP FRAME TX][0] EAPOL
10-17 11:22:52.922 W/ ( 0): [1 T1113 ..] [W2][ TX] [aml_select_txq 475]set eap frame to vo
10-17 11:22:52.922 W/ ( 0): [1 T1113 ..] [W2][ TX] [aml_filter_sp_data_frame 1273][SP FRAME TX][0] EAPOL
10-17 11:22:52.924 W/ ( 0): [1 T1113 ..] [W2][ MAIN] [aml_cfg80211_add_key 2080]vif_idx:0 add PTK for index:0,sta_idx:0
10-17 11:22:52.924 W/ ( 0): [1 T1113 ..] [W2][ MSG_TX] [aml_send_key_add 792]>>> aml_send_key_add(792)
10-17 11:22:52.926 W/ ( 0): [1 T1113 ..] [W2][ MSG_TX] [aml_send_key_add 812] sta_idx:0 key_idx:0 inst_nbr:0 cipher:2 key_len:16
10-17 11:22:52.920 I/wpa_supplicant( 1113): assoc key_mgmt 0x2 network key_mgmt 0x142
10-17 11:22:52.927 W/ ( 0): [1 T1113 ..] [W2][ MSG_TX] [aml_send_key_add 813]key: d9 83 5c da 6f 76 86 8a 85 8c fb 26 19 41 e5 89
10-17 11:22:52.929 W/ ( 0): [1 T1087 ..] [W2][ CMD] [cmd_complete 65]cmd tkn[24] flags:0002 result: -4 cmd: 36-MM_KEY_ADD_REQ - reqcfm( 37-MM_KEY_ADD_CFM)
10-17 11:22:52.931 W/ ( 0): [2 T1113 ..] [W2][ MAIN] [aml_cfg80211_add_key 2080]vif_idx:0 add GTK for index:1,sta_idx:255
10-17 11:22:52.931 W/ ( 0): [2 T1113 ..] [W2][ MSG_TX] [aml_send_key_add 792]>>> aml_send_key_add(792)
10-17 11:22:52.933 W/ ( 0): [2 T1113 ..] [W2][ MSG_TX] [aml_send_key_add 812] sta_idx:255 key_idx:1 inst_nbr:0 cipher:2 key_len:16
10-17 11:22:52.934 W/ ( 0): [2 T1113 ..] [W2][ MSG_TX] [aml_send_key_add 813]key: 26 c0 1a 08 3a e6 cd 05 31 30 87 a6 fc 6e 37 22
10-17 11:22:52.923 W/Searchables( 714): No global search activity found
10-17 11:22:52.923 D/WallpaperManagerService( 714): Wallpaper_selinux_restorecon-0
10-17 11:22:52.925 V/WallpaperManagerService( 714): Wallpaper_selinux_restorecon-0 took to complete: 2ms
10-17 11:22:52.928 I/wpa_supplicant( 1113): wlan0: WPA: Key negotiation completed with 10:7c:61:1a:4b:90 [PTK=CCMP GTK=CCMP]
