10-17 11:24:03.396 W/ ( 0): [3 T0 .s] [W2][ TX] [aml_filter_sp_data_frame 1310][SP FRAME TX][0] ARP req(0x1) sender:[c0:e3:50:49:c1:08 192.168.50.100] receiver:[00:00:00:00:00:00 192.168.50.220]
10-17 11:24:03.399 W/ ( 0): [3 T0 .s] [W2][ TX] [aml_filter_sp_data_frame 1310][SP FRAME TX][0] ARP req(0x1) sender:[c0:e3:50:49:c1:08 192.168.50.100] receiver:[00:00:00:00:00:00 192.168.50.219]
10-17 11:24:03.401 W/ ( 0): [3 T0 .s] [W2][ TX] [aml_filter_sp_data_frame 1310][SP FRAME TX][0] ARP req(0x1) sender:[c0:e3:50:49:c1:08 192.168.50.100] receiver:[00:00:00:00:00:00 192.168.50.218]
10-17 11:24:03.403 W/ ( 0): [3 T0 .s] [W2][ TX] [aml_filter_sp_data_frame 1310][SP FRAME TX][0] ARP req(0x1) sender:[c0:e3:50:49:c1:08 192.168.50.100] receiver:[00:00:00:00:00:00 192.168.50.217]
10-17 11:24:03.405 W/ ( 0): [3 T0 .s] [W2][ TX] [aml_filter_sp_data_frame 1310][SP FRAME TX][0] ARP req(0x1) sender:[c0:e3:50:49:c1:08 192.168.50.100] receiver:[00:00:00:00:00:00 192.168.50.216]
10-17 11:24:03.407 W/ ( 0): [3 T0 .s] [W2][ TX] [aml_filter_sp_data_frame 1310][SP FRAME TX][0] ARP req(0x1) sender:[c0:e3:50:49:c1:08 192.168.50.100] receiver:[00:00:00:00:00:00 192.168.50.215]
10-17 11:24:03.409 W/ ( 0): [3 T0 .s] [W2][ TX] [aml_filter_sp_data_frame 1310][SP FRAME TX][0] ARP req(0x1) sender:[c0:e3:50:49:c1:08 192.168.50.100] receiver:[00:00:00:00:00:00 192.168.50.214]
10-17 11:24:03.411 W/ ( 0): [3 T0 .s] [W2][ TX] [aml_filter_sp_data_frame 1310][SP FRAME TX][0] ARP req(0x1) sender:[c0:e3:50:49:c1:08 192.168.50.100] receiver:[00:00:00:00:00:00 192.168.50.213]
10-17 11:24:03.413 W/ ( 0): [3 T0 .s] [W2][ TX] [aml_filter_sp_data_frame 1310][SP FRAME TX][0] ARP req(0x1) sender:[c0:e3:50:49:c1:08 192.168.50.100] receiver:[00:00:00:00:00:00 192.168.50.212]
10-17 11:24:03.421 W/ ( 0): [3 T0 .s] [W2][ TX] [aml_filter_sp_data_frame 1310][SP FRAME TX][0] ARP req(0x1) sender:[c0:e3:50:49:c1:08 192.168.50.100] receiver:[00:00:00:00:00:00 192.168.50.237]
10-17 11:24:03.422 W/ ( 0): [3 T0 .s] [W2][ TX] [aml_filter_sp_data_frame 1310][SP FRAME TX][0] ARP req(0x1) sender:[c0:e3:50:49:c1:08 192.168.50.100] receiver:[00:00:00:00:00:00 192.168.50.236]
10-17 11:24:03.424 W/ ( 0): [3 T0 .s] [W2][ TX] [aml_filter_sp_data_frame 1310][SP FRAME TX][0] ARP req(0x1) sender:[c0:e3:50:49:c1:08 192.168.50.100] receiver:[00:00:00:00:00:00 192.168.50.235]
10-17 11:24:03.426 W/ ( 0): [3 T0 .s] [W2][ TX] [aml_filter_sp_data_frame 1310][SP FRAME TX][0] ARP req(0x1) sender:[c0:e3:50:49:c1:08 192.168.50.100] receiver:[00:00:00:00:00:00 192.168.50.234]
10-17 11:24:03.428 W/ ( 0): [3 T0 .s] [W2][ TX] [aml_filter_sp_data_frame 1310][SP FRAME TX][0] ARP req(0x1) sender:[c0:e3:50:49:c1:08 192.168.50.100] receiver:[00:00:00:00:00:00 192.168.50.233]
10-17 11:24:03.431 W/ ( 0): [3 T0 .s] [W2][ TX] [aml_filter_sp_data_frame 1310][SP FRAME TX][0] ARP req(0x1) sender:[c0:e3:50:49:c1:08 192.168.50.100] receiver:[00:00:00:00:00:00 192.168.50.232]
10-17 11:24:03.433 W/ ( 0): [3 T0 .s] [W2][ TX] [aml_filter_sp_data_frame 1310][SP FRAME TX][0] ARP req(0x1) sender:[c0:e3:50:49:c1:08 192.168.50.100] receiver:[00:00:00:00:00:00 192.168.50.231]
10-17 11:24:03.435 W/ ( 0): [3 T0 .s] [W2][ TX] [aml_filter_sp_data_frame 1310][SP FRAME TX][0] ARP req(0x1) sender:[c0:e3:50:49:c1:08 192.168.50.100] receiver:[00:00:00:00:00:00 192.168.50.230]
10-17 11:24:03.437 W/ ( 0): [3 T0 .s] [W2][ TX] [aml_filter_sp_data_frame 1310][SP FRAME TX][0] ARP req(0x1) sender:[c0:e3:50:49:c1:08 192.168.50.100] receiver:[00:00:00:00:00:00 192.168.50.229]
10-17 11:24:03.439 W/ ( 0): [3 T0 .s] [W2][ TX] [aml_filter_sp_data_frame 1310][SP FRAME TX][0] ARP req(0x1) sender:[c0:e3:50:49:c1:08 192.168.50.100] receiver:[00:00:00:00:00:00 192.168.50.228]
10-17 11:24:03.441 W/ ( 0): [3 T0 .s] [W2][ TX] [aml_filter_sp_data_frame 1310][SP FRAME TX][0] ARP req(0x1) sender:[c0:e3:50:49:c1:08 192.168.50.100] receiver:[00:00:00:00:00:00 192.168.50.227]
10-17 11:24:03.443 W/ ( 0): [3 T0 .s] [W2][ TX] [aml_filter_sp_data_frame 1310][SP FRAME TX][0] ARP req(0x1) sender:[c0:e3:50:49:c1:08 192.168.50.100] receiver:[00:00:00:00:00:00 192.168.50.226]
10-17 11:24:03.444 D/[0 T666 ..] [snd-soc]( 0): spdif_a is set to disable
10-17 11:24:03.445 W/ ( 0): [3 T0 .s] [W2][ TX] [aml_filter_sp_data_frame 1310][SP FRAME TX][0] ARP req(0x1) sender:[c0:e3:50:49:c1:08 192.168.50.100] receiver:[00:00:00:00:00:00 192.168.50.225]
10-17 11:24:03.437 E/audio_hw_hal_alsamgr( 460): aml_alsa_output_get_delayframe:759, pcm_ioctl fail, ret:0xffffffff, error info:Broken pipe
10-17 11:24:03.437 I/audio_hw_hal_alsamgr( 460): aml_alsa_output_write alsa_running_status[0xf0b818d0] change from 1 to 0
10-17 11:24:03.447 I/[3 T661 ..] [snd-soc]( 0): aml_audio_reset, reg 0xa, shift 9, use_vadtop 0
10-17 11:24:03.448 I/[3 T661 ..] [snd-soc]( 0): aml_audio_reset, reg 0xa, shift 14, use_vadtop 0
10-17 11:24:03.449 I/[3 T661 ..] [snd-soc]( 0): hdmitx src switch to spdif 0
10-17 11:24:03.450 I/[3 T661 ..] [snd-soc]( 0): sharebuffer_spdifout_prepare get_hdmitx_audio_src(rtd->card):0 spdif_id:0
10-17 11:24:03.451 I/[3 T661 ..] [hdmitx( 0): ] hdmitx_audio_notify_callback[798] audio prepare
10-17 11:24:03.452 D/[3 T661 ..] [snd-soc]( 0): spdif_a fifo ctrl, frddr:0 type:1, 16 bits, chmask 0x3, swap 0x10
10-17 11:24:03.452 I/[3 T661 ..] [hdmitx( 0): ] hdmitx_audio_notify_callback[803] type:1 rate:3 size:1 chs:2 i2s_ch_mask:1 aud_src_if:0
10-17 11:24:03.453 W/ ( 0): [3 T661 .s] [W2][ TX] [aml_filter_sp_data_frame 1310][SP FRAME TX][0] ARP req(0x1) sender:[c0:e3:50:49:c1:08 192.168.50.100] receiver:[00:00:00:00:00:00 192.168.50.253]
10-17 11:24:03.453 W/ ( 0): [3 T661 .s] [W2][ TX] [aml_filter_sp_data_frame 1310][SP FRAME TX][0] ARP req(0x1) sender:[c0:e3:50:49:c1:08 192.168.50.100] receiver:[00:00:00:00:00:00 192.168.50.252]
10-17 11:24:03.453 W/ ( 0): [3 T661 .s] [W2][ TX] [aml_filter_sp_data_frame 1310][SP FRAME TX][0] ARP req(0x1) sender:[c0:e3:50:49:c1:08 192.168.50.100] receiver:[00:00:00:00:00:00 192.168.50.251]
10-17 11:24:03.453 W/ ( 0): [3 T661 .s] [W2][ TX] [aml_filter_sp_data_frame 1310][SP FRAME TX][0] ARP req(0x1) sender:[c0:e3:50:49:c1:08 192.168.50.100] receiver:[00:00:00:00:00:00 192.168.50.250]
10-17 11:24:03.453 W/ ( 0): [3 T661 .s] [W2][ TX] [aml_filter_sp_data_frame 1310][SP FRAME TX][0] ARP req(0x1) sender:[c0:e3:50:49:c1:08 192.168.50.100] receiver:[00:00:00:00:00:00 192.168.50.249]
10-17 11:24:03.453 W/ ( 0): [3 T661 .s] [W2][ TX] [aml_filter_sp_data_frame 1310][SP FRAME TX][0] ARP req(0x1) sender:[c0:e3:50:49:c1:08 192.168.50.100] receiver:[00:00:00:00:00:00 192.168.50.248]
10-17 11:24:03.453 W/ ( 0): [3 T661 .s] [W2][ TX] [aml_filter_sp_data_frame 1310][SP FRAME TX][0] ARP req(0x1) sender:[c0:e3:50:49:c1:08 192.168.50.100] receiver:[00:00:00:00:00:00 192.168.50.247]
10-17 11:24:03.453 W/ ( 0): [3 T661 .s] [W2][ TX] [aml_filter_sp_data_frame 1310][SP FRAME TX][0] ARP req(0x1) sender:[c0:e3:50:49:c1:08 192.168.50.100] receiver:[00:00:00:00:00:00 192.168.50.246]
10-17 11:24:03.453 W/ ( 0): [3 T661 .s] [W2][ TX] [aml_filter_sp_data_frame 1310][SP FRAME TX][0] ARP req(0x1) sender:[c0:e3:50:49:c1:08 192.168.50.100] receiver:[00:00:00:00:00:00 192.168.50.245]
10-17 11:24:03.453 W/ ( 0): [3 T661 .s] [W2][ TX] [aml_filter_sp_data_frame 1310][SP FRAME TX][0] ARP req(0x1) sender:[c0:e3:50:49:c1:08 192.168.50.100] receiver:[00:00:00:00:00:00 192.168.50.244]
10-17 11:24:03.453 W/ ( 0): [3 T661 .s] [W2][ TX] [aml_filter_sp_data_frame 1310][SP FRAME TX][0] ARP req(0x1) sender:[c0:e3:50:49:c1:08 192.168.50.100] receiver:[00:00:00:00:00:00 192.168.50.243]
10-17 11:24:03.454 W/ ( 0): [3 T661 .s] [W2][ TX] [aml_filter_sp_data_frame 1310][SP FRAME TX][0] ARP req(0x1) sender:[c0:e3:50:49:c1:08 192.168.50.100] receiver:[00:00:00:00:00:00 192.168.50.242]
10-17 11:24:03.454 W/ ( 0): [3 T661 .s] [W2][ TX] [aml_filter_sp_data_frame 1310][SP FRAME TX][0] ARP req(0x1) sender:[c0:e3:50:49:c1:08 192.168.50.100] receiver:[00:00:00:00:00:00 192.168.50.241]
10-17 11:24:03.454 W/ ( 0): [3 T661 .s] [W2][ TX] [aml_filter_sp_data_frame 1310][SP FRAME TX][0] ARP req(0x1) sender:[c0:e3:50:49:c1:08 192.168.50.100] receiver:[00:00:00:00:00:00 192.168.50.240]
10-17 11:24:03.454 W/ ( 0): [3 T661 .s] [W2][ TX] [aml_filter_sp_data_frame 1310][SP FRAME TX][0] ARP req(0x1) sender:[c0:e3:50:49:c1:08 192.168.50.100] receiver:[00:00:00:00:00:00 192.168.50.239]
10-17 11:24:03.454 W/ ( 0): [3 T661 .s] [W2][ TX] [aml_filter_sp_data_frame 1310][SP FRAME TX][0] ARP req(0x1) sender:[c0:e3:50:49:c1:08 192.168.50.100] receiver:[00:00:00:00:00:00 192.168.50.238]
10-17 11:24:03.486 W/ ( 0): [3 T661 .s] [W2][ TX] [aml_filter_sp_data_frame 1310][SP FRAME TX][0] ARP req(0x1) sender:[c0:e3:50:49:c1:08 192.168.50.100] receiver:[00:00:00:00:00:00 192.168.50.254]
10-17 11:24:03.488 I/[3 T661 ..] [hdmitx( 0): ] aout notify format CT_PCM
10-17 11:24:03.489 I/[3 T661 ..] [hdmitx( 0): ] set audio
10-17 11:24:03.490 I/[3 T661 ..] [hdmitx( 0): ] audio_param->chs = 1
10-17 11:24:03.490 I/[3 T661 ..] [hdmitx( 0): ] aud_src_if = 0
10-17 11:24:03.491 I/[3 T661 ..] [hdmitx( 0): ] aud_n_para = 11648
10-17 11:24:03.492 I/[3 T661 ..] [hdmitx( 0): ] audio state: AUDIO_UNMUTE
10-17 11:24:03.492 I/[3 T661 ..] [hdmitx( 0): ] set audio param
10-17 11:24:03.493 D/[3 T661 ..] [snd-soc]( 0): spdif_a is set to enable
10-17 11:24:03.488 I/audio_hw_hal_ms12v2( 460): dolby_ms12_threadloop alsa is not running
10-17 11:24:03.488 I/audio_hw_hal_alsamgr( 460): aml_alsa_output_write alsa_running_status[0xf0b818d0] change from 0 to 1
10-17 11:24:03.698 I/WifiHAL ( 477): call wifi_get_link_stats handler
10-17 11:24:03.698 I/WifiHAL ( 477): Creating message to get link statistics; iface = 16
10-17 11:24:03.698 D/WifiHAL ( 477): error code -95 mapped to -3
10-17 11:24:03.698 E/WifiStaIfaceAidlImpl( 714): getLinkLayerStats failed with service-specific exception: android.os.ServiceSpecificException: (code 4)
10-17 11:24:03.703 I/crashsdk( 2302): android_os_Process_sendSignal. PID: 2302 SIG: 9
10-17 11:24:03.704 I/crashsdk( 2302): onKillProcess. SIG: 9
10-17 11:24:03.705 I/crashsdk( 2302): Kill PID: 2302 (com.dangbei.screencast) by pid: 2302 (com.dangbei.screencast) tid: 2302 (main)
10-17 11:24:03.705 I/crashsdk( 2302): SIG: 9, fg: false, exiting: false, main process: true, time: 20251017112403
10-17 11:24:03.705 I/crashsdk( 2302): State in disk: 'b'
10-17 11:24:03.705 I/crashsdk( 2302): at android.os.Process.sendSignal(Native Method)
10-17 11:24:03.705 I/crashsdk( 2302): at android.os.Process.killProcess(Process.java:1315)
10-17 11:24:03.705 I/crashsdk( 2302): at com.dangbei.screencast.startup.JumpService$i.run(:2)
10-17 11:24:03.705 I/crashsdk( 2302): at android.os.Handler.handleCallback(Handler.java:958)
10-17 11:24:03.705 I/crashsdk( 2302): at android.os.Handler.dispatchMessage(Handler.java:99)
10-17 11:24:03.705 I/crashsdk( 2302): at android.os.Looper.loopOnce(Looper.java:205)
10-17 11:24:03.705 I/crashsdk( 2302): at android.os.Looper.loop(Looper.java:294)
10-17 11:24:03.705 I/crashsdk( 2302): at android.app.ActivityThread.main(ActivityThread.java:8255)
10-17 11:24:03.705 I/crashsdk( 2302): at java.lang.reflect.Method.invoke(Native Method)
10-17 11:24:03.705 I/crashsdk( 2302): at com.android.internal.os.RuntimeInit$MethodAndArgsCaller.run(RuntimeInit.java:552)
10-17 11:24:03.705 I/crashsdk( 2302): at com.android.internal.os.ZygoteInit.main(ZygoteInit.java:978)
10-17 11:24:03.706 I/Process ( 2302): Sending signal. PID: 2302 SIG: 9
10-17 11:24:03.744 W/efs.send_log( 2570): tryFileLock sendlock sucess! processname: com.huawei.connection
10-17 11:24:03.752 I/ActivityManager( 714): Process com.dangbei.screencast (pid 2302) has died: prcp FGS
10-17 11:24:03.753 I/libprocessgroup( 714): Successfully killed process cgroup uid 10044 pid 2302 in 0ms
10-17 11:24:03.754 I/Zygote ( 449): Process 2302 exited due to signal 9 (Killed)
10-17 11:24:03.754 D/CompatibilityChangeReporter( 714): Compat change id reported: 261072174; UID 10044; state: DISABLED
10-17 11:24:03.755 D/NearFieldManagerService( 2570): onDestroy, enter.
10-17 11:24:03.756 I/NearFieldManagerService( 2570): killCurrentProcess.
10-17 11:24:03.756 I/crashsdk( 2570): android_os_Process_sendSignal. PID: 2570 SIG: 9
10-17 11:24:03.756 W/ActivityManager( 714): Scheduling restart of crashed service com.dangbei.screencast/.huaweicast.service.HuaweiCastService in 1000ms for start-requested
10-17 11:24:03.756 W/ActivityManager( 714): Scheduling restart of crashed service com.dangbei.screencast/.startup.StartupService in 10999ms for start-requested
10-17 11:24:03.756 I/crashsdk( 2570): onKillProcess. SIG: 9
10-17 11:24:03.756 D/OomAdjuster( 714): Not killing cached processes
10-17 11:24:03.759 I/crashsdk( 2570): Kill PID: 2570 (com.huawei.connection) by pid: 2570 (com.huawei.connection) tid: 2570 (main)
10-17 11:24:03.759 I/crashsdk( 2570): SIG: 9, fg: false, exiting: false, main process: false, time: 20251017112403
10-17 11:24:03.759 I/crashsdk( 2570): State in disk: 'b'
10-17 11:24:03.759 I/crashsdk( 2570): at android.os.Process.sendSignal(Native Method)
10-17 11:24:03.759 I/crashsdk( 2570): at android.os.Process.killProcess(Process.java:1315)
10-17 11:24:03.759 I/crashsdk( 2570): at com.huawei.connection.service.NearFieldManagerService.c(Unknown Source:11)
10-17 11:24:03.759 I/crashsdk( 2570): at com.huawei.connection.service.NearFieldManagerService.onDestroy(Unknown Source:10)
10-17 11:24:03.759 I/crashsdk( 2570): at android.app.ActivityThread.handleStopService(ActivityThread.java:4896)
10-17 11:24:03.759 I/crashsdk( 2570): at android.app.ActivityThread.-$$Nest$mhandleStopService(Unknown Source:0)
10-17 11:24:03.759 I/crashsdk( 2570): at android.app.ActivityThread$H.handleMessage(ActivityThread.java:2326)
10-17 11:24:03.759 I/crashsdk( 2570): at android.os.Handler.dispatchMessage(Handler.java:106)
10-17 11:24:03.759 I/crashsdk( 2570): at android.os.Looper.loopOnce(Looper.java:205)
10-17 11:24:03.759 I/crashsdk( 2570): at android.os.Looper.loop(Looper.java:294)
10-17 11:24:03.759 I/crashsdk( 2570): at android.app.ActivityThread.main(ActivityThread.java:8255)
10-17 11:24:03.759 I/crashsdk( 2570): at java.lang.reflect.Method.invoke(Native Method)
10-17 11:24:03.759 I/crashsdk( 2570): at com.android.internal.os.RuntimeInit$MethodAndArgsCaller.run(RuntimeInit.java:552)
10-17 11:24:03.759 I/crashsdk( 2570): at com.android.internal.os.ZygoteInit.main(ZygoteInit.java:978)
10-17 11:24:03.760 I/Process ( 2570): Sending signal. PID: 2570 SIG: 9
10-17 11:24:03.795 W/efs.send_log( 2922): tryFileLock sendlock sucess! processname: com.dangbei.screencast:bg_guard
10-17 11:24:03.797 I/ActivityManager( 714): Process com.huawei.connection (pid 2570) has died: fg SVC
10-17 11:24:03.797 I/libprocessgroup( 714): Successfully killed process cgroup uid 10044 pid 2570 in 0ms
10-17 11:24:03.799 I/Zygote ( 449): Process 2570 exited due to signal 9 (Killed)
10-17 11:24:03.933 W/ ( 0): [2 T2994 .s] [W2][ TX] [aml_filter_sp_data_frame 1310][SP FRAME TX][0] ARP req(0x1) sender:[c0:e3:50:49:c1:08 192.168.50.100] receiver:[00:00:00:00:00:00 192.168.50.2]
10-17 11:24:03.934 W/ ( 0): [2 T2994 .s] [W2][ TX] [aml_filter_sp_data_frame 1310][SP FRAME TX][0] ARP req(0x1) sender:[c0:e3:50:49:c1:08 192.168.50.100] receiver:[00:00:00:00:00:00 192.168.50.3]
10-17 11:24:03.965 W/ ( 0): [3 T0 .s] [W2][ TX] [aml_filter_sp_data_frame 1310][SP FRAME TX][0] ARP req(0x1) sender:[c0:e3:50:49:c1:08 192.168.50.100] receiver:[00:00:00:00:00:00 192.168.50.4]
10-17 11:24:03.966 W/ ( 0): [3 T0 .s] [W2][ TX] [aml_filter_sp_data_frame 1310][SP FRAME TX][0] ARP req(0x1) sender:[c0:e3:50:49:c1:08 192.168.50.100] receiver:[00:00:00:00:00:00 192.168.50.5]
10-17 11:24:03.968 W/ ( 0): [3 T0 .s] [W2][ TX] [aml_filter_sp_data_frame 1310][SP FRAME TX][0] ARP req(0x1) sender:[c0:e3:50:49:c1:08 192.168.50.100] receiver:[00:00:00:00:00:00 192.168.50.6]
10-17 11:24:03.970 W/ ( 0): [3 T0 .s] [W2][ TX] [aml_filter_sp_data_frame 1310][SP FRAME TX][0] ARP req(0x1) sender:[c0:e3:50:49:c1:08 192.168.50.100] receiver:[00:00:00:00:00:00 192.168.50.7]
10-17 11:24:03.972 W/ ( 0): [3 T0 .s] [W2][ TX] [aml_filter_sp_data_frame 1310][SP FRAME TX][0] ARP req(0x1) sender:[c0:e3:50:49:c1:08 192.168.50.100] receiver:[00:00:00:00:00:00 192.168.50.8]
10-17 11:24:03.974 W/ ( 0): [3 T0 .s] [W2][ TX] [aml_filter_sp_data_frame 1310][SP FRAME TX][0] ARP req(0x1) sender:[c0:e3:50:49:c1:08 192.168.50.100] receiver:[00:00:00:00:00:00 192.168.50.9]
10-17 11:24:03.976 W/ ( 0): [3 T0 .s] [W2][ TX] [aml_filter_sp_data_frame 1310][SP FRAME TX][0] ARP req(0x1) sender:[c0:e3:50:49:c1:08 192.168.50.100] receiver:[00:00:00:00:00:00 192.168.50.10]
10-17 11:24:03.979 W/ ( 0): [3 T0 .s] [W2][ TX] [aml_filter_sp_data_frame 1310][SP FRAME TX][0] ARP req(0x1) sender:[c0:e3:50:49:c1:08 192.168.50.100] receiver:[00:00:00:00:00:00 192.168.50.11]
10-17 11:24:03.981 W/ ( 0): [3 T0 .s] [W2][ TX] [aml_filter_sp_data_frame 1310][SP FRAME TX][0] ARP req(0x1) sender:[c0:e3:50:49:c1:08 192.168.50.100] receiver:[00:00:00:00:00:00 192.168.50.12]
10-17 11:24:03.983 W/ ( 0): [3 T0 .s] [W2][ TX] [aml_filter_sp_data_frame 1310][SP FRAME TX][0] ARP req(0x1) sender:[c0:e3:50:49:c1:08 192.168.50.100] receiver:[00:00:00:00:00:00 192.168.50.13]
10-17 11:24:03.977 I/BLEAudioDrive_HV412( 460): select timeout!
10-17 11:24:03.985 W/ ( 0): [3 T0 .s] [W2][ TX] [aml_filter_sp_data_frame 1310][SP FRAME TX][0] ARP req(0x1) sender:[c0:e3:50:49:c1:08 192.168.50.100] receiver:[00:00:00:00:00:00 192.168.50.14]
10-17 11:24:03.997 W/ ( 0): [3 T0 .s] [W2][ TX] [aml_filter_sp_data_frame 1310][SP FRAME TX][0] ARP req(0x1) sender:[c0:e3:50:49:c1:08 192.168.50.100] receiver:[00:00:00:00:00:00 192.168.50.18]
10-17 11:24:03.998 W/ ( 0): [3 T0 .s] [W2][ TX] [aml_filter_sp_data_frame 1310][SP FRAME TX][0] ARP req(0x1) sender:[c0:e3:50:49:c1:08 192.168.50.100] receiver:[00:00:00:00:00:00 192.168.50.19]
10-17 11:24:04.000 W/ ( 0): [3 T0 .s] [W2][ TX] [aml_filter_sp_data_frame 1310][SP FRAME TX][0] ARP req(0x1) sender:[c0:e3:50:49:c1:08 192.168.50.100] receiver:[00:00:00:00:00:00 192.168.50.20]
10-17 11:24:04.002 W/ ( 0): [3 T0 .s] [W2][ TX] [aml_filter_sp_data_frame 1310][SP FRAME TX][0] ARP req(0x1) sender:[c0:e3:50:49:c1:08 192.168.50.100] receiver:[00:00:00:00:00:00 192.168.50.21]
10-17 11:24:04.004 W/ ( 0): [3 T0 .s] [W2][ TX] [aml_filter_sp_data_frame 1310][SP FRAME TX][0] ARP req(0x1) sender:[c0:e3:50:49:c1:08 192.168.50.100] receiver:[00:00:00:00:00:00 192.168.50.22]
10-17 11:24:04.007 W/ ( 0): [3 T0 .s] [W2][ TX] [aml_filter_sp_data_frame 1310][SP FRAME TX][0] ARP req(0x1) sender:[c0:e3:50:49:c1:08 192.168.50.100] receiver:[00:00:00:00:00:00 192.168.50.23]
10-17 11:24:04.009 W/ ( 0): [3 T0 .s] [W2][ TX] [aml_filter_sp_data_frame 1310][SP FRAME TX][0] ARP req(0x1) sender:[c0:e3:50:49:c1:08 192.168.50.100] receiver:[00:00:00:00:00:00 192.168.50.24]
10-17 11:24:04.011 W/ ( 0): [3 T0 .s] [W2][ TX] [aml_filter_sp_data_frame 1310][SP FRAME TX][0] ARP req(0x1) sender:[c0:e3:50:49:c1:08 192.168.50.100] receiver:[00:00:00:00:00:00 192.168.50.25]
10-17 11:24:04.013 W/ ( 0): [3 T0 .s] [W2][ TX] [aml_filter_sp_data_frame 1310][SP FRAME TX][0] ARP req(0x1) sender:[c0:e3:50:49:c1:08 192.168.50.100] receiver:[00:00:00:00:00:00 192.168.50.26]
10-17 11:24:04.015 W/ ( 0): [3 T0 .s] [W2][ TX] [aml_filter_sp_data_frame 1310][SP FRAME TX][0] ARP req(0x1) sender:[c0:e3:50:49:c1:08 192.168.50.100] receiver:[00:00:00:00:00:00 192.168.50.27]
10-17 11:24:04.017 W/ ( 0): [3 T0 .s] [W2][ TX] [aml_filter_sp_data_frame 1310][SP FRAME TX][0] ARP req(0x1) sender:[c0:e3:50:49:c1:08 192.168.50.100] receiver:[00:00:00:00:00:00 192.168.50.28]
10-17 11:24:04.019 W/ ( 0): [3 T0 .s] [W2][ TX] [aml_filter_sp_data_frame 1310][SP FRAME TX][0] ARP req(0x1) sender:[c0:e3:50:49:c1:08 192.168.50.100] receiver:[00:00:00:00:00:00 192.168.50.30]
10-17 11:24:04.029 W/ ( 0): [3 T0 .s] [W2][ TX] [aml_filter_sp_data_frame 1310][SP FRAME TX][0] ARP req(0x1) sender:[c0:e3:50:49:c1:08 192.168.50.100] receiver:[00:00:00:00:00:00 192.168.50.35]
10-17 11:24:04.030 W/ ( 0): [3 T0 .s] [W2][ TX] [aml_filter_sp_data_frame 1310][SP FRAME TX][0] ARP req(0x1) sender:[c0:e3:50:49:c1:08 192.168.50.100] receiver:[00:00:00:00:00:00 192.168.50.36]
10-17 11:24:04.032 W/ ( 0): [3 T0 .s] [W2][ TX] [aml_filter_sp_data_frame 1310][SP FRAME TX][0] ARP req(0x1) sender:[c0:e3:50:49:c1:08 192.168.50.100] receiver:[00:00:00:00:00:00 192.168.50.37]
10-17 11:24:04.034 W/ ( 0): [3 T0 .s] [W2][ TX] [aml_filter_sp_data_frame 1310][SP FRAME TX][0] ARP req(0x1) sender:[c0:e3:50:49:c1:08 192.168.50.100] receiver:[00:00:00:00:00:00 192.168.50.38]
10-17 11:24:04.036 W/ ( 0): [3 T0 .s] [W2][ TX] [aml_filter_sp_data_frame 1310][SP FRAME TX][0] ARP req(0x1) sender:[c0:e3:50:49:c1:08 192.168.50.100] receiver:[00:00:00:00:00:00 192.168.50.39]
10-17 11:24:04.038 W/ ( 0): [3 T0 .s] [W2][ TX] [aml_filter_sp_data_frame 1310][SP FRAME TX][0] ARP req(0x1) sender:[c0:e3:50:49:c1:08 192.168.50.100] receiver:[00:00:00:00:00:00 192.168.50.40]
10-17 11:24:04.041 W/ ( 0): [3 T0 .s] [W2][ TX] [aml_filter_sp_data_frame 1310][SP FRAME TX][0] ARP req(0x1) sender:[c0:e3:50:49:c1:08 192.168.50.100] receiver:[00:00:00:00:00:00 192.168.50.41]
10-17 11:24:04.043 W/ ( 0): [3 T0 .s] [W2][ TX] [aml_filter_sp_data_frame 1310][SP FRAME TX][0] ARP req(0x1) sender:[c0:e3:50:49:c1:08 192.168.50.100] receiver:[00:00:00:00:00:00 192.168.50.42]
10-17 11:24:04.045 W/ ( 0): [3 T0 .s] [W2][ TX] [aml_filter_sp_data_frame 1310][SP FRAME TX][0] ARP req(0x1) sender:[c0:e3:50:49:c1:08 192.168.50.100] receiver:[00:00:00:00:00:00 192.168.50.43]
10-17 11:24:04.047 W/ ( 0): [3 T0 .s] [W2][ TX] [aml_filter_sp_data_frame 1310][SP FRAME TX][0] ARP req(0x1) sender:[c0:e3:50:49:c1:08 192.168.50.100] receiver:[00:00:00:00:00:00 192.168.50.44]
10-17 11:24:04.049 W/ ( 0): [3 T0 .s] [W2][ TX] [aml_filter_sp_data_frame 1310][SP FRAME TX][0] ARP req(0x1) sender:[c0:e3:50:49:c1:08 192.168.50.100] receiver:[00:00:00:00:00:00 192.168.50.45]
10-17 11:24:04.051 W/ ( 0): [3 T0 .s] [W2][ TX] [aml_filter_sp_data_frame 1310][SP FRAME TX][0] ARP req(0x1) sender:[c0:e3:50:49:c1:08 192.168.50.100] receiver:[00:00:00:00:00:00 192.168.50.46]
10-17 11:24:04.053 W/ ( 0): [3 T0 .s] [W2][ TX] [aml_filter_sp_data_frame 1310][SP FRAME TX][0] ARP req(0x1) sender:[c0:e3:50:49:c1:08 192.168.50.100] receiver:[00:00:00:00:00:00 192.168.50.15]
10-17 11:24:04.055 W/ ( 0): [3 T0 .s] [W2][ TX] [aml_filter_sp_data_frame 1310][SP FRAME TX][0] ARP req(0x1) sender:[c0:e3:50:49:c1:08 192.168.50.100] receiver:[00:00:00:00:00:00 192.168.50.16]
10-17 11:24:04.057 W/ ( 0): [3 T0 .s] [W2][ TX] [aml_filter_sp_data_frame 1310][SP FRAME TX][0] ARP req(0x1) sender:[c0:e3:50:49:c1:08 192.168.50.100] receiver:[00:00:00:00:00:00 192.168.50.17]
10-17 11:24:04.061 W/ ( 0): [3 T0 .s] [W2][ TX] [aml_filter_sp_data_frame 1310][SP FRAME TX][0] ARP req(0x1) sender:[c0:e3:50:49:c1:08 192.168.50.100] receiver:[00:00:00:00:00:00 192.168.50.50]
10-17 11:24:04.062 W/ ( 0): [3 T0 .s] [W2][ TX] [aml_filter_sp_data_frame 1310][SP FRAME TX][0] ARP req(0x1) sender:[c0:e3:50:49:c1:08 192.168.50.100] receiver:[00:00:00:00:00:00 192.168.50.51]
10-17 11:24:04.064 W/ ( 0): [3 T0 .s] [W2][ TX] [aml_filter_sp_data_frame 1310][SP FRAME TX][0] ARP req(0x1) sender:[c0:e3:50:49:c1:08 192.168.50.100] receiver:[00:00:00:00:00:00 192.168.50.52]
10-17 11:24:04.066 W/ ( 0): [3 T0 .s] [W2][ TX] [aml_filter_sp_data_frame 1310][SP FRAME TX][0] ARP req(0x1) sender:[c0:e3:50:49:c1:08 192.168.50.100] receiver:[00:00:00:00:00:00 192.168.50.53]
10-17 11:24:04.068 W/ ( 0): [3 T0 .s] [W2][ TX] [aml_filter_sp_data_frame 1310][SP FRAME TX][0] ARP req(0x1) sender:[c0:e3:50:49:c1:08 192.168.50.100] receiver:[00:00:00:00:00:00 192.168.50.54]
10-17 11:24:04.070 W/ ( 0): [3 T0 .s] [W2][ TX] [aml_filter_sp_data_frame 1310][SP FRAME TX][0] ARP req(0x1) sender:[c0:e3:50:49:c1:08 192.168.50.100] receiver:[00:00:00:00:00:00 192.168.50.55]
10-17 11:24:04.073 W/ ( 0): [3 T0 .s] [W2][ TX] [aml_filter_sp_data_frame 1310][SP FRAME TX][0] ARP req(0x1) sender:[c0:e3:50:49:c1:08 192.168.50.100] receiver:[00:00:00:00:00:00 192.168.50.56]
10-17 11:24:04.075 W/ ( 0): [3 T0 .s] [W2][ TX] [aml_filter_sp_data_frame 1310][SP FRAME TX][0] ARP req(0x1) sender:[c0:e3:50:49:c1:08 192.168.50.100] receiver:[00:00:00:00:00:00 192.168.50.57]
10-17 11:24:04.077 W/ ( 0): [3 T0 .s] [W2][ TX] [aml_filter_sp_data_frame 1310][SP FRAME TX][0] ARP req(0x1) sender:[c0:e3:50:49:c1:08 192.168.50.100] receiver:[00:00:00:00:00:00 192.168.50.58]
10-17 11:24:04.079 W/ ( 0): [3 T0 .s] [W2][ TX] [aml_filter_sp_data_frame 1310][SP FRAME TX][0] ARP req(0x1) sender:[c0:e3:50:49:c1:08 192.168.50.100] receiver:[00:00:00:00:00:00 192.168.50.59]
10-17 11:24:04.081 W/ ( 0): [3 T0 .s] [W2][ TX] [aml_filter_sp_data_frame 1310][SP FRAME TX][0] ARP req(0x1) sender:[c0:e3:50:49:c1:08 192.168.50.100] receiver:[00:00:00:00:00:00 192.168.50.60]
10-17 11:24:04.083 W/ ( 0): [3 T0 .s] [W2][ TX] [aml_filter_sp_data_frame 1310][SP FRAME TX][0] ARP req(0x1) sender:[c0:e3:50:49:c1:08 192.168.50.100] receiver:[00:00:00:00:00:00 192.168.50.61]
10-17 11:24:04.085 W/ ( 0): [3 T0 .s] [W2][ TX] [aml_filter_sp_data_frame 1310][SP FRAME TX][0] ARP req(0x1) sender:[c0:e3:50:49:c1:08 192.168.50.100] receiver:[00:00:00:00:00:00 192.168.50.31]
10-17 11:24:04.087 W/ ( 0): [3 T0 .s] [W2][ TX] [aml_filter_sp_data_frame 1310][SP FRAME TX][0] ARP req(0x1) sender:[c0:e3:50:49:c1:08 192.168.50.100] receiver:[00:00:00:00:00:00 192.168.50.32]
10-17 11:24:04.089 W/ ( 0): [3 T0 .s] [W2][ TX] [aml_filter_sp_data_frame 1310][SP FRAME TX][0] ARP req(0x1) sender:[c0:e3:50:49:c1:08 192.168.50.100] receiver:[00:00:00:00:00:00 192.168.50.33]
10-17 11:24:04.091 W/ ( 0): [3 T0 .s] [W2][ TX] [aml_filter_sp_data_frame 1310][SP FRAME TX][0] ARP req(0x1) sender:[c0:e3:50:49:c1:08 192.168.50.100] receiver:[00:00:00:00:00:00 192.168.50.34]
10-17 11:24:04.093 W/ ( 0): [3 T0 .s] [W2][ TX] [aml_filter_sp_data_frame 1310][SP FRAME TX][0] ARP req(0x1) sender:[c0:e3:50:49:c1:08 192.168.50.100] receiver:[00:00:00:00:00:00 192.168.50.62]
10-17 11:24:04.095 W/ ( 0): [3 T0 .s] [W2][ TX] [aml_filter_sp_data_frame 1310][SP FRAME TX][0] ARP req(0x1) sender:[c0:e3:50:49:c1:08 192.168.50.100] receiver:[00:00:00:00:00:00 192.168.50.63]
10-17 11:24:04.097 W/ ( 0): [3 T0 .s] [W2][ TX] [aml_filter_sp_data_frame 1310][SP FRAME TX][0] ARP req(0x1) sender:[c0:e3:50:49:c1:08 192.168.50.100] receiver:[00:00:00:00:00:00 192.168.50.64]
10-17 11:24:04.099 W/ ( 0): [3 T0 .s] [W2][ TX] [aml_filter_sp_data_frame 1310][SP FRAME TX][0] ARP req(0x1) sender:[c0:e3:50:49:c1:08 192.168.50.100] receiver:[00:00:00:00:00:00 192.168.50.65]
10-17 11:24:04.101 W/ ( 0): [3 T0 .s] [W2][ TX] [aml_filter_sp_data_frame 1310][SP FRAME TX][0] ARP req(0x1) sender:[c0:e3:50:49:c1:08 192.168.50.100] receiver:[00:00:00:00:00:00 192.168.50.66]
10-17 11:24:04.103 W/ ( 0): [3 T0 .s] [W2][ TX] [aml_filter_sp_data_frame 1310][SP FRAME TX][0] ARP req(0x1) sender:[c0:e3:50:49:c1:08 192.168.50.100] receiver:[00:00:00:00:00:00 192.168.50.67]
10-17 11:24:04.105 W/ ( 0): [3 T0 .s] [W2][ TX] [aml_filter_sp_data_frame 1310][SP FRAME TX][0] ARP req(0x1) sender:[c0:e3:50:49:c1:08 192.168.50.100] receiver:[00:00:00:00:00:00 192.168.50.68]
10-17 11:24:04.107 W/ ( 0): [3 T0 .s] [W2][ TX] [aml_filter_sp_data_frame 1310][SP FRAME TX][0] ARP req(0x1) sender:[c0:e3:50:49:c1:08 192.168.50.100] receiver:[00:00:00:00:00:00 192.168.50.69]
10-17 11:24:04.110 W/ ( 0): [3 T0 .s] [W2][ TX] [aml_filter_sp_data_frame 1310][SP FRAME TX][0] ARP req(0x1) sender:[c0:e3:50:49:c1:08 192.168.50.100] receiver:[00:00:00:00:00:00 192.168.50.70]
10-17 11:24:04.111 D/[0 T666 ..] [snd-soc]( 0): spdif_a is set to disable
10-17 11:24:04.112 W/ ( 0): [3 T0 .s] [W2][ TX] [aml_filter_sp_data_frame 1310][SP FRAME TX][0] ARP req(0x1) sender:[c0:e3:50:49:c1:08 192.168.50.100] receiver:[00:00:00:00:00:00 192.168.50.71]
10-17 11:24:04.112 W/ ( 0): [3 T0 .s] [W2][ TX] [aml_filter_sp_data_frame 1310][SP FRAME TX][0] ARP req(0x1) sender:[c0:e3:50:49:c1:08 192.168.50.100] receiver:[00:00:00:00:00:00 192.168.50.72]
10-17 11:24:04.112 W/ ( 0): [3 T0 .s] [W2][ TX] [aml_filter_sp_data_frame 1310][SP FRAME TX][0] ARP req(0x1) sender:[c0:e3:50:49:c1:08 192.168.50.100] receiver:[00:00:00:00:00:00 192.168.50.73]
10-17 11:24:04.112 W/ ( 0): [3 T0 .s] [W2][ TX] [aml_filter_sp_data_frame 1310][SP FRAME TX][0] ARP req(0x1) sender:[c0:e3:50:49:c1:08 192.168.50.100] receiver:[00:00:00:00:00:00 192.168.50.74]
10-17 11:24:04.112 W/ ( 0): [3 T0 .s] [W2][ TX] [aml_filter_sp_data_frame 1310][SP FRAME TX][0] ARP req(0x1) sender:[c0:e3:50:49:c1:08 192.168.50.100] receiver:[00:00:00:00:00:00 192.168.50.75]
10-17 11:24:04.112 W/ ( 0): [3 T0 .s] [W2][ TX] [aml_filter_sp_data_frame 1310][SP FRAME TX][0] ARP req(0x1) sender:[c0:e3:50:49:c1:08 192.168.50.100] receiver:[00:00:00:00:00:00 192.168.50.76]
10-17 11:24:04.112 W/ ( 0): [3 T0 .s] [W2][ TX] [aml_filter_sp_data_frame 1310][SP FRAME TX][0] ARP req(0x1) sender:[c0:e3:50:49:c1:08 192.168.50.100] receiver:[00:00:00:00:00:00 192.168.50.47]
10-17 11:24:04.112 W/ ( 0): [3 T0 .s] [W2][ TX] [aml_filter_sp_data_frame 1310][SP FRAME TX][0] ARP req(0x1) sender:[c0:e3:50:49:c1:08 192.168.50.100] receiver:[00:00:00:00:00:00 192.168.50.48]
10-17 11:24:04.112 W/ ( 0): [3 T0 .s] [W2][ TX] [aml_filter_sp_data_frame 1310][SP FRAME TX][0] ARP req(0x1) sender:[c0:e3:50:49:c1:08 192.168.50.100] receiver:[00:00:00:00:00:00 192.168.50.49]
10-17 11:24:04.125 W/ ( 0): [3 T661 .s] [W2][ TX] [aml_filter_sp_data_frame 1310][SP FRAME TX][0] ARP req(0x1) sender:[c0:e3:50:49:c1:08 192.168.50.100] receiver:[00:00:00:00:00:00 192.168.50.78]
10-17 11:24:04.132 W/ ( 0): [3 T661 .s] [W2][ TX] [aml_filter_sp_data_frame 1310][SP FRAME TX][0] ARP req(0x1) sender:[c0:e3:50:49:c1:08 192.168.50.100] receiver:[00:00:00:00:00:00 192.168.50.79]
10-17 11:24:04.134 W/ ( 0): [3 T661 .s] [W2][ TX] [aml_filter_sp_data_frame 1310][SP FRAME TX][0] ARP req(0x1) sender:[c0:e3:50:49:c1:08 192.168.50.100] receiver:[00:00:00:00:00:00 192.168.50.80]
10-17 11:24:04.136 W/ ( 0): [3 T661 .s] [W2][ TX] [aml_filter_sp_data_frame 1310][SP FRAME TX][0] ARP req(0x1) sender:[c0:e3:50:49:c1:08 192.168.50.100] receiver:[00:00:00:00:00:00 192.168.50.81]
10-17 11:24:04.138 W/ ( 0): [3 T661 .s] [W2][ TX] [aml_filter_sp_data_frame 1310][SP FRAME TX][0] ARP req(0x1) sender:[c0:e3:50:49:c1:08 192.168.50.100] receiver:[00:00:00:00:00:00 192.168.50.82]
10-17 11:24:04.140 W/ ( 0): [3 T661 .s] [W2][ TX] [aml_filter_sp_data_frame 1310][SP FRAME TX][0] ARP req(0x1) sender:[c0:e3:50:49:c1:08 192.168.50.100] receiver:[00:00:00:00:00:00 192.168.50.83]
10-17 11:24:04.143 W/ ( 0): [3 T661 .s] [W2][ TX] [aml_filter_sp_data_frame 1310][SP FRAME TX][0] ARP req(0x1) sender:[c0:e3:50:49:c1:08 192.168.50.100] receiver:[00:00:00:00:00:00 192.168.50.84]
10-17 11:24:04.145 W/ ( 0): [3 T661 .s] [W2][ TX] [aml_filter_sp_data_frame 1310][SP FRAME TX][0] ARP req(0x1) sender:[c0:e3:50:49:c1:08 192.168.50.100] receiver:[00:00:00:00:00:00 192.168.50.85]
10-17 11:24:04.147 W/ ( 0): [3 T661 .s] [W2][ TX] [aml_filter_sp_data_frame 1310][SP FRAME TX][0] ARP req(0x1) sender:[c0:e3:50:49:c1:08 192.168.50.100] receiver:[00:00:00:00:00:00 192.168.50.87]
10-17 11:24:04.149 W/ ( 0): [3 T661 .s] [W2][ TX] [aml_filter_sp_data_frame 1310][SP FRAME TX][0] ARP req(0x1) sender:[c0:e3:50:49:c1:08 192.168.50.100] receiver:[00:00:00:00:00:00 192.168.50.88]
10-17 11:24:04.151 W/ ( 0): [3 T661 .s] [W2][ TX] [aml_filter_sp_data_frame 1310][SP FRAME TX][0] ARP req(0x1) sender:[c0:e3:50:49:c1:08 192.168.50.100] receiver:[00:00:00:00:00:00 192.168.50.89]
10-17 11:24:04.145 E/audio_hw_hal_alsamgr( 460): aml_alsa_output_get_delayframe:759, pcm_ioctl fail, ret:0xffffffff, error info:Broken pipe
10-17 11:24:04.145 I/audio_hw_hal_alsamgr( 460): aml_alsa_output_write alsa_running_status[0xf0b818d0] change from 1 to 0
10-17 11:24:04.153 W/ ( 0): [3 T661 .s] [W2][ TX] [aml_filter_sp_data_frame 1310][SP FRAME TX][0] ARP req(0x1) sender:[c0:e3:50:49:c1:08 192.168.50.100] receiver:[00:00:00:00:00:00 192.168.50.90]
10-17 11:24:04.155 I/[3 T661 ..] [snd-soc]( 0): aml_audio_reset, reg 0xa, shift 9, use_vadtop 0
10-17 11:24:04.156 I/[3 T661 ..] [snd-soc]( 0): aml_audio_reset, reg 0xa, shift 14, use_vadtop 0
10-17 11:24:04.157 W/ ( 0): [3 T661 .s] [W2][ TX] [aml_filter_sp_data_frame 1310][SP FRAME TX][0] ARP req(0x1) sender:[c0:e3:50:49:c1:08 192.168.50.100] receiver:[00:00:00:00:00:00 192.168.50.91]
10-17 11:24:04.159 W/ ( 0): [3 T661 .s] [W2][ TX] [aml_filter_sp_data_frame 1310][SP FRAME TX][0] ARP req(0x1) sender:[c0:e3:50:49:c1:08 192.168.50.100] receiver:[00:00:00:00:00:00 192.168.50.92]
10-17 11:24:04.161 W/ ( 0): [3 T661 .s] [W2][ TX] [aml_filter_sp_data_frame 1310][SP FRAME TX][0] ARP req(0x1) sender:[c0:e3:50:49:c1:08 192.168.50.100] receiver:[00:00:00:00:00:00 192.168.50.93]
10-17 11:24:04.163 W/ ( 0): [3 T661 .s] [W2][ TX] [aml_filter_sp_data_frame 1310][SP FRAME TX][0] ARP req(0x1) sender:[c0:e3:50:49:c1:08 192.168.50.100] receiver:[00:00:00:00:00:00 192.168.50.94]
10-17 11:24:04.165 W/ ( 0): [3 T661 .s] [W2][ TX] [aml_filter_sp_data_frame 1310][SP FRAME TX][0] ARP req(0x1) sender:[c0:e3:50:49:c1:08 192.168.50.100] receiver:[00:00:00:00:00:00 192.168.50.95]
10-17 11:24:04.167 W/ ( 0): [3 T661 .s] [W2][ TX] [aml_filter_sp_data_frame 1310][SP FRAME TX][0] ARP req(0x1) sender:[c0:e3:50:49:c1:08 192.168.50.100] receiver:[00:00:00:00:00:00 192.168.50.96]
10-17 11:24:04.169 W/ ( 0): [3 T661 .s] [W2][ TX] [aml_filter_sp_data_frame 1310][SP FRAME TX][0] ARP req(0x1) sender:[c0:e3:50:49:c1:08 192.168.50.100] receiver:[00:00:00:00:00:00 192.168.50.97]
10-17 11:24:04.171 W/ ( 0): [3 T661 .s] [W2][ TX] [aml_filter_sp_data_frame 1310][SP FRAME TX][0] ARP req(0x1) sender:[c0:e3:50:49:c1:08 192.168.50.100] receiver:[00:00:00:00:00:00 192.168.50.98]
10-17 11:24:04.173 W/ ( 0): [3 T661 .s] [W2][ TX] [aml_filter_sp_data_frame 1310][SP FRAME TX][0] ARP req(0x1) sender:[c0:e3:50:49:c1:08 192.168.50.100] receiver:[00:00:00:00:00:00 192.168.50.99]
10-17 11:24:04.175 W/ ( 0): [3 T661 .s] [W2][ TX] [aml_filter_sp_data_frame 1310][SP FRAME TX][0] ARP req(0x1) sender:[c0:e3:50:49:c1:08 192.168.50.100] receiver:[00:00:00:00:00:00 192.168.50.101]
10-17 11:24:04.177 W/ ( 0): [3 T661 .s] [W2][ TX] [aml_filter_sp_data_frame 1310][SP FRAME TX][0] ARP req(0x1) sender:[c0:e3:50:49:c1:08 192.168.50.100] receiver:[00:00:00:00:00:00 192.168.50.102]
10-17 11:24:04.179 W/ ( 0): [3 T661 .s] [W2][ TX] [aml_filter_sp_data_frame 1310][SP FRAME TX][0] ARP req(0x1) sender:[c0:e3:50:49:c1:08 192.168.50.100] receiver:[00:00:00:00:00:00 192.168.50.103]
10-17 11:24:04.182 W/ ( 0): [3 T661 .s] [W2][ TX] [aml_filter_sp_data_frame 1310][SP FRAME TX][0] ARP req(0x1) sender:[c0:e3:50:49:c1:08 192.168.50.100] receiver:[00:00:00:00:00:00 192.168.50.104]
10-17 11:24:04.184 W/ ( 0): [3 T661 .s] [W2][ TX] [aml_filter_sp_data_frame 1310][SP FRAME TX][0] ARP req(0x1) sender:[c0:e3:50:49:c1:08 192.168.50.100] receiver:[00:00:00:00:00:00 192.168.50.105]
10-17 11:24:04.186 W/ ( 0): [3 T661 .s] [W2][ TX] [aml_filter_sp_data_frame 1310][SP FRAME TX][0] ARP req(0x1) sender:[c0:e3:50:49:c1:08 192.168.50.100] receiver:[00:00:00:00:00:00 192.168.50.106]
10-17 11:24:04.188 W/ ( 0): [3 T661 .s] [W2][ TX] [aml_filter_sp_data_frame 1310][SP FRAME TX][0] ARP req(0x1) sender:[c0:e3:50:49:c1:08 192.168.50.100] receiver:[00:00:00:00:00:00 192.168.50.77]
10-17 11:24:04.190 W/ ( 0): [3 T661 .s] [W2][ TX] [aml_filter_sp_data_frame 1310][SP FRAME TX][0] ARP req(0x1) sender:[c0:e3:50:49:c1:08 192.168.50.100] receiver:[00:00:00:00:00:00 192.168.50.108]
10-17 11:24:04.192 W/ ( 0): [3 T661 .s] [W2][ TX] [aml_filter_sp_data_frame 1310][SP FRAME TX][0] ARP req(0x1) sender:[c0:e3:50:49:c1:08 192.168.50.100] receiver:[00:00:00:00:00:00 192.168.50.109]
10-17 11:24:04.194 W/ ( 0): [3 T661 .s] [W2][ TX] [aml_filter_sp_data_frame 1310][SP FRAME TX][0] ARP req(0x1) sender:[c0:e3:50:49:c1:08 192.168.50.100] receiver:[00:00:00:00:00:00 192.168.50.110]
10-17 11:24:04.196 W/ ( 0): [3 T661 .s] [W2][ TX] [aml_filter_sp_data_frame 1310][SP FRAME TX][0] ARP req(0x1) sender:[c0:e3:50:49:c1:08 192.168.50.100] receiver:[00:00:00:00:00:00 192.168.50.111]
10-17 11:24:04.198 W/ ( 0): [3 T661 .s] [W2][ TX] [aml_filter_sp_data_frame 1310][SP FRAME TX][0] ARP req(0x1) sender:[c0:e3:50:49:c1:08 192.168.50.100] receiver:[00:00:00:00:00:00 192.168.50.112]
10-17 11:24:04.200 W/ ( 0): [3 T661 .s] [W2][ TX] [aml_filter_sp_data_frame 1310][SP FRAME TX][0] ARP req(0x1) sender:[c0:e3:50:49:c1:08 192.168.50.100] receiver:[00:00:00:00:00:00 192.168.50.113]
10-17 11:24:04.202 W/ ( 0): [3 T661 .s] [W2][ TX] [aml_filter_sp_data_frame 1310][SP FRAME TX][0] ARP req(0x1) sender:[c0:e3:50:49:c1:08 192.168.50.100] receiver:[00:00:00:00:00:00 192.168.50.114]
10-17 11:24:04.204 W/ ( 0): [3 T661 .s] [W2][ TX] [aml_filter_sp_data_frame 1310][SP FRAME TX][0] ARP req(0x1) sender:[c0:e3:50:49:c1:08 192.168.50.100] receiver:[00:00:00:00:00:00 192.168.50.115]
10-17 11:24:04.206 W/ ( 0): [3 T661 .s] [W2][ TX] [aml_filter_sp_data_frame 1310][SP FRAME TX][0] ARP req(0x1) sender:[c0:e3:50:49:c1:08 192.168.50.100] receiver:[00:00:00:00:00:00 192.168.50.116]
10-17 11:24:04.208 W/ ( 0): [3 T661 .s] [W2][ TX] [aml_filter_sp_data_frame 1310][SP FRAME TX][0] ARP req(0x1) sender:[c0:e3:50:49:c1:08 192.168.50.100] receiver:[00:00:00:00:00:00 192.168.50.117]
10-17 11:24:04.210 W/ ( 0): [3 T661 .s] [W2][ TX] [aml_filter_sp_data_frame 1310][SP FRAME TX][0] ARP req(0x1) sender:[c0:e3:50:49:c1:08 192.168.50.100] receiver:[00:00:00:00:00:00 192.168.50.118]
10-17 11:24:04.213 W/ ( 0): [3 T661 .s] [W2][ TX] [aml_filter_sp_data_frame 1310][SP FRAME TX][0] ARP req(0x1) sender:[c0:e3:50:49:c1:08 192.168.50.100] receiver:[00:00:00:00:00:00 192.168.50.119]
10-17 11:24:04.215 W/ ( 0): [3 T661 .s] [W2][ TX] [aml_filter_sp_data_frame 1310][SP FRAME TX][0] ARP req(0x1) sender:[c0:e3:50:49:c1:08 192.168.50.100] receiver:[00:00:00:00:00:00 192.168.50.120]
10-17 11:24:04.217 W/ ( 0): [3 T661 .s] [W2][ TX] [aml_filter_sp_data_frame 1310][SP FRAME TX][0] ARP req(0x1) sender:[c0:e3:50:49:c1:08 192.168.50.100] receiver:[00:00:00:00:00:00 192.168.50.121]
10-17 11:24:04.219 W/ ( 0): [3 T661 .s] [W2][ TX] [aml_filter_sp_data_frame 1310][SP FRAME TX][0] ARP req(0x1) sender:[c0:e3:50:49:c1:08 192.168.50.100] receiver:[00:00:00:00:00:00 192.168.50.122]
10-17 11:24:04.221 W/ ( 0): [3 T661 .s] [W2][ TX] [aml_filter_sp_data_frame 1310][SP FRAME TX][0] ARP req(0x1) sender:[c0:e3:50:49:c1:08 192.168.50.100] receiver:[00:00:00:00:00:00 192.168.50.123]
10-17 11:24:04.223 W/ ( 0): [3 T661 .s] [W2][ TX] [aml_filter_sp_data_frame 1310][SP FRAME TX][0] ARP req(0x1) sender:[c0:e3:50:49:c1:08 192.168.50.100] receiver:[00:00:00:00:00:00 192.168.50.124]
10-17 11:24:04.225 W/ ( 0): [3 T661 .s] [W2][ TX] [aml_filter_sp_data_frame 1310][SP FRAME TX][0] ARP req(0x1) sender:[c0:e3:50:49:c1:08 192.168.50.100] receiver:[00:00:00:00:00:00 192.168.50.125]
10-17 11:24:04.227 W/ ( 0): [3 T661 .s] [W2][ TX] [aml_filter_sp_data_frame 1310][SP FRAME TX][0] ARP req(0x1) sender:[c0:e3:50:49:c1:08 192.168.50.100] receiver:[00:00:00:00:00:00 192.168.50.126]
10-17 11:24:04.229 W/ ( 0): [3 T661 .s] [W2][ TX] [aml_filter_sp_data_frame 1310][SP FRAME TX][0] ARP req(0x1) sender:[c0:e3:50:49:c1:08 192.168.50.100] receiver:[00:00:00:00:00:00 192.168.50.127]
10-17 11:24:04.231 W/ ( 0): [3 T661 .s] [W2][ TX] [aml_filter_sp_data_frame 1310][SP FRAME TX][0] ARP req(0x1) sender:[c0:e3:50:49:c1:08 192.168.50.100] receiver:[00:00:00:00:00:00 192.168.50.128]
10-17 11:24:04.233 W/ ( 0): [3 T661 .s] [W2][ TX] [aml_filter_sp_data_frame 1310][SP FRAME TX][0] ARP req(0x1) sender:[c0:e3:50:49:c1:08 192.168.50.100] receiver:[00:00:00:00:00:00 192.168.50.129]
10-17 11:24:04.235 W/ ( 0): [3 T661 .s] [W2][ TX] [aml_filter_sp_data_frame 1310][SP FRAME TX][0] ARP req(0x1) sender:[c0:e3:50:49:c1:08 192.168.50.100] receiver:[00:00:00:00:00:00 192.168.50.130]
10-17 11:24:04.237 W/ ( 0): [3 T661 .s] [W2][ TX] [aml_filter_sp_data_frame 1310][SP FRAME TX][0] ARP req(0x1) sender:[c0:e3:50:49:c1:08 192.168.50.100] receiver:[00:00:00:00:00:00 192.168.50.131]
10-17 11:24:04.239 W/ ( 0): [3 T661 .s] [W2][ TX] [aml_filter_sp_data_frame 1310][SP FRAME TX][0] ARP req(0x1) sender:[c0:e3:50:49:c1:08 192.168.50.100] receiver:[00:00:00:00:00:00 192.168.50.132]
10-17 11:24:04.241 W/ ( 0): [3 T661 .s] [W2][ TX] [aml_filter_sp_data_frame 1310][SP FRAME TX][0] ARP req(0x1) sender:[c0:e3:50:49:c1:08 192.168.50.100] receiver:[00:00:00:00:00:00 192.168.50.133]
10-17 11:24:04.244 W/ ( 0): [3 T661 .s] [W2][ TX] [aml_filter_sp_data_frame 1310][SP FRAME TX][0] ARP req(0x1) sender:[c0:e3:50:49:c1:08 192.168.50.100] receiver:[00:00:00:00:00:00 192.168.50.134]
10-17 11:24:04.246 W/ ( 0): [3 T661 .s] [W2][ TX] [aml_filter_sp_data_frame 1310][SP FRAME TX][0] ARP req(0x1) sender:[c0:e3:50:49:c1:08 192.168.50.100] receiver:[00:00:00:00:00:00 192.168.50.135]
10-17 11:24:04.248 W/ ( 0): [3 T661 .s] [W2][ TX] [aml_filter_sp_data_frame 1310][SP FRAME TX][0] ARP req(0x1) sender:[c0:e3:50:49:c1:08 192.168.50.100] receiver:[00:00:00:00:00:00 192.168.50.136]
10-17 11:24:04.250 W/ ( 0): [3 T661 .s] [W2][ TX] [aml_filter_sp_data_frame 1310][SP FRAME TX][0] ARP req(0x1) sender:[c0:e3:50:49:c1:08 192.168.50.100] receiver:[00:00:00:00:00:00 192.168.50.137]
10-17 11:24:04.252 W/ ( 0): [3 T661 .s] [W2][ TX] [aml_filter_sp_data_frame 1310][SP FRAME TX][0] ARP req(0x1) sender:[c0:e3:50:49:c1:08 192.168.50.100] receiver:[00:00:00:00:00:00 192.168.50.138]
10-17 11:24:04.254 W/ ( 0): [3 T661 .s] [W2][ TX] [aml_filter_sp_data_frame 1310][SP FRAME TX][0] ARP req(0x1) sender:[c0:e3:50:49:c1:08 192.168.50.100] receiver:[00:00:00:00:00:00 192.168.50.139]
10-17 11:24:04.256 W/ ( 0): [3 T661 .s] [W2][ TX] [aml_filter_sp_data_frame 1310][SP FRAME TX][0] ARP req(0x1) sender:[c0:e3:50:49:c1:08 192.168.50.100] receiver:[00:00:00:00:00:00 192.168.50.140]
10-17 11:24:04.258 W/ ( 0): [3 T661 .s] [W2][ TX] [aml_filter_sp_data_frame 1310][SP FRAME TX][0] ARP req(0x1) sender:[c0:e3:50:49:c1:08 192.168.50.100] receiver:[00:00:00:00:00:00 192.168.50.141]
10-17 11:24:04.260 W/ ( 0): [3 T661 .s] [W2][ TX] [aml_filter_sp_data_frame 1310][SP FRAME TX][0] ARP req(0x1) sender:[c0:e3:50:49:c1:08 192.168.50.100] receiver:[00:00:00:00:00:00 192.168.50.142]
10-17 11:24:04.262 W/ ( 0): [3 T661 .s] [W2][ TX] [aml_filter_sp_data_frame 1310][SP FRAME TX][0] ARP req(0x1) sender:[c0:e3:50:49:c1:08 192.168.50.100] receiver:[00:00:00:00:00:00 192.168.50.143]
10-17 11:24:04.264 W/ ( 0): [3 T661 .s] [W2][ TX] [aml_filter_sp_data_frame 1310][SP FRAME TX][0] ARP req(0x1) sender:[c0:e3:50:49:c1:08 192.168.50.100] receiver:[00:00:00:00:00:00 192.168.50.144]
10-17 11:24:04.266 W/ ( 0): [3 T661 .s] [W2][ TX] [aml_filter_sp_data_frame 1310][SP FRAME TX][0] ARP req(0x1) sender:[c0:e3:50:49:c1:08 192.168.50.100] receiver:[00:00:00:00:00:00 192.168.50.145]
10-17 11:24:04.268 W/ ( 0): [3 T661 .s] [W2][ TX] [aml_filter_sp_data_frame 1310][SP FRAME TX][0] ARP req(0x1) sender:[c0:e3:50:49:c1:08 192.168.50.100] receiver:[00:00:00:00:00:00 192.168.50.146]
10-17 11:24:04.270 W/ ( 0): [3 T661 .s] [W2][ TX] [aml_filter_sp_data_frame 1310][SP FRAME TX][0] ARP req(0x1) sender:[c0:e3:50:49:c1:08 192.168.50.100] receiver:[00:00:00:00:00:00 192.168.50.147]
10-17 11:24:04.273 W/ ( 0): [3 T661 .s] [W2][ TX] [aml_filter_sp_data_frame 1310][SP FRAME TX][0] ARP req(0x1) sender:[c0:e3:50:49:c1:08 192.168.50.100] receiver:[00:00:00:00:00:00 192.168.50.148]
10-17 11:24:04.275 W/ ( 0): [3 T661 .s] [W2][ TX] [aml_filter_sp_data_frame 1310][SP FRAME TX][0] ARP req(0x1) sender:[c0:e3:50:49:c1:08 192.168.50.100] receiver:[00:00:00:00:00:00 192.168.50.149]
10-17 11:24:04.277 W/ ( 0): [3 T661 .s] [W2][ TX] [aml_filter_sp_data_frame 1310][SP FRAME TX][0] ARP req(0x1) sender:[c0:e3:50:49:c1:08 192.168.50.100] receiver:[00:00:00:00:00:00 192.168.50.150]
10-17 11:24:04.279 W/ ( 0): [3 T661 .s] [W2][ TX] [aml_filter_sp_data_frame 1310][SP FRAME TX][0] ARP req(0x1) sender:[c0:e3:50:49:c1:08 192.168.50.100] receiver:[00:00:00:00:00:00 192.168.50.151]
10-17 11:24:04.281 W/ ( 0): [3 T661 .s] [W2][ TX] [aml_filter_sp_data_frame 1310][SP FRAME TX][0] ARP req(0x1) sender:[c0:e3:50:49:c1:08 192.168.50.100] receiver:[00:00:00:00:00:00 192.168.50.152]
10-17 11:24:04.283 W/ ( 0): [3 T661 .s] [W2][ TX] [aml_filter_sp_data_frame 1310][SP FRAME TX][0] ARP req(0x1) sender:[c0:e3:50:49:c1:08 192.168.50.100] receiver:[00:00:00:00:00:00 192.168.50.153]
10-17 11:24:04.285 W/ ( 0): [3 T661 .s] [W2][ TX] [aml_filter_sp_data_frame 1310][SP FRAME TX][0] ARP req(0x1) sender:[c0:e3:50:49:c1:08 192.168.50.100] receiver:[00:00:00:00:00:00 192.168.50.155]
10-17 11:24:04.287 W/ ( 0): [3 T661 .s] [W2][ TX] [aml_filter_sp_data_frame 1310][SP FRAME TX][0] ARP req(0x1) sender:[c0:e3:50:49:c1:08 192.168.50.100] receiver:[00:00:00:00:00:00 192.168.50.156]
10-17 11:24:04.289 W/ ( 0): [3 T661 .s] [W2][ TX] [aml_filter_sp_data_frame 1310][SP FRAME TX][0] ARP req(0x1) sender:[c0:e3:50:49:c1:08 192.168.50.100] receiver:[00:00:00:00:00:00 192.168.50.157]
10-17 11:24:04.291 W/ ( 0): [3 T661 .s] [W2][ TX] [aml_filter_sp_data_frame 1310][SP FRAME TX][0] ARP req(0x1) sender:[c0:e3:50:49:c1:08 192.168.50.100] receiver:[00:00:00:00:00:00 192.168.50.158]
10-17 11:24:04.293 W/ ( 0): [3 T661 .s] [W2][ TX] [aml_filter_sp_data_frame 1310][SP FRAME TX][0] ARP req(0x1) sender:[c0:e3:50:49:c1:08 192.168.50.100] receiver:[00:00:00:00:00:00 192.168.50.159]
10-17 11:24:04.295 W/ ( 0): [3 T661 .s] [W2][ TX] [aml_filter_sp_data_frame 1310][SP FRAME TX][0] ARP req(0x1) sender:[c0:e3:50:49:c1:08 192.168.50.100] receiver:[00:00:00:00:00:00 192.168.50.160]
10-17 11:24:04.297 W/ ( 0): [3 T661 .s] [W2][ TX] [aml_filter_sp_data_frame 1310][SP FRAME TX][0] ARP req(0x1) sender:[c0:e3:50:49:c1:08 192.168.50.100] receiver:[00:00:00:00:00:00 192.168.50.161]
10-17 11:24:04.299 W/ ( 0): [3 T661 .s] [W2][ TX] [aml_filter_sp_data_frame 1310][SP FRAME TX][0] ARP req(0x1) sender:[c0:e3:50:49:c1:08 192.168.50.100] receiver:[00:00:00:00:00:00 192.168.50.162]
10-17 11:24:04.302 W/ ( 0): [3 T661 .s] [W2][ TX] [aml_filter_sp_data_frame 1310][SP FRAME TX][0] ARP req(0x1) sender:[c0:e3:50:49:c1:08 192.168.50.100] receiver:[00:00:00:00:00:00 192.168.50.163]
10-17 11:24:04.304 W/ ( 0): [3 T661 .s] [W2][ TX] [aml_filter_sp_data_frame 1310][SP FRAME TX][0] ARP req(0x1) sender:[c0:e3:50:49:c1:08 192.168.50.100] receiver:[00:00:00:00:00:00 192.168.50.164]
10-17 11:24:04.306 W/ ( 0): [3 T661 .s] [W2][ TX] [aml_filter_sp_data_frame 1310][SP FRAME TX][0] ARP req(0x1) sender:[c0:e3:50:49:c1:08 192.168.50.100] receiver:[00:00:00:00:00:00 192.168.50.165]
10-17 11:24:04.308 W/ ( 0): [3 T661 .s] [W2][ TX] [aml_filter_sp_data_frame 1310][SP FRAME TX][0] ARP req(0x1) sender:[c0:e3:50:49:c1:08 192.168.50.100] receiver:[00:00:00:00:00:00 192.168.50.166]
10-17 11:24:04.310 W/ ( 0): [3 T661 .s] [W2][ TX] [aml_filter_sp_data_frame 1310][SP FRAME TX][0] ARP req(0x1) sender:[c0:e3:50:49:c1:08 192.168.50.100] receiver:[00:00:00:00:00:00 192.168.50.167]
10-17 11:24:04.312 W/ ( 0): [3 T661 .s] [W2][ TX] [aml_filter_sp_data_frame 1310][SP FRAME TX][0] ARP req(0x1) sender:[c0:e3:50:49:c1:08 192.168.50.100] receiver:[00:00:00:00:00:00 192.168.50.168]
10-17 11:24:04.314 W/ ( 0): [3 T661 .s] [W2][ TX] [aml_filter_sp_data_frame 1310][SP FRAME TX][0] ARP req(0x1) sender:[c0:e3:50:49:c1:08 192.168.50.100] receiver:[00:00:00:00:00:00 192.168.50.169]
10-17 11:24:04.316 W/ ( 0): [3 T661 .s] [W2][ TX] [aml_filter_sp_data_frame 1310][SP FRAME TX][0] ARP req(0x1) sender:[c0:e3:50:49:c1:08 192.168.50.100] receiver:[00:00:00:00:00:00 192.168.50.170]
10-17 11:24:04.318 W/ ( 0): [3 T661 .s] [W2][ TX] [aml_filter_sp_data_frame 1310][SP FRAME TX][0] ARP req(0x1) sender:[c0:e3:50:49:c1:08 192.168.50.100] receiver:[00:00:00:00:00:00 192.168.50.171]
10-17 11:24:04.320 W/ ( 0): [3 T661 .s] [W2][ TX] [aml_filter_sp_data_frame 1310][SP FRAME TX][0] ARP req(0x1) sender:[c0:e3:50:49:c1:08 192.168.50.100] receiver:[00:00:00:00:00:00 192.168.50.172]
10-17 11:24:04.322 W/ ( 0): [3 T661 .s] [W2][ TX] [aml_filter_sp_data_frame 1310][SP FRAME TX][0] ARP req(0x1) sender:[c0:e3:50:49:c1:08 192.168.50.100] receiver:[00:00:00:00:00:00 192.168.50.173]
10-17 11:24:04.324 W/ ( 0): [3 T661 .s] [W2][ TX] [aml_filter_sp_data_frame 1310][SP FRAME TX][0] ARP req(0x1) sender:[c0:e3:50:49:c1:08 192.168.50.100] receiver:[00:00:00:00:00:00 192.168.50.174]
10-17 11:24:04.326 W/ ( 0): [3 T661 .s] [W2][ TX] [aml_filter_sp_data_frame 1310][SP FRAME TX][0] ARP req(0x1) sender:[c0:e3:50:49:c1:08 192.168.50.100] receiver:[00:00:00:00:00:00 192.168.50.175]
10-17 11:24:04.328 W/ ( 0): [3 T661 .s] [W2][ TX] [aml_filter_sp_data_frame 1310][SP FRAME TX][0] ARP req(0x1) sender:[c0:e3:50:49:c1:08 192.168.50.100] receiver:[00:00:00:00:00:00 192.168.50.176]
10-17 11:24:04.330 W/ ( 0): [3 T661 .s] [W2][ TX] [aml_filter_sp_data_frame 1310][SP FRAME TX][0] ARP req(0x1) sender:[c0:e3:50:49:c1:08 192.168.50.100] receiver:[00:00:00:00:00:00 192.168.50.177]
10-17 11:24:04.333 W/ ( 0): [3 T661 .s] [W2][ TX] [aml_filter_sp_data_frame 1310][SP FRAME TX][0] ARP req(0x1) sender:[c0:e3:50:49:c1:08 192.168.50.100] receiver:[00:00:00:00:00:00 192.168.50.178]
10-17 11:24:04.335 W/ ( 0): [3 T661 .s] [W2][ TX] [aml_filter_sp_data_frame 1310][SP FRAME TX][0] ARP req(0x1) sender:[c0:e3:50:49:c1:08 192.168.50.100] receiver:[00:00:00:00:00:00 192.168.50.179]
10-17 11:24:04.337 W/ ( 0): [3 T661 .s] [W2][ TX] [aml_filter_sp_data_frame 1310][SP FRAME TX][0] ARP req(0x1) sender:[c0:e3:50:49:c1:08 192.168.50.100] receiver:[00:00:00:00:00:00 192.168.50.180]
10-17 11:24:04.339 W/ ( 0): [3 T661 .s] [W2][ TX] [aml_filter_sp_data_frame 1310][SP FRAME TX][0] ARP req(0x1) sender:[c0:e3:50:49:c1:08 192.168.50.100] receiver:[00:00:00:00:00:00 192.168.50.181]
10-17 11:24:04.341 W/ ( 0): [3 T661 .s] [W2][ TX] [aml_filter_sp_data_frame 1310][SP FRAME TX][0] ARP req(0x1) sender:[c0:e3:50:49:c1:08 192.168.50.100] receiver:[00:00:00:00:00:00 192.168.50.182]
