10-17 11:23:03.382 W/ ( 0): [1 T2623 ..] [W2][ TX] [aml_filter_sp_data_frame 1310][SP FRAME TX][0] ARP req(0x1) sender:[c0:e3:50:49:c1:08 192.168.50.100] receiver:[00:00:00:00:00:00 192.168.50.75]
10-17 11:23:03.384 W/ ( 0): [1 T2623 ..] [W2][ TX] [aml_filter_sp_data_frame 1310][SP FRAME TX][0] ARP req(0x1) sender:[c0:e3:50:49:c1:08 192.168.50.100] receiver:[00:00:00:00:00:00 192.168.50.76]
10-17 11:23:03.386 W/ ( 0): [1 T2623 ..] [W2][ TX] [aml_filter_sp_data_frame 1310][SP FRAME TX][0] ARP req(0x1) sender:[c0:e3:50:49:c1:08 192.168.50.100] receiver:[00:00:00:00:00:00 192.168.50.77]
10-17 11:23:03.388 W/ ( 0): [1 T2623 ..] [W2][ TX] [aml_filter_sp_data_frame 1310][SP FRAME TX][0] ARP req(0x1) sender:[c0:e3:50:49:c1:08 192.168.50.100] receiver:[00:00:00:00:00:00 192.168.50.78]
10-17 11:23:03.390 W/ ( 0): [1 T2623 ..] [W2][ TX] [aml_filter_sp_data_frame 1310][SP FRAME TX][0] ARP req(0x1) sender:[c0:e3:50:49:c1:08 192.168.50.100] receiver:[00:00:00:00:00:00 192.168.50.79]
10-17 11:23:03.392 W/ ( 0): [1 T2623 ..] [W2][ TX] [aml_filter_sp_data_frame 1310][SP FRAME TX][0] ARP req(0x1) sender:[c0:e3:50:49:c1:08 192.168.50.100] receiver:[00:00:00:00:00:00 192.168.50.80]
10-17 11:23:03.394 W/ ( 0): [1 T2623 ..] [W2][ TX] [aml_filter_sp_data_frame 1310][SP FRAME TX][0] ARP req(0x1) sender:[c0:e3:50:49:c1:08 192.168.50.100] receiver:[00:00:00:00:00:00 192.168.50.81]
10-17 11:23:03.397 W/ ( 0): [1 T2623 ..] [W2][ TX] [aml_filter_sp_data_frame 1310][SP FRAME TX][0] ARP req(0x1) sender:[c0:e3:50:49:c1:08 192.168.50.100] receiver:[00:00:00:00:00:00 192.168.50.82]
10-17 11:23:03.398 W/ ( 0): [1 T2623 ..] [W2][ TX] [aml_filter_sp_data_frame 1310][SP FRAME TX][0] ARP req(0x1) sender:[c0:e3:50:49:c1:08 192.168.50.100] receiver:[00:00:00:00:00:00 192.168.50.83]
10-17 11:23:03.401 W/ ( 0): [1 T2623 ..] [W2][ TX] [aml_filter_sp_data_frame 1310][SP FRAME TX][0] ARP req(0x1) sender:[c0:e3:50:49:c1:08 192.168.50.100] receiver:[00:00:00:00:00:00 192.168.50.84]
10-17 11:23:03.403 W/ ( 0): [1 T2623 ..] [W2][ TX] [aml_filter_sp_data_frame 1310][SP FRAME TX][0] ARP req(0x1) sender:[c0:e3:50:49:c1:08 192.168.50.100] receiver:[00:00:00:00:00:00 192.168.50.85]
10-17 11:23:03.405 W/ ( 0): [1 T2623 ..] [W2][ TX] [aml_filter_sp_data_frame 1310][SP FRAME TX][0] ARP req(0x1) sender:[c0:e3:50:49:c1:08 192.168.50.100] receiver:[00:00:00:00:00:00 192.168.50.86]
10-17 11:23:03.407 W/ ( 0): [1 T2623 ..] [W2][ TX] [aml_filter_sp_data_frame 1310][SP FRAME TX][0] ARP req(0x1) sender:[c0:e3:50:49:c1:08 192.168.50.100] receiver:[00:00:00:00:00:00 192.168.50.87]
10-17 11:23:03.409 W/ ( 0): [1 T2623 ..] [W2][ TX] [aml_filter_sp_data_frame 1310][SP FRAME TX][0] ARP req(0x1) sender:[c0:e3:50:49:c1:08 192.168.50.100] receiver:[00:00:00:00:00:00 192.168.50.88]
10-17 11:23:03.411 W/ ( 0): [1 T2623 ..] [W2][ TX] [aml_filter_sp_data_frame 1310][SP FRAME TX][0] ARP req(0x1) sender:[c0:e3:50:49:c1:08 192.168.50.100] receiver:[00:00:00:00:00:00 192.168.50.89]
10-17 11:23:03.413 W/ ( 0): [1 T2623 ..] [W2][ TX] [aml_filter_sp_data_frame 1310][SP FRAME TX][0] ARP req(0x1) sender:[c0:e3:50:49:c1:08 192.168.50.100] receiver:[00:00:00:00:00:00 192.168.50.90]
10-17 11:23:03.415 W/ ( 0): [2 T2623 ..] [W2][ TX] [aml_filter_sp_data_frame 1310][SP FRAME TX][0] ARP req(0x1) sender:[c0:e3:50:49:c1:08 192.168.50.100] receiver:[00:00:00:00:00:00 192.168.50.91]
10-17 11:23:03.417 W/ ( 0): [2 T2623 ..] [W2][ TX] [aml_filter_sp_data_frame 1310][SP FRAME TX][0] ARP req(0x1) sender:[c0:e3:50:49:c1:08 192.168.50.100] receiver:[00:00:00:00:00:00 192.168.50.92]
10-17 11:23:03.419 W/ ( 0): [2 T2623 ..] [W2][ TX] [aml_filter_sp_data_frame 1310][SP FRAME TX][0] ARP req(0x1) sender:[c0:e3:50:49:c1:08 192.168.50.100] receiver:[00:00:00:00:00:00 192.168.50.93]
10-17 11:23:03.422 W/ ( 0): [2 T2623 ..] [W2][ TX] [aml_filter_sp_data_frame 1310][SP FRAME TX][0] ARP req(0x1) sender:[c0:e3:50:49:c1:08 192.168.50.100] receiver:[00:00:00:00:00:00 192.168.50.94]
10-17 11:23:03.424 W/ ( 0): [2 T2623 ..] [W2][ TX] [aml_filter_sp_data_frame 1310][SP FRAME TX][0] ARP req(0x1) sender:[c0:e3:50:49:c1:08 192.168.50.100] receiver:[00:00:00:00:00:00 192.168.50.95]
10-17 11:23:03.426 W/ ( 0): [2 T2623 ..] [W2][ TX] [aml_filter_sp_data_frame 1310][SP FRAME TX][0] ARP req(0x1) sender:[c0:e3:50:49:c1:08 192.168.50.100] receiver:[00:00:00:00:00:00 192.168.50.96]
10-17 11:23:03.428 W/ ( 0): [2 T2623 ..] [W2][ TX] [aml_filter_sp_data_frame 1310][SP FRAME TX][0] ARP req(0x1) sender:[c0:e3:50:49:c1:08 192.168.50.100] receiver:[00:00:00:00:00:00 192.168.50.97]
10-17 11:23:03.430 W/ ( 0): [2 T2623 ..] [W2][ TX] [aml_filter_sp_data_frame 1310][SP FRAME TX][0] ARP req(0x1) sender:[c0:e3:50:49:c1:08 192.168.50.100] receiver:[00:00:00:00:00:00 192.168.50.98]
10-17 11:23:03.432 W/ ( 0): [2 T2623 ..] [W2][ TX] [aml_filter_sp_data_frame 1310][SP FRAME TX][0] ARP req(0x1) sender:[c0:e3:50:49:c1:08 192.168.50.100] receiver:[00:00:00:00:00:00 192.168.50.99]
10-17 11:23:03.434 W/ ( 0): [2 T2623 ..] [W2][ TX] [aml_filter_sp_data_frame 1310][SP FRAME TX][0] ARP req(0x1) sender:[c0:e3:50:49:c1:08 192.168.50.100] receiver:[00:00:00:00:00:00 192.168.50.101]
10-17 11:23:03.436 W/ ( 0): [2 T2623 ..] [W2][ TX] [aml_filter_sp_data_frame 1310][SP FRAME TX][0] ARP req(0x1) sender:[c0:e3:50:49:c1:08 192.168.50.100] receiver:[00:00:00:00:00:00 192.168.50.102]
10-17 11:23:03.438 W/ ( 0): [2 T2623 ..] [W2][ TX] [aml_filter_sp_data_frame 1310][SP FRAME TX][0] ARP req(0x1) sender:[c0:e3:50:49:c1:08 192.168.50.100] receiver:[00:00:00:00:00:00 192.168.50.103]
10-17 11:23:03.440 W/ ( 0): [2 T2623 ..] [W2][ TX] [aml_filter_sp_data_frame 1310][SP FRAME TX][0] ARP req(0x1) sender:[c0:e3:50:49:c1:08 192.168.50.100] receiver:[00:00:00:00:00:00 192.168.50.104]
10-17 11:23:03.442 W/ ( 0): [2 T2623 ..] [W2][ TX] [aml_filter_sp_data_frame 1310][SP FRAME TX][0] ARP req(0x1) sender:[c0:e3:50:49:c1:08 192.168.50.100] receiver:[00:00:00:00:00:00 192.168.50.105]
10-17 11:23:03.444 W/ ( 0): [2 T2623 ..] [W2][ TX] [aml_filter_sp_data_frame 1310][SP FRAME TX][0] ARP req(0x1) sender:[c0:e3:50:49:c1:08 192.168.50.100] receiver:[00:00:00:00:00:00 192.168.50.106]
10-17 11:23:03.446 W/ ( 0): [2 T2623 ..] [W2][ TX] [aml_filter_sp_data_frame 1310][SP FRAME TX][0] ARP req(0x1) sender:[c0:e3:50:49:c1:08 192.168.50.100] receiver:[00:00:00:00:00:00 192.168.50.107]
10-17 11:23:03.448 W/ ( 0): [2 T2623 ..] [W2][ TX] [aml_filter_sp_data_frame 1310][SP FRAME TX][0] ARP req(0x1) sender:[c0:e3:50:49:c1:08 192.168.50.100] receiver:[00:00:00:00:00:00 192.168.50.108]
10-17 11:23:03.450 W/ ( 0): [2 T2623 ..] [W2][ TX] [aml_filter_sp_data_frame 1310][SP FRAME TX][0] ARP req(0x1) sender:[c0:e3:50:49:c1:08 192.168.50.100] receiver:[00:00:00:00:00:00 192.168.50.109]
10-17 11:23:03.452 W/ ( 0): [2 T2623 ..] [W2][ TX] [aml_filter_sp_data_frame 1310][SP FRAME TX][0] ARP req(0x1) sender:[c0:e3:50:49:c1:08 192.168.50.100] receiver:[00:00:00:00:00:00 192.168.50.110]
10-17 11:23:03.454 W/ ( 0): [2 T2623 ..] [W2][ TX] [aml_filter_sp_data_frame 1310][SP FRAME TX][0] ARP req(0x1) sender:[c0:e3:50:49:c1:08 192.168.50.100] receiver:[00:00:00:00:00:00 192.168.50.111]
10-17 11:23:03.457 W/ ( 0): [2 T2623 ..] [W2][ TX] [aml_filter_sp_data_frame 1310][SP FRAME TX][0] ARP req(0x1) sender:[c0:e3:50:49:c1:08 192.168.50.100] receiver:[00:00:00:00:00:00 192.168.50.112]
10-17 11:23:03.459 W/ ( 0): [2 T2623 ..] [W2][ TX] [aml_filter_sp_data_frame 1310][SP FRAME TX][0] ARP req(0x1) sender:[c0:e3:50:49:c1:08 192.168.50.100] receiver:[00:00:00:00:00:00 192.168.50.113]
10-17 11:23:03.461 W/ ( 0): [2 T2623 ..] [W2][ TX] [aml_filter_sp_data_frame 1310][SP FRAME TX][0] ARP req(0x1) sender:[c0:e3:50:49:c1:08 192.168.50.100] receiver:[00:00:00:00:00:00 192.168.50.114]
10-17 11:23:03.463 W/ ( 0): [2 T2623 ..] [W2][ TX] [aml_filter_sp_data_frame 1310][SP FRAME TX][0] ARP req(0x1) sender:[c0:e3:50:49:c1:08 192.168.50.100] receiver:[00:00:00:00:00:00 192.168.50.115]
10-17 11:23:03.465 W/ ( 0): [2 T2623 ..] [W2][ TX] [aml_filter_sp_data_frame 1310][SP FRAME TX][0] ARP req(0x1) sender:[c0:e3:50:49:c1:08 192.168.50.100] receiver:[00:00:00:00:00:00 192.168.50.116]
10-17 11:23:03.467 W/ ( 0): [2 T2623 ..] [W2][ TX] [aml_filter_sp_data_frame 1310][SP FRAME TX][0] ARP req(0x1) sender:[c0:e3:50:49:c1:08 192.168.50.100] receiver:[00:00:00:00:00:00 192.168.50.117]
10-17 11:23:03.469 W/ ( 0): [2 T2623 ..] [W2][ TX] [aml_filter_sp_data_frame 1310][SP FRAME TX][0] ARP req(0x1) sender:[c0:e3:50:49:c1:08 192.168.50.100] receiver:[00:00:00:00:00:00 192.168.50.118]
10-17 11:23:03.471 W/ ( 0): [2 T2623 ..] [W2][ TX] [aml_filter_sp_data_frame 1310][SP FRAME TX][0] ARP req(0x1) sender:[c0:e3:50:49:c1:08 192.168.50.100] receiver:[00:00:00:00:00:00 192.168.50.119]
10-17 11:23:03.473 W/ ( 0): [2 T2623 ..] [W2][ TX] [aml_filter_sp_data_frame 1310][SP FRAME TX][0] ARP req(0x1) sender:[c0:e3:50:49:c1:08 192.168.50.100] receiver:[00:00:00:00:00:00 192.168.50.120]
10-17 11:23:03.475 W/ ( 0): [3 T0 .s] [W2][ TX] [aml_filter_sp_data_frame 1310][SP FRAME RX][0] ARP rsp(0x2) sender:[24:4b:fe:93:ee:f3 192.168.50.107] receiver:[c0:e3:50:49:c1:08 192.168.50.100]
10-17 11:23:03.475 W/ ( 0): [2 T2623 ..] [W2][ TX] [aml_filter_sp_data_frame 1310][SP FRAME TX][0] ARP req(0x1) sender:[c0:e3:50:49:c1:08 192.168.50.100] receiver:[00:00:00:00:00:00 192.168.50.121]
10-17 11:23:03.479 W/ ( 0): [2 T2623 ..] [W2][ TX] [aml_filter_sp_data_frame 1310][SP FRAME TX][0] ARP req(0x1) sender:[c0:e3:50:49:c1:08 192.168.50.100] receiver:[00:00:00:00:00:00 192.168.50.122]
10-17 11:23:03.481 W/ ( 0): [2 T2623 ..] [W2][ TX] [aml_filter_sp_data_frame 1310][SP FRAME TX][0] ARP req(0x1) sender:[c0:e3:50:49:c1:08 192.168.50.100] receiver:[00:00:00:00:00:00 192.168.50.123]
10-17 11:23:03.483 W/ ( 0): [2 T2623 ..] [W2][ TX] [aml_filter_sp_data_frame 1310][SP FRAME TX][0] ARP req(0x1) sender:[c0:e3:50:49:c1:08 192.168.50.100] receiver:[00:00:00:00:00:00 192.168.50.124]
10-17 11:23:03.485 W/ ( 0): [2 T2623 ..] [W2][ TX] [aml_filter_sp_data_frame 1310][SP FRAME TX][0] ARP req(0x1) sender:[c0:e3:50:49:c1:08 192.168.50.100] receiver:[00:00:00:00:00:00 192.168.50.125]
10-17 11:23:03.478 D/TrafficStats( 2570): tagSocket(134) with statsTag=0xffffffff, statsUid=-1
10-17 11:23:03.488 W/ ( 0): [2 T2623 ..] [W2][ TX] [aml_filter_sp_data_frame 1310][SP FRAME TX][0] ARP req(0x1) sender:[c0:e3:50:49:c1:08 192.168.50.100] receiver:[00:00:00:00:00:00 192.168.50.126]
10-17 11:23:03.490 W/ ( 0): [2 T2623 ..] [W2][ TX] [aml_filter_sp_data_frame 1310][SP FRAME TX][0] ARP req(0x1) sender:[c0:e3:50:49:c1:08 192.168.50.100] receiver:[00:00:00:00:00:00 192.168.50.127]
10-17 11:23:03.492 W/ ( 0): [2 T2623 ..] [W2][ TX] [aml_filter_sp_data_frame 1310][SP FRAME TX][0] ARP req(0x1) sender:[c0:e3:50:49:c1:08 192.168.50.100] receiver:[00:00:00:00:00:00 192.168.50.128]
10-17 11:23:03.494 W/ ( 0): [2 T2623 ..] [W2][ TX] [aml_filter_sp_data_frame 1310][SP FRAME TX][0] ARP req(0x1) sender:[c0:e3:50:49:c1:08 192.168.50.100] receiver:[00:00:00:00:00:00 192.168.50.129]
10-17 11:23:03.496 W/ ( 0): [2 T2623 ..] [W2][ TX] [aml_filter_sp_data_frame 1310][SP FRAME TX][0] ARP req(0x1) sender:[c0:e3:50:49:c1:08 192.168.50.100] receiver:[00:00:00:00:00:00 192.168.50.130]
10-17 11:23:03.498 W/ ( 0): [2 T2623 ..] [W2][ TX] [aml_filter_sp_data_frame 1310][SP FRAME TX][0] ARP req(0x1) sender:[c0:e3:50:49:c1:08 192.168.50.100] receiver:[00:00:00:00:00:00 192.168.50.131]
10-17 11:23:03.500 W/ ( 0): [2 T2623 ..] [W2][ TX] [aml_filter_sp_data_frame 1310][SP FRAME TX][0] ARP req(0x1) sender:[c0:e3:50:49:c1:08 192.168.50.100] receiver:[00:00:00:00:00:00 192.168.50.132]
10-17 11:23:03.502 W/ ( 0): [2 T2623 ..] [W2][ TX] [aml_filter_sp_data_frame 1310][SP FRAME TX][0] ARP req(0x1) sender:[c0:e3:50:49:c1:08 192.168.50.100] receiver:[00:00:00:00:00:00 192.168.50.133]
10-17 11:23:03.504 W/ ( 0): [2 T2623 ..] [W2][ TX] [aml_filter_sp_data_frame 1310][SP FRAME TX][0] ARP req(0x1) sender:[c0:e3:50:49:c1:08 192.168.50.100] receiver:[00:00:00:00:00:00 192.168.50.134]
10-17 11:23:03.506 W/ ( 0): [2 T2623 ..] [W2][ TX] [aml_filter_sp_data_frame 1310][SP FRAME TX][0] ARP req(0x1) sender:[c0:e3:50:49:c1:08 192.168.50.100] receiver:[00:00:00:00:00:00 192.168.50.135]
10-17 11:23:03.508 W/ ( 0): [0 T2624 ..] [W2][ TX] [aml_filter_sp_data_frame 1310][SP FRAME TX][0] ARP req(0x1) sender:[c0:e3:50:49:c1:08 192.168.50.100] receiver:[00:00:00:00:00:00 192.168.50.136]
10-17 11:23:03.510 W/ ( 0): [0 T2624 ..] [W2][ TX] [aml_filter_sp_data_frame 1310][SP FRAME TX][0] ARP req(0x1) sender:[c0:e3:50:49:c1:08 192.168.50.100] receiver:[00:00:00:00:00:00 192.168.50.137]
10-17 11:23:03.512 W/ ( 0): [0 T2624 ..] [W2][ TX] [aml_filter_sp_data_frame 1310][SP FRAME TX][0] ARP req(0x1) sender:[c0:e3:50:49:c1:08 192.168.50.100] receiver:[00:00:00:00:00:00 192.168.50.138]
10-17 11:23:03.514 W/ ( 0): [0 T2624 ..] [W2][ TX] [aml_filter_sp_data_frame 1310][SP FRAME TX][0] ARP req(0x1) sender:[c0:e3:50:49:c1:08 192.168.50.100] receiver:[00:00:00:00:00:00 192.168.50.139]
10-17 11:23:03.516 W/ ( 0): [0 T2624 ..] [W2][ TX] [aml_filter_sp_data_frame 1310][SP FRAME TX][0] ARP req(0x1) sender:[c0:e3:50:49:c1:08 192.168.50.100] receiver:[00:00:00:00:00:00 192.168.50.140]
10-17 11:23:03.518 W/ ( 0): [0 T2624 ..] [W2][ TX] [aml_filter_sp_data_frame 1310][SP FRAME TX][0] ARP req(0x1) sender:[c0:e3:50:49:c1:08 192.168.50.100] receiver:[00:00:00:00:00:00 192.168.50.141]
10-17 11:23:03.521 W/ ( 0): [0 T2624 ..] [W2][ TX] [aml_filter_sp_data_frame 1310][SP FRAME TX][0] ARP req(0x1) sender:[c0:e3:50:49:c1:08 192.168.50.100] receiver:[00:00:00:00:00:00 192.168.50.142]
10-17 11:23:03.523 W/ ( 0): [0 T2624 ..] [W2][ TX] [aml_filter_sp_data_frame 1310][SP FRAME TX][0] ARP req(0x1) sender:[c0:e3:50:49:c1:08 192.168.50.100] receiver:[00:00:00:00:00:00 192.168.50.143]
10-17 11:23:03.525 W/ ( 0): [0 T2624 ..] [W2][ TX] [aml_filter_sp_data_frame 1310][SP FRAME TX][0] ARP req(0x1) sender:[c0:e3:50:49:c1:08 192.168.50.100] receiver:[00:00:00:00:00:00 192.168.50.144]
10-17 11:23:03.527 W/ ( 0): [0 T2624 ..] [W2][ TX] [aml_filter_sp_data_frame 1310][SP FRAME TX][0] ARP req(0x1) sender:[c0:e3:50:49:c1:08 192.168.50.100] receiver:[00:00:00:00:00:00 192.168.50.145]
10-17 11:23:03.527 W/ ( 0): [3 T1248 .s] [W2][ TX] [aml_filter_sp_data_frame 1310][SP FRAME RX][0] ARP rsp(0x2) sender:[b4:6e:10:e1:9c:27 192.168.50.86] receiver:[c0:e3:50:49:c1:08 192.168.50.100]
10-17 11:23:03.519 W/TelephonyPermissions( 714): reportAccessDeniedToReadIdentifiers:com.dangbei.screencast:getSerial:-1
10-17 11:23:03.529 W/ ( 0): [0 T2624 ..] [W2][ TX] [aml_filter_sp_data_frame 1310][SP FRAME TX][0] ARP req(0x1) sender:[c0:e3:50:49:c1:08 192.168.50.100] receiver:[00:00:00:00:00:00 192.168.50.146]
10-17 11:23:03.533 W/ ( 0): [0 T2624 ..] [W2][ TX] [aml_filter_sp_data_frame 1310][SP FRAME TX][0] ARP req(0x1) sender:[c0:e3:50:49:c1:08 192.168.50.100] receiver:[00:00:00:00:00:00 192.168.50.147]
10-17 11:23:03.535 W/ ( 0): [0 T2624 ..] [W2][ TX] [aml_filter_sp_data_frame 1310][SP FRAME TX][0] ARP req(0x1) sender:[c0:e3:50:49:c1:08 192.168.50.100] receiver:[00:00:00:00:00:00 192.168.50.148]
10-17 11:23:03.537 W/ ( 0): [0 T2624 ..] [W2][ TX] [aml_filter_sp_data_frame 1310][SP FRAME TX][0] ARP req(0x1) sender:[c0:e3:50:49:c1:08 192.168.50.100] receiver:[00:00:00:00:00:00 192.168.50.149]
10-17 11:23:03.539 W/ ( 0): [0 T2624 ..] [W2][ TX] [aml_filter_sp_data_frame 1310][SP FRAME TX][0] ARP req(0x1) sender:[c0:e3:50:49:c1:08 192.168.50.100] receiver:[00:00:00:00:00:00 192.168.50.150]
10-17 11:23:03.541 W/ ( 0): [0 T2624 ..] [W2][ TX] [aml_filter_sp_data_frame 1310][SP FRAME TX][0] ARP req(0x1) sender:[c0:e3:50:49:c1:08 192.168.50.100] receiver:[00:00:00:00:00:00 192.168.50.151]
10-17 11:23:03.535 V/NFC ( 2570): this device does not have NFC support
10-17 11:23:03.543 W/ ( 0): [0 T2624 ..] [W2][ TX] [aml_filter_sp_data_frame 1310][SP FRAME TX][0] ARP req(0x1) sender:[c0:e3:50:49:c1:08 192.168.50.100] receiver:[00:00:00:00:00:00 192.168.50.152]
10-17 11:23:03.545 W/ ( 0): [0 T2624 ..] [W2][ TX] [aml_filter_sp_data_frame 1310][SP FRAME TX][0] ARP req(0x1) sender:[c0:e3:50:49:c1:08 192.168.50.100] receiver:[00:00:00:00:00:00 192.168.50.153]
10-17 11:23:03.547 W/ ( 0): [0 T2624 ..] [W2][ TX] [aml_filter_sp_data_frame 1310][SP FRAME TX][0] ARP req(0x1) sender:[c0:e3:50:49:c1:08 192.168.50.100] receiver:[00:00:00:00:00:00 192.168.50.154]
10-17 11:23:03.550 W/ ( 0): [0 T2624 ..] [W2][ TX] [aml_filter_sp_data_frame 1310][SP FRAME TX][0] ARP req(0x1) sender:[c0:e3:50:49:c1:08 192.168.50.100] receiver:[00:00:00:00:00:00 192.168.50.155]
10-17 11:23:03.552 W/ ( 0): [0 T2624 ..] [W2][ TX] [aml_filter_sp_data_frame 1310][SP FRAME TX][0] ARP req(0x1) sender:[c0:e3:50:49:c1:08 192.168.50.100] receiver:[00:00:00:00:00:00 192.168.50.156]
10-17 11:23:03.554 W/ ( 0): [0 T2624 ..] [W2][ TX] [aml_filter_sp_data_frame 1310][SP FRAME TX][0] ARP req(0x1) sender:[c0:e3:50:49:c1:08 192.168.50.100] receiver:[00:00:00:00:00:00 192.168.50.157]
10-17 11:23:03.556 W/ ( 0): [0 T2624 ..] [W2][ TX] [aml_filter_sp_data_frame 1310][SP FRAME TX][0] ARP req(0x1) sender:[c0:e3:50:49:c1:08 192.168.50.100] receiver:[00:00:00:00:00:00 192.168.50.158]
10-17 11:23:03.558 W/ ( 0): [0 T2624 ..] [W2][ TX] [aml_filter_sp_data_frame 1310][SP FRAME TX][0] ARP req(0x1) sender:[c0:e3:50:49:c1:08 192.168.50.100] receiver:[00:00:00:00:00:00 192.168.50.159]
10-17 11:23:03.560 W/ ( 0): [0 T2624 ..] [W2][ TX] [aml_filter_sp_data_frame 1310][SP FRAME TX][0] ARP req(0x1) sender:[c0:e3:50:49:c1:08 192.168.50.100] receiver:[00:00:00:00:00:00 192.168.50.160]
10-17 11:23:03.562 W/ ( 0): [0 T2624 ..] [W2][ TX] [aml_filter_sp_data_frame 1310][SP FRAME TX][0] ARP req(0x1) sender:[c0:e3:50:49:c1:08 192.168.50.100] receiver:[00:00:00:00:00:00 192.168.50.161]
10-17 11:23:03.564 W/ ( 0): [0 T2624 ..] [W2][ TX] [aml_filter_sp_data_frame 1310][SP FRAME TX][0] ARP req(0x1) sender:[c0:e3:50:49:c1:08 192.168.50.100] receiver:[00:00:00:00:00:00 192.168.50.162]
10-17 11:23:03.566 W/ ( 0): [0 T2624 ..] [W2][ TX] [aml_filter_sp_data_frame 1310][SP FRAME TX][0] ARP req(0x1) sender:[c0:e3:50:49:c1:08 192.168.50.100] receiver:[00:00:00:00:00:00 192.168.50.163]
10-17 11:23:03.568 W/ ( 0): [0 T2624 ..] [W2][ TX] [aml_filter_sp_data_frame 1310][SP FRAME TX][0] ARP req(0x1) sender:[c0:e3:50:49:c1:08 192.168.50.100] receiver:[00:00:00:00:00:00 192.168.50.164]
10-17 11:23:03.570 W/ ( 0): [0 T2624 ..] [W2][ TX] [aml_filter_sp_data_frame 1310][SP FRAME TX][0] ARP req(0x1) sender:[c0:e3:50:49:c1:08 192.168.50.100] receiver:[00:00:00:00:00:00 192.168.50.165]
10-17 11:23:03.572 W/ ( 0): [0 T2624 ..] [W2][ TX] [aml_filter_sp_data_frame 1310][SP FRAME TX][0] ARP req(0x1) sender:[c0:e3:50:49:c1:08 192.168.50.100] receiver:[00:00:00:00:00:00 192.168.50.166]
10-17 11:23:03.574 W/ ( 0): [0 T2624 ..] [W2][ TX] [aml_filter_sp_data_frame 1310][SP FRAME TX][0] ARP req(0x1) sender:[c0:e3:50:49:c1:08 192.168.50.100] receiver:[00:00:00:00:00:00 192.168.50.167]
10-17 11:23:03.577 W/ ( 0): [0 T2624 ..] [W2][ TX] [aml_filter_sp_data_frame 1310][SP FRAME TX][0] ARP req(0x1) sender:[c0:e3:50:49:c1:08 192.168.50.100] receiver:[00:00:00:00:00:00 192.168.50.168]
10-17 11:23:03.578 W/ ( 0): [0 T2624 ..] [W2][ TX] [aml_filter_sp_data_frame 1310][SP FRAME TX][0] ARP req(0x1) sender:[c0:e3:50:49:c1:08 192.168.50.100] receiver:[00:00:00:00:00:00 192.168.50.169]
10-17 11:23:03.581 W/ ( 0): [0 T2624 ..] [W2][ TX] [aml_filter_sp_data_frame 1310][SP FRAME TX][0] ARP req(0x1) sender:[c0:e3:50:49:c1:08 192.168.50.100] receiver:[00:00:00:00:00:00 192.168.50.170]
10-17 11:23:03.583 W/ ( 0): [0 T2624 ..] [W2][ TX] [aml_filter_sp_data_frame 1310][SP FRAME TX][0] ARP req(0x1) sender:[c0:e3:50:49:c1:08 192.168.50.100] receiver:[00:00:00:00:00:00 192.168.50.171]
10-17 11:23:03.585 W/ ( 0): [0 T2624 ..] [W2][ TX] [aml_filter_sp_data_frame 1310][SP FRAME TX][0] ARP req(0x1) sender:[c0:e3:50:49:c1:08 192.168.50.100] receiver:[00:00:00:00:00:00 192.168.50.172]
10-17 11:23:03.587 W/ ( 0): [0 T2624 ..] [W2][ TX] [aml_filter_sp_data_frame 1310][SP FRAME TX][0] ARP req(0x1) sender:[c0:e3:50:49:c1:08 192.168.50.100] receiver:[00:00:00:00:00:00 192.168.50.173]
10-17 11:23:03.589 W/ ( 0): [0 T2624 ..] [W2][ TX] [aml_filter_sp_data_frame 1310][SP FRAME TX][0] ARP req(0x1) sender:[c0:e3:50:49:c1:08 192.168.50.100] receiver:[00:00:00:00:00:00 192.168.50.174]
10-17 11:23:03.591 W/ ( 0): [0 T2624 ..] [W2][ TX] [aml_filter_sp_data_frame 1310][SP FRAME TX][0] ARP req(0x1) sender:[c0:e3:50:49:c1:08 192.168.50.100] receiver:[00:00:00:00:00:00 192.168.50.175]
10-17 11:23:03.593 W/ ( 0): [0 T2624 ..] [W2][ TX] [aml_filter_sp_data_frame 1310][SP FRAME TX][0] ARP req(0x1) sender:[c0:e3:50:49:c1:08 192.168.50.100] receiver:[00:00:00:00:00:00 192.168.50.176]
10-17 11:23:03.595 W/ ( 0): [0 T2624 ..] [W2][ TX] [aml_filter_sp_data_frame 1310][SP FRAME TX][0] ARP req(0x1) sender:[c0:e3:50:49:c1:08 192.168.50.100] receiver:[00:00:00:00:00:00 192.168.50.177]
10-17 11:23:03.597 W/ ( 0): [0 T2624 ..] [W2][ TX] [aml_filter_sp_data_frame 1310][SP FRAME TX][0] ARP req(0x1) sender:[c0:e3:50:49:c1:08 192.168.50.100] receiver:[00:00:00:00:00:00 192.168.50.178]
10-17 11:23:03.599 W/ ( 0): [0 T2624 ..] [W2][ TX] [aml_filter_sp_data_frame 1310][SP FRAME TX][0] ARP req(0x1) sender:[c0:e3:50:49:c1:08 192.168.50.100] receiver:[00:00:00:00:00:00 192.168.50.179]
10-17 11:23:03.601 W/ ( 0): [0 T2624 ..] [W2][ TX] [aml_filter_sp_data_frame 1310][SP FRAME TX][0] ARP req(0x1) sender:[c0:e3:50:49:c1:08 192.168.50.100] receiver:[00:00:00:00:00:00 192.168.50.180]
10-17 11:23:03.603 W/ ( 0): [0 T2624 ..] [W2][ TX] [aml_filter_sp_data_frame 1310][SP FRAME TX][0] ARP req(0x1) sender:[c0:e3:50:49:c1:08 192.168.50.100] receiver:[00:00:00:00:00:00 192.168.50.181]
10-17 11:23:03.605 W/ ( 0): [0 T2624 ..] [W2][ TX] [aml_filter_sp_data_frame 1310][SP FRAME TX][0] ARP req(0x1) sender:[c0:e3:50:49:c1:08 192.168.50.100] receiver:[00:00:00:00:00:00 192.168.50.182]
10-17 11:23:03.607 W/ ( 0): [0 T2624 ..] [W2][ TX] [aml_filter_sp_data_frame 1310][SP FRAME TX][0] ARP req(0x1) sender:[c0:e3:50:49:c1:08 192.168.50.100] receiver:[00:00:00:00:00:00 192.168.50.183]
10-17 11:23:03.610 W/ ( 0): [0 T2624 ..] [W2][ TX] [aml_filter_sp_data_frame 1310][SP FRAME TX][0] ARP req(0x1) sender:[c0:e3:50:49:c1:08 192.168.50.100] receiver:[00:00:00:00:00:00 192.168.50.184]
10-17 11:23:03.612 W/ ( 0): [0 T2624 ..] [W2][ TX] [aml_filter_sp_data_frame 1310][SP FRAME TX][0] ARP req(0x1) sender:[c0:e3:50:49:c1:08 192.168.50.100] receiver:[00:00:00:00:00:00 192.168.50.185]
10-17 11:23:03.614 W/ ( 0): [0 T2624 ..] [W2][ TX] [aml_filter_sp_data_frame 1310][SP FRAME TX][0] ARP req(0x1) sender:[c0:e3:50:49:c1:08 192.168.50.100] receiver:[00:00:00:00:00:00 192.168.50.186]
10-17 11:23:03.616 W/ ( 0): [0 T2624 ..] [W2][ TX] [aml_filter_sp_data_frame 1310][SP FRAME TX][0] ARP req(0x1) sender:[c0:e3:50:49:c1:08 192.168.50.100] receiver:[00:00:00:00:00:00 192.168.50.187]
10-17 11:23:03.618 W/ ( 0): [0 T2624 ..] [W2][ TX] [aml_filter_sp_data_frame 1310][SP FRAME TX][0] ARP req(0x1) sender:[c0:e3:50:49:c1:08 192.168.50.100] receiver:[00:00:00:00:00:00 192.168.50.188]
10-17 11:23:03.620 W/ ( 0): [0 T2624 ..] [W2][ TX] [aml_filter_sp_data_frame 1310][SP FRAME TX][0] ARP req(0x1) sender:[c0:e3:50:49:c1:08 192.168.50.100] receiver:[00:00:00:00:00:00 192.168.50.189]
10-17 11:23:03.622 W/ ( 0): [0 T2624 ..] [W2][ TX] [aml_filter_sp_data_frame 1310][SP FRAME TX][0] ARP req(0x1) sender:[c0:e3:50:49:c1:08 192.168.50.100] receiver:[00:00:00:00:00:00 192.168.50.190]
10-17 11:23:03.624 W/ ( 0): [0 T2624 ..] [W2][ TX] [aml_filter_sp_data_frame 1310][SP FRAME TX][0] ARP req(0x1) sender:[c0:e3:50:49:c1:08 192.168.50.100] receiver:[00:00:00:00:00:00 192.168.50.191]
10-17 11:23:03.626 W/ ( 0): [0 T2624 ..] [W2][ TX] [aml_filter_sp_data_frame 1310][SP FRAME TX][0] ARP req(0x1) sender:[c0:e3:50:49:c1:08 192.168.50.100] receiver:[00:00:00:00:00:00 192.168.50.192]
10-17 11:23:03.628 W/ ( 0): [0 T2624 ..] [W2][ TX] [aml_filter_sp_data_frame 1310][SP FRAME TX][0] ARP req(0x1) sender:[c0:e3:50:49:c1:08 192.168.50.100] receiver:[00:00:00:00:00:00 192.168.50.193]
10-17 11:23:03.630 W/ ( 0): [0 T2624 ..] [W2][ TX] [aml_filter_sp_data_frame 1310][SP FRAME TX][0] ARP req(0x1) sender:[c0:e3:50:49:c1:08 192.168.50.100] receiver:[00:00:00:00:00:00 192.168.50.194]
10-17 11:23:03.632 W/ ( 0): [0 T2624 ..] [W2][ TX] [aml_filter_sp_data_frame 1310][SP FRAME TX][0] ARP req(0x1) sender:[c0:e3:50:49:c1:08 192.168.50.100] receiver:[00:00:00:00:00:00 192.168.50.195]
10-17 11:23:03.624 D/NearFieldManagerImpl( 2570): onReceive action get:android.net.conn.CONNECTIVITY_CHANGE
10-17 11:23:03.634 W/ ( 0): [0 T2624 ..] [W2][ TX] [aml_filter_sp_data_frame 1310][SP FRAME TX][0] ARP req(0x1) sender:[c0:e3:50:49:c1:08 192.168.50.100] receiver:[00:00:00:00:00:00 192.168.50.196]
10-17 11:23:03.636 W/ ( 0): [0 T2624 ..] [W2][ TX] [aml_filter_sp_data_frame 1310][SP FRAME TX][0] ARP req(0x1) sender:[c0:e3:50:49:c1:08 192.168.50.100] receiver:[00:00:00:00:00:00 192.168.50.197]
10-17 11:23:03.638 W/ ( 0): [0 T2624 ..] [W2][ TX] [aml_filter_sp_data_frame 1310][SP FRAME TX][0] ARP req(0x1) sender:[c0:e3:50:49:c1:08 192.168.50.100] receiver:[00:00:00:00:00:00 192.168.50.198]
10-17 11:23:03.641 W/ ( 0): [0 T2624 ..] [W2][ TX] [aml_filter_sp_data_frame 1310][SP FRAME TX][0] ARP req(0x1) sender:[c0:e3:50:49:c1:08 192.168.50.100] receiver:[00:00:00:00:00:00 192.168.50.199]
10-17 11:23:03.626 W/efs.info.manager( 2570): network change: wifi
10-17 11:23:03.628 D/NearFieldUtils( 2570): getPreferredIpAddress exec
10-17 11:23:03.628 D/NearFieldUtils( 2570): getPreferredIpAddress by custom priority
10-17 11:23:03.628 D/NearFieldUtils( 2570): getIpByInterfaceSetting customIdnNetworkPriority:[]
10-17 11:23:03.628 D/NearFieldUtils( 2570): getPreferredIpAddress by default priority
10-17 11:23:03.644 W/ ( 0): [0 T772 .s] [W2][ TX] [aml_filter_sp_data_frame 1310][SP FRAME TX][0] ARP req(0x1) sender:[c0:e3:50:49:c1:08 192.168.50.100] receiver:[00:00:00:00:00:00 192.168.50.200]
10-17 11:23:03.645 W/ ( 0): [0 T772 .s] [W2][ TX] [aml_filter_sp_data_frame 1310][SP FRAME TX][0] ARP req(0x1) sender:[c0:e3:50:49:c1:08 192.168.50.100] receiver:[00:00:00:00:00:00 192.168.50.201]
10-17 11:23:03.647 W/ ( 0): [0 T772 .s] [W2][ TX] [aml_filter_sp_data_frame 1310][SP FRAME TX][0] ARP req(0x1) sender:[c0:e3:50:49:c1:08 192.168.50.100] receiver:[00:00:00:00:00:00 192.168.50.202]
10-17 11:23:03.649 W/ ( 0): [0 T772 .s] [W2][ TX] [aml_filter_sp_data_frame 1310][SP FRAME TX][0] ARP req(0x1) sender:[c0:e3:50:49:c1:08 192.168.50.100] receiver:[00:00:00:00:00:00 192.168.50.203]
10-17 11:23:03.651 W/ ( 0): [0 T772 .s] [W2][ TX] [aml_filter_sp_data_frame 1310][SP FRAME TX][0] ARP req(0x1) sender:[c0:e3:50:49:c1:08 192.168.50.100] receiver:[00:00:00:00:00:00 192.168.50.204]
10-17 11:23:03.653 W/ ( 0): [0 T772 .s] [W2][ TX] [aml_filter_sp_data_frame 1310][SP FRAME TX][0] ARP req(0x1) sender:[c0:e3:50:49:c1:08 192.168.50.100] receiver:[00:00:00:00:00:00 192.168.50.205]
10-17 11:23:03.655 W/ ( 0): [0 T772 .s] [W2][ TX] [aml_filter_sp_data_frame 1310][SP FRAME TX][0] ARP req(0x1) sender:[c0:e3:50:49:c1:08 192.168.50.100] receiver:[00:00:00:00:00:00 192.168.50.206]
10-17 11:23:03.657 W/ ( 0): [0 T772 .s] [W2][ TX] [aml_filter_sp_data_frame 1310][SP FRAME TX][0] ARP req(0x1) sender:[c0:e3:50:49:c1:08 192.168.50.100] receiver:[00:00:00:00:00:00 192.168.50.207]
10-17 11:23:03.651 D/NearFieldUtils( 2570): to get wlan0 ip address
10-17 11:23:03.651 D/NearFieldUtils( 2570): get wlan0 IP succeed.
10-17 11:23:03.651 E/NearFieldManagerImpl( 2570): notifyByPriority: interfaceNameInUse is null
10-17 11:23:03.651 D/NearFieldManagerImpl( 2570): handleConnectivityAction: notified by default
10-17 11:23:03.660 W/ ( 0): [0 T772 .s] [W2][ TX] [aml_filter_sp_data_frame 1310][SP FRAME TX][0] ARP req(0x1) sender:[c0:e3:50:49:c1:08 192.168.50.100] receiver:[00:00:00:00:00:00 192.168.50.208]
10-17 11:23:03.662 W/ ( 0): [0 T772 .s] [W2][ TX] [aml_filter_sp_data_frame 1310][SP FRAME TX][0] ARP req(0x1) sender:[c0:e3:50:49:c1:08 192.168.50.100] receiver:[00:00:00:00:00:00 192.168.50.209]
10-17 11:23:03.664 W/ ( 0): [0 T772 .s] [W2][ TX] [aml_filter_sp_data_frame 1310][SP FRAME TX][0] ARP req(0x1) sender:[c0:e3:50:49:c1:08 192.168.50.100] receiver:[00:00:00:00:00:00 192.168.50.210]
10-17 11:23:03.655 D/NearFieldUtils( 2570): to get wlan0 ip address
10-17 11:23:03.655 D/NearFieldUtils( 2570): get wlan0 IP succeed.
10-17 11:23:03.655 I/NearFieldManagerImpl( 2570): wlan Connected
10-17 11:23:03.655 I/HicomNf_java_to_c( 2570): notifyNetworkStateChanged with maskStr, networkType: 0, networkState: 0, mask:
10-17 11:23:03.655 I/HicomNfMainCtrlManager( 2570): NotifyNetworkStateChanged is called with networkState: 0
10-17 11:23:03.655 I/HicomNfMainCtrlManager( 2570): P2P and USB are both disconnected
10-17 11:23:03.655 I/HicomNfSecureManager( 2570): stop listening
10-17 11:23:03.655 I/HicomNfSecureManager( 2570): StopListening, m_sessionInfoLock out, before calling NSTACKX_DMsgClose 2
10-17 11:23:03.655 I/HicomNfSecureManager( 2570): StopListening, after calling NSTACKX_DMsgClose 2
10-17 11:23:03.666 W/ ( 0): [0 T772 .s] [W2][ TX] [aml_filter_sp_data_frame 1310][SP FRAME TX][0] ARP req(0x1) sender:[c0:e3:50:49:c1:08 192.168.50.100] receiver:[00:00:00:00:00:00 192.168.50.211]
10-17 11:23:03.668 W/ ( 0): [0 T772 .s] [W2][ TX] [aml_filter_sp_data_frame 1310][SP FRAME TX][0] ARP req(0x1) sender:[c0:e3:50:49:c1:08 192.168.50.100] receiver:[00:00:00:00:00:00 192.168.50.212]
10-17 11:23:03.659 I/HicomNf_java_to_c( 2570): notifyNetworkStateChanged with maskStr, networkType: 0, networkState: 1, mask: 255.255.255.0
10-17 11:23:03.659 I/HicomNfMainCtrlManager( 2570): NotifyNetworkStateChanged is called with networkState: 1
10-17 11:23:03.659 I/HicomNfSecureManager( 2570): StartListening, before calling NSTACKX_DMsgServer
10-17 11:23:03.659 I/nStackXDMsg( 2570): NSTACKX_DMsgServer:[1335] :msgReceiver is not NULL
10-17 11:23:03.659 D/nStackXDMsg( 2570): StartDMsgMainThread:[1274] :pthread_create
10-17 11:23:03.659 I/HicomNfSecureManager( 2570): StartListening, after calling NSTACKX_DMsgServer
10-17 11:23:03.659 I/HicomNfSecureManager( 2570): OnehopSecureCtrlManager: succeeded to StartListening with type 0
10-17 11:23:03.670 W/ ( 0): [0 T772 .s] [W2][ TX] [aml_filter_sp_data_frame 1310][SP FRAME TX][0] ARP req(0x1) sender:[c0:e3:50:49:c1:08 192.168.50.100] receiver:[00:00:00:00:00:00 192.168.50.213]
10-17 11:23:03.672 W/ ( 0): [0 T772 .s] [W2][ TX] [aml_filter_sp_data_frame 1310][SP FRAME TX][0] ARP req(0x1) sender:[c0:e3:50:49:c1:08 192.168.50.100] receiver:[00:00:00:00:00:00 192.168.50.214]
10-17 11:23:03.674 W/ ( 0): [0 T772 .s] [W2][ TX] [aml_filter_sp_data_frame 1310][SP FRAME TX][0] ARP req(0x1) sender:[c0:e3:50:49:c1:08 192.168.50.100] receiver:[00:00:00:00:00:00 192.168.50.215]
10-17 11:23:03.676 W/ ( 0): [0 T772 .s] [W2][ TX] [aml_filter_sp_data_frame 1310][SP FRAME TX][0] ARP req(0x1) sender:[c0:e3:50:49:c1:08 192.168.50.100] receiver:[00:00:00:00:00:00 192.168.50.216]
10-17 11:23:03.678 W/ ( 0): [0 T772 .s] [W2][ TX] [aml_filter_sp_data_frame 1310][SP FRAME TX][0] ARP req(0x1) sender:[c0:e3:50:49:c1:08 192.168.50.100] receiver:[00:00:00:00:00:00 192.168.50.217]
10-17 11:23:03.680 W/ ( 0): [0 T772 .s] [W2][ TX] [aml_filter_sp_data_frame 1310][SP FRAME TX][0] ARP req(0x1) sender:[c0:e3:50:49:c1:08 192.168.50.100] receiver:[00:00:00:00:00:00 192.168.50.218]
10-17 11:23:03.682 W/ ( 0): [0 T772 .s] [W2][ TX] [aml_filter_sp_data_frame 1310][SP FRAME TX][0] ARP req(0x1) sender:[c0:e3:50:49:c1:08 192.168.50.100] receiver:[00:00:00:00:00:00 192.168.50.219]
10-17 11:23:03.684 W/ ( 0): [0 T772 .s] [W2][ TX] [aml_filter_sp_data_frame 1310][SP FRAME TX][0] ARP req(0x1) sender:[c0:e3:50:49:c1:08 192.168.50.100] receiver:[00:00:00:00:00:00 192.168.50.220]
10-17 11:23:03.686 W/ ( 0): [0 T772 .s] [W2][ TX] [aml_filter_sp_data_frame 1310][SP FRAME TX][0] ARP req(0x1) sender:[c0:e3:50:49:c1:08 192.168.50.100] receiver:[00:00:00:00:00:00 192.168.50.221]
10-17 11:23:03.689 W/ ( 0): [0 T772 .s] [W2][ TX] [aml_filter_sp_data_frame 1310][SP FRAME TX][0] ARP req(0x1) sender:[c0:e3:50:49:c1:08 192.168.50.100] receiver:[00:00:00:00:00:00 192.168.50.222]
10-17 11:23:03.691 W/ ( 0): [0 T772 .s] [W2][ TX] [aml_filter_sp_data_frame 1310][SP FRAME TX][0] ARP req(0x1) sender:[c0:e3:50:49:c1:08 192.168.50.100] receiver:[00:00:00:00:00:00 192.168.50.223]
10-17 11:23:03.693 W/ ( 0): [0 T772 .s] [W2][ TX] [aml_filter_sp_data_frame 1310][SP FRAME TX][0] ARP req(0x1) sender:[c0:e3:50:49:c1:08 192.168.50.100] receiver:[00:00:00:00:00:00 192.168.50.224]
10-17 11:23:03.695 W/ ( 0): [0 T772 .s] [W2][ TX] [aml_filter_sp_data_frame 1310][SP FRAME TX][0] ARP req(0x1) sender:[c0:e3:50:49:c1:08 192.168.50.100] receiver:[00:00:00:00:00:00 192.168.50.225]
10-17 11:23:03.697 W/ ( 0): [0 T772 .s] [W2][ TX] [aml_filter_sp_data_frame 1310][SP FRAME TX][0] ARP req(0x1) sender:[c0:e3:50:49:c1:08 192.168.50.100] receiver:[00:00:00:00:00:00 192.168.50.226]
10-17 11:23:03.699 W/ ( 0): [0 T772 .s] [W2][ TX] [aml_filter_sp_data_frame 1310][SP FRAME TX][0] ARP req(0x1) sender:[c0:e3:50:49:c1:08 192.168.50.100] receiver:[00:00:00:00:00:00 192.168.50.227]
10-17 11:23:03.701 W/ ( 0): [0 T772 .s] [W2][ TX] [aml_filter_sp_data_frame 1310][SP FRAME TX][0] ARP req(0x1) sender:[c0:e3:50:49:c1:08 192.168.50.100] receiver:[00:00:00:00:00:00 192.168.50.228]
10-17 11:23:03.703 W/ ( 0): [0 T772 .s] [W2][ TX] [aml_filter_sp_data_frame 1310][SP FRAME TX][0] ARP req(0x1) sender:[c0:e3:50:49:c1:08 192.168.50.100] receiver:[00:00:00:00:00:00 192.168.50.229]
10-17 11:23:03.705 W/ ( 0): [0 T772 .s] [W2][ TX] [aml_filter_sp_data_frame 1310][SP FRAME TX][0] ARP req(0x1) sender:[c0:e3:50:49:c1:08 192.168.50.100] receiver:[00:00:00:00:00:00 192.168.50.230]
10-17 11:23:03.707 W/ ( 0): [0 T772 .s] [W2][ TX] [aml_filter_sp_data_frame 1310][SP FRAME TX][0] ARP req(0x1) sender:[c0:e3:50:49:c1:08 192.168.50.100] receiver:[00:00:00:00:00:00 192.168.50.231]
10-17 11:23:03.709 W/ ( 0): [0 T772 .s] [W2][ TX] [aml_filter_sp_data_frame 1310][SP FRAME TX][0] ARP req(0x1) sender:[c0:e3:50:49:c1:08 192.168.50.100] receiver:[00:00:00:00:00:00 192.168.50.232]
10-17 11:23:03.711 W/ ( 0): [0 T772 .s] [W2][ TX] [aml_filter_sp_data_frame 1310][SP FRAME TX][0] ARP req(0x1) sender:[c0:e3:50:49:c1:08 192.168.50.100] receiver:[00:00:00:00:00:00 192.168.50.233]
10-17 11:23:03.713 W/ ( 0): [0 T772 .s] [W2][ TX] [aml_filter_sp_data_frame 1310][SP FRAME TX][0] ARP req(0x1) sender:[c0:e3:50:49:c1:08 192.168.50.100] receiver:[00:00:00:00:00:00 192.168.50.234]
10-17 11:23:03.715 W/ ( 0): [0 T772 .s] [W2][ TX] [aml_filter_sp_data_frame 1310][SP FRAME TX][0] ARP req(0x1) sender:[c0:e3:50:49:c1:08 192.168.50.100] receiver:[00:00:00:00:00:00 192.168.50.235]
10-17 11:23:03.717 W/ ( 0): [0 T772 .s] [W2][ TX] [aml_filter_sp_data_frame 1310][SP FRAME TX][0] ARP req(0x1) sender:[c0:e3:50:49:c1:08 192.168.50.100] receiver:[00:00:00:00:00:00 192.168.50.236]
10-17 11:23:03.720 W/ ( 0): [0 T772 .s] [W2][ TX] [aml_filter_sp_data_frame 1310][SP FRAME TX][0] ARP req(0x1) sender:[c0:e3:50:49:c1:08 192.168.50.100] receiver:[00:00:00:00:00:00 192.168.50.237]
10-17 11:23:03.722 W/ ( 0): [0 T772 .s] [W2][ TX] [aml_filter_sp_data_frame 1310][SP FRAME TX][0] ARP req(0x1) sender:[c0:e3:50:49:c1:08 192.168.50.100] receiver:[00:00:00:00:00:00 192.168.50.238]
10-17 11:23:03.724 W/ ( 0): [0 T772 .s] [W2][ TX] [aml_filter_sp_data_frame 1310][SP FRAME TX][0] ARP req(0x1) sender:[c0:e3:50:49:c1:08 192.168.50.100] receiver:[00:00:00:00:00:00 192.168.50.239]
10-17 11:23:03.726 W/ ( 0): [0 T772 .s] [W2][ TX] [aml_filter_sp_data_frame 1310][SP FRAME TX][0] ARP req(0x1) sender:[c0:e3:50:49:c1:08 192.168.50.100] receiver:[00:00:00:00:00:00 192.168.50.240]
10-17 11:23:03.728 W/ ( 0): [0 T772 .s] [W2][ TX] [aml_filter_sp_data_frame 1310][SP FRAME TX][0] ARP req(0x1) sender:[c0:e3:50:49:c1:08 192.168.50.100] receiver:[00:00:00:00:00:00 192.168.50.241]
10-17 11:23:03.730 W/ ( 0): [0 T772 .s] [W2][ TX] [aml_filter_sp_data_frame 1310][SP FRAME TX][0] ARP req(0x1) sender:[c0:e3:50:49:c1:08 192.168.50.100] receiver:[00:00:00:00:00:00 192.168.50.242]
10-17 11:23:03.732 W/ ( 0): [0 T772 .s] [W2][ TX] [aml_filter_sp_data_frame 1310][SP FRAME TX][0] ARP req(0x1) sender:[c0:e3:50:49:c1:08 192.168.50.100] receiver:[00:00:00:00:00:00 192.168.50.243]
10-17 11:23:03.732 W/ ( 0): [2 T0 .s] [W2][ TX] [aml_filter_sp_data_frame 1310][SP FRAME RX][0] ARP rsp(0x2) sender:[84:7b:57:01:a4:3c 192.168.50.154] receiver:[c0:e3:50:49:c1:08 192.168.50.100]
10-17 11:23:03.734 W/ ( 0): [0 T772 .s] [W2][ TX] [aml_filter_sp_data_frame 1310][SP FRAME TX][0] ARP req(0x1) sender:[c0:e3:50:49:c1:08 192.168.50.100] receiver:[00:00:00:00:00:00 192.168.50.244]
10-17 11:23:03.738 W/ ( 0): [0 T772 .s] [W2][ TX] [aml_filter_sp_data_frame 1310][SP FRAME TX][0] ARP req(0x1) sender:[c0:e3:50:49:c1:08 192.168.50.100] receiver:[00:00:00:00:00:00 192.168.50.245]
10-17 11:23:03.740 W/ ( 0): [0 T772 .s] [W2][ TX] [aml_filter_sp_data_frame 1310][SP FRAME TX][0] ARP req(0x1) sender:[c0:e3:50:49:c1:08 192.168.50.100] receiver:[00:00:00:00:00:00 192.168.50.246]
10-17 11:23:03.742 W/ ( 0): [0 T772 .s] [W2][ TX] [aml_filter_sp_data_frame 1310][SP FRAME TX][0] ARP req(0x1) sender:[c0:e3:50:49:c1:08 192.168.50.100] receiver:[00:00:00:00:00:00 192.168.50.247]
10-17 11:23:03.744 W/ ( 0): [0 T772 .s] [W2][ TX] [aml_filter_sp_data_frame 1310][SP FRAME TX][0] ARP req(0x1) sender:[c0:e3:50:49:c1:08 192.168.50.100] receiver:[00:00:00:00:00:00 192.168.50.248]
10-17 11:23:03.746 W/ ( 0): [0 T772 .s] [W2][ TX] [aml_filter_sp_data_frame 1310][SP FRAME TX][0] ARP req(0x1) sender:[c0:e3:50:49:c1:08 192.168.50.100] receiver:[00:00:00:00:00:00 192.168.50.249]
10-17 11:23:03.749 W/ ( 0): [0 T772 .s] [W2][ TX] [aml_filter_sp_data_frame 1310][SP FRAME TX][0] ARP req(0x1) sender:[c0:e3:50:49:c1:08 192.168.50.100] receiver:[00:00:00:00:00:00 192.168.50.250]
10-17 11:23:03.751 W/ ( 0): [0 T772 .s] [W2][ TX] [aml_filter_sp_data_frame 1310][SP FRAME TX][0] ARP req(0x1) sender:[c0:e3:50:49:c1:08 192.168.50.100] receiver:[00:00:00:00:00:00 192.168.50.251]
10-17 11:23:03.753 W/ ( 0): [0 T772 .s] [W2][ TX] [aml_filter_sp_data_frame 1310][SP FRAME TX][0] ARP req(0x1) sender:[c0:e3:50:49:c1:08 192.168.50.100] receiver:[00:00:00:00:00:00 192.168.50.252]
10-17 11:23:03.755 W/ ( 0): [0 T772 .s] [W2][ TX] [aml_filter_sp_data_frame 1310][SP FRAME TX][0] ARP req(0x1) sender:[c0:e3:50:49:c1:08 192.168.50.100] receiver:[00:00:00:00:00:00 192.168.50.253]
10-17 11:23:03.757 W/ ( 0): [0 T772 .s] [W2][ TX] [aml_filter_sp_data_frame 1310][SP FRAME TX][0] ARP req(0x1) sender:[c0:e3:50:49:c1:08 192.168.50.100] receiver:[00:00:00:00:00:00 192.168.50.254]
10-17 11:23:03.866 E/hq ( 1524): Etna:::getFindLookupControllerState isConnect=true
10-17 11:23:03.866 E/Etna ( 1524): getFindLookupControllerState1111111
10-17 11:23:03.868 E/hq ( 1524): Etna:::getFindLookupControllerState valueStr=1
10-17 11:23:03.868 E/hq ( 1524): LookupControler:::isLookupController=true
10-17 11:23:03.868 I/hq ( 1524): LookupControler:::time=110000
10-17 11:23:03.965 E/raop ( 2302): JavaCallback init
10-17 11:23:04.199 W/ ( 0): [0 T0 .s] [W2][ TX] [aml_filter_sp_data_frame 1310][SP FRAME TX][0] ARP req(0x1) sender:[c0:e3:50:49:c1:08 192.168.50.100] receiver:[00:00:00:00:00:00 192.168.50.2]
10-17 11:23:04.204 I/rainbow_flow( 2539): type=1400 audit(0.0:896): avc: denied { ioctl } for path="/dev/spidev1.0" dev="tmpfs" ino=546 ioctlcmd=0x6b00 scontext=u:r:init:s0 tcontext=u:object_r:device:s0 tclass=chr_file permissive=1
10-17 11:23:04.231 W/ ( 0): [0 T0 .s] [W2][ TX] [aml_filter_sp_data_frame 1310][SP FRAME TX][0] ARP req(0x1) sender:[c0:e3:50:49:c1:08 192.168.50.100] receiver:[00:00:00:00:00:00 192.168.50.13]
10-17 11:23:04.232 W/ ( 0): [0 T0 .s] [W2][ TX] [aml_filter_sp_data_frame 1310][SP FRAME TX][0] ARP req(0x1) sender:[c0:e3:50:49:c1:08 192.168.50.100] receiver:[00:00:00:00:00:00 192.168.50.12]
10-17 11:23:04.234 W/ ( 0): [0 T0 .s] [W2][ TX] [aml_filter_sp_data_frame 1310][SP FRAME TX][0] ARP req(0x1) sender:[c0:e3:50:49:c1:08 192.168.50.100] receiver:[00:00:00:00:00:00 192.168.50.11]
10-17 11:23:04.237 W/ ( 0): [0 T0 .s] [W2][ TX] [aml_filter_sp_data_frame 1310][SP FRAME TX][0] ARP req(0x1) sender:[c0:e3:50:49:c1:08 192.168.50.100] receiver:[00:00:00:00:00:00 192.168.50.10]
10-17 11:23:04.239 W/ ( 0): [0 T0 .s] [W2][ TX] [aml_filter_sp_data_frame 1310][SP FRAME TX][0] ARP req(0x1) sender:[c0:e3:50:49:c1:08 192.168.50.100] receiver:[00:00:00:00:00:00 192.168.50.9]
10-17 11:23:04.241 W/ ( 0): [0 T0 .s] [W2][ TX] [aml_filter_sp_data_frame 1310][SP FRAME TX][0] ARP req(0x1) sender:[c0:e3:50:49:c1:08 192.168.50.100] receiver:[00:00:00:00:00:00 192.168.50.8]
10-17 11:23:04.243 W/ ( 0): [0 T0 .s] [W2][ TX] [aml_filter_sp_data_frame 1310][SP FRAME TX][0] ARP req(0x1) sender:[c0:e3:50:49:c1:08 192.168.50.100] receiver:[00:00:00:00:00:00 192.168.50.7]
10-17 11:23:04.245 W/ ( 0): [0 T0 .s] [W2][ TX] [aml_filter_sp_data_frame 1310][SP FRAME TX][0] ARP req(0x1) sender:[c0:e3:50:49:c1:08 192.168.50.100] receiver:[00:00:00:00:00:00 192.168.50.6]
10-17 11:23:04.247 W/ ( 0): [0 T0 .s] [W2][ TX] [aml_filter_sp_data_frame 1310][SP FRAME TX][0] ARP req(0x1) sender:[c0:e3:50:49:c1:08 192.168.50.100] receiver:[00:00:00:00:00:00 192.168.50.5]
10-17 11:23:04.249 W/ ( 0): [0 T0 .s] [W2][ TX] [aml_filter_sp_data_frame 1310][SP FRAME TX][0] ARP req(0x1) sender:[c0:e3:50:49:c1:08 192.168.50.100] receiver:[00:00:00:00:00:00 192.168.50.4]
10-17 11:23:04.251 W/ ( 0): [0 T0 .s] [W2][ TX] [aml_filter_sp_data_frame 1310][SP FRAME TX][0] ARP req(0x1) sender:[c0:e3:50:49:c1:08 192.168.50.100] receiver:[00:00:00:00:00:00 192.168.50.3]
10-17 11:23:04.263 W/ ( 0): [0 T13 .s] [W2][ TX] [aml_filter_sp_data_frame 1310][SP FRAME TX][0] ARP req(0x1) sender:[c0:e3:50:49:c1:08 192.168.50.100] receiver:[00:00:00:00:00:00 192.168.50.20]
10-17 11:23:04.264 W/ ( 0): [0 T13 .s] [W2][ TX] [aml_filter_sp_data_frame 1310][SP FRAME TX][0] ARP req(0x1) sender:[c0:e3:50:49:c1:08 192.168.50.100] receiver:[00:00:00:00:00:00 192.168.50.28]
10-17 11:23:04.266 W/ ( 0): [0 T13 .s] [W2][ TX] [aml_filter_sp_data_frame 1310][SP FRAME TX][0] ARP req(0x1) sender:[c0:e3:50:49:c1:08 192.168.50.100] receiver:[00:00:00:00:00:00 192.168.50.27]
10-17 11:23:04.269 W/ ( 0): [0 T13 .s] [W2][ TX] [aml_filter_sp_data_frame 1310][SP FRAME TX][0] ARP req(0x1) sender:[c0:e3:50:49:c1:08 192.168.50.100] receiver:[00:00:00:00:00:00 192.168.50.26]
10-17 11:23:04.271 W/ ( 0): [0 T13 .s] [W2][ TX] [aml_filter_sp_data_frame 1310][SP FRAME TX][0] ARP req(0x1) sender:[c0:e3:50:49:c1:08 192.168.50.100] receiver:[00:00:00:00:00:00 192.168.50.25]
10-17 11:23:04.273 W/ ( 0): [0 T13 .s] [W2][ TX] [aml_filter_sp_data_frame 1310][SP FRAME TX][0] ARP req(0x1) sender:[c0:e3:50:49:c1:08 192.168.50.100] receiver:[00:00:00:00:00:00 192.168.50.24]
10-17 11:23:04.275 W/ ( 0): [0 T13 .s] [W2][ TX] [aml_filter_sp_data_frame 1310][SP FRAME TX][0] ARP req(0x1) sender:[c0:e3:50:49:c1:08 192.168.50.100] receiver:[00:00:00:00:00:00 192.168.50.23]
10-17 11:23:04.277 W/ ( 0): [0 T13 .s] [W2][ TX] [aml_filter_sp_data_frame 1310][SP FRAME TX][0] ARP req(0x1) sender:[c0:e3:50:49:c1:08 192.168.50.100] receiver:[00:00:00:00:00:00 192.168.50.22]
10-17 11:23:04.279 W/ ( 0): [0 T13 .s] [W2][ TX] [aml_filter_sp_data_frame 1310][SP FRAME TX][0] ARP req(0x1) sender:[c0:e3:50:49:c1:08 192.168.50.100] receiver:[00:00:00:00:00:00 192.168.50.21]
10-17 11:23:04.281 W/ ( 0): [0 T13 .s] [W2][ TX] [aml_filter_sp_data_frame 1310][SP FRAME TX][0] ARP req(0x1) sender:[c0:e3:50:49:c1:08 192.168.50.100] receiver:[00:00:00:00:00:00 192.168.50.19]
10-17 11:23:04.283 W/ ( 0): [0 T13 .s] [W2][ TX] [aml_filter_sp_data_frame 1310][SP FRAME TX][0] ARP req(0x1) sender:[c0:e3:50:49:c1:08 192.168.50.100] receiver:[00:00:00:00:00:00 192.168.50.18]
10-17 11:23:04.285 W/ ( 0): [0 T13 .s] [W2][ TX] [aml_filter_sp_data_frame 1310][SP FRAME TX][0] ARP req(0x1) sender:[c0:e3:50:49:c1:08 192.168.50.100] receiver:[00:00:00:00:00:00 192.168.50.17]
10-17 11:23:04.287 W/ ( 0): [0 T13 .s] [W2][ TX] [aml_filter_sp_data_frame 1310][SP FRAME TX][0] ARP req(0x1) sender:[c0:e3:50:49:c1:08 192.168.50.100] receiver:[00:00:00:00:00:00 192.168.50.16]
10-17 11:23:04.289 W/ ( 0): [0 T13 .s] [W2][ TX] [aml_filter_sp_data_frame 1310][SP FRAME TX][0] ARP req(0x1) sender:[c0:e3:50:49:c1:08 192.168.50.100] receiver:[00:00:00:00:00:00 192.168.50.15]
10-17 11:23:04.291 W/ ( 0): [0 T13 .s] [W2][ TX] [aml_filter_sp_data_frame 1310][SP FRAME TX][0] ARP req(0x1) sender:[c0:e3:50:49:c1:08 192.168.50.100] receiver:[00:00:00:00:00:00 192.168.50.14]
10-17 11:23:04.295 W/ ( 0): [2 T0 .s] [W2][ TX] [aml_filter_sp_data_frame 1310][SP FRAME TX][0] ARP req(0x1) sender:[c0:e3:50:49:c1:08 192.168.50.100] receiver:[00:00:00:00:00:00 192.168.50.38]
10-17 11:23:04.296 W/ ( 0): [2 T0 .s] [W2][ TX] [aml_filter_sp_data_frame 1310][SP FRAME TX][0] ARP req(0x1) sender:[c0:e3:50:49:c1:08 192.168.50.100] receiver:[00:00:00:00:00:00 192.168.50.37]
10-17 11:23:04.298 W/ ( 0): [2 T0 .s] [W2][ TX] [aml_filter_sp_data_frame 1310][SP FRAME TX][0] ARP req(0x1) sender:[c0:e3:50:49:c1:08 192.168.50.100] receiver:[00:00:00:00:00:00 192.168.50.36]
10-17 11:23:04.301 W/ ( 0): [2 T0 .s] [W2][ TX] [aml_filter_sp_data_frame 1310][SP FRAME TX][0] ARP req(0x1) sender:[c0:e3:50:49:c1:08 192.168.50.100] receiver:[00:00:00:00:00:00 192.168.50.35]
10-17 11:23:04.303 W/ ( 0): [2 T0 .s] [W2][ TX] [aml_filter_sp_data_frame 1310][SP FRAME TX][0] ARP req(0x1) sender:[c0:e3:50:49:c1:08 192.168.50.100] receiver:[00:00:00:00:00:00 192.168.50.34]
10-17 11:23:04.305 W/ ( 0): [2 T0 .s] [W2][ TX] [aml_filter_sp_data_frame 1310][SP FRAME TX][0] ARP req(0x1) sender:[c0:e3:50:49:c1:08 192.168.50.100] receiver:[00:00:00:00:00:00 192.168.50.33]
10-17 11:23:04.307 W/ ( 0): [2 T0 .s] [W2][ TX] [aml_filter_sp_data_frame 1310][SP FRAME TX][0] ARP req(0x1) sender:[c0:e3:50:49:c1:08 192.168.50.100] receiver:[00:00:00:00:00:00 192.168.50.32]
10-17 11:23:04.309 W/ ( 0): [2 T0 .s] [W2][ TX] [aml_filter_sp_data_frame 1310][SP FRAME TX][0] ARP req(0x1) sender:[c0:e3:50:49:c1:08 192.168.50.100] receiver:[00:00:00:00:00:00 192.168.50.31]
10-17 11:23:04.311 W/ ( 0): [2 T0 .s] [W2][ TX] [aml_filter_sp_data_frame 1310][SP FRAME TX][0] ARP req(0x1) sender:[c0:e3:50:49:c1:08 192.168.50.100] receiver:[00:00:00:00:00:00 192.168.50.30]
10-17 11:23:04.327 W/ ( 0): [2 T0 .s] [W2][ TX] [aml_filter_sp_data_frame 1310][SP FRAME TX][0] ARP req(0x1) sender:[c0:e3:50:49:c1:08 192.168.50.100] receiver:[00:00:00:00:00:00 192.168.50.48]
10-17 11:23:04.328 W/ ( 0): [2 T0 .s] [W2][ TX] [aml_filter_sp_data_frame 1310][SP FRAME TX][0] ARP req(0x1) sender:[c0:e3:50:49:c1:08 192.168.50.100] receiver:[00:00:00:00:00:00 192.168.50.47]
10-17 11:23:04.330 W/ ( 0): [2 T0 .s] [W2][ TX] [aml_filter_sp_data_frame 1310][SP FRAME TX][0] ARP req(0x1) sender:[c0:e3:50:49:c1:08 192.168.50.100] receiver:[00:00:00:00:00:00 192.168.50.46]
10-17 11:23:04.333 W/ ( 0): [2 T0 .s] [W2][ TX] [aml_filter_sp_data_frame 1310][SP FRAME TX][0] ARP req(0x1) sender:[c0:e3:50:49:c1:08 192.168.50.100] receiver:[00:00:00:00:00:00 192.168.50.45]
10-17 11:23:04.335 W/ ( 0): [2 T0 .s] [W2][ TX] [aml_filter_sp_data_frame 1310][SP FRAME TX][0] ARP req(0x1) sender:[c0:e3:50:49:c1:08 192.168.50.100] receiver:[00:00:00:00:00:00 192.168.50.44]
10-17 11:23:04.337 W/ ( 0): [2 T0 .s] [W2][ TX] [aml_filter_sp_data_frame 1310][SP FRAME TX][0] ARP req(0x1) sender:[c0:e3:50:49:c1:08 192.168.50.100] receiver:[00:00:00:00:00:00 192.168.50.43]
10-17 11:23:04.339 W/ ( 0): [2 T0 .s] [W2][ TX] [aml_filter_sp_data_frame 1310][SP FRAME TX][0] ARP req(0x1) sender:[c0:e3:50:49:c1:08 192.168.50.100] receiver:[00:00:00:00:00:00 192.168.50.42]
10-17 11:23:04.341 W/ ( 0): [2 T0 .s] [W2][ TX] [aml_filter_sp_data_frame 1310][SP FRAME TX][0] ARP req(0x1) sender:[c0:e3:50:49:c1:08 192.168.50.100] receiver:[00:00:00:00:00:00 192.168.50.41]
10-17 11:23:04.343 W/ ( 0): [2 T0 .s] [W2][ TX] [aml_filter_sp_data_frame 1310][SP FRAME TX][0] ARP req(0x1) sender:[c0:e3:50:49:c1:08 192.168.50.100] receiver:[00:00:00:00:00:00 192.168.50.40]
10-17 11:23:04.345 W/ ( 0): [2 T0 .s] [W2][ TX] [aml_filter_sp_data_frame 1310][SP FRAME TX][0] ARP req(0x1) sender:[c0:e3:50:49:c1:08 192.168.50.100] receiver:[00:00:00:00:00:00 192.168.50.39]
10-17 11:23:04.336 I/ActivityManager( 714): Skip zero pid ANR, process=WebViewLoader-armeabi-v7a
10-17 11:23:04.363 W/ ( 0): [2 T0 .s] [W2][ TX] [aml_filter_sp_data_frame 1310][SP FRAME TX][0] ARP req(0x1) sender:[c0:e3:50:49:c1:08 192.168.50.100] receiver:[00:00:00:00:00:00 192.168.50.63]
10-17 11:23:04.364 W/ ( 0): [2 T0 .s] [W2][ TX] [aml_filter_sp_data_frame 1310][SP FRAME TX][0] ARP req(0x1) sender:[c0:e3:50:49:c1:08 192.168.50.100] receiver:[00:00:00:00:00:00 192.168.50.62]
10-17 11:23:04.366 W/ ( 0): [2 T0 .s] [W2][ TX] [aml_filter_sp_data_frame 1310][SP FRAME TX][0] ARP req(0x1) sender:[c0:e3:50:49:c1:08 192.168.50.100] receiver:[00:00:00:00:00:00 192.168.50.61]
10-17 11:23:04.369 W/ ( 0): [2 T0 .s] [W2][ TX] [aml_filter_sp_data_frame 1310][SP FRAME TX][0] ARP req(0x1) sender:[c0:e3:50:49:c1:08 192.168.50.100] receiver:[00:00:00:00:00:00 192.168.50.60]
10-17 11:23:04.371 W/ ( 0): [2 T0 .s] [W2][ TX] [aml_filter_sp_data_frame 1310][SP FRAME TX][0] ARP req(0x1) sender:[c0:e3:50:49:c1:08 192.168.50.100] receiver:[00:00:00:00:00:00 192.168.50.59]
10-17 11:23:04.373 W/ ( 0): [2 T0 .s] [W2][ TX] [aml_filter_sp_data_frame 1310][SP FRAME TX][0] ARP req(0x1) sender:[c0:e3:50:49:c1:08 192.168.50.100] receiver:[00:00:00:00:00:00 192.168.50.58]
10-17 11:23:04.375 W/ ( 0): [2 T0 .s] [W2][ TX] [aml_filter_sp_data_frame 1310][SP FRAME TX][0] ARP req(0x1) sender:[c0:e3:50:49:c1:08 192.168.50.100] receiver:[00:00:00:00:00:00 192.168.50.57]
10-17 11:23:04.377 W/ ( 0): [2 T0 .s] [W2][ TX] [aml_filter_sp_data_frame 1310][SP FRAME TX][0] ARP req(0x1) sender:[c0:e3:50:49:c1:08 192.168.50.100] receiver:[00:00:00:00:00:00 192.168.50.56]
