10-17 11:23:05.427 W/ ( 0): [2 T0 .s] [W2][ TX] [aml_filter_sp_data_frame 1310][SP FRAME TX][0] ARP req(0x1) sender:[c0:e3:50:49:c1:08 192.168.50.100] receiver:[00:00:00:00:00:00 192.168.50.77]
10-17 11:23:05.429 W/ ( 0): [2 T0 .s] [W2][ TX] [aml_filter_sp_data_frame 1310][SP FRAME TX][0] ARP req(0x1) sender:[c0:e3:50:49:c1:08 192.168.50.100] receiver:[00:00:00:00:00:00 192.168.50.78]
10-17 11:23:05.431 W/ ( 0): [2 T0 .s] [W2][ TX] [aml_filter_sp_data_frame 1310][SP FRAME TX][0] ARP req(0x1) sender:[c0:e3:50:49:c1:08 192.168.50.100] receiver:[00:00:00:00:00:00 192.168.50.79]
10-17 11:23:05.433 W/ ( 0): [2 T0 .s] [W2][ TX] [aml_filter_sp_data_frame 1310][SP FRAME TX][0] ARP req(0x1) sender:[c0:e3:50:49:c1:08 192.168.50.100] receiver:[00:00:00:00:00:00 192.168.50.70]
10-17 11:23:05.435 W/ ( 0): [2 T0 .s] [W2][ TX] [aml_filter_sp_data_frame 1310][SP FRAME TX][0] ARP req(0x1) sender:[c0:e3:50:49:c1:08 192.168.50.100] receiver:[00:00:00:00:00:00 192.168.50.71]
10-17 11:23:05.437 W/ ( 0): [2 T0 .s] [W2][ TX] [aml_filter_sp_data_frame 1310][SP FRAME TX][0] ARP req(0x1) sender:[c0:e3:50:49:c1:08 192.168.50.100] receiver:[00:00:00:00:00:00 192.168.50.49]
10-17 11:23:05.439 W/ ( 0): [2 T0 .s] [W2][ TX] [aml_filter_sp_data_frame 1310][SP FRAME TX][0] ARP req(0x1) sender:[c0:e3:50:49:c1:08 192.168.50.100] receiver:[00:00:00:00:00:00 192.168.50.50]
10-17 11:23:05.441 W/ ( 0): [2 T0 .s] [W2][ TX] [aml_filter_sp_data_frame 1310][SP FRAME TX][0] ARP req(0x1) sender:[c0:e3:50:49:c1:08 192.168.50.100] receiver:[00:00:00:00:00:00 192.168.50.51]
10-17 11:23:05.443 W/ ( 0): [2 T0 .s] [W2][ TX] [aml_filter_sp_data_frame 1310][SP FRAME TX][0] ARP req(0x1) sender:[c0:e3:50:49:c1:08 192.168.50.100] receiver:[00:00:00:00:00:00 192.168.50.52]
10-17 11:23:05.445 W/ ( 0): [2 T0 .s] [W2][ TX] [aml_filter_sp_data_frame 1310][SP FRAME TX][0] ARP req(0x1) sender:[c0:e3:50:49:c1:08 192.168.50.100] receiver:[00:00:00:00:00:00 192.168.50.53]
10-17 11:23:05.447 W/ ( 0): [2 T0 .s] [W2][ TX] [aml_filter_sp_data_frame 1310][SP FRAME TX][0] ARP req(0x1) sender:[c0:e3:50:49:c1:08 192.168.50.100] receiver:[00:00:00:00:00:00 192.168.50.94]
10-17 11:23:05.449 W/ ( 0): [2 T0 .s] [W2][ TX] [aml_filter_sp_data_frame 1310][SP FRAME TX][0] ARP req(0x1) sender:[c0:e3:50:49:c1:08 192.168.50.100] receiver:[00:00:00:00:00:00 192.168.50.64]
10-17 11:23:05.451 W/ ( 0): [2 T0 .s] [W2][ TX] [aml_filter_sp_data_frame 1310][SP FRAME TX][0] ARP req(0x1) sender:[c0:e3:50:49:c1:08 192.168.50.100] receiver:[00:00:00:00:00:00 192.168.50.80]
10-17 11:23:05.453 W/ ( 0): [2 T0 .s] [W2][ TX] [aml_filter_sp_data_frame 1310][SP FRAME TX][0] ARP req(0x1) sender:[c0:e3:50:49:c1:08 192.168.50.100] receiver:[00:00:00:00:00:00 192.168.50.81]
10-17 11:23:05.455 W/ ( 0): [2 T0 .s] [W2][ TX] [aml_filter_sp_data_frame 1310][SP FRAME TX][0] ARP req(0x1) sender:[c0:e3:50:49:c1:08 192.168.50.100] receiver:[00:00:00:00:00:00 192.168.50.82]
10-17 11:23:05.458 W/ ( 0): [2 T0 .s] [W2][ TX] [aml_filter_sp_data_frame 1310][SP FRAME TX][0] ARP req(0x1) sender:[c0:e3:50:49:c1:08 192.168.50.100] receiver:[00:00:00:00:00:00 192.168.50.83]
10-17 11:23:05.460 W/ ( 0): [2 T0 .s] [W2][ TX] [aml_filter_sp_data_frame 1310][SP FRAME TX][0] ARP req(0x1) sender:[c0:e3:50:49:c1:08 192.168.50.100] receiver:[00:00:00:00:00:00 192.168.50.84]
10-17 11:23:05.462 W/ ( 0): [2 T0 .s] [W2][ TX] [aml_filter_sp_data_frame 1310][SP FRAME TX][0] ARP req(0x1) sender:[c0:e3:50:49:c1:08 192.168.50.100] receiver:[00:00:00:00:00:00 192.168.50.85]
10-17 11:23:05.464 W/ ( 0): [2 T0 .s] [W2][ TX] [aml_filter_sp_data_frame 1310][SP FRAME TX][0] ARP req(0x1) sender:[c0:e3:50:49:c1:08 192.168.50.100] receiver:[00:00:00:00:00:00 192.168.50.87]
10-17 11:23:05.466 W/ ( 0): [2 T0 .s] [W2][ TX] [aml_filter_sp_data_frame 1310][SP FRAME TX][0] ARP req(0x1) sender:[c0:e3:50:49:c1:08 192.168.50.100] receiver:[00:00:00:00:00:00 192.168.50.88]
10-17 11:23:05.468 W/ ( 0): [2 T0 .s] [W2][ TX] [aml_filter_sp_data_frame 1310][SP FRAME TX][0] ARP req(0x1) sender:[c0:e3:50:49:c1:08 192.168.50.100] receiver:[00:00:00:00:00:00 192.168.50.89]
10-17 11:23:05.470 W/ ( 0): [2 T0 .s] [W2][ TX] [aml_filter_sp_data_frame 1310][SP FRAME TX][0] ARP req(0x1) sender:[c0:e3:50:49:c1:08 192.168.50.100] receiver:[00:00:00:00:00:00 192.168.50.90]
10-17 11:23:05.472 W/ ( 0): [2 T0 .s] [W2][ TX] [aml_filter_sp_data_frame 1310][SP FRAME TX][0] ARP req(0x1) sender:[c0:e3:50:49:c1:08 192.168.50.100] receiver:[00:00:00:00:00:00 192.168.50.65]
10-17 11:23:05.474 W/ ( 0): [2 T0 .s] [W2][ TX] [aml_filter_sp_data_frame 1310][SP FRAME TX][0] ARP req(0x1) sender:[c0:e3:50:49:c1:08 192.168.50.100] receiver:[00:00:00:00:00:00 192.168.50.66]
10-17 11:23:05.476 W/ ( 0): [2 T0 .s] [W2][ TX] [aml_filter_sp_data_frame 1310][SP FRAME TX][0] ARP req(0x1) sender:[c0:e3:50:49:c1:08 192.168.50.100] receiver:[00:00:00:00:00:00 192.168.50.67]
10-17 11:23:05.478 W/ ( 0): [2 T0 .s] [W2][ TX] [aml_filter_sp_data_frame 1310][SP FRAME TX][0] ARP req(0x1) sender:[c0:e3:50:49:c1:08 192.168.50.100] receiver:[00:00:00:00:00:00 192.168.50.68]
10-17 11:23:05.480 W/ ( 0): [2 T0 .s] [W2][ TX] [aml_filter_sp_data_frame 1310][SP FRAME TX][0] ARP req(0x1) sender:[c0:e3:50:49:c1:08 192.168.50.100] receiver:[00:00:00:00:00:00 192.168.50.98]
10-17 11:23:05.482 W/ ( 0): [2 T0 .s] [W2][ TX] [aml_filter_sp_data_frame 1310][SP FRAME TX][0] ARP req(0x1) sender:[c0:e3:50:49:c1:08 192.168.50.100] receiver:[00:00:00:00:00:00 192.168.50.99]
10-17 11:23:05.484 W/ ( 0): [2 T0 .s] [W2][ TX] [aml_filter_sp_data_frame 1310][SP FRAME TX][0] ARP req(0x1) sender:[c0:e3:50:49:c1:08 192.168.50.100] receiver:[00:00:00:00:00:00 192.168.50.101]
10-17 11:23:05.486 W/ ( 0): [2 T0 .s] [W2][ TX] [aml_filter_sp_data_frame 1310][SP FRAME TX][0] ARP req(0x1) sender:[c0:e3:50:49:c1:08 192.168.50.100] receiver:[00:00:00:00:00:00 192.168.50.102]
10-17 11:23:05.488 W/ ( 0): [2 T0 .s] [W2][ TX] [aml_filter_sp_data_frame 1310][SP FRAME TX][0] ARP req(0x1) sender:[c0:e3:50:49:c1:08 192.168.50.100] receiver:[00:00:00:00:00:00 192.168.50.103]
10-17 11:23:05.490 W/ ( 0): [2 T0 .s] [W2][ TX] [aml_filter_sp_data_frame 1310][SP FRAME TX][0] ARP req(0x1) sender:[c0:e3:50:49:c1:08 192.168.50.100] receiver:[00:00:00:00:00:00 192.168.50.104]
10-17 11:23:05.493 W/ ( 0): [2 T0 .s] [W2][ TX] [aml_filter_sp_data_frame 1310][SP FRAME TX][0] ARP req(0x1) sender:[c0:e3:50:49:c1:08 192.168.50.100] receiver:[00:00:00:00:00:00 192.168.50.105]
10-17 11:23:05.495 W/ ( 0): [2 T0 .s] [W2][ TX] [aml_filter_sp_data_frame 1310][SP FRAME TX][0] ARP req(0x1) sender:[c0:e3:50:49:c1:08 192.168.50.100] receiver:[00:00:00:00:00:00 192.168.50.106]
10-17 11:23:05.497 W/ ( 0): [2 T0 .s] [W2][ TX] [aml_filter_sp_data_frame 1310][SP FRAME TX][0] ARP req(0x1) sender:[c0:e3:50:49:c1:08 192.168.50.100] receiver:[00:00:00:00:00:00 192.168.50.108]
10-17 11:23:05.499 W/ ( 0): [2 T0 .s] [W2][ TX] [aml_filter_sp_data_frame 1310][SP FRAME TX][0] ARP req(0x1) sender:[c0:e3:50:49:c1:08 192.168.50.100] receiver:[00:00:00:00:00:00 192.168.50.109]
10-17 11:23:05.501 W/ ( 0): [2 T0 .s] [W2][ TX] [aml_filter_sp_data_frame 1310][SP FRAME TX][0] ARP req(0x1) sender:[c0:e3:50:49:c1:08 192.168.50.100] receiver:[00:00:00:00:00:00 192.168.50.110]
10-17 11:23:05.503 W/ ( 0): [2 T0 .s] [W2][ TX] [aml_filter_sp_data_frame 1310][SP FRAME TX][0] ARP req(0x1) sender:[c0:e3:50:49:c1:08 192.168.50.100] receiver:[00:00:00:00:00:00 192.168.50.111]
10-17 11:23:05.505 W/ ( 0): [2 T0 .s] [W2][ TX] [aml_filter_sp_data_frame 1310][SP FRAME TX][0] ARP req(0x1) sender:[c0:e3:50:49:c1:08 192.168.50.100] receiver:[00:00:00:00:00:00 192.168.50.91]
10-17 11:23:05.507 W/ ( 0): [2 T0 .s] [W2][ TX] [aml_filter_sp_data_frame 1310][SP FRAME TX][0] ARP req(0x1) sender:[c0:e3:50:49:c1:08 192.168.50.100] receiver:[00:00:00:00:00:00 192.168.50.92]
10-17 11:23:05.509 W/ ( 0): [2 T0 .s] [W2][ TX] [aml_filter_sp_data_frame 1310][SP FRAME TX][0] ARP req(0x1) sender:[c0:e3:50:49:c1:08 192.168.50.100] receiver:[00:00:00:00:00:00 192.168.50.93]
10-17 11:23:05.511 W/ ( 0): [2 T0 .s] [W2][ TX] [aml_filter_sp_data_frame 1310][SP FRAME TX][0] ARP req(0x1) sender:[c0:e3:50:49:c1:08 192.168.50.100] receiver:[00:00:00:00:00:00 192.168.50.114]
10-17 11:23:05.513 W/ ( 0): [2 T0 .s] [W2][ TX] [aml_filter_sp_data_frame 1310][SP FRAME TX][0] ARP req(0x1) sender:[c0:e3:50:49:c1:08 192.168.50.100] receiver:[00:00:00:00:00:00 192.168.50.115]
10-17 11:23:05.515 W/ ( 0): [2 T0 .s] [W2][ TX] [aml_filter_sp_data_frame 1310][SP FRAME TX][0] ARP req(0x1) sender:[c0:e3:50:49:c1:08 192.168.50.100] receiver:[00:00:00:00:00:00 192.168.50.116]
10-17 11:23:05.517 W/ ( 0): [2 T0 .s] [W2][ TX] [aml_filter_sp_data_frame 1310][SP FRAME TX][0] ARP req(0x1) sender:[c0:e3:50:49:c1:08 192.168.50.100] receiver:[00:00:00:00:00:00 192.168.50.117]
10-17 11:23:05.519 W/ ( 0): [2 T0 .s] [W2][ TX] [aml_filter_sp_data_frame 1310][SP FRAME TX][0] ARP req(0x1) sender:[c0:e3:50:49:c1:08 192.168.50.100] receiver:[00:00:00:00:00:00 192.168.50.118]
10-17 11:23:05.521 W/ ( 0): [2 T0 .s] [W2][ TX] [aml_filter_sp_data_frame 1310][SP FRAME TX][0] ARP req(0x1) sender:[c0:e3:50:49:c1:08 192.168.50.100] receiver:[00:00:00:00:00:00 192.168.50.119]
10-17 11:23:05.524 W/ ( 0): [2 T0 .s] [W2][ TX] [aml_filter_sp_data_frame 1310][SP FRAME TX][0] ARP req(0x1) sender:[c0:e3:50:49:c1:08 192.168.50.100] receiver:[00:00:00:00:00:00 192.168.50.120]
10-17 11:23:05.526 W/ ( 0): [2 T0 .s] [W2][ TX] [aml_filter_sp_data_frame 1310][SP FRAME TX][0] ARP req(0x1) sender:[c0:e3:50:49:c1:08 192.168.50.100] receiver:[00:00:00:00:00:00 192.168.50.121]
10-17 11:23:05.528 W/ ( 0): [2 T0 .s] [W2][ TX] [aml_filter_sp_data_frame 1310][SP FRAME TX][0] ARP req(0x1) sender:[c0:e3:50:49:c1:08 192.168.50.100] receiver:[00:00:00:00:00:00 192.168.50.122]
10-17 11:23:05.530 W/ ( 0): [2 T0 .s] [W2][ TX] [aml_filter_sp_data_frame 1310][SP FRAME TX][0] ARP req(0x1) sender:[c0:e3:50:49:c1:08 192.168.50.100] receiver:[00:00:00:00:00:00 192.168.50.123]
10-17 11:23:05.532 W/ ( 0): [2 T0 .s] [W2][ TX] [aml_filter_sp_data_frame 1310][SP FRAME TX][0] ARP req(0x1) sender:[c0:e3:50:49:c1:08 192.168.50.100] receiver:[00:00:00:00:00:00 192.168.50.124]
10-17 11:23:05.534 W/ ( 0): [2 T0 .s] [W2][ TX] [aml_filter_sp_data_frame 1310][SP FRAME TX][0] ARP req(0x1) sender:[c0:e3:50:49:c1:08 192.168.50.100] receiver:[00:00:00:00:00:00 192.168.50.125]
10-17 11:23:05.536 W/ ( 0): [2 T0 .s] [W2][ TX] [aml_filter_sp_data_frame 1310][SP FRAME TX][0] ARP req(0x1) sender:[c0:e3:50:49:c1:08 192.168.50.100] receiver:[00:00:00:00:00:00 192.168.50.95]
10-17 11:23:05.538 W/ ( 0): [2 T0 .s] [W2][ TX] [aml_filter_sp_data_frame 1310][SP FRAME TX][0] ARP req(0x1) sender:[c0:e3:50:49:c1:08 192.168.50.100] receiver:[00:00:00:00:00:00 192.168.50.96]
10-17 11:23:05.540 W/ ( 0): [2 T0 .s] [W2][ TX] [aml_filter_sp_data_frame 1310][SP FRAME TX][0] ARP req(0x1) sender:[c0:e3:50:49:c1:08 192.168.50.100] receiver:[00:00:00:00:00:00 192.168.50.97]
10-17 11:23:05.543 W/ ( 0): [2 T1084 .s] [W2][ TX] [aml_filter_sp_data_frame 1310][SP FRAME TX][0] ARP req(0x1) sender:[c0:e3:50:49:c1:08 192.168.50.100] receiver:[00:00:00:00:00:00 192.168.50.243]
10-17 11:23:05.544 W/ ( 0): [2 T1084 .s] [W2][ TX] [aml_filter_sp_data_frame 1310][SP FRAME TX][0] ARP req(0x1) sender:[c0:e3:50:49:c1:08 192.168.50.100] receiver:[00:00:00:00:00:00 192.168.50.244]
10-17 11:23:05.546 W/ ( 0): [2 T1084 .s] [W2][ TX] [aml_filter_sp_data_frame 1310][SP FRAME TX][0] ARP req(0x1) sender:[c0:e3:50:49:c1:08 192.168.50.100] receiver:[00:00:00:00:00:00 192.168.50.245]
10-17 11:23:05.548 W/ ( 0): [2 T1084 .s] [W2][ TX] [aml_filter_sp_data_frame 1310][SP FRAME TX][0] ARP req(0x1) sender:[c0:e3:50:49:c1:08 192.168.50.100] receiver:[00:00:00:00:00:00 192.168.50.246]
10-17 11:23:05.551 W/ ( 0): [2 T1084 .s] [W2][ TX] [aml_filter_sp_data_frame 1310][SP FRAME TX][0] ARP req(0x1) sender:[c0:e3:50:49:c1:08 192.168.50.100] receiver:[00:00:00:00:00:00 192.168.50.247]
10-17 11:23:05.553 W/ ( 0): [2 T1084 .s] [W2][ TX] [aml_filter_sp_data_frame 1310][SP FRAME TX][0] ARP req(0x1) sender:[c0:e3:50:49:c1:08 192.168.50.100] receiver:[00:00:00:00:00:00 192.168.50.248]
10-17 11:23:05.555 W/ ( 0): [2 T1084 .s] [W2][ TX] [aml_filter_sp_data_frame 1310][SP FRAME TX][0] ARP req(0x1) sender:[c0:e3:50:49:c1:08 192.168.50.100] receiver:[00:00:00:00:00:00 192.168.50.249]
10-17 11:23:05.557 W/ ( 0): [2 T1084 .s] [W2][ TX] [aml_filter_sp_data_frame 1310][SP FRAME TX][0] ARP req(0x1) sender:[c0:e3:50:49:c1:08 192.168.50.100] receiver:[00:00:00:00:00:00 192.168.50.250]
10-17 11:23:05.559 W/ ( 0): [2 T1084 .s] [W2][ TX] [aml_filter_sp_data_frame 1310][SP FRAME TX][0] ARP req(0x1) sender:[c0:e3:50:49:c1:08 192.168.50.100] receiver:[00:00:00:00:00:00 192.168.50.251]
10-17 11:23:05.561 W/ ( 0): [2 T1084 .s] [W2][ TX] [aml_filter_sp_data_frame 1310][SP FRAME TX][0] ARP req(0x1) sender:[c0:e3:50:49:c1:08 192.168.50.100] receiver:[00:00:00:00:00:00 192.168.50.252]
10-17 11:23:05.563 W/ ( 0): [2 T1084 .s] [W2][ TX] [aml_filter_sp_data_frame 1310][SP FRAME TX][0] ARP req(0x1) sender:[c0:e3:50:49:c1:08 192.168.50.100] receiver:[00:00:00:00:00:00 192.168.50.253]
10-17 11:23:05.565 W/ ( 0): [2 T1084 .s] [W2][ TX] [aml_filter_sp_data_frame 1310][SP FRAME TX][0] ARP req(0x1) sender:[c0:e3:50:49:c1:08 192.168.50.100] receiver:[00:00:00:00:00:00 192.168.50.254]
10-17 11:23:05.567 W/ ( 0): [2 T1084 .s] [W2][ TX] [aml_filter_sp_data_frame 1310][SP FRAME TX][0] ARP req(0x1) sender:[c0:e3:50:49:c1:08 192.168.50.100] receiver:[00:00:00:00:00:00 192.168.50.112]
10-17 11:23:05.569 W/ ( 0): [2 T1084 .s] [W2][ TX] [aml_filter_sp_data_frame 1310][SP FRAME TX][0] ARP req(0x1) sender:[c0:e3:50:49:c1:08 192.168.50.100] receiver:[00:00:00:00:00:00 192.168.50.113]
10-17 11:23:05.575 W/ ( 0): [2 T0 .s] [W2][ TX] [aml_filter_sp_data_frame 1310][SP FRAME TX][0] ARP req(0x1) sender:[c0:e3:50:49:c1:08 192.168.50.100] receiver:[00:00:00:00:00:00 192.168.50.227]
10-17 11:23:05.576 W/ ( 0): [2 T0 .s] [W2][ TX] [aml_filter_sp_data_frame 1310][SP FRAME TX][0] ARP req(0x1) sender:[c0:e3:50:49:c1:08 192.168.50.100] receiver:[00:00:00:00:00:00 192.168.50.228]
10-17 11:23:05.579 W/ ( 0): [2 T0 .s] [W2][ TX] [aml_filter_sp_data_frame 1310][SP FRAME TX][0] ARP req(0x1) sender:[c0:e3:50:49:c1:08 192.168.50.100] receiver:[00:00:00:00:00:00 192.168.50.229]
10-17 11:23:05.581 W/ ( 0): [2 T0 .s] [W2][ TX] [aml_filter_sp_data_frame 1310][SP FRAME TX][0] ARP req(0x1) sender:[c0:e3:50:49:c1:08 192.168.50.100] receiver:[00:00:00:00:00:00 192.168.50.230]
10-17 11:23:05.583 W/ ( 0): [2 T0 .s] [W2][ TX] [aml_filter_sp_data_frame 1310][SP FRAME TX][0] ARP req(0x1) sender:[c0:e3:50:49:c1:08 192.168.50.100] receiver:[00:00:00:00:00:00 192.168.50.231]
10-17 11:23:05.585 W/ ( 0): [2 T0 .s] [W2][ TX] [aml_filter_sp_data_frame 1310][SP FRAME TX][0] ARP req(0x1) sender:[c0:e3:50:49:c1:08 192.168.50.100] receiver:[00:00:00:00:00:00 192.168.50.232]
10-17 11:23:05.587 W/ ( 0): [2 T0 .s] [W2][ TX] [aml_filter_sp_data_frame 1310][SP FRAME TX][0] ARP req(0x1) sender:[c0:e3:50:49:c1:08 192.168.50.100] receiver:[00:00:00:00:00:00 192.168.50.233]
10-17 11:23:05.589 W/ ( 0): [2 T0 .s] [W2][ TX] [aml_filter_sp_data_frame 1310][SP FRAME TX][0] ARP req(0x1) sender:[c0:e3:50:49:c1:08 192.168.50.100] receiver:[00:00:00:00:00:00 192.168.50.234]
10-17 11:23:05.591 W/ ( 0): [2 T0 .s] [W2][ TX] [aml_filter_sp_data_frame 1310][SP FRAME TX][0] ARP req(0x1) sender:[c0:e3:50:49:c1:08 192.168.50.100] receiver:[00:00:00:00:00:00 192.168.50.235]
10-17 11:23:05.593 W/ ( 0): [2 T0 .s] [W2][ TX] [aml_filter_sp_data_frame 1310][SP FRAME TX][0] ARP req(0x1) sender:[c0:e3:50:49:c1:08 192.168.50.100] receiver:[00:00:00:00:00:00 192.168.50.236]
10-17 11:23:05.595 W/ ( 0): [2 T0 .s] [W2][ TX] [aml_filter_sp_data_frame 1310][SP FRAME TX][0] ARP req(0x1) sender:[c0:e3:50:49:c1:08 192.168.50.100] receiver:[00:00:00:00:00:00 192.168.50.237]
10-17 11:23:05.597 W/ ( 0): [2 T0 .s] [W2][ TX] [aml_filter_sp_data_frame 1310][SP FRAME TX][0] ARP req(0x1) sender:[c0:e3:50:49:c1:08 192.168.50.100] receiver:[00:00:00:00:00:00 192.168.50.238]
10-17 11:23:05.599 W/ ( 0): [2 T0 .s] [W2][ TX] [aml_filter_sp_data_frame 1310][SP FRAME TX][0] ARP req(0x1) sender:[c0:e3:50:49:c1:08 192.168.50.100] receiver:[00:00:00:00:00:00 192.168.50.239]
10-17 11:23:05.601 W/ ( 0): [2 T0 .s] [W2][ TX] [aml_filter_sp_data_frame 1310][SP FRAME TX][0] ARP req(0x1) sender:[c0:e3:50:49:c1:08 192.168.50.100] receiver:[00:00:00:00:00:00 192.168.50.240]
10-17 11:23:05.603 W/ ( 0): [2 T0 .s] [W2][ TX] [aml_filter_sp_data_frame 1310][SP FRAME TX][0] ARP req(0x1) sender:[c0:e3:50:49:c1:08 192.168.50.100] receiver:[00:00:00:00:00:00 192.168.50.241]
10-17 11:23:05.605 W/ ( 0): [2 T0 .s] [W2][ TX] [aml_filter_sp_data_frame 1310][SP FRAME TX][0] ARP req(0x1) sender:[c0:e3:50:49:c1:08 192.168.50.100] receiver:[00:00:00:00:00:00 192.168.50.242]
10-17 11:23:05.607 W/ ( 0): [2 T0 .s] [W2][ TX] [aml_filter_sp_data_frame 1310][SP FRAME TX][0] ARP req(0x1) sender:[c0:e3:50:49:c1:08 192.168.50.100] receiver:[00:00:00:00:00:00 192.168.50.212]
10-17 11:23:05.609 W/ ( 0): [2 T0 .s] [W2][ TX] [aml_filter_sp_data_frame 1310][SP FRAME TX][0] ARP req(0x1) sender:[c0:e3:50:49:c1:08 192.168.50.100] receiver:[00:00:00:00:00:00 192.168.50.213]
10-17 11:23:05.612 W/ ( 0): [2 T0 .s] [W2][ TX] [aml_filter_sp_data_frame 1310][SP FRAME TX][0] ARP req(0x1) sender:[c0:e3:50:49:c1:08 192.168.50.100] receiver:[00:00:00:00:00:00 192.168.50.214]
10-17 11:23:05.614 W/ ( 0): [2 T0 .s] [W2][ TX] [aml_filter_sp_data_frame 1310][SP FRAME TX][0] ARP req(0x1) sender:[c0:e3:50:49:c1:08 192.168.50.100] receiver:[00:00:00:00:00:00 192.168.50.215]
10-17 11:23:05.616 W/ ( 0): [2 T0 .s] [W2][ TX] [aml_filter_sp_data_frame 1310][SP FRAME TX][0] ARP req(0x1) sender:[c0:e3:50:49:c1:08 192.168.50.100] receiver:[00:00:00:00:00:00 192.168.50.216]
10-17 11:23:05.618 W/ ( 0): [2 T0 .s] [W2][ TX] [aml_filter_sp_data_frame 1310][SP FRAME TX][0] ARP req(0x1) sender:[c0:e3:50:49:c1:08 192.168.50.100] receiver:[00:00:00:00:00:00 192.168.50.217]
10-17 11:23:05.620 W/ ( 0): [2 T0 .s] [W2][ TX] [aml_filter_sp_data_frame 1310][SP FRAME TX][0] ARP req(0x1) sender:[c0:e3:50:49:c1:08 192.168.50.100] receiver:[00:00:00:00:00:00 192.168.50.218]
10-17 11:23:05.622 W/ ( 0): [2 T0 .s] [W2][ TX] [aml_filter_sp_data_frame 1310][SP FRAME TX][0] ARP req(0x1) sender:[c0:e3:50:49:c1:08 192.168.50.100] receiver:[00:00:00:00:00:00 192.168.50.219]
10-17 11:23:05.624 W/ ( 0): [2 T0 .s] [W2][ TX] [aml_filter_sp_data_frame 1310][SP FRAME TX][0] ARP req(0x1) sender:[c0:e3:50:49:c1:08 192.168.50.100] receiver:[00:00:00:00:00:00 192.168.50.220]
10-17 11:23:05.626 W/ ( 0): [2 T0 .s] [W2][ TX] [aml_filter_sp_data_frame 1310][SP FRAME TX][0] ARP req(0x1) sender:[c0:e3:50:49:c1:08 192.168.50.100] receiver:[00:00:00:00:00:00 192.168.50.221]
10-17 11:23:05.628 W/ ( 0): [2 T0 .s] [W2][ TX] [aml_filter_sp_data_frame 1310][SP FRAME TX][0] ARP req(0x1) sender:[c0:e3:50:49:c1:08 192.168.50.100] receiver:[00:00:00:00:00:00 192.168.50.222]
10-17 11:23:05.630 W/ ( 0): [2 T0 .s] [W2][ TX] [aml_filter_sp_data_frame 1310][SP FRAME TX][0] ARP req(0x1) sender:[c0:e3:50:49:c1:08 192.168.50.100] receiver:[00:00:00:00:00:00 192.168.50.223]
10-17 11:23:05.632 W/ ( 0): [2 T0 .s] [W2][ TX] [aml_filter_sp_data_frame 1310][SP FRAME TX][0] ARP req(0x1) sender:[c0:e3:50:49:c1:08 192.168.50.100] receiver:[00:00:00:00:00:00 192.168.50.224]
10-17 11:23:05.634 W/ ( 0): [2 T0 .s] [W2][ TX] [aml_filter_sp_data_frame 1310][SP FRAME TX][0] ARP req(0x1) sender:[c0:e3:50:49:c1:08 192.168.50.100] receiver:[00:00:00:00:00:00 192.168.50.225]
10-17 11:23:05.636 W/ ( 0): [2 T0 .s] [W2][ TX] [aml_filter_sp_data_frame 1310][SP FRAME TX][0] ARP req(0x1) sender:[c0:e3:50:49:c1:08 192.168.50.100] receiver:[00:00:00:00:00:00 192.168.50.226]
10-17 11:23:05.639 W/ ( 0): [2 T1524 .s] [W2][ TX] [aml_filter_sp_data_frame 1310][SP FRAME TX][0] ARP req(0x1) sender:[c0:e3:50:49:c1:08 192.168.50.100] receiver:[00:00:00:00:00:00 192.168.50.196]
10-17 11:23:05.641 W/ ( 0): [2 T1524 .s] [W2][ TX] [aml_filter_sp_data_frame 1310][SP FRAME TX][0] ARP req(0x1) sender:[c0:e3:50:49:c1:08 192.168.50.100] receiver:[00:00:00:00:00:00 192.168.50.197]
10-17 11:23:05.643 W/ ( 0): [2 T1524 .s] [W2][ TX] [aml_filter_sp_data_frame 1310][SP FRAME TX][0] ARP req(0x1) sender:[c0:e3:50:49:c1:08 192.168.50.100] receiver:[00:00:00:00:00:00 192.168.50.198]
10-17 11:23:05.645 W/ ( 0): [2 T1524 .s] [W2][ TX] [aml_filter_sp_data_frame 1310][SP FRAME TX][0] ARP req(0x1) sender:[c0:e3:50:49:c1:08 192.168.50.100] receiver:[00:00:00:00:00:00 192.168.50.199]
10-17 11:23:05.647 W/ ( 0): [2 T1524 .s] [W2][ TX] [aml_filter_sp_data_frame 1310][SP FRAME TX][0] ARP req(0x1) sender:[c0:e3:50:49:c1:08 192.168.50.100] receiver:[00:00:00:00:00:00 192.168.50.200]
10-17 11:23:05.649 W/ ( 0): [2 T1524 .s] [W2][ TX] [aml_filter_sp_data_frame 1310][SP FRAME TX][0] ARP req(0x1) sender:[c0:e3:50:49:c1:08 192.168.50.100] receiver:[00:00:00:00:00:00 192.168.50.201]
10-17 11:23:05.651 W/ ( 0): [2 T1524 .s] [W2][ TX] [aml_filter_sp_data_frame 1310][SP FRAME TX][0] ARP req(0x1) sender:[c0:e3:50:49:c1:08 192.168.50.100] receiver:[00:00:00:00:00:00 192.168.50.202]
10-17 11:23:05.653 W/ ( 0): [2 T1524 .s] [W2][ TX] [aml_filter_sp_data_frame 1310][SP FRAME TX][0] ARP req(0x1) sender:[c0:e3:50:49:c1:08 192.168.50.100] receiver:[00:00:00:00:00:00 192.168.50.203]
10-17 11:23:05.655 W/ ( 0): [2 T1524 .s] [W2][ TX] [aml_filter_sp_data_frame 1310][SP FRAME TX][0] ARP req(0x1) sender:[c0:e3:50:49:c1:08 192.168.50.100] receiver:[00:00:00:00:00:00 192.168.50.204]
10-17 11:23:05.657 W/ ( 0): [2 T1524 .s] [W2][ TX] [aml_filter_sp_data_frame 1310][SP FRAME TX][0] ARP req(0x1) sender:[c0:e3:50:49:c1:08 192.168.50.100] receiver:[00:00:00:00:00:00 192.168.50.205]
10-17 11:23:05.659 W/ ( 0): [2 T1524 .s] [W2][ TX] [aml_filter_sp_data_frame 1310][SP FRAME TX][0] ARP req(0x1) sender:[c0:e3:50:49:c1:08 192.168.50.100] receiver:[00:00:00:00:00:00 192.168.50.206]
10-17 11:23:05.661 W/ ( 0): [2 T1524 .s] [W2][ TX] [aml_filter_sp_data_frame 1310][SP FRAME TX][0] ARP req(0x1) sender:[c0:e3:50:49:c1:08 192.168.50.100] receiver:[00:00:00:00:00:00 192.168.50.207]
10-17 11:23:05.663 W/ ( 0): [2 T1524 .s] [W2][ TX] [aml_filter_sp_data_frame 1310][SP FRAME TX][0] ARP req(0x1) sender:[c0:e3:50:49:c1:08 192.168.50.100] receiver:[00:00:00:00:00:00 192.168.50.208]
10-17 11:23:05.665 W/ ( 0): [2 T1524 .s] [W2][ TX] [aml_filter_sp_data_frame 1310][SP FRAME TX][0] ARP req(0x1) sender:[c0:e3:50:49:c1:08 192.168.50.100] receiver:[00:00:00:00:00:00 192.168.50.209]
10-17 11:23:05.667 W/ ( 0): [2 T1524 .s] [W2][ TX] [aml_filter_sp_data_frame 1310][SP FRAME TX][0] ARP req(0x1) sender:[c0:e3:50:49:c1:08 192.168.50.100] receiver:[00:00:00:00:00:00 192.168.50.210]
10-17 11:23:05.669 W/ ( 0): [2 T1524 .s] [W2][ TX] [aml_filter_sp_data_frame 1310][SP FRAME TX][0] ARP req(0x1) sender:[c0:e3:50:49:c1:08 192.168.50.100] receiver:[00:00:00:00:00:00 192.168.50.211]
10-17 11:23:05.672 W/ ( 0): [2 T1524 .s] [W2][ TX] [aml_filter_sp_data_frame 1310][SP FRAME TX][0] ARP req(0x1) sender:[c0:e3:50:49:c1:08 192.168.50.100] receiver:[00:00:00:00:00:00 192.168.50.181]
10-17 11:23:05.674 W/ ( 0): [2 T1524 .s] [W2][ TX] [aml_filter_sp_data_frame 1310][SP FRAME TX][0] ARP req(0x1) sender:[c0:e3:50:49:c1:08 192.168.50.100] receiver:[00:00:00:00:00:00 192.168.50.182]
10-17 11:23:05.676 W/ ( 0): [2 T1524 .s] [W2][ TX] [aml_filter_sp_data_frame 1310][SP FRAME TX][0] ARP req(0x1) sender:[c0:e3:50:49:c1:08 192.168.50.100] receiver:[00:00:00:00:00:00 192.168.50.183]
10-17 11:23:05.678 W/ ( 0): [2 T1524 .s] [W2][ TX] [aml_filter_sp_data_frame 1310][SP FRAME TX][0] ARP req(0x1) sender:[c0:e3:50:49:c1:08 192.168.50.100] receiver:[00:00:00:00:00:00 192.168.50.184]
10-17 11:23:05.680 W/ ( 0): [2 T1524 .s] [W2][ TX] [aml_filter_sp_data_frame 1310][SP FRAME TX][0] ARP req(0x1) sender:[c0:e3:50:49:c1:08 192.168.50.100] receiver:[00:00:00:00:00:00 192.168.50.185]
10-17 11:23:05.682 W/ ( 0): [2 T1524 .s] [W2][ TX] [aml_filter_sp_data_frame 1310][SP FRAME TX][0] ARP req(0x1) sender:[c0:e3:50:49:c1:08 192.168.50.100] receiver:[00:00:00:00:00:00 192.168.50.186]
10-17 11:23:05.684 W/ ( 0): [2 T1524 .s] [W2][ TX] [aml_filter_sp_data_frame 1310][SP FRAME TX][0] ARP req(0x1) sender:[c0:e3:50:49:c1:08 192.168.50.100] receiver:[00:00:00:00:00:00 192.168.50.187]
10-17 11:23:05.686 W/ ( 0): [2 T1524 .s] [W2][ TX] [aml_filter_sp_data_frame 1310][SP FRAME TX][0] ARP req(0x1) sender:[c0:e3:50:49:c1:08 192.168.50.100] receiver:[00:00:00:00:00:00 192.168.50.188]
10-17 11:23:05.678 I/resolv ( 448): GetAddrInfoHandler::run: {100 100 100 983140 10044 0}
10-17 11:23:05.679 I/resolv ( 448): res_nmkquery: (QUERY, IN, A)
10-17 11:23:05.679 I/resolv ( 448): resolv_cache_lookup: FOUND IN CACHE entry=0xf43c2d10
10-17 11:23:05.679 I/resolv ( 448): doQuery: rcode=0, ancount=6, return value=183
10-17 11:23:05.680 D/TrafficStats( 2302): tagSocket(178) with statsTag=0xffffffff, statsUid=-1
10-17 11:23:05.688 W/ ( 0): [2 T1524 .s] [W2][ TX] [aml_filter_sp_data_frame 1310][SP FRAME TX][0] ARP req(0x1) sender:[c0:e3:50:49:c1:08 192.168.50.100] receiver:[00:00:00:00:00:00 192.168.50.189]
10-17 11:23:05.690 W/ ( 0): [2 T1524 .s] [W2][ TX] [aml_filter_sp_data_frame 1310][SP FRAME TX][0] ARP req(0x1) sender:[c0:e3:50:49:c1:08 192.168.50.100] receiver:[00:00:00:00:00:00 192.168.50.190]
10-17 11:23:05.692 W/ ( 0): [2 T1524 .s] [W2][ TX] [aml_filter_sp_data_frame 1310][SP FRAME TX][0] ARP req(0x1) sender:[c0:e3:50:49:c1:08 192.168.50.100] receiver:[00:00:00:00:00:00 192.168.50.191]
10-17 11:23:05.694 W/ ( 0): [2 T1524 .s] [W2][ TX] [aml_filter_sp_data_frame 1310][SP FRAME TX][0] ARP req(0x1) sender:[c0:e3:50:49:c1:08 192.168.50.100] receiver:[00:00:00:00:00:00 192.168.50.192]
10-17 11:23:05.696 W/ ( 0): [2 T1524 .s] [W2][ TX] [aml_filter_sp_data_frame 1310][SP FRAME TX][0] ARP req(0x1) sender:[c0:e3:50:49:c1:08 192.168.50.100] receiver:[00:00:00:00:00:00 192.168.50.193]
10-17 11:23:05.698 W/ ( 0): [2 T1524 .s] [W2][ TX] [aml_filter_sp_data_frame 1310][SP FRAME TX][0] ARP req(0x1) sender:[c0:e3:50:49:c1:08 192.168.50.100] receiver:[00:00:00:00:00:00 192.168.50.194]
10-17 11:23:05.701 W/ ( 0): [2 T1524 .s] [W2][ TX] [aml_filter_sp_data_frame 1310][SP FRAME TX][0] ARP req(0x1) sender:[c0:e3:50:49:c1:08 192.168.50.100] receiver:[00:00:00:00:00:00 192.168.50.195]
10-17 11:23:05.703 W/ ( 0): [2 T0 .s] [W2][ TX] [aml_filter_sp_data_frame 1310][SP FRAME TX][0] ARP req(0x1) sender:[c0:e3:50:49:c1:08 192.168.50.100] receiver:[00:00:00:00:00:00 192.168.50.165]
10-17 11:23:05.705 W/ ( 0): [2 T0 .s] [W2][ TX] [aml_filter_sp_data_frame 1310][SP FRAME TX][0] ARP req(0x1) sender:[c0:e3:50:49:c1:08 192.168.50.100] receiver:[00:00:00:00:00:00 192.168.50.166]
10-17 11:23:05.707 W/ ( 0): [2 T0 .s] [W2][ TX] [aml_filter_sp_data_frame 1310][SP FRAME TX][0] ARP req(0x1) sender:[c0:e3:50:49:c1:08 192.168.50.100] receiver:[00:00:00:00:00:00 192.168.50.167]
10-17 11:23:05.709 W/ ( 0): [2 T0 .s] [W2][ TX] [aml_filter_sp_data_frame 1310][SP FRAME TX][0] ARP req(0x1) sender:[c0:e3:50:49:c1:08 192.168.50.100] receiver:[00:00:00:00:00:00 192.168.50.168]
10-17 11:23:05.711 W/ ( 0): [2 T0 .s] [W2][ TX] [aml_filter_sp_data_frame 1310][SP FRAME TX][0] ARP req(0x1) sender:[c0:e3:50:49:c1:08 192.168.50.100] receiver:[00:00:00:00:00:00 192.168.50.169]
10-17 11:23:05.713 W/ ( 0): [2 T0 .s] [W2][ TX] [aml_filter_sp_data_frame 1310][SP FRAME TX][0] ARP req(0x1) sender:[c0:e3:50:49:c1:08 192.168.50.100] receiver:[00:00:00:00:00:00 192.168.50.170]
10-17 11:23:05.715 W/ ( 0): [2 T0 .s] [W2][ TX] [aml_filter_sp_data_frame 1310][SP FRAME TX][0] ARP req(0x1) sender:[c0:e3:50:49:c1:08 192.168.50.100] receiver:[00:00:00:00:00:00 192.168.50.171]
10-17 11:23:05.717 W/ ( 0): [2 T0 .s] [W2][ TX] [aml_filter_sp_data_frame 1310][SP FRAME TX][0] ARP req(0x1) sender:[c0:e3:50:49:c1:08 192.168.50.100] receiver:[00:00:00:00:00:00 192.168.50.172]
10-17 11:23:05.719 W/ ( 0): [2 T0 .s] [W2][ TX] [aml_filter_sp_data_frame 1310][SP FRAME TX][0] ARP req(0x1) sender:[c0:e3:50:49:c1:08 192.168.50.100] receiver:[00:00:00:00:00:00 192.168.50.173]
10-17 11:23:05.721 W/ ( 0): [2 T0 .s] [W2][ TX] [aml_filter_sp_data_frame 1310][SP FRAME TX][0] ARP req(0x1) sender:[c0:e3:50:49:c1:08 192.168.50.100] receiver:[00:00:00:00:00:00 192.168.50.174]
10-17 11:23:05.723 W/ ( 0): [2 T0 .s] [W2][ TX] [aml_filter_sp_data_frame 1310][SP FRAME TX][0] ARP req(0x1) sender:[c0:e3:50:49:c1:08 192.168.50.100] receiver:[00:00:00:00:00:00 192.168.50.175]
10-17 11:23:05.725 W/ ( 0): [2 T0 .s] [W2][ TX] [aml_filter_sp_data_frame 1310][SP FRAME TX][0] ARP req(0x1) sender:[c0:e3:50:49:c1:08 192.168.50.100] receiver:[00:00:00:00:00:00 192.168.50.176]
10-17 11:23:05.727 W/ ( 0): [2 T0 .s] [W2][ TX] [aml_filter_sp_data_frame 1310][SP FRAME TX][0] ARP req(0x1) sender:[c0:e3:50:49:c1:08 192.168.50.100] receiver:[00:00:00:00:00:00 192.168.50.177]
10-17 11:23:05.729 W/ ( 0): [2 T0 .s] [W2][ TX] [aml_filter_sp_data_frame 1310][SP FRAME TX][0] ARP req(0x1) sender:[c0:e3:50:49:c1:08 192.168.50.100] receiver:[00:00:00:00:00:00 192.168.50.178]
10-17 11:23:05.732 W/ ( 0): [2 T0 .s] [W2][ TX] [aml_filter_sp_data_frame 1310][SP FRAME TX][0] ARP req(0x1) sender:[c0:e3:50:49:c1:08 192.168.50.100] receiver:[00:00:00:00:00:00 192.168.50.179]
10-17 11:23:05.734 W/ ( 0): [2 T0 .s] [W2][ TX] [aml_filter_sp_data_frame 1310][SP FRAME TX][0] ARP req(0x1) sender:[c0:e3:50:49:c1:08 192.168.50.100] receiver:[00:00:00:00:00:00 192.168.50.180]
10-17 11:23:05.736 W/ ( 0): [2 T0 .s] [W2][ TX] [aml_filter_sp_data_frame 1310][SP FRAME TX][0] ARP req(0x1) sender:[c0:e3:50:49:c1:08 192.168.50.100] receiver:[00:00:00:00:00:00 192.168.50.149]
10-17 11:23:05.738 W/ ( 0): [2 T0 .s] [W2][ TX] [aml_filter_sp_data_frame 1310][SP FRAME TX][0] ARP req(0x1) sender:[c0:e3:50:49:c1:08 192.168.50.100] receiver:[00:00:00:00:00:00 192.168.50.150]
10-17 11:23:05.740 W/ ( 0): [2 T0 .s] [W2][ TX] [aml_filter_sp_data_frame 1310][SP FRAME TX][0] ARP req(0x1) sender:[c0:e3:50:49:c1:08 192.168.50.100] receiver:[00:00:00:00:00:00 192.168.50.151]
10-17 11:23:05.742 W/ ( 0): [2 T0 .s] [W2][ TX] [aml_filter_sp_data_frame 1310][SP FRAME TX][0] ARP req(0x1) sender:[c0:e3:50:49:c1:08 192.168.50.100] receiver:[00:00:00:00:00:00 192.168.50.152]
10-17 11:23:05.744 W/ ( 0): [2 T0 .s] [W2][ TX] [aml_filter_sp_data_frame 1310][SP FRAME TX][0] ARP req(0x1) sender:[c0:e3:50:49:c1:08 192.168.50.100] receiver:[00:00:00:00:00:00 192.168.50.153]
10-17 11:23:05.746 W/ ( 0): [2 T0 .s] [W2][ TX] [aml_filter_sp_data_frame 1310][SP FRAME TX][0] ARP req(0x1) sender:[c0:e3:50:49:c1:08 192.168.50.100] receiver:[00:00:00:00:00:00 192.168.50.155]
10-17 11:23:05.748 W/ ( 0): [2 T0 .s] [W2][ TX] [aml_filter_sp_data_frame 1310][SP FRAME TX][0] ARP req(0x1) sender:[c0:e3:50:49:c1:08 192.168.50.100] receiver:[00:00:00:00:00:00 192.168.50.156]
10-17 11:23:05.750 W/ ( 0): [2 T0 .s] [W2][ TX] [aml_filter_sp_data_frame 1310][SP FRAME TX][0] ARP req(0x1) sender:[c0:e3:50:49:c1:08 192.168.50.100] receiver:[00:00:00:00:00:00 192.168.50.157]
10-17 11:23:05.752 W/ ( 0): [2 T0 .s] [W2][ TX] [aml_filter_sp_data_frame 1310][SP FRAME TX][0] ARP req(0x1) sender:[c0:e3:50:49:c1:08 192.168.50.100] receiver:[00:00:00:00:00:00 192.168.50.158]
10-17 11:23:05.754 W/ ( 0): [2 T0 .s] [W2][ TX] [aml_filter_sp_data_frame 1310][SP FRAME TX][0] ARP req(0x1) sender:[c0:e3:50:49:c1:08 192.168.50.100] receiver:[00:00:00:00:00:00 192.168.50.159]
10-17 11:23:05.756 W/ ( 0): [2 T0 .s] [W2][ TX] [aml_filter_sp_data_frame 1310][SP FRAME TX][0] ARP req(0x1) sender:[c0:e3:50:49:c1:08 192.168.50.100] receiver:[00:00:00:00:00:00 192.168.50.160]
10-17 11:23:05.758 W/ ( 0): [2 T0 .s] [W2][ TX] [aml_filter_sp_data_frame 1310][SP FRAME TX][0] ARP req(0x1) sender:[c0:e3:50:49:c1:08 192.168.50.100] receiver:[00:00:00:00:00:00 192.168.50.161]
10-17 11:23:05.761 W/ ( 0): [2 T0 .s] [W2][ TX] [aml_filter_sp_data_frame 1310][SP FRAME TX][0] ARP req(0x1) sender:[c0:e3:50:49:c1:08 192.168.50.100] receiver:[00:00:00:00:00:00 192.168.50.162]
10-17 11:23:05.763 W/ ( 0): [2 T0 .s] [W2][ TX] [aml_filter_sp_data_frame 1310][SP FRAME TX][0] ARP req(0x1) sender:[c0:e3:50:49:c1:08 192.168.50.100] receiver:[00:00:00:00:00:00 192.168.50.163]
10-17 11:23:05.765 W/ ( 0): [2 T0 .s] [W2][ TX] [aml_filter_sp_data_frame 1310][SP FRAME TX][0] ARP req(0x1) sender:[c0:e3:50:49:c1:08 192.168.50.100] receiver:[00:00:00:00:00:00 192.168.50.164]
10-17 11:23:05.767 W/ ( 0): [2 T118 .s] [W2][ TX] [aml_filter_sp_data_frame 1310][SP FRAME TX][0] ARP req(0x1) sender:[c0:e3:50:49:c1:08 192.168.50.100] receiver:[00:00:00:00:00:00 192.168.50.133]
10-17 11:23:05.769 W/ ( 0): [2 T118 .s] [W2][ TX] [aml_filter_sp_data_frame 1310][SP FRAME TX][0] ARP req(0x1) sender:[c0:e3:50:49:c1:08 192.168.50.100] receiver:[00:00:00:00:00:00 192.168.50.134]
10-17 11:23:05.771 W/ ( 0): [2 T118 .s] [W2][ TX] [aml_filter_sp_data_frame 1310][SP FRAME TX][0] ARP req(0x1) sender:[c0:e3:50:49:c1:08 192.168.50.100] receiver:[00:00:00:00:00:00 192.168.50.135]
10-17 11:23:05.773 W/ ( 0): [2 T118 .s] [W2][ TX] [aml_filter_sp_data_frame 1310][SP FRAME TX][0] ARP req(0x1) sender:[c0:e3:50:49:c1:08 192.168.50.100] receiver:[00:00:00:00:00:00 192.168.50.136]
10-17 11:23:05.775 W/ ( 0): [2 T118 .s] [W2][ TX] [aml_filter_sp_data_frame 1310][SP FRAME TX][0] ARP req(0x1) sender:[c0:e3:50:49:c1:08 192.168.50.100] receiver:[00:00:00:00:00:00 192.168.50.137]
10-17 11:23:05.777 W/ ( 0): [2 T118 .s] [W2][ TX] [aml_filter_sp_data_frame 1310][SP FRAME TX][0] ARP req(0x1) sender:[c0:e3:50:49:c1:08 192.168.50.100] receiver:[00:00:00:00:00:00 192.168.50.138]
10-17 11:23:05.779 W/ ( 0): [2 T118 .s] [W2][ TX] [aml_filter_sp_data_frame 1310][SP FRAME TX][0] ARP req(0x1) sender:[c0:e3:50:49:c1:08 192.168.50.100] receiver:[00:00:00:00:00:00 192.168.50.139]
10-17 11:23:05.781 W/ ( 0): [2 T118 .s] [W2][ TX] [aml_filter_sp_data_frame 1310][SP FRAME TX][0] ARP req(0x1) sender:[c0:e3:50:49:c1:08 192.168.50.100] receiver:[00:00:00:00:00:00 192.168.50.140]
10-17 11:23:05.783 W/ ( 0): [2 T118 .s] [W2][ TX] [aml_filter_sp_data_frame 1310][SP FRAME TX][0] ARP req(0x1) sender:[c0:e3:50:49:c1:08 192.168.50.100] receiver:[00:00:00:00:00:00 192.168.50.141]
10-17 11:23:05.785 W/ ( 0): [2 T118 .s] [W2][ TX] [aml_filter_sp_data_frame 1310][SP FRAME TX][0] ARP req(0x1) sender:[c0:e3:50:49:c1:08 192.168.50.100] receiver:[00:00:00:00:00:00 192.168.50.142]
10-17 11:23:05.787 W/ ( 0): [2 T118 .s] [W2][ TX] [aml_filter_sp_data_frame 1310][SP FRAME TX][0] ARP req(0x1) sender:[c0:e3:50:49:c1:08 192.168.50.100] receiver:[00:00:00:00:00:00 192.168.50.143]
10-17 11:23:05.789 W/ ( 0): [2 T118 .s] [W2][ TX] [aml_filter_sp_data_frame 1310][SP FRAME TX][0] ARP req(0x1) sender:[c0:e3:50:49:c1:08 192.168.50.100] receiver:[00:00:00:00:00:00 192.168.50.144]
10-17 11:23:05.792 W/ ( 0): [2 T118 .s] [W2][ TX] [aml_filter_sp_data_frame 1310][SP FRAME TX][0] ARP req(0x1) sender:[c0:e3:50:49:c1:08 192.168.50.100] receiver:[00:00:00:00:00:00 192.168.50.145]
10-17 11:23:05.794 W/ ( 0): [2 T118 .s] [W2][ TX] [aml_filter_sp_data_frame 1310][SP FRAME TX][0] ARP req(0x1) sender:[c0:e3:50:49:c1:08 192.168.50.100] receiver:[00:00:00:00:00:00 192.168.50.146]
10-17 11:23:05.796 W/ ( 0): [2 T118 .s] [W2][ TX] [aml_filter_sp_data_frame 1310][SP FRAME TX][0] ARP req(0x1) sender:[c0:e3:50:49:c1:08 192.168.50.100] receiver:[00:00:00:00:00:00 192.168.50.147]
10-17 11:23:05.798 W/ ( 0): [2 T118 .s] [W2][ TX] [aml_filter_sp_data_frame 1310][SP FRAME TX][0] ARP req(0x1) sender:[c0:e3:50:49:c1:08 192.168.50.100] receiver:[00:00:00:00:00:00 192.168.50.148]
10-17 11:23:05.800 W/ ( 0): [2 T118 .s] [W2][ TX] [aml_filter_sp_data_frame 1310][SP FRAME TX][0] ARP req(0x1) sender:[c0:e3:50:49:c1:08 192.168.50.100] receiver:[00:00:00:00:00:00 192.168.50.126]
10-17 11:23:05.802 W/ ( 0): [2 T118 .s] [W2][ TX] [aml_filter_sp_data_frame 1310][SP FRAME TX][0] ARP req(0x1) sender:[c0:e3:50:49:c1:08 192.168.50.100] receiver:[00:00:00:00:00:00 192.168.50.127]
10-17 11:23:05.804 W/ ( 0): [2 T118 .s] [W2][ TX] [aml_filter_sp_data_frame 1310][SP FRAME TX][0] ARP req(0x1) sender:[c0:e3:50:49:c1:08 192.168.50.100] receiver:[00:00:00:00:00:00 192.168.50.128]
10-17 11:23:05.806 W/ ( 0): [2 T118 .s] [W2][ TX] [aml_filter_sp_data_frame 1310][SP FRAME TX][0] ARP req(0x1) sender:[c0:e3:50:49:c1:08 192.168.50.100] receiver:[00:00:00:00:00:00 192.168.50.129]
10-17 11:23:05.808 W/ ( 0): [2 T118 .s] [W2][ TX] [aml_filter_sp_data_frame 1310][SP FRAME TX][0] ARP req(0x1) sender:[c0:e3:50:49:c1:08 192.168.50.100] receiver:[00:00:00:00:00:00 192.168.50.130]
10-17 11:23:05.810 W/ ( 0): [2 T118 .s] [W2][ TX] [aml_filter_sp_data_frame 1310][SP FRAME TX][0] ARP req(0x1) sender:[c0:e3:50:49:c1:08 192.168.50.100] receiver:[00:00:00:00:00:00 192.168.50.131]
10-17 11:23:05.812 W/ ( 0): [2 T118 .s] [W2][ TX] [aml_filter_sp_data_frame 1310][SP FRAME TX][0] ARP req(0x1) sender:[c0:e3:50:49:c1:08 192.168.50.100] receiver:[00:00:00:00:00:00 192.168.50.132]
10-17 11:23:05.809 D/SntpClient( 714): request time failed: java.net.SocketTimeoutException: Poll timed out
10-17 11:23:05.810 D/TrafficStats( 714): tagSocket(426) with statsTag=0xffffff41, statsUid=-1
10-17 11:23:06.136 I/resolv ( 448): GetAddrInfoHandler::run: {100 100 100 983140 10044 0}
10-17 11:23:06.138 I/resolv ( 448): res_nmkquery: (QUERY, IN, A)
10-17 11:23:06.138 I/resolv ( 448): resolv_cache_lookup: FOUND IN CACHE entry=0xf43c2d10
10-17 11:23:06.138 I/resolv ( 448): doQuery: rcode=0, ancount=6, return value=183
10-17 11:23:06.142 D/TrafficStats( 2570): tagSocket(162) with statsTag=0xffffffff, statsUid=-1
10-17 11:23:06.143 I/WifiHAL ( 477): call wifi_get_link_stats handler
10-17 11:23:06.143 I/WifiHAL ( 477): Creating message to get link statistics; iface = 16
10-17 11:23:06.143 D/WifiHAL ( 477): error code -95 mapped to -3
10-17 11:23:06.144 E/WifiStaIfaceAidlImpl( 714): getLinkLayerStats failed with service-specific exception: android.os.ServiceSpecificException: (code 4)
10-17 11:23:06.289 D/TrafficStats( 2302): tagSocket(177) with statsTag=0xffffffff, statsUid=-1
10-17 11:23:06.299 W/System.err( 2302): java.lang.NullPointerException: Attempt to invoke virtual method 'byte[] java.net.NetworkInterface.getHardwareAddress()' on a null object reference
10-17 11:23:06.299 W/System.err( 2302): at b.f.f.y.g.b(Unknown Source:11)
10-17 11:23:06.300 W/System.err( 2302): at b.d.a.a.p.c0(Unknown Source:2)
10-17 11:23:06.300 W/System.err( 2302): at b.f.f.o.f.c.a(Unknown Source:23)
10-17 11:23:06.300 W/System.err( 2302): at b.f.f.d.b.c(:5)
10-17 11:23:06.300 W/System.err( 2302): at b.f.f.n.d$a.handleMessage(:3)
10-17 11:23:06.300 W/System.err( 2302): at android.os.Handler.dispatchMessage(Handler.java:106)
10-17 11:23:06.300 W/System.err( 2302): at android.os.Looper.loopOnce(Looper.java:205)
10-17 11:23:06.300 W/System.err( 2302): at android.os.Looper.loop(Looper.java:294)
10-17 11:23:06.300 W/System.err( 2302): at android.os.HandlerThread.run(HandlerThread.java:67)
10-17 11:23:06.317 I/PlatformDependent( 2302): Your platform does not provide complete low-level API for accessing direct buffers reliably. Unless explicitly requested, heap buffer will always be preferred to avoid potential system instability.
10-17 11:23:06.323 W/AudioCapabilities( 2302): Unsupported mime audio/vnd.dts.hd;profile=lbr
10-17 11:23:06.324 W/AudioCapabilities( 2302): Unsupported mime audio/ffmpeg
10-17 11:23:06.324 W/AudioCapabilities( 2302): Unsupported mime audio/mpeg-L1
10-17 11:23:06.324 W/AudioCapabilities( 2302): Unsupported mime audio/mpeg-L2
10-17 11:23:06.326 W/VideoCapabilities( 2302): Unsupported mime video/avs
10-17 11:23:06.327 W/VideoCapabilities( 2302): Unsupported mime video/avs2
10-17 11:23:06.328 W/VideoCapabilities( 2302): Unsupported mime video/x-motion-jpeg
10-17 11:23:06.328 W/VideoCapabilities( 2302): Unrecognized profile/level 0/4 for video/mpeg2
10-17 11:23:06.328 I/VideoCapabilities( 2302): Unsupported profile 3 for video/mpeg2
10-17 11:23:06.328 I/VideoCapabilities( 2302): Unsupported profile 4 for video/mpeg2
10-17 11:23:06.328 I/VideoCapabilities( 2302): Unsupported profile 5 for video/mpeg2
10-17 11:23:06.329 W/VideoCapabilities( 2302): Unrecognized profile/level 0/4 for video/mpeg2
10-17 11:23:06.329 I/VideoCapabilities( 2302): Unsupported profile 3 for video/mpeg2
10-17 11:23:06.329 I/VideoCapabilities( 2302): Unsupported profile 4 for video/mpeg2
10-17 11:23:06.329 I/VideoCapabilities( 2302): Unsupported profile 5 for video/mpeg2
10-17 11:23:06.329 I/VideoCapabilities( 2302): Unsupported profile 2 for video/mp4v-es
10-17 11:23:06.329 I/VideoCapabilities( 2302): Unsupported profile 8 for video/mp4v-es
10-17 11:23:06.329 I/VideoCapabilities( 2302): Unsupported profile 16 for video/mp4v-es
10-17 11:23:06.329 I/VideoCapabilities( 2302): Unsupported profile 1024 for video/mp4v-es
10-17 11:23:06.329 W/VideoCapabilities( 2302): Unsupported mime video/rm10
10-17 11:23:06.330 W/VideoCapabilities( 2302): Unsupported mime video/rm20
10-17 11:23:06.330 W/VideoCapabilities( 2302): Unsupported mime video/rm30
10-17 11:23:06.331 W/VideoCapabilities( 2302): Unsupported mime video/rm40
10-17 11:23:06.331 D/TrafficStats( 2302): tagSocket(217) with statsTag=0xffffffff, statsUid=-1
10-17 11:23:06.331 W/VideoCapabilities( 2302): Unsupported mime video/vc1
10-17 11:23:06.332 W/VideoCapabilities( 2302): Unsupported mime video/vc1
10-17 11:23:06.332 W/VideoCapabilities( 2302): Unsupported mime video/x-vnd.on2.vp6a
10-17 11:23:06.332 W/VideoCapabilities( 2302): Unsupported mime video/x-vnd.on2.vp6f
10-17 11:23:06.334 W/VideoCapabilities( 2302): Unsupported mime video/wmv1
10-17 11:23:06.334 W/VideoCapabilities( 2302): Unsupported mime video/wmv2
10-17 11:23:06.335 W/VideoCapabilities( 2302): Unsupported mime video/wmv3
10-17 11:23:06.336 I/Thread-37( 2302): type=1400 audit(0.0:897): avc: denied { read } for name="somaxconn" dev="proc" ino=51189 scontext=u:r:untrusted_app_27:s0:c44,c256,c512,c768 tcontext=u:object_r:proc_net:s0 tclass=file permissive=1 app=com.dangbei.screencast
10-17 11:23:06.336 I/Thread-37( 2302): type=1400 audit(0.0:898): avc: denied { open } for path="/proc/sys/net/core/somaxconn" dev="proc" ino=51189 scontext=u:r:untrusted_app_27:s0:c44,c256,c512,c768 tcontext=u:object_r:proc_net:s0 tclass=file permissive=1 app=com.dangbei.screencast
10-17 11:23:06.345 I/serviceDiscovery( 714): [MdnsAdvertiser] Adding service name: å½“è´æŠ•å±Q3, type: _airplay._tcp, hostAddresses: , port: 46493, network: null, txtRecord: srcvers=220.68features=0x527FFFF7,0x1E'pi=2e388006-13ba-4041-9a67-25dd4a43d536Cpk=b07727d6f6cd6e08b58ede525ec3cdeaa252ad9f683feb212ef8a205246554e7vv=2 flags=0x4model=AppleTV2,1deviceid=c0:e3:50:49:c1:08 with ID 3 and subtype null
10-17 11:23:06.336 I/Thread-37( 2302): type=1400 audit(0.0:899): avc: denied { getattr } for path="/proc/sys/net/core/somaxconn" dev="proc" ino=51189 scontext=u:r:untrusted_app_27:s0:c44,c256,c512,c768 tcontext=u:object_r:proc_net:s0 tclass=file permissive=1 app=com.dangbei.screencast
10-17 11:23:06.356 I/serviceDiscovery( 714): [MdnsAdvertiser] Adding service name: c0e35049c108@å½“è´æŠ•å±Q3, type: _raop._tcp, hostAddresses: , port: 35989, network: null, txtRecord: txtvers=1 am=AppleTV2,1ch=2
10-17 11:23:06.356 I/serviceDiscovery( 714): cn=0,1,2,3da=trueet=0,3,5ft=0x527FFFF7,0x1Emd=0,1,2Cpk=b07727d6f6cd6e08b58ede525ec3cdeaa252ad9f683feb212ef8a205246554e7pw=falsesf=0x4sr=44100ss=16sv=falsetp=UDPvn=65537 vs=220.68vv=2 rhd=5.6.0.0 with ID 4 and subtype null
10-17 11:23:06.800 W/System.err( 2302): java.lang.NullPointerException: Attempt to invoke virtual method 'byte[] java.net.NetworkInterface.getHardwareAddress()' on a null object reference
10-17 11:23:06.800 W/System.err( 2302): at b.f.f.y.g.b(Unknown Source:11)
10-17 11:23:06.800 W/System.err( 2302): at b.d.a.a.p.c0(Unknown Source:2)
10-17 11:23:06.800 W/System.err( 2302): at b.f.f.o.f.c.a(Unknown Source:23)
10-17 11:23:06.800 W/System.err( 2302): at b.f.f.t.d.c(:1)
10-17 11:23:06.800 W/System.err( 2302): at b.f.f.n.d$a.handleMessage(:3)
10-17 11:23:06.800 W/System.err( 2302): at android.os.Handler.dispatchMessage(Handler.java:106)
10-17 11:23:06.800 W/System.err( 2302): at android.os.Looper.loopOnce(Looper.java:205)
10-17 11:23:06.800 W/System.err( 2302): at android.os.Looper.loop(Looper.java:294)
10-17 11:23:06.800 W/System.err( 2302): at android.os.HandlerThread.run(HandlerThread.java:67)
10-17 11:23:06.811 I/serviceDiscovery( 714): [MdnsAdvertiser] Adding service name: å½“è´æŠ•å±Q3, type: _db_cast_screen._tcp, hostAddresses: , port: 39111, network: null, txtRecord: au=1cV=20830mV=100h265=0maxR=4096-4096model=DBBOX-A3deviceid=c0:e3:50:49:c1:08 with ID 5 and subtype null
10-17 11:23:06.812 E/MdnsAdvertiser( 714): Name conflict adding services that should have unique names
10-17 11:23:06.812 E/MdnsAdvertiser( 714): android.net.connectivity.com.android.server.connectivity.mdns.NameConflictException
10-17 11:23:06.812 E/MdnsAdvertiser( 714): at android.net.connectivity.com.android.server.connectivity.mdns.MdnsRecordRepository.addService(MdnsRecordRepository.java:314)
10-17 11:23:06.812 E/MdnsAdvertiser( 714): at android.net.connectivity.com.android.server.connectivity.mdns.MdnsInterfaceAdvertiser.addService(MdnsInterfaceAdvertiser.java:217)
10-17 11:23:06.812 E/MdnsAdvertiser( 714): at android.net.connectivity.com.android.server.connectivity.mdns.MdnsAdvertiser$InterfaceAdvertiserRequest.addService(MdnsAdvertiser.java:273)
10-17 11:23:06.812 E/MdnsAdvertiser( 714): at android.net.connectivity.com.android.server.connectivity.mdns.MdnsAdvertiser.addService(MdnsAdvertiser.java:488)
10-17 11:23:06.812 E/MdnsAdvertiser( 714): at android.net.connectivity.com.android.server.NsdService$NsdStateMachine$EnabledState.processMessage(NsdService.java:730)
10-17 11:23:06.812 E/MdnsAdvertiser( 714): at android.net.connectivity.com.android.internal.util.StateMachine$SmHandler.processMsg(StateMachine.java:993)
10-17 11:23:06.812 E/MdnsAdvertiser( 714): at android.net.connectivity.com.android.internal.util.StateMachine$SmHandler.handleMessage(StateMachine.java:810)
10-17 11:23:06.812 E/MdnsAdvertiser( 714): at android.os.Handler.dispatchMessage(Handler.java:106)
10-17 11:23:06.812 E/MdnsAdvertiser( 714): at android.os.Looper.loopOnce(Looper.java:205)
10-17 11:23:06.812 E/MdnsAdvertiser( 714): at android.os.Looper.loop(Looper.java:294)
10-17 11:23:06.812 E/MdnsAdvertiser( 714): at android.os.HandlerThread.run(HandlerThread.java:67)
10-17 11:23:07.032 W/System ( 1157): A resource failed to call close.
10-17 11:23:07.166 I/serviceDiscovery( 714): [MdnsAdvertiser.wlan0] Probing finished for service 4
10-17 11:23:07.168 I/ActivityManager( 714): Waited long enough for: ServiceRecord{f7dbbe5 u0 com.oranth.storage/.MainService}
10-17 11:23:07.179 D/ActivityManager( 714): freezing 2273 com.android.externalstorage
10-17 11:23:07.255 I/serviceDiscovery( 714): [MdnsAdvertiser.wlan0] Probing finished for service 3
10-17 11:23:07.299 E/accept ( 2302): myIp:192.168.50.100
10-17 11:23:07.300 D/TrafficStats( 2302): tagSocket(218) with statsTag=0xffffffff, statsUid=-1
10-17 11:23:07.306 E/accept ( 2302): connect error
10-17 11:23:07.316 I/UpnpServiceImpl( 2302): >>> Starting UPnP service...
10-17 11:23:07.316 I/UpnpServiceImpl( 2302): Using configuration: org.fourthline.cling.android.AndroidUpnpServiceConfiguration
10-17 11:23:07.319 I/Router ( 2302): Creating Router: org.fourthline.cling.android.AndroidRouter
10-17 11:23:07.320 W/Router ( 2302): enable lock:org.fourthline.cling.android.AndroidRouter@a5fa391_java.util.concurrent.locks.ReentrantReadWriteLock$WriteLock@1b502f6[Unlocked]
10-17 11:23:07.328 W/tworkAddressFactoryImpl( 2302): Network interface may not be multicast capable: dummy0
10-17 11:23:07.331 I/MulticastReceiver( 2302): Creating wildcard socket (for receiving multicast datagrams) on port: 1900
10-17 11:23:07.331 D/TrafficStats( 2302): tagSocket(218) with statsTag=0xffffffff, statsUid=-1
10-17 11:23:07.332 I/MulticastReceiver( 2302): Joining multicast group: /239.255.255.250:1900 on network interface: wlan0
10-17 11:23:07.348 E/accept ( 2302): Adding connector try: 192.168.50.100/192.168.50.100:33395
10-17 11:23:07.351 D/TrafficStats( 2302): tagSocket(219) with statsTag=0xffffffff, statsUid=-1
10-17 11:23:07.351 E/accept ( 2302): Adding connector result: 192.168.50.100/192.168.50.100:33395
10-17 11:23:07.414 I/JettyServletContainer( 2302): Registering UPnP servlet under context path: /upnp
10-17 11:23:07.417 I/DatagramIO( 2302): Creating bound socket (for datagram input/output) on: 192.168.50.100/192.168.50.100
10-17 11:23:07.417 D/TrafficStats( 2302): tagSocket(6) with statsTag=0xffffffff, statsUid=-1
10-17 11:23:07.418 E/JettyServletContainer( 2302): gogogo
10-17 11:23:07.418 I/JettyServletContainer( 2302): Starting Jetty server...
10-17 11:23:07.419 W/System.err( 2302): 2025-10-17 11:23:07.419:INFO:lcaf.p:jetty-8.y.z-SNAPSHOT
10-17 11:23:07.421 I/Router ( 2302): WiFi multicast lock acquired
10-17 11:23:07.422 I/WifiService( 714): acquireMulticastLock uid=10044
10-17 11:23:07.423 I/Router ( 2302): WiFi lock acquired
10-17 11:23:07.424 I/WifiService( 714): acquireWifiLock uid=10044 lockMode=3
10-17 11:23:07.425 D/WifiHAL ( 477): Setting APF program, halHandle = 0xe7cc29e0
10-17 11:23:07.425 I/WifiHAL ( 477): createRequest: APF set program request
10-17 11:23:07.425 D/WifiHAL ( 477): error code -95 mapped to -3
10-17 11:23:07.425 I/WifiHAL ( 477): Request Response failed for APF, result = -3
10-17 11:23:07.425 E/WifiStaIfaceAidlImpl( 714): installApfPacketFilter failed with service-specific exception: android.os.ServiceSpecificException: (code 4)
10-17 11:23:07.427 I/WifiHAL ( 477): wifi_set_latency_mode set to 1
10-17 11:23:07.438 W/ ( 0): [0 T1113 ..] [W2][ MAIN] [aml_cfg80211_set_power_mgmt 3288]>>> aml_cfg80211_set_power_mgmt(3288)
10-17 11:23:07.438 W/ ( 0): [0 T1113 ..] [W2][ MSG_TX] [aml_send_me_set_ps_mode 2177]set power save mode:0
10-17 11:23:07.439 W/ ( 0): [2 T1087 ..] [W2][ CMD] [cmd_complete 65]cmd tkn[33] flags:0002 result: -4 cmd:5139-ME_SET_PS_MODE_REQ - reqcfm(5140-ME_SET_PS_MODE_CFM)
