10-17 11:22:55.876 V/SystemServerTimingAsync( 714): ssm.onCompletedEventUser-0_{|Unlocked|}_com.android.server.location.LocationManagerService$Lifecycle took to complete: 0ms
10-17 11:22:55.876 D/SystemServerTimingAsync( 714): ssm.onCompletedEventUser-0_{|Unlocked|}_com.android.server.timezonedetector.TimeZoneDetectorService$Lifecycle
10-17 11:22:55.877 E/hq ( 1524): listenerNet:::釿–°æ¥ç½‘了 key=image_error isConnect=true
10-17 11:22:55.878 E/hq ( 1524): listenerNet:::釿–°æ¥ç½‘了 key=requestAppWhiteList isConnect=true
10-17 11:22:55.879 I/System.out( 1524): true
10-17 11:22:55.879 E/hq ( 1524): listenerNet:::釿–°æ¥ç½‘了 key=ConfigureInterface:Init isConnect=true
10-17 11:22:55.879 V/SystemServerTimingAsync( 714): ssm.onCompletedEventUser-0_{|Unlocked|}_com.android.server.timezonedetector.TimeZoneDetectorService$Lifecycle took to complete: 0ms
10-17 11:22:55.880 D/SystemServerTimingAsync( 714): ssm.onCompletedEventUser-0_{|Unlocked|}_com.android.server.location.altitude.AltitudeService$Lifecycle
10-17 11:22:55.880 V/SystemServerTimingAsync( 714): ssm.onCompletedEventUser-0_{|Unlocked|}_com.android.server.location.altitude.AltitudeService$Lifecycle took to complete: 0ms
10-17 11:22:55.880 D/SystemServerTimingAsync( 714): ssm.onCompletedEventUser-0_{|Unlocked|}_com.android.server.timezonedetector.location.LocationTimeZoneManagerService$Lifecycle
10-17 11:22:55.880 V/SystemServerTimingAsync( 714): ssm.onCompletedEventUser-0_{|Unlocked|}_com.android.server.timezonedetector.location.LocationTimeZoneManagerService$Lifecycle took to complete: 0ms
10-17 11:22:55.880 D/SystemServerTimingAsync( 714): ssm.onCompletedEventUser-0_{|Unlocked|}_com.android.server.search.SearchManagerService$Lifecycle
10-17 11:22:55.880 V/SystemServerTimingAsync( 714): ssm.onCompletedEventUser-0_{|Unlocked|}_com.android.server.search.SearchManagerService$Lifecycle took to complete: 0ms
10-17 11:22:55.880 D/SystemServerTimingAsync( 714): ssm.onCompletedEventUser-0_{|Unlocked|}_com.android.server.wallpaper.WallpaperManagerService$Lifecycle
10-17 11:22:55.880 V/SystemServerTimingAsync( 714): ssm.onCompletedEventUser-0_{|Unlocked|}_com.android.server.wallpaper.WallpaperManagerService$Lifecycle took to complete: 0ms
10-17 11:22:55.880 D/SystemServerTimingAsync( 714): ssm.onCompletedEventUser-0_{|Unlocked|}_com.android.server.wallpapereffectsgeneration.WallpaperEffectsGenerationManagerService
10-17 11:22:55.880 V/SystemServerTimingAsync( 714): ssm.onCompletedEventUser-0_{|Unlocked|}_com.android.server.wallpapereffectsgeneration.WallpaperEffectsGenerationManagerService took to complete: 0ms
10-17 11:22:55.880 D/SystemServerTimingAsync( 714): ssm.onCompletedEventUser-0_{|Unlocked|}_com.android.server.audio.AudioService$Lifecycle
10-17 11:22:55.880 V/SystemServerTimingAsync( 714): ssm.onCompletedEventUser-0_{|Unlocked|}_com.android.server.audio.AudioService$Lifecycle took to complete: 0ms
10-17 11:22:55.880 D/SystemServerTimingAsync( 714): ssm.onCompletedEventUser-0_{|Unlocked|}_com.android.server.soundtrigger_middleware.SoundTriggerMiddlewareService$Lifecycle
10-17 11:22:55.880 V/SystemServerTimingAsync( 714): ssm.onCompletedEventUser-0_{|Unlocked|}_com.android.server.soundtrigger_middleware.SoundTriggerMiddlewareService$Lifecycle took to complete: 0ms
10-17 11:22:55.882 E/hq ( 1524): listenerNet:::釿–°æ¥ç½‘了 key=requestGetMessageRemind isConnect=true
10-17 11:22:55.884 E/hq ( 1524): listenerNet:::釿–°æ¥ç½‘了 key=requestMessageConfig isConnect=true
10-17 11:22:55.886 E/hq ( 1524): listenerNet:::釿–°æ¥ç½‘了 key=requestMessageDialog isConnect=true
10-17 11:22:55.890 D/SystemServerTimingAsync( 714): ssm.onCompletedEventUser-0_{|Unlocked|}_com.android.server.adb.AdbService$Lifecycle
10-17 11:22:55.890 V/SystemServerTimingAsync( 714): ssm.onCompletedEventUser-0_{|Unlocked|}_com.android.server.adb.AdbService$Lifecycle took to complete: 0ms
10-17 11:22:55.890 D/SystemServerTimingAsync( 714): ssm.onCompletedEventUser-0_{|Unlocked|}_com.android.server.usb.UsbService$Lifecycle
10-17 11:22:55.890 V/SystemServerTimingAsync( 714): ssm.onCompletedEventUser-0_{|Unlocked|}_com.android.server.usb.UsbService$Lifecycle took to complete: 0ms
10-17 11:22:55.890 D/SystemServerTimingAsync( 714): ssm.onCompletedEventUser-0_{|Unlocked|}_com.android.server.twilight.TwilightService
10-17 11:22:55.890 V/SystemServerTimingAsync( 714): ssm.onCompletedEventUser-0_{|Unlocked|}_com.android.server.twilight.TwilightService took to complete: 0ms
10-17 11:22:55.890 D/SystemServerTimingAsync( 714): ssm.onCompletedEventUser-0_{|Unlocked|}_com.android.server.display.color.ColorDisplayService
10-17 11:22:55.890 V/SystemServerTimingAsync( 714): ssm.onCompletedEventUser-0_{|Unlocked|}_com.android.server.display.color.ColorDisplayService took to complete: 0ms
10-17 11:22:55.890 D/SystemServerTimingAsync( 714): ssm.onCompletedEventUser-0_{|Unlocked|}_com.android.server.job.JobSchedulerService
10-17 11:22:55.890 V/SystemServerTimingAsync( 714): ssm.onCompletedEventUser-0_{|Unlocked|}_com.android.server.job.JobSchedulerService took to complete: 0ms
10-17 11:22:55.890 D/SystemServerTimingAsync( 714): ssm.onCompletedEventUser-0_{|Unlocked|}_com.android.server.soundtrigger.SoundTriggerService
10-17 11:22:55.890 V/SystemServerTimingAsync( 714): ssm.onCompletedEventUser-0_{|Unlocked|}_com.android.server.soundtrigger.SoundTriggerService took to complete: 0ms
10-17 11:22:55.890 D/SystemServerTimingAsync( 714): ssm.onCompletedEventUser-0_{|Unlocked|}_com.android.server.trust.TrustManagerService
10-17 11:22:55.890 V/SystemServerTimingAsync( 714): ssm.onCompletedEventUser-0_{|Unlocked|}_com.android.server.trust.TrustManagerService took to complete: 0ms
10-17 11:22:55.890 D/SystemServerTimingAsync( 714): ssm.onCompletedEventUser-0_{|Unlocked|}_com.android.server.backup.BackupManagerService$Lifecycle
10-17 11:22:55.890 V/SystemServerTimingAsync( 714): ssm.onCompletedEventUser-0_{|Unlocked|}_com.android.server.backup.BackupManagerService$Lifecycle took to complete: 0ms
10-17 11:22:55.890 D/SystemServerTimingAsync( 714): ssm.onCompletedEventUser-0_{|Unlocked|}_com.android.server.appwidget.AppWidgetService
10-17 11:22:55.891 V/SystemServerTimingAsync( 714): ssm.onCompletedEventUser-0_{|Unlocked|}_com.android.server.appwidget.AppWidgetService took to complete: 0ms
10-17 11:22:55.891 D/SystemServerTimingAsync( 714): ssm.onCompletedEventUser-0_{|Unlocked|}_com.android.server.voiceinteraction.VoiceInteractionManagerService
10-17 11:22:55.891 V/SystemServerTimingAsync( 714): ssm.onCompletedEventUser-0_{|Unlocked|}_com.android.server.voiceinteraction.VoiceInteractionManagerService took to complete: 0ms
10-17 11:22:55.891 D/SystemServerTimingAsync( 714): ssm.onCompletedEventUser-0_{|Unlocked|}_com.android.server.GestureLauncherService
10-17 11:22:55.891 V/SystemServerTimingAsync( 714): ssm.onCompletedEventUser-0_{|Unlocked|}_com.android.server.GestureLauncherService took to complete: 0ms
10-17 11:22:55.891 D/SystemServerTimingAsync( 714): ssm.onCompletedEventUser-0_{|Unlocked|}_com.android.server.SensorNotificationService
10-17 11:22:55.891 V/SystemServerTimingAsync( 714): ssm.onCompletedEventUser-0_{|Unlocked|}_com.android.server.SensorNotificationService took to complete: 0ms
10-17 11:22:55.894 D/yc_test ( 1524): refreshWeather: null
10-17 11:22:55.896 V/SystemServerTimingAsync( 714): ssm.onCompletedEventUser-0_{|Unlocked|}_com.android.server.textclassifier.TextClassificationManagerService$Lifecycle took to complete: 21ms
10-17 11:22:55.896 D/SystemServerTimingAsync( 714): ssm.onCompletedEventUser-0_{|Unlocked|}_com.android.server.blob.BlobStoreManagerService
10-17 11:22:55.896 V/SystemServerTimingAsync( 714): ssm.onCompletedEventUser-0_{|Unlocked|}_com.android.server.blob.BlobStoreManagerService took to complete: 0ms
10-17 11:22:55.896 D/SystemServerTimingAsync( 714): ssm.onCompletedEventUser-0_{|Unlocked|}_com.android.server.dreams.DreamManagerService
10-17 11:22:55.896 V/SystemServerTimingAsync( 714): ssm.onCompletedEventUser-0_{|Unlocked|}_com.android.server.dreams.DreamManagerService took to complete: 0ms
10-17 11:22:55.896 D/SystemServerTimingAsync( 714): ssm.onCompletedEventUser-0_{|Unlocked|}_com.android.server.security.AttestationVerificationManagerService
10-17 11:22:55.896 V/SystemServerTimingAsync( 714): ssm.onCompletedEventUser-0_{|Unlocked|}_com.android.server.security.AttestationVerificationManagerService took to complete: 0ms
10-17 11:22:55.896 D/SystemServerTimingAsync( 714): ssm.onCompletedEventUser-0_{|Unlocked|}_com.android.server.restrictions.RestrictionsManagerService
10-17 11:22:55.896 V/SystemServerTimingAsync( 714): ssm.onCompletedEventUser-0_{|Unlocked|}_com.android.server.restrictions.RestrictionsManagerService took to complete: 0ms
10-17 11:22:55.896 D/SystemServerTimingAsync( 714): ssm.onCompletedEventUser-0_{|Unlocked|}_com.android.server.media.MediaSessionService
10-17 11:22:55.896 V/SystemServerTimingAsync( 714): ssm.onCompletedEventUser-0_{|Unlocked|}_com.android.server.media.MediaSessionService took to complete: 0ms
10-17 11:22:55.896 D/SystemServerTimingAsync( 714): ssm.onCompletedEventUser-0_{|Unlocked|}_com.android.server.emergency.EmergencyAffordanceService
10-17 11:22:55.896 V/SystemServerTimingAsync( 714): ssm.onCompletedEventUser-0_{|Unlocked|}_com.android.server.emergency.EmergencyAffordanceService took to complete: 0ms
10-17 11:22:55.896 D/SystemServerTimingAsync( 714): ssm.onCompletedEventUser-0_{|Unlocked|}_com.android.server.tv.interactive.TvInteractiveAppManagerService
10-17 11:22:55.896 V/SystemServerTimingAsync( 714): ssm.onCompletedEventUser-0_{|Unlocked|}_com.android.server.pm.UserManagerService$LifeCycle took to complete: 0ms
10-17 11:22:55.896 D/SystemServerTimingAsync( 714): ssm.onCompletedEventUser-0_{|Unlocked|}_com.android.server.tv.TvInputManagerService
10-17 11:22:55.896 V/SystemServerTimingAsync( 714): ssm.onCompletedEventUser-0_{|Unlocked|}_com.android.server.tv.TvInputManagerService took to complete: 0ms
10-17 11:22:55.897 D/SystemServerTimingAsync( 714): ssm.onCompletedEventUser-0_{|Unlocked|}_com.android.server.media.MediaResourceMonitorService
10-17 11:22:55.897 V/SystemServerTimingAsync( 714): ssm.onCompletedEventUser-0_{|Unlocked|}_com.android.server.media.MediaResourceMonitorService took to complete: 0ms
10-17 11:22:55.897 D/SystemServerTimingAsync( 714): ssm.onCompletedEventUser-0_{|Unlocked|}_com.android.server.tv.TvRemoteService
10-17 11:22:55.897 V/SystemServerTimingAsync( 714): ssm.onCompletedEventUser-0_{|Unlocked|}_com.android.server.tv.TvRemoteService took to complete: 0ms
10-17 11:22:55.897 D/SystemServerTimingAsync( 714): ssm.onCompletedEventUser-0_{|Unlocked|}_com.android.server.biometrics.BiometricService
10-17 11:22:55.897 V/SystemServerTimingAsync( 714): ssm.onCompletedEventUser-0_{|Unlocked|}_com.android.server.biometrics.BiometricService took to complete: 0ms
10-17 11:22:55.897 D/SystemServerTimingAsync( 714): ssm.onCompletedEventUser-0_{|Unlocked|}_com.android.server.biometrics.AuthService
10-17 11:22:55.897 V/SystemServerTimingAsync( 714): ssm.onCompletedEventUser-0_{|Unlocked|}_com.android.server.biometrics.AuthService took to complete: 0ms
10-17 11:22:55.897 D/SystemServerTimingAsync( 714): ssm.onCompletedEventUser-0_{|Unlocked|}_com.android.server.pm.ShortcutService$Lifecycle
10-17 11:22:55.897 V/SystemServerTimingAsync( 714): ssm.onCompletedEventUser-0_{|Unlocked|}_com.android.server.pm.ShortcutService$Lifecycle took to complete: 0ms
10-17 11:22:55.897 D/SystemServerTimingAsync( 714): ssm.onCompletedEventUser-0_{|Unlocked|}_com.android.server.pm.LauncherAppsService
10-17 11:22:55.897 V/SystemServerTimingAsync( 714): ssm.onCompletedEventUser-0_{|Unlocked|}_com.android.server.pm.LauncherAppsService took to complete: 0ms
10-17 11:22:55.897 D/SystemServerTimingAsync( 714): ssm.onCompletedEventUser-0_{|Unlocked|}_com.android.server.pm.CrossProfileAppsService
10-17 11:22:55.897 V/SystemServerTimingAsync( 714): ssm.onCompletedEventUser-0_{|Unlocked|}_com.android.server.pm.CrossProfileAppsService took to complete: 0ms
10-17 11:22:55.897 D/SystemServerTimingAsync( 714): ssm.onCompletedEventUser-0_{|Unlocked|}_com.android.server.people.PeopleService
10-17 11:22:55.897 V/SystemServerTimingAsync( 714): ssm.onCompletedEventUser-0_{|Unlocked|}_com.android.server.people.PeopleService took to complete: 0ms
10-17 11:22:55.897 D/SystemServerTimingAsync( 714): ssm.onCompletedEventUser-0_{|Unlocked|}_com.android.server.media.metrics.MediaMetricsManagerService
10-17 11:22:55.925 I/resolv ( 448): GetAddrInfoHandler::run: {100 786532 100 983140 1000 0}
10-17 11:22:55.927 I/resolv ( 448): res_nmkquery: (QUERY, IN, A)
10-17 11:22:55.929 I/hq ( 1524): hq:::curl -X GET "https://ottdbui-tyapiqun7.yysh.mgtv.com/v1/core/getConfig?key=W5pJw5kSJS5DQDJZAqUgaaCSm0Xzbm%2F%2B&rommodelnumber=AcRpJnmM0co%3D&cpuserial=PlZpqfc1JpxOOZ0anAV38AcloAYinsDQ&pattern=4Beei9NZNdo%3D&rommodel=yOjHVedNSYg5sKMTZcMv%2Bg%3D%3D&sn=kxGxhO562VQFs9XfoN5df8l2leD8vGAB&lang=vT%2FCsDI%2Fr10%3D&brand=yX9G3n%2BCRfo%3D&theme=L%2B%2FPU%2FFQgEY%3D&vcode=o%2BppAkqptlQ%3D&vname=oql4Ml1tHJc%3D&license=Hs4jp68qr9I%3D&channel=TIQ8TWTDuwcWDSToIpEIPg%3D%3D&packagename=qzBdBNULiCmiu3CIMurjL7PIryC36aZ2YdCJzQtyjcQ%3D&romvercode=BhA8%2F38Giec%3D&romvername=UDOuEwwco6o%3D&network=4Beei9NZNdo%3D&deviceEid=vekl%2BDoGXTb1yyOVx0nh49WD6BWcy3Xw1mLzhOpa2qIVnbRZvMQp2A%3D%3D&mac=iP4TVZLko9WOY1jHvhRZzQf86%2FjZ6UxK&userid=pctYUOG3RH0%3D"
10-17 11:22:55.931 D/TrafficStats( 1524): tagSocket(130) with statsTag=0xffffffff, statsUid=-1
10-17 11:22:55.932 I/resolv ( 448): res_nsend: used send_dg 101 terrno: 0
10-17 11:22:55.933 I/resolv ( 448): doQuery: rcode=0, ancount=2, return value=101
10-17 11:22:55.937 D/TrafficStats( 1524): tagSocket(125) with statsTag=0xffffffff, statsUid=-1
10-17 11:22:55.860 D/TrafficStats( 1887): tagSocket(110) with statsTag=0xffffffff, statsUid=-1
10-17 11:22:55.945 E/hq ( 1524): CrashHandler:::图片加载异常 message=Failed to load resource
10-17 11:22:55.945 E/hq ( 1524): model=
10-17 11:22:55.945 E/hq ( 1524): target=Target for: com.dangbei.palaemon.layout.DBImageView{160443a V.ED..... ........ 0,0-410,580}
10-17 11:22:55.949 I/hq ( 1524): hq:::curl -X GET "https://ottdbui-tyapiqun7.yysh.mgtv.com/v1/core/getIpArea?rommodelnumber=AcRpJnmM0co%3D&cpuserial=PlZpqfc1JpxOOZ0anAV38AcloAYinsDQ&pattern=4Beei9NZNdo%3D&rommodel=yOjHVedNSYg5sKMTZcMv%2Bg%3D%3D&sn=kxGxhO562VQFs9XfoN5df8l2leD8vGAB&lang=vT%2FCsDI%2Fr10%3D&brand=yX9G3n%2BCRfo%3D&theme=L%2B%2FPU%2FFQgEY%3D&vcode=o%2BppAkqptlQ%3D&vname=oql4Ml1tHJc%3D&license=Hs4jp68qr9I%3D&channel=TIQ8TWTDuwcWDSToIpEIPg%3D%3D&packagename=qzBdBNULiCmiu3CIMurjL7PIryC36aZ2YdCJzQtyjcQ%3D&romvercode=BhA8%2F38Giec%3D&romvername=UDOuEwwco6o%3D&network=4Beei9NZNdo%3D&deviceEid=vekl%2BDoGXTb1yyOVx0nh49WD6BWcy3Xw1mLzhOpa2qIVnbRZvMQp2A%3D%3D&mac=iP4TVZLko9WOY1jHvhRZzQf86%2FjZ6UxK&userid=pctYUOG3RH0%3D"
10-17 11:22:55.951 D/TrafficStats( 1524): tagSocket(148) with statsTag=0xffffffff, statsUid=-1
10-17 11:22:55.954 D/Zygote ( 449): Forked child process 2164
10-17 11:22:55.955 I/ActivityManager( 714): Start proc 2164:com.android.shell/2000 for broadcast {com.android.shell/com.android.shell.HeapDumpReceiver}
10-17 11:22:55.962 W/System.err( 1506): SLF4J: Failed to load class "org.slf4j.impl.StaticLoggerBinder".
10-17 11:22:55.962 W/System.err( 1506): SLF4J: Defaulting to no-operation (NOP) logger implementation
10-17 11:22:55.962 W/System.err( 1506): SLF4J: See http://www.slf4j.org/codes.html#StaticLoggerBinder for further details.
10-17 11:22:55.968 D/LanSocketServer( 1506): connect /192.168.50.100:6689
10-17 11:22:55.969 D/LanSocketServer( 1506): connect start
10-17 11:22:55.969 E/LanCommander( 1506): onNetWorkChanged: true
10-17 11:22:55.970 D/QuickLifeImpl( 1506): start resetAppStartTimes!
10-17 11:22:55.984 D/TrafficStats( 1506): tagSocket(88) with statsTag=0xffffffff, statsUid=-1
10-17 11:22:55.986 I/Zygote ( 2164): seccomp disabled by setenforce 0
10-17 11:22:55.990 E/LanCommander( 1506): onServerCreatedSuccess 192.168.50.100:6689
10-17 11:22:55.992 I/m.android.shell( 2164): Using CollectorTypeCC GC.
10-17 11:22:55.997 E/dangbei111( 1506): cccccc æ£€æŸ¥é¥æŽ§å™¨æ˜¯å¦è¿žæŽ¥: Dangbei C9:B5:96:5C:E3:C9
10-17 11:22:55.998 I/hq ( 1524): hq:::tag=requestBlackAndWhiteList 请求结果={"code":0,"data":{"install_block_list":["com.jscq.tv","com.mjapk.store","com.mybooks","com.shafa.market","com.ikukan.launcher","com.xinjing.launcher"],"show_block_list":[],"uninstall_block_list":["com.dangbei.projector.direction.directionapplication","com.dangbei.screencast","com.dangbei.yungallery","com.mitv.tvhome.othertv.dbscos","com.dangbei.dbmusic.dbos.tab"]},"message":"success"}
10-17 11:22:55.998 D/AppListModel( 1524): requestAppFilterList: success
10-17 11:22:55.998 D/AppListModel( 1524): updateList
10-17 11:22:55.998 D/AppListModel( 1524): updateList: resetAppList
10-17 11:22:55.999 E/hq ( 1524): WeatherRefresh:::请求网络地å€åŽï¼Œæ›´æ–°çš„地ç†ä½ç½®ä¸ºï¼šnull
10-17 11:22:56.002 E/m.android.shell( 2164): Not starting debugger since process cannot load the jdwp agent.
10-17 11:22:56.004 E/hq ( 1524): WeatherRefresh:::请求网络地å€åŽï¼Œæ›´æ–°çš„地ç†ä½ç½®ä¸ºï¼šnull
10-17 11:22:56.014 D/CompatibilityChangeReporter( 714): Compat change id reported: 168419799; UID 2000; state: DISABLED
10-17 11:22:56.014 D/CompatibilityChangeReporter( 714): Compat change id reported: 273564678; UID 2000; state: DISABLED
10-17 11:22:56.018 E/dangbei111( 1506): cccccc æ£€æŸ¥é¥æŽ§å™¨æ˜¯å¦è¿žæŽ¥: è“牙的结果 Dangbei C9:B5:96:5C:E3:C9 true
10-17 11:22:56.018 E/dangbei111( 1506): cccccc ç¡®å®žæœ‰é¥æŽ§å™¨ 存在 å–æ¶ˆcheck任务
10-17 11:22:56.018 E/dangbei111( 1506): cccccc rc is connected, stop scan =C9:B5:96:5C:E3:C9
10-17 11:22:56.019 E/ccc ( 1506): cccccc å®žæ—¶èŽ·å– rcInfo
10-17 11:22:56.021 I/hq ( 1524): hq:::curl -X GET "https://ottdbui-tyapiqun7.yysh.mgtv.com/v1/core/getConfig?key=KPzu0G%2FUNP%2BGFkFKqm4sFw%3D%3D&rommodelnumber=AcRpJnmM0co%3D&cpuserial=PlZpqfc1JpxOOZ0anAV38AcloAYinsDQ&pattern=4Beei9NZNdo%3D&rommodel=yOjHVedNSYg5sKMTZcMv%2Bg%3D%3D&sn=kxGxhO562VQFs9XfoN5df8l2leD8vGAB&lang=vT%2FCsDI%2Fr10%3D&brand=yX9G3n%2BCRfo%3D&theme=L%2B%2FPU%2FFQgEY%3D&vcode=o%2BppAkqptlQ%3D&vname=oql4Ml1tHJc%3D&license=Hs4jp68qr9I%3D&channel=TIQ8TWTDuwcWDSToIpEIPg%3D%3D&packagename=qzBdBNULiCmiu3CIMurjL7PIryC36aZ2YdCJzQtyjcQ%3D&romvercode=BhA8%2F38Giec%3D&romvername=UDOuEwwco6o%3D&network=4Beei9NZNdo%3D&deviceEid=vekl%2BDoGXTb1yyOVx0nh49WD6BWcy3Xw1mLzhOpa2qIVnbRZvMQp2A%3D%3D&mac=iP4TVZLko9WOY1jHvhRZzQf86%2FjZ6UxK&userid=pctYUOG3RH0%3D"
10-17 11:22:56.022 D/CompatibilityChangeReporter( 714): Compat change id reported: 265195908; UID 2000; state: ENABLED
10-17 11:22:56.026 W/System.err( 1524): com.dangbei.leard.base.proider.error.ApiException: kotlinx.coroutines.JobCancellationException: StandaloneCoroutine was cancelled; job=StandaloneCoroutine{Cancelling}@8f7bf69
10-17 11:22:56.026 W/System.err( 1524): at com.dangbei.leard.base.proider.error.ErrorExtKt.handleException(SourceFile:308)
10-17 11:22:56.286 W/[3 T911 ..] audit( 0): audit_lost=69 audit_rate_limit=5 audit_backlog_limit=64
10-17 11:22:56.291 E/[3 T911 ..] audit( 0): rate limit exceeded
10-17 11:22:56.112 I/WebSocketSelect( 1506): type=1400 audit(0.0:796): avc: denied { read } for name="u:object_r:serialno_prop:s0" dev="tmpfs" ino=324 scontext=u:r:system_app:s0 tcontext=u:object_r:serialno_prop:s0 tclass=file permissive=1
10-17 11:22:56.026 W/System.err( 1524): at com.dangbei.leard.base.ext.FlowExtKt.runHttpTry2Data(SourceFile:224)
10-17 11:22:56.026 W/System.err( 1524): at com.dangbei.leard.base.ext.FlowExtKt$runHttpTry2Data$1.invokeSuspend(Unknown Source:15)
10-17 11:22:56.026 W/System.err( 1524): at kotlin.coroutines.jvm.internal.BaseContinuationImpl.resumeWith(SourceFile:12)
10-17 11:22:56.026 W/System.err( 1524): at kotlinx.coroutines.internal.ScopeCoroutine.afterResume(Unknown Source:6)
10-17 11:22:56.026 W/System.err( 1524): at kotlinx.coroutines.AbstractCoroutine.resumeWith(SourceFile:16)
10-17 11:22:56.026 W/System.err( 1524): at kotlin.coroutines.jvm.internal.BaseContinuationImpl.resumeWith(SourceFile:50)
10-17 11:22:56.026 W/System.err( 1524): at kotlinx.coroutines.DispatchedTask.run(SourceFile:105)
10-17 11:22:56.026 W/System.err( 1524): at kotlinx.coroutines.internal.LimitedDispatcher.run(SourceFile:13)
10-17 11:22:56.026 W/System.err( 1524): at kotlinx.coroutines.scheduling.TaskImpl.run(SourceFile:3)
10-17 11:22:56.026 W/System.err( 1524): at kotlinx.coroutines.scheduling.CoroutineScheduler.runSafely(SourceFile:1)
10-17 11:22:56.026 W/System.err( 1524): at kotlinx.coroutines.scheduling.CoroutineScheduler$Worker.executeTask(SourceFile:15)
10-17 11:22:56.026 W/System.err( 1524): at kotlinx.coroutines.scheduling.CoroutineScheduler$Worker.runWorker(SourceFile:29)
10-17 11:22:56.026 W/System.err( 1524): at kotlinx.coroutines.scheduling.CoroutineScheduler$Worker.run(Unknown Source:0)
10-17 11:22:56.027 W/System.err( 1524): Caused by: kotlinx.coroutines.JobCancellationException: StandaloneCoroutine was cancelled; job=StandaloneCoroutine{Cancelling}@8f7bf69
10-17 11:22:56.028 I/RkpdBootReceiver( 2100): Caught boot intent, waking up.
10-17 11:22:56.028 W/System.err( 1524): com.dangbei.leard.base.proider.error.ApiException: kotlinx.coroutines.JobCancellationException: StandaloneCoroutine was cancelled; job=StandaloneCoroutine{Cancelling}@a6e6e9e
10-17 11:22:56.028 W/System.err( 1524): at com.dangbei.leard.base.proider.error.ErrorExtKt.handleException(SourceFile:308)
10-17 11:22:56.028 W/System.err( 1524): at com.dangbei.leard.base.ext.FlowExtKt.runHttpTry2Data(SourceFile:224)
10-17 11:22:56.029 W/System.err( 1524): at com.dangbei.leard.base.ext.FlowExtKt$runHttpTry2Data$1.invokeSuspend(Unknown Source:15)
10-17 11:22:56.029 W/System.err( 1524): at kotlin.coroutines.jvm.internal.BaseContinuationImpl.resumeWith(SourceFile:12)
10-17 11:22:56.029 W/System.err( 1524): at kotlinx.coroutines.internal.ScopeCoroutine.afterResume(Unknown Source:6)
10-17 11:22:56.029 W/System.err( 1524): at kotlinx.coroutines.AbstractCoroutine.resumeWith(SourceFile:16)
10-17 11:22:56.029 W/System.err( 1524): at kotlin.coroutines.jvm.internal.BaseContinuationImpl.resumeWith(SourceFile:50)
10-17 11:22:56.029 W/System.err( 1524): at kotlinx.coroutines.DispatchedTask.run(SourceFile:105)
10-17 11:22:56.029 W/System.err( 1524): at kotlinx.coroutines.internal.LimitedDispatcher.run(SourceFile:13)
10-17 11:22:56.029 W/System.err( 1524): at kotlinx.coroutines.scheduling.TaskImpl.run(SourceFile:3)
10-17 11:22:56.029 W/System.err( 1524): at kotlinx.coroutines.scheduling.CoroutineScheduler.runSafely(SourceFile:1)
10-17 11:22:56.029 W/System.err( 1524): at kotlinx.coroutines.scheduling.CoroutineScheduler$Worker.executeTask(SourceFile:15)
10-17 11:22:56.029 W/System.err( 1524): at kotlinx.coroutines.scheduling.CoroutineScheduler$Worker.runWorker(SourceFile:29)
10-17 11:22:56.029 W/System.err( 1524): at kotlinx.coroutines.scheduling.CoroutineScheduler$Worker.run(Unknown Source:0)
10-17 11:22:56.029 W/System.err( 1524): Caused by: kotlinx.coroutines.JobCancellationException: StandaloneCoroutine was cancelled; job=StandaloneCoroutine{Cancelling}@a6e6e9e
10-17 11:22:56.037 D/CompatibilityChangeReporter( 1506): Compat change id reported: 265103382; UID 1000; state: DISABLED
10-17 11:22:56.037 D/CompatibilityChangeReporter( 2164): Compat change id reported: 171979766; UID 2000; state: ENABLED
10-17 11:22:56.037 D/BluetoothGatt( 1506): connect() - device: C9:B5:96:5C:E3:C9, auto: true
10-17 11:22:56.037 D/BluetoothGatt( 1506): registerApp()
10-17 11:22:56.038 D/BluetoothGatt( 1506): registerApp() - UUID=2e533996-ab14-4415-bf4c-99f6be5c9d3b
10-17 11:22:56.038 D/CompatibilityChangeReporter( 2164): Compat change id reported: 242716250; UID 2000; state: ENABLED
10-17 11:22:56.043 D/BtGatt.GattService( 1157): registerClient() - UUID=2e533996-ab14-4415-bf4c-99f6be5c9d3b
10-17 11:22:56.044 I/bluetooth( 1157): packages/modules/Bluetooth/system/stack/gatt/gatt_api.cc:1257 GATT_Register: Allocated name:GattClient uuid:26ddc4d1-0d4d-3fda-7d0e-5b5b5bd1ea98 gatt_if:6 eatt_support:0
10-17 11:22:56.045 I/bluetooth( 1157): packages/modules/Bluetooth/system/stack/gatt/gatt_api.cc:1371 GATT_StartIf: GATT interface 6 already has connected device xx:xx:xx:xx:e3:c9
10-17 11:22:56.045 I/bluetooth( 1157): packages/modules/Bluetooth/system/stack/gatt/gatt_api.cc:1374 GATT_StartIf: Invoking callback with connection id 6
10-17 11:22:56.045 I/bt_bta_gattc( 1157): packages/modules/Bluetooth/system/bta/gatt/bta_gattc_act.cc:1304 bta_gattc_conn_cback: Connected client_if:6 addr:xx:xx:xx:xx:e3:c9, transport:BT_TRANSPORT_LE reason:GATT_CONN_OK
10-17 11:22:56.045 E/bta_gattc_main( 1157): packages/modules/Bluetooth/system/bta/gatt/bta_gattc_main.cc:395 bta_gattc_hdl_event: Ignore unknown conn ID: 6
10-17 11:22:56.045 D/BtGatt.GattService( 1157): onClientRegistered() - UUID=2e533996-ab14-4415-bf4c-99f6be5c9d3b, clientIf=6
10-17 11:22:56.045 D/BluetoothGatt( 1506): onClientRegistered() - status=0 clientIf=6
10-17 11:22:56.047 D/BtGatt.GattService( 1157): clientConnect() - address=C9:B5:96:5C:E3:C9, addressType=0, isDirect=false, opportunistic=false, phy=1
10-17 11:22:56.047 D/BtGatt.GattService( 1157): Gatt Logging: metric_id=1, app_uid=1000
10-17 11:22:56.047 D/BtGatt.GattService( 1157): Gatt Logging: metric_id=1, session_index=6, connection state=1, connection status=-1
10-17 11:22:56.048 I/bt_btif_gattc( 1157): packages/modules/Bluetooth/system/btif/src/btif_gatt_client.cc:340 btif_gattc_open_impl: Transport=2, device type=2, address type =0, phy=1
10-17 11:22:56.048 I/bluetooth( 1157): packages/modules/Bluetooth/system/stack/gatt/gatt_main.cc:405 gatt_update_app_use_link_flag: disable link idle timer for xx:xx:xx:xx:e3:c9
10-17 11:22:56.048 I/bt_stack( 1157): [INFO:l2c_api.cc(1607)] L2CA_MarkLeLinkAsActivesetting link to c9:b5:96:5c:e3:c9 as active
10-17 11:22:56.048 I/bluetooth( 1157): packages/modules/Bluetooth/system/stack/gatt/gatt_api.cc:1206 GATT_SetIdleTimeout: idle_timeout=65535, is_active=1, status=1 (1-OK 0-not performed)
10-17 11:22:56.049 D/BtGatt.GattService( 1157): onConnected() - clientIf=6, connId=6, address=C9:B5:96:5C:E3:C9
10-17 11:22:56.049 D/BtGatt.GattService( 1157): onConnected() - adding permit for address=C9:B5:96:5C:E3:C9
10-17 11:22:56.050 D/BluetoothGatt( 1506): onClientConnectionState() - status=0 clientIf=6 device=C9:B5:96:5C:E3:C9
10-17 11:22:56.050 D/BtGatt.GattService( 1157): Gatt Logging: metric_id=1, session_index=6, connection state=2, connection status=0
10-17 11:22:56.050 D/BluetoothGatt( 1506): discoverServices() - device: C9:B5:96:5C:E3:C9
10-17 11:22:56.051 D/BtGatt.GattService( 1157): discoverServices() - address=C9:B5:96:5C:E3:C9, connId=6
10-17 11:22:56.054 D/BtGatt.GattService( 1157): onSearchCompleted() - connId=6, status=0
10-17 11:22:56.060 I/hq ( 1524): hq:::tag=requestPlayConfig newAppSearch 请求结果="{\"requestId\":\"5f44263c-b3f8-4058-91b4-59e95697aa2f\",\"code\":0,\"message\":\"success\",\"data\":{\"newAppSearch\":\"0\"}}"
10-17 11:22:56.066 I/hq ( 1524): hq:::curl -X POST -H "Content-Type:application/x-www-form-urlencoded" -d 'rommodelnumber=AcRpJnmM0co%3D&cpuserial=PlZpqfc1JpxOOZ0anAV38AcloAYinsDQ&pattern=4Beei9NZNdo%3D&rommodel=yOjHVedNSYg5sKMTZcMv%2Bg%3D%3D&sn=kxGxhO562VQFs9XfoN5df8l2leD8vGAB&lang=vT%2FCsDI%2Fr10%3D&brand=yX9G3n%2BCRfo%3D&theme=L%2B%2FPU%2FFQgEY%3D&vcode=o%2BppAkqptlQ%3D&vname=oql4Ml1tHJc%3D&license=Hs4jp68qr9I%3D&channel=TIQ8TWTDuwcWDSToIpEIPg%3D%3D&packagename=qzBdBNULiCmiu3CIMurjL7PIryC36aZ2YdCJzQtyjcQ%3D&romvercode=BhA8%2F38Giec%3D&romvername=UDOuEwwco6o%3D&network=4Beei9NZNdo%3D&deviceEid=vekl%2BDoGXTb1yyOVx0nh49WD6BWcy3Xw1mLzhOpa2qIVnbRZvMQp2A%3D%3D&mac=iP4TVZLko9WOY1jHvhRZzQf86%2FjZ6UxK&userid=pctYUOG3RH0%3D' "https://ottdbui-tyapiqun7.yysh.mgtv.com/v1/message/getpopmsgId"
10-17 11:22:56.066 I/hq ( 1524): hq:::curl -X GET "https://ottdbui-tyapiqun7.yysh.mgtv.com/v1/core/getConfig?key=Nsv7J99Lk0TR%2Fk6l6HWx5jY96lz892X4&rommodelnumber=AcRpJnmM0co%3D&cpuserial=PlZpqfc1JpxOOZ0anAV38AcloAYinsDQ&pattern=4Beei9NZNdo%3D&rommodel=yOjHVedNSYg5sKMTZcMv%2Bg%3D%3D&sn=kxGxhO562VQFs9XfoN5df8l2leD8vGAB&lang=vT%2FCsDI%2Fr10%3D&brand=yX9G3n%2BCRfo%3D&theme=L%2B%2FPU%2FFQgEY%3D&vcode=o%2BppAkqptlQ%3D&vname=oql4Ml1tHJc%3D&license=Hs4jp68qr9I%3D&channel=TIQ8TWTDuwcWDSToIpEIPg%3D%3D&packagename=qzBdBNULiCmiu3CIMurjL7PIryC36aZ2YdCJzQtyjcQ%3D&romvercode=BhA8%2F38Giec%3D&romvername=UDOuEwwco6o%3D&network=4Beei9NZNdo%3D&deviceEid=vekl%2BDoGXTb1yyOVx0nh49WD6BWcy3Xw1mLzhOpa2qIVnbRZvMQp2A%3D%3D&mac=iP4TVZLko9WOY1jHvhRZzQf86%2FjZ6UxK&userid=pctYUOG3RH0%3D"
10-17 11:22:56.076 E/RCInfo ( 1506): RCBrand:BK
10-17 11:22:56.077 I/hq ( 1524): hq:::tag=requestAppBarData_netChange 请求结果={"code":0,"data":{"list":[{"color":"","defaultIcon":0,"icon":"https://zmimg.dangbei.net/operatecenter/20250423/gd5e9y05atkfi.png","id":4053,"bg":"","jumpConfig":{"appInfo":null,"limitVipId":null,"link":"db://vipusercenter?showHeader=1&vodid=10406","mParameter":null,"param":null,"source":null,"type":0},"pageId":14466,"title":"影视","type":"mediaNew"},{"color":"","defaultIcon":0,"icon":"https://zmimg.dangbei.net/operatecenter/20250625/1z9mh0hd0ngye.png","id":4041,"bg":"","jumpConfig":{"appInfo":null,"limitVipId":null,"link":"db://medialist?vodid=10396&cid=1970","mParameter":null,"param":null,"source":null,"type":0},"pageId":14447,"title":"热播电视剧","type":"media"},{"color":"","defaultIcon":0,"icon":"https://zmimg.dangbei.net/operatecenter/20250409/lcnftoihpkndf.png","id":4044,"bg":"","jumpConfig":{"appInfo":null,"limitVipId":null,"link":"db://medialist?vodid=10271&cid=1969","mParameter":null,"param":null,"source":null,"type":0},"pageId":14448,"title":"精选电影","type":"media"},{"color":"","defaultIcon":0,"icon":"https://zmimg.dangbei.net/operatecenter/20250409/8ll30dtxsojev.png","id":4043,"bg":"","jumpConfig":{"appInfo":null,"limitVipId":null,"link":"db://medialist?vodid=10369&cid=1971","mParameter":null,"param":null,"source":null,"type":0},"pageId":14449,"title":"热门综艺","type":"media"},{"color":"","defaultIcon":0,"icon":"https://zmimg.dangbei.net/operatecenter/20250409/akbzqw6uzl72m.png","id":4042,"bg":"","jumpConfig":{"appInfo":null,"limitVipId":null,"link":"db://medialist?vodid=10190&cid=1972","mParameter":null,"param":null,"source":null,"type":0},"pageId":14450,"title":"人气动漫","type":"media"},{"color":"","defaultIcon":0,"icon":"https://zmimg.dangbei.net/operatecenter/20250411/h9tn543dqurlj.png","id":4046,"bg":"","jumpConfig":{"appInfo":null,"limitVipId":null,"link":"db://medialist?vodid=13753&cid=1973","mParameter":null,"param":null,"source":null,"type":0},"pageId":14461,"title":"最新少儿","type":"media"},{"color":"","defaultIcon":0,"icon":"https://zmimg.dangbei.net/operatecenter/20240819/se4oi0h8sruic.png","id":3972,"bg":"","jumpConfig":{"appInfo":null,"limitVipId":null,"link":"db://applist?sid=13674","mParameter":null,"param":null,"source":null,"type":0},"pageId":14225,"title":"应用","type":"app"},{"color":"","defaultIcon":0,"icon":"https://zmimg.dangbei.net/operatecenter/20240819/avatnsa3uu1ko.png","id":3976,"bg":"","jumpConfig":{"appInfo":{"kw":"6874","packageName":null,"type":"appid"},"limitVipId":null,"link":null,"mParameter":null,"param":{"actionObject":{"actionString":"","actionUri":null,"componentString":null},"appName":null,"args":[],"category":[],"flags":0,"intentType":1,"packageName":"com.starcor.mango","startType":0,"versionCode":null},"source":null,"type":1},"pageId":14230,"title":"芒果","type":"media"},{"color":"","defaultIcon":0,"icon":"https://zmimg.dangbei.net/operatecenter/20240819/3t8g0e1pg4q6m.png","id":3978,"bg":"","jumpConfig":{"appInfo":{"kw":"6884","packageName":null,"type":"appid"},"limitVipId":null,"link":null,"mParameter":null,"param":{"actionObject":{"actionString":"","actionUri":null,"componentString":null},"appName":null,"args":[],"category":[],"flags":0,"intentType":1,"packageName":"com.xiaodianshi.tv.yst","startType":0,"versionCode":null},"source":null,"type":1},"pageId":14229,"title":"Bç«™","type":"media"},{"color":"","defaultIcon":0,"icon":"https://zmimg.dangbei.net/operatecenter/20250701/utom7jjw0xumi.png","id":4087,"bg":"","jumpConfig":{"appInfo":{"kw":"7842","packageName":null,"type":"appid"},"limitVipId":null,"link":null,"mParameter":null,"param":{"actionObject":{"actionString":"","actionUri":null,"componentString":null},"appName":null,"args":[],"category":[],"flags":0,"intentType":1,"packageName":"com.ktcp.video","startType":0,"versionCode":null},"source":"7","type":1},"pageId":14549,"title":"æžå…‰TV","type":"media"},{"color":"","defaultIcon":0,"icon":"https://zmimg.dangbei.net/operatecenter/20240819/f1svuvev0a6d7.png","id":3975,"bg":"","jumpConfig":{"appInfo":{"
10-17 11:22:56.082 I/hq ( 1524): hq:::tag=requestPlayConfig downAppWhiteList 请求结果="{\"requestId\":\"f99f4428-131e-4210-8aca-ca8357f80afb\",\"code\":0,\"message\":\"success\",\"data\":{\"downAppWhiteList\":\"[\\\"com.mitv.tvhome.othertv.dbscos\\\",\\\"com.dangbei.dbmusic.dbos.tab\\\",\\\"com.dangbei.leradVideoPlugins\\\",\\\"cn.miguvideo.migutvsdk\\\",\\\"com.dangbei.oslive\\\",\\\"cn.bestv.tv5g.beidou\\\",\\\"com.dangbei.hqmedia\\\",\\\"com.dangbei.partygame\\\",\\\"tv.huan.live.dangbei.yn\\\",\\\"com.dangbei.health.fitness.os\\\",\\\"com.newtv.cboxtv\\\",\\\"com.dangbei.game.partymonster\\\",\\\"com.dangbei.game.wildhunter\\\",\\\"com.dangbei.game.molewhacking\\\",\\\"com.dangbei.game.cutfruittouch\\\",\\\"com.dangbei.qtdl\\\"]\"}}"
10-17 11:22:56.083 I/hq ( 1524): hq:::tag=getLocation 请求结果={"code":0,"data":{"city":"深圳","province":"广东"},"message":"success"}
10-17 11:22:56.085 D/nativeloader( 2164): Configuring clns-shared-4 for other apk /system/priv-app/Shell/Shell.apk. target_sdk_version=34, uses_libraries=, library_path=/system/priv-app/Shell/lib/arm:/system/lib:/system_ext/lib, permitted_path=/data:/mnt/expand:/data/user_de/0/com.android.shell:/system/priv-app/Shell:/system/lib:/system_ext/lib
10-17 11:22:56.089 I/hq ( 1524): hq:::curl -X GET "https://ottdbui-tyapiqun7.yysh.mgtv.com/v1/core/getIpArea?rommodelnumber=AcRpJnmM0co%3D&cpuserial=PlZpqfc1JpxOOZ0anAV38AcloAYinsDQ&pattern=4Beei9NZNdo%3D&rommodel=yOjHVedNSYg5sKMTZcMv%2Bg%3D%3D&sn=kxGxhO562VQFs9XfoN5df8l2leD8vGAB&lang=vT%2FCsDI%2Fr10%3D&brand=yX9G3n%2BCRfo%3D&theme=L%2B%2FPU%2FFQgEY%3D&vcode=o%2BppAkqptlQ%3D&vname=oql4Ml1tHJc%3D&license=Hs4jp68qr9I%3D&channel=TIQ8TWTDuwcWDSToIpEIPg%3D%3D&packagename=qzBdBNULiCmiu3CIMurjL7PIryC36aZ2YdCJzQtyjcQ%3D&romvercode=BhA8%2F38Giec%3D&romvername=UDOuEwwco6o%3D&network=4Beei9NZNdo%3D&deviceEid=vekl%2BDoGXTb1yyOVx0nh49WD6BWcy3Xw1mLzhOpa2qIVnbRZvMQp2A%3D%3D&mac=iP4TVZLko9WOY1jHvhRZzQf86%2FjZ6UxK&userid=pctYUOG3RH0%3D"
10-17 11:22:56.092 E/RCInfo ( 1506): RCBrand:BK
10-17 11:22:56.095 I/hq ( 1524): hq:::tag=requestPlayConfig appRightClickRec 请求结果="{\"requestId\":\"193ce206-1ceb-464d-8728-4269afe99992\",\"code\":0,\"message\":\"success\",\"data\":{\"appRightClickRec\":\"1\"}}"
10-17 11:22:56.097 D/DeviceCheckInClient( 1438): Creating instance for com.android.devicelockcontroller.debug.DeviceCheckInClientDebug
10-17 11:22:56.099 I/hq ( 1524): hq:::curl -X POST -H "Content-Type:application/x-www-form-urlencoded" -d 'aid=&cityCode=101210101&skipEncrypt=1&rommodelnumber=H5P464&cpuserial=0000000000000000&pattern=1&rommodel=DBBOX-A3&sn=DDH5PRO8253718133&lang=zh_CN&brand=Amlogic&theme=0&vcode=102944&vname=2.9.4.4&license=mgtv&channel=DBOS_DBBOX-A3&packagename=com.dangbei.leard.leradlauncher&romvercode=5019&romvername=5.0.1.9&network=1&deviceEid=18da5ff5e6b17707a158e55debbff6d4&mac=20%3A02%3AFE%3A1D%3A95%3A75&userid=-1' "https://ottdbui-tyapiqun7.yysh.mgtv.com/os-system/v2/messageApi/messageRemind/list"
10-17 11:22:56.101 I/hq ( 1524): hq:::curl -X GET "https://ottdbui-tyapiqun7.yysh.mgtv.com/v1/core/getConfig?key=AFlqK7TMNISCeDR9pSwnaw%3D%3D&rommodelnumber=AcRpJnmM0co%3D&cpuserial=PlZpqfc1JpxOOZ0anAV38AcloAYinsDQ&pattern=4Beei9NZNdo%3D&rommodel=yOjHVedNSYg5sKMTZcMv%2Bg%3D%3D&sn=kxGxhO562VQFs9XfoN5df8l2leD8vGAB&lang=vT%2FCsDI%2Fr10%3D&brand=yX9G3n%2BCRfo%3D&theme=L%2B%2FPU%2FFQgEY%3D&vcode=o%2BppAkqptlQ%3D&vname=oql4Ml1tHJc%3D&license=Hs4jp68qr9I%3D&channel=TIQ8TWTDuwcWDSToIpEIPg%3D%3D&packagename=qzBdBNULiCmiu3CIMurjL7PIryC36aZ2YdCJzQtyjcQ%3D&romvercode=BhA8%2F38Giec%3D&romvername=UDOuEwwco6o%3D&network=4Beei9NZNdo%3D&deviceEid=vekl%2BDoGXTb1yyOVx0nh49WD6BWcy3Xw1mLzhOpa2qIVnbRZvMQp2A%3D%3D&mac=iP4TVZLko9WOY1jHvhRZzQf86%2FjZ6UxK&userid=pctYUOG3RH0%3D"
10-17 11:22:56.106 I/bt_bta_gattc( 1157): packages/modules/Bluetooth/system/bta/gatt/bta_gattc_cache.cc:1035 bta_gattc_get_gatt_db: bta_gattc_get_gatt_db
10-17 11:22:56.107 D/BtGatt.GattService( 1157): onGetGattDb() - address=C9:B5:96:5C:E3:C9
10-17 11:22:56.107 D/BtGatt.GattService( 1157): got service with UUID=00001800-0000-1000-8000-00805f9b34fb id: 1
10-17 11:22:56.107 D/BtGatt.GattService( 1157): got characteristic with UUID=00002a00-0000-1000-8000-00805f9b34fb id: 3
10-17 11:22:56.107 D/BtGatt.GattService( 1157): got characteristic with UUID=00002a01-0000-1000-8000-00805f9b34fb id: 5
10-17 11:22:56.108 D/BtGatt.GattService( 1157): got characteristic with UUID=00002a04-0000-1000-8000-00805f9b34fb id: 7
10-17 11:22:56.108 D/BtGatt.GattService( 1157): got characteristic with UUID=00002aa6-0000-1000-8000-00805f9b34fb id: 9
10-17 11:22:56.108 D/BtGatt.GattService( 1157): got service with UUID=00001801-0000-1000-8000-00805f9b34fb id: 10
10-17 11:22:56.108 D/BtGatt.GattService( 1157): got characteristic with UUID=00002a05-0000-1000-8000-00805f9b34fb id: 12
10-17 11:22:56.108 D/BtGatt.GattService( 1157): got descriptor with UUID=00002902-0000-1000-8000-00805f9b34fb id: 13
10-17 11:22:56.108 D/BtGatt.GattService( 1157): got service with UUID=0000180f-0000-1000-8000-00805f9b34fb id: 14
10-17 11:22:56.108 D/BtGatt.GattService( 1157): got characteristic with UUID=00002a19-0000-1000-8000-00805f9b34fb id: 16
10-17 11:22:56.108 D/BtGatt.GattService( 1157): got descriptor with UUID=00002902-0000-1000-8000-00805f9b34fb id: 17
10-17 11:22:56.108 D/BtGatt.GattService( 1157): got service with UUID=0000180a-0000-1000-8000-00805f9b34fb id: 18
10-17 11:22:56.108 D/BtGatt.GattService( 1157): got characteristic with UUID=00002a24-0000-1000-8000-00805f9b34fb id: 20
10-17 11:22:56.108 D/BtGatt.GattService( 1157): got characteristic with UUID=00002a29-0000-1000-8000-00805f9b34fb id: 22
10-17 11:22:56.108 D/BtGatt.GattService( 1157): got characteristic with UUID=00002a27-0000-1000-8000-00805f9b34fb id: 24
10-17 11:22:56.108 D/BtGatt.GattService( 1157): got characteristic with UUID=00002a26-0000-1000-8000-00805f9b34fb id: 26
10-17 11:22:56.108 D/BtGatt.GattService( 1157): got characteristic with UUID=00002a28-0000-1000-8000-00805f9b34fb id: 28
10-17 11:22:56.108 D/BtGatt.GattService( 1157): got characteristic with UUID=00002a50-0000-1000-8000-00805f9b34fb id: 30
10-17 11:22:56.108 D/BtGatt.GattService( 1157): got service with UUID=00001812-0000-1000-8000-00805f9b34fb id: 31
10-17 11:22:56.108 D/BtGatt.GattService( 1157): got characteristic with UUID=00002a4a-0000-1000-8000-00805f9b34fb id: 33
10-17 11:22:56.108 D/BtGatt.GattService( 1157): got characteristic with UUID=00002a4b-0000-1000-8000-00805f9b34fb id: 35
10-17 11:22:56.108 D/BtGatt.GattService( 1157): got descriptor with UUID=00002907-0000-1000-8000-00805f9b34fb id: 36
10-17 11:22:56.108 D/BtGatt.GattService( 1157): got characteristic with UUID=00002a4c-0000-1000-8000-00805f9b34fb id: 38
10-17 11:22:56.108 D/BtGatt.GattService( 1157): got characteristic with UUID=00002a22-0000-1000-8000-00805f9b34fb id: 40
10-17 11:22:56.108 D/BtGatt.GattService( 1157): got descriptor with UUID=00002902-0000-1000-8000-00805f9b34fb id: 41
10-17 11:22:56.108 D/BtGatt.GattService( 1157): got characteristic with UUID=00002a32-0000-1000-8000-00805f9b34fb id: 43
10-17 11:22:56.108 D/BtGatt.GattService( 1157): got characteristic with UUID=00002a33-0000-1000-8000-00805f9b34fb id: 45
10-17 11:22:56.108 D/BtGatt.GattService( 1157): got descriptor with UUID=00002902-0000-1000-8000-00805f9b34fb id: 46
10-17 11:22:56.108 D/BtGatt.GattService( 1157): got characteristic with UUID=00002a4d-0000-1000-8000-00805f9b34fb id: 48
10-17 11:22:56.109 D/BtGatt.GattService( 1157): got descriptor with UUID=00002902-0000-1000-8000-00805f9b34fb id: 49
10-17 11:22:56.109 D/BtGatt.GattService( 1157): got descriptor with UUID=00002908-0000-1000-8000-00805f9b34fb id: 50
10-17 11:22:56.109 D/BtGatt.GattService( 1157): got characteristic with UUID=00002a4d-0000-1000-8000-00805f9b34fb id: 52
10-17 11:22:56.109 D/BtGatt.GattService( 1157): got descriptor with UUID=00002902-0000-1000-8000-00805f9b34fb id: 53
10-17 11:22:56.109 D/BtGatt.GattService( 1157): got descriptor with UUID=00002908-0000-1000-8000-00805f9b34fb id: 54
10-17 11:22:56.109 D/BtGatt.GattService( 1157): got characteristic with UUID=00002a4d-0000-1000-8000-00805f9b34fb id: 56
10-17 11:22:56.109 D/BtGatt.GattService( 1157): got descriptor with UUID=00002902-0000-1000-8000-00805f9b34fb id: 57
10-17 11:22:56.109 D/BtGatt.GattService( 1157): got descriptor with UUID=00002908-0000-1000-8000-00805f9b34fb id: 58
10-17 11:22:56.109 D/BtGatt.GattService( 1157): got characteristic with UUID=00002a4d-0000-1000-8000-00805f9b34fb id: 60
10-17 11:22:56.109 D/BtGatt.GattService( 1157): got descriptor with UUID=00002908-0000-1000-8000-00805f9b34fb id: 61
10-17 11:22:56.109 D/BtGatt.GattService( 1157): got characteristic with UUID=00002a4d-0000-1000-8000-00805f9b34fb id: 63
10-17 11:22:56.109 D/BtGatt.GattService( 1157): got descriptor with UUID=00002908-0000-1000-8000-00805f9b34fb id: 64
10-17 11:22:56.109 D/BtGatt.GattService( 1157): got characteristic with UUID=00002a4e-0000-1000-8000-00805f9b34fb id: 66
10-17 11:22:56.109 D/BtGatt.GattService( 1157): got service with UUID=0000fff0-0000-1000-8000-00805f9b34fb id: 67
10-17 11:22:56.109 D/BtGatt.GattService( 1157): got characteristic with UUID=0000fff1-0000-1000-8000-00805f9b34fb id: 69
10-17 11:22:56.109 D/BtGatt.GattService( 1157): got descriptor with UUID=00002902-0000-1000-8000-00805f9b34fb id: 70
10-17 11:22:56.109 D/BtGatt.GattService( 1157): got characteristic with UUID=0000fff2-0000-1000-8000-00805f9b34fb id: 72
10-17 11:22:56.109 D/BtGatt.GattService( 1157): got descriptor with UUID=00002902-0000-1000-8000-00805f9b34fb id: 73
10-17 11:22:56.109 D/BtGatt.GattService( 1157): got characteristic with UUID=0000fff3-0000-1000-8000-00805f9b34fb id: 75
10-17 11:22:56.109 D/BtGatt.GattService( 1157): got descriptor with UUID=00002902-0000-1000-8000-00805f9b34fb id: 76
10-17 11:22:56.109 D/BtGatt.GattService( 1157): got characteristic with UUID=0000fff4-0000-1000-8000-00805f9b34fb id: 78
10-17 11:22:56.109 D/BtGatt.GattService( 1157): got descriptor with UUID=00002902-0000-1000-8000-00805f9b34fb id: 79
10-17 11:22:56.109 D/BtGatt.GattService( 1157): got characteristic with UUID=0000fff5-0000-1000-8000-00805f9b34fb id: 81
10-17 11:22:56.111 D/BluetoothGatt( 1506): onSearchComplete() = Device=C9:B5:96:5C:E3:C9 Status=0
10-17 11:22:56.116 V/GraphicsEnvironment( 2164): Currently set values for:
10-17 11:22:56.116 V/GraphicsEnvironment( 2164): angle_gl_driver_selection_pkgs=[]
10-17 11:22:56.116 V/GraphicsEnvironment( 2164): angle_gl_driver_selection_values=[]
10-17 11:22:56.122 V/GraphicsEnvironment( 2164): ANGLE GameManagerService for com.android.shell: false
10-17 11:22:56.122 V/GraphicsEnvironment( 2164): com.android.shell is not listed in per-application setting
10-17 11:22:56.122 V/GraphicsEnvironment( 2164): Neither updatable production driver nor prerelease driver is supported.
10-17 11:22:56.130 D/getEthernetMacAddr( 1506): getEthernetMacAddr use eth0
10-17 11:22:56.150 D/CompatibilityChangeReporter( 714): Compat change id reported: 135634846; UID 10027; state: DISABLED
10-17 11:22:56.150 D/getEthernetMacAddr( 1506): getEthernetMacAddr use eth0
10-17 11:22:56.150 D/CompatibilityChangeReporter( 714): Compat change id reported: 177438394; UID 10027; state: DISABLED
10-17 11:22:56.151 D/CompatibilityChangeReporter( 714): Compat change id reported: 135772972; UID 10027; state: DISABLED
10-17 11:22:56.151 D/CompatibilityChangeReporter( 714): Compat change id reported: 135754954; UID 10027; state: DISABLED
10-17 11:22:56.151 D/getEthernetMacAddr( 1506): getEthernetMacAddr use eth0
10-17 11:22:56.152 D/CompatibilityChangeReporter( 714): Compat change id reported: 143937733; UID 10027; state: DISABLED
10-17 11:22:56.153 E/hq ( 1524): WeatherRefresh:::请求网络地å€åŽï¼Œæ›´æ–°çš„地ç†ä½ç½®ä¸ºï¼š101280601
10-17 11:22:56.153 I/hq ( 1524): hq:::curl -X GET "https://ottdbui-tyapiqun7.yysh.mgtv.com/v1/elder/weather?citycode=cqN6M1Us%2FJSh6RD%2F8H1q0w%3D%3D&rommodelnumber=AcRpJnmM0co%3D&cpuserial=PlZpqfc1JpxOOZ0anAV38AcloAYinsDQ&pattern=4Beei9NZNdo%3D&rommodel=yOjHVedNSYg5sKMTZcMv%2Bg%3D%3D&sn=kxGxhO562VQFs9XfoN5df8l2leD8vGAB&lang=vT%2FCsDI%2Fr10%3D&brand=yX9G3n%2BCRfo%3D&theme=L%2B%2FPU%2FFQgEY%3D&vcode=o%2BppAkqptlQ%3D&vname=oql4Ml1tHJc%3D&license=Hs4jp68qr9I%3D&channel=TIQ8TWTDuwcWDSToIpEIPg%3D%3D&packagename=qzBdBNULiCmiu3CIMurjL7PIryC36aZ2YdCJzQtyjcQ%3D&romvercode=BhA8%2F38Giec%3D&romvername=UDOuEwwco6o%3D&network=4Beei9NZNdo%3D&deviceEid=vekl%2BDoGXTb1yyOVx0nh49WD6BWcy3Xw1mLzhOpa2qIVnbRZvMQp2A%3D%3D&mac=iP4TVZLko9WOY1jHvhRZzQf86%2FjZ6UxK&userid=pctYUOG3RH0%3D"
10-17 11:22:56.155 I/hq ( 1524): hq:::tag=requestMessageDialog 请求结果={"code":0,"data":null,"message":"success"}
10-17 11:22:56.155 W/System.err( 1524): com.dangbei.leard.base.proider.error.EmptyApiException: æ•°æ®ä¸ºç©º from=requestMessageDialog
10-17 11:22:56.155 W/System.err( 1524): at com.dangbei.leard.base.ext.FlowExtKt.runHttpTry2Data(SourceFile:158)
10-17 11:22:56.155 W/System.err( 1524): at com.dangbei.leard.base.ext.FlowExtKt$runHttpTry2Data$1.invokeSuspend(Unknown Source:15)
10-17 11:22:56.155 W/System.err( 1524): at kotlin.coroutines.jvm.internal.BaseContinuationImpl.resumeWith(SourceFile:12)
10-17 11:22:56.155 W/System.err( 1524): at kotlinx.coroutines.internal.ScopeCoroutine.afterResume(Unknown Source:6)
10-17 11:22:56.155 W/System.err( 1524): at kotlinx.coroutines.AbstractCoroutine.resumeWith(SourceFile:16)
10-17 11:22:56.155 W/System.err( 1524): at kotlin.coroutines.jvm.internal.BaseContinuationImpl.resumeWith(SourceFile:50)
10-17 11:22:56.155 W/System.err( 1524): at kotlinx.coroutines.DispatchedTask.run(SourceFile:119)
10-17 11:22:56.156 W/System.err( 1524): at kotlinx.coroutines.internal.LimitedDispatcher.run(SourceFile:13)
10-17 11:22:56.156 W/System.err( 1524): at kotlinx.coroutines.scheduling.TaskImpl.run(SourceFile:3)
10-17 11:22:56.156 W/System.err( 1524): at kotlinx.coroutines.scheduling.CoroutineScheduler.runSafely(SourceFile:1)
10-17 11:22:56.156 W/System.err( 1524): at kotlinx.coroutines.scheduling.CoroutineScheduler$Worker.executeTask(SourceFile:15)
10-17 11:22:56.156 W/System.err( 1524): at kotlinx.coroutines.scheduling.CoroutineScheduler$Worker.runWorker(SourceFile:29)
10-17 11:22:56.156 W/System.err( 1524): at kotlinx.coroutines.scheduling.CoroutineScheduler$Worker.run(Unknown Source:0)
10-17 11:22:56.156 E/hq ( 1524): ErrorCoroutineExceptionHandler:::runTry error:com.dangbei.leard.base.proider.error.EmptyApiException: æ•°æ®ä¸ºç©º from=requestMessageDialog from=requestMessageDialog
10-17 11:22:56.160 I/hq ( 1524): hq:::tag=getLocation 请求结果={"code":0,"data":{"city":"深圳","province":"广东"},"message":"success"}
10-17 11:22:56.162 I/hq ( 1524): hq:::tag=requestPlayConfig message_config 请求结果="{\"requestId\":\"5e47e45e-c1c3-4a72-a645-ec677c9d0d1a\",\"code\":0,\"message\":\"success\",\"data\":{\"message_config\":null}}"
10-17 11:22:56.173 I/hq ( 1524): hq:::curl -X POST -H "Content-Type:application/x-www-form-urlencoded" -d 'aid=&cityCode=101280601&skipEncrypt=1&rommodelnumber=H5P464&cpuserial=0000000000000000&pattern=1&rommodel=DBBOX-A3&sn=DDH5PRO8253718133&lang=zh_CN&brand=Amlogic&theme=0&vcode=102944&vname=2.9.4.4&license=mgtv&channel=DBOS_DBBOX-A3&packagename=com.dangbei.leard.leradlauncher&romvercode=5019&romvername=5.0.1.9&network=1&deviceEid=18da5ff5e6b17707a158e55debbff6d4&mac=20%3A02%3AFE%3A1D%3A95%3A75&userid=-1' "https://ottdbui-tyapiqun7.yysh.mgtv.com/os-system/v2/messageApi/messageRemind/list"
10-17 11:22:56.192 E/AppListVm( 1524): requestMineApp from=secondScreenlayout auto
10-17 11:22:56.196 E/SecondScreen( 1524): isShowSecondScreen()=0 getCurrentPageState()=com.monster.gamma.core.LoadService@bc89478
10-17 11:22:56.205 I/resolv ( 448): GetAddrInfoHandler::run: {100 786532 100 983140 1000 0}
10-17 11:22:56.206 I/resolv ( 448): GetAddrInfoHandler::run: {100 786532 100 983140 1000 0}
10-17 11:22:56.206 D/AppManager( 1524): checkLocalAppsIsValid:
10-17 11:22:56.217 W/View ( 1524): requestLayout() improperly called by com.dangbei.launcher.home.view.second.view.AppRecyclerView{61b1543 V.ED..... ......ID 80,0-1840,1080} during layout: running second layout pass
10-17 11:22:56.219 I/hq ( 1524): hq:::curl -X GET "https://ottdbui-tyapiqun7.yysh.mgtv.com/v1/agile/navData?id=RuGcerAscSs%3D&pageId=Gw7UuuzdfG4%3D&type=ekxwP%2B5a0j0%3D&rommodelnumber=AcRpJnmM0co%3D&cpuserial=PlZpqfc1JpxOOZ0anAV38AcloAYinsDQ&pattern=4Beei9NZNdo%3D&rommodel=yOjHVedNSYg5sKMTZcMv%2Bg%3D%3D&sn=kxGxhO562VQFs9XfoN5df8l2leD8vGAB&lang=vT%2FCsDI%2Fr10%3D&brand=yX9G3n%2BCRfo%3D&theme=L%2B%2FPU%2FFQgEY%3D&vcode=o%2BppAkqptlQ%3D&vname=oql4Ml1tHJc%3D&license=Hs4jp68qr9I%3D&channel=TIQ8TWTDuwcWDSToIpEIPg%3D%3D&packagename=qzBdBNULiCmiu3CIMurjL7PIryC36aZ2YdCJzQtyjcQ%3D&romvercode=BhA8%2F38Giec%3D&romvername=UDOuEwwco6o%3D&network=4Beei9NZNdo%3D&deviceEid=vekl%2BDoGXTb1yyOVx0nh49WD6BWcy3Xw1mLzhOpa2qIVnbRZvMQp2A%3D%3D&mac=iP4TVZLko9WOY1jHvhRZzQf86%2FjZ6UxK&userid=pctYUOG3RH0%3D"
10-17 11:22:56.222 I/resolv ( 448): GetAddrInfoHandler::run: {100 786532 100 983140 1000 0}
10-17 11:22:56.232 D/getEthernetMacAddr( 1506): getEthernetMacAddr use eth0
10-17 11:22:56.235 I/resolv ( 448): res_nmkquery: (QUERY, IN, A)
10-17 11:22:56.238 I/resolv ( 448): res_nmkquery: (QUERY, IN, A)
10-17 11:22:56.238 I/resolv ( 448): resolv_cache_lookup: Waiting for previous request
