10-17 11:24:10.127 V/GraphicsEnvironment( 3169): Neither updatable production driver nor prerelease driver is supported.
10-17 11:24:10.131 I/MultiDex( 3169): VM with version 2.1.0 has multidex support
10-17 11:24:10.131 I/MultiDex( 3169): Installing application
10-17 11:24:10.132 I/MultiDex( 3169): VM has multidex support, MultiDex support library is disabled.
10-17 11:24:10.132 D/CompatibilityChangeReporter( 3169): Compat change id reported: 247079863; UID 10044; state: DISABLED
10-17 11:24:10.157 I/awei.connection( 3169): type=1400 audit(0.0:939): avc: denied { search } for name="net" dev="sysfs" ino=12631 scontext=u:r:untrusted_app_27:s0:c44,c256,c512,c768 tcontext=u:object_r:sysfs_net:s0 tclass=dir permissive=1 app=com.dangbei.screencast
10-17 11:24:10.165 I/crashsdk( 3169): version unique build id: 6230cced
10-17 11:24:10.161 I/awei.connection( 3169): type=1400 audit(0.0:940): avc: denied { read } for name="address" dev="sysfs" ino=22413 scontext=u:r:untrusted_app_27:s0:c44,c256,c512,c768 tcontext=u:object_r:sysfs_net:s0 tclass=file permissive=1 app=com.dangbei.screencast
10-17 11:24:10.161 I/awei.connection( 3169): type=1400 audit(0.0:941): avc: denied { open } for path="/sys/devices/virtual/net/dummy0/address" dev="sysfs" ino=22413 scontext=u:r:untrusted_app_27:s0:c44,c256,c512,c768 tcontext=u:object_r:sysfs_net:s0 tclass=file permissive=1 app=com.dangbei.screencast
10-17 11:24:10.161 I/awei.connection( 3169): type=1400 audit(0.0:942): avc: denied { getattr } for path="/sys/devices/virtual/net/dummy0/address" dev="sysfs" ino=22413 scontext=u:r:untrusted_app_27:s0:c44,c256,c512,c768 tcontext=u:object_r:sysfs_net:s0 tclass=file permissive=1 app=com.dangbei.screencast
10-17 11:24:10.173 D/crashsdk( 3169): Native log stat thread 3201 setup, waiting
10-17 11:24:10.175 I/crashsdk( 3169): begin hack android.os.Process
10-17 11:24:10.175 I/crashsdk( 3169): end hack android.os.Process
10-17 11:24:10.183 I/TDLog ( 3169): setReportUncaughtExceptions: true
10-17 11:24:10.183 E/Application( 3169): onCreate:Version:v2.8.3/20830/883432e
10-17 11:24:10.191 W/efs.send_log( 3169): tryFileLock start!
10-17 11:24:10.195 I/Matrix.AnrTracer( 3169): anrTrace, final mAnrBeatTime:400, mAnrBeatRate:400
10-17 11:24:10.195 I/crashsdk( 3169): Catcher mask: 5000, 20480
10-17 11:24:10.196 I/crashsdk( 3169): Catcher thread 3174
10-17 11:24:10.196 D/crashsdk( 3169): Register ANR handler ...
10-17 11:24:10.196 D/NearFieldManagerService( 3169): NearFieldManagerService.
10-17 11:24:10.197 E/LaunchManager( 3169): Non main process !
10-17 11:24:10.197 W/System.err( 3169): java.lang.NullPointerException: Attempt to invoke virtual method 'boolean com.efs.sdk.launch.LaunchConfigManager.enableTracer()' on a null object reference
10-17 11:24:10.197 W/System.err( 3169): at com.umeng.umcrash.UMCrash.init(Unknown Source:403)
10-17 11:24:10.197 W/System.err( 3169): at java.lang.reflect.Method.invoke(Native Method)
10-17 11:24:10.197 D/NearFieldManagerService( 3169): onCreate, enter.
10-17 11:24:10.197 I/NearFieldManagerService( 3169): onBind, enter.
10-17 11:24:10.197 D/NearFieldManagerService( 3169): initService
10-17 11:24:10.198 D/NearFieldManagerService( 3169): NearField starting...
10-17 11:24:10.198 W/System.err( 3169): at com.umeng.commonsdk.UMConfigure.init(Unknown Source:811)
10-17 11:24:10.198 W/System.err( 3169): at b.f.f.b.a(:4)
10-17 11:24:10.198 W/System.err( 3169): at h.o.a.run(Unknown Source:2)
10-17 11:24:10.198 D/NearFieldUtils( 3169): checkSystemProperty in
10-17 11:24:10.198 D/NearFieldUtils( 3169): checkSystemProperty: systemProperties:
10-17 11:24:10.198 E/NearFieldUtils( 3169): validProperty: priority is null
10-17 11:24:10.200 I/efs.base( 3169): lt=event`ev_ct=efs_core`ev_ac=pvuv`tm=2025-10-17 11:24:19`dn=bae69f4d-2b9a-44eb-9aae-69b4e463c1cd`ps=com.huawei.connection`um_os=android`stime=1760671450041`pid=3169`fr=android`pkg=com.dangbei.screencast`vcode=20830`dsp_w=1920`uid=bae69f4d-2b9a-44eb-9aae-69b4e463c1cd`rom=14`wid=bae69f4d-2b9a-44eb-9aae-69b4e463c1cd`um_app_carrier=`um_access=wifi`um_app_channel=os`um_crash_sdk_version=1.4.0`ctime=1760671450`model=dbbox-a3`lang=zh`net=wifi`brand=amlogic`dsp_h=1080`um_network_type=0`ver=v2.8.3`build_model=DBBOX-A3`w_tm=1760671450`appid=5fc60c21094d637f3130af19`um_umid_header=aibc60dfda52d589baa1af2b08b1eadfa5`sdk=34`tzone=Asia/Shanghai`sdk_ver=1.3.6.umeng
10-17 11:24:10.200 I/efs.config( 3169): --->>> 删除旧的é…置文件 false
10-17 11:24:10.201 D/NearFieldManager( 3026): service connected.
10-17 11:24:10.202 D/HiSight-Discovery( 3026): eventId: 4001
10-17 11:24:10.203 D/HiSight-Discovery( 3026): msg 4001
10-17 11:24:10.203 D/HiSight-Discovery( 3026): bind success, status Ready
10-17 11:24:10.203 D/HiSight-Discovery( 3026): startAdvertise 2
10-17 11:24:10.203 D/HiSight-Discovery( 3026): stopAdvertise.
10-17 11:24:10.203 D/HiSight-Discovery( 3026): nearFieldStartListen deviceType 46
10-17 11:24:10.204 I/NearFieldManagerImpl( 3169): setDeviceInfo, sDeviceId changes
10-17 11:24:10.204 I/NearFieldManagerImpl( 3169): setDeviceInfo, sDeviceName changes
10-17 11:24:10.204 D/NearFieldManagerImpl( 3169): setServiceData, sServiceData=[], serviceData=[32]
10-17 11:24:10.204 E/NearFieldManager( 3026): setIdnNetworkPriority: networkPortPriority is empty
10-17 11:24:10.204 D/NearFieldManager( 3026): StartListen moduleId: CastPlusDiscoveryModule
10-17 11:24:10.205 D/NearFieldManagerImpl( 3169): startListen: moduleId: CastPlusDiscoveryModule
10-17 11:24:10.206 D/NearFieldUtils( 3169): getPreferredIpAddress exec
10-17 11:24:10.206 D/NearFieldUtils( 3169): getPreferredIpAddress by custom priority
10-17 11:24:10.206 D/NearFieldUtils( 3169): getIpByInterfaceSetting customIdnNetworkPriority:[]
10-17 11:24:10.206 D/NearFieldUtils( 3169): getPreferredIpAddress by default priority
10-17 11:24:10.219 I/efs.config( 3169): current config version (-1) is older than another (1735614866)
10-17 11:24:10.220 I/efs.config( 3169): load config from storage and notify observer
10-17 11:24:10.223 I/resolv ( 448): GetAddrInfoHandler::run: {100 100 100 983140 10044 0}
10-17 11:24:10.224 I/resolv ( 448): res_nmkquery: (QUERY, IN, A)
10-17 11:24:10.225 I/resolv ( 448): resolv_cache_lookup: FOUND IN CACHE entry=0xf4e807f0
10-17 11:24:10.225 I/resolv ( 448): doQuery: rcode=0, ancount=3, return value=131
10-17 11:24:10.225 D/NearFieldUtils( 3169): to get wlan0 ip address
10-17 11:24:10.226 D/NearFieldUtils( 3169): get wlan0 IP succeed.
10-17 11:24:10.226 D/NearFieldManagerImpl( 3169): sDeviceType: 46
10-17 11:24:10.226 D/NearFieldManagerImpl( 3169): registerDevice() is called.
10-17 11:24:10.226 E/NearFieldManagerUtilsNative( 3169): Begin System.loadLibrary()
10-17 11:24:10.227 I/TDLog ( 3169): TalkingData SDK init...
10-17 11:24:10.227 I/TDLog ( 3169): SDK_VERSION is: Android+TD+V5.0.7 gp Type:Native Build_Num:2141
10-17 11:24:10.227 I/TDLog ( 3169): App ID is: B9D7815EC975466AB1332111FCE62DF5
10-17 11:24:10.227 I/TDLog ( 3169): App Channel is: os
10-17 11:24:10.227 I/TDLog ( 3169): App Custom is:
10-17 11:24:10.227 I/TDLog ( 3169): SDK_OVC is: TDOVC+a3bb7754719798526508b6caad480dd7+SaaS
10-17 11:24:10.229 D/TrafficStats( 3169): tagSocket(137) with statsTag=0xffffffff, statsUid=-1
10-17 11:24:10.230 D/TrafficStats( 3169): tagSocket(140) with statsTag=0xffffffff, statsUid=-1
10-17 11:24:10.233 I/HicomNfTimerManager( 3169): epoll fd:129 create success
10-17 11:24:10.233 I/HicomNfTimerManager( 3169): epoll add fd:135--->129 success
10-17 11:24:10.233 I/HicomNfTimerManager( 3169): time fd:135 add to epoll success
10-17 11:24:10.240 W/ ( 0): [2 T3224 ..] [W2][ TX] [aml_filter_sp_data_frame 1310][SP FRAME TX][0] ARP req(0x1) sender:[c0:e3:50:49:c1:08 192.168.50.100] receiver:[00:00:00:00:00:00 192.168.50.2]
10-17 11:24:10.242 W/ ( 0): [2 T3224 ..] [W2][ TX] [aml_filter_sp_data_frame 1310][SP FRAME TX][0] ARP req(0x1) sender:[c0:e3:50:49:c1:08 192.168.50.100] receiver:[00:00:00:00:00:00 192.168.50.3]
10-17 11:24:10.244 W/ ( 0): [2 T3224 ..] [W2][ TX] [aml_filter_sp_data_frame 1310][SP FRAME TX][0] ARP req(0x1) sender:[c0:e3:50:49:c1:08 192.168.50.100] receiver:[00:00:00:00:00:00 192.168.50.4]
10-17 11:24:10.259 W/ ( 0): [2 T3224 ..] [W2][ TX] [aml_filter_sp_data_frame 1310][SP FRAME TX][0] ARP req(0x1) sender:[c0:e3:50:49:c1:08 192.168.50.100] receiver:[00:00:00:00:00:00 192.168.50.5]
10-17 11:24:10.261 W/ ( 0): [2 T3224 ..] [W2][ TX] [aml_filter_sp_data_frame 1310][SP FRAME TX][0] ARP req(0x1) sender:[c0:e3:50:49:c1:08 192.168.50.100] receiver:[00:00:00:00:00:00 192.168.50.6]
10-17 11:24:10.254 D/nStackXDFinder( 3169): NSTACKX_Init:[146] :nstack ctrl creat epollfd 136
10-17 11:24:10.254 I/nStackXDFinder( 3169): InitDefaultInterfaceName:[779] :InitDefaultInterfaceName exec
10-17 11:24:10.254 D/nStackXCoAP( 3169): CoapServerInit:[174] :CoapServerInit is called
10-17 11:24:10.254 E/nStackXDFinder( 3169): GetLocalIp:[401] :GetLocalIp exec
10-17 11:24:10.255 E/nStackXDFinder( 3169): GetLocalIp:[407] :GetLocalIp, ifInfo is null
10-17 11:24:10.263 W/ ( 0): [2 T3224 ..] [W2][ TX] [aml_filter_sp_data_frame 1310][SP FRAME TX][0] ARP req(0x1) sender:[c0:e3:50:49:c1:08 192.168.50.100] receiver:[00:00:00:00:00:00 192.168.50.7]
10-17 11:24:10.265 W/[3 T3213 ..] audit( 0): audit_lost=151 audit_rate_limit=5 audit_backlog_limit=64
10-17 11:24:10.265 W/ ( 0): [2 T3224 ..] [W2][ TX] [aml_filter_sp_data_frame 1310][SP FRAME TX][0] ARP req(0x1) sender:[c0:e3:50:49:c1:08 192.168.50.100] receiver:[00:00:00:00:00:00 192.168.50.8]
10-17 11:24:10.265 E/[3 T3213 ..] audit( 0): rate limit exceeded
10-17 11:24:10.259 I/HicomNfMainCtrlManager( 3169): NSTACKX_RegisterDevice is called
10-17 11:24:10.259 D/NearFieldManagerImpl( 3169): Register device success.
10-17 11:24:10.259 I/nStackXDFinder( 3169): UpdateLocalNetworkInterface:[472] :UpdateLocalNetworkInterface exec,initerfaceName:wlan0
10-17 11:24:10.259 I/NearFieldManagerImpl( 3169): serviceName is castPlus
10-17 11:24:10.259 E/nStackXDFinder( 3169): GetLocalIp:[401] :GetLocalIp exec
10-17 11:24:10.259 E/nStackXDFinder( 3169): GetLocalIp:[407] :GetLocalIp, ifInfo is null
10-17 11:24:10.259 I/nStackXDFinder( 3169): UpdateLocalNetworkInterface:[498] :UpdateLocalNetworkInterface copy ip value in default process
10-17 11:24:10.259 E/nStackXDFinder( 3169): GetLocalIp:[401] :GetLocalIp exec
10-17 11:24:10.259 D/nStackXCoAP( 3169): CoapServerInit:[174] :CoapServerInit is called
10-17 11:24:10.259 E/nStackXDFinder( 3169): GetLocalIp:[401] :GetLocalIp exec
10-17 11:24:10.259 D/NearFieldManagerImpl( 3169): registerCapability() called with: capabilityBitmapNum = 1, capabilityBitmap = [8]
10-17 11:24:10.260 I/HicomNf_java_to_c( 3169): registerCapability, capabilityBitmapNum: 1
10-17 11:24:10.260 I/HicomNfMainCtrlManager( 3169): RegisterCapability: 1, 8
10-17 11:24:10.260 I/nStackXUtil( 3169): BindToDevice:[352] :BindToDevice exec
10-17 11:24:10.260 D/NearFieldManagerImpl( 3169): Register capability succeed with capabilityBitmapNum = 1, capabilityBitmap = [8]
10-17 11:24:10.260 D/NearFieldManagerImpl( 3169): registerServiceData() called with: serviceData = 32
10-17 11:24:10.260 I/nStackXUtil( 3169): GetInterfaceByPriority:[279] :GetInterfaceByPriority exec
10-17 11:24:10.260 I/nStackXUtil( 3169): GetInterfaceByDefault:[309] :GetInterfaceByDefault exec
10-17 11:24:10.260 I/nStackXUtil( 3169): GetInterfaceByDefault:[316] :GetInterfaceByDefault, ndevice name: lo
10-17 11:24:10.260 I/nStackXUtil( 3169): GetInterfaceByDefault:[316] :GetInterfaceByDefault, ndevice name: wlan0
10-17 11:24:10.260 D/NearFieldManagerImpl( 3169): registerModule() called with: packageModuleName = com.huawei.connection+CastPlusDiscoveryModule
10-17 11:24:10.260 I/nStackXUtil( 3169): BindToDevice:[374] :BindToDevice, Bind localAddr name: wlan0
10-17 11:24:10.260 I/nStackXUtil( 3169): BindToDeviceInner:[191] :binding interface wlan0 success
10-17 11:24:10.260 D/nStackXCoAP( 3169): CoapInitResources:[744] :CoapInitResources g_wlanOrEthContext update
10-17 11:24:10.260 I/HicomNf_java_to_c( 3169): registerModule, moduleName: com.huawei.connection+CastPlusDiscoveryModule
10-17 11:24:10.260 I/HicomNfMainCtrlManager( 3169): Enter RegisterModule
10-17 11:24:10.260 I/nStackXDFinder( 3169): RegisterServiceData:[728] :RegisterServiceData, serviceData=[32]
10-17 11:24:10.260 I/HicomNfRegManager( 3169): RegisterModule OK, add module name com.huawei.connection+CastPlusDiscoveryModule
10-17 11:24:10.262 I/Hisight-DeviceListManager( 3026): init DeviceListManager.
10-17 11:24:10.268 W/ ( 0): [2 T3224 ..] [W2][ TX] [aml_filter_sp_data_frame 1310][SP FRAME TX][0] ARP req(0x1) sender:[c0:e3:50:49:c1:08 192.168.50.100] receiver:[00:00:00:00:00:00 192.168.50.9]
10-17 11:24:10.273 W/ ( 0): [2 T3224 ..] [W2][ TX] [aml_filter_sp_data_frame 1310][SP FRAME TX][0] ARP req(0x1) sender:[c0:e3:50:49:c1:08 192.168.50.100] receiver:[00:00:00:00:00:00 192.168.50.10]
10-17 11:24:10.265 D/Hisight-DeviceListManager( 3026): get old secret key
10-17 11:24:10.274 W/ ( 0): [2 T3224 ..] [W2][ TX] [aml_filter_sp_data_frame 1310][SP FRAME TX][0] ARP req(0x1) sender:[c0:e3:50:49:c1:08 192.168.50.100] receiver:[00:00:00:00:00:00 192.168.50.11]
10-17 11:24:10.277 W/ ( 0): [2 T3224 ..] [W2][ TX] [aml_filter_sp_data_frame 1310][SP FRAME TX][0] ARP req(0x1) sender:[c0:e3:50:49:c1:08 192.168.50.100] receiver:[00:00:00:00:00:00 192.168.50.12]
10-17 11:24:10.268 E/Hisight-ConnectAuthCallBack( 3026): readSecureFile failed, no such file
10-17 11:24:10.268 W/Hisight-DeviceListManager( 3026): deviceRecords is empty
10-17 11:24:10.268 W/Hisight-DeviceListManager( 3026): occur error, clear all the list
10-17 11:24:10.269 D/Hisight-HiChainAuthControl( 3026): start HiChainAuthControl
10-17 11:24:10.272 I/ConnectAuthJNI( 3026): JNI_OnLoad begin load
10-17 11:24:10.272 I/ConnectAuthJNI( 3026): RegisterNativeMethod begin
10-17 11:24:10.272 I/ConnectAuthJNI( 3026): RegisterNativeMethod end
10-17 11:24:10.272 I/ConnectAuthJNI( 3026): RegisterNativeMethod 1004 methodLen=10
10-17 11:24:10.272 I/ConnectAuthJNI( 3026): RegisterNativeMethod 1007 RegisterNatives=0
10-17 11:24:10.272 I/ConnectAuthJNI( 3026): InitArraylist 1013
10-17 11:24:10.272 I/ConnectAuthJNI( 3026): InitConnectAuthStaticJNIMethod 1114 methodRet=0
10-17 11:24:10.272 E/ConnectAuthJNI( 3026): JNI_OnLoad finish....1138
10-17 11:24:10.272 D/Hisight-HiChainAuthControl( 3026): setupAuthIfNeeded, HiChainInstance hasn't been initialized
10-17 11:24:10.272 I/ConnectAuthJNI( 3026): Java_com_huawei_hisight_security_ConnectAuthNative_nativeSetup 795 call HiChainNativeSetup
10-17 11:24:10.272 I/ConnectAuthJNI( 3026): HiChainNativeSetup 565 registe_log
10-17 11:24:10.272 I/ConnectAuthJNI( 3026): HksStorageRegisterFileCallbacks 245 register hks file callback status =0
10-17 11:24:10.272 I/ConnectAuthJNI( 3026): HksRegisterGetDeviceIdCallback 268 register hks get hardware udid callback status =0
10-17 11:24:10.279 W/ ( 0): [2 T3224 ..] [W2][ TX] [aml_filter_sp_data_frame 1310][SP FRAME TX][0] ARP req(0x1) sender:[c0:e3:50:49:c1:08 192.168.50.100] receiver:[00:00:00:00:00:00 192.168.50.13]
10-17 11:24:10.281 W/ ( 0): [2 T3224 ..] [W2][ TX] [aml_filter_sp_data_frame 1310][SP FRAME TX][0] ARP req(0x1) sender:[c0:e3:50:49:c1:08 192.168.50.100] receiver:[00:00:00:00:00:00 192.168.50.14]
10-17 11:24:10.274 D/ConnectAuthJNI( 3026): [HiChain] get_instance Begin get instance
10-17 11:24:10.274 I/ConnectAuthJNI( 3026): [HKS] hks_service_key_info_init hks init : begin
10-17 11:24:10.274 I/ConnectAuthJNI( 3026): FileRead 113 FileRead
10-17 11:24:10.274 I/ConnectAuthJNI( 3026): FileRead 122 FileRead call readSecureFile begin
10-17 11:24:10.274 E/Hisight-ConnectAuthCallBack( 3026): readSecureFile failed, no such file
10-17 11:24:10.274 W/ConnectAuthJNI( 3026): FileRead 132 FileRead call readSecureFile byteArray is null
10-17 11:24:10.283 W/ ( 0): [2 T3224 ..] [W2][ TX] [aml_filter_sp_data_frame 1310][SP FRAME TX][0] ARP req(0x1) sender:[c0:e3:50:49:c1:08 192.168.50.100] receiver:[00:00:00:00:00:00 192.168.50.15]
10-17 11:24:10.285 W/ ( 0): [2 T3224 ..] [W2][ TX] [aml_filter_sp_data_frame 1310][SP FRAME TX][0] ARP req(0x1) sender:[c0:e3:50:49:c1:08 192.168.50.100] receiver:[00:00:00:00:00:00 192.168.50.16]
10-17 11:24:10.277 I/ConnectAuthJNI( 3026): [HKS] hks_rkc_init RKC init:begin, is_key_info_exist=0
10-17 11:24:10.277 I/ConnectAuthJNI( 3026): [HKS] hks_rkc_init_entropy the entropy is empty
10-17 11:24:10.277 I/ConnectAuthJNI( 3026): FileSize 214 FileSize
10-17 11:24:10.277 I/ConnectAuthJNI( 3026): FileSize 230 fileSize=258
10-17 11:24:10.277 I/ConnectAuthJNI( 3026): FileRead 113 FileRead
10-17 11:24:10.277 I/ConnectAuthJNI( 3026): FileRead 122 FileRead call readSecureFile begin
10-17 11:24:10.278 I/ConnectAuthJNI( 3026): FileRead 135 FileRead call readSecureFile end
10-17 11:24:10.278 I/ConnectAuthJNI( 3026): FileRead 150 fileBuff size 258, buf len 258
10-17 11:24:10.278 I/ConnectAuthJNI( 3026): FileSize 214 FileSize
10-17 11:24:10.278 I/ConnectAuthJNI( 3026): FileSize 230 fileSize=258
10-17 11:24:10.278 I/ConnectAuthJNI( 3026): FileRead 113 FileRead
10-17 11:24:10.278 I/ConnectAuthJNI( 3026): FileRead 122 FileRead call readSecureFile begin
10-17 11:24:10.278 I/ConnectAuthJNI( 3026): FileRead 135 FileRead call readSecureFile end
10-17 11:24:10.278 I/ConnectAuthJNI( 3026): FileRead 150 fileBuff size 258, buf len 258
10-17 11:24:10.279 I/ConnectAuthJNI( 3026): [HKS] hks_rkc_load_ksf load ksf success
10-17 11:24:10.279 I/ConnectAuthJNI( 3026): [HKS] hks_rkc_init root key component init success
10-17 11:24:10.279 I/ConnectAuthJNI( 3026): [HKS] hks_rkc_init RKC init:end,rc=0
10-17 11:24:10.279 I/ConnectAuthJNI( 3026): [HKS] hks_service_key_info_init hks init : end
10-17 11:24:10.279 I/ConnectAuthJNI( 3026): GetHiChainProtocolParamsCallback 371 GetHiChainProtocolParamsCallback operation_code= 99
10-17 11:24:10.279 I/ConnectAuthJNI( 3026): paramLen is ,=0
10-17 11:24:10.279 I/ConnectAuthJNI( 3026): paramLen is ,=0
10-17 11:24:10.279 I/ConnectAuthJNI( 3026): GetHiChainProtocolParamsCallback 402 GetHiChainProtocolParamsCallback end
10-17 11:24:10.279 I/ConnectAuthJNI( 3026): [HiChain] get_instance Get instance success
10-17 11:24:10.279 I/ConnectAuthJNI( 3026): Java_com_huawei_hisight_security_ConnectAuthNative_nativeGetHiChainInstance 598 get instance success
10-17 11:24:10.279 D/Hisight-HiChainAuthControl( 3026): destroyAuth
10-17 11:24:10.279 I/ConnectAuthJNI( 3026): Java_com_huawei_hisight_security_ConnectAuthNative_nativeDestroy 603 destroy
10-17 11:24:10.279 D/Hisight-HiChainAuthControl( 3026): setupAuthIfNeeded, HiChainInstance hasn't been initialized
10-17 11:24:10.279 I/ConnectAuthJNI( 3026): Java_com_huawei_hisight_security_ConnectAuthNative_nativeSetup 795 call HiChainNativeSetup
10-17 11:24:10.279 I/ConnectAuthJNI( 3026): HiChainNativeSetup 565 registe_log
10-17 11:24:10.279 I/ConnectAuthJNI( 3026): HksStorageRegisterFileCallbacks 245 register hks file callback status =0
10-17 11:24:10.279 I/ConnectAuthJNI( 3026): HksRegisterGetDeviceIdCallback 268 register hks get hardware udid callback status =0
10-17 11:24:10.279 D/ConnectAuthJNI( 3026): [HiChain] get_instance Begin get instance
10-17 11:24:10.279 I/ConnectAuthJNI( 3026): [HKS] hks_service_key_info_init hks init : begin
10-17 11:24:10.279 I/ConnectAuthJNI( 3026): [HKS] hks_service_key_info_init hks init : end
10-17 11:24:10.288 W/ ( 0): [2 T3224 ..] [W2][ TX] [aml_filter_sp_data_frame 1310][SP FRAME TX][0] ARP req(0x1) sender:[c0:e3:50:49:c1:08 192.168.50.100] receiver:[00:00:00:00:00:00 192.168.50.17]
10-17 11:24:10.281 I/ConnectAuthJNI( 3026): GetHiChainProtocolParamsCallback 371 GetHiChainProtocolParamsCallback operation_code= 99
10-17 11:24:10.281 I/ConnectAuthJNI( 3026): paramLen is ,=0
10-17 11:24:10.281 I/ConnectAuthJNI( 3026): paramLen is ,=0
10-17 11:24:10.281 I/ConnectAuthJNI( 3026): GetHiChainProtocolParamsCallback 402 GetHiChainProtocolParamsCallback end
10-17 11:24:10.281 I/ConnectAuthJNI( 3026): [HiChain] get_instance Get instance success
10-17 11:24:10.282 I/ConnectAuthJNI( 3026): Java_com_huawei_hisight_security_ConnectAuthNative_nativeGetHiChainInstance 598 get instance success
10-17 11:24:10.282 W/ConnectAuthJNI( 3026): GetListTrustPeers 899 trustPeerSize=0
10-17 11:24:10.282 D/Hisight-HiChainAuthControl( 3026): destroyAuth
10-17 11:24:10.282 I/ConnectAuthJNI( 3026): Java_com_huawei_hisight_security_ConnectAuthNative_nativeDestroy 603 destroy
10-17 11:24:10.282 D/Hisight-HiChainAuthControl( 3026): setupAuthIfNeeded, HiChainInstance hasn't been initialized
10-17 11:24:10.282 I/ConnectAuthJNI( 3026): Java_com_huawei_hisight_security_ConnectAuthNative_nativeSetup 795 call HiChainNativeSetup
10-17 11:24:10.282 I/ConnectAuthJNI( 3026): HiChainNativeSetup 565 registe_log
10-17 11:24:10.282 I/ConnectAuthJNI( 3026): HksStorageRegisterFileCallbacks 245 register hks file callback status =0
10-17 11:24:10.282 I/ConnectAuthJNI( 3026): HksRegisterGetDeviceIdCallback 268 register hks get hardware udid callback status =0
10-17 11:24:10.282 D/ConnectAuthJNI( 3026): [HiChain] get_instance Begin get instance
10-17 11:24:10.282 I/ConnectAuthJNI( 3026): [HKS] hks_service_key_info_init hks init : begin
10-17 11:24:10.282 I/ConnectAuthJNI( 3026): [HKS] hks_service_key_info_init hks init : end
10-17 11:24:10.282 I/ConnectAuthJNI( 3026): GetHiChainProtocolParamsCallback 371 GetHiChainProtocolParamsCallback operation_code= 99
10-17 11:24:10.290 W/ ( 0): [2 T3224 ..] [W2][ TX] [aml_filter_sp_data_frame 1310][SP FRAME TX][0] ARP req(0x1) sender:[c0:e3:50:49:c1:08 192.168.50.100] receiver:[00:00:00:00:00:00 192.168.50.18]
10-17 11:24:10.282 I/ConnectAuthJNI( 3026): paramLen is ,=0
10-17 11:24:10.282 I/ConnectAuthJNI( 3026): paramLen is ,=0
10-17 11:24:10.282 I/ConnectAuthJNI( 3026): GetHiChainProtocolParamsCallback 402 GetHiChainProtocolParamsCallback end
10-17 11:24:10.282 I/ConnectAuthJNI( 3026): [HiChain] get_instance Get instance success
10-17 11:24:10.282 I/ConnectAuthJNI( 3026): Java_com_huawei_hisight_security_ConnectAuthNative_nativeGetHiChainInstance 598 get instance success
10-17 11:24:10.282 W/ConnectAuthJNI( 3026): GetListTrustPeers 899 trustPeerSize=0
10-17 11:24:10.284 I/resolv ( 448): GetAddrInfoHandler::run: {100 100 100 983140 10044 0}
10-17 11:24:10.292 W/ ( 0): [2 T3224 ..] [W2][ TX] [aml_filter_sp_data_frame 1310][SP FRAME TX][0] ARP req(0x1) sender:[c0:e3:50:49:c1:08 192.168.50.100] receiver:[00:00:00:00:00:00 192.168.50.19]
10-17 11:24:10.286 D/Hisight-DeviceListManager( 3026): init trusted list size: 0
10-17 11:24:10.286 D/HiSight-ConnectionManager( 3026): setAuthInfo, authMode: 1
10-17 11:24:10.287 I/resolv ( 448): res_nmkquery: (QUERY, IN, A)
10-17 11:24:10.287 I/resolv ( 448): resolv_cache_lookup: FOUND IN CACHE entry=0xf4e82770
10-17 11:24:10.287 I/resolv ( 448): doQuery: rcode=0, ancount=3, return value=131
10-17 11:24:10.295 W/ ( 0): [2 T3224 ..] [W2][ TX] [aml_filter_sp_data_frame 1310][SP FRAME TX][0] ARP req(0x1) sender:[c0:e3:50:49:c1:08 192.168.50.100] receiver:[00:00:00:00:00:00 192.168.50.20]
10-17 11:24:10.288 D/TrafficStats( 3169): tagSocket(153) with statsTag=0xffffffff, statsUid=-1
10-17 11:24:10.297 W/ ( 0): [2 T3224 ..] [W2][ TX] [aml_filter_sp_data_frame 1310][SP FRAME TX][0] ARP req(0x1) sender:[c0:e3:50:49:c1:08 192.168.50.100] receiver:[00:00:00:00:00:00 192.168.50.21]
10-17 11:24:10.299 W/ ( 0): [2 T3224 ..] [W2][ TX] [aml_filter_sp_data_frame 1310][SP FRAME TX][0] ARP req(0x1) sender:[c0:e3:50:49:c1:08 192.168.50.100] receiver:[00:00:00:00:00:00 192.168.50.22]
10-17 11:24:10.301 W/ ( 0): [2 T3224 ..] [W2][ TX] [aml_filter_sp_data_frame 1310][SP FRAME TX][0] ARP req(0x1) sender:[c0:e3:50:49:c1:08 192.168.50.100] receiver:[00:00:00:00:00:00 192.168.50.23]
10-17 11:24:10.303 W/ ( 0): [2 T3224 ..] [W2][ TX] [aml_filter_sp_data_frame 1310][SP FRAME TX][0] ARP req(0x1) sender:[c0:e3:50:49:c1:08 192.168.50.100] receiver:[00:00:00:00:00:00 192.168.50.24]
10-17 11:24:10.305 W/ ( 0): [2 T3224 ..] [W2][ TX] [aml_filter_sp_data_frame 1310][SP FRAME TX][0] ARP req(0x1) sender:[c0:e3:50:49:c1:08 192.168.50.100] receiver:[00:00:00:00:00:00 192.168.50.25]
10-17 11:24:10.307 W/ ( 0): [2 T3224 ..] [W2][ TX] [aml_filter_sp_data_frame 1310][SP FRAME TX][0] ARP req(0x1) sender:[c0:e3:50:49:c1:08 192.168.50.100] receiver:[00:00:00:00:00:00 192.168.50.26]
10-17 11:24:10.309 W/ ( 0): [2 T3224 ..] [W2][ TX] [aml_filter_sp_data_frame 1310][SP FRAME TX][0] ARP req(0x1) sender:[c0:e3:50:49:c1:08 192.168.50.100] receiver:[00:00:00:00:00:00 192.168.50.27]
10-17 11:24:10.311 W/ ( 0): [2 T3224 ..] [W2][ TX] [aml_filter_sp_data_frame 1310][SP FRAME TX][0] ARP req(0x1) sender:[c0:e3:50:49:c1:08 192.168.50.100] receiver:[00:00:00:00:00:00 192.168.50.28]
10-17 11:24:10.314 W/ ( 0): [2 T3224 ..] [W2][ TX] [aml_filter_sp_data_frame 1310][SP FRAME TX][0] ARP req(0x1) sender:[c0:e3:50:49:c1:08 192.168.50.100] receiver:[00:00:00:00:00:00 192.168.50.30]
10-17 11:24:10.316 W/ ( 0): [2 T3224 ..] [W2][ TX] [aml_filter_sp_data_frame 1310][SP FRAME TX][0] ARP req(0x1) sender:[c0:e3:50:49:c1:08 192.168.50.100] receiver:[00:00:00:00:00:00 192.168.50.31]
10-17 11:24:10.318 W/ ( 0): [2 T3224 ..] [W2][ TX] [aml_filter_sp_data_frame 1310][SP FRAME TX][0] ARP req(0x1) sender:[c0:e3:50:49:c1:08 192.168.50.100] receiver:[00:00:00:00:00:00 192.168.50.32]
10-17 11:24:10.320 W/ ( 0): [2 T3224 ..] [W2][ TX] [aml_filter_sp_data_frame 1310][SP FRAME TX][0] ARP req(0x1) sender:[c0:e3:50:49:c1:08 192.168.50.100] receiver:[00:00:00:00:00:00 192.168.50.33]
10-17 11:24:10.322 W/ ( 0): [2 T3224 ..] [W2][ TX] [aml_filter_sp_data_frame 1310][SP FRAME TX][0] ARP req(0x1) sender:[c0:e3:50:49:c1:08 192.168.50.100] receiver:[00:00:00:00:00:00 192.168.50.34]
10-17 11:24:10.324 W/ ( 0): [2 T3224 ..] [W2][ TX] [aml_filter_sp_data_frame 1310][SP FRAME TX][0] ARP req(0x1) sender:[c0:e3:50:49:c1:08 192.168.50.100] receiver:[00:00:00:00:00:00 192.168.50.35]
10-17 11:24:10.326 W/ ( 0): [2 T3224 ..] [W2][ TX] [aml_filter_sp_data_frame 1310][SP FRAME TX][0] ARP req(0x1) sender:[c0:e3:50:49:c1:08 192.168.50.100] receiver:[00:00:00:00:00:00 192.168.50.36]
10-17 11:24:10.328 W/ ( 0): [2 T3224 ..] [W2][ TX] [aml_filter_sp_data_frame 1310][SP FRAME TX][0] ARP req(0x1) sender:[c0:e3:50:49:c1:08 192.168.50.100] receiver:[00:00:00:00:00:00 192.168.50.37]
10-17 11:24:10.330 W/ ( 0): [2 T3224 ..] [W2][ TX] [aml_filter_sp_data_frame 1310][SP FRAME TX][0] ARP req(0x1) sender:[c0:e3:50:49:c1:08 192.168.50.100] receiver:[00:00:00:00:00:00 192.168.50.38]
10-17 11:24:10.332 W/ ( 0): [2 T3224 ..] [W2][ TX] [aml_filter_sp_data_frame 1310][SP FRAME TX][0] ARP req(0x1) sender:[c0:e3:50:49:c1:08 192.168.50.100] receiver:[00:00:00:00:00:00 192.168.50.39]
10-17 11:24:10.334 W/ ( 0): [2 T3224 ..] [W2][ TX] [aml_filter_sp_data_frame 1310][SP FRAME TX][0] ARP req(0x1) sender:[c0:e3:50:49:c1:08 192.168.50.100] receiver:[00:00:00:00:00:00 192.168.50.40]
10-17 11:24:10.336 W/ ( 0): [2 T3224 ..] [W2][ TX] [aml_filter_sp_data_frame 1310][SP FRAME TX][0] ARP req(0x1) sender:[c0:e3:50:49:c1:08 192.168.50.100] receiver:[00:00:00:00:00:00 192.168.50.41]
10-17 11:24:10.338 W/ ( 0): [2 T3224 ..] [W2][ TX] [aml_filter_sp_data_frame 1310][SP FRAME TX][0] ARP req(0x1) sender:[c0:e3:50:49:c1:08 192.168.50.100] receiver:[00:00:00:00:00:00 192.168.50.42]
10-17 11:24:10.340 W/ ( 0): [2 T3224 ..] [W2][ TX] [aml_filter_sp_data_frame 1310][SP FRAME TX][0] ARP req(0x1) sender:[c0:e3:50:49:c1:08 192.168.50.100] receiver:[00:00:00:00:00:00 192.168.50.43]
10-17 11:24:10.342 W/ ( 0): [2 T3224 ..] [W2][ TX] [aml_filter_sp_data_frame 1310][SP FRAME TX][0] ARP req(0x1) sender:[c0:e3:50:49:c1:08 192.168.50.100] receiver:[00:00:00:00:00:00 192.168.50.44]
10-17 11:24:10.344 W/ ( 0): [2 T3224 ..] [W2][ TX] [aml_filter_sp_data_frame 1310][SP FRAME TX][0] ARP req(0x1) sender:[c0:e3:50:49:c1:08 192.168.50.100] receiver:[00:00:00:00:00:00 192.168.50.45]
10-17 11:24:10.347 W/ ( 0): [2 T3224 ..] [W2][ TX] [aml_filter_sp_data_frame 1310][SP FRAME TX][0] ARP req(0x1) sender:[c0:e3:50:49:c1:08 192.168.50.100] receiver:[00:00:00:00:00:00 192.168.50.46]
10-17 11:24:10.349 W/ ( 0): [2 T3224 ..] [W2][ TX] [aml_filter_sp_data_frame 1310][SP FRAME TX][0] ARP req(0x1) sender:[c0:e3:50:49:c1:08 192.168.50.100] receiver:[00:00:00:00:00:00 192.168.50.47]
10-17 11:24:10.351 W/ ( 0): [2 T3224 ..] [W2][ TX] [aml_filter_sp_data_frame 1310][SP FRAME TX][0] ARP req(0x1) sender:[c0:e3:50:49:c1:08 192.168.50.100] receiver:[00:00:00:00:00:00 192.168.50.48]
10-17 11:24:10.353 W/ ( 0): [2 T3224 ..] [W2][ TX] [aml_filter_sp_data_frame 1310][SP FRAME TX][0] ARP req(0x1) sender:[c0:e3:50:49:c1:08 192.168.50.100] receiver:[00:00:00:00:00:00 192.168.50.49]
10-17 11:24:10.355 W/ ( 0): [2 T3224 ..] [W2][ TX] [aml_filter_sp_data_frame 1310][SP FRAME TX][0] ARP req(0x1) sender:[c0:e3:50:49:c1:08 192.168.50.100] receiver:[00:00:00:00:00:00 192.168.50.50]
10-17 11:24:10.357 W/ ( 0): [2 T3224 ..] [W2][ TX] [aml_filter_sp_data_frame 1310][SP FRAME TX][0] ARP req(0x1) sender:[c0:e3:50:49:c1:08 192.168.50.100] receiver:[00:00:00:00:00:00 192.168.50.51]
10-17 11:24:10.359 W/ ( 0): [2 T3224 ..] [W2][ TX] [aml_filter_sp_data_frame 1310][SP FRAME TX][0] ARP req(0x1) sender:[c0:e3:50:49:c1:08 192.168.50.100] receiver:[00:00:00:00:00:00 192.168.50.52]
10-17 11:24:10.361 W/ ( 0): [2 T3224 ..] [W2][ TX] [aml_filter_sp_data_frame 1310][SP FRAME TX][0] ARP req(0x1) sender:[c0:e3:50:49:c1:08 192.168.50.100] receiver:[00:00:00:00:00:00 192.168.50.53]
10-17 11:24:10.363 W/ ( 0): [2 T3224 ..] [W2][ TX] [aml_filter_sp_data_frame 1310][SP FRAME TX][0] ARP req(0x1) sender:[c0:e3:50:49:c1:08 192.168.50.100] receiver:[00:00:00:00:00:00 192.168.50.54]
10-17 11:24:10.365 W/ ( 0): [2 T3224 ..] [W2][ TX] [aml_filter_sp_data_frame 1310][SP FRAME TX][0] ARP req(0x1) sender:[c0:e3:50:49:c1:08 192.168.50.100] receiver:[00:00:00:00:00:00 192.168.50.55]
10-17 11:24:10.367 W/ ( 0): [2 T3224 ..] [W2][ TX] [aml_filter_sp_data_frame 1310][SP FRAME TX][0] ARP req(0x1) sender:[c0:e3:50:49:c1:08 192.168.50.100] receiver:[00:00:00:00:00:00 192.168.50.56]
10-17 11:24:10.369 W/ ( 0): [2 T3224 ..] [W2][ TX] [aml_filter_sp_data_frame 1310][SP FRAME TX][0] ARP req(0x1) sender:[c0:e3:50:49:c1:08 192.168.50.100] receiver:[00:00:00:00:00:00 192.168.50.57]
10-17 11:24:10.371 W/ ( 0): [2 T3224 ..] [W2][ TX] [aml_filter_sp_data_frame 1310][SP FRAME TX][0] ARP req(0x1) sender:[c0:e3:50:49:c1:08 192.168.50.100] receiver:[00:00:00:00:00:00 192.168.50.58]
10-17 11:24:10.373 W/ ( 0): [2 T3224 ..] [W2][ TX] [aml_filter_sp_data_frame 1310][SP FRAME TX][0] ARP req(0x1) sender:[c0:e3:50:49:c1:08 192.168.50.100] receiver:[00:00:00:00:00:00 192.168.50.59]
10-17 11:24:10.375 W/ ( 0): [2 T3224 ..] [W2][ TX] [aml_filter_sp_data_frame 1310][SP FRAME TX][0] ARP req(0x1) sender:[c0:e3:50:49:c1:08 192.168.50.100] receiver:[00:00:00:00:00:00 192.168.50.60]
10-17 11:24:10.378 W/ ( 0): [2 T3224 ..] [W2][ TX] [aml_filter_sp_data_frame 1310][SP FRAME TX][0] ARP req(0x1) sender:[c0:e3:50:49:c1:08 192.168.50.100] receiver:[00:00:00:00:00:00 192.168.50.61]
10-17 11:24:10.379 W/ ( 0): [2 T3224 ..] [W2][ TX] [aml_filter_sp_data_frame 1310][SP FRAME TX][0] ARP req(0x1) sender:[c0:e3:50:49:c1:08 192.168.50.100] receiver:[00:00:00:00:00:00 192.168.50.62]
10-17 11:24:10.382 W/ ( 0): [2 T3224 ..] [W2][ TX] [aml_filter_sp_data_frame 1310][SP FRAME TX][0] ARP req(0x1) sender:[c0:e3:50:49:c1:08 192.168.50.100] receiver:[00:00:00:00:00:00 192.168.50.63]
10-17 11:24:10.384 W/ ( 0): [3 T3224 ..] [W2][ TX] [aml_filter_sp_data_frame 1310][SP FRAME TX][0] ARP req(0x1) sender:[c0:e3:50:49:c1:08 192.168.50.100] receiver:[00:00:00:00:00:00 192.168.50.64]
10-17 11:24:10.386 W/ ( 0): [3 T3224 ..] [W2][ TX] [aml_filter_sp_data_frame 1310][SP FRAME TX][0] ARP req(0x1) sender:[c0:e3:50:49:c1:08 192.168.50.100] receiver:[00:00:00:00:00:00 192.168.50.65]
10-17 11:24:10.388 W/ ( 0): [3 T3224 ..] [W2][ TX] [aml_filter_sp_data_frame 1310][SP FRAME TX][0] ARP req(0x1) sender:[c0:e3:50:49:c1:08 192.168.50.100] receiver:[00:00:00:00:00:00 192.168.50.66]
10-17 11:24:10.390 W/ ( 0): [3 T3224 ..] [W2][ TX] [aml_filter_sp_data_frame 1310][SP FRAME TX][0] ARP req(0x1) sender:[c0:e3:50:49:c1:08 192.168.50.100] receiver:[00:00:00:00:00:00 192.168.50.67]
10-17 11:24:10.392 W/ ( 0): [3 T3224 ..] [W2][ TX] [aml_filter_sp_data_frame 1310][SP FRAME TX][0] ARP req(0x1) sender:[c0:e3:50:49:c1:08 192.168.50.100] receiver:[00:00:00:00:00:00 192.168.50.68]
10-17 11:24:10.394 W/ ( 0): [3 T3224 ..] [W2][ TX] [aml_filter_sp_data_frame 1310][SP FRAME TX][0] ARP req(0x1) sender:[c0:e3:50:49:c1:08 192.168.50.100] receiver:[00:00:00:00:00:00 192.168.50.69]
10-17 11:24:10.396 W/ ( 0): [3 T3224 ..] [W2][ TX] [aml_filter_sp_data_frame 1310][SP FRAME TX][0] ARP req(0x1) sender:[c0:e3:50:49:c1:08 192.168.50.100] receiver:[00:00:00:00:00:00 192.168.50.70]
10-17 11:24:10.398 W/ ( 0): [3 T3224 ..] [W2][ TX] [aml_filter_sp_data_frame 1310][SP FRAME TX][0] ARP req(0x1) sender:[c0:e3:50:49:c1:08 192.168.50.100] receiver:[00:00:00:00:00:00 192.168.50.71]
10-17 11:24:10.400 W/ ( 0): [3 T3224 ..] [W2][ TX] [aml_filter_sp_data_frame 1310][SP FRAME TX][0] ARP req(0x1) sender:[c0:e3:50:49:c1:08 192.168.50.100] receiver:[00:00:00:00:00:00 192.168.50.72]
10-17 11:24:10.402 W/ ( 0): [3 T3224 ..] [W2][ TX] [aml_filter_sp_data_frame 1310][SP FRAME TX][0] ARP req(0x1) sender:[c0:e3:50:49:c1:08 192.168.50.100] receiver:[00:00:00:00:00:00 192.168.50.73]
10-17 11:24:10.405 W/ ( 0): [3 T3224 ..] [W2][ TX] [aml_filter_sp_data_frame 1310][SP FRAME TX][0] ARP req(0x1) sender:[c0:e3:50:49:c1:08 192.168.50.100] receiver:[00:00:00:00:00:00 192.168.50.74]
10-17 11:24:10.406 W/ ( 0): [3 T3224 ..] [W2][ TX] [aml_filter_sp_data_frame 1310][SP FRAME TX][0] ARP req(0x1) sender:[c0:e3:50:49:c1:08 192.168.50.100] receiver:[00:00:00:00:00:00 192.168.50.75]
10-17 11:24:10.408 W/ ( 0): [3 T3224 ..] [W2][ TX] [aml_filter_sp_data_frame 1310][SP FRAME TX][0] ARP req(0x1) sender:[c0:e3:50:49:c1:08 192.168.50.100] receiver:[00:00:00:00:00:00 192.168.50.76]
10-17 11:24:10.410 W/ ( 0): [3 T3224 ..] [W2][ TX] [aml_filter_sp_data_frame 1310][SP FRAME TX][0] ARP req(0x1) sender:[c0:e3:50:49:c1:08 192.168.50.100] receiver:[00:00:00:00:00:00 192.168.50.77]
10-17 11:24:10.412 W/ ( 0): [3 T3224 ..] [W2][ TX] [aml_filter_sp_data_frame 1310][SP FRAME TX][0] ARP req(0x1) sender:[c0:e3:50:49:c1:08 192.168.50.100] receiver:[00:00:00:00:00:00 192.168.50.78]
10-17 11:24:10.415 W/ ( 0): [3 T3224 ..] [W2][ TX] [aml_filter_sp_data_frame 1310][SP FRAME TX][0] ARP req(0x1) sender:[c0:e3:50:49:c1:08 192.168.50.100] receiver:[00:00:00:00:00:00 192.168.50.79]
10-17 11:24:10.417 W/ ( 0): [3 T3224 ..] [W2][ TX] [aml_filter_sp_data_frame 1310][SP FRAME TX][0] ARP req(0x1) sender:[c0:e3:50:49:c1:08 192.168.50.100] receiver:[00:00:00:00:00:00 192.168.50.80]
10-17 11:24:10.419 W/ ( 0): [3 T3224 ..] [W2][ TX] [aml_filter_sp_data_frame 1310][SP FRAME TX][0] ARP req(0x1) sender:[c0:e3:50:49:c1:08 192.168.50.100] receiver:[00:00:00:00:00:00 192.168.50.81]
10-17 11:24:10.421 W/ ( 0): [3 T3224 ..] [W2][ TX] [aml_filter_sp_data_frame 1310][SP FRAME TX][0] ARP req(0x1) sender:[c0:e3:50:49:c1:08 192.168.50.100] receiver:[00:00:00:00:00:00 192.168.50.82]
10-17 11:24:10.423 W/ ( 0): [3 T3224 ..] [W2][ TX] [aml_filter_sp_data_frame 1310][SP FRAME TX][0] ARP req(0x1) sender:[c0:e3:50:49:c1:08 192.168.50.100] receiver:[00:00:00:00:00:00 192.168.50.83]
10-17 11:24:10.425 W/ ( 0): [3 T3224 ..] [W2][ TX] [aml_filter_sp_data_frame 1310][SP FRAME TX][0] ARP req(0x1) sender:[c0:e3:50:49:c1:08 192.168.50.100] receiver:[00:00:00:00:00:00 192.168.50.84]
10-17 11:24:10.427 W/ ( 0): [3 T3224 ..] [W2][ TX] [aml_filter_sp_data_frame 1310][SP FRAME TX][0] ARP req(0x1) sender:[c0:e3:50:49:c1:08 192.168.50.100] receiver:[00:00:00:00:00:00 192.168.50.85]
10-17 11:24:10.429 W/ ( 0): [3 T3224 ..] [W2][ TX] [aml_filter_sp_data_frame 1310][SP FRAME TX][0] ARP req(0x1) sender:[c0:e3:50:49:c1:08 192.168.50.100] receiver:[00:00:00:00:00:00 192.168.50.87]
10-17 11:24:10.431 W/ ( 0): [3 T3224 ..] [W2][ TX] [aml_filter_sp_data_frame 1310][SP FRAME TX][0] ARP req(0x1) sender:[c0:e3:50:49:c1:08 192.168.50.100] receiver:[00:00:00:00:00:00 192.168.50.88]
10-17 11:24:10.433 W/ ( 0): [3 T3224 ..] [W2][ TX] [aml_filter_sp_data_frame 1310][SP FRAME TX][0] ARP req(0x1) sender:[c0:e3:50:49:c1:08 192.168.50.100] receiver:[00:00:00:00:00:00 192.168.50.89]
10-17 11:24:10.435 W/ ( 0): [3 T3224 ..] [W2][ TX] [aml_filter_sp_data_frame 1310][SP FRAME TX][0] ARP req(0x1) sender:[c0:e3:50:49:c1:08 192.168.50.100] receiver:[00:00:00:00:00:00 192.168.50.90]
10-17 11:24:10.437 W/ ( 0): [3 T3224 ..] [W2][ TX] [aml_filter_sp_data_frame 1310][SP FRAME TX][0] ARP req(0x1) sender:[c0:e3:50:49:c1:08 192.168.50.100] receiver:[00:00:00:00:00:00 192.168.50.91]
10-17 11:24:10.439 W/ ( 0): [3 T3224 ..] [W2][ TX] [aml_filter_sp_data_frame 1310][SP FRAME TX][0] ARP req(0x1) sender:[c0:e3:50:49:c1:08 192.168.50.100] receiver:[00:00:00:00:00:00 192.168.50.92]
10-17 11:24:10.441 W/ ( 0): [3 T3224 ..] [W2][ TX] [aml_filter_sp_data_frame 1310][SP FRAME TX][0] ARP req(0x1) sender:[c0:e3:50:49:c1:08 192.168.50.100] receiver:[00:00:00:00:00:00 192.168.50.93]
10-17 11:24:10.443 W/ ( 0): [3 T3224 ..] [W2][ TX] [aml_filter_sp_data_frame 1310][SP FRAME TX][0] ARP req(0x1) sender:[c0:e3:50:49:c1:08 192.168.50.100] receiver:[00:00:00:00:00:00 192.168.50.94]
10-17 11:24:10.445 W/ ( 0): [3 T3224 ..] [W2][ TX] [aml_filter_sp_data_frame 1310][SP FRAME TX][0] ARP req(0x1) sender:[c0:e3:50:49:c1:08 192.168.50.100] receiver:[00:00:00:00:00:00 192.168.50.95]
10-17 11:24:10.447 W/ ( 0): [3 T3224 ..] [W2][ TX] [aml_filter_sp_data_frame 1310][SP FRAME TX][0] ARP req(0x1) sender:[c0:e3:50:49:c1:08 192.168.50.100] receiver:[00:00:00:00:00:00 192.168.50.96]
10-17 11:24:10.449 W/ ( 0): [3 T3224 ..] [W2][ TX] [aml_filter_sp_data_frame 1310][SP FRAME TX][0] ARP req(0x1) sender:[c0:e3:50:49:c1:08 192.168.50.100] receiver:[00:00:00:00:00:00 192.168.50.97]
10-17 11:24:10.452 W/ ( 0): [3 T3224 ..] [W2][ TX] [aml_filter_sp_data_frame 1310][SP FRAME TX][0] ARP req(0x1) sender:[c0:e3:50:49:c1:08 192.168.50.100] receiver:[00:00:00:00:00:00 192.168.50.98]
10-17 11:24:10.454 W/ ( 0): [3 T3224 ..] [W2][ TX] [aml_filter_sp_data_frame 1310][SP FRAME TX][0] ARP req(0x1) sender:[c0:e3:50:49:c1:08 192.168.50.100] receiver:[00:00:00:00:00:00 192.168.50.99]
10-17 11:24:10.456 W/ ( 0): [3 T3224 ..] [W2][ TX] [aml_filter_sp_data_frame 1310][SP FRAME TX][0] ARP req(0x1) sender:[c0:e3:50:49:c1:08 192.168.50.100] receiver:[00:00:00:00:00:00 192.168.50.101]
10-17 11:24:10.458 W/ ( 0): [3 T3224 ..] [W2][ TX] [aml_filter_sp_data_frame 1310][SP FRAME TX][0] ARP req(0x1) sender:[c0:e3:50:49:c1:08 192.168.50.100] receiver:[00:00:00:00:00:00 192.168.50.102]
10-17 11:24:10.460 W/ ( 0): [3 T3224 ..] [W2][ TX] [aml_filter_sp_data_frame 1310][SP FRAME TX][0] ARP req(0x1) sender:[c0:e3:50:49:c1:08 192.168.50.100] receiver:[00:00:00:00:00:00 192.168.50.103]
10-17 11:24:10.462 W/ ( 0): [3 T3224 ..] [W2][ TX] [aml_filter_sp_data_frame 1310][SP FRAME TX][0] ARP req(0x1) sender:[c0:e3:50:49:c1:08 192.168.50.100] receiver:[00:00:00:00:00:00 192.168.50.104]
10-17 11:24:10.464 W/ ( 0): [3 T3224 ..] [W2][ TX] [aml_filter_sp_data_frame 1310][SP FRAME TX][0] ARP req(0x1) sender:[c0:e3:50:49:c1:08 192.168.50.100] receiver:[00:00:00:00:00:00 192.168.50.105]
10-17 11:24:10.466 W/ ( 0): [3 T3224 ..] [W2][ TX] [aml_filter_sp_data_frame 1310][SP FRAME TX][0] ARP req(0x1) sender:[c0:e3:50:49:c1:08 192.168.50.100] receiver:[00:00:00:00:00:00 192.168.50.106]
10-17 11:24:10.468 W/ ( 0): [3 T3224 ..] [W2][ TX] [aml_filter_sp_data_frame 1310][SP FRAME TX][0] ARP req(0x1) sender:[c0:e3:50:49:c1:08 192.168.50.100] receiver:[00:00:00:00:00:00 192.168.50.108]
10-17 11:24:10.470 W/ ( 0): [3 T3224 ..] [W2][ TX] [aml_filter_sp_data_frame 1310][SP FRAME TX][0] ARP req(0x1) sender:[c0:e3:50:49:c1:08 192.168.50.100] receiver:[00:00:00:00:00:00 192.168.50.109]
10-17 11:24:10.472 W/ ( 0): [3 T3224 ..] [W2][ TX] [aml_filter_sp_data_frame 1310][SP FRAME TX][0] ARP req(0x1) sender:[c0:e3:50:49:c1:08 192.168.50.100] receiver:[00:00:00:00:00:00 192.168.50.110]
10-17 11:24:10.474 W/ ( 0): [3 T3224 ..] [W2][ TX] [aml_filter_sp_data_frame 1310][SP FRAME TX][0] ARP req(0x1) sender:[c0:e3:50:49:c1:08 192.168.50.100] receiver:[00:00:00:00:00:00 192.168.50.111]
10-17 11:24:10.476 W/ ( 0): [3 T3224 ..] [W2][ TX] [aml_filter_sp_data_frame 1310][SP FRAME TX][0] ARP req(0x1) sender:[c0:e3:50:49:c1:08 192.168.50.100] receiver:[00:00:00:00:00:00 192.168.50.112]
10-17 11:24:10.479 W/ ( 0): [3 T3224 ..] [W2][ TX] [aml_filter_sp_data_frame 1310][SP FRAME TX][0] ARP req(0x1) sender:[c0:e3:50:49:c1:08 192.168.50.100] receiver:[00:00:00:00:00:00 192.168.50.113]
10-17 11:24:10.481 W/ ( 0): [3 T3224 ..] [W2][ TX] [aml_filter_sp_data_frame 1310][SP FRAME TX][0] ARP req(0x1) sender:[c0:e3:50:49:c1:08 192.168.50.100] receiver:[00:00:00:00:00:00 192.168.50.114]
10-17 11:24:10.483 W/ ( 0): [3 T3224 ..] [W2][ TX] [aml_filter_sp_data_frame 1310][SP FRAME TX][0] ARP req(0x1) sender:[c0:e3:50:49:c1:08 192.168.50.100] receiver:[00:00:00:00:00:00 192.168.50.115]
10-17 11:24:10.485 W/ ( 0): [3 T3224 ..] [W2][ TX] [aml_filter_sp_data_frame 1310][SP FRAME TX][0] ARP req(0x1) sender:[c0:e3:50:49:c1:08 192.168.50.100] receiver:[00:00:00:00:00:00 192.168.50.116]
10-17 11:24:10.487 W/ ( 0): [3 T3224 ..] [W2][ TX] [aml_filter_sp_data_frame 1310][SP FRAME TX][0] ARP req(0x1) sender:[c0:e3:50:49:c1:08 192.168.50.100] receiver:[00:00:00:00:00:00 192.168.50.117]
10-17 11:24:10.489 W/ ( 0): [3 T3224 ..] [W2][ TX] [aml_filter_sp_data_frame 1310][SP FRAME TX][0] ARP req(0x1) sender:[c0:e3:50:49:c1:08 192.168.50.100] receiver:[00:00:00:00:00:00 192.168.50.118]
10-17 11:24:10.491 W/ ( 0): [3 T3224 ..] [W2][ TX] [aml_filter_sp_data_frame 1310][SP FRAME TX][0] ARP req(0x1) sender:[c0:e3:50:49:c1:08 192.168.50.100] receiver:[00:00:00:00:00:00 192.168.50.119]
10-17 11:24:10.493 W/ ( 0): [3 T3224 ..] [W2][ TX] [aml_filter_sp_data_frame 1310][SP FRAME TX][0] ARP req(0x1) sender:[c0:e3:50:49:c1:08 192.168.50.100] receiver:[00:00:00:00:00:00 192.168.50.120]
10-17 11:24:10.495 W/ ( 0): [3 T3224 ..] [W2][ TX] [aml_filter_sp_data_frame 1310][SP FRAME TX][0] ARP req(0x1) sender:[c0:e3:50:49:c1:08 192.168.50.100] receiver:[00:00:00:00:00:00 192.168.50.121]
10-17 11:24:10.497 W/ ( 0): [3 T3224 ..] [W2][ TX] [aml_filter_sp_data_frame 1310][SP FRAME TX][0] ARP req(0x1) sender:[c0:e3:50:49:c1:08 192.168.50.100] receiver:[00:00:00:00:00:00 192.168.50.122]
10-17 11:24:10.499 W/ ( 0): [3 T3224 ..] [W2][ TX] [aml_filter_sp_data_frame 1310][SP FRAME TX][0] ARP req(0x1) sender:[c0:e3:50:49:c1:08 192.168.50.100] receiver:[00:00:00:00:00:00 192.168.50.123]
10-17 11:24:10.501 W/ ( 0): [3 T3224 ..] [W2][ TX] [aml_filter_sp_data_frame 1310][SP FRAME TX][0] ARP req(0x1) sender:[c0:e3:50:49:c1:08 192.168.50.100] receiver:[00:00:00:00:00:00 192.168.50.124]
10-17 11:24:10.503 W/ ( 0): [3 T3224 ..] [W2][ TX] [aml_filter_sp_data_frame 1310][SP FRAME TX][0] ARP req(0x1) sender:[c0:e3:50:49:c1:08 192.168.50.100] receiver:[00:00:00:00:00:00 192.168.50.125]
10-17 11:24:10.495 D/TrafficStats( 3169): tagSocket(140) with statsTag=0xffffffff, statsUid=-1
10-17 11:24:10.506 W/ ( 0): [3 T3224 ..] [W2][ TX] [aml_filter_sp_data_frame 1310][SP FRAME TX][0] ARP req(0x1) sender:[c0:e3:50:49:c1:08 192.168.50.100] receiver:[00:00:00:00:00:00 192.168.50.126]
10-17 11:24:10.507 W/ ( 0): [3 T3224 ..] [W2][ TX] [aml_filter_sp_data_frame 1310][SP FRAME TX][0] ARP req(0x1) sender:[c0:e3:50:49:c1:08 192.168.50.100] receiver:[00:00:00:00:00:00 192.168.50.127]
10-17 11:24:10.510 W/ ( 0): [3 T3224 ..] [W2][ TX] [aml_filter_sp_data_frame 1310][SP FRAME TX][0] ARP req(0x1) sender:[c0:e3:50:49:c1:08 192.168.50.100] receiver:[00:00:00:00:00:00 192.168.50.128]
10-17 11:24:10.512 W/ ( 0): [3 T3224 ..] [W2][ TX] [aml_filter_sp_data_frame 1310][SP FRAME TX][0] ARP req(0x1) sender:[c0:e3:50:49:c1:08 192.168.50.100] receiver:[00:00:00:00:00:00 192.168.50.129]
10-17 11:24:10.514 W/ ( 0): [3 T3224 ..] [W2][ TX] [aml_filter_sp_data_frame 1310][SP FRAME TX][0] ARP req(0x1) sender:[c0:e3:50:49:c1:08 192.168.50.100] receiver:[00:00:00:00:00:00 192.168.50.130]
10-17 11:24:10.516 W/ ( 0): [3 T3224 ..] [W2][ TX] [aml_filter_sp_data_frame 1310][SP FRAME TX][0] ARP req(0x1) sender:[c0:e3:50:49:c1:08 192.168.50.100] receiver:[00:00:00:00:00:00 192.168.50.131]
10-17 11:24:10.512 D/HiSight-SinkService( 3026): setDiscoverable true
10-17 11:24:10.512 D/HiSight-Discovery( 3026): set deviceInfo type:46
10-17 11:24:10.512 D/HiSight-Discovery( 3026): startAdvertise 3
10-17 11:24:10.512 D/HiSight-Discovery( 3026): stopAdvertise.
10-17 11:24:10.512 D/NearFieldManager( 3026): StopListen moduleId: CastPlusDiscoveryModule
10-17 11:24:10.518 W/ ( 0): [3 T3224 ..] [W2][ TX] [aml_filter_sp_data_frame 1310][SP FRAME TX][0] ARP req(0x1) sender:[c0:e3:50:49:c1:08 192.168.50.100] receiver:[00:00:00:00:00:00 192.168.50.132]
10-17 11:24:10.520 W/ ( 0): [3 T3224 ..] [W2][ TX] [aml_filter_sp_data_frame 1310][SP FRAME TX][0] ARP req(0x1) sender:[c0:e3:50:49:c1:08 192.168.50.100] receiver:[00:00:00:00:00:00 192.168.50.133]
10-17 11:24:10.522 W/ ( 0): [3 T3224 ..] [W2][ TX] [aml_filter_sp_data_frame 1310][SP FRAME TX][0] ARP req(0x1) sender:[c0:e3:50:49:c1:08 192.168.50.100] receiver:[00:00:00:00:00:00 192.168.50.134]
10-17 11:24:10.513 D/wenhc ( 1524): getScreenInfo uri = content://com.dangbei.screencast.parts.info/screen_cast
10-17 11:24:10.513 D/NearFieldManagerImpl( 3169): stopListen: moduleId: CastPlusDiscoveryModule
10-17 11:24:10.513 D/NearFieldManagerImpl( 3169): registerCapability() called with: capabilityBitmapNum = 1, capabilityBitmap = [0]
10-17 11:24:10.513 I/HicomNf_java_to_c( 3169): registerCapability, capabilityBitmapNum: 1
10-17 11:24:10.513 I/HicomNfMainCtrlManager( 3169): RegisterCapability: 1, 0
10-17 11:24:10.513 D/NearFieldManagerImpl( 3169): Register capability succeed with capabilityBitmapNum = 1, capabilityBitmap = [0]
10-17 11:24:10.513 D/HiSight-Discovery( 3026): nearFieldStartListen deviceType 46
10-17 11:24:10.514 D/wenhc ( 1524): getScreenInfo uri = content://com.dangbei.screencast.parts.info/screen_cast
10-17 11:24:10.514 D/NearFieldManagerImpl( 3169): setServiceData, sServiceData=[32], serviceData=[32]
10-17 11:24:10.514 E/NearFieldManagerImpl( 3169): setServiceData, serviceData exists
10-17 11:24:10.514 E/NearFieldManager( 3026): setIdnNetworkPriority: networkPortPriority is empty
10-17 11:24:10.514 D/NearFieldManager( 3026): StartListen moduleId: CastPlusDiscoveryModule
10-17 11:24:10.515 D/NearFieldManagerImpl( 3169): startListen: moduleId: CastPlusDiscoveryModule
10-17 11:24:10.515 D/NearFieldUtils( 3169): getPreferredIpAddress exec
10-17 11:24:10.515 D/NearFieldUtils( 3169): getPreferredIpAddress by custom priority
10-17 11:24:10.515 D/NearFieldUtils( 3169): getIpByInterfaceSetting customIdnNetworkPriority:[]
10-17 11:24:10.515 D/NearFieldUtils( 3169): getPreferredIpAddress by default priority
10-17 11:24:10.524 W/ ( 0): [3 T3224 ..] [W2][ TX] [aml_filter_sp_data_frame 1310][SP FRAME TX][0] ARP req(0x1) sender:[c0:e3:50:49:c1:08 192.168.50.100] receiver:[00:00:00:00:00:00 192.168.50.135]
10-17 11:24:10.526 W/ ( 0): [3 T3224 ..] [W2][ TX] [aml_filter_sp_data_frame 1310][SP FRAME TX][0] ARP req(0x1) sender:[c0:e3:50:49:c1:08 192.168.50.100] receiver:[00:00:00:00:00:00 192.168.50.136]
10-17 11:24:10.528 W/ ( 0): [3 T3224 ..] [W2][ TX] [aml_filter_sp_data_frame 1310][SP FRAME TX][0] ARP req(0x1) sender:[c0:e3:50:49:c1:08 192.168.50.100] receiver:[00:00:00:00:00:00 192.168.50.137]
10-17 11:24:10.523 D/NearFieldUtils( 3169): to get wlan0 ip address
10-17 11:24:10.523 D/NearFieldUtils( 3169): get wlan0 IP succeed.
10-17 11:24:10.523 D/NearFieldManagerImpl( 3169): sDeviceType: 46
10-17 11:24:10.523 D/NearFieldManagerImpl( 3169): registerDevice() is called.
10-17 11:24:10.524 I/HicomNfMainCtrlManager( 3169): NSTACKX_RegisterDevice is called
10-17 11:24:10.524 D/NearFieldManagerImpl( 3169): Register device success.
10-17 11:24:10.524 I/NearFieldManagerImpl( 3169): serviceName is castPlus
10-17 11:24:10.524 I/nStackXDFinder( 3169): UpdateLocalNetworkInterface:[472] :UpdateLocalNetworkInterface exec,initerfaceName:wlan0
10-17 11:24:10.524 E/nStackXDFinder( 3169): GetLocalIp:[401] :GetLocalIp exec
10-17 11:24:10.524 D/NearFieldManagerImpl( 3169): registerCapability() called with: capabilityBitmapNum = 1, capabilityBitmap = [8]
10-17 11:24:10.524 I/HicomNf_java_to_c( 3169): registerCapability, capabilityBitmapNum: 1
10-17 11:24:10.524 I/nStackXDFinder( 3169): UpdateLocalNetworkInterface:[498] :UpdateLocalNetworkInterface copy ip value in default process
10-17 11:24:10.524 E/nStackXDFinder( 3169): GetLocalIp:[401] :GetLocalIp exec
10-17 11:24:10.524 I/nStackXDFinder( 3169): UpdateLocalNetworkInterface:[505] :UpdateLocalNetworkInterface: ip not change
10-17 11:24:10.524 I/HicomNfMainCtrlManager( 3169): RegisterCapability: 1, 8
10-17 11:24:10.524 D/NearFieldManagerImpl( 3169): Register capability succeed with capabilityBitmapNum = 1, capabilityBitmap = [8]
10-17 11:24:10.524 D/NearFieldManagerImpl( 3169): registerServiceData() called with: serviceData = 32
10-17 11:24:10.524 D/NearFieldManagerImpl( 3169): registerModule() called with: packageModuleName = com.huawei.connection+CastPlusDiscoveryModule
10-17 11:24:10.524 I/nStackXDFinder( 3169): RegisterServiceData:[728] :RegisterServiceData, serviceData=[32]
10-17 11:24:10.524 D/NearFieldManagerImpl( 3169): registerModule, registered before
10-17 11:24:10.524 I/HicomNf_java_to_c( 3169): registerModule, moduleName: com.huawei.connection+CastPlusDiscoveryModule
10-17 11:24:10.524 I/HicomNfMainCtrlManager( 3169): Enter RegisterModule
10-17 11:24:10.524 I/HicomNfRegManager( 3169): RegisterModule OK, already registered com.huawei.connection+CastPlusDiscoveryModule
10-17 11:24:10.530 W/ ( 0): [3 T3224 ..] [W2][ TX] [aml_filter_sp_data_frame 1310][SP FRAME TX][0] ARP req(0x1) sender:[c0:e3:50:49:c1:08 192.168.50.100] receiver:[00:00:00:00:00:00 192.168.50.138]
