10-17 11:22:49.750 V/ActivityManagerTiming( 714): OnBootPhase_1000_com.android.server.flags.FeatureFlagsService took to complete: 0ms
10-17 11:22:49.750 D/ActivityManagerTiming( 714): OnBootPhase_1000_com.android.server.uri.UriGrantsManagerService$Lifecycle
10-17 11:22:49.750 V/ActivityManagerTiming( 714): OnBootPhase_1000_com.android.server.uri.UriGrantsManagerService$Lifecycle took to complete: 0ms
10-17 11:22:49.750 D/ActivityManagerTiming( 714): OnBootPhase_1000_com.android.server.powerstats.PowerStatsService
10-17 11:22:49.751 E/PowerStatsService( 714): Failed to start PowerStatsService loggers
10-17 11:22:49.751 V/ActivityManagerTiming( 714): OnBootPhase_1000_com.android.server.powerstats.PowerStatsService took to complete: 0ms
10-17 11:22:49.751 D/ActivityManagerTiming( 714): OnBootPhase_1000_com.android.server.permission.access.AccessCheckingService
10-17 11:22:49.751 V/ActivityManagerTiming( 714): OnBootPhase_1000_com.android.server.permission.access.AccessCheckingService took to complete: 0ms
10-17 11:22:49.751 D/ActivityManagerTiming( 714): OnBootPhase_1000_com.android.server.wm.ActivityTaskManagerService$Lifecycle
10-17 11:22:49.751 V/ActivityManagerTiming( 714): OnBootPhase_1000_com.android.server.wm.ActivityTaskManagerService$Lifecycle took to complete: 0ms
10-17 11:22:49.751 D/ActivityManagerTiming( 714): OnBootPhase_1000_com.android.server.am.ActivityManagerService$Lifecycle
10-17 11:22:49.751 V/ActivityManagerTiming( 714): OnBootPhase_1000_com.android.server.am.ActivityManagerService$Lifecycle took to complete: 0ms
10-17 11:22:49.751 D/ActivityManagerTiming( 714): OnBootPhase_1000_com.android.server.pm.DataLoaderManagerService
10-17 11:22:49.751 V/ActivityManagerTiming( 714): OnBootPhase_1000_com.android.server.pm.DataLoaderManagerService took to complete: 0ms
10-17 11:22:49.751 D/ActivityManagerTiming( 714): OnBootPhase_1000_com.android.server.power.PowerManagerService
10-17 11:22:49.753 V/ActivityManagerTiming( 714): OnBootPhase_1000_com.android.server.power.PowerManagerService took to complete: 3ms
10-17 11:22:49.754 I/DisplayBrightnessStrategySelector( 714): Changing the DisplayBrightnessStrategy from OverrideBrightnessStrategy toInvalidBrightnessStrategy for display 0
10-17 11:22:49.754 V/DisplayPowerController2[0]( 714): Brightness [0.39763778] reason changing to: 'manual', previous reason: 'override'.
10-17 11:22:49.754 I/DisplayPowerController2[0]( 714): BrightnessEvent: disp=0, physDisp=local:4621527120592813323, brt=0.39763778, initBrt=0.39763778, rcmdBrt=NaN, preBrt=NaN, lux=0.0, preLux=0.0, hbmMax=1.0, hbmMode=off, rbcStrength=0, thrmMax=1.0, powerFactor=1.0, wasShortTermModelActive=false, flags=, reason=manual, autoBrightness=false, strategy=InvalidBrightnessStrategy
10-17 11:22:49.756 D/ActivityManagerTiming( 714): OnBootPhase_1000_com.android.server.power.ThermalManagerService
10-17 11:22:49.756 V/ActivityManagerTiming( 714): OnBootPhase_1000_com.android.server.power.ThermalManagerService took to complete: 0ms
10-17 11:22:49.756 D/ActivityManagerTiming( 714): OnBootPhase_1000_com.android.server.power.hint.HintManagerService
10-17 11:22:49.757 V/ActivityManagerTiming( 714): OnBootPhase_1000_com.android.server.power.hint.HintManagerService took to complete: 1ms
10-17 11:22:49.757 D/ActivityManagerTiming( 714): OnBootPhase_1000_com.android.server.recoverysystem.RecoverySystemService$Lifecycle
10-17 11:22:49.757 V/ActivityManagerTiming( 714): OnBootPhase_1000_com.android.server.recoverysystem.RecoverySystemService$Lifecycle took to complete: 0ms
10-17 11:22:49.757 D/ActivityManagerTiming( 714): OnBootPhase_1000_com.android.server.lights.LightsService
10-17 11:22:49.757 V/ActivityManagerTiming( 714): OnBootPhase_1000_com.android.server.lights.LightsService took to complete: 0ms
10-17 11:22:49.757 D/ActivityManagerTiming( 714): OnBootPhase_1000_com.android.server.display.DisplayManagerService
10-17 11:22:49.758 I/LogicalDisplayMapper( 714): Requesting Transition to state: 0, from state=-1, interactive=true, mBootCompleted=true
10-17 11:22:49.758 I/LogicalDisplayMapper( 714): Applying layout: [{dispId: 0(ON), displayGroupName: , addr: {port=11, model=0x4022f66e26c4bd}, mThermalBrightnessThrottlingMapId: null, mRefreshRateZoneId: null, mLeadDisplayId: -1, mLeadDisplayAddress: null, mThermalRefreshRateThrottlingMapId: null}], Previous layout: [{dispId: 0(ON), displayGroupName: , addr: {port=11, model=0x4022f66e26c4bd}, mThermalBrightnessThrottlingMapId: null, mRefreshRateZoneId: null, mLeadDisplayId: -1, mLeadDisplayAddress: null, mThermalRefreshRateThrottlingMapId: null}]
10-17 11:22:49.758 V/ActivityManagerTiming( 714): OnBootPhase_1000_com.android.server.display.DisplayManagerService took to complete: 1ms
10-17 11:22:49.758 D/ActivityManagerTiming( 714): OnBootPhase_1000_com.android.server.pm.verify.domain.DomainVerificationService
10-17 11:22:49.761 V/ActivityManagerTiming( 714): OnBootPhase_1000_com.android.server.pm.verify.domain.DomainVerificationService took to complete: 2ms
10-17 11:22:49.761 D/ActivityManagerTiming( 714): OnBootPhase_1000_com.android.server.pm.PackageInstallerService$Lifecycle
10-17 11:22:49.761 V/ActivityManagerTiming( 714): OnBootPhase_1000_com.android.server.pm.PackageInstallerService$Lifecycle took to complete: 0ms
10-17 11:22:49.761 D/ActivityManagerTiming( 714): OnBootPhase_1000_com.android.server.pm.UserManagerService$LifeCycle
10-17 11:22:49.761 V/ActivityManagerTiming( 714): OnBootPhase_1000_com.android.server.pm.UserManagerService$LifeCycle took to complete: 0ms
10-17 11:22:49.761 D/ActivityManagerTiming( 714): OnBootPhase_1000_com.android.server.om.OverlayManagerService
10-17 11:22:49.761 V/ActivityManagerTiming( 714): OnBootPhase_1000_com.android.server.om.OverlayManagerService took to complete: 0ms
10-17 11:22:49.761 D/ActivityManagerTiming( 714): OnBootPhase_1000_com.android.server.resources.ResourcesManagerService
10-17 11:22:49.761 V/ActivityManagerTiming( 714): OnBootPhase_1000_com.android.server.resources.ResourcesManagerService took to complete: 0ms
10-17 11:22:49.761 D/ActivityManagerTiming( 714): OnBootPhase_1000_com.android.server.sensorprivacy.SensorPrivacyService
10-17 11:22:49.761 V/ActivityManagerTiming( 714): OnBootPhase_1000_com.android.server.sensorprivacy.SensorPrivacyService took to complete: 0ms
10-17 11:22:49.761 D/ActivityManagerTiming( 714): OnBootPhase_1000_com.android.server.sensors.SensorService
10-17 11:22:49.761 V/ActivityManagerTiming( 714): OnBootPhase_1000_com.android.server.sensors.SensorService took to complete: 0ms
10-17 11:22:49.761 D/ActivityManagerTiming( 714): OnBootPhase_1000_com.android.server.SystemConfigService
10-17 11:22:49.761 V/ActivityManagerTiming( 714): OnBootPhase_1000_com.android.server.SystemConfigService took to complete: 0ms
10-17 11:22:49.761 D/ActivityManagerTiming( 714): OnBootPhase_1000_com.android.server.BatteryService
10-17 11:22:49.761 V/ActivityManagerTiming( 714): OnBootPhase_1000_com.android.server.BatteryService took to complete: 0ms
10-17 11:22:49.761 D/ActivityManagerTiming( 714): OnBootPhase_1000_com.android.server.usage.UsageStatsService
10-17 11:22:49.762 V/ActivityManagerTiming( 714): OnBootPhase_1000_com.android.server.usage.UsageStatsService took to complete: 0ms
10-17 11:22:49.762 D/ActivityManagerTiming( 714): OnBootPhase_1000_com.android.server.webkit.WebViewUpdateService
10-17 11:22:49.762 V/ActivityManagerTiming( 714): OnBootPhase_1000_com.android.server.webkit.WebViewUpdateService took to complete: 0ms
10-17 11:22:49.762 D/ActivityManagerTiming( 714): OnBootPhase_1000_com.android.server.CachedDeviceStateService
10-17 11:22:49.762 V/ActivityManagerTiming( 714): OnBootPhase_1000_com.android.server.CachedDeviceStateService took to complete: 0ms
10-17 11:22:49.762 D/ActivityManagerTiming( 714): OnBootPhase_1000_com.android.server.BinderCallsStatsService$LifeCycle
10-17 11:22:49.762 V/ActivityManagerTiming( 714): OnBootPhase_1000_com.android.server.BinderCallsStatsService$LifeCycle took to complete: 0ms
10-17 11:22:49.762 D/ActivityManagerTiming( 714): OnBootPhase_1000_com.android.server.LooperStatsService$Lifecycle
10-17 11:22:49.762 V/ActivityManagerTiming( 714): OnBootPhase_1000_com.android.server.LooperStatsService$Lifecycle took to complete: 0ms
10-17 11:22:49.762 D/ActivityManagerTiming( 714): OnBootPhase_1000_com.android.server.rollback.RollbackManagerService
10-17 11:22:49.763 V/ActivityManagerTiming( 714): OnBootPhase_1000_com.android.server.rollback.RollbackManagerService took to complete: 0ms
10-17 11:22:49.763 D/ActivityManagerTiming( 714): OnBootPhase_1000_com.android.server.os.NativeTombstoneManagerService
10-17 11:22:49.763 V/ActivityManagerTiming( 714): OnBootPhase_1000_com.android.server.os.NativeTombstoneManagerService took to complete: 0ms
10-17 11:22:49.763 D/ActivityManagerTiming( 714): OnBootPhase_1000_com.android.server.os.BugreportManagerService
10-17 11:22:49.763 V/ActivityManagerTiming( 714): OnBootPhase_1000_com.android.server.os.BugreportManagerService took to complete: 0ms
10-17 11:22:49.763 D/ActivityManagerTiming( 714): OnBootPhase_1000_com.android.server.gpu.GpuService
10-17 11:22:49.763 V/ActivityManagerTiming( 714): OnBootPhase_1000_com.android.server.gpu.GpuService took to complete: 0ms
10-17 11:22:49.763 D/ActivityManagerTiming( 714): OnBootPhase_1000_com.android.server.security.rkp.RemoteProvisioningService
10-17 11:22:49.763 V/ActivityManagerTiming( 714): OnBootPhase_1000_com.android.server.security.rkp.RemoteProvisioningService took to complete: 0ms
10-17 11:22:49.763 D/ActivityManagerTiming( 714): OnBootPhase_1000_com.android.server.cpu.CpuMonitorService
10-17 11:22:49.763 V/ActivityManagerTiming( 714): OnBootPhase_1000_com.android.server.cpu.CpuMonitorService took to complete: 0ms
10-17 11:22:49.763 D/ActivityManagerTiming( 714): OnBootPhase_1000_com.android.server.security.KeyChainSystemService
10-17 11:22:49.764 V/ActivityManagerTiming( 714): OnBootPhase_1000_com.android.server.security.KeyChainSystemService took to complete: 0ms
10-17 11:22:49.764 D/ActivityManagerTiming( 714): OnBootPhase_1000_com.android.server.BinaryTransparencyService
10-17 11:22:49.764 D/RollbackManager( 714): mRollbackLifetimeDurationInMillis=1209600000
10-17 11:22:49.764 I/TransparencyService( 714): Boot completed. Getting VBMeta Digest.
10-17 11:22:49.764 D/TransparencyService( 714): VBMeta Digest: 47799a6513d29c49f6d60ec056c96e8e4562685377a33284954b2f41537575da
10-17 11:22:49.764 I/TransparencyService( 714): Boot completed. Collecting biometric system properties.
10-17 11:22:49.765 I/TransparencyService( 714): Scheduling measurements to be taken.
10-17 11:22:49.765 I/TransparencyService( 714): Scheduling binary content-digest computation job
10-17 11:22:49.766 D/CompatibilityChangeReporter( 714): Compat change id reported: 253665015; UID 1000; state: ENABLED
10-17 11:22:49.766 D/CompatibilityChangeReporter( 714): Compat change id reported: 253665015; UID 1000; state: DISABLED
10-17 11:22:49.770 D/CompatibilityChangeReporter( 714): Compat change id reported: 194532703; UID 1000; state: ENABLED
10-17 11:22:49.770 D/CompatibilityChangeReporter( 714): Compat change id reported: 194532703; UID 1000; state: DISABLED
10-17 11:22:49.773 D/TransparencyService( 714): Job 1740526926 to measure binaries was scheduled successfully.
10-17 11:22:49.773 D/TransparencyService( 714): Registering APK & Non-Staged APEX updates...
10-17 11:22:49.774 D/TransparencyService( 714): Registering APEX updates...
10-17 11:22:49.776 D/AppStandbyController( 714): Loaded headless system app cache in 12 ms: appIdleEnabled=true
10-17 11:22:49.778 V/ActivityManagerTiming( 714): OnBootPhase_1000_com.android.server.BinaryTransparencyService took to complete: 15ms
10-17 11:22:49.779 D/ActivityManagerTiming( 714): OnBootPhase_1000_com.android.server.accounts.AccountManagerService$Lifecycle
10-17 11:22:49.779 V/ActivityManagerTiming( 714): OnBootPhase_1000_com.android.server.accounts.AccountManagerService$Lifecycle took to complete: 0ms
10-17 11:22:49.779 D/ActivityManagerTiming( 714): OnBootPhase_1000_com.android.server.content.ContentService$Lifecycle
10-17 11:22:49.779 V/ActivityManagerTiming( 714): OnBootPhase_1000_com.android.server.content.ContentService$Lifecycle took to complete: 0ms
10-17 11:22:49.779 D/ActivityManagerTiming( 714): OnBootPhase_1000_com.android.server.deviceconfig.DeviceConfigInit$Lifecycle
10-17 11:22:49.779 V/ActivityManagerTiming( 714): OnBootPhase_1000_com.android.server.deviceconfig.DeviceConfigInit$Lifecycle took to complete: 0ms
10-17 11:22:49.779 D/ActivityManagerTiming( 714): OnBootPhase_1000_com.android.server.DropBoxManagerService
10-17 11:22:49.779 V/ActivityManagerTiming( 714): OnBootPhase_1000_com.android.server.DropBoxManagerService took to complete: 0ms
10-17 11:22:49.779 D/ActivityManagerTiming( 714): OnBootPhase_1000_com.android.role.RoleService
10-17 11:22:49.779 V/ActivityManagerTiming( 714): OnBootPhase_1000_com.android.role.RoleService took to complete: 0ms
10-17 11:22:49.779 D/ActivityManagerTiming( 714): OnBootPhase_1000_com.android.server.vibrator.VibratorManagerService$Lifecycle
10-17 11:22:49.779 V/ActivityManagerTiming( 714): OnBootPhase_1000_com.android.server.vibrator.VibratorManagerService$Lifecycle took to complete: 0ms
10-17 11:22:49.779 D/ActivityManagerTiming( 714): OnBootPhase_1000_com.android.server.tare.InternalResourceService
10-17 11:22:49.779 V/ActivityManagerTiming( 714): OnBootPhase_1000_com.android.server.tare.InternalResourceService took to complete: 0ms
10-17 11:22:49.779 D/ActivityManagerTiming( 714): OnBootPhase_1000_com.android.server.alarm.AlarmManagerService
10-17 11:22:49.779 V/ActivityManagerTiming( 714): OnBootPhase_1000_com.android.server.alarm.AlarmManagerService took to complete: 0ms
10-17 11:22:49.779 D/ActivityManagerTiming( 714): OnBootPhase_1000_com.android.server.devicestate.DeviceStateManagerService
10-17 11:22:49.779 V/ActivityManagerTiming( 714): OnBootPhase_1000_com.android.server.devicestate.DeviceStateManagerService took to complete: 0ms
10-17 11:22:49.779 D/ActivityManagerTiming( 714): OnBootPhase_1000_com.android.server.camera.CameraServiceProxy
10-17 11:22:49.781 V/ActivityManagerTiming( 714): OnBootPhase_1000_com.android.server.camera.CameraServiceProxy took to complete: 1ms
10-17 11:22:49.781 D/ActivityManagerTiming( 714): OnBootPhase_1000_com.android.server.bluetooth.BluetoothService
10-17 11:22:49.781 V/ActivityManagerTiming( 714): OnBootPhase_1000_com.android.server.bluetooth.BluetoothService took to complete: 0ms
10-17 11:22:49.781 D/ActivityManagerTiming( 714): OnBootPhase_1000_com.android.server.connectivity.IpConnectivityMetrics
10-17 11:22:49.781 V/ActivityManagerTiming( 714): OnBootPhase_1000_com.android.server.connectivity.IpConnectivityMetrics took to complete: 0ms
10-17 11:22:49.781 D/ActivityManagerTiming( 714): OnBootPhase_1000_com.android.server.net.watchlist.NetworkWatchlistService$Lifecycle
10-17 11:22:49.781 V/ActivityManagerTiming( 714): OnBootPhase_1000_com.android.server.net.watchlist.NetworkWatchlistService$Lifecycle took to complete: 0ms
10-17 11:22:49.781 D/ActivityManagerTiming( 714): OnBootPhase_1000_com.android.server.PinnerService
10-17 11:22:49.781 V/ActivityManagerTiming( 714): OnBootPhase_1000_com.android.server.PinnerService took to complete: 0ms
10-17 11:22:49.781 D/ActivityManagerTiming( 714): OnBootPhase_1000_com.android.server.integrity.AppIntegrityManagerService
10-17 11:22:49.781 V/ActivityManagerTiming( 714): OnBootPhase_1000_com.android.server.integrity.AppIntegrityManagerService took to complete: 0ms
10-17 11:22:49.781 D/ActivityManagerTiming( 714): OnBootPhase_1000_com.android.server.logcat.LogcatManagerService
10-17 11:22:49.781 V/ActivityManagerTiming( 714): OnBootPhase_1000_com.android.server.logcat.LogcatManagerService took to complete: 0ms
10-17 11:22:49.781 D/ActivityManagerTiming( 714): OnBootPhase_1000_com.android.server.inputmethod.InputMethodManagerService$Lifecycle
10-17 11:22:49.781 V/ActivityManagerTiming( 714): OnBootPhase_1000_com.android.server.inputmethod.InputMethodManagerService$Lifecycle took to complete: 0ms
10-17 11:22:49.781 D/ActivityManagerTiming( 714): OnBootPhase_1000_com.android.server.accessibility.AccessibilityManagerService$Lifecycle
10-17 11:22:49.781 V/ActivityManagerTiming( 714): OnBootPhase_1000_com.android.server.accessibility.AccessibilityManagerService$Lifecycle took to complete: 0ms
10-17 11:22:49.781 D/ActivityManagerTiming( 714): OnBootPhase_1000_com.android.server.StorageManagerService$Lifecycle
10-17 11:22:49.781 V/ActivityManagerTiming( 714): OnBootPhase_1000_com.android.server.StorageManagerService$Lifecycle took to complete: 0ms
10-17 11:22:49.781 D/ActivityManagerTiming( 714): OnBootPhase_1000_com.android.server.usage.StorageStatsService$Lifecycle
10-17 11:22:49.781 V/ActivityManagerTiming( 714): OnBootPhase_1000_com.android.server.usage.StorageStatsService$Lifecycle took to complete: 0ms
10-17 11:22:49.781 D/ActivityManagerTiming( 714): OnBootPhase_1000_com.android.server.UiModeManagerService
10-17 11:22:49.782 V/ActivityManagerTiming( 714): OnBootPhase_1000_com.android.server.UiModeManagerService took to complete: 0ms
10-17 11:22:49.782 D/StorageManagerService( 714): Thinking about reset, mBootCompleted=true, mDaemonConnected=true
10-17 11:22:49.782 I/StorageSessionController( 714): Started resetting external storage service...
10-17 11:22:49.782 I/StorageSessionController( 714): Finished resetting external storage service
10-17 11:22:49.782 I/StorageManagerService( 714): Resetting vold...
10-17 11:22:49.782 D/ActivityManagerTiming( 714): OnBootPhase_1000_com.android.server.locales.LocaleManagerService
10-17 11:22:49.782 V/ActivityManagerTiming( 714): OnBootPhase_1000_com.android.server.locales.LocaleManagerService took to complete: 0ms
10-17 11:22:49.782 D/ActivityManagerTiming( 714): OnBootPhase_1000_com.android.server.grammaticalinflection.GrammaticalInflectionService
10-17 11:22:49.782 V/ActivityManagerTiming( 714): OnBootPhase_1000_com.android.server.grammaticalinflection.GrammaticalInflectionService took to complete: 0ms
10-17 11:22:49.782 D/ActivityManagerTiming( 714): OnBootPhase_1000_com.android.server.apphibernation.AppHibernationService
10-17 11:22:49.783 V/ActivityManagerTiming( 714): OnBootPhase_1000_com.android.server.apphibernation.AppHibernationService took to complete: 0ms
10-17 11:22:49.783 D/ActivityManagerTiming( 714): OnBootPhase_1000_com.android.server.locksettings.LockSettingsService$Lifecycle
10-17 11:22:49.783 V/ActivityManagerTiming( 714): OnBootPhase_1000_com.android.server.locksettings.LockSettingsService$Lifecycle took to complete: 0ms
10-17 11:22:49.783 D/ActivityManagerTiming( 714): OnBootPhase_1000_com.android.server.PersistentDataBlockService
10-17 11:22:49.783 V/ActivityManagerTiming( 714): OnBootPhase_1000_com.android.server.PersistentDataBlockService took to complete: 0ms
10-17 11:22:49.783 D/ActivityManagerTiming( 714): OnBootPhase_1000_com.android.server.testharness.TestHarnessModeService
10-17 11:22:49.783 D/TestHarnessModeService( 714): Completing Test Harness Mode setup.
10-17 11:22:49.784 I/HibernationStateDiskStore( 714): No hibernation file on disk for file /data/system/hibernation/states
10-17 11:22:49.787 I/StorageManagerService( 714): Reset vold
10-17 11:22:49.788 I/vold ( 247): onUserAdded: 0
10-17 11:22:49.802 D/CompatibilityChangeReporter( 714): Compat change id reported: 218533173; UID 10061; state: ENABLED
10-17 11:22:49.802 D/CompatibilityChangeReporter( 714): Compat change id reported: 262645982; UID 10061; state: ENABLED
10-17 11:22:49.814 D/PackageManager( 714): Instant App installer not found with android.intent.action.INSTALL_INSTANT_APP_PACKAGE
10-17 11:22:49.814 D/PackageManager( 714): Clear ephemeral installer activity
10-17 11:22:49.822 V/ActivityManagerTiming( 714): OnBootPhase_1000_com.android.server.testharness.TestHarnessModeService took to complete: 38ms
10-17 11:22:49.822 D/ActivityManagerTiming( 714): OnBootPhase_1000_com.android.server.oemlock.OemLockService
10-17 11:22:49.822 V/ActivityManagerTiming( 714): OnBootPhase_1000_com.android.server.oemlock.OemLockService took to complete: 1ms
10-17 11:22:49.822 D/ActivityManagerTiming( 714): OnBootPhase_1000_com.android.server.DeviceIdleController
10-17 11:22:49.822 V/ActivityManagerTiming( 714): OnBootPhase_1000_com.android.server.DeviceIdleController took to complete: 0ms
10-17 11:22:49.822 D/ActivityManagerTiming( 714): OnBootPhase_1000_com.android.server.devicepolicy.DevicePolicyManagerService$Lifecycle
10-17 11:22:49.822 V/ActivityManagerTiming( 714): OnBootPhase_1000_com.android.server.devicepolicy.DevicePolicyManagerService$Lifecycle took to complete: 0ms
10-17 11:22:49.822 D/ActivityManagerTiming( 714): OnBootPhase_1000_com.android.server.texttospeech.TextToSpeechManagerService
10-17 11:22:49.822 V/ActivityManagerTiming( 714): OnBootPhase_1000_com.android.server.texttospeech.TextToSpeechManagerService took to complete: 0ms
10-17 11:22:49.822 D/ActivityManagerTiming( 714): OnBootPhase_1000_com.android.server.ambientcontext.AmbientContextManagerService
10-17 11:22:49.822 V/ActivityManagerTiming( 714): OnBootPhase_1000_com.android.server.ambientcontext.AmbientContextManagerService took to complete: 0ms
10-17 11:22:49.822 D/ActivityManagerTiming( 714): OnBootPhase_1000_com.android.server.wearable.WearableSensingManagerService
10-17 11:22:49.822 V/ActivityManagerTiming( 714): OnBootPhase_1000_com.android.server.wearable.WearableSensingManagerService took to complete: 0ms
10-17 11:22:49.822 D/ActivityManagerTiming( 714): OnBootPhase_1000_com.android.server.speech.SpeechRecognitionManagerService
10-17 11:22:49.822 V/ActivityManagerTiming( 714): OnBootPhase_1000_com.android.server.speech.SpeechRecognitionManagerService took to complete: 0ms
10-17 11:22:49.822 D/ActivityManagerTiming( 714): OnBootPhase_1000_com.android.server.searchui.SearchUiManagerService
10-17 11:22:49.822 V/ActivityManagerTiming( 714): OnBootPhase_1000_com.android.server.searchui.SearchUiManagerService took to complete: 0ms
10-17 11:22:49.822 D/ActivityManagerTiming( 714): OnBootPhase_1000_com.android.server.smartspace.SmartspaceManagerService
10-17 11:22:49.822 V/ActivityManagerTiming( 714): OnBootPhase_1000_com.android.server.smartspace.SmartspaceManagerService took to complete: 0ms
10-17 11:22:49.822 D/ActivityManagerTiming( 714): OnBootPhase_1000_com.android.server.graphics.fonts.FontManagerService$Lifecycle
10-17 11:22:49.822 V/ActivityManagerTiming( 714): OnBootPhase_1000_com.android.server.graphics.fonts.FontManagerService$Lifecycle took to complete: 0ms
10-17 11:22:49.822 D/ActivityManagerTiming( 714): OnBootPhase_1000_com.android.server.textservices.TextServicesManagerService$Lifecycle
10-17 11:22:49.822 V/ActivityManagerTiming( 714): OnBootPhase_1000_com.android.server.textservices.TextServicesManagerService$Lifecycle took to complete: 0ms
10-17 11:22:49.822 D/ActivityManagerTiming( 714): OnBootPhase_1000_com.android.server.textclassifier.TextClassificationManagerService$Lifecycle
10-17 11:22:49.822 V/ActivityManagerTiming( 714): OnBootPhase_1000_com.android.server.textclassifier.TextClassificationManagerService$Lifecycle took to complete: 0ms
10-17 11:22:49.822 D/ActivityManagerTiming( 714): OnBootPhase_1000_com.android.server.NetworkScoreService$Lifecycle
10-17 11:22:49.822 V/ActivityManagerTiming( 714): OnBootPhase_1000_com.android.server.NetworkScoreService$Lifecycle took to complete: 0ms
10-17 11:22:49.822 D/ActivityManagerTiming( 714): OnBootPhase_1000_com.android.server.NetworkStatsServiceInitializer
10-17 11:22:49.822 V/ActivityManagerTiming( 714): OnBootPhase_1000_com.android.server.NetworkStatsServiceInitializer took to complete: 0ms
10-17 11:22:49.822 D/ActivityManagerTiming( 714): OnBootPhase_1000_com.android.server.wifi.WifiService
10-17 11:22:49.823 V/ActivityManagerTiming( 714): OnBootPhase_1000_com.android.server.wifi.WifiService took to complete: 0ms
10-17 11:22:49.823 D/ActivityManagerTiming( 714): OnBootPhase_1000_com.android.server.wifi.scanner.WifiScanningService
10-17 11:22:49.823 V/ActivityManagerTiming( 714): OnBootPhase_1000_com.android.server.wifi.scanner.WifiScanningService took to complete: 0ms
10-17 11:22:49.823 D/ActivityManagerTiming( 714): OnBootPhase_1000_com.android.server.wifi.p2p.WifiP2pService
10-17 11:22:49.823 V/ActivityManagerTiming( 714): OnBootPhase_1000_com.android.server.wifi.p2p.WifiP2pService took to complete: 0ms
10-17 11:22:49.823 D/ActivityManagerTiming( 714): OnBootPhase_1000_com.android.server.ConnectivityServiceInitializer
10-17 11:22:49.824 D/CompatibilityChangeReporter( 714): Compat change id reported: 161145287; UID 1000; state: ENABLED
10-17 11:22:49.824 D/CompatibilityChangeReporter( 714): Compat change id reported: 161145287; UID 1000; state: DISABLED
10-17 11:22:49.826 V/ActivityManagerTiming( 714): OnBootPhase_1000_com.android.server.ConnectivityServiceInitializer took to complete: 2ms
10-17 11:22:49.826 D/ActivityManagerTiming( 714): OnBootPhase_1000_com.android.server.notification.NotificationManagerService
10-17 11:22:49.826 V/ActivityManagerTiming( 714): OnBootPhase_1000_com.android.server.notification.NotificationManagerService took to complete: 0ms
10-17 11:22:49.826 D/ActivityManagerTiming( 714): OnBootPhase_1000_com.android.server.storage.DeviceStorageMonitorService
10-17 11:22:49.826 V/ActivityManagerTiming( 714): OnBootPhase_1000_com.android.server.storage.DeviceStorageMonitorService took to complete: 0ms
10-17 11:22:49.826 D/ActivityManagerTiming( 714): OnBootPhase_1000_com.android.server.timedetector.TimeDetectorService$Lifecycle
10-17 11:22:49.826 V/ActivityManagerTiming( 714): OnBootPhase_1000_com.android.server.timedetector.TimeDetectorService$Lifecycle took to complete: 0ms
10-17 11:22:49.826 D/ActivityManagerTiming( 714): OnBootPhase_1000_com.android.server.location.LocationManagerService$Lifecycle
10-17 11:22:49.826 V/ActivityManagerTiming( 714): OnBootPhase_1000_com.android.server.location.LocationManagerService$Lifecycle took to complete: 0ms
10-17 11:22:49.826 D/ActivityManagerTiming( 714): OnBootPhase_1000_com.android.server.timezonedetector.TimeZoneDetectorService$Lifecycle
10-17 11:22:49.826 V/ActivityManagerTiming( 714): OnBootPhase_1000_com.android.server.timezonedetector.TimeZoneDetectorService$Lifecycle took to complete: 0ms
10-17 11:22:49.826 D/ActivityManagerTiming( 714): OnBootPhase_1000_com.android.server.location.altitude.AltitudeService$Lifecycle
10-17 11:22:49.826 V/ActivityManagerTiming( 714): OnBootPhase_1000_com.android.server.location.altitude.AltitudeService$Lifecycle took to complete: 0ms
10-17 11:22:49.826 D/ActivityManagerTiming( 714): OnBootPhase_1000_com.android.server.timezonedetector.location.LocationTimeZoneManagerService$Lifecycle
10-17 11:22:49.826 V/ActivityManagerTiming( 714): OnBootPhase_1000_com.android.server.timezonedetector.location.LocationTimeZoneManagerService$Lifecycle took to complete: 0ms
10-17 11:22:49.826 D/ActivityManagerTiming( 714): OnBootPhase_1000_com.android.server.search.SearchManagerService$Lifecycle
10-17 11:22:49.826 V/ActivityManagerTiming( 714): OnBootPhase_1000_com.android.server.search.SearchManagerService$Lifecycle took to complete: 0ms
10-17 11:22:49.826 D/ActivityManagerTiming( 714): OnBootPhase_1000_com.android.server.wallpaper.WallpaperManagerService$Lifecycle
10-17 11:22:49.827 V/ActivityManagerTiming( 714): OnBootPhase_1000_com.android.server.wallpaper.WallpaperManagerService$Lifecycle took to complete: 0ms
10-17 11:22:49.827 D/ActivityManagerTiming( 714): OnBootPhase_1000_com.android.server.wallpapereffectsgeneration.WallpaperEffectsGenerationManagerService
10-17 11:22:49.827 V/ActivityManagerTiming( 714): OnBootPhase_1000_com.android.server.wallpapereffectsgeneration.WallpaperEffectsGenerationManagerService took to complete: 0ms
10-17 11:22:49.827 D/ActivityManagerTiming( 714): OnBootPhase_1000_com.android.server.audio.AudioService$Lifecycle
10-17 11:22:49.827 V/ActivityManagerTiming( 714): OnBootPhase_1000_com.android.server.audio.AudioService$Lifecycle took to complete: 0ms
10-17 11:22:49.827 D/ActivityManagerTiming( 714): OnBootPhase_1000_com.android.server.soundtrigger_middleware.SoundTriggerMiddlewareService$Lifecycle
10-17 11:22:49.827 V/ActivityManagerTiming( 714): OnBootPhase_1000_com.android.server.soundtrigger_middleware.SoundTriggerMiddlewareService$Lifecycle took to complete: 0ms
10-17 11:22:49.827 D/ActivityManagerTiming( 714): OnBootPhase_1000_com.android.server.adb.AdbService$Lifecycle
10-17 11:22:49.827 V/ActivityManagerTiming( 714): OnBootPhase_1000_com.android.server.adb.AdbService$Lifecycle took to complete: 1ms
10-17 11:22:49.827 D/ActivityManagerTiming( 714): OnBootPhase_1000_com.android.server.usb.UsbService$Lifecycle
10-17 11:22:49.827 V/ActivityManagerTiming( 714): OnBootPhase_1000_com.android.server.usb.UsbService$Lifecycle took to complete: 0ms
10-17 11:22:49.827 D/ActivityManagerTiming( 714): OnBootPhase_1000_com.android.server.twilight.TwilightService
10-17 11:22:49.830 I/UsbDeviceManager( 714): Setting USB config to
10-17 11:22:49.830 D/UsbDeviceManager( 714): setUsbConfig(1) request:1
10-17 11:22:49.844 V/ActivityManagerTiming( 714): OnBootPhase_1000_com.android.server.twilight.TwilightService took to complete: 16ms
10-17 11:22:49.844 D/ActivityManagerTiming( 714): OnBootPhase_1000_com.android.server.display.color.ColorDisplayService
10-17 11:22:49.844 V/ActivityManagerTiming( 714): OnBootPhase_1000_com.android.server.display.color.ColorDisplayService took to complete: 0ms
10-17 11:22:49.844 D/ActivityManagerTiming( 714): OnBootPhase_1000_com.android.server.job.JobSchedulerService
10-17 11:22:49.844 V/ActivityManagerTiming( 714): OnBootPhase_1000_com.android.server.job.JobSchedulerService took to complete: 0ms
10-17 11:22:49.844 D/ActivityManagerTiming( 714): OnBootPhase_1000_com.android.server.soundtrigger.SoundTriggerService
10-17 11:22:49.844 D/SoundTriggerService( 714): onBootPhase: 1000 : false
10-17 11:22:49.845 V/ActivityManagerTiming( 714): OnBootPhase_1000_com.android.server.soundtrigger.SoundTriggerService took to complete: 1ms
10-17 11:22:49.845 D/ActivityManagerTiming( 714): OnBootPhase_1000_com.android.server.trust.TrustManagerService
10-17 11:22:49.845 V/ActivityManagerTiming( 714): OnBootPhase_1000_com.android.server.trust.TrustManagerService took to complete: 0ms
10-17 11:22:49.845 D/ActivityManagerTiming( 714): OnBootPhase_1000_com.android.server.backup.BackupManagerService$Lifecycle
10-17 11:22:49.845 V/ActivityManagerTiming( 714): OnBootPhase_1000_com.android.server.backup.BackupManagerService$Lifecycle took to complete: 0ms
10-17 11:22:49.845 D/ActivityManagerTiming( 714): OnBootPhase_1000_com.android.server.appwidget.AppWidgetService
10-17 11:22:49.845 V/ActivityManagerTiming( 714): OnBootPhase_1000_com.android.server.appwidget.AppWidgetService took to complete: 0ms
10-17 11:22:49.845 D/ActivityManagerTiming( 714): OnBootPhase_1000_com.android.server.voiceinteraction.VoiceInteractionManagerService
10-17 11:22:49.846 V/ActivityManagerTiming( 714): OnBootPhase_1000_com.android.server.voiceinteraction.VoiceInteractionManagerService took to complete: 0ms
10-17 11:22:49.846 D/ActivityManagerTiming( 714): OnBootPhase_1000_com.android.server.GestureLauncherService
10-17 11:22:49.846 V/ActivityManagerTiming( 714): OnBootPhase_1000_com.android.server.GestureLauncherService took to complete: 0ms
10-17 11:22:49.846 D/ActivityManagerTiming( 714): OnBootPhase_1000_com.android.server.SensorNotificationService
10-17 11:22:49.857 I/[0 T233 ..] servicemanager( 0): Found android.hardware.wifi.IWifi/default in device VINTF manifest.
10-17 11:22:49.847 D/CompatibilityChangeReporter( 714): Compat change id reported: 168936375; UID 1000; state: ENABLED
10-17 11:22:49.848 D/CompatibilityChangeReporter( 714): Compat change id reported: 168936375; UID 1000; state: DISABLED
10-17 11:22:49.877 D/CompatibilityChangeReporter( 714): Compat change id reported: 73144566; UID 1000; state: ENABLED
10-17 11:22:49.878 D/CompatibilityChangeReporter( 714): Compat change id reported: 73144566; UID 1000; state: DISABLED
10-17 11:22:49.879 D/PackageManager( 714): Instant App installer not found with android.intent.action.INSTALL_INSTANT_APP_PACKAGE
10-17 11:22:49.879 D/PackageManager( 714): Clear ephemeral installer activity
10-17 11:22:49.886 D/PackageManager( 714): Instant App installer not found with android.intent.action.INSTALL_INSTANT_APP_PACKAGE
10-17 11:22:49.887 D/PackageManager( 714): Clear ephemeral installer activity
10-17 11:22:49.890 D/PackageManager( 714): Instant App installer not found with android.intent.action.INSTALL_INSTANT_APP_PACKAGE
10-17 11:22:49.890 D/PackageManager( 714): Clear ephemeral installer activity
10-17 11:22:49.895 V/ActivityManagerTiming( 714): OnBootPhase_1000_com.android.server.SensorNotificationService took to complete: 50ms
10-17 11:22:49.896 D/ActivityManagerTiming( 714): OnBootPhase_1000_com.android.server.emergency.EmergencyAffordanceService
10-17 11:22:49.896 V/ActivityManagerTiming( 714): OnBootPhase_1000_com.android.server.emergency.EmergencyAffordanceService took to complete: 0ms
10-17 11:22:49.896 D/ActivityManagerTiming( 714): OnBootPhase_1000_com.android.server.blob.BlobStoreManagerService
10-17 11:22:49.898 D/PackageManager( 714): Instant App installer not found with android.intent.action.INSTALL_INSTANT_APP_PACKAGE
10-17 11:22:49.898 D/PackageManager( 714): Clear ephemeral installer activity
10-17 11:22:49.906 D/PackageManager( 714): Instant App installer not found with android.intent.action.INSTALL_INSTANT_APP_PACKAGE
10-17 11:22:49.906 D/PackageManager( 714): Clear ephemeral installer activity
10-17 11:22:49.911 D/PackageManager( 714): Instant App installer not found with android.intent.action.INSTALL_INSTANT_APP_PACKAGE
10-17 11:22:49.911 D/PackageManager( 714): Clear ephemeral installer activity
10-17 11:22:49.915 V/ActivityManagerTiming( 714): OnBootPhase_1000_com.android.server.blob.BlobStoreManagerService took to complete: 20ms
10-17 11:22:49.915 D/ActivityManagerTiming( 714): OnBootPhase_1000_com.android.server.dreams.DreamManagerService
10-17 11:22:49.915 V/ActivityManagerTiming( 714): OnBootPhase_1000_com.android.server.dreams.DreamManagerService took to complete: 0ms
10-17 11:22:49.915 D/ActivityManagerTiming( 714): OnBootPhase_1000_com.android.server.security.AttestationVerificationManagerService
10-17 11:22:49.915 V/ActivityManagerTiming( 714): OnBootPhase_1000_com.android.server.security.AttestationVerificationManagerService took to complete: 0ms
10-17 11:22:49.915 D/ActivityManagerTiming( 714): OnBootPhase_1000_com.android.server.restrictions.RestrictionsManagerService
10-17 11:22:49.915 V/ActivityManagerTiming( 714): OnBootPhase_1000_com.android.server.restrictions.RestrictionsManagerService took to complete: 0ms
10-17 11:22:49.915 D/ActivityManagerTiming( 714): OnBootPhase_1000_com.android.server.media.MediaSessionService
10-17 11:22:49.917 V/ActivityManagerTiming( 714): OnBootPhase_1000_com.android.server.media.MediaSessionService took to complete: 1ms
10-17 11:22:49.917 D/ActivityManagerTiming( 714): OnBootPhase_1000_com.android.server.hdmi.HdmiControlService
10-17 11:22:49.918 D/ActivityThread( 1157): Loading provider com.android.bluetooth.opp: com.android.bluetooth.opp.BluetoothOppProvider
10-17 11:22:49.919 V/ActivityManagerTiming( 714): OnBootPhase_1000_com.android.server.hdmi.HdmiControlService took to complete: 3ms
10-17 11:22:49.920 D/ActivityManagerTiming( 714): OnBootPhase_1000_com.android.server.tv.interactive.TvInteractiveAppManagerService
10-17 11:22:49.920 V/ActivityManagerTiming( 714): OnBootPhase_1000_com.android.server.tv.interactive.TvInteractiveAppManagerService took to complete: 0ms
10-17 11:22:49.920 D/ActivityManagerTiming( 714): OnBootPhase_1000_com.android.server.tv.TvInputManagerService
10-17 11:22:49.920 V/ActivityManagerTiming( 714): OnBootPhase_1000_com.android.server.tv.TvInputManagerService took to complete: 0ms
10-17 11:22:49.920 D/ActivityManagerTiming( 714): OnBootPhase_1000_com.android.server.media.MediaResourceMonitorService
10-17 11:22:49.920 V/ActivityManagerTiming( 714): OnBootPhase_1000_com.android.server.media.MediaResourceMonitorService took to complete: 0ms
10-17 11:22:49.920 D/ActivityManagerTiming( 714): OnBootPhase_1000_com.android.server.tv.TvRemoteService
10-17 11:22:49.920 V/ActivityManagerTiming( 714): OnBootPhase_1000_com.android.server.tv.TvRemoteService took to complete: 0ms
10-17 11:22:49.920 D/ActivityManagerTiming( 714): OnBootPhase_1000_com.android.server.biometrics.BiometricService
10-17 11:22:49.920 V/ActivityManagerTiming( 714): OnBootPhase_1000_com.android.server.biometrics.BiometricService took to complete: 0ms
10-17 11:22:49.920 D/ActivityManagerTiming( 714): OnBootPhase_1000_com.android.server.biometrics.AuthService
10-17 11:22:49.920 V/ActivityManagerTiming( 714): OnBootPhase_1000_com.android.server.biometrics.AuthService took to complete: 0ms
10-17 11:22:49.920 D/ActivityManagerTiming( 714): OnBootPhase_1000_com.android.server.pm.ShortcutService$Lifecycle
10-17 11:22:49.920 V/ActivityManagerTiming( 714): OnBootPhase_1000_com.android.server.pm.ShortcutService$Lifecycle took to complete: 0ms
10-17 11:22:49.920 D/ActivityManagerTiming( 714): OnBootPhase_1000_com.android.server.pm.LauncherAppsService
10-17 11:22:49.920 V/ActivityManagerTiming( 714): OnBootPhase_1000_com.android.server.pm.LauncherAppsService took to complete: 0ms
10-17 11:22:49.920 D/ActivityManagerTiming( 714): OnBootPhase_1000_com.android.server.pm.CrossProfileAppsService
10-17 11:22:49.920 V/ActivityManagerTiming( 714): OnBootPhase_1000_com.android.server.pm.CrossProfileAppsService took to complete: 0ms
10-17 11:22:49.920 D/ActivityManagerTiming( 714): OnBootPhase_1000_com.android.server.people.PeopleService
10-17 11:22:49.920 V/ActivityManagerTiming( 714): OnBootPhase_1000_com.android.server.people.PeopleService took to complete: 0ms
10-17 11:22:49.920 D/ActivityManagerTiming( 714): OnBootPhase_1000_com.android.server.media.metrics.MediaMetricsManagerService
10-17 11:22:49.920 V/ActivityManagerTiming( 714): OnBootPhase_1000_com.android.server.media.metrics.MediaMetricsManagerService took to complete: 0ms
10-17 11:22:49.921 D/ActivityManagerTiming( 714): OnBootPhase_1000_com.android.server.pm.BackgroundInstallControlService
10-17 11:22:49.921 V/ActivityManagerTiming( 714): OnBootPhase_1000_com.android.server.pm.BackgroundInstallControlService took to complete: 0ms
10-17 11:22:49.921 D/ActivityManagerTiming( 714): OnBootPhase_1000_com.android.server.media.projection.MediaProjectionManagerService
10-17 11:22:49.921 V/ActivityManagerTiming( 714): OnBootPhase_1000_com.android.server.media.projection.MediaProjectionManagerService took to complete: 0ms
10-17 11:22:49.921 D/ActivityManagerTiming( 714): OnBootPhase_1000_com.android.server.slice.SliceManagerService$Lifecycle
10-17 11:22:49.922 I/HdmiControlService( 714): bootCompleted
10-17 11:22:49.922 V/ActivityManagerTiming( 714): OnBootPhase_1000_com.android.server.slice.SliceManagerService$Lifecycle took to complete: 0ms
10-17 11:22:49.922 D/ActivityManagerTiming( 714): OnBootPhase_1000_com.android.server.stats.StatsCompanion$Lifecycle
10-17 11:22:49.922 V/ActivityManagerTiming( 714): OnBootPhase_1000_com.android.server.stats.StatsCompanion$Lifecycle took to complete: 0ms
10-17 11:22:49.922 D/ActivityManagerTiming( 714): OnBootPhase_1000_com.android.server.scheduling.RebootReadinessManagerService$Lifecycle
10-17 11:22:49.922 V/ActivityManagerTiming( 714): OnBootPhase_1000_com.android.server.scheduling.RebootReadinessManagerService$Lifecycle took to complete: 0ms
10-17 11:22:49.922 D/ActivityManagerTiming( 714): OnBootPhase_1000_com.android.server.stats.pull.StatsPullAtomService
10-17 11:22:49.922 V/ActivityManagerTiming( 714): OnBootPhase_1000_com.android.server.stats.pull.StatsPullAtomService took to complete: 0ms
10-17 11:22:49.923 D/ActivityManagerTiming( 714): OnBootPhase_1000_com.android.server.stats.bootstrap.StatsBootstrapAtomService$Lifecycle
10-17 11:22:49.923 V/ActivityManagerTiming( 714): OnBootPhase_1000_com.android.server.stats.bootstrap.StatsBootstrapAtomService$Lifecycle took to complete: 0ms
10-17 11:22:49.923 D/ActivityManagerTiming( 714): OnBootPhase_1000_com.android.server.incident.IncidentCompanionService
10-17 11:22:49.923 V/ActivityManagerTiming( 714): OnBootPhase_1000_com.android.server.incident.IncidentCompanionService took to complete: 0ms
10-17 11:22:49.923 D/ActivityManagerTiming( 714): OnBootPhase_1000_com.android.server.sdksandbox.SdkSandboxManagerService$Lifecycle
10-17 11:22:49.923 V/ActivityManagerTiming( 714): OnBootPhase_1000_com.android.server.sdksandbox.SdkSandboxManagerService$Lifecycle took to complete: 0ms
10-17 11:22:49.923 D/ActivityManagerTiming( 714): OnBootPhase_1000_com.android.server.adservices.AdServicesManagerService$Lifecycle
10-17 11:22:49.923 V/ActivityManagerTiming( 714): OnBootPhase_1000_com.android.server.adservices.AdServicesManagerService$Lifecycle took to complete: 0ms
10-17 11:22:49.923 D/ActivityManagerTiming( 714): OnBootPhase_1000_com.android.server.ondevicepersonalization.OnDevicePersonalizationSystemService$Lifecycle
10-17 11:22:49.923 V/ActivityManagerTiming( 714): OnBootPhase_1000_com.android.server.ondevicepersonalization.OnDevicePersonalizationSystemService$Lifecycle took to complete: 0ms
10-17 11:22:49.923 D/ActivityManagerTiming( 714): OnBootPhase_1000_com.android.server.autofill.AutofillManagerService
10-17 11:22:49.923 V/ActivityManagerTiming( 714): OnBootPhase_1000_com.android.server.autofill.AutofillManagerService took to complete: 0ms
10-17 11:22:49.923 D/ActivityManagerTiming( 714): OnBootPhase_1000_com.android.server.clipboard.ClipboardService
10-17 11:22:49.923 V/ActivityManagerTiming( 714): OnBootPhase_1000_com.android.server.clipboard.ClipboardService took to complete: 0ms
10-17 11:22:49.923 D/ActivityManagerTiming( 714): OnBootPhase_1000_com.android.server.appbinding.AppBindingService$Lifecycle
10-17 11:22:49.923 V/ActivityManagerTiming( 714): OnBootPhase_1000_com.android.server.appbinding.AppBindingService$Lifecycle took to complete: 0ms
10-17 11:22:49.923 D/ActivityManagerTiming( 714): OnBootPhase_1000_com.android.server.tracing.TracingServiceProxy
10-17 11:22:49.923 V/ActivityManagerTiming( 714): OnBootPhase_1000_com.android.server.tracing.TracingServiceProxy took to complete: 0ms
10-17 11:22:49.923 D/ActivityManagerTiming( 714): OnBootPhase_1000_com.android.server.policy.PermissionPolicyService
10-17 11:22:49.923 V/ActivityManagerTiming( 714): OnBootPhase_1000_com.android.server.policy.PermissionPolicyService took to complete: 0ms
10-17 11:22:49.923 D/ActivityManagerTiming( 714): OnBootPhase_1000_com.android.server.pm.StagingManager$Lifecycle
10-17 11:22:49.934 I/[3 T413 ..] AidlLazyServiceRegistrar( 0): Process has 1 (of 1 available) client(s) in use after notification apexservice has clients: 1
10-17 11:22:49.934 I/[2 T797 ..] apexd( 0): markBootCompleted() received by ApexService
10-17 11:22:49.935 I/[3 T413 ..] AidlLazyServiceRegistrar( 0): Shutdown prevented by forcePersist override flag.
10-17 11:22:49.930 V/ActivityManagerTiming( 714): OnBootPhase_1000_com.android.server.pm.StagingManager$Lifecycle took to complete: 7ms
10-17 11:22:49.930 D/ActivityManagerTiming( 714): OnBootPhase_1000_com.android.server.app.GameManagerService$Lifecycle
10-17 11:22:49.931 D/GameManagerService( 714): onBootCompleted
10-17 11:22:49.933 V/GameManagerService( 714): Game loading power mode OFF (game manager service start/restart)
10-17 11:22:49.936 V/GameManagerService( 714): Game power mode OFF (game manager service start/restart)
10-17 11:22:49.938 V/ActivityManagerTiming( 714): OnBootPhase_1000_com.android.server.app.GameManagerService$Lifecycle took to complete: 7ms
10-17 11:22:49.938 D/ActivityManagerTiming( 714): OnBootPhase_1000_com.android.safetycenter.SafetyCenterService
10-17 11:22:49.939 V/ActivityManagerTiming( 714): OnBootPhase_1000_com.android.safetycenter.SafetyCenterService took to complete: 0ms
10-17 11:22:49.939 D/ActivityManagerTiming( 714): OnBootPhase_1000_com.android.server.appsearch.AppSearchModule$Lifecycle
10-17 11:22:49.939 V/ActivityManagerTiming( 714): OnBootPhase_1000_com.android.server.appsearch.AppSearchModule$Lifecycle took to complete: 0ms
10-17 11:22:49.940 D/ActivityManagerTiming( 714): OnBootPhase_1000_com.android.server.media.MediaCommunicationService
10-17 11:22:49.950 V/ActivityManagerTiming( 714): OnBootPhase_1000_com.android.server.media.MediaCommunicationService took to complete: 0ms
10-17 11:22:49.950 D/ActivityManagerTiming( 714): OnBootPhase_1000_com.android.server.compat.overrides.AppCompatOverridesService$Lifecycle
10-17 11:22:49.950 V/ActivityManagerTiming( 714): OnBootPhase_1000_com.android.server.compat.overrides.AppCompatOverridesService$Lifecycle took to complete: 0ms
10-17 11:22:49.950 D/ActivityManagerTiming( 714): OnBootPhase_1000_com.android.server.healthconnect.HealthConnectManagerService
10-17 11:22:49.950 V/ActivityManagerTiming( 714): OnBootPhase_1000_com.android.server.healthconnect.HealthConnectManagerService took to complete: 0ms
10-17 11:22:49.950 D/ActivityManagerTiming( 714): OnBootPhase_1000_com.android.server.devicelock.DeviceLockService
10-17 11:22:49.950 D/DeviceLockService( 714): onBootPhase: 1000
10-17 11:22:49.950 V/ActivityManagerTiming( 714): OnBootPhase_1000_com.android.server.devicelock.DeviceLockService took to complete: 0ms
10-17 11:22:49.950 V/ActivityManagerTiming( 714): OnBootPhase_1000 took to complete: 200ms
10-17 11:22:49.950 V/ActivityManagerTiming( 714): TotalBootTime took to complete: 11162ms
10-17 11:22:49.950 D/SystemServerInitThreadPool( 714): Shutdown requested
10-17 11:22:49.950 D/SystemServerTiming( 714): WaitInitThreadPoolShutdown
10-17 11:22:49.960 D/SystemServerInitThreadPool( 714): Shutdown successful
10-17 11:22:49.960 V/SystemServerTiming( 714): WaitInitThreadPoolShutdown took to complete: 9ms
10-17 11:22:49.975 W/ ( 0): [0 T603 ..] [W2][ MAIN] [aml_cfg80211_scan 1953]n_channels:26,iftype:2
10-17 11:22:49.975 W/ ( 0): [0 T603 ..] [W2][ MSG_TX] [aml_send_scanu_req 2619]vif:0
10-17 11:22:49.975 W/ ( 0): [0 T603 ..] [W2][ MSG_TX] [aml_send_scanu_req 2650]len:4 ssid:2.4G
10-17 11:22:49.977 W/ ( 0): [2 T1087 ..] [W2][ CMD] [cmd_complete 65]cmd tkn[22] flags:0000 result: -4 cmd:4096-SCANU_START_REQ - reqcfm( 0-none)
10-17 11:22:49.972 I/ActivityManager( 714): User 0 state changed from BOOTING to RUNNING_LOCKED
10-17 11:22:49.987 I/LockSettingsService( 714): Unwrapping synthetic password for unsecured user 0
10-17 11:22:50.014 D/vold ( 247): fscrypt_unlock_user_key 0 serial=0
10-17 11:22:50.015 D/vold ( 247): Trying user CE key /data/misc/vold/user_keys/ce/0/current
10-17 11:22:50.017 D/vold ( 247): Successfully retrieved key
10-17 11:22:50.017 D/vold ( 247): Installed fscrypt key with ref dd3beae9d86457491fe826706768f5c8 to /data
10-17 11:22:50.017 D/vold ( 247): Added fscrypt-provisioning key for dd3beae9d86457491fe826706768f5c8 to session keyring
10-17 11:22:50.017 D/vold ( 247): Installed ce key for user 0
10-17 11:22:50.022 I/LockSettingsService( 714): Unlocked CE storage for unsecured user 0
10-17 11:22:50.022 D/SystemServerTiming( 714): finishUserUnlocking-0
10-17 11:22:50.023 D/ActivityManager( 714): Started unlocking user 0
10-17 11:22:50.023 D/ActivityManager( 714): Unlocking user 0 progress 0
10-17 11:22:50.023 D/ActivityManager( 714): Unlocking user 0 progress 5
10-17 11:22:50.023 V/SystemServerTiming( 714): finishUserUnlocking-0 took to complete: 1ms
10-17 11:22:50.023 D/SystemServerTiming( 714): UM.onBeforeUnlockUser-0
10-17 11:22:50.024 D/SystemServerTiming( 714): prepareUserData-0
10-17 11:22:50.024 D/vold ( 247): fscrypt_prepare_user_storage for volume null, user 0, serial 0, flags 2
10-17 11:22:50.024 D/vold ( 247): Preparing: /data/system_ce/0
10-17 11:22:50.025 I/vold ( 247): Verified that /data/system_ce/0 has the encryption policy dd3beae9d86457491fe826706768f5c8 v2 modes 1/4 flags 0xa
10-17 11:22:50.025 D/vold ( 247): Preparing: /data/vendor_ce/0
10-17 11:22:50.027 I/vold ( 247): Verified that /data/vendor_ce/0 has the encryption policy dd3beae9d86457491fe826706768f5c8 v2 modes 1/4 flags 0xa
10-17 11:22:50.027 D/vold ( 247): Preparing: /data/media/0
10-17 11:22:50.027 D/CompatibilityChangeReporter( 714): Compat change id reported: 261072174; UID 1000; state: ENABLED
10-17 11:22:50.027 D/OomAdjuster( 714): Not killing cached processes
10-17 11:22:50.030 I/vold ( 247): Verified that /data/media/0 has the encryption policy dd3beae9d86457491fe826706768f5c8 v2 modes 1/4 flags 0xa
10-17 11:22:50.030 D/vold ( 247): Preparing: /data/misc_ce/0
10-17 11:22:50.031 I/vold ( 247): Verified that /data/misc_ce/0 has the encryption policy dd3beae9d86457491fe826706768f5c8 v2 modes 1/4 flags 0xa
10-17 11:22:50.031 D/vold ( 247): Preparing: /data/user/0
10-17 11:22:50.032 I/vold ( 247): Verified that /data/user/0 has the encryption policy dd3beae9d86457491fe826706768f5c8 v2 modes 1/4 flags 0xa
10-17 11:22:50.032 D/vold ( 247): Starting restorecon of /data/system_ce/0
10-17 11:22:50.044 I/[1 T91 ..] input( 0): Dangbei Keyboard as /devices/virtual/misc/uhid/0005:1D5A:C081.0001/input/input10
10-17 11:22:50.045 I/[1 T91 ..] input( 0): Dangbei as /devices/virtual/misc/uhid/0005:1D5A:C081.0001/input/input11
10-17 11:22:50.046 I/ ( 0): [1 T91 ..] hid-generic 0005:1D5A:C081.0001: input,hidraw0: BLUETOOTH HID v1.01 Keyboard [Dangbei] on c0:e3:50:49:c1:09
10-17 11:22:50.058 I/[2 T1431 ..] selinux( 0): SELinux: Skipping restorecon on directory(/data/system_ce/0)
10-17 11:22:50.050 D/vold ( 247): Finished restorecon of /data/system_ce/0
10-17 11:22:50.050 D/vold ( 247): Starting restorecon of /data/vendor_ce/0
10-17 11:22:50.065 I/[2 T1433 ..] selinux( 0): SELinux: Skipping restorecon on directory(/data/vendor_ce/0)
10-17 11:22:50.057 D/vold ( 247): Finished restorecon of /data/vendor_ce/0
10-17 11:22:50.057 D/vold ( 247): Starting restorecon of /data/misc_ce/0
