10-17 11:22:50.070 I/[2 T1434 ..] selinux( 0): SELinux: Skipping restorecon on directory(/data/misc_ce/0)
10-17 11:22:50.061 V/ActivityManagerTiming( 714): FinishBooting took to complete: 325ms
10-17 11:22:50.067 D/vold ( 247): Finished restorecon of /data/misc_ce/0
10-17 11:22:50.067 D/vold ( 247): /system/bin/vold_prepare_subdirs
10-17 11:22:50.067 D/vold ( 247): prepare
10-17 11:22:50.067 D/vold ( 247):
10-17 11:22:50.067 D/vold ( 247): 0
10-17 11:22:50.067 D/vold ( 247): 2
10-17 11:22:50.100 E/ ( 0): [3 T165 ..] can't find node dmabuf_manage's config:secure_vdec_def_size_bytes
10-17 11:22:50.101 E/ ( 0): [3 T165 ..] set config failed dmabuf_manage.secure_vdec_def_size_bytes=16777216
10-17 11:22:50.092 V/WindowManager( 714): app ------------- force_land :0
10-17 11:22:50.093 V/WindowManager( 714): app ------------- force_land :0
10-17 11:22:50.094 I/ActivityManager( 714): com.android.devicelockcontroller is exempt from freezer
10-17 11:22:50.094 D/CompatibilityChangeReporter( 714): Compat change id reported: 135634846; UID 10053; state: DISABLED
10-17 11:22:50.095 D/CompatibilityChangeReporter( 714): Compat change id reported: 177438394; UID 10053; state: DISABLED
10-17 11:22:50.095 D/CompatibilityChangeReporter( 714): Compat change id reported: 135772972; UID 10053; state: DISABLED
10-17 11:22:50.095 D/CompatibilityChangeReporter( 714): Compat change id reported: 135754954; UID 10053; state: ENABLED
10-17 11:22:50.096 D/CompatibilityChangeReporter( 714): Compat change id reported: 143937733; UID 10053; state: ENABLED
10-17 11:22:50.103 D/ColorDisplayService( 714): setUp: currentUser=0
10-17 11:22:50.108 D/CompatibilityChangeReporter( 714): Compat change id reported: 265195908; UID 10053; state: ENABLED
10-17 11:22:50.144 I/ActivityManager( 714): Start proc 1438:com.android.devicelockcontroller/u0a53 for broadcast {com.android.devicelockcontroller/com.android.devicelockcontroller.receivers.LockedBootCompletedReceiver}
10-17 11:22:50.191 W/AdbDebuggingManager( 714): Read failed with count -1
10-17 11:22:50.192 E/AdbDebuggingManager( 714): Caught an exception opening the socket: java.io.IOException: Connection refused
10-17 11:22:50.303 D/CompatibilityChangeReporter( 714): Compat change id reported: 168419799; UID 10053; state: DISABLED
10-17 11:22:50.303 D/CompatibilityChangeReporter( 714): Compat change id reported: 273564678; UID 10053; state: DISABLED
10-17 11:22:50.308 W/NotificationHistory( 714): Attempted to add notif for locked/gone/disabled user 0
10-17 11:22:50.333 D/CompatibilityChangeReporter( 714): Compat change id reported: 170503758; UID 10053; state: ENABLED
10-17 11:22:50.445 I/[2 T294 ..] android.hardware.boot-service( 0): sys.boot_completed: 1
10-17 11:22:50.488 I/DeviceLockControllerApplication( 1438): onCreate
10-17 11:22:50.494 I/DeviceStateControllerImpl( 1438): Starting state is 0
10-17 11:22:50.495 V/UserDataPreparer( 714): Found /data/user/0 with serial number 0
10-17 11:22:50.495 V/UserDataPreparer( 714): Found /data/system_ce/0 with serial number 0
10-17 11:22:50.496 D/UserDataPreparer( 714): Setting property: sys.user.0.ce_available=true
10-17 11:22:50.498 V/SystemServerTiming( 714): prepareUserData-0 took to complete: 474ms
10-17 11:22:50.498 D/SystemServerTiming( 714): reconcileAppsData-0
10-17 11:22:50.498 V/PackageManager( 714): reconcileAppsData for null u0 0x2 migrateAppData=false
10-17 11:22:50.500 I/UserRestrictionsPolicyHandler( 1438): Build type DEBUG = true
10-17 11:22:50.501 W/PackageManager( 714): Skipping preparing app data for com.android.configinfrastructure
10-17 11:22:50.501 W/PackageManager( 714): Skipping preparing app data for com.android.appsearch
10-17 11:22:50.501 W/PackageManager( 714): Skipping preparing app data for com.android.adservices
10-17 11:22:50.501 W/PackageManager( 714): Skipping preparing app data for com.android.scheduling
10-17 11:22:50.501 W/PackageManager( 714): Skipping preparing app data for com.google.android.widevine.nonupdatable
10-17 11:22:50.501 W/PackageManager( 714): Skipping preparing app data for com.android.permission
10-17 11:22:50.501 W/PackageManager( 714): Skipping preparing app data for com.android.art
10-17 11:22:50.502 W/PackageManager( 714): Skipping preparing app data for com.android.uwb
10-17 11:22:50.502 W/PackageManager( 714): Skipping preparing app data for com.android.tethering
10-17 11:22:50.502 W/PackageManager( 714): Skipping preparing app data for com.android.btservices
10-17 11:22:50.502 W/PackageManager( 714): Skipping preparing app data for com.android.media.swcodec
10-17 11:22:50.502 W/PackageManager( 714): Skipping preparing app data for com.android.conscrypt
10-17 11:22:50.502 W/PackageManager( 714): Skipping preparing app data for com.android.adbd
10-17 11:22:50.502 W/PackageManager( 714): Skipping preparing app data for com.android.i18n
10-17 11:22:50.502 W/PackageManager( 714): Skipping preparing app data for com.android.rkpd
10-17 11:22:50.502 W/PackageManager( 714): Skipping preparing app data for com.android.virt
10-17 11:22:50.502 W/PackageManager( 714): Skipping preparing app data for com.android.wifi
10-17 11:22:50.503 W/PackageManager( 714): Skipping preparing app data for com.android.runtime
10-17 11:22:50.503 W/PackageManager( 714): Skipping preparing app data for com.android.devicelock
10-17 11:22:50.503 W/PackageManager( 714): Skipping preparing app data for com.android.apex.cts.shim
10-17 11:22:50.503 W/PackageManager( 714): Skipping preparing app data for com.android.neuralnetworks
10-17 11:22:50.503 W/PackageManager( 714): Skipping preparing app data for com.android.healthfitness
10-17 11:22:50.503 W/PackageManager( 714): Skipping preparing app data for com.android.resolv
10-17 11:22:50.503 W/PackageManager( 714): Skipping preparing app data for com.android.sdkext
10-17 11:22:50.503 W/PackageManager( 714): Skipping preparing app data for com.android.tzdata
10-17 11:22:50.503 W/PackageManager( 714): Skipping preparing app data for com.android.vndk.v34
10-17 11:22:50.503 W/PackageManager( 714): Skipping preparing app data for com.android.os.statsd
10-17 11:22:50.504 W/PackageManager( 714): Skipping preparing app data for com.android.extservices
10-17 11:22:50.504 W/PackageManager( 714): Skipping preparing app data for com.amlogic.mediaextractor
10-17 11:22:50.504 W/PackageManager( 714): Skipping preparing app data for com.android.ipsec
10-17 11:22:50.504 W/PackageManager( 714): Skipping preparing app data for com.android.media
10-17 11:22:50.504 W/PackageManager( 714): Skipping preparing app data for com.android.sdksandbox
10-17 11:22:50.504 W/PackageManager( 714): Skipping preparing app data for com.android.mediaprovider
10-17 11:22:50.504 W/PackageManager( 714): Skipping preparing app data for com.android.ondevicepersonalization
10-17 11:22:50.512 D/DevicePolicyControllerImpl( 1438): onStateChanged (0)
10-17 11:22:50.512 V/UserRestrictionsPolicyHandler( 1438): Setting restrictions for 0
10-17 11:22:50.529 D/CompatibilityChangeReporter( 714): Compat change id reported: 265195908; UID 10053; state: ENABLED
10-17 11:22:50.530 D/CompatibilityChangeReporter( 714): Compat change id reported: 261072174; UID 10053; state: ENABLED
10-17 11:22:50.546 I/DlcClient( 1438): Binding com.android.devicelockcontroller/.storage.SetupParametersService
10-17 11:22:50.547 D/SetupParametersService( 1438): onCreate
10-17 11:22:50.550 D/LockedBootCompletedReceiver( 1438): Locked Boot completed
10-17 11:22:50.557 D/PackagePolicyHandler( 1438): Kiosk package is not set for state: 0
10-17 11:22:50.565 I/DeviceLockControllerApplication( 1438): Policies enforced
10-17 11:22:50.679 V/PackageManager( 714): reconcileAppsData finished 142 packages
10-17 11:22:50.679 V/SystemServerTiming( 714): reconcileAppsData-0 took to complete: 180ms
10-17 11:22:50.679 V/SystemServerTiming( 714): UM.onBeforeUnlockUser-0 took to complete: 656ms
10-17 11:22:50.679 I/ActivityManager( 714): User 0 state changed from RUNNING_LOCKED to RUNNING_UNLOCKING
10-17 11:22:50.681 D/ActivityManager( 714): Unlocking user 0 progress 20
10-17 11:22:50.681 W/Looper ( 714): Slow dispatch took 657ms android.fg h=android.os.Handler c=com.android.server.am.UserController$$ExternalSyntheticLambda2@e53a9cc m=0
10-17 11:22:50.681 W/Looper ( 714): Slow delivery took 657ms android.fg h=android.os.Handler c=com.android.server.am.UserController$$ExternalSyntheticLambda9@723a415 m=0
10-17 11:22:50.681 D/SystemServerTimingAsync( 714): ssm.UnlockingUser-0
10-17 11:22:50.681 I/SystemServiceManager( 714): Calling onUnlockingUser 0
10-17 11:22:50.681 D/SystemServerTimingAsync( 714): ssm.onUnlockingUser-0_com.android.server.security.FileIntegrityService
10-17 11:22:50.681 V/SystemServerTimingAsync( 714): ssm.onUnlockingUser-0_com.android.server.security.FileIntegrityService took to complete: 0ms
10-17 11:22:50.681 D/SystemServerTimingAsync( 714): ssm.onUnlockingUser-0_com.android.server.pm.Installer
10-17 11:22:50.681 V/SystemServerTimingAsync( 714): ssm.onUnlockingUser-0_com.android.server.pm.Installer took to complete: 0ms
10-17 11:22:50.681 D/SystemServerTimingAsync( 714): ssm.onUnlockingUser-0_com.android.server.os.DeviceIdentifiersPolicyService
10-17 11:22:50.681 V/SystemServerTimingAsync( 714): ssm.onUnlockingUser-0_com.android.server.os.DeviceIdentifiersPolicyService took to complete: 0ms
10-17 11:22:50.681 D/SystemServerTimingAsync( 714): ssm.onUnlockingUser-0_com.android.server.flags.FeatureFlagsService
10-17 11:22:50.682 V/SystemServerTimingAsync( 714): ssm.onUnlockingUser-0_com.android.server.flags.FeatureFlagsService took to complete: 0ms
10-17 11:22:50.682 D/SystemServerTimingAsync( 714): ssm.onUnlockingUser-0_com.android.server.uri.UriGrantsManagerService$Lifecycle
10-17 11:22:50.682 V/SystemServerTimingAsync( 714): ssm.onUnlockingUser-0_com.android.server.uri.UriGrantsManagerService$Lifecycle took to complete: 0ms
10-17 11:22:50.682 D/SystemServerTimingAsync( 714): ssm.onUnlockingUser-0_com.android.server.powerstats.PowerStatsService
10-17 11:22:50.682 V/SystemServerTimingAsync( 714): ssm.onUnlockingUser-0_com.android.server.powerstats.PowerStatsService took to complete: 0ms
10-17 11:22:50.682 D/SystemServerTimingAsync( 714): ssm.onUnlockingUser-0_com.android.server.permission.access.AccessCheckingService
10-17 11:22:50.682 V/SystemServerTimingAsync( 714): ssm.onUnlockingUser-0_com.android.server.permission.access.AccessCheckingService took to complete: 0ms
10-17 11:22:50.682 D/SystemServerTimingAsync( 714): ssm.onUnlockingUser-0_com.android.server.wm.ActivityTaskManagerService$Lifecycle
10-17 11:22:50.682 V/SystemServerTimingAsync( 714): ssm.onUnlockingUser-0_com.android.server.wm.ActivityTaskManagerService$Lifecycle took to complete: 0ms
10-17 11:22:50.682 D/SystemServerTimingAsync( 714): ssm.onUnlockingUser-0_com.android.server.am.ActivityManagerService$Lifecycle
10-17 11:22:50.682 V/SystemServerTimingAsync( 714): ssm.onUnlockingUser-0_com.android.server.am.ActivityManagerService$Lifecycle took to complete: 0ms
10-17 11:22:50.682 D/SystemServerTimingAsync( 714): ssm.onUnlockingUser-0_com.android.server.pm.DataLoaderManagerService
10-17 11:22:50.682 V/SystemServerTimingAsync( 714): ssm.onUnlockingUser-0_com.android.server.pm.DataLoaderManagerService took to complete: 0ms
10-17 11:22:50.682 D/SystemServerTimingAsync( 714): ssm.onUnlockingUser-0_com.android.server.power.PowerManagerService
10-17 11:22:50.682 V/SystemServerTimingAsync( 714): ssm.onUnlockingUser-0_com.android.server.power.PowerManagerService took to complete: 0ms
10-17 11:22:50.682 D/SystemServerTimingAsync( 714): ssm.onUnlockingUser-0_com.android.server.power.ThermalManagerService
10-17 11:22:50.682 V/SystemServerTimingAsync( 714): ssm.onUnlockingUser-0_com.android.server.power.ThermalManagerService took to complete: 0ms
10-17 11:22:50.682 D/SystemServerTimingAsync( 714): ssm.onUnlockingUser-0_com.android.server.power.hint.HintManagerService
10-17 11:22:50.682 V/SystemServerTimingAsync( 714): ssm.onUnlockingUser-0_com.android.server.power.hint.HintManagerService took to complete: 0ms
10-17 11:22:50.682 D/SystemServerTimingAsync( 714): ssm.onUnlockingUser-0_com.android.server.recoverysystem.RecoverySystemService$Lifecycle
10-17 11:22:50.682 V/SystemServerTimingAsync( 714): ssm.onUnlockingUser-0_com.android.server.recoverysystem.RecoverySystemService$Lifecycle took to complete: 0ms
10-17 11:22:50.682 D/SystemServerTimingAsync( 714): ssm.onUnlockingUser-0_com.android.server.lights.LightsService
10-17 11:22:50.682 V/SystemServerTimingAsync( 714): ssm.onUnlockingUser-0_com.android.server.lights.LightsService took to complete: 0ms
10-17 11:22:50.682 D/SystemServerTimingAsync( 714): ssm.onUnlockingUser-0_com.android.server.display.DisplayManagerService
10-17 11:22:50.682 V/SystemServerTimingAsync( 714): ssm.onUnlockingUser-0_com.android.server.display.DisplayManagerService took to complete: 0ms
10-17 11:22:50.682 D/SystemServerTimingAsync( 714): ssm.onUnlockingUser-0_com.android.server.pm.verify.domain.DomainVerificationService
10-17 11:22:50.682 V/SystemServerTimingAsync( 714): ssm.onUnlockingUser-0_com.android.server.pm.verify.domain.DomainVerificationService took to complete: 0ms
10-17 11:22:50.682 D/SystemServerTimingAsync( 714): ssm.onUnlockingUser-0_com.android.server.pm.PackageInstallerService$Lifecycle
10-17 11:22:50.682 V/SystemServerTimingAsync( 714): ssm.onUnlockingUser-0_com.android.server.pm.PackageInstallerService$Lifecycle took to complete: 0ms
10-17 11:22:50.682 D/SystemServerTimingAsync( 714): ssm.onUnlockingUser-0_com.android.server.pm.UserManagerService$LifeCycle
10-17 11:22:50.682 V/SystemServerTimingAsync( 714): ssm.onUnlockingUser-0_com.android.server.pm.UserManagerService$LifeCycle took to complete: 0ms
10-17 11:22:50.682 D/SystemServerTimingAsync( 714): ssm.onUnlockingUser-0_com.android.server.om.OverlayManagerService
10-17 11:22:50.682 V/SystemServerTimingAsync( 714): ssm.onUnlockingUser-0_com.android.server.om.OverlayManagerService took to complete: 0ms
10-17 11:22:50.682 D/SystemServerTimingAsync( 714): ssm.onUnlockingUser-0_com.android.server.resources.ResourcesManagerService
10-17 11:22:50.682 V/SystemServerTimingAsync( 714): ssm.onUnlockingUser-0_com.android.server.resources.ResourcesManagerService took to complete: 0ms
10-17 11:22:50.682 D/SystemServerTimingAsync( 714): ssm.onUnlockingUser-0_com.android.server.sensorprivacy.SensorPrivacyService
10-17 11:22:50.682 V/SystemServerTimingAsync( 714): ssm.onUnlockingUser-0_com.android.server.sensorprivacy.SensorPrivacyService took to complete: 0ms
10-17 11:22:50.682 D/SystemServerTimingAsync( 714): ssm.onUnlockingUser-0_com.android.server.sensors.SensorService
10-17 11:22:50.682 V/SystemServerTimingAsync( 714): ssm.onUnlockingUser-0_com.android.server.sensors.SensorService took to complete: 0ms
10-17 11:22:50.682 D/SystemServerTimingAsync( 714): ssm.onUnlockingUser-0_com.android.server.SystemConfigService
10-17 11:22:50.682 V/SystemServerTimingAsync( 714): ssm.onUnlockingUser-0_com.android.server.SystemConfigService took to complete: 0ms
10-17 11:22:50.682 D/SystemServerTimingAsync( 714): ssm.onUnlockingUser-0_com.android.server.BatteryService
10-17 11:22:50.682 V/SystemServerTimingAsync( 714): ssm.onUnlockingUser-0_com.android.server.BatteryService took to complete: 0ms
10-17 11:22:50.682 D/SystemServerTimingAsync( 714): ssm.onUnlockingUser-0_com.android.server.usage.UsageStatsService
10-17 11:22:50.682 V/SystemServerTimingAsync( 714): ssm.onUnlockingUser-0_com.android.server.usage.UsageStatsService took to complete: 0ms
10-17 11:22:50.683 D/SystemServerTimingAsync( 714): ssm.onUnlockingUser-0_com.android.server.webkit.WebViewUpdateService
10-17 11:22:50.683 V/SystemServerTimingAsync( 714): ssm.onUnlockingUser-0_com.android.server.webkit.WebViewUpdateService took to complete: 0ms
10-17 11:22:50.683 D/SystemServerTimingAsync( 714): ssm.onUnlockingUser-0_com.android.server.CachedDeviceStateService
10-17 11:22:50.683 V/SystemServerTimingAsync( 714): ssm.onUnlockingUser-0_com.android.server.CachedDeviceStateService took to complete: 0ms
10-17 11:22:50.683 D/SystemServerTimingAsync( 714): ssm.onUnlockingUser-0_com.android.server.BinderCallsStatsService$LifeCycle
10-17 11:22:50.683 V/SystemServerTimingAsync( 714): ssm.onUnlockingUser-0_com.android.server.BinderCallsStatsService$LifeCycle took to complete: 0ms
10-17 11:22:50.683 D/SystemServerTimingAsync( 714): ssm.onUnlockingUser-0_com.android.server.LooperStatsService$Lifecycle
10-17 11:22:50.683 V/SystemServerTimingAsync( 714): ssm.onUnlockingUser-0_com.android.server.LooperStatsService$Lifecycle took to complete: 0ms
10-17 11:22:50.683 D/SystemServerTimingAsync( 714): ssm.onUnlockingUser-0_com.android.server.rollback.RollbackManagerService
10-17 11:22:50.683 I/BroadcastQueue( 714): BOOT_COMPLETED_BROADCAST_COMPLETION_LATENCY_REPORTED action:android.intent.action.LOCKED_BOOT_COMPLETED dispatchLatency:47 completeLatency:702 dispatchRealLatency:47 completeRealLatency:702 receiversSize:4 userId:0 userType:android.os.usertype.full.SYSTEM
10-17 11:22:50.684 V/SystemServerTimingAsync( 714): ssm.onUnlockingUser-0_com.android.server.rollback.RollbackManagerService took to complete: 1ms
10-17 11:22:50.684 D/SystemServerTimingAsync( 714): ssm.onUnlockingUser-0_com.android.server.os.NativeTombstoneManagerService
10-17 11:22:50.684 V/SystemServerTimingAsync( 714): ssm.onUnlockingUser-0_com.android.server.os.NativeTombstoneManagerService took to complete: 0ms
10-17 11:22:50.684 D/SystemServerTimingAsync( 714): ssm.onUnlockingUser-0_com.android.server.os.BugreportManagerService
10-17 11:22:50.684 V/SystemServerTimingAsync( 714): ssm.onUnlockingUser-0_com.android.server.os.BugreportManagerService took to complete: 0ms
10-17 11:22:50.684 D/SystemServerTimingAsync( 714): ssm.onUnlockingUser-0_com.android.server.gpu.GpuService
10-17 11:22:50.684 V/SystemServerTimingAsync( 714): ssm.onUnlockingUser-0_com.android.server.gpu.GpuService took to complete: 0ms
10-17 11:22:50.684 D/SystemServerTimingAsync( 714): ssm.onUnlockingUser-0_com.android.server.security.rkp.RemoteProvisioningService
10-17 11:22:50.684 V/SystemServerTimingAsync( 714): ssm.onUnlockingUser-0_com.android.server.security.rkp.RemoteProvisioningService took to complete: 0ms
10-17 11:22:50.684 D/SystemServerTimingAsync( 714): ssm.onUnlockingUser-0_com.android.server.cpu.CpuMonitorService
10-17 11:22:50.684 V/SystemServerTimingAsync( 714): ssm.onUnlockingUser-0_com.android.server.cpu.CpuMonitorService took to complete: 0ms
10-17 11:22:50.684 D/SystemServerTimingAsync( 714): ssm.onUnlockingUser-0_com.android.server.security.KeyChainSystemService
10-17 11:22:50.684 V/SystemServerTimingAsync( 714): ssm.onUnlockingUser-0_com.android.server.security.KeyChainSystemService took to complete: 0ms
10-17 11:22:50.684 D/SystemServerTimingAsync( 714): ssm.onUnlockingUser-0_com.android.server.BinaryTransparencyService
10-17 11:22:50.684 V/SystemServerTimingAsync( 714): ssm.onUnlockingUser-0_com.android.server.BinaryTransparencyService took to complete: 0ms
10-17 11:22:50.684 D/SystemServerTimingAsync( 714): ssm.onUnlockingUser-0_com.android.server.accounts.AccountManagerService$Lifecycle
10-17 11:22:50.684 V/SystemServerTimingAsync( 714): ssm.onUnlockingUser-0_com.android.server.accounts.AccountManagerService$Lifecycle took to complete: 0ms
10-17 11:22:50.684 D/SystemServerTimingAsync( 714): ssm.onUnlockingUser-0_com.android.server.content.ContentService$Lifecycle
10-17 11:22:50.685 V/SystemServerTimingAsync( 714): ssm.onUnlockingUser-0_com.android.server.content.ContentService$Lifecycle took to complete: 0ms
10-17 11:22:50.685 D/SystemServerTimingAsync( 714): ssm.onUnlockingUser-0_com.android.server.deviceconfig.DeviceConfigInit$Lifecycle
10-17 11:22:50.685 V/SystemServerTimingAsync( 714): ssm.onUnlockingUser-0_com.android.server.deviceconfig.DeviceConfigInit$Lifecycle took to complete: 0ms
10-17 11:22:50.685 D/SystemServerTimingAsync( 714): ssm.onUnlockingUser-0_com.android.server.DropBoxManagerService
10-17 11:22:50.685 V/SystemServerTimingAsync( 714): ssm.onUnlockingUser-0_com.android.server.DropBoxManagerService took to complete: 0ms
10-17 11:22:50.685 D/SystemServerTimingAsync( 714): ssm.onUnlockingUser-0_com.android.role.RoleService
10-17 11:22:50.685 V/SystemServerTimingAsync( 714): ssm.onUnlockingUser-0_com.android.role.RoleService took to complete: 0ms
10-17 11:22:50.685 D/SystemServerTimingAsync( 714): ssm.onUnlockingUser-0_com.android.server.vibrator.VibratorManagerService$Lifecycle
10-17 11:22:50.685 V/SystemServerTimingAsync( 714): ssm.onUnlockingUser-0_com.android.server.vibrator.VibratorManagerService$Lifecycle took to complete: 0ms
10-17 11:22:50.685 D/SystemServerTimingAsync( 714): ssm.onUnlockingUser-0_com.android.server.tare.InternalResourceService
10-17 11:22:50.685 V/SystemServerTimingAsync( 714): ssm.onUnlockingUser-0_com.android.server.tare.InternalResourceService took to complete: 0ms
10-17 11:22:50.685 D/SystemServerTimingAsync( 714): ssm.onUnlockingUser-0_com.android.server.alarm.AlarmManagerService
10-17 11:22:50.685 V/SystemServerTimingAsync( 714): ssm.onUnlockingUser-0_com.android.server.alarm.AlarmManagerService took to complete: 0ms
10-17 11:22:50.685 D/SystemServerTimingAsync( 714): ssm.onUnlockingUser-0_com.android.server.devicestate.DeviceStateManagerService
10-17 11:22:50.685 V/SystemServerTimingAsync( 714): ssm.onUnlockingUser-0_com.android.server.devicestate.DeviceStateManagerService took to complete: 0ms
10-17 11:22:50.685 D/SystemServerTimingAsync( 714): ssm.onUnlockingUser-0_com.android.server.camera.CameraServiceProxy
10-17 11:22:50.685 V/SystemServerTimingAsync( 714): ssm.onUnlockingUser-0_com.android.server.camera.CameraServiceProxy took to complete: 0ms
10-17 11:22:50.685 D/SystemServerTimingAsync( 714): ssm.onUnlockingUser-0_com.android.server.bluetooth.BluetoothService
10-17 11:22:50.685 V/SystemServerTimingAsync( 714): ssm.onUnlockingUser-0_com.android.server.bluetooth.BluetoothService took to complete: 0ms
10-17 11:22:50.685 D/SystemServerTimingAsync( 714): ssm.onUnlockingUser-0_com.android.server.connectivity.IpConnectivityMetrics
10-17 11:22:50.685 V/SystemServerTimingAsync( 714): ssm.onUnlockingUser-0_com.android.server.connectivity.IpConnectivityMetrics took to complete: 0ms
10-17 11:22:50.685 D/SystemServerTimingAsync( 714): ssm.onUnlockingUser-0_com.android.server.net.watchlist.NetworkWatchlistService$Lifecycle
10-17 11:22:50.685 V/SystemServerTimingAsync( 714): ssm.onUnlockingUser-0_com.android.server.net.watchlist.NetworkWatchlistService$Lifecycle took to complete: 0ms
10-17 11:22:50.685 D/SystemServerTimingAsync( 714): ssm.onUnlockingUser-0_com.android.server.PinnerService
10-17 11:22:50.685 V/SystemServerTimingAsync( 714): ssm.onUnlockingUser-0_com.android.server.PinnerService took to complete: 0ms
10-17 11:22:50.685 D/SystemServerTimingAsync( 714): ssm.onUnlockingUser-0_com.android.server.integrity.AppIntegrityManagerService
10-17 11:22:50.685 V/SystemServerTimingAsync( 714): ssm.onUnlockingUser-0_com.android.server.integrity.AppIntegrityManagerService took to complete: 0ms
10-17 11:22:50.685 D/SystemServerTimingAsync( 714): ssm.onUnlockingUser-0_com.android.server.logcat.LogcatManagerService
10-17 11:22:50.685 V/SystemServerTimingAsync( 714): ssm.onUnlockingUser-0_com.android.server.logcat.LogcatManagerService took to complete: 0ms
10-17 11:22:50.685 D/SystemServerTimingAsync( 714): ssm.onUnlockingUser-0_com.android.server.inputmethod.InputMethodManagerService$Lifecycle
10-17 11:22:50.686 V/SystemServerTimingAsync( 714): ssm.onUnlockingUser-0_com.android.server.inputmethod.InputMethodManagerService$Lifecycle took to complete: 0ms
10-17 11:22:50.686 D/SystemServerTimingAsync( 714): ssm.onUnlockingUser-0_com.android.server.accessibility.AccessibilityManagerService$Lifecycle
10-17 11:22:50.686 V/SystemServerTimingAsync( 714): ssm.onUnlockingUser-0_com.android.server.accessibility.AccessibilityManagerService$Lifecycle took to complete: 0ms
10-17 11:22:50.686 D/SystemServerTimingAsync( 714): ssm.onUnlockingUser-0_com.android.server.StorageManagerService$Lifecycle
10-17 11:22:50.686 D/StorageManagerService( 714): onUnlockUser 0
10-17 11:22:50.686 I/StorageSessionController( 714): On user unlock 0
10-17 11:22:50.686 I/StorageSessionController( 714): Initialialising...
10-17 11:22:50.691 V/WindowManager( 714): Finish Transition #0: created at
10-17 11:22:46.680 collect-started=0.227ms request-sent=0.278ms started=7.68ms ready=2794.197ms sent=3031.607ms finished=3419.388ms
10-17 11:22:50.692 W/Looper ( 714): Drained
10-17 11:22:50.698 I/vold ( 247): onUserStarted: 0
10-17 11:22:50.710 I/[2 T413 ..] apexd( 0): destroyCeSnapshotsNotSpecified() received by ApexService user_id : 0 retain_rollback_ids : []
10-17 11:22:50.713 W/ ( 0): [2 T1113 ..] [W2][ GENERIC] [aml_android_priv_ioctl 152]not support id=22
10-17 11:22:50.716 W/ ( 0): [2 T1113 ..] [W2][ GENERIC] [aml_android_priv_ioctl 152]not support id=22
10-17 11:22:50.698 W/BatteryExternalStatsWorker( 714): error reading Bluetooth stats: 11
10-17 11:22:50.699 V/SystemServerTimingAsync( 714): ssm.onUnlockingUser-0_com.android.server.StorageManagerService$Lifecycle took to complete: 14ms
10-17 11:22:50.699 D/SystemServerTimingAsync( 714): ssm.onUnlockingUser-0_com.android.server.usage.StorageStatsService$Lifecycle
10-17 11:22:50.699 V/SystemServerTimingAsync( 714): ssm.onUnlockingUser-0_com.android.server.usage.StorageStatsService$Lifecycle took to complete: 0ms
10-17 11:22:50.699 D/SystemServerTimingAsync( 714): ssm.onUnlockingUser-0_com.android.server.UiModeManagerService
10-17 11:22:50.700 V/SystemServerTimingAsync( 714): ssm.onUnlockingUser-0_com.android.server.UiModeManagerService took to complete: 0ms
10-17 11:22:50.700 D/SystemServerTimingAsync( 714): ssm.onUnlockingUser-0_com.android.server.locales.LocaleManagerService
10-17 11:22:50.700 V/SystemServerTimingAsync( 714): ssm.onUnlockingUser-0_com.android.server.locales.LocaleManagerService took to complete: 0ms
10-17 11:22:50.700 D/SystemServerTimingAsync( 714): ssm.onUnlockingUser-0_com.android.server.grammaticalinflection.GrammaticalInflectionService
10-17 11:22:50.700 V/SystemServerTimingAsync( 714): ssm.onUnlockingUser-0_com.android.server.grammaticalinflection.GrammaticalInflectionService took to complete: 0ms
10-17 11:22:50.700 D/SystemServerTimingAsync( 714): ssm.onUnlockingUser-0_com.android.server.apphibernation.AppHibernationService
10-17 11:22:50.700 V/SystemServerTimingAsync( 714): ssm.onUnlockingUser-0_com.android.server.apphibernation.AppHibernationService took to complete: 1ms
10-17 11:22:50.700 D/SystemServerTimingAsync( 714): ssm.onUnlockingUser-0_com.android.server.locksettings.LockSettingsService$Lifecycle
10-17 11:22:50.700 V/SystemServerTimingAsync( 714): ssm.onUnlockingUser-0_com.android.server.locksettings.LockSettingsService$Lifecycle took to complete: 0ms
10-17 11:22:50.700 D/SystemServerTimingAsync( 714): ssm.onUnlockingUser-0_com.android.server.PersistentDataBlockService
10-17 11:22:50.700 V/SystemServerTimingAsync( 714): ssm.onUnlockingUser-0_com.android.server.PersistentDataBlockService took to complete: 0ms
10-17 11:22:50.700 D/SystemServerTimingAsync( 714): ssm.onUnlockingUser-0_com.android.server.testharness.TestHarnessModeService
10-17 11:22:50.700 V/SystemServerTimingAsync( 714): ssm.onUnlockingUser-0_com.android.server.testharness.TestHarnessModeService took to complete: 0ms
10-17 11:22:50.700 D/SystemServerTimingAsync( 714): ssm.onUnlockingUser-0_com.android.server.oemlock.OemLockService
10-17 11:22:50.700 V/SystemServerTimingAsync( 714): ssm.onUnlockingUser-0_com.android.server.oemlock.OemLockService took to complete: 0ms
10-17 11:22:50.700 D/SystemServerTimingAsync( 714): ssm.onUnlockingUser-0_com.android.server.DeviceIdleController
10-17 11:22:50.700 V/SystemServerTimingAsync( 714): ssm.onUnlockingUser-0_com.android.server.DeviceIdleController took to complete: 0ms
10-17 11:22:50.700 D/SystemServerTimingAsync( 714): ssm.onUnlockingUser-0_com.android.server.devicepolicy.DevicePolicyManagerService$Lifecycle
10-17 11:22:50.701 V/SystemServerTimingAsync( 714): ssm.onUnlockingUser-0_com.android.server.devicepolicy.DevicePolicyManagerService$Lifecycle took to complete: 0ms
10-17 11:22:50.701 D/SystemServerTimingAsync( 714): ssm.onUnlockingUser-0_com.android.server.texttospeech.TextToSpeechManagerService
10-17 11:22:50.702 V/SystemServerTimingAsync( 714): ssm.onUnlockingUser-0_com.android.server.texttospeech.TextToSpeechManagerService took to complete: 1ms
10-17 11:22:50.702 D/SystemServerTimingAsync( 714): ssm.onUnlockingUser-0_com.android.server.ambientcontext.AmbientContextManagerService
10-17 11:22:50.702 I/AmbientContextManagerService( 714): serviceNames sent in newServiceListLocked is null, or empty
10-17 11:22:50.702 V/SystemServerTimingAsync( 714): ssm.onUnlockingUser-0_com.android.server.ambientcontext.AmbientContextManagerService took to complete: 0ms
10-17 11:22:50.702 D/SystemServerTimingAsync( 714): ssm.onUnlockingUser-0_com.android.server.wearable.WearableSensingManagerService
10-17 11:22:50.703 D/WearableSensingManagerService( 714): onServiceRemoved
10-17 11:22:50.703 D/WearableSensingManagerPerUserService( 714): Trying to cancel the remote request. Reason: Service destroyed.
10-17 11:22:50.703 V/SystemServerTimingAsync( 714): ssm.onUnlockingUser-0_com.android.server.wearable.WearableSensingManagerService took to complete: 0ms
10-17 11:22:50.703 D/SystemServerTimingAsync( 714): ssm.onUnlockingUser-0_com.android.server.speech.SpeechRecognitionManagerService
10-17 11:22:50.703 V/SystemServerTimingAsync( 714): ssm.onUnlockingUser-0_com.android.server.speech.SpeechRecognitionManagerService took to complete: 1ms
10-17 11:22:50.703 D/SystemServerTimingAsync( 714): ssm.onUnlockingUser-0_com.android.server.searchui.SearchUiManagerService
10-17 11:22:50.704 D/LockSettingsService( 714): Hiding encryption notification for user 0
10-17 11:22:50.704 V/SystemServerTimingAsync( 714): ssm.onUnlockingUser-0_com.android.server.searchui.SearchUiManagerService took to complete: 1ms
10-17 11:22:50.704 D/SystemServerTimingAsync( 714): ssm.onUnlockingUser-0_com.android.server.smartspace.SmartspaceManagerService
10-17 11:22:50.704 V/SystemServerTimingAsync( 714): ssm.onUnlockingUser-0_com.android.server.smartspace.SmartspaceManagerService took to complete: 0ms
10-17 11:22:50.704 D/SystemServerTimingAsync( 714): ssm.onUnlockingUser-0_com.android.server.graphics.fonts.FontManagerService$Lifecycle
10-17 11:22:50.704 V/SystemServerTimingAsync( 714): ssm.onUnlockingUser-0_com.android.server.graphics.fonts.FontManagerService$Lifecycle took to complete: 0ms
10-17 11:22:50.704 D/SystemServerTimingAsync( 714): ssm.onUnlockingUser-0_com.android.server.textservices.TextServicesManagerService$Lifecycle
10-17 11:22:50.704 W/TextServicesManagerService( 714): no available spell checker services found
10-17 11:22:50.705 V/SystemServerTimingAsync( 714): ssm.onUnlockingUser-0_com.android.server.textservices.TextServicesManagerService$Lifecycle took to complete: 0ms
10-17 11:22:50.705 D/SystemServerTimingAsync( 714): ssm.onUnlockingUser-0_com.android.server.textclassifier.TextClassificationManagerService$Lifecycle
10-17 11:22:50.705 V/SystemServerTimingAsync( 714): ssm.onUnlockingUser-0_com.android.server.textclassifier.TextClassificationManagerService$Lifecycle took to complete: 1ms
10-17 11:22:50.705 D/SystemServerTimingAsync( 714): ssm.onUnlockingUser-0_com.android.server.NetworkScoreService$Lifecycle
10-17 11:22:50.705 V/SystemServerTimingAsync( 714): ssm.onUnlockingUser-0_com.android.server.NetworkScoreService$Lifecycle took to complete: 0ms
10-17 11:22:50.705 D/SystemServerTimingAsync( 714): ssm.onUnlockingUser-0_com.android.server.NetworkStatsServiceInitializer
10-17 11:22:50.705 V/SystemServerTimingAsync( 714): ssm.onUnlockingUser-0_com.android.server.NetworkStatsServiceInitializer took to complete: 0ms
10-17 11:22:50.706 D/SystemServerTimingAsync( 714): ssm.onUnlockingUser-0_com.android.server.wifi.WifiService
10-17 11:22:50.707 W/BatteryExternalStatsWorker( 714): error reading modem stats:ERROR_PHONE_NOT_AVAILABLE
10-17 11:22:50.707 V/StorageManagerService( 714): Found primary storage at VolumeInfo{emulated;0}:
10-17 11:22:50.707 V/StorageManagerService( 714): type=EMULATED diskId=null partGuid= mountFlags=0 mountUserId=0
10-17 11:22:50.707 V/StorageManagerService( 714): state=UNMOUNTED
10-17 11:22:50.707 V/StorageManagerService( 714): fsType=null fsUuid=null fsLabel=null
10-17 11:22:50.707 V/StorageManagerService( 714): path=null internalPath=null
10-17 11:22:50.707 V/SystemServerTimingAsync( 714): ssm.onUnlockingUser-0_com.android.server.wifi.WifiService took to complete: 1ms
10-17 11:22:50.707 D/SystemServerTimingAsync( 714): ssm.onUnlockingUser-0_com.android.server.wifi.scanner.WifiScanningService
10-17 11:22:50.708 V/SystemServerTimingAsync( 714): ssm.onUnlockingUser-0_com.android.server.wifi.scanner.WifiScanningService took to complete: 0ms
10-17 11:22:50.708 D/SystemServerTimingAsync( 714): ssm.onUnlockingUser-0_com.android.server.wifi.p2p.WifiP2pService
10-17 11:22:50.708 V/SystemServerTimingAsync( 714): ssm.onUnlockingUser-0_com.android.server.wifi.p2p.WifiP2pService took to complete: 0ms
10-17 11:22:50.708 D/SystemServerTimingAsync( 714): ssm.onUnlockingUser-0_com.android.server.ConnectivityServiceInitializer
10-17 11:22:50.708 V/SystemServerTimingAsync( 714): ssm.onUnlockingUser-0_com.android.server.ConnectivityServiceInitializer took to complete: 0ms
10-17 11:22:50.708 D/SystemServerTimingAsync( 714): ssm.onUnlockingUser-0_com.android.server.notification.NotificationManagerService
10-17 11:22:50.708 V/SystemServerTimingAsync( 714): ssm.onUnlockingUser-0_com.android.server.notification.NotificationManagerService took to complete: 0ms
10-17 11:22:50.708 D/SystemServerTimingAsync( 714): ssm.onUnlockingUser-0_com.android.server.storage.DeviceStorageMonitorService
10-17 11:22:50.708 V/SystemServerTimingAsync( 714): ssm.onUnlockingUser-0_com.android.server.storage.DeviceStorageMonitorService took to complete: 0ms
10-17 11:22:50.708 D/SystemServerTimingAsync( 714): ssm.onUnlockingUser-0_com.android.server.timedetector.TimeDetectorService$Lifecycle
10-17 11:22:50.708 V/SystemServerTimingAsync( 714): ssm.onUnlockingUser-0_com.android.server.timedetector.TimeDetectorService$Lifecycle took to complete: 0ms
10-17 11:22:50.708 D/SystemServerTimingAsync( 714): ssm.onUnlockingUser-0_com.android.server.location.LocationManagerService$Lifecycle
10-17 11:22:50.708 V/SystemServerTimingAsync( 714): ssm.onUnlockingUser-0_com.android.server.location.LocationManagerService$Lifecycle took to complete: 0ms
10-17 11:22:50.708 D/SystemServerTimingAsync( 714): ssm.onUnlockingUser-0_com.android.server.timezonedetector.TimeZoneDetectorService$Lifecycle
10-17 11:22:50.708 V/SystemServerTimingAsync( 714): ssm.onUnlockingUser-0_com.android.server.timezonedetector.TimeZoneDetectorService$Lifecycle took to complete: 0ms
10-17 11:22:50.708 D/SystemServerTimingAsync( 714): ssm.onUnlockingUser-0_com.android.server.location.altitude.AltitudeService$Lifecycle
10-17 11:22:50.708 V/SystemServerTimingAsync( 714): ssm.onUnlockingUser-0_com.android.server.location.altitude.AltitudeService$Lifecycle took to complete: 0ms
10-17 11:22:50.708 D/SystemServerTimingAsync( 714): ssm.onUnlockingUser-0_com.android.server.timezonedetector.location.LocationTimeZoneManagerService$Lifecycle
10-17 11:22:50.708 V/SystemServerTimingAsync( 714): ssm.onUnlockingUser-0_com.android.server.timezonedetector.location.LocationTimeZoneManagerService$Lifecycle took to complete: 0ms
10-17 11:22:50.708 D/SystemServerTimingAsync( 714): ssm.onUnlockingUser-0_com.android.server.search.SearchManagerService$Lifecycle
10-17 11:22:50.708 V/SystemServerTimingAsync( 714): ssm.onUnlockingUser-0_com.android.server.search.SearchManagerService$Lifecycle took to complete: 1ms
10-17 11:22:50.708 D/SystemServerTimingAsync( 714): ssm.onUnlockingUser-0_com.android.server.wallpaper.WallpaperManagerService$Lifecycle
10-17 11:22:50.708 V/SystemServerTimingAsync( 714): ssm.onUnlockingUser-0_com.android.server.wallpaper.WallpaperManagerService$Lifecycle took to complete: 0ms
10-17 11:22:50.708 D/SystemServerTimingAsync( 714): ssm.onUnlockingUser-0_com.android.server.wallpapereffectsgeneration.WallpaperEffectsGenerationManagerService
10-17 11:22:50.709 V/SystemServerTimingAsync( 714): ssm.onUnlockingUser-0_com.android.server.wallpapereffectsgeneration.WallpaperEffectsGenerationManagerService took to complete: 0ms
10-17 11:22:50.709 D/SystemServerTimingAsync( 714): ssm.onUnlockingUser-0_com.android.server.audio.AudioService$Lifecycle
10-17 11:22:50.709 V/SystemServerTimingAsync( 714): ssm.onUnlockingUser-0_com.android.server.audio.AudioService$Lifecycle took to complete: 0ms
10-17 11:22:50.709 D/SystemServerTimingAsync( 714): ssm.onUnlockingUser-0_com.android.server.soundtrigger_middleware.SoundTriggerMiddlewareService$Lifecycle
10-17 11:22:50.709 V/SystemServerTimingAsync( 714): ssm.onUnlockingUser-0_com.android.server.soundtrigger_middleware.SoundTriggerMiddlewareService$Lifecycle took to complete: 0ms
10-17 11:22:50.709 D/SystemServerTimingAsync( 714): ssm.onUnlockingUser-0_com.android.server.adb.AdbService$Lifecycle
10-17 11:22:50.709 V/SystemServerTimingAsync( 714): ssm.onUnlockingUser-0_com.android.server.adb.AdbService$Lifecycle took to complete: 0ms
10-17 11:22:50.709 D/SystemServerTimingAsync( 714): ssm.onUnlockingUser-0_com.android.server.usb.UsbService$Lifecycle
10-17 11:22:50.710 V/SystemServerTimingAsync( 714): ssm.onUnlockingUser-0_com.android.server.usb.UsbService$Lifecycle took to complete: 1ms
10-17 11:22:50.710 D/SystemServerTimingAsync( 714): ssm.onUnlockingUser-0_com.android.server.twilight.TwilightService
10-17 11:22:50.710 V/SystemServerTimingAsync( 714): ssm.onUnlockingUser-0_com.android.server.twilight.TwilightService took to complete: 0ms
10-17 11:22:50.710 D/SystemServerTimingAsync( 714): ssm.onUnlockingUser-0_com.android.server.display.color.ColorDisplayService
10-17 11:22:50.710 V/SystemServerTimingAsync( 714): ssm.onUnlockingUser-0_com.android.server.display.color.ColorDisplayService took to complete: 0ms
10-17 11:22:50.710 D/SystemServerTimingAsync( 714): ssm.onUnlockingUser-0_com.android.server.job.JobSchedulerService
10-17 11:22:50.711 V/SystemServerTimingAsync( 714): ssm.onUnlockingUser-0_com.android.server.job.JobSchedulerService took to complete: 0ms
10-17 11:22:50.712 D/SystemServerTimingAsync( 714): ssm.onUnlockingUser-0_com.android.server.soundtrigger.SoundTriggerService
10-17 11:22:50.712 V/SystemServerTimingAsync( 714): ssm.onUnlockingUser-0_com.android.server.soundtrigger.SoundTriggerService took to complete: 0ms
10-17 11:22:50.712 D/SystemServerTimingAsync( 714): ssm.onUnlockingUser-0_com.android.server.trust.TrustManagerService
10-17 11:22:50.712 V/SystemServerTimingAsync( 714): ssm.onUnlockingUser-0_com.android.server.trust.TrustManagerService took to complete: 0ms
10-17 11:22:50.712 D/SystemServerTimingAsync( 714): ssm.onUnlockingUser-0_com.android.server.backup.BackupManagerService$Lifecycle
10-17 11:22:50.712 V/SystemServerTimingAsync( 714): ssm.onUnlockingUser-0_com.android.server.backup.BackupManagerService$Lifecycle took to complete: 1ms
10-17 11:22:50.712 D/SystemServerTimingAsync( 714): ssm.onUnlockingUser-0_com.android.server.appwidget.AppWidgetService
10-17 11:22:50.712 V/SystemServerTimingAsync( 714): ssm.onUnlockingUser-0_com.android.server.appwidget.AppWidgetService took to complete: 0ms
10-17 11:22:50.712 D/SystemServerTimingAsync( 714): ssm.onUnlockingUser-0_com.android.server.voiceinteraction.VoiceInteractionManagerService
10-17 11:22:50.713 W/VoiceInteractionManager( 714): no available voice recognition services found for user 0
10-17 11:22:50.715 I/BackupManagerService( 714): Starting service for user: 0
10-17 11:22:50.716 V/BackupManagerService( 714): [UserID:0] Starting with transport com.android.localtransport/.LocalTransport
10-17 11:22:50.719 V/SystemServerTimingAsync( 714): ssm.onUnlockingUser-0_com.android.server.voiceinteraction.VoiceInteractionManagerService took to complete: 6ms
10-17 11:22:50.719 D/SystemServerTimingAsync( 714): ssm.onUnlockingUser-0_com.android.server.GestureLauncherService
10-17 11:22:50.719 V/SystemServerTimingAsync( 714): ssm.onUnlockingUser-0_com.android.server.GestureLauncherService took to complete: 0ms
10-17 11:22:50.719 D/SystemServerTimingAsync( 714): ssm.onUnlockingUser-0_com.android.server.SensorNotificationService
10-17 11:22:50.719 V/SystemServerTimingAsync( 714): ssm.onUnlockingUser-0_com.android.server.SensorNotificationService took to complete: 0ms
10-17 11:22:50.719 D/SystemServerTimingAsync( 714): ssm.onUnlockingUser-0_com.android.server.emergency.EmergencyAffordanceService
10-17 11:22:50.719 V/SystemServerTimingAsync( 714): ssm.onUnlockingUser-0_com.android.server.emergency.EmergencyAffordanceService took to complete: 0ms
10-17 11:22:50.719 D/SystemServerTimingAsync( 714): ssm.onUnlockingUser-0_com.android.server.blob.BlobStoreManagerService
10-17 11:22:50.719 V/SystemServerTimingAsync( 714): ssm.onUnlockingUser-0_com.android.server.blob.BlobStoreManagerService took to complete: 0ms
10-17 11:22:50.719 D/SystemServerTimingAsync( 714): ssm.onUnlockingUser-0_com.android.server.dreams.DreamManagerService
10-17 11:22:50.719 V/SystemServerTimingAsync( 714): ssm.onUnlockingUser-0_com.android.server.dreams.DreamManagerService took to complete: 0ms
10-17 11:22:50.719 D/SystemServerTimingAsync( 714): ssm.onUnlockingUser-0_com.android.server.security.AttestationVerificationManagerService
10-17 11:22:50.719 V/SystemServerTimingAsync( 714): ssm.onUnlockingUser-0_com.android.server.security.AttestationVerificationManagerService took to complete: 0ms
10-17 11:22:50.719 D/SystemServerTimingAsync( 714): ssm.onUnlockingUser-0_com.android.server.restrictions.RestrictionsManagerService
10-17 11:22:50.719 V/SystemServerTimingAsync( 714): ssm.onUnlockingUser-0_com.android.server.restrictions.RestrictionsManagerService took to complete: 0ms
10-17 11:22:50.719 D/SystemServerTimingAsync( 714): ssm.onUnlockingUser-0_com.android.server.media.MediaSessionService
10-17 11:22:50.719 V/SystemServerTimingAsync( 714): ssm.onUnlockingUser-0_com.android.server.media.MediaSessionService took to complete: 0ms
10-17 11:22:50.719 D/SystemServerTimingAsync( 714): ssm.onUnlockingUser-0_com.android.server.hdmi.HdmiControlService
10-17 11:22:50.719 V/SystemServerTimingAsync( 714): ssm.onUnlockingUser-0_com.android.server.hdmi.HdmiControlService took to complete: 0ms
10-17 11:22:50.719 D/SystemServerTimingAsync( 714): ssm.onUnlockingUser-0_com.android.server.tv.interactive.TvInteractiveAppManagerService
10-17 11:22:50.719 V/SystemServerTimingAsync( 714): ssm.onUnlockingUser-0_com.android.server.tv.interactive.TvInteractiveAppManagerService took to complete: 0ms
10-17 11:22:50.719 D/SystemServerTimingAsync( 714): ssm.onUnlockingUser-0_com.android.server.tv.TvInputManagerService
10-17 11:22:50.719 V/SystemServerTimingAsync( 714): ssm.onUnlockingUser-0_com.android.server.tv.TvInputManagerService took to complete: 0ms
10-17 11:22:50.720 D/SystemServerTimingAsync( 714): ssm.onUnlockingUser-0_com.android.server.media.MediaResourceMonitorService
10-17 11:22:50.720 V/SystemServerTimingAsync( 714): ssm.onUnlockingUser-0_com.android.server.media.MediaResourceMonitorService took to complete: 0ms
10-17 11:22:50.720 D/SystemServerTimingAsync( 714): ssm.onUnlockingUser-0_com.android.server.tv.TvRemoteService
10-17 11:22:50.720 V/SystemServerTimingAsync( 714): ssm.onUnlockingUser-0_com.android.server.tv.TvRemoteService took to complete: 0ms
10-17 11:22:50.720 D/SystemServerTimingAsync( 714): ssm.onUnlockingUser-0_com.android.server.biometrics.BiometricService
10-17 11:22:50.720 V/SystemServerTimingAsync( 714): ssm.onUnlockingUser-0_com.android.server.biometrics.BiometricService took to complete: 0ms
10-17 11:22:50.720 D/SystemServerTimingAsync( 714): ssm.onUnlockingUser-0_com.android.server.biometrics.AuthService
10-17 11:22:50.720 V/SystemServerTimingAsync( 714): ssm.onUnlockingUser-0_com.android.server.biometrics.AuthService took to complete: 0ms
10-17 11:22:50.720 D/SystemServerTimingAsync( 714): ssm.onUnlockingUser-0_com.android.server.pm.ShortcutService$Lifecycle
10-17 11:22:50.720 V/SystemServerTimingAsync( 714): ssm.onUnlockingUser-0_com.android.server.pm.ShortcutService$Lifecycle took to complete: 1ms
10-17 11:22:50.720 I/HibernationStateDiskStore( 714): No hibernation file on disk for file /data/system_ce/0/hibernation/states
10-17 11:22:50.726 I/StorageManagerService( 714): Mounting volume VolumeInfo{emulated;0}:
10-17 11:22:50.726 I/StorageManagerService( 714): type=EMULATED diskId=null partGuid= mountFlags=PRIMARY|VISIBLE_FOR_WRITE
10-17 11:22:50.726 I/StorageManagerService( 714): mountUserId=0 state=UNMOUNTED
10-17 11:22:50.726 I/StorageManagerService( 714): fsType=null fsUuid=null fsLabel=null
10-17 11:22:50.726 I/StorageManagerService( 714): path=null internalPath=null
10-17 11:22:50.727 I/vold ( 247): Mounting emulated fuse volume
10-17 11:22:50.728 D/BackupManagerService( 714): [UserID:0] Started thread backup-0
10-17 11:22:50.729 D/SystemServerTimingAsync( 714): ssm.onUnlockingUser-0_com.android.server.pm.LauncherAppsService
10-17 11:22:50.731 V/SystemServerTimingAsync( 714): ssm.onUnlockingUser-0_com.android.server.pm.LauncherAppsService took to complete: 0ms
10-17 11:22:50.731 D/SystemServerTimingAsync( 714): ssm.onUnlockingUser-0_com.android.server.pm.CrossProfileAppsService
10-17 11:22:50.731 V/SystemServerTimingAsync( 714): ssm.onUnlockingUser-0_com.android.server.pm.CrossProfileAppsService took to complete: 0ms
10-17 11:22:50.731 D/SystemServerTimingAsync( 714): ssm.onUnlockingUser-0_com.android.server.people.PeopleService
10-17 11:22:50.731 V/SystemServerTimingAsync( 714): ssm.onUnlockingUser-0_com.android.server.people.PeopleService took to complete: 0ms
10-17 11:22:50.731 D/SystemServerTimingAsync( 714): ssm.onUnlockingUser-0_com.android.server.media.metrics.MediaMetricsManagerService
10-17 11:22:50.732 V/SystemServerTimingAsync( 714): ssm.onUnlockingUser-0_com.android.server.media.metrics.MediaMetricsManagerService took to complete: 0ms
10-17 11:22:50.732 D/SystemServerTimingAsync( 714): ssm.onUnlockingUser-0_com.android.server.pm.BackgroundInstallControlService
10-17 11:22:50.732 V/SystemServerTimingAsync( 714): ssm.onUnlockingUser-0_com.android.server.pm.BackgroundInstallControlService took to complete: 0ms
10-17 11:22:50.732 D/SystemServerTimingAsync( 714): ssm.onUnlockingUser-0_com.android.server.media.projection.MediaProjectionManagerService
10-17 11:22:50.732 V/SystemServerTimingAsync( 714): ssm.onUnlockingUser-0_com.android.server.media.projection.MediaProjectionManagerService took to complete: 0ms
10-17 11:22:50.732 D/SystemServerTimingAsync( 714): ssm.onUnlockingUser-0_com.android.server.slice.SliceManagerService$Lifecycle
10-17 11:22:50.732 V/SystemServerTimingAsync( 714): ssm.onUnlockingUser-0_com.android.server.slice.SliceManagerService$Lifecycle took to complete: 0ms
10-17 11:22:50.732 D/SystemServerTimingAsync( 714): ssm.onUnlockingUser-0_com.android.server.stats.StatsCompanion$Lifecycle
10-17 11:22:50.732 V/SystemServerTimingAsync( 714): ssm.onUnlockingUser-0_com.android.server.stats.StatsCompanion$Lifecycle took to complete: 0ms
10-17 11:22:50.732 D/SystemServerTimingAsync( 714): ssm.onUnlockingUser-0_com.android.server.scheduling.RebootReadinessManagerService$Lifecycle
10-17 11:22:50.732 V/SystemServerTimingAsync( 714): ssm.onUnlockingUser-0_com.android.server.scheduling.RebootReadinessManagerService$Lifecycle took to complete: 0ms
10-17 11:22:50.732 D/SystemServerTimingAsync( 714): ssm.onUnlockingUser-0_com.android.server.stats.pull.StatsPullAtomService
10-17 11:22:50.732 V/SystemServerTimingAsync( 714): ssm.onUnlockingUser-0_com.android.server.stats.pull.StatsPullAtomService took to complete: 0ms
10-17 11:22:50.732 D/SystemServerTimingAsync( 714): ssm.onUnlockingUser-0_com.android.server.stats.bootstrap.StatsBootstrapAtomService$Lifecycle
10-17 11:22:50.732 V/SystemServerTimingAsync( 714): ssm.onUnlockingUser-0_com.android.server.stats.bootstrap.StatsBootstrapAtomService$Lifecycle took to complete: 0ms
10-17 11:22:50.732 D/SystemServerTimingAsync( 714): ssm.onUnlockingUser-0_com.android.server.incident.IncidentCompanionService
10-17 11:22:50.732 V/SystemServerTimingAsync( 714): ssm.onUnlockingUser-0_com.android.server.incident.IncidentCompanionService took to complete: 0ms
10-17 11:22:50.732 D/SystemServerTimingAsync( 714): ssm.onUnlockingUser-0_com.android.server.sdksandbox.SdkSandboxManagerService$Lifecycle
10-17 11:22:50.733 V/SystemServerTimingAsync( 714): ssm.onUnlockingUser-0_com.android.server.sdksandbox.SdkSandboxManagerService$Lifecycle took to complete: 1ms
10-17 11:22:50.733 D/SystemServerTimingAsync( 714): ssm.onUnlockingUser-0_com.android.server.adservices.AdServicesManagerService$Lifecycle
10-17 11:22:50.733 V/SystemServerTimingAsync( 714): ssm.onUnlockingUser-0_com.android.server.adservices.AdServicesManagerService$Lifecycle took to complete: 0ms
10-17 11:22:50.733 D/SystemServerTimingAsync( 714): ssm.onUnlockingUser-0_com.android.server.ondevicepersonalization.OnDevicePersonalizationSystemService$Lifecycle
10-17 11:22:50.733 V/SystemServerTimingAsync( 714): ssm.onUnlockingUser-0_com.android.server.ondevicepersonalization.OnDevicePersonalizationSystemService$Lifecycle took to complete: 0ms
10-17 11:22:50.733 D/SystemServerTimingAsync( 714): ssm.onUnlockingUser-0_com.android.server.autofill.AutofillManagerService
10-17 11:22:50.733 D/AutofillUI( 714): destroySaveUiUiThread(): already destroyed
10-17 11:22:50.734 D/AutofillManagerServiceImpl( 714): Reset component for user 0:null
10-17 11:22:50.734 D/FieldClassificationStrategy( 714): reset(): service is not bound. Do nothing.
10-17 11:22:50.734 V/SystemServerTimingAsync( 714): ssm.onUnlockingUser-0_com.android.server.autofill.AutofillManagerService took to complete: 2ms
