10-17 11:22:47.251 I/DisplayDeviceRepository( 714): Display device changed: DisplayDeviceInfo{"内置å±å¹•": uniqueId="local:4621527120592813323", 3840 x 2160, modeId 3, renderFrameRate 59.94006, defaultModeId 3, supportedModes [{id=1, width=1920, height=1080, fps=59.94006, alternativeRefreshRates=[], supportedHdrTypes=[2, 3]}, {id=2, width=1920, height=1080, fps=60.000004, alternativeRefreshRates=[], supportedHdrTypes=[2, 3]}, {id=3, width=3840, height=2160, fps=59.94006, alternativeRefreshRates=[], supportedHdrTypes=[2, 3]}, {id=4, width=3840, height=2160, fps=60.000004, alternativeRefreshRates=[], supportedHdrTypes=[2, 3]}, {id=5, width=3840, height=2160, fps=50.0, alternativeRefreshRates=[], supportedHdrTypes=[2, 3]}, {id=6, width=3840, height=2160, fps=29.97003, alternativeRefreshRates=[], supportedHdrTypes=[2, 3]}, {id=7, width=3840, height=2160, fps=30.000002, alternativeRefreshRates=[], supportedHdrTypes=[2, 3]}, {id=8, width=3840, height=2160, fps=25.0, alternativeRefreshRates=[], supportedHdrTypes=[2, 3]}, {id=9, width=3840, height=2160, fps=23.976025, alternativeRefreshRates=[], supportedHdrTypes=[2, 3]}, {id=10, width=3840, height=2160, fps=24.000002, alternativeRefreshRates=[], supportedHdrTypes=[2, 3]}, {id=11, width=1920, height=1080, fps=50.0, alternativeRefreshRates=[], supportedHdrTypes=[2, 3]}, {id=12, width=1920, height=1080, fps=29.97003, alternativeRefreshRates=[], supportedHdrTypes=[2, 3]}, {id=13, width=1920, height=1080, fps=30.000002, alternativeRefreshRates=[], supportedHdrTypes=[2, 3]}, {id=14, width=1920, height=1080, fps=23.976025, alternativeRefreshRates=[], supportedHdrTypes=[2, 3]}, {id=15, width=1920, height=1080, fps=24.000002, alternativeRefreshRates=[], supportedHdrTypes=[2, 3]}, {id=16, width=1280, height=720, fps=59.94006, alternativeRefreshRates=[], supportedHdrTypes=[2, 3]}, {id=17, width=1280, height=720, fps=60.000004, alternativeRefreshRates=[], supportedHdrTypes=[2, 3]}, {id=18, width=1280, height=720, fps=50.0, alternativeRefreshRates=[], supportedHdrTypes=[2, 3]}], colorMode 0, supportedColorModes [0], hdrCapabilities HdrCapabilities{mSupportedHdrTypes=[2, 3], mMaxLuminance=1000.0, mMaxAverageLuminance=1000.0, mMinLuminance=0.0}, allmSupported false, gameContentTypeSupported false, density 480, 81.28 x 80.682 dpi, appVsyncOff 2000000, presDeadline 13683333, touch INTERNAL, rotation 0, type INTERNAL, address {port=11, model=0x4022f66e26c4bd}, deviceProductInfo DeviceProductInfo{name=HUAWEI INC, manufacturerPnpId=HWV, productId=48, modelYear=2019, manufactureDate=null, connectionToSinkType=2}, state ON, committedState ON, frameRateOverride , brightnessMinimum 0.0, brightnessMaximum 1.0, brightnessDefault 0.39763778, hdrSdrRatio NaN, FLAG_ALLOWED_TO_BE_DEFAULT_DISPLAY, FLAG_ROTATES_WITH_CONTENT, FLAG_SECURE, FLAG_SUPPORTS_PROTECTED_BUFFERS, FLAG_TRUSTED, installOrientation 0, displayShape DisplayShape{ spec=-545313861 displayWidth=3840 displayHeight=2160 physicalPixelDisplaySizeRatio=1.0 rotation=0 offsetX=0 offsetY=0 scale=1.0}}
10-17 11:22:47.251 D/CompatibilityChangeReporter( 714): Compat change id reported: 218533173; UID 10054; state: ENABLED
10-17 11:22:47.251 D/CompatibilityChangeReporter( 714): Compat change id reported: 262645982; UID 10054; state: ENABLED
10-17 11:22:47.252 D/CompatibilityChangeReporter( 714): Compat change id reported: 218533173; UID 10048; state: DISABLED
10-17 11:22:47.252 D/CompatibilityChangeReporter( 714): Compat change id reported: 262645982; UID 10048; state: DISABLED
10-17 11:22:47.253 D/CompatibilityChangeReporter( 714): Compat change id reported: 218533173; UID 10034; state: ENABLED
10-17 11:22:47.253 D/CompatibilityChangeReporter( 714): Compat change id reported: 262645982; UID 10034; state: ENABLED
10-17 11:22:47.254 D/CompatibilityChangeReporter( 714): Compat change id reported: 218533173; UID 10074; state: ENABLED
10-17 11:22:47.255 D/CompatibilityChangeReporter( 714): Compat change id reported: 262645982; UID 10074; state: ENABLED
10-17 11:22:47.255 D/CompatibilityChangeReporter( 714): Compat change id reported: 218533173; UID 10047; state: ENABLED
10-17 11:22:47.256 D/CompatibilityChangeReporter( 714): Compat change id reported: 262645982; UID 10047; state: ENABLED
10-17 11:22:47.256 D/CompatibilityChangeReporter( 714): Compat change id reported: 218533173; UID 10015; state: ENABLED
10-17 11:22:47.257 D/CompatibilityChangeReporter( 714): Compat change id reported: 262645982; UID 10015; state: ENABLED
10-17 11:22:47.257 W/ActivityManager( 714): Slow operation: 189ms so far, now at startProcess: done updating battery stats
10-17 11:22:47.257 W/ActivityManager( 714): Slow operation: 189ms so far, now at startProcess: building log message
10-17 11:22:47.257 D/CompatibilityChangeReporter( 714): Compat change id reported: 218533173; UID 10013; state: ENABLED
10-17 11:22:47.257 I/ActivityManager( 714): Start proc 1197:com.android.se/1068 for added application com.android.se
10-17 11:22:47.257 W/ActivityManager( 714): Slow operation: 189ms so far, now at startProcess: starting to update pids map
10-17 11:22:47.258 W/ActivityManager( 714): Slow operation: 189ms so far, now at startProcess: done updating pids map
10-17 11:22:47.258 D/CompatibilityChangeReporter( 714): Compat change id reported: 262645982; UID 10013; state: ENABLED
10-17 11:22:47.259 D/CompatibilityChangeReporter( 714): Compat change id reported: 218533173; UID 10004; state: ENABLED
10-17 11:22:47.259 D/CompatibilityChangeReporter( 714): Compat change id reported: 168419799; UID 1068; state: DISABLED
10-17 11:22:47.260 D/CompatibilityChangeReporter( 714): Compat change id reported: 273564678; UID 1068; state: DISABLED
10-17 11:22:47.261 D/CompatibilityChangeReporter( 714): Compat change id reported: 262645982; UID 10004; state: ENABLED
10-17 11:22:47.262 D/CompatibilityChangeReporter( 714): Compat change id reported: 218533173; UID 10027; state: DISABLED
10-17 11:22:47.262 D/CompatibilityChangeReporter( 714): Compat change id reported: 262645982; UID 10027; state: DISABLED
10-17 11:22:47.263 D/CompatibilityChangeReporter( 714): Compat change id reported: 218533173; UID 10044; state: DISABLED
10-17 11:22:47.263 D/CompatibilityChangeReporter( 714): Compat change id reported: 262645982; UID 10044; state: DISABLED
10-17 11:22:47.264 D/CompatibilityChangeReporter( 714): Compat change id reported: 218533173; UID 10046; state: DISABLED
10-17 11:22:47.264 D/CompatibilityChangeReporter( 714): Compat change id reported: 262645982; UID 10046; state: DISABLED
10-17 11:22:47.265 D/CompatibilityChangeReporter( 714): Compat change id reported: 218533173; UID 10024; state: ENABLED
10-17 11:22:47.265 D/CompatibilityChangeReporter( 714): Compat change id reported: 262645982; UID 10024; state: ENABLED
10-17 11:22:47.266 D/CompatibilityChangeReporter( 714): Compat change id reported: 218533173; UID 10038; state: ENABLED
10-17 11:22:47.267 D/CompatibilityChangeReporter( 714): Compat change id reported: 262645982; UID 10038; state: ENABLED
10-17 11:22:47.267 V/SystemUIBootTiming( 972): StartServices com.android.systemui.SliceBroadcastRelayHandler took to complete: 0ms
10-17 11:22:47.267 D/CompatibilityChangeReporter( 714): Compat change id reported: 218533173; UID 10030; state: ENABLED
10-17 11:22:47.268 D/CompatibilityChangeReporter( 714): Compat change id reported: 262645982; UID 10030; state: ENABLED
10-17 11:22:47.268 D/CompatibilityChangeReporter( 714): Compat change id reported: 218533173; UID 10051; state: ENABLED
10-17 11:22:47.269 D/CompatibilityChangeReporter( 714): Compat change id reported: 262645982; UID 10051; state: ENABLED
10-17 11:22:47.292 D/CompatibilityChangeReporter( 714): Compat change id reported: 218533173; UID 10065; state: ENABLED
10-17 11:22:47.297 D/CompatibilityChangeReporter( 714): Compat change id reported: 262645982; UID 10065; state: ENABLED
10-17 11:22:47.300 D/CompatibilityChangeReporter( 714): Compat change id reported: 218533173; UID 10006; state: ENABLED
10-17 11:22:47.303 D/CompatibilityChangeReporter( 714): Compat change id reported: 262645982; UID 10006; state: ENABLED
10-17 11:22:47.304 D/CompatibilityChangeReporter( 714): Compat change id reported: 218533173; UID 10021; state: ENABLED
10-17 11:22:47.306 D/CompatibilityChangeReporter( 714): Compat change id reported: 161145287; UID 1000; state: ENABLED
10-17 11:22:47.310 D/CompatibilityChangeReporter( 714): Compat change id reported: 262645982; UID 10021; state: ENABLED
10-17 11:22:47.312 D/CompatibilityChangeReporter( 714): Compat change id reported: 218533173; UID 10029; state: DISABLED
10-17 11:22:47.315 D/CompatibilityChangeReporter( 714): Compat change id reported: 262645982; UID 10029; state: DISABLED
10-17 11:22:47.317 D/CompatibilityChangeReporter( 714): Compat change id reported: 218533173; UID 10003; state: ENABLED
10-17 11:22:47.318 D/CompatibilityChangeReporter( 714): Compat change id reported: 262645982; UID 10003; state: ENABLED
10-17 11:22:47.320 D/CompatibilityChangeReporter( 714): Compat change id reported: 161145287; UID 1000; state: DISABLED
10-17 11:22:47.320 D/CompatibilityChangeReporter( 714): Compat change id reported: 218533173; UID 10033; state: ENABLED
10-17 11:22:47.321 D/CompatibilityChangeReporter( 714): Compat change id reported: 262645982; UID 10033; state: ENABLED
10-17 11:22:47.323 D/CompatibilityChangeReporter( 714): Compat change id reported: 218533173; UID 10002; state: ENABLED
10-17 11:22:47.323 D/CompatibilityChangeReporter( 714): Compat change id reported: 262645982; UID 10002; state: ENABLED
10-17 11:22:47.324 D/CompatibilityChangeReporter( 714): Compat change id reported: 218533173; UID 10061; state: ENABLED
10-17 11:22:47.324 D/CompatibilityChangeReporter( 714): Compat change id reported: 262645982; UID 10061; state: ENABLED
10-17 11:22:47.326 D/CompatibilityChangeReporter( 714): Compat change id reported: 218533173; UID 10072; state: ENABLED
10-17 11:22:47.327 D/CompatibilityChangeReporter( 714): Compat change id reported: 262645982; UID 10072; state: ENABLED
10-17 11:22:47.328 D/CompatibilityChangeReporter( 714): Compat change id reported: 218533173; UID 10031; state: ENABLED
10-17 11:22:47.328 D/CompatibilityChangeReporter( 714): Compat change id reported: 262645982; UID 10031; state: ENABLED
10-17 11:22:47.329 D/CompatibilityChangeReporter( 714): Compat change id reported: 218533173; UID 10012; state: ENABLED
10-17 11:22:47.329 D/CompatibilityChangeReporter( 714): Compat change id reported: 262645982; UID 10012; state: ENABLED
10-17 11:22:47.330 D/CompatibilityChangeReporter( 714): Compat change id reported: 218533173; UID 10025; state: ENABLED
10-17 11:22:47.330 D/CompatibilityChangeReporter( 714): Compat change id reported: 262645982; UID 10025; state: ENABLED
10-17 11:22:47.331 D/CompatibilityChangeReporter( 714): Compat change id reported: 218533173; UID 10023; state: ENABLED
10-17 11:22:47.331 D/CompatibilityChangeReporter( 714): Compat change id reported: 262645982; UID 10023; state: ENABLED
10-17 11:22:47.332 D/ConditionProviders.SCP( 714): onConnected
10-17 11:22:47.332 D/ConditionProviders.SCP( 714): onSubscribe condition://android/schedule?days=1.2.3.4.5.6.7&start=22.0&end=7.0&exitAtAlarm=true
10-17 11:22:47.333 D/CompatibilityChangeReporter( 714): Compat change id reported: 218533173; UID 10020; state: ENABLED
10-17 11:22:47.334 D/CompatibilityChangeReporter( 714): Compat change id reported: 262645982; UID 10020; state: ENABLED
10-17 11:22:47.335 D/CompatibilityChangeReporter( 714): Compat change id reported: 218533173; UID 10055; state: ENABLED
10-17 11:22:47.336 D/CompatibilityChangeReporter( 714): Compat change id reported: 262645982; UID 10055; state: ENABLED
10-17 11:22:47.336 D/CompatibilityChangeReporter( 714): Compat change id reported: 218533173; UID 10022; state: ENABLED
10-17 11:22:47.337 D/CompatibilityChangeReporter( 714): Compat change id reported: 262645982; UID 10022; state: ENABLED
10-17 11:22:47.339 D/CompatibilityChangeReporter( 714): Compat change id reported: 218533173; UID 10009; state: ENABLED
10-17 11:22:47.340 D/CompatibilityChangeReporter( 714): Compat change id reported: 262645982; UID 10009; state: ENABLED
10-17 11:22:47.341 D/CompatibilityChangeReporter( 714): Compat change id reported: 218533173; UID 10001; state: ENABLED
10-17 11:22:47.342 D/CompatibilityChangeReporter( 714): Compat change id reported: 262645982; UID 10001; state: ENABLED
10-17 11:22:47.344 D/CompatibilityChangeReporter( 714): Compat change id reported: 218533173; UID 10010; state: ENABLED
10-17 11:22:47.345 D/CompatibilityChangeReporter( 714): Compat change id reported: 262645982; UID 10010; state: ENABLED
10-17 11:22:47.347 D/CompatibilityChangeReporter( 714): Compat change id reported: 218533173; UID 10041; state: DISABLED
10-17 11:22:47.349 D/CompatibilityChangeReporter( 714): Compat change id reported: 262645982; UID 10041; state: DISABLED
10-17 11:22:47.350 D/ConditionProviders.SCP( 714): setRegistered true
10-17 11:22:47.352 D/CompatibilityChangeReporter( 714): Compat change id reported: 218533173; UID 10059; state: DISABLED
10-17 11:22:47.353 D/CompatibilityChangeReporter( 714): Compat change id reported: 262645982; UID 10059; state: DISABLED
10-17 11:22:47.354 D/CompatibilityChangeReporter( 714): Compat change id reported: 218533173; UID 10043; state: ENABLED
10-17 11:22:47.354 D/CompatibilityChangeReporter( 714): Compat change id reported: 262645982; UID 10043; state: ENABLED
10-17 11:22:47.355 D/CompatibilityChangeReporter( 714): Compat change id reported: 218533173; UID 10008; state: ENABLED
10-17 11:22:47.355 D/CompatibilityChangeReporter( 714): Compat change id reported: 262645982; UID 10008; state: ENABLED
10-17 11:22:47.356 D/CompatibilityChangeReporter( 714): Compat change id reported: 218533173; UID 10028; state: ENABLED
10-17 11:22:47.356 D/CompatibilityChangeReporter( 714): Compat change id reported: 262645982; UID 10028; state: ENABLED
10-17 11:22:47.357 D/CompatibilityChangeReporter( 714): Compat change id reported: 218533173; UID 10049; state: DISABLED
10-17 11:22:47.357 D/CompatibilityChangeReporter( 714): Compat change id reported: 262645982; UID 10049; state: DISABLED
10-17 11:22:47.358 D/CompatibilityChangeReporter( 714): Compat change id reported: 218533173; UID 10069; state: ENABLED
10-17 11:22:47.358 D/CompatibilityChangeReporter( 714): Compat change id reported: 262645982; UID 10069; state: ENABLED
10-17 11:22:47.359 D/CompatibilityChangeReporter( 714): Compat change id reported: 218533173; UID 10017; state: ENABLED
10-17 11:22:47.359 D/CompatibilityChangeReporter( 714): Compat change id reported: 262645982; UID 10017; state: ENABLED
10-17 11:22:47.360 D/CompatibilityChangeReporter( 714): Compat change id reported: 218533173; UID 10064; state: ENABLED
10-17 11:22:47.360 D/CompatibilityChangeReporter( 714): Compat change id reported: 262645982; UID 10064; state: ENABLED
10-17 11:22:47.361 D/CompatibilityChangeReporter( 714): Compat change id reported: 218533173; UID 10073; state: ENABLED
10-17 11:22:47.361 D/CompatibilityChangeReporter( 714): Compat change id reported: 262645982; UID 10073; state: ENABLED
10-17 11:22:47.362 D/CompatibilityChangeReporter( 714): Compat change id reported: 218533173; UID 10050; state: DISABLED
10-17 11:22:47.363 D/CompatibilityChangeReporter( 714): Compat change id reported: 262645982; UID 10050; state: DISABLED
10-17 11:22:47.363 D/CompatibilityChangeReporter( 714): Compat change id reported: 171306433; UID 10050; state: DISABLED
10-17 11:22:47.364 D/CompatibilityChangeReporter( 714): Compat change id reported: 218533173; UID 10052; state: ENABLED
10-17 11:22:47.369 D/CompatibilityChangeReporter( 714): Compat change id reported: 218533173; UID 10005; state: ENABLED
10-17 11:22:47.370 D/CompatibilityChangeReporter( 714): Compat change id reported: 262645982; UID 10005; state: ENABLED
10-17 11:22:47.371 D/CompatibilityChangeReporter( 714): Compat change id reported: 218533173; UID 10067; state: ENABLED
10-17 11:22:47.372 D/CompatibilityChangeReporter( 714): Compat change id reported: 262645982; UID 10067; state: ENABLED
10-17 11:22:47.374 D/CompatibilityChangeReporter( 714): Compat change id reported: 218533173; UID 10045; state: ENABLED
10-17 11:22:47.374 D/CompatibilityChangeReporter( 714): Compat change id reported: 262645982; UID 10045; state: ENABLED
10-17 11:22:47.377 D/CompatibilityChangeReporter( 714): Compat change id reported: 218533173; UID 10071; state: ENABLED
10-17 11:22:47.377 W/ActivityThread( 714): Failed to find provider info for com.android.calendar (user not unlocked)
10-17 11:22:47.378 D/CompatibilityChangeReporter( 714): Compat change id reported: 262645982; UID 10071; state: ENABLED
10-17 11:22:47.378 W/ActivityThread( 714): Failed to find provider info for com.android.calendar (user not unlocked)
10-17 11:22:47.379 D/CompatibilityChangeReporter( 714): Compat change id reported: 218533173; UID 10032; state: ENABLED
10-17 11:22:47.379 D/CompatibilityChangeReporter( 714): Compat change id reported: 171306433; UID 1000; state: ENABLED
10-17 11:22:47.380 D/CompatibilityChangeReporter( 714): Compat change id reported: 218533173; UID 1000; state: ENABLED
10-17 11:22:47.380 D/CompatibilityChangeReporter( 714): Compat change id reported: 262645982; UID 10032; state: DISABLED
10-17 11:22:47.382 D/CompatibilityChangeReporter( 714): Compat change id reported: 218533173; UID 10000; state: ENABLED
10-17 11:22:47.388 D/CompatibilityChangeReporter( 714): Compat change id reported: 262645982; UID 10000; state: ENABLED
10-17 11:22:47.390 D/CompatibilityChangeReporter( 714): Compat change id reported: 218533173; UID 10053; state: ENABLED
10-17 11:22:47.391 D/CompatibilityChangeReporter( 714): Compat change id reported: 262645982; UID 10053; state: ENABLED
10-17 11:22:47.391 D/CompatibilityChangeReporter( 714): Compat change id reported: 218533173; UID 10062; state: ENABLED
10-17 11:22:47.392 D/CompatibilityChangeReporter( 714): Compat change id reported: 262645982; UID 10062; state: ENABLED
10-17 11:22:47.392 D/CompatibilityChangeReporter( 714): Compat change id reported: 218533173; UID 10014; state: ENABLED
10-17 11:22:47.393 D/CompatibilityChangeReporter( 714): Compat change id reported: 262645982; UID 10014; state: ENABLED
10-17 11:22:47.398 D/CompatibilityChangeReporter( 714): Compat change id reported: 265195908; UID 1068; state: ENABLED
10-17 11:22:47.402 D/CompatibilityChangeReporter( 714): Compat change id reported: 161145287; UID 1068; state: ENABLED
10-17 11:22:47.415 I/[2 T233 ..] servicemanager( 0): Could not find android.hardware.secure_element.ISecureElement/eSE1 in the VINTF manifest.
10-17 11:22:47.421 I/[3 T233 ..] servicemanager( 0): Could not find android.hardware.secure_element.ISecureElement/SIM1 in the VINTF manifest.
10-17 11:22:47.420 D/ConditionProviders.SCP( 714): evaluateSubscriptionLocked cal=ScheduleCalendar[mDays={1, 2, 3, 4, 5, 6, 7}, mSchedule=ScheduleInfo{days=[1, 2, 3, 4, 5, 6, 7], startHour=22, startMinute=0, endHour=7, endMinute=0, exitAtAlarm=true, nextAlarm=Thu Jan 01 08:00:00 GMT+08:00 1970 (0)}], now=Fri Oct 17 11:22:47 GMT+08:00 2025 (1760671367350), nextUserAlarmTime=Thu Jan 01 08:00:00 GMT+08:00 1970 (0)
10-17 11:22:47.421 D/ConditionProviders.SCP( 714): notifyCondition condition://android/schedule?days=1.2.3.4.5.6.7&start=22.0&end=7.0&exitAtAlarm=true STATE_FALSE reason=!meetsSchedule
10-17 11:22:47.427 D/ConditionProviders.SCP( 714): Scheduling evaluate for Fri Oct 17 22:00:00 GMT+08:00 2025 (1760709600000), in +10h37m12s650ms, now=Fri Oct 17 11:22:47 GMT+08:00 2025 (1760671367350)
10-17 11:22:47.440 D/CompatibilityChangeReporter( 714): Compat change id reported: 135634846; UID 10061; state: DISABLED
10-17 11:22:47.441 D/CompatibilityChangeReporter( 714): Compat change id reported: 143937733; UID 10061; state: ENABLED
10-17 11:22:47.452 D/HDMI ( 714): receive android.intent.action.CONFIGURATION_CHANGED
10-17 11:22:47.474 I/ActivityManager( 714): Start proc 1223:android.ext.services/u0a61 for service {android.ext.services/android.ext.services.autofill.InlineSuggestionRenderServiceImpl}
10-17 11:22:47.478 D/HDMI ( 714): receive android.intent.action.CONFIGURATION_CHANGED
10-17 11:22:47.514 D/CompatibilityChangeReporter( 714): Compat change id reported: 168419799; UID 10061; state: DISABLED
10-17 11:22:47.515 D/CompatibilityChangeReporter( 714): Compat change id reported: 273564678; UID 10061; state: DISABLED
10-17 11:22:47.520 D/CompatibilityChangeReporter( 714): Compat change id reported: 265195908; UID 10061; state: ENABLED
10-17 11:22:47.531 D/AudioService( 714): onStatusChange cecEnabled:false available:false
10-17 11:22:47.532 I/PackageWatchdog( 714): Syncing health check requests for packages: {}
10-17 11:22:47.532 I/ExplicitHealthCheckController( 714): Service not ready to get health check supported packages. Binding...
10-17 11:22:47.536 I/ExplicitHealthCheckController( 714): Explicit health check service is bound
10-17 11:22:47.573 D/CompatibilityChangeReporter( 714): Compat change id reported: 170503758; UID 10061; state: ENABLED
10-17 11:22:47.623 I/MR2ServiceImpl( 714): addProviderRoutes | provider: com.android.server.media/.SystemMediaRoute2Provider, routes: [DEVICE_ROUTE | 电视]
10-17 11:22:47.628 D/WallpaperManagerService( 714): WPMS.onServiceConnected-ComponentInfo{com.android.systemui/com.android.systemui.wallpapers.ImageWallpaper}
10-17 11:22:47.628 D/WallpaperManagerService( 714): WPMS.attachServiceLocked
10-17 11:22:47.629 V/WallpaperManagerService( 714): WPMS.attachServiceLocked took to complete: 0ms
10-17 11:22:47.629 V/WallpaperManagerService( 714): WPMS.onServiceConnected-ComponentInfo{com.android.systemui/com.android.systemui.wallpapers.ImageWallpaper} took to complete: 0ms
10-17 11:22:47.629 D/WallpaperManagerService( 714): WPMS.onServiceConnected-ComponentInfo{com.android.systemui/com.android.systemui.wallpapers.ImageWallpaper}
10-17 11:22:47.629 D/WallpaperManagerService( 714): WPMS.attachServiceLocked
10-17 11:22:47.629 D/WallpaperManagerService( 714): WPMS.connectLocked-ComponentInfo{com.android.systemui/com.android.systemui.wallpapers.ImageWallpaper}
10-17 11:22:47.633 V/WallpaperManagerService( 714): WPMS.connectLocked-ComponentInfo{com.android.systemui/com.android.systemui.wallpapers.ImageWallpaper} took to complete: 4ms
10-17 11:22:47.635 V/WallpaperManagerService( 714): WPMS.attachServiceLocked took to complete: 6ms
10-17 11:22:47.635 D/WallpaperManagerService( 714): WPMS.saveSettingsLocked-0
10-17 11:22:47.643 D/HDMI ( 714): Process pid:1174 is calling addHotplugEventListener
10-17 11:22:47.645 V/WallpaperManagerService( 714): WPMS.saveSettingsLocked-0 took to complete: 10ms
10-17 11:22:47.645 V/WallpaperManagerService( 714): WPMS.onServiceConnected-ComponentInfo{com.android.systemui/com.android.systemui.wallpapers.ImageWallpaper} took to complete: 16ms
10-17 11:22:47.657 W/WindowManager( 714): [addWindow] title:com.android.systemui.wallpapers.ImageWallpaper
10-17 11:22:47.658 D/CompatibilityChangeReporter( 714): Compat change id reported: 168419799; UID 10052; state: DISABLED
10-17 11:22:47.658 D/CompatibilityChangeReporter( 714): Compat change id reported: 273564678; UID 10052; state: DISABLED
10-17 11:22:47.681 I/[2 T233 ..] servicemanager( 0): Could not find android.hardware.input.processor.IInputProcessor/default in the VINTF manifest.
10-17 11:22:47.685 D/AudioService( 714): onHdmiCecVolumeControlFeature enabled:false
10-17 11:22:47.698 W/ActivityThread( 1157): Failed to find provider info for bluetooth_legacy.provider (user not unlocked)
10-17 11:22:47.715 I/[3 T958 ..] [snd-soc]( 0): dts_dec_control/0x0
10-17 11:22:47.708 V/SystemUIBootTiming( 972): StartServices com.android.systemui.accessibility.WindowMagnification took to complete: 442ms
10-17 11:22:47.716 W/ ( 0): [3 T1113 ..] [W2][ GENERIC] [aml_android_set_suspend_mode 78]set google_cast 1
10-17 11:22:47.715 D/AudioService( 714): setWiredDeviceConnectionState( type:400 state:DEVICE_STATE_AVAILABLE addr: name:) from android
10-17 11:22:47.715 I/AS.AudioDeviceInventory( 714): handleDeviceConnection(true dev:400 address: name:)
10-17 11:22:47.716 I/AS.AudioDeviceInventory( 714): deviceKey:0x400:
10-17 11:22:47.716 I/AS.AudioDeviceInventory( 714): deviceInfo:null is(already)Connected:false
10-17 11:22:47.731 W/ ( 0): [2 T1113 ..] [W2][ GENERIC] [aml_android_set_suspend_mode 78]set google_cast 0
10-17 11:22:47.727 D/CompatibilityChangeReporter( 714): Compat change id reported: 261072174; UID 1000; state: ENABLED
10-17 11:22:47.741 I/[2 T661 ..] audio_ddr_mngr( 0): frddrs[1] released by device fe330000.audiobus:tdm@1
10-17 11:22:47.742 D/[2 T661 ..] [snd-soc]( 0): spdif_a is set to disable
10-17 11:22:47.742 I/[2 T661 ..] [snd-soc]( 0): aml_audio_reset, reg 0xa, shift 9, use_vadtop 0
10-17 11:22:47.742 I/[2 T661 ..] [snd-soc]( 0): aml_audio_reset, reg 0xa, shift 14, use_vadtop 0
10-17 11:22:47.743 I/[2 T661 ..] [snd-soc]( 0): hdmitx src switch to spdif 0
10-17 11:22:47.744 I/[2 T661 ..] [snd-soc]( 0): sharebuffer_spdifout_prepare get_hdmitx_audio_src(rtd->card):0 spdif_id:0
10-17 11:22:47.745 I/[2 T661 ..] [hdmitx( 0): ] hdmitx_audio_notify_callback[798] audio prepare
10-17 11:22:47.746 D/[2 T661 ..] [snd-soc]( 0): spdif_a fifo ctrl, frddr:0 type:1, 16 bits, chmask 0x3, swap 0x10
10-17 11:22:47.746 I/[2 T661 ..] [hdmitx( 0): ] hdmitx_audio_notify_callback[803] type:1 rate:3 size:1 chs:2 i2s_ch_mask:1 aud_src_if:0
10-17 11:22:47.747 I/[2 T661 ..] [hdmitx( 0): ] aout notify format CT_PCM
10-17 11:22:47.748 I/[2 T661 ..] [hdmitx( 0): ] set audio
10-17 11:22:47.749 I/[2 T661 ..] [hdmitx( 0): ] audio_param->chs = 1
10-17 11:22:47.749 I/[2 T661 ..] [hdmitx( 0): ] aud_src_if = 0
10-17 11:22:47.750 I/[2 T661 ..] [hdmitx( 0): ] aud_n_para = 11648
10-17 11:22:47.751 I/[2 T661 ..] [hdmitx( 0): ] audio state: AUDIO_UNMUTE
10-17 11:22:47.751 I/[2 T661 ..] [hdmitx( 0): ] set audio param
10-17 11:22:47.755 D/[2 T661 ..] [snd-soc]( 0): spdif_a is set to enable
10-17 11:22:47.755 D/SystemServerTiming( 714): ManagedServices.unbindOtherUserServices_current0
10-17 11:22:47.755 V/SystemServerTiming( 714): ManagedServices.unbindOtherUserServices_current0 took to complete: 0ms
10-17 11:22:47.755 D/SystemServerTiming( 714): ManagedServices.unbindOtherUserServices_current0
10-17 11:22:47.755 V/SystemServerTiming( 714): ManagedServices.unbindOtherUserServices_current0 took to complete: 0ms
10-17 11:22:47.756 D/SystemServerTiming( 714): ManagedServices.unbindOtherUserServices_current0
10-17 11:22:47.756 V/SystemServerTiming( 714): ManagedServices.unbindOtherUserServices_current0 took to complete: 0ms
10-17 11:22:47.756 V/NotificationAssistants( 714): enabling notification assistant for 0: ComponentInfo{android.ext.services/android.ext.services.notification.Assistant}
10-17 11:22:47.757 V/NotificationAssistants( 714): binding: Intent { act=android.service.notification.NotificationAssistantService cmp=android.ext.services/.notification.Assistant (has extras) }
10-17 11:22:47.811 D/CompatibilityChangeReporter( 714): Compat change id reported: 161145287; UID 10061; state: ENABLED
10-17 11:22:47.831 D/CompatibilityChangeReporter( 714): Compat change id reported: 161145287; UID 1002; state: ENABLED
10-17 11:22:47.854 V/SystemUIBootTiming( 972): StartServices com.android.systemui.bouncer.domain.interactor.BouncerMessageAuditLogger took to complete: 144ms
10-17 11:22:47.854 V/SystemUIBootTiming( 972): StartServices com.android.systemui.broadcast.BroadcastDispatcherStartable took to complete: 1ms
10-17 11:22:47.866 I/[1 T233 ..] servicemanager( 0): Found android.hardware.graphics.allocator.IAllocator/default in device VINTF manifest.
10-17 11:22:47.869 I/[0 T233 ..] servicemanager( 0): Found android.hardware.graphics.allocator.IAllocator/default in device VINTF manifest.
10-17 11:22:47.885 V/SystemUIBootTiming( 972): StartServices com.android.systemui.flags.FeatureFlagsDebugStartable took to complete: 31ms
10-17 11:22:47.914 E/[2 T233 ..] servicemanager( 0): VINTF HALs require names in the format type/instance (e.g. some.package.foo.IFoo/default) but got: suspend_control
10-17 11:22:47.916 I/[0 T233 ..] servicemanager( 0): Could not find android.hardware.bluetooth.IBluetoothHci/default in the VINTF manifest.
10-17 11:22:47.918 V/SystemUIBootTiming( 972): StartServices com.android.systemui.globalactions.GlobalActionsComponent took to complete: 33ms
10-17 11:22:47.920 V/SystemUIBootTiming( 972): StartServices com.android.systemui.keyboard.KeyboardUI took to complete: 2ms
10-17 11:22:47.956 V/SystemUIBootTiming( 972): StartServices com.android.systemui.keyguard.ResourceTrimmer took to complete: 35ms
10-17 11:22:47.937 I/[1 T461 ..] [wireless]( 0): [wifi_power_ioctl] aml module chip is aml_w2_s
10-17 11:22:47.978 I/[2 T461 ..] [wireless]( 0): BT_RADIO going: on
10-17 11:22:47.979 I/[2 T461 ..] [wireless]( 0): AML_BT: going ON,btpower_evt=0
10-17 11:22:48.129 I/AS.AudioDeviceInventory( 714): sendDeviceConnectionIntent(dev:0x400 state:0x1 address: name:);
10-17 11:22:48.200 V/SystemUIBootTiming( 972): StartServices com.android.systemui.keyguard.domain.interactor.KeyguardTransitionCoreStartable took to complete: 243ms
10-17 11:22:48.206 V/SystemUIBootTiming( 972): StartServices com.android.systemui.keyguard.domain.interactor.SystemUIKeyguardFaceAuthInteractor took to complete: 6ms
10-17 11:22:48.208 V/SystemUIBootTiming( 972): StartServices com.android.systemui.media.RingtonePlayer took to complete: 3ms
10-17 11:22:48.209 V/SystemUIBootTiming( 972): StartServices com.android.systemui.media.systemsounds.HomeSoundEffectController took to complete: 1ms
10-17 11:22:48.214 V/SystemUIBootTiming( 972): StartServices com.android.systemui.motiontool.MotionToolStartable took to complete: 5ms
10-17 11:22:48.253 V/SystemUIBootTiming( 972): StartServices com.android.systemui.power.PowerUI took to complete: 38ms
10-17 11:22:48.274 V/SystemUIBootTiming( 972): StartServices com.android.systemui.privacy.television.TvPrivacyChipsController took to complete: 22ms
10-17 11:22:48.275 V/SystemUIBootTiming( 972): StartServices com.android.systemui.qs.QSFragmentStartable took to complete: 1ms
10-17 11:22:48.360 W/WindowManager( 714): Keyguard drawn timeout. Setting mKeyguardDrawComplete
10-17 11:22:48.388 V/SystemUIBootTiming( 972): StartServices com.android.systemui.qs.pipeline.domain.startable.QSPipelineCoreStartable took to complete: 113ms
10-17 11:22:48.395 I/[2 T461 ..] [wireless]( 0): [usb_power_control] Set BT power on !
10-17 11:22:48.406 I/[0 T461 ..] BTI( 0): amlbt_sdio_fops_open, version:W2 SDIO BT Driver release:2025-07-07-1552
10-17 11:22:48.407 I/[0 T461 ..] BTI( 0): wifi alive 0x1
10-17 11:22:48.408 I/[0 T461 ..] BTI( 0): amlbt_sdio_res_init
10-17 11:22:48.409 I/[0 T461 ..] BTI( 0): 0xf00060: 0x0
10-17 11:22:48.409 I/[0 T461 ..] BTI( 0): 0xf00060: 0x1000000
10-17 11:22:48.409 I/[0 T461 ..] BTI( 0): 0xf00060: 0x1000000
10-17 11:22:48.410 I/[0 T461 ..] BTI( 0): 0xf00060: 0x1000000
10-17 11:22:48.411 I/[0 T461 ..] BTI( 0): 0xf00060: 0x1000000
10-17 11:22:48.412 I/[0 T461 ..] BTI( 0): 0xf00060: 0x1000000
10-17 11:22:48.412 I/[0 T461 ..] BTI( 0): Firmware load:aml_bt.conf
10-17 11:22:48.413 I/[0 T461 ..] BTI( 0): Parsed BtSink: 0
10-17 11:22:48.413 I/[0 T461 ..] BTI( 0): Parsed BtAntenna: 2
10-17 11:22:48.414 I/[0 T461 ..] BTI( 0): Parsed FirmwareMode: 3
10-17 11:22:48.414 I/[0 T461 ..] BTI( 0): Parsed ChangePinMux: 0
10-17 11:22:48.415 I/[0 T461 ..] BTI( 0): Parsed BrDigitGain: 66
10-17 11:22:48.415 I/[0 T461 ..] BTI( 0): Parsed EdrDigitGain: 98
10-17 11:22:48.416 I/[0 T461 ..] BTI( 0): Parsed Btfwlog: 2
10-17 11:22:48.417 I/[0 T461 ..] BTI( 0): Parsed Btfactory: 0
10-17 11:22:48.417 I/[0 T461 ..] BTI( 0): Parsed Btsystem: 1
10-17 11:22:48.418 I/[0 T461 ..] BTI( 0): Parsed isolatvalue: 0
10-17 11:22:48.418 I/[0 T461 ..] BTI( 0): Firmware load:w2_bt_fw_uart.bin
10-17 11:22:48.430 I/[1 T461 ..] BTI( 0): Firmware [0x0,0x0,0x8,0x0,0x0,0x0,0x2,0x0]
10-17 11:22:48.430 I/[1 T461 ..] BTI( 0): Firmware loaded successfully, iccm_size: 0x40000, dccm_size:0x20000
10-17 11:22:48.432 I/[1 T461 ..] BTI( 0): amlbt_sdio_download_firmware:iccm size 0x40000, remain_len 0x40000
10-17 11:22:48.433 I/[1 T461 ..] BTI( 0): iccm start [0xcc,0x83,0x12,0x0,0x0,0x87,0x11,0x0]
10-17 11:22:48.434 I/[1 T461 ..] BTI( 0): dccm start [0x0,0x0,0x0,0x0,0x1,0x0,0x0,0x0]
10-17 11:22:48.435 V/SystemUIBootTiming( 972): StartServices com.android.systemui.scene.domain.startable.SceneContainerStartable took to complete: 47ms
10-17 11:22:48.436 V/SystemUIBootTiming( 972): StartServices com.android.systemui.settings.UserFileManagerImpl took to complete: 0ms
10-17 11:22:48.440 V/SystemUIBootTiming( 972): StartServices com.android.systemui.shortcut.ShortcutKeyDispatcher took to complete: 4ms
10-17 11:22:48.442 V/SystemUIBootTiming( 972): StartServices com.android.systemui.statusbar.notification.InstantAppNotifier took to complete: 3ms
10-17 11:22:48.453 V/SystemUIBootTiming( 972): StartServices com.android.systemui.statusbar.notification.interruption.KeyguardNotificationVisibilityProvider took to complete: 10ms
10-17 11:22:48.459 V/SystemUIBootTiming( 972): StartServices com.android.systemui.statusbar.notification.logging.NotificationMemoryMonitor took to complete: 7ms
10-17 11:22:48.461 V/SystemUIBootTiming( 972): StartServices com.android.systemui.statusbar.phone.LetterboxBackgroundProvider took to complete: 1ms
10-17 11:22:48.468 V/SystemUIBootTiming( 972): StartServices com.android.systemui.statusbar.pipeline.mobile.data.repository.CarrierConfigCoreStartable took to complete: 8ms
10-17 11:22:48.506 I/[1 T461 ..] BTI( 0): Firmware iccm check pass, offset 0x40000
10-17 11:22:48.506 I/[1 T461 ..] BTI( 0): amlbt_sdio_download_firmware:dccm size 0x20000, remain_len 0x20000
10-17 11:22:48.536 I/[3 T461 ..] BTI( 0): Firmware dccm check pass, offset 0x20000
10-17 11:22:48.537 I/[3 T461 ..] BTI( 0): PMU 0x00f03040:0x20000000
10-17 11:22:48.549 I/[3 T461 ..] BTI( 0): pc1 0x200034:0x106838
10-17 11:22:48.560 I/[1 T461 ..] BTI( 0): pc2 0x200034:0x1064d8
10-17 11:22:48.571 I/[1 T461 ..] BTI( 0): pc3 0x200034:0x155132
10-17 11:22:48.571 I/[1 T461 ..] BTI( 0): p_sdio->link is ready 0x27074800
10-17 11:22:48.572 I/[1 T461 ..] BTI( 0): amlbt_register_interrupt_gpio 0
10-17 11:22:48.572 I/[1 T461 ..] BTI( 0): amlbt_register_interrupt_gpio find node success!
10-17 11:22:48.573 I/[1 T461 ..] BTI( 0): amlbt_register_interrupt_gpio find gpio 494 success!
10-17 11:22:48.574 I/[1 T461 ..] BTI( 0): amlbt_register_interrupt_gpio find irq 71 success!
10-17 11:22:48.575 I/[1 T461 ..] BTI( 0): amlbt_register_interrupt_gpio request irq 71 success!
10-17 11:22:48.726 D/CompatibilityChangeReporter( 714): Compat change id reported: 182478738; UID 10052; state: ENABLED
10-17 11:22:48.742 W/Looper ( 714): Slow dispatch took 972ms main h=android.app.ActivityThread$H c=android.app.LoadedApk$ReceiverDispatcher$Args$$ExternalSyntheticLambda0@2d99886 m=0
10-17 11:22:48.766 V/SystemUIBootTiming( 972): StartServices com.android.systemui.statusbar.pipeline.mobile.ui.MobileUiAdapter took to complete: 298ms
10-17 11:22:48.794 V/SystemUIBootTiming( 972): StartServices com.android.systemui.statusbar.pipeline.wifi.data.repository.WifiRepositoryDagger took to complete: 28ms
10-17 11:22:48.797 I/StatusBarManagerService( 714): registerStatusBar bar=com.android.internal.statusbar.IStatusBar$Stub$Proxy@c03cc55
10-17 11:22:48.811 V/SystemUIBootTiming( 972): StartServices com.android.systemui.statusbar.tv.TvStatusBar took to complete: 16ms
10-17 11:22:48.824 V/SystemUIBootTiming( 972): StartServices com.android.systemui.statusbar.tv.VpnStatusObserver took to complete: 13ms
10-17 11:22:48.830 V/SystemUIBootTiming( 972): StartServices com.android.systemui.statusbar.tv.notifications.TvNotificationHandler took to complete: 5ms
10-17 11:22:48.830 V/SystemUIBootTiming( 972): StartServices com.android.systemui.statusbar.tv.notifications.TvNotificationPanel took to complete: 0ms
10-17 11:22:48.846 V/SystemUIBootTiming( 972): StartServices com.android.systemui.theme.ThemeOverlayController took to complete: 16ms
10-17 11:22:48.849 V/SystemUIBootTiming( 972): StartServices com.android.systemui.toast.ToastUI took to complete: 2ms
10-17 11:22:48.856 V/SystemUIBootTiming( 972): StartServices com.android.systemui.usb.StorageNotification took to complete: 7ms
10-17 11:22:48.875 V/SystemUIBootTiming( 972): StartServices com.android.systemui.user.ui.dialog.UserSwitcherDialogCoordinator took to complete: 20ms
10-17 11:22:48.880 V/SystemUIBootTiming( 972): StartServices com.android.systemui.util.NotificationChannels took to complete: 4ms
10-17 11:22:48.883 V/SystemUIBootTiming( 972): StartServices com.android.systemui.util.leak.GarbageMonitor took to complete: 4ms
10-17 11:22:48.969 V/SystemUIBootTiming( 972): StartServices com.android.systemui.volume.VolumeUI took to complete: 85ms
10-17 11:22:48.980 V/SystemUIBootTiming( 972): StartServices com.android.systemui.wmshell.WMShell took to complete: 11ms
10-17 11:22:48.980 V/SystemUIBootTiming( 972): StartServices com.android.systemui.VendorServices took to complete: 0ms
10-17 11:22:48.981 V/SystemUIBootTiming( 972): StartServices took to complete: 1714ms
10-17 11:22:49.185 W/Looper ( 714): Slow dispatch took 442ms main h=android.app.ActivityThread$H c=android.app.LoadedApk$ReceiverDispatcher$Args$$ExternalSyntheticLambda0@3361ccb m=0
10-17 11:22:49.189 D/AutofillManagerService( 714): Restriction did not change for user 0
10-17 11:22:49.191 I/ExplicitHealthCheckController( 714): Explicit health check service is connected ComponentInfo{android.ext.services/android.ext.services.watchdog.ExplicitHealthCheckServiceImpl}
10-17 11:22:49.192 I/ExplicitHealthCheckController( 714): Service initialized, syncing requests
10-17 11:22:49.202 V/NotificationAssistants( 714): 0 notification assistant service connected: ComponentInfo{android.ext.services/android.ext.services.notification.Assistant}
10-17 11:22:49.215 D/CompatibilityChangeReporter( 714): Compat change id reported: 265464455; UID 1000; state: DISABLED
10-17 11:22:49.215 D/CompatibilityChangeReporter( 714): Compat change id reported: 265452344; UID 1000; state: DISABLED
10-17 11:22:49.215 D/CompatibilityChangeReporter( 714): Compat change id reported: 266124927; UID 1000; state: DISABLED
10-17 11:22:49.216 D/CompatibilityChangeReporter( 714): Compat change id reported: 265451093; UID 1000; state: DISABLED
10-17 11:22:49.216 D/CompatibilityChangeReporter( 714): Compat change id reported: 265456536; UID 1000; state: DISABLED
10-17 11:22:49.216 D/CompatibilityChangeReporter( 714): Compat change id reported: 255940284; UID 1000; state: DISABLED
10-17 11:22:49.216 D/CompatibilityChangeReporter( 714): Compat change id reported: 236283604; UID 1000; state: DISABLED
10-17 11:22:49.217 D/CompatibilityChangeReporter( 714): Compat change id reported: 263959004; UID 1000; state: DISABLED
10-17 11:22:49.217 D/CompatibilityChangeReporter( 714): Compat change id reported: 264304459; UID 1000; state: DISABLED
10-17 11:22:49.217 D/CompatibilityChangeReporter( 714): Compat change id reported: 264301586; UID 1000; state: DISABLED
10-17 11:22:49.218 D/CompatibilityChangeReporter( 714): Compat change id reported: 254631730; UID 1000; state: DISABLED
10-17 11:22:49.218 D/CompatibilityChangeReporter( 714): Compat change id reported: 273509367; UID 1000; state: DISABLED
10-17 11:22:49.218 D/CompatibilityChangeReporter( 714): Compat change id reported: 263259275; UID 1000; state: DISABLED
10-17 11:22:49.219 D/CompatibilityChangeReporter( 714): Compat change id reported: 174042980; UID 1000; state: DISABLED
10-17 11:22:49.219 D/CompatibilityChangeReporter( 714): Compat change id reported: 174042936; UID 1000; state: DISABLED
10-17 11:22:49.220 D/CompatibilityChangeReporter( 714): Compat change id reported: 181136395; UID 1000; state: DISABLED
10-17 11:22:49.269 D/CompatibilityChangeReporter( 714): Compat change id reported: 194480991; UID 1000; state: ENABLED
10-17 11:22:49.277 D/CompatibilityChangeReporter( 714): Compat change id reported: 197654537; UID 1000; state: ENABLED
10-17 11:22:49.280 I/ActivityTaskManager( 714): START u0 {act=android.intent.action.MAIN cat=[android.intent.category.HOME] flg=0x10000100 cmp=com.android.tv.settings/.system.FallbackHome (has extras)} with LAUNCH_MULTIPLE from uid 0 (BAL_ALLOW_ALLOWLISTED_UID) result code=0
10-17 11:22:49.284 I/ActivityManager( 714): com.android.tv.settings is exempt from freezer
10-17 11:22:49.284 D/CompatibilityChangeReporter( 714): Compat change id reported: 135634846; UID 1000; state: DISABLED
10-17 11:22:49.287 D/SystemServerTiming( 714): getUserSwitchability-0
10-17 11:22:49.287 D/SystemServerTiming( 714): TM.isInCall
10-17 11:22:49.289 V/SystemServerTiming( 714): TM.isInCall took to complete: 2ms
10-17 11:22:49.290 D/SystemServerTiming( 714): hasUserRestriction-DISALLOW_USER_SWITCH
10-17 11:22:49.290 V/SystemServerTiming( 714): hasUserRestriction-DISALLOW_USER_SWITCH took to complete: 0ms
10-17 11:22:49.290 D/SystemServerTiming( 714): getInt-ALLOW_USER_SWITCHING_WHEN_SYSTEM_USER_LOCKED
10-17 11:22:49.290 V/SystemServerTiming( 714): getInt-ALLOW_USER_SWITCHING_WHEN_SYSTEM_USER_LOCKED took to complete: 1ms
10-17 11:22:49.290 D/SystemServerTiming( 714): isUserUnlocked-USER_SYSTEM
10-17 11:22:49.290 V/SystemServerTiming( 714): isUserUnlocked-USER_SYSTEM took to complete: 0ms
10-17 11:22:49.290 V/SystemServerTiming( 714): getUserSwitchability-0 took to complete: 3ms
10-17 11:22:49.311 I/ActivityManager( 714): Start proc 1360:com.android.tv.settings/1000 for top-activity {com.android.tv.settings/com.android.tv.settings.system.FallbackHome}
10-17 11:22:49.315 D/SystemServerTiming( 714): getUserSwitchability-0
10-17 11:22:49.315 D/SystemServerTiming( 714): TM.isInCall
10-17 11:22:49.317 V/SystemServerTiming( 714): TM.isInCall took to complete: 2ms
10-17 11:22:49.317 D/SystemServerTiming( 714): hasUserRestriction-DISALLOW_USER_SWITCH
10-17 11:22:49.317 V/SystemServerTiming( 714): hasUserRestriction-DISALLOW_USER_SWITCH took to complete: 0ms
10-17 11:22:49.317 D/SystemServerTiming( 714): getInt-ALLOW_USER_SWITCHING_WHEN_SYSTEM_USER_LOCKED
10-17 11:22:49.317 V/SystemServerTiming( 714): getInt-ALLOW_USER_SWITCHING_WHEN_SYSTEM_USER_LOCKED took to complete: 0ms
10-17 11:22:49.317 D/SystemServerTiming( 714): isUserUnlocked-USER_SYSTEM
10-17 11:22:49.317 V/SystemServerTiming( 714): isUserUnlocked-USER_SYSTEM took to complete: 0ms
10-17 11:22:49.317 V/SystemServerTiming( 714): getUserSwitchability-0 took to complete: 2ms
10-17 11:22:49.329 D/SystemServerTiming( 714): getUserSwitchability-0
10-17 11:22:49.329 D/SystemServerTiming( 714): TM.isInCall
10-17 11:22:49.330 V/SystemServerTiming( 714): TM.isInCall took to complete: 1ms
10-17 11:22:49.330 D/SystemServerTiming( 714): hasUserRestriction-DISALLOW_USER_SWITCH
10-17 11:22:49.330 V/SystemServerTiming( 714): hasUserRestriction-DISALLOW_USER_SWITCH took to complete: 0ms
10-17 11:22:49.330 D/SystemServerTiming( 714): getInt-ALLOW_USER_SWITCHING_WHEN_SYSTEM_USER_LOCKED
10-17 11:22:49.331 V/SystemServerTiming( 714): getInt-ALLOW_USER_SWITCHING_WHEN_SYSTEM_USER_LOCKED took to complete: 0ms
10-17 11:22:49.331 D/SystemServerTiming( 714): isUserUnlocked-USER_SYSTEM
10-17 11:22:49.331 V/SystemServerTiming( 714): isUserUnlocked-USER_SYSTEM took to complete: 0ms
10-17 11:22:49.331 V/SystemServerTiming( 714): getUserSwitchability-0 took to complete: 1ms
10-17 11:22:49.343 D/SystemServerTiming( 714): getUserSwitchability-0
10-17 11:22:49.343 D/SystemServerTiming( 714): TM.isInCall
10-17 11:22:49.343 V/SystemServerTiming( 714): TM.isInCall took to complete: 1ms
10-17 11:22:49.343 D/SystemServerTiming( 714): hasUserRestriction-DISALLOW_USER_SWITCH
10-17 11:22:49.343 V/SystemServerTiming( 714): hasUserRestriction-DISALLOW_USER_SWITCH took to complete: 0ms
10-17 11:22:49.343 D/SystemServerTiming( 714): getInt-ALLOW_USER_SWITCHING_WHEN_SYSTEM_USER_LOCKED
10-17 11:22:49.343 V/SystemServerTiming( 714): getInt-ALLOW_USER_SWITCHING_WHEN_SYSTEM_USER_LOCKED took to complete: 0ms
10-17 11:22:49.344 D/SystemServerTiming( 714): isUserUnlocked-USER_SYSTEM
10-17 11:22:49.344 V/SystemServerTiming( 714): isUserUnlocked-USER_SYSTEM took to complete: 0ms
10-17 11:22:49.344 V/SystemServerTiming( 714): getUserSwitchability-0 took to complete: 1ms
10-17 11:22:49.346 D/SystemServerTiming( 714): getUserSwitchability-0
10-17 11:22:49.346 D/SystemServerTiming( 714): TM.isInCall
10-17 11:22:49.347 V/SystemServerTiming( 714): TM.isInCall took to complete: 0ms
10-17 11:22:49.347 D/SystemServerTiming( 714): hasUserRestriction-DISALLOW_USER_SWITCH
10-17 11:22:49.347 V/SystemServerTiming( 714): hasUserRestriction-DISALLOW_USER_SWITCH took to complete: 0ms
10-17 11:22:49.347 D/SystemServerTiming( 714): getInt-ALLOW_USER_SWITCHING_WHEN_SYSTEM_USER_LOCKED
10-17 11:22:49.347 V/SystemServerTiming( 714): getInt-ALLOW_USER_SWITCHING_WHEN_SYSTEM_USER_LOCKED took to complete: 0ms
10-17 11:22:49.347 D/SystemServerTiming( 714): isUserUnlocked-USER_SYSTEM
10-17 11:22:49.347 V/SystemServerTiming( 714): isUserUnlocked-USER_SYSTEM took to complete: 0ms
10-17 11:22:49.347 V/SystemServerTiming( 714): getUserSwitchability-0 took to complete: 1ms
10-17 11:22:49.347 D/CompatibilityChangeReporter( 714): Compat change id reported: 168419799; UID 1000; state: DISABLED
10-17 11:22:49.348 D/CompatibilityChangeReporter( 714): Compat change id reported: 273564678; UID 1000; state: DISABLED
10-17 11:22:49.466 W/Looper ( 714): Slow dispatch took 263ms main h=android.app.ActivityThread$H c=android.app.LoadedApk$ReceiverDispatcher$Args$$ExternalSyntheticLambda0@6acb2b2 m=0
10-17 11:22:49.471 V/WindowManager( 714): app ------------- force_land :0
10-17 11:22:49.472 V/WindowManager( 714): app ------------- force_land :0
10-17 11:22:49.515 W/BroadcastLoopers( 714): Found previously unknown looper Thread[BluetoothManagerService,5,main]
10-17 11:22:49.543 W/ ( 0): [1 T313 .s] [W2][INTERFACE] [state_detect_cb 126]stop bus detected state timer
10-17 11:22:49.589 W/WindowManager( 714): [addWindow] title:com.android.tv.settings/com.android.tv.settings.system.FallbackHome
10-17 11:22:49.611 D/CoreBackPreview( 714): Window{e83d53f u0 com.android.tv.settings/com.android.tv.settings.system.FallbackHome}: Setting back callback OnBackInvokedCallbackInfo{mCallback=android.window.IOnBackInvokedCallback$Stub$Proxy@56a865b, mPriority=0, mIsAnimationCallback=false}
10-17 11:22:49.681 I/[0 T233 ..] servicemanager( 0): Found android.hardware.graphics.allocator.IAllocator/default in device VINTF manifest.
10-17 11:22:49.686 I/[2 T233 ..] servicemanager( 0): Found android.hardware.graphics.allocator.IAllocator/default in device VINTF manifest.
10-17 11:22:49.687 W/Looper ( 714): Slow dispatch took 216ms main h=android.app.ActivityThread$H c=android.app.LoadedApk$ReceiverDispatcher$Args$$ExternalSyntheticLambda0@198b80d m=0
10-17 11:22:49.688 I/PackageWatchdog( 714): Syncing health check requests for packages: {}
10-17 11:22:49.688 D/ExplicitHealthCheckController( 714): Getting health check supported packages
10-17 11:22:49.692 I/ExplicitHealthCheckController( 714): Explicit health check supported packages [PackageConfig{com.android.networkstack, 86400000}]
10-17 11:22:49.692 D/PackageWatchdog( 714): Received supported packages [PackageConfig{com.android.networkstack, 86400000}]
10-17 11:22:49.692 D/ExplicitHealthCheckController( 714): Getting health check requested packages
10-17 11:22:49.696 W/Looper ( 714): Drained
10-17 11:22:49.699 I/ExplicitHealthCheckController( 714): Explicit health check requested packages []
10-17 11:22:49.700 I/ExplicitHealthCheckController( 714): No more health check requests, unbinding...
10-17 11:22:49.702 I/ExplicitHealthCheckController( 714): Explicit health check service is unbound
10-17 11:22:49.704 D/ActivityManagerTiming( 714): FinishBooting
10-17 11:22:49.707 W/ContextImpl( 714): Calling a method in the system process without a qualified user: android.app.ContextImpl.startService:1899 com.android.server.wm.DisplayPolicy.lambda$focusChangedLw$5:2126 com.android.server.wm.DisplayPolicy.$r8$lambda$Znxk63oh-WzVnzo_WQefN7uxV48:0 com.android.server.wm.DisplayPolicy$$ExternalSyntheticLambda13.run:0 android.os.Handler.handleCallback:958
10-17 11:22:49.707 W/ActivityManager( 714): Unable to start service Intent { cmp=com.oranth.ledstatus/.LedStatusService } U=0: not found
10-17 11:22:49.719 V/WindowManager( 714): Sent Transition #0 createdAt=10-17 11:22:46.680
10-17 11:22:49.720 V/WindowManager( 714): startWCT=WindowContainerTransaction { changes = {} hops = [] errorCallbackToken=null taskFragmentOrganizer=null }
10-17 11:22:49.720 V/WindowManager( 714): info=null
10-17 11:22:49.720 D/WindowManager( 714): updateCecScreenStatus 0
10-17 11:22:49.721 D/HDMI ( 714): setCecSettingIntValue name:cec_screen_state, value:0
10-17 11:22:49.729 I/HDMI ( 714): screen state is changing to 0
10-17 11:22:49.737 D/ActivityManagerTiming( 714): FinishBooting
10-17 11:22:49.749 I/ActivityManager( 714): About to commit checkpoint
10-17 11:22:49.750 I/SystemServiceManager( 714): Starting phase 1000
10-17 11:22:49.750 D/ActivityManagerTiming( 714): OnBootPhase_1000
10-17 11:22:49.750 D/ActivityManagerTiming( 714): OnBootPhase_1000_com.android.server.security.FileIntegrityService
10-17 11:22:49.750 V/ActivityManagerTiming( 714): OnBootPhase_1000_com.android.server.security.FileIntegrityService took to complete: 0ms
10-17 11:22:49.750 D/ActivityManagerTiming( 714): OnBootPhase_1000_com.android.server.pm.Installer
10-17 11:22:49.750 V/ActivityManagerTiming( 714): OnBootPhase_1000_com.android.server.pm.Installer took to complete: 0ms
10-17 11:22:49.750 D/ActivityManagerTiming( 714): OnBootPhase_1000_com.android.server.os.DeviceIdentifiersPolicyService
10-17 11:22:49.750 V/ActivityManagerTiming( 714): OnBootPhase_1000_com.android.server.os.DeviceIdentifiersPolicyService took to complete: 0ms
10-17 11:22:49.750 D/ActivityManagerTiming( 714): OnBootPhase_1000_com.android.server.flags.FeatureFlagsService
