10-17 11:23:07.432 W/Router ( 2302): enable unlock:org.fourthline.cling.android.AndroidRouter@a5fa391
10-17 11:23:07.432 I/UpnpServiceImpl( 2302): <<< UPnP service started successfully
10-17 11:23:07.450 W/System.err( 2302): 2025-10-17 11:23:07.450:INFO:lcaf.a:Started @192.168.50.100:33395
10-17 11:23:07.495 E/g ( 2302): channel :os
10-17 11:23:07.684 I/ActivityManager( 714): Waited long enough for: ServiceRecord{ff98ef4 u0 com.droidlogic.mictoggle/.AssistantMicMuteService}
10-17 11:23:07.824 I/efs.base( 2302): lt=event`ev_ct=efs_core`ev_ac=log_lag`tm=2025-10-17 11:23:82`dn=bae69f4d-2b9a-44eb-9aae-69b4e463c1cd`ps=com.dangbei.screencast`um_os=android`stime=1760671377474`pid=2302`fr=android`pkg=com.dangbei.screencast`vcode=20830`dsp_w=1920`uid=bae69f4d-2b9a-44eb-9aae-69b4e463c1cd`rom=14`wid=bae69f4d-2b9a-44eb-9aae-69b4e463c1cd`um_app_carrier=`um_access=wifi`um_app_channel=os`um_crash_sdk_version=1.4.0`ctime=1760671387`model=dbbox-a3`lang=zh`net=wifi`brand=amlogic`dsp_h=1080`um_network_type=0`ver=v2.8.3`cnt=2`build_model=DBBOX-A3`w_tm=1760671387`appid=5fc60c21094d637f3130af19`um_umid_header=aibc60dfda52d589baa1af2b08b1eadfa5`sdk=34`tzone=Asia/Shanghai`sdk_ver=1.3.6.umeng
10-17 11:23:07.828 I/resolv ( 448): GetAddrInfoHandler::run: {100 100 100 983140 10044 0}
10-17 11:23:07.828 I/resolv ( 448): GetAddrInfoHandler::run: {100 100 100 983140 10044 0}
10-17 11:23:07.829 I/resolv ( 448): res_nmkquery: (QUERY, IN, A)
10-17 11:23:07.829 I/resolv ( 448): res_nmkquery: (QUERY, IN, A)
10-17 11:23:07.829 I/resolv ( 448): resolv_cache_lookup: FOUND IN CACHE entry=0xf43c2d10
10-17 11:23:07.830 I/resolv ( 448): doQuery: rcode=0, ancount=6, return value=183
10-17 11:23:07.830 I/resolv ( 448): resolv_cache_lookup: FOUND IN CACHE entry=0xf43c2d10
10-17 11:23:07.830 I/resolv ( 448): doQuery: rcode=0, ancount=6, return value=183
10-17 11:23:07.831 D/TrafficStats( 2302): tagSocket(227) with statsTag=0xffffffff, statsUid=-1
10-17 11:23:07.831 D/TrafficStats( 2302): tagSocket(228) with statsTag=0xffffffff, statsUid=-1
10-17 11:23:08.004 I/efs.base( 2302): wa upload succ, HttpResponse {succ=true, code=200, data='æš‚ä¸æ”¯æŒè¯¥æœåŠ¡', extra={req_url=https://errlog.umeng.com/api/crashsdk/logcollect}}
10-17 11:23:08.011 I/efs.base( 2302): wa upload succ, HttpResponse {succ=true, code=200, data='æš‚ä¸æ”¯æŒè¯¥æœåŠ¡', extra={req_url=https://errlog.umeng.com/api/crashsdk/logcollect}}
10-17 11:23:08.015 W/NotificationHistory( 714): Attempted to add notif for locked/gone/disabled user 0
10-17 11:23:08.206 I/resolv ( 448): GetAddrInfoHandler::run: {100 100 100 983140 10044 0}
10-17 11:23:08.208 I/resolv ( 448): res_nmkquery: (QUERY, IN, A)
10-17 11:23:08.208 I/resolv ( 448): resolv_cache_lookup: FOUND IN CACHE entry=0xf4e817b0
10-17 11:23:08.208 I/resolv ( 448): doQuery: rcode=0, ancount=3, return value=131
10-17 11:23:08.209 D/TrafficStats( 2570): tagSocket(161) with statsTag=0xffffffff, statsUid=-1
10-17 11:23:08.378 W/ ( 0): [2 T0 .s] [W2][ TX] [aml_filter_sp_data_frame 1310][SP FRAME RX][0] ARP req(0x1) sender:[c0:e3:50:49:a6:6e 192.168.50.29] receiver:[00:00:00:00:00:00 192.168.50.100]
10-17 11:23:08.380 W/ ( 0): [2 T0 .s] [W2][ TX] [aml_filter_sp_data_frame 1310][SP FRAME TX][0] ARP rsp(0x2) sender:[c0:e3:50:49:c1:08 192.168.50.100] receiver:[c0:e3:50:49:a6:6e 192.168.50.29]
10-17 11:23:08.528 I/ip ( 2697): type=1400 audit(0.0:900): avc: denied { bind } for scontext=u:r:untrusted_app_27:s0:c44,c256,c512,c768 tcontext=u:r:untrusted_app_27:s0:c44,c256,c512,c768 tclass=netlink_route_socket permissive=1 app=com.dangbei.screencast
10-17 11:23:08.528 I/ip ( 2697): type=1400 audit(0.0:901): avc: denied { nlmsg_readpriv } for scontext=u:r:untrusted_app_27:s0:c44,c256,c512,c768 tcontext=u:r:untrusted_app_27:s0:c44,c256,c512,c768 tclass=netlink_route_socket permissive=1 app=com.dangbei.screencast
10-17 11:23:08.528 W/ip ( 2697): type=1400 audit(0.0:902): avc: granted { nlmsg_getneigh } for scontext=u:r:untrusted_app_27:s0:c44,c256,c512,c768 tcontext=u:r:untrusted_app_27:s0:c44,c256,c512,c768 tclass=netlink_route_socket app=com.dangbei.screencast
10-17 11:23:09.145 W/ ( 0): [0 T706 .s] [W2][ TX] [aml_filter_sp_data_frame 1310][SP FRAME RX][0] ARP req(0x1) sender:[b4:6e:10:e1:9c:27 192.168.50.86] receiver:[00:00:00:00:00:00 192.168.50.100]
10-17 11:23:09.147 W/ ( 0): [0 T706 .s] [W2][ TX] [aml_filter_sp_data_frame 1310][SP FRAME TX][0] ARP rsp(0x2) sender:[c0:e3:50:49:c1:08 192.168.50.100] receiver:[b4:6e:10:e1:9c:27 192.168.50.86]
10-17 11:23:09.149 I/WifiHAL ( 477): call wifi_get_link_stats handler
10-17 11:23:09.149 I/WifiHAL ( 477): Creating message to get link statistics; iface = 16
10-17 11:23:09.149 D/WifiHAL ( 477): error code -95 mapped to -3
10-17 11:23:09.150 E/WifiStaIfaceAidlImpl( 714): getLinkLayerStats failed with service-specific exception: android.os.ServiceSpecificException: (code 4)
10-17 11:23:09.871 I/ActivityManager( 714): Waited long enough for: ServiceRecord{7ecec95 u0 com.dangbei.lerad.rocky/com.dangbei.phrike.core.PhrikeDownloadService}
10-17 11:23:10.021 D/CompatibilityChangeReporter( 714): Compat change id reported: 261072174; UID 1000; state: ENABLED
10-17 11:23:10.022 D/OomAdjuster( 714): Not killing cached processes
10-17 11:23:10.065 I/BLEAudioDrive_HV412( 460): select timeout!
10-17 11:23:10.752 I/SdkSandboxManager( 714): Reconciling sdk data package directories for 0
10-17 11:23:10.817 D/SntpClient( 714): request time failed: java.net.SocketTimeoutException: Poll timed out
10-17 11:23:10.818 D/TrafficStats( 714): tagSocket(426) with statsTag=0xffffff41, statsUid=-1
10-17 11:23:11.094 W/oid.tv.settings( 1360): Cleared Reference was only reachable from finalizer (only reported once)
10-17 11:23:12.154 I/WifiHAL ( 477): call wifi_get_link_stats handler
10-17 11:23:12.154 I/WifiHAL ( 477): Creating message to get link statistics; iface = 16
10-17 11:23:12.154 D/WifiHAL ( 477): error code -95 mapped to -3
10-17 11:23:12.154 E/WifiStaIfaceAidlImpl( 714): getLinkLayerStats failed with service-specific exception: android.os.ServiceSpecificException: (code 4)
10-17 11:23:12.776 I/crashsdk( 2302): crashsdk uploading logs
10-17 11:23:12.835 E/Tethering( 1040): [wlan0.IpNeighborMonitor] ERROR readPacket error: : read failed: ENOBUFS (No buffer space available)
10-17 11:23:12.835 E/Tethering( 1040): android.system.ErrnoException: read failed: ENOBUFS (No buffer space available)
10-17 11:23:12.835 E/Tethering( 1040): at libcore.io.Linux.readBytes(Native Method)
10-17 11:23:12.835 E/Tethering( 1040): at libcore.io.Linux.read(Linux.java:190)
10-17 11:23:12.835 E/Tethering( 1040): at libcore.io.ForwardingOs.read(ForwardingOs.java:613)
10-17 11:23:12.835 E/Tethering( 1040): at libcore.io.BlockGuardOs.read(BlockGuardOs.java:325)
10-17 11:23:12.835 E/Tethering( 1040): at libcore.io.ForwardingOs.read(ForwardingOs.java:613)
10-17 11:23:12.835 E/Tethering( 1040): at android.system.Os.read(Os.java:571)
10-17 11:23:12.835 E/Tethering( 1040): at com.android.networkstack.tethering.util.PacketReader.readPacket(PacketReader.java:57)
10-17 11:23:12.835 E/Tethering( 1040): at com.android.networkstack.tethering.util.PacketReader.readPacket(PacketReader.java:32)
10-17 11:23:12.835 E/Tethering( 1040): at com.android.networkstack.tethering.util.FdEventsReader.handleInput(FdEventsReader.java:237)
10-17 11:23:12.835 E/Tethering( 1040): at com.android.networkstack.tethering.util.FdEventsReader.lambda$createAndRegisterFd$0(FdEventsReader.java:217)
10-17 11:23:12.835 E/Tethering( 1040): at com.android.networkstack.tethering.util.FdEventsReader.$r8$lambda$hO54Bijxt4hTUz0s2LBxGAFSDjY(FdEventsReader.java:0)
10-17 11:23:12.835 E/Tethering( 1040): at com.android.networkstack.tethering.util.FdEventsReader$$ExternalSyntheticLambda0.onFileDescriptorEvents(R8$$SyntheticClass:0)
10-17 11:23:12.835 E/Tethering( 1040): at android.os.MessageQueue.dispatchEvents(MessageQueue.java:293)
10-17 11:23:12.835 E/Tethering( 1040): at android.os.MessageQueue.nativePollOnce(Native Method)
10-17 11:23:12.835 E/Tethering( 1040): at android.os.MessageQueue.next(MessageQueue.java:335)
10-17 11:23:12.835 E/Tethering( 1040): at android.os.Looper.loopOnce(Looper.java:162)
10-17 11:23:12.835 E/Tethering( 1040): at android.os.Looper.loop(Looper.java:294)
10-17 11:23:12.835 E/Tethering( 1040): at android.os.HandlerThread.run(HandlerThread.java:67)
10-17 11:23:12.835 E/IpClient.wlan0( 1040): [IpReachabilityMonitor.IpNeighborMonitor] ERROR readPacket error: : read failed: ENOBUFS (No buffer space available)
10-17 11:23:12.835 E/IpClient.wlan0( 1040): android.system.ErrnoException: read failed: ENOBUFS (No buffer space available)
10-17 11:23:12.835 E/IpClient.wlan0( 1040): at libcore.io.Linux.readBytes(Native Method)
10-17 11:23:12.835 E/IpClient.wlan0( 1040): at libcore.io.Linux.read(Linux.java:190)
10-17 11:23:12.835 E/IpClient.wlan0( 1040): at libcore.io.ForwardingOs.read(ForwardingOs.java:613)
10-17 11:23:12.835 E/IpClient.wlan0( 1040): at libcore.io.BlockGuardOs.read(BlockGuardOs.java:325)
10-17 11:23:12.835 E/IpClient.wlan0( 1040): at libcore.io.ForwardingOs.read(ForwardingOs.java:613)
10-17 11:23:12.835 E/IpClient.wlan0( 1040): at android.system.Os.read(Os.java:571)
10-17 11:23:12.835 E/IpClient.wlan0( 1040): at com.android.networkstack.com.android.net.module.util.PacketReader.readPacket(PacketReader.java:57)
10-17 11:23:12.835 E/IpClient.wlan0( 1040): at com.android.networkstack.com.android.net.module.util.PacketReader.readPacket(PacketReader.java:32)
10-17 11:23:12.835 E/IpClient.wlan0( 1040): at com.android.networkstack.com.android.net.module.util.FdEventsReader.handleInput(FdEventsReader.java:237)
10-17 11:23:12.835 E/IpClient.wlan0( 1040): at com.android.networkstack.com.android.net.module.util.FdEventsReader.lambda$createAndRegisterFd$0(FdEventsReader.java:217)
10-17 11:23:12.835 E/IpClient.wlan0( 1040): at com.android.networkstack.com.android.net.module.util.FdEventsReader.$r8$lambda$2ruKbH72W_bSk1na0JLGasMr4OE(FdEventsReader.java:0)
10-17 11:23:12.835 E/IpClient.wlan0( 1040): at com.android.networkstack.com.android.net.module.util.FdEventsReader$$ExternalSyntheticLambda0.onFileDescriptorEvents(R8$$SyntheticClass:0)
10-17 11:23:12.835 E/IpClient.wlan0( 1040): at android.os.MessageQueue.dispatchEvents(MessageQueue.java:293)
10-17 11:23:12.835 E/IpClient.wlan0( 1040): at android.os.MessageQueue.nativePollOnce(Native Method)
10-17 11:23:12.835 E/IpClient.wlan0( 1040): at android.os.MessageQueue.next(MessageQueue.java:335)
10-17 11:23:12.835 E/IpClient.wlan0( 1040): at android.os.Looper.loopOnce(Looper.java:162)
10-17 11:23:12.835 E/IpClient.wlan0( 1040): at android.os.Looper.loop(Looper.java:294)
10-17 11:23:12.835 E/IpClient.wlan0( 1040): at android.os.HandlerThread.run(HandlerThread.java:67)
10-17 11:23:12.835 E/IpNeighborMonitor( 1040): Errno: ENOBUFS
10-17 11:23:12.836 E/IpNeighborMonitor( 1040): Errno: ENOBUFS
10-17 11:23:13.270 I/keystore2( 293): system/security/keystore2/src/watchdog.rs:319 - Watchdog thread idle -> terminating. Have a great day.
10-17 11:23:14.659 W/method.sogou.tv( 1904): Cleared Reference was only reachable from finalizer (only reported once)
10-17 11:23:15.027 D/OomAdjuster( 714): Not killing cached processes
10-17 11:23:15.159 I/WifiHAL ( 477): call wifi_get_link_stats handler
10-17 11:23:15.159 I/WifiHAL ( 477): Creating message to get link statistics; iface = 16
10-17 11:23:15.160 D/WifiHAL ( 477): error code -95 mapped to -3
10-17 11:23:15.160 E/WifiStaIfaceAidlImpl( 714): getLinkLayerStats failed with service-specific exception: android.os.ServiceSpecificException: (code 4)
10-17 11:23:15.825 D/SntpClient( 714): request time failed: java.net.SocketTimeoutException: Poll timed out
10-17 11:23:15.825 D/SntpClient( 714): request time failed
10-17 11:23:15.826 I/resolv ( 448): GetAddrInfoHandler::run: {100 983140 100 983140 1000 1}
10-17 11:23:15.828 I/resolv ( 448): res_nmkquery: (QUERY, IN, A)
10-17 11:23:15.833 I/resolv ( 448): res_nsend: used send_dg 101 terrno: 0
10-17 11:23:15.834 I/resolv ( 448): doQuery: rcode=0, ancount=4, return value=101
10-17 11:23:15.836 D/TrafficStats( 714): tagSocket(426) with statsTag=0xffffff41, statsUid=-1
10-17 11:23:16.031 D/SntpClient( 714): round trip: 193ms, clock offset: 3447ms
10-17 11:23:16.035 D/SystemClockTime( 714): Setting time of day to sec=1760671399
10-17 11:23:19.481 E/LazyAlarmStore( 714): Removed TIME_TICK alarm
10-17 11:23:19.487 W/SyncManager( 714): Clock is valid now.
10-17 11:23:19.495 D/ConditionProviders.SCP( 714): onReceive android.intent.action.TIME_SET
10-17 11:23:19.505 I/UsageStatsService( 714): User[0] Time changed in by 3 seconds
10-17 11:23:19.506 I/UsageStatsService( 714): User[0] Flushing usage stats to disk
10-17 11:23:19.511 D/ConditionProviders.SCP( 714): evaluateSubscriptionLocked cal=ScheduleCalendar[mDays={1, 2, 3, 4, 5, 6, 7}, mSchedule=ScheduleInfo{days=[1, 2, 3, 4, 5, 6, 7], startHour=22, startMinute=0, endHour=7, endMinute=0, exitAtAlarm=true, nextAlarm=Thu Jan 01 08:00:00 GMT+08:00 1970 (0)}], now=Fri Oct 17 11:23:19 GMT+08:00 2025 (1760671399495), nextUserAlarmTime=Thu Jan 01 08:00:00 GMT+08:00 1970 (0)
10-17 11:23:19.511 D/CompatibilityChangeReporter( 714): Compat change id reported: 143231523; UID 1000; state: DISABLED
10-17 11:23:19.511 D/ConditionProviders.SCP( 714): notifyCondition condition://android/schedule?days=1.2.3.4.5.6.7&start=22.0&end=7.0&exitAtAlarm=true STATE_FALSE reason=!meetsSchedule
10-17 11:23:19.512 D/ConditionProviders.SCP( 714): Scheduling evaluate for Fri Oct 17 22:00:00 GMT+08:00 2025 (1760709600000), in +10h36m40s505ms, now=Fri Oct 17 11:23:19 GMT+08:00 2025 (1760671399495)
10-17 11:23:19.512 D/CompatibilityChangeReporter( 714): Compat change id reported: 171306433; UID 1000; state: ENABLED
10-17 11:23:19.513 D/CompatibilityChangeReporter( 714): Compat change id reported: 218533173; UID 1000; state: ENABLED
10-17 11:23:19.537 D/EpgDataCleanupService( 2069): Received intent: Intent { act=com.android.providers.tv.intent.CLEAN_UP_EPG_DATA cmp=com.android.providers.tv/.EpgDataCleanupService }
10-17 11:23:19.539 I/UsageStatsDatabase( 714): Time changed by +3s446ms. files deleted: 0 files moved: 4
10-17 11:23:19.546 I/UsageStatsService( 714): User[0] Rollover scheduled @ 2025-10-18 11:16:03(1760757363012)
10-17 11:23:19.550 D/CompatibilityChangeReporter( 714): Compat change id reported: 218533173; UID 10019; state: ENABLED
10-17 11:23:19.551 D/CompatibilityChangeReporter( 714): Compat change id reported: 262645982; UID 10019; state: ENABLED
10-17 11:23:19.552 D/CompatibilityChangeReporter( 714): Compat change id reported: 218533173; UID 10040; state: DISABLED
10-17 11:23:19.552 D/CompatibilityChangeReporter( 714): Compat change id reported: 262645982; UID 10040; state: DISABLED
10-17 11:23:19.553 D/CompatibilityChangeReporter( 714): Compat change id reported: 218533173; UID 10018; state: ENABLED
10-17 11:23:19.554 I/netd ( 448): tetherGetStats() -> {[]} <1.27ms>
10-17 11:23:19.554 D/CompatibilityChangeReporter( 714): Compat change id reported: 262645982; UID 10018; state: ENABLED
10-17 11:23:19.555 D/CompatibilityChangeReporter( 714): Compat change id reported: 218533173; UID 10026; state: ENABLED
10-17 11:23:19.555 D/CompatibilityChangeReporter( 714): Compat change id reported: 262645982; UID 10026; state: ENABLED
10-17 11:23:19.559 I/netd ( 448): bandwidthSetGlobalAlert(2097152) <0.39ms>
10-17 11:23:19.559 D/CompatibilityChangeReporter( 714): Compat change id reported: 218533173; UID 10027; state: DISABLED
10-17 11:23:19.560 D/CompatibilityChangeReporter( 714): Compat change id reported: 262645982; UID 10027; state: DISABLED
10-17 11:23:19.560 D/CompatibilityChangeReporter( 714): Compat change id reported: 218533173; UID 10044; state: DISABLED
10-17 11:23:19.561 D/CompatibilityChangeReporter( 714): Compat change id reported: 262645982; UID 10044; state: DISABLED
10-17 11:23:19.562 D/CompatibilityChangeReporter( 714): Compat change id reported: 218533173; UID 10065; state: ENABLED
10-17 11:23:19.562 D/CompatibilityChangeReporter( 714): Compat change id reported: 262645982; UID 10065; state: ENABLED
10-17 11:23:19.564 D/CompatibilityChangeReporter( 714): Compat change id reported: 218533173; UID 10025; state: ENABLED
10-17 11:23:19.565 D/CompatibilityChangeReporter( 714): Compat change id reported: 262645982; UID 10025; state: ENABLED
10-17 11:23:19.565 D/CompatibilityChangeReporter( 714): Compat change id reported: 218533173; UID 10022; state: ENABLED
10-17 11:23:19.565 D/CompatibilityChangeReporter( 714): Compat change id reported: 262645982; UID 10022; state: ENABLED
10-17 11:23:19.567 D/CompatibilityChangeReporter( 714): Compat change id reported: 218533173; UID 10049; state: DISABLED
10-17 11:23:19.568 D/CompatibilityChangeReporter( 714): Compat change id reported: 262645982; UID 10049; state: DISABLED
10-17 11:23:19.568 D/CompatibilityChangeReporter( 714): Compat change id reported: 218533173; UID 10017; state: ENABLED
10-17 11:23:19.569 D/CompatibilityChangeReporter( 714): Compat change id reported: 262645982; UID 10017; state: ENABLED
10-17 11:23:19.569 D/CompatibilityChangeReporter( 714): Compat change id reported: 218533173; UID 10064; state: ENABLED
10-17 11:23:19.569 D/CompatibilityChangeReporter( 714): Compat change id reported: 262645982; UID 10064; state: ENABLED
10-17 11:23:19.634 W/System ( 1887): A resource failed to call close.
10-17 11:23:19.635 W/bei.lerad.rocky( 1887): ApkAssets: Deleting an ApkAssets object ' and /system/app/dangbei-feedback/dangbei-feedback.apk' with 1 weak references
10-17 11:23:19.635 W/bei.lerad.rocky( 1887): ApkAssets: Deleting an ApkAssets object ' and /apex/com.android.uwb/priv-app/ServiceUwbResources@UD2A.240505.001.W1/ServiceUwbResources.apk' with 1 weak references
10-17 11:23:19.635 W/bei.lerad.rocky( 1887): ApkAssets: Deleting an ApkAssets object ' and /apex/com.android.adservices/priv-app/AdServicesApk@UD2A.240505.001.W1/AdServicesApk.apk' with 1 weak references
10-17 11:23:19.636 W/bei.lerad.rocky( 1887): ApkAssets: Deleting an ApkAssets object ' and /system/priv-app/DynamicSystemInstallationService/DynamicSystemInstallationService.apk' with 1 weak references
10-17 11:23:19.637 W/bei.lerad.rocky( 1887): ApkAssets: Deleting an ApkAssets object ' and /apex/com.android.healthfitness/priv-app/HealthConnectController@UD2A.240505.001.W1/HealthConnectController.apk' with 1 weak references
10-17 11:23:19.637 W/bei.lerad.rocky( 1887): ApkAssets: Deleting an ApkAssets object ' and /system/priv-app/CalendarProvider/CalendarProvider.apk' with 1 weak references
10-17 11:23:19.637 W/bei.lerad.rocky( 1887): ApkAssets: Deleting an ApkAssets object ' and /system/app/dangbei-steward/dangbei-steward.apk' with 1 weak references
10-17 11:23:19.638 W/bei.lerad.rocky( 1887): ApkAssets: Deleting an ApkAssets object ' and /system/app/com.sohu.inputmethod.sogou.tv/com.sohu.inputmethod.sogou.tv.apk' with 1 weak references
10-17 11:23:19.638 W/bei.lerad.rocky( 1887): ApkAssets: Deleting an ApkAssets object ' and /system/priv-app/ExternalStorageProvider/ExternalStorageProvider.apk' with 1 weak references
10-17 11:23:19.638 W/bei.lerad.rocky( 1887): ApkAssets: Deleting an ApkAssets object ' and /system/app/HTMLViewer/HTMLViewer.apk' with 1 weak references
10-17 11:23:19.638 W/bei.lerad.rocky( 1887): ApkAssets: Deleting an ApkAssets object ' and /system/app/CompanionDeviceManager/CompanionDeviceManager.apk' with 1 weak references
10-17 11:23:19.638 W/bei.lerad.rocky( 1887): ApkAssets: Deleting an ApkAssets object ' and /system/priv-app/DownloadProvider/DownloadProvider.apk' with 1 weak references
10-17 11:23:19.638 W/bei.lerad.rocky( 1887): ApkAssets: Deleting an ApkAssets object ' and /system/priv-app/TvProvider/TvProvider.apk' with 1 weak references
10-17 11:23:19.638 W/bei.lerad.rocky( 1887): ApkAssets: Deleting an ApkAssets object '/product/overlay/TvProviderOverlay.apk' with 1 weak references
10-17 11:23:19.639 W/bei.lerad.rocky( 1887): ApkAssets: Deleting an ApkAssets object ' and /product/app/DLNA/DLNA.apk' with 1 weak references
10-17 11:23:19.639 W/bei.lerad.rocky( 1887): ApkAssets: Deleting an ApkAssets object ' and /system_ext/priv-app/droidlogic-res/droidlogic-res.apk' with 1 weak references
10-17 11:23:19.639 W/bei.lerad.rocky( 1887): ApkAssets: Deleting an ApkAssets object ' and /system_ext/priv-app/DroidTvSettings/DroidTvSettings.apk' with 1 weak references
10-17 11:23:19.640 W/bei.lerad.rocky( 1887): ApkAssets: Deleting an ApkAssets object ' and /system/app/LedCtrl/LedCtrl.apk' with 1 weak references
10-17 11:23:19.640 W/bei.lerad.rocky( 1887): ApkAssets: Deleting an ApkAssets object ' and /system/app/dangbei-media-player/dangbei-media-player.apk' with 1 weak references
10-17 11:23:19.640 W/bei.lerad.rocky( 1887): ApkAssets: Deleting an ApkAssets object ' and /apex/com.android.permission/priv-app/SafetyCenterResources@UD2A.240505.001.W1/SafetyCenterResources.apk' with 1 weak references
10-17 11:23:19.640 W/bei.lerad.rocky( 1887): ApkAssets: Deleting an ApkAssets object ' and /system/priv-app/NetworkStackNext/NetworkStackNext.apk' with 1 weak references
10-17 11:23:19.641 W/bei.lerad.rocky( 1887): ApkAssets: Deleting an ApkAssets object '/product/overlay/TvNetworkStackOverlay.apk' with 1 weak references
10-17 11:23:19.641 W/bei.lerad.rocky( 1887): ApkAssets: Deleting an ApkAssets object ' and /system/app/PacProcessor/PacProcessor.apk' with 1 weak references
10-17 11:23:19.641 W/bei.lerad.rocky( 1887): ApkAssets: Deleting an ApkAssets object ' and /apex/com.android.tethering/priv-app/ServiceConnectivityResources@UD2A.240505.001.W1/ServiceConnectivityResources.apk' with 1 weak references
10-17 11:23:19.641 W/bei.lerad.rocky( 1887): ApkAssets: Deleting an ApkAssets object ' and /product/app/ModuleMetadata/ModuleMetadata.apk' with 1 weak references
10-17 11:23:19.642 W/bei.lerad.rocky( 1887): ApkAssets: Deleting an ApkAssets object ' and /system/app/CertInstaller/CertInstaller.apk' with 1 weak references
10-17 11:23:19.642 W/bei.lerad.rocky( 1887): ApkAssets: Deleting an ApkAssets object ' and /system/framework/framework-res.apk' with 1 weak references
10-17 11:23:19.642 W/bei.lerad.rocky( 1887): ApkAssets: Deleting an ApkAssets object ' and /product/app/Camera2/Camera2.apk' with 1 weak references
10-17 11:23:19.643 W/bei.lerad.rocky( 1887): ApkAssets: Deleting an ApkAssets object ' and /system/priv-app/MtpService/MtpService.apk' with 1 weak references
10-17 11:23:19.643 W/bei.lerad.rocky( 1887): ApkAssets: Deleting an ApkAssets object ' and /system/priv-app/StatementService/StatementService.apk' with 1 weak references
10-17 11:23:19.643 W/bei.lerad.rocky( 1887): ApkAssets: Deleting an ApkAssets object ' and /system/app/dangbei-screencast/dangbei-screencast.apk' with 1 weak references
10-17 11:23:19.643 W/bei.lerad.rocky( 1887): ApkAssets: Deleting an ApkAssets object ' and /product/priv-app/SettingsIntelligence/SettingsIntelligence.apk' with 1 weak references
10-17 11:23:19.643 W/bei.lerad.rocky( 1887): ApkAssets: Deleting an ApkAssets object ' and /system/app/dangbei-launcher/dangbei-launcher.apk' with 1 weak references
10-17 11:23:19.644 W/bei.lerad.rocky( 1887): ApkAssets: Deleting an ApkAssets object ' and /system/priv-app/SettingsProvider/SettingsProvider.apk' with 1 weak references
10-17 11:23:19.644 W/bei.lerad.rocky( 1887): ApkAssets: Deleting an ApkAssets object '/product/overlay/TvSettingsProviderOverlay.apk' with 1 weak references
10-17 11:23:19.644 W/bei.lerad.rocky( 1887): ApkAssets: Deleting an ApkAssets object '/product/overlay/WifiOverlay.apk' with 1 weak references
10-17 11:23:19.644 W/bei.lerad.rocky( 1887): ApkAssets: Deleting an ApkAssets object ' and /system/app/PrintSpooler/PrintSpooler.apk' with 1 weak references
10-17 11:23:19.644 W/bei.lerad.rocky( 1887): ApkAssets: Deleting an ApkAssets object ' and /system/app/BasicDreams/BasicDreams.apk' with 1 weak references
10-17 11:23:19.644 W/bei.lerad.rocky( 1887): ApkAssets: Deleting an ApkAssets object ' and /system/priv-app/InputDevices/InputDevices.apk' with 1 weak references
10-17 11:23:19.644 W/bei.lerad.rocky( 1887): ApkAssets: Deleting an ApkAssets object ' and /apex/com.android.rkpd/priv-app/rkpdapp@UD2A.240505.001.W1/rkpdapp.apk' with 1 weak references
10-17 11:23:19.644 W/bei.lerad.rocky( 1887): ApkAssets: Deleting an ApkAssets object ' and /system/app/InputMacSn/InputMacSn.apk' with 1 weak references
10-17 11:23:19.645 W/bei.lerad.rocky( 1887): ApkAssets: Deleting an ApkAssets object ' and /system/priv-app/MusicFX/MusicFX.apk' with 1 weak references
10-17 11:23:19.645 W/bei.lerad.rocky( 1887): ApkAssets: Deleting an ApkAssets object ' and /system/priv-app/dangbei-boot-guide/dangbei-boot-guide.apk' with 1 weak references
10-17 11:23:19.645 W/bei.lerad.rocky( 1887): ApkAssets: Deleting an ApkAssets object ' and /system/app/ExtShared/ExtShared.apk' with 1 weak references
10-17 11:23:19.645 W/bei.lerad.rocky( 1887): ApkAssets: Deleting an ApkAssets object ' and /system/app/KeyChain/KeyChain.apk' with 1 weak references
10-17 11:23:19.645 W/bei.lerad.rocky( 1887): ApkAssets: Deleting an ApkAssets object ' and /apex/com.android.extservices/priv-app/ExtServices@UD2A.240505.001.W1/ExtServices.apk' with 1 weak references
10-17 11:23:19.646 W/bei.lerad.rocky( 1887): ApkAssets: Deleting an ApkAssets object ' and /apex/com.android.wifi/priv-app/ServiceWifiResources@UD2A.240505.001.W1/ServiceWifiResources.apk' with 1 weak references
10-17 11:23:19.646 W/bei.lerad.rocky( 1887): ApkAssets: Deleting an ApkAssets object '/product/overlay/TvWifiOverlay.apk' with 1 weak references
10-17 11:23:19.646 W/bei.lerad.rocky( 1887): ApkAssets: Deleting an ApkAssets object '/product/overlay/WiFiTetheringOverlay.apk' with 1 weak references
10-17 11:23:19.646 W/bei.lerad.rocky( 1887): ApkAssets: Deleting an ApkAssets object ' and /system/app/CameraExtensionsProxy/CameraExtensionsProxy.apk' with 1 weak references
10-17 11:23:19.646 W/bei.lerad.rocky( 1887): ApkAssets: Deleting an ApkAssets object ' and /system_ext/priv-app/MicToggleProvider/MicToggleProvider.apk' with 1 weak references
10-17 11:23:19.646 W/bei.lerad.rocky( 1887): ApkAssets: Deleting an ApkAssets object ' and /system/priv-app/PackageInstaller_tv/PackageInstaller_tv.apk' with 1 weak references
10-17 11:23:19.647 W/bei.lerad.rocky( 1887): ApkAssets: Deleting an ApkAssets object ' and /system/app/FactoryTest_oranth/FactoryTest_oranth.apk' with 1 weak references
10-17 11:23:19.647 W/bei.lerad.rocky( 1887): ApkAssets: Deleting an ApkAssets object ' and /system/priv-app/ProxyHandler/ProxyHandler.apk' with 1 weak references
10-17 11:23:19.647 W/bei.lerad.rocky( 1887): ApkAssets: Deleting an ApkAssets object ' and /system/priv-app/IntentResolver/IntentResolver.apk' with 1 weak references
10-17 11:23:19.647 W/bei.lerad.rocky( 1887): ApkAssets: Deleting an ApkAssets object ' and /system/priv-app/ManagedProvisioning/ManagedProvisioning.apk' with 1 weak references
10-17 11:23:19.647 W/bei.lerad.rocky( 1887): ApkAssets: Deleting an ApkAssets object ' and /system/app/UsbOpenFT/UsbOpenFT.apk' with 1 weak references
10-17 11:23:19.648 W/bei.lerad.rocky( 1887): ApkAssets: Deleting an ApkAssets object ' and /system/priv-app/SoundPicker/SoundPicker.apk' with 1 weak references
10-17 11:23:19.648 W/bei.lerad.rocky( 1887): ApkAssets: Deleting an ApkAssets object ' and /system/app/dangbei-etna-service/dangbei-etna-service.apk' with 1 weak references
10-17 11:23:19.648 W/bei.lerad.rocky( 1887): ApkAssets: Deleting an ApkAssets object ' and /product/app/Miracast/Miracast.apk' with 1 weak references
10-17 11:23:19.648 W/bei.lerad.rocky( 1887): ApkAssets: Deleting an ApkAssets object ' and /system/app/dangbei-file-manager/dangbei-file-manager.apk' with 1 weak references
10-17 11:23:19.648 W/bei.lerad.rocky( 1887): ApkAssets: Deleting an ApkAssets object ' and /system/app/PowerUI/PowerUI.apk' with 1 weak references
10-17 11:23:19.648 W/bei.lerad.rocky( 1887): ApkAssets: Deleting an ApkAssets object ' and /system/app/dangbei-screensaver/dangbei-screensaver.apk' with 1 weak references
10-17 11:23:19.649 W/bei.lerad.rocky( 1887): ApkAssets: Deleting an ApkAssets object ' and /product/app/Music/Music.apk' with 1 weak references
10-17 11:23:19.649 W/bei.lerad.rocky( 1887): ApkAssets: Deleting an ApkAssets object ' and /system/priv-app/Shell/Shell.apk' with 1 weak references
10-17 11:23:19.649 W/bei.lerad.rocky( 1887): ApkAssets: Deleting an ApkAssets object ' and /system/priv-app/UserDictionaryProvider/UserDictionaryProvider.apk' with 1 weak references
10-17 11:23:19.649 W/bei.lerad.rocky( 1887): ApkAssets: Deleting an ApkAssets object ' and /apex/com.android.mediaprovider/priv-app/MediaProvider@UD2A.240505.001.W1/MediaProvider.apk' with 1 weak references
10-17 11:23:19.649 W/bei.lerad.rocky( 1887): ApkAssets: Deleting an ApkAssets object ' and /system/app/Low_storage_dialog/Low_storage_dialog.apk' with 1 weak references
10-17 11:23:19.649 W/bei.lerad.rocky( 1887): ApkAssets: Deleting an ApkAssets object ' and /apex/com.android.wifi/app/OsuLogin@UD2A.240505.001.W1/OsuLogin.apk' with 1 weak references
10-17 11:23:19.649 W/bei.lerad.rocky( 1887): ApkAssets: Deleting an ApkAssets object ' and /system/priv-app/FusedLocation/FusedLocation.apk' with 1 weak references
10-17 11:23:19.650 W/bei.lerad.rocky( 1887): ApkAssets: Deleting an ApkAssets object ' and /product/app/DeskClock/DeskClock.apk' with 1 weak references
10-17 11:23:19.650 W/bei.lerad.rocky( 1887): ApkAssets: Deleting an ApkAssets object ' and /system_ext/priv-app/TvSystemUI/TvSystemUI.apk' with 1 weak references
10-17 11:23:19.650 W/bei.lerad.rocky( 1887): ApkAssets: Deleting an ApkAssets object '/vendor/overlay/TvSystemUI__auto_generated_rro_vendor.apk' with 1 weak references
10-17 11:23:19.650 W/bei.lerad.rocky( 1887): ApkAssets: Deleting an ApkAssets object '/product/overlay/SystemUIOverlay.apk' with 1 weak references
10-17 11:23:19.651 W/bei.lerad.rocky( 1887): ApkAssets: Deleting an ApkAssets object ' and /system/app/dangbei-setting/dangbei-setting.apk' with 1 weak references
10-17 11:23:19.651 W/bei.lerad.rocky( 1887): ApkAssets: Deleting an ApkAssets object ' and /apex/com.android.permission/priv-app/PermissionController@UD2A.240505.001.W1/PermissionController.apk' with 1 weak references
10-17 11:23:19.651 W/bei.lerad.rocky( 1887): ApkAssets: Deleting an ApkAssets object ' and /vendor/priv-app/AppInstaller/AppInstaller.apk' with 1 weak references
10-17 11:23:19.652 W/bei.lerad.rocky( 1887): ApkAssets: Deleting an ApkAssets object ' and /apex/com.android.btservices/app/Bluetooth@UD2A.240505.001.W1/Bluetooth.apk' with 1 weak references
10-17 11:23:19.652 W/bei.lerad.rocky( 1887): ApkAssets: Deleting an ApkAssets object ' and /system/priv-app/ContactsProvider/ContactsProvider.apk' with 1 weak references
10-17 11:23:19.652 W/bei.lerad.rocky( 1887): ApkAssets: Deleting an ApkAssets object ' and /system/app/CaptivePortalLogin/CaptivePortalLogin.apk' with 1 weak references
10-17 11:23:19.652 W/bei.lerad.rocky( 1887): ApkAssets: Deleting an ApkAssets object ' and /apex/com.android.devicelock/priv-app/DeviceLockController@UD2A.240505.001.W1/DeviceLockController.apk' with 1 weak references
10-17 11:23:19.653 W/bei.lerad.rocky( 1887): ApkAssets: Deleting an ApkAssets object ' and /apex/com.android.extservices/priv-app/AdExtServicesApk@UD2A.240505.001.W1/AdExtServicesApk.apk' with 1 weak references
10-17 11:23:21.612 I/WifiHAL ( 477): call wifi_get_link_stats handler
10-17 11:23:21.612 I/WifiHAL ( 477): Creating message to get link statistics; iface = 16
10-17 11:23:21.612 D/WifiHAL ( 477): error code -95 mapped to -3
10-17 11:23:21.612 E/WifiStaIfaceAidlImpl( 714): getLinkLayerStats failed with service-specific exception: android.os.ServiceSpecificException: (code 4)
10-17 11:23:22.035 I/audio_hw_hal_alsamgr( 460): alsa format =0x1 delay frames =768 total frames=1998592
10-17 11:23:23.519 I/BLEAudioDrive_HV412( 460): select timeout!
10-17 11:23:24.524 D/OomAdjuster( 714): Not killing cached processes
10-17 11:23:24.619 I/WifiHAL ( 477): call wifi_get_link_stats handler
10-17 11:23:24.619 I/WifiHAL ( 477): Creating message to get link statistics; iface = 16
10-17 11:23:24.619 D/WifiHAL ( 477): error code -95 mapped to -3
10-17 11:23:24.620 E/WifiStaIfaceAidlImpl( 714): getLinkLayerStats failed with service-specific exception: android.os.ServiceSpecificException: (code 4)
10-17 11:23:27.624 I/WifiHAL ( 477): call wifi_get_link_stats handler
10-17 11:23:27.624 I/WifiHAL ( 477): Creating message to get link statistics; iface = 16
10-17 11:23:27.625 D/WifiHAL ( 477): error code -95 mapped to -3
10-17 11:23:27.625 E/WifiStaIfaceAidlImpl( 714): getLinkLayerStats failed with service-specific exception: android.os.ServiceSpecificException: (code 4)
10-17 11:23:28.671 I/BLEAudioDrive_HV412( 460): HBG remote PoweOn
10-17 11:23:28.671 I/BLEAudioDrive_HV412( 460): fd:25 data len: 9 1
10-17 11:23:28.672 D/audio_so_hv_309( 460): HBG remote is active!
10-17 11:23:28.674 W/SoundPool( 714): Use of stream types is deprecated for operations other than volume control
10-17 11:23:28.674 W/SoundPool( 714): See the documentation of SoundPool() for what to use instead with android.media.AudioAttributes to qualify your playback use case
10-17 11:23:28.676 W/SoundPool( 714): play soundID 1 not READY
10-17 11:23:28.679 I/SogouIME( 1904): onKeyDown: keyoCode=19
10-17 11:23:28.680 I/DefaultIMS( 1904): onKeyDown: keyoCode=19
10-17 11:23:28.687 I/AmFFmpegByteIOAdapter( 592): File size : 12971
10-17 11:23:28.687 I/AmFFmpegByteIOAdapter( 592): File size : 13195
10-17 11:23:28.688 W/exFFmpeg( 592): Invalid return value 0 for stream protocol
10-17 11:23:28.688 W/exFFmpeg( 592): Invalid return value 0 for stream protocol
10-17 11:23:28.688 E/Trigger ( 1524): ContinuousTrigger cancel UserProtocolActivity 队列name: launcer
10-17 11:23:28.688 W/exFFmpeg( 592): Invalid return value 0 for stream protocol
10-17 11:23:28.688 W/exFFmpeg( 592): Invalid return value 0 for stream protocol
10-17 11:23:28.688 I/AmFFmpegExtractor( 592): checkInList: iswhite:0, mime:audio/ogg, type:1, id:86021 tag:0
10-17 11:23:28.688 I/AmFFmpegExtractor( 592): checkInList: iswhite:1, mime:audio/ogg, type:1, id:86021 tag:0
10-17 11:23:28.688 E/AmFFmpegExtractor( 592): codec_ctx->properties: 0
10-17 11:23:28.688 I/AmFFmpegExtractor( 592): checkSupportInList ret 1
10-17 11:23:28.691 I/AmFFmpegExtractor( 592): checkInList: iswhite:0, mime:audio/ogg, type:1, id:86021 tag:0
10-17 11:23:28.691 I/AmFFmpegExtractor( 592): checkInList: iswhite:1, mime:audio/ogg, type:1, id:86021 tag:0
10-17 11:23:28.691 E/AmFFmpegExtractor( 592): codec_ctx->properties: 0
10-17 11:23:28.691 I/AmFFmpegExtractor( 592): checkSupportInList ret 0
10-17 11:23:28.691 E/AmFFmpegExtractor( 592): vendor do not support
10-17 11:23:28.691 I/AmFFmpegExtractor( 592): checkInList: iswhite:0, mime:audio/ogg, type:1, id:86021 tag:0
10-17 11:23:28.691 I/AmFFmpegExtractor( 592): checkInList: iswhite:1, mime:audio/ogg, type:1, id:86021 tag:0
10-17 11:23:28.691 E/AmFFmpegExtractor( 592): codec_ctx->properties: 0
10-17 11:23:28.691 I/AmFFmpegExtractor( 592): checkSupportInList ret 1
10-17 11:23:28.693 I/AmFFmpegExtractor( 592): checkInList: iswhite:0, mime:audio/ogg, type:1, id:86021 tag:0
10-17 11:23:28.693 I/AmFFmpegExtractor( 592): checkInList: iswhite:1, mime:audio/ogg, type:1, id:86021 tag:0
10-17 11:23:28.693 E/AmFFmpegExtractor( 592): codec_ctx->properties: 0
10-17 11:23:28.693 I/AmFFmpegExtractor( 592): checkSupportInList ret 0
10-17 11:23:28.693 E/AmFFmpegExtractor( 592): vendor do not support
10-17 11:23:28.699 D/MediaCodecList( 714): codecHandlesFormat: no format, so no extra checks
10-17 11:23:28.700 I/resolv ( 448): GetAddrInfoHandler::run: {100 786532 100 983140 1000 0}
10-17 11:23:28.702 D/CCodec ( 714): allocate(c2.android.vorbis.decoder)
10-17 11:23:28.703 I/resolv ( 448): res_nmkquery: (QUERY, IN, A)
10-17 11:23:28.703 I/resolv ( 448): resolv_cache_lookup: FOUND IN CACHE entry=0xf4a40fd0
10-17 11:23:28.703 I/resolv ( 448): doQuery: rcode=0, ancount=9, return value=212
10-17 11:23:28.705 D/TrafficStats( 1524): tagSocket(6) with statsTag=0xffffffff, statsUid=-1
10-17 11:23:28.705 D/MediaCodecList( 714): codecHandlesFormat: no format, so no extra checks
10-17 11:23:28.707 I/CCodec ( 714): setting up 'default' as default (vendor) store
10-17 11:23:28.709 D/CCodec ( 714): allocate(c2.android.vorbis.decoder)
10-17 11:23:28.710 I/CCodec ( 714): Created component [c2.android.vorbis.decoder]
10-17 11:23:28.710 D/CCodecConfig( 714): read media type: audio/vorbis
10-17 11:23:28.711 I/CCodec ( 714): setting up 'default' as default (vendor) store
10-17 11:23:28.713 I/CCodec ( 714): Created component [c2.android.vorbis.decoder]
10-17 11:23:28.713 D/CCodecConfig( 714): read media type: audio/vorbis
10-17 11:23:28.713 D/ReflectedParamUpdater( 714): extent() != 1 for single value type: algo.buffers.max-count.values
10-17 11:23:28.714 D/ReflectedParamUpdater( 714): extent() != 1 for single value type: output.subscribed-indices.values
10-17 11:23:28.714 D/ReflectedParamUpdater( 714): extent() != 1 for single value type: input.buffers.allocator-ids.values
10-17 11:23:28.714 D/ReflectedParamUpdater( 714): extent() != 1 for single value type: output.buffers.allocator-ids.values
10-17 11:23:28.714 D/ReflectedParamUpdater( 714): extent() != 1 for single value type: algo.buffers.allocator-ids.values
10-17 11:23:28.714 D/ReflectedParamUpdater( 714): extent() != 1 for single value type: output.buffers.pool-ids.values
10-17 11:23:28.715 D/ReflectedParamUpdater( 714): extent() != 1 for single value type: algo.buffers.pool-ids.values
10-17 11:23:28.716 I/CCodecConfig( 714): query failed after returning 7 values (BAD_INDEX)
10-17 11:23:28.717 D/ReflectedParamUpdater( 714): extent() != 1 for single value type: algo.buffers.max-count.values
10-17 11:23:28.717 D/CCodecConfig( 714): c2 config diff is Dict {
10-17 11:23:28.717 D/CCodecConfig( 714): c2::u32 coded.bitrate.value = 64000
10-17 11:23:28.717 D/CCodecConfig( 714): c2::u32 input.buffers.max-size.value = 32768
10-17 11:23:28.717 D/CCodecConfig( 714): c2::u32 input.delay.value = 0
10-17 11:23:28.717 D/CCodecConfig( 714): string input.media-type.value = "audio/vorbis"
10-17 11:23:28.717 D/CCodecConfig( 714): string output.media-type.value = "audio/raw"
10-17 11:23:28.717 D/CCodecConfig( 714): c2::u32 raw.channel-count.value = 1
10-17 11:23:28.717 D/CCodecConfig( 714): c2::u32 raw.sample-rate.value = 48000
10-17 11:23:28.717 D/CCodecConfig( 714): }
10-17 11:23:28.717 D/ReflectedParamUpdater( 714): extent() != 1 for single value type: output.subscribed-indices.values
10-17 11:23:28.718 D/ReflectedParamUpdater( 714): extent() != 1 for single value type: input.buffers.allocator-ids.values
10-17 11:23:28.718 D/ReflectedParamUpdater( 714): extent() != 1 for single value type: output.buffers.allocator-ids.values
10-17 11:23:28.718 D/ReflectedParamUpdater( 714): extent() != 1 for single value type: algo.buffers.allocator-ids.values
10-17 11:23:28.718 D/ReflectedParamUpdater( 714): extent() != 1 for single value type: output.buffers.pool-ids.values
10-17 11:23:28.718 D/ReflectedParamUpdater( 714): extent() != 1 for single value type: algo.buffers.pool-ids.values
10-17 11:23:28.719 D/MediaCodec( 714): flushMediametrics
10-17 11:23:28.720 D/CCodec ( 714): [c2.android.vorbis.decoder] buffers are bound to CCodec for this session
10-17 11:23:28.720 D/CCodecConfig( 714): no c2 equivalents for durationUs
10-17 11:23:28.720 D/CCodecConfig( 714): no c2 equivalents for track-id
10-17 11:23:28.720 D/CCodecConfig( 714): no c2 equivalents for csd-1
10-17 11:23:28.720 D/CCodecConfig( 714): no c2 equivalents for flags
10-17 11:23:28.720 I/CCodecConfig( 714): query failed after returning 7 values (BAD_INDEX)
10-17 11:23:28.720 D/CCodecConfig( 714): c2 config diff is Dict {
10-17 11:23:28.720 D/CCodecConfig( 714): c2::u32 coded.bitrate.value = 64000
10-17 11:23:28.720 D/CCodecConfig( 714): c2::u32 input.buffers.max-size.value = 32768
10-17 11:23:28.720 D/CCodecConfig( 714): c2::u32 input.delay.value = 0
10-17 11:23:28.720 D/CCodecConfig( 714): string input.media-type.value = "audio/vorbis"
10-17 11:23:28.720 D/CCodecConfig( 714): string output.media-type.value = "audio/raw"
10-17 11:23:28.720 D/CCodecConfig( 714): c2::u32 raw.channel-count.value = 1
10-17 11:23:28.720 D/CCodecConfig( 714): c2::u32 raw.sample-rate.value = 48000
10-17 11:23:28.720 D/CCodecConfig( 714): }
10-17 11:23:28.721 D/CCodecConfig( 714): c2 config diff is c2::u32 coded.bitrate.value = 112000
10-17 11:23:28.721 D/CCodecConfig( 714): c2::u32 raw.channel-count.value = 2
10-17 11:23:28.721 D/CCodecConfig( 714): c2::u32 raw.sample-rate.value = 44100
10-17 11:23:28.722 W/Codec2Client( 714): query -- param skipped: index = 1107298332.
10-17 11:23:28.723 D/CCodec ( 714): encoding statistics level = 0
10-17 11:23:28.723 D/MediaCodec( 714): flushMediametrics
10-17 11:23:28.723 D/CCodec ( 714): setup formats input: AMessage(what = 0x00000000) = {
10-17 11:23:28.723 D/CCodec ( 714): int32_t bitrate = 112000
10-17 11:23:28.723 D/CCodec ( 714): int32_t channel-count = 2
10-17 11:23:28.723 D/CCodec ( 714): int32_t max-input-size = 32768
10-17 11:23:28.723 D/CCodec ( 714): string mime = "audio/vorbis"
10-17 11:23:28.723 D/CCodec ( 714): int32_t sample-rate = 44100
10-17 11:23:28.723 D/CCodec ( 714): }
10-17 11:23:28.723 D/CCodec ( 714): setup formats output: AMessage(what = 0x00000000) = {
10-17 11:23:28.723 D/CCodec ( 714): int32_t channel-count = 2
10-17 11:23:28.723 D/CCodec ( 714): string mime = "audio/raw"
10-17 11:23:28.723 D/CCodec ( 714): int32_t sample-rate = 44100
10-17 11:23:28.723 D/CCodec ( 714): int32_t channel-mask = 3
10-17 11:23:28.723 D/CCodec ( 714): int32_t android._config-pcm-encoding = 2
10-17 11:23:28.723 D/CCodec ( 714): }
10-17 11:23:28.723 D/CCodec ( 714): [c2.android.vorbis.decoder] buffers are bound to CCodec for this session
10-17 11:23:28.723 D/CCodecConfig( 714): no c2 equivalents for durationUs
10-17 11:23:28.723 D/CCodecConfig( 714): no c2 equivalents for track-id
10-17 11:23:28.723 D/CCodecConfig( 714): no c2 equivalents for csd-1
10-17 11:23:28.723 D/CCodecConfig( 714): no c2 equivalents for flags
10-17 11:23:28.723 I/CCodecConfig( 714): query failed after returning 7 values (BAD_INDEX)
10-17 11:23:28.724 W/Codec2Client( 714): query -- param skipped: index = 1342179345.
10-17 11:23:28.724 W/Codec2Client( 714): query -- param skipped: index = 2415921170.
10-17 11:23:28.725 D/CCodecConfig( 714): c2 config diff is c2::u32 coded.bitrate.value = 112000
10-17 11:23:28.725 D/CCodecConfig( 714): c2::u32 raw.channel-count.value = 2
10-17 11:23:28.725 D/CCodecConfig( 714): c2::u32 raw.sample-rate.value = 44100
10-17 11:23:28.726 D/BufferPoolAccessor2.0( 607): bufferpool2 0xeb683aa8 : 0(0 size) total buffers - 0(0 size) used buffers - 7/10 (recycle/alloc) - 3/9 (fetch/transfer)
10-17 11:23:28.726 D/BufferPoolAccessor2.0( 607): bufferpool2 0xeb6831a8 : 0(0 size) total buffers - 0(0 size) used buffers - 5/7 (recycle/alloc) - 2/6 (fetch/transfer)
10-17 11:23:28.726 D/BufferPoolAccessor2.0( 607): Destruction - bufferpool2 0xeb683aa8 cached: 0/0M, 0/0% in use; allocs: 10, 70% recycled; transfers: 9, 67% unfetched
10-17 11:23:28.726 D/CCodecBufferChannel( 714): [c2.android.vorbis.decoder#246] Created input block pool with allocatorID 16 => poolID 23 - OK (0)
10-17 11:23:28.726 D/BufferPoolAccessor2.0( 607): bufferpool2 0xeb6820c8 : 0(0 size) total buffers - 0(0 size) used buffers - 7/10 (recycle/alloc) - 3/9 (fetch/transfer)
10-17 11:23:28.726 D/BufferPoolAccessor2.0( 607): Destruction - bufferpool2 0xeb6820c8 cached: 0/0M, 0/0% in use; allocs: 10, 70% recycled; transfers: 9, 67% unfetched
10-17 11:23:28.726 D/BufferPoolAccessor2.0( 607): Destruction - bufferpool2 0xeb6831a8 cached: 0/0M, 0/0% in use; allocs: 7, 71% recycled; transfers: 6, 67% unfetched
10-17 11:23:28.726 D/BufferPoolAccessor2.0( 607): bufferpool2 0xeb680808 : 0(0 size) total buffers - 0(0 size) used buffers - 11/15 (recycle/alloc) - 4/14 (fetch/transfer)
10-17 11:23:28.726 D/BufferPoolAccessor2.0( 607): Destruction - bufferpool2 0xeb680808 cached: 0/0M, 0/0% in use; allocs: 15, 73% recycled; transfers: 14, 71% unfetched
10-17 11:23:28.726 D/BufferPoolAccessor2.0( 607): bufferpool2 0xeb683508 : 0(0 size) total buffers - 0(0 size) used buffers - 9/11 (recycle/alloc) - 2/10 (fetch/transfer)
10-17 11:23:28.726 D/BufferPoolAccessor2.0( 607): Destruction - bufferpool2 0xeb683508 cached: 0/0M, 0/0% in use; allocs: 11, 82% recycled; transfers: 10, 80% unfetched
10-17 11:23:28.727 D/BufferPoolAccessor2.0( 607): bufferpool2 0xeb681348 : 0(0 size) total buffers - 0(0 size) used buffers - 11/15 (recycle/alloc) - 5/14 (fetch/transfer)
10-17 11:23:28.727 D/BufferPoolAccessor2.0( 607): Destruction - bufferpool2 0xeb681348 cached: 0/0M, 0/0% in use; allocs: 15, 73% recycled; transfers: 14, 64% unfetched
10-17 11:23:28.727 W/Codec2Client( 714): query -- param skipped: index = 1107298332.
10-17 11:23:28.727 D/CCodec ( 714): encoding statistics level = 0
10-17 11:23:28.727 D/CCodec ( 714): setup formats input: AMessage(what = 0x00000000) = {
10-17 11:23:28.727 D/CCodec ( 714): int32_t bitrate = 112000
10-17 11:23:28.727 D/CCodec ( 714): int32_t channel-count = 2
10-17 11:23:28.727 D/CCodec ( 714): int32_t max-input-size = 32768
10-17 11:23:28.727 D/CCodec ( 714): string mime = "audio/vorbis"
10-17 11:23:28.727 D/CCodec ( 714): int32_t sample-rate = 44100
10-17 11:23:28.727 D/CCodec ( 714): }
10-17 11:23:28.727 D/CCodec ( 714): setup formats output: AMessage(what = 0x00000000) = {
10-17 11:23:28.727 D/CCodec ( 714): int32_t channel-count = 2
10-17 11:23:28.727 D/CCodec ( 714): string mime = "audio/raw"
10-17 11:23:28.727 D/CCodec ( 714): int32_t sample-rate = 44100
10-17 11:23:28.727 D/CCodec ( 714): int32_t channel-mask = 3
10-17 11:23:28.727 D/CCodec ( 714): int32_t android._config-pcm-encoding = 2
10-17 11:23:28.727 D/CCodec ( 714): }
10-17 11:23:28.727 I/CCodecConfig( 714): query failed after returning 7 values (BAD_INDEX)
10-17 11:23:28.728 D/BufferPoolAccessor2.0( 714): bufferpool2 0xb67c9c88 : 0(0 size) total buffers - 0(0 size) used buffers - 2/7 (recycle/alloc) - 5/18 (fetch/transfer)
10-17 11:23:28.728 D/BufferPoolAccessor2.0( 714): bufferpool2 0xb67e7bc8 : 0(0 size) total buffers - 0(0 size) used buffers - 2/7 (recycle/alloc) - 5/24 (fetch/transfer)
10-17 11:23:28.728 D/BufferPoolAccessor2.0( 714): bufferpool2 0xb67f5848 : 0(0 size) total buffers - 0(0 size) used buffers - 1/7 (recycle/alloc) - 6/24 (fetch/transfer)
10-17 11:23:28.728 D/BufferPoolAccessor2.0( 714): Destruction - bufferpool2 0xb67e7bc8 cached: 0/0M, 0/0% in use; allocs: 7, 29% recycled; transfers: 24, 79% unfetched
10-17 11:23:28.728 D/BufferPoolAccessor2.0( 714): Destruction - bufferpool2 0xb67c9c88 cached: 0/0M, 0/0% in use; allocs: 7, 29% recycled; transfers: 18, 72% unfetched
10-17 11:23:28.728 D/BufferPoolAccessor2.0( 714): bufferpool2 0xb67cbae8 : 0(0 size) total buffers - 0(0 size) used buffers - 2/7 (recycle/alloc) - 5/26 (fetch/transfer)
10-17 11:23:28.728 D/BufferPoolAccessor2.0( 714): Destruction - bufferpool2 0xb67cbae8 cached: 0/0M, 0/0% in use; allocs: 7, 29% recycled; transfers: 26, 81% unfetched
10-17 11:23:28.728 W/Codec2Client( 714): query -- param skipped: index = 1342179345.
10-17 11:23:28.728 W/Codec2Client( 714): query -- param skipped: index = 2415921170.
10-17 11:23:28.728 D/BufferPoolAccessor2.0( 714): bufferpool2 0xb67c28a8 : 0(0 size) total buffers - 0(0 size) used buffers - 2/7 (recycle/alloc) - 9/34 (fetch/transfer)
10-17 11:23:28.728 D/BufferPoolAccessor2.0( 714): Destruction - bufferpool2 0xb67c28a8 cached: 0/0M, 0/0% in use; allocs: 7, 29% recycled; transfers: 34, 74% unfetched
10-17 11:23:28.728 D/BufferPoolAccessor2.0( 714): Destruction - bufferpool2 0xb67f5848 cached: 0/0M, 0/0% in use; allocs: 7, 14% recycled; transfers: 24, 75% unfetched
10-17 11:23:28.729 D/BufferPoolAccessor2.0( 714): bufferpool2 0xb67c31a8 : 0(0 size) total buffers - 0(0 size) used buffers - 2/7 (recycle/alloc) - 5/34 (fetch/transfer)
10-17 11:23:28.729 D/BufferPoolAccessor2.0( 714): Destruction - bufferpool2 0xb67c31a8 cached: 0/0M, 0/0% in use; allocs: 7, 29% recycled; transfers: 34, 85% unfetched
10-17 11:23:28.729 I/CCodecBufferChannel( 714): [c2.android.vorbis.decoder#246] Created output block pool with allocatorID 16 => poolID 23 - OK
10-17 11:23:28.729 D/CCodecBufferChannel( 714): [c2.android.vorbis.decoder#246] Configured output block pool ids 23 => OK
10-17 11:23:28.729 D/CCodecBufferChannel( 714): [c2.android.vorbis.decoder#745] Created input block pool with allocatorID 16 => poolID 24 - OK (0)
10-17 11:23:28.729 I/C2VendorComponentStore( 466): setDmaBufUsage 5
10-17 11:23:28.730 D/SimpleC2Component( 607): Using output block pool with poolID 23 => got 23 - 0
10-17 11:23:28.731 I/CCodecBufferChannel( 714): [c2.android.vorbis.decoder#745] Created output block pool with allocatorID 16 => poolID 24 - OK
10-17 11:23:28.731 D/CCodecBufferChannel( 714): [c2.android.vorbis.decoder#745] Configured output block pool ids 24 => OK
10-17 11:23:28.744 D/SimpleC2Component( 607): Using output block pool with poolID 24 => got 24 - 0
10-17 11:23:28.749 I/C2VendorComponentStore( 466): setDmaBufUsage 5
10-17 11:23:28.777 D/CCodecBufferChannel( 714): [c2.android.vorbis.decoder#246] MediaCodec discarded an unknown buffer
10-17 11:23:28.777 D/CCodecBufferChannel( 714): [c2.android.vorbis.decoder#246] MediaCodec discarded an unknown buffer
10-17 11:23:28.777 D/CCodecBufferChannel( 714): [c2.android.vorbis.decoder#246] MediaCodec discarded an unknown buffer
10-17 11:23:28.779 I/hw-BpHwBinder( 714): onLastStrongRef automatically unlinking death recipients
10-17 11:23:28.779 I/hw-BpHwBinder( 607): onLastStrongRef automatically unlinking death recipients
10-17 11:23:28.780 D/MediaCodec( 714): flushMediametrics
10-17 11:23:28.793 I/AmFFmpegByteIOAdapter( 592): File size : 13299
10-17 11:23:28.795 W/exFFmpeg( 592): Invalid return value 0 for stream protocol
