10-17 11:22:39.667 D/CompatConfig( 714): Adding: com.android.server.compat.config.Change@4a4de50
10-17 11:22:39.667 D/CompatConfig( 714): Adding: com.android.server.compat.config.Change@7d7654e
10-17 11:22:39.667 D/CompatConfig( 714): Adding: com.android.server.compat.config.Change@fe8166f
10-17 11:22:39.667 D/CompatConfig( 714): Adding: com.android.server.compat.config.Change@5818f7c
10-17 11:22:39.667 D/CompatConfig( 714): Adding: com.android.server.compat.config.Change@7ca1005
10-17 11:22:39.667 I/SystemConfig( 714): Reading permissions from /system/etc/permissions/com.android.media.tv.remoteprovider.xml
10-17 11:22:39.667 D/CompatConfig( 714): Adding: com.android.server.compat.config.Change@ac8885a
10-17 11:22:39.667 D/CompatConfig( 714): Adding: com.android.server.compat.config.Change@89aa8b
10-17 11:22:39.667 D/CompatConfig( 714): Adding: com.android.server.compat.config.Change@f162768
10-17 11:22:39.667 D/CompatConfig( 714): Adding: com.android.server.compat.config.Change@ee0a781
10-17 11:22:39.667 D/CompatConfig( 714): Adding: com.android.server.compat.config.Change@776d026
10-17 11:22:39.667 D/CompatConfig( 714): Adding: com.android.server.compat.config.Change@4666467
10-17 11:22:39.667 D/CompatConfig( 714): Adding: com.android.server.compat.config.Change@da5214
10-17 11:22:39.667 D/CompatConfig( 714): Adding: com.android.server.compat.config.Change@16f3abd
10-17 11:22:39.667 D/CompatConfig( 714): Adding: com.android.server.compat.config.Change@b6fc8b2
10-17 11:22:39.667 D/CompatConfig( 714): Adding: com.android.server.compat.config.Change@96ae003
10-17 11:22:39.667 D/CompatConfig( 714): Adding: com.android.server.compat.config.Change@8147b80
10-17 11:22:39.667 D/CompatConfig( 714): Adding: com.android.server.compat.config.Change@359c5b9
10-17 11:22:39.667 D/CompatConfig( 714): Adding: com.android.server.compat.config.Change@d8dbdfe
10-17 11:22:39.667 D/CompatConfig( 714): Adding: com.android.server.compat.config.Change@5b1795f
10-17 11:22:39.667 D/CompatConfig( 714): Adding: com.android.server.compat.config.Change@e05cfac
10-17 11:22:39.667 D/CompatConfig( 714): Adding: com.android.server.compat.config.Change@8c80475
10-17 11:22:39.667 D/CompatConfig( 714): Adding: com.android.server.compat.config.Change@603bc0a
10-17 11:22:39.667 D/CompatConfig( 714): Adding: com.android.server.compat.config.Change@c9e4c7b
10-17 11:22:39.667 D/CompatConfig( 714): Adding: com.android.server.compat.config.Change@cd63a98
10-17 11:22:39.667 D/CompatConfig( 714): Adding: com.android.server.compat.config.Change@6a172f1
10-17 11:22:39.667 D/CompatConfig( 714): Adding: com.android.server.compat.config.Change@b298ed6
10-17 11:22:39.667 D/CompatConfig( 714): Adding: com.android.server.compat.config.Change@9bb3557
10-17 11:22:39.667 D/CompatConfig( 714): Adding: com.android.server.compat.config.Change@7406844
10-17 11:22:39.667 D/CompatConfig( 714): Adding: com.android.server.compat.config.Change@ec94d2d
10-17 11:22:39.667 D/CompatConfig( 714): Adding: com.android.server.compat.config.Change@f07c262
10-17 11:22:39.667 D/CompatConfig( 714): Adding: com.android.server.compat.config.Change@d53cff3
10-17 11:22:39.667 D/CompatConfig( 714): Adding: com.android.server.compat.config.Change@efdc4b0
10-17 11:22:39.667 D/CompatConfig( 714): Adding: com.android.server.compat.config.Change@41a8f29
10-17 11:22:39.667 D/CompatConfig( 714): Adding: com.android.server.compat.config.Change@9a3a2ae
10-17 11:22:39.667 D/CompatConfig( 714): Adding: com.android.server.compat.config.Change@6d1784f
10-17 11:22:39.667 D/CompatConfig( 714): Adding: com.android.server.compat.config.Change@223f4e5
10-17 11:22:39.667 D/CompatConfig( 714): Adding: com.android.server.compat.config.Change@c0b3bba
10-17 11:22:39.667 D/CompatConfig( 714): Adding: com.android.server.compat.config.Change@8d74a6b
10-17 11:22:39.667 D/CompatConfig( 714): Adding: com.android.server.compat.config.Change@61979c8
10-17 11:22:39.667 D/CompatConfig( 714): Adding: com.android.server.compat.config.Change@4a3fa61
10-17 11:22:39.667 I/SystemConfig( 714): Reading permissions from /system/etc/permissions/com.android.mediadrm.signer.xml
10-17 11:22:39.667 D/CompatConfig( 714): Adding: com.android.server.compat.config.Change@8215986
10-17 11:22:39.667 D/CompatConfig( 714): Adding: com.android.server.compat.config.Change@31e2247
10-17 11:22:39.667 D/CompatConfig( 714): Adding: com.android.server.compat.config.Change@c306a74
10-17 11:22:39.668 D/CompatConfig( 714): Adding: com.android.server.compat.config.Change@ac4db9d
10-17 11:22:39.668 D/CompatConfig( 714): Adding: com.android.server.compat.config.Change@9298812
10-17 11:22:39.668 D/CompatConfig( 714): Adding: com.android.server.compat.config.Change@e109be3
10-17 11:22:39.668 D/CompatConfig( 714): Adding: com.android.server.compat.config.Change@123b9e0
10-17 11:22:39.668 D/CompatConfig( 714): Adding: com.android.server.compat.config.Change@2189499
10-17 11:22:39.668 D/CompatConfig( 714): Adding: com.android.server.compat.config.Change@914135e
10-17 11:22:39.668 D/CompatConfig( 714): Adding: com.android.server.compat.config.Change@427133f
10-17 11:22:39.668 D/CompatConfig( 714): Adding: com.android.server.compat.config.Change@e3a940c
10-17 11:22:39.668 D/CompatConfig( 714): Adding: com.android.server.compat.config.Change@554e155
10-17 11:22:39.668 D/CompatConfig( 714): Adding: com.android.server.compat.config.Change@e8a076a
10-17 11:22:39.668 D/CompatConfig( 714): Adding: com.android.server.compat.config.Change@503a45b
10-17 11:22:39.668 D/CompatConfig( 714): Adding: com.android.server.compat.config.Change@802e4f8
10-17 11:22:39.668 D/CompatConfig( 714): Adding: com.android.server.compat.config.Change@acf3dd1
10-17 11:22:39.668 D/CompatConfig( 714): Adding: com.android.server.compat.config.Change@fb93036
10-17 11:22:39.668 D/CompatConfig( 714): Adding: com.android.server.compat.config.Change@e4e2b37
10-17 11:22:39.668 D/CompatConfig( 714): Adding: com.android.server.compat.config.Change@eb8e60d
10-17 11:22:39.668 D/CompatConfig( 714): Adding: com.android.server.compat.config.Change@5e019c2
10-17 11:22:39.668 D/CompatConfig( 714): Adding: com.android.server.compat.config.Change@65043d3
10-17 11:22:39.668 D/CompatConfig( 714): Adding: com.android.server.compat.config.Change@d095b10
10-17 11:22:39.668 D/CompatConfig( 714): Adding: com.android.server.compat.config.Change@51ad609
10-17 11:22:39.668 I/SystemConfig( 714): Reading permissions from /system/etc/permissions/com.android.networkstack.xml
10-17 11:22:39.668 D/CompatConfig( 714): Adding: com.android.server.compat.config.Change@d9a100e
10-17 11:22:39.668 D/CompatConfig( 714): Adding: com.android.server.compat.config.Change@4514a2f
10-17 11:22:39.668 D/CompatConfig( 714): Adding: com.android.server.compat.config.Change@a91183c
10-17 11:22:39.668 D/CompatConfig( 714): Adding: com.android.server.compat.config.Change@f91c9c5
10-17 11:22:39.668 D/CompatConfig( 714): Adding: com.android.server.compat.config.Change@feb1f1a
10-17 11:22:39.668 D/CompatConfig( 714): Adding: com.android.server.compat.config.Change@2b25a4b
10-17 11:22:39.668 D/CompatConfig( 714): Adding: com.android.server.compat.config.Change@e757c28
10-17 11:22:39.668 D/CompatConfig( 714): Adding: com.android.server.compat.config.Change@2ca3d41
10-17 11:22:39.668 D/CompatConfig( 714): Adding: com.android.server.compat.config.Change@c12e6
10-17 11:22:39.668 D/CompatConfig( 714): Adding: com.android.server.compat.config.Change@6ca5027
10-17 11:22:39.668 D/CompatConfig( 714): Adding: com.android.server.compat.config.Change@dba32d4
10-17 11:22:39.668 D/CompatConfig( 714): Adding: com.android.server.compat.config.Change@7bc6c7d
10-17 11:22:39.668 D/CompatConfig( 714): Adding: com.android.server.compat.config.Change@9f67772
10-17 11:22:39.668 D/CompatConfig( 714): Adding: com.android.server.compat.config.Change@a81c7c3
10-17 11:22:39.669 D/CompatConfig( 714): Adding: com.android.server.compat.config.Change@7f1a840
10-17 11:22:39.669 D/CompatConfig( 714): Adding: com.android.server.compat.config.Change@4a85379
10-17 11:22:39.669 D/CompatConfig( 714): Adding: com.android.server.compat.config.Change@db098be
10-17 11:22:39.669 D/CompatConfig( 714): Adding: com.android.server.compat.config.Change@3af1d1f
10-17 11:22:39.669 D/CompatConfig( 714): Adding: com.android.server.compat.config.Change@169086c
10-17 11:22:39.669 I/SystemConfig( 714): Reading permissions from /system/etc/permissions/javax.obex.xml
10-17 11:22:39.670 D/CompatConfig( 714): No directory /system/system_ext/etc/compatconfig, skipping
10-17 11:22:39.670 D/ApexManagerTiming( 714): getActiveApexInfos_noCache
10-17 11:22:39.670 I/SystemConfig( 714): Reading permissions from /system/etc/permissions/org.apache.http.legacy.xml
10-17 11:22:39.672 I/SystemConfig( 714): Reading permissions from /system/etc/permissions/privapp-permissions-oranth.xml
10-17 11:22:39.681 I/[0 T233 ..] servicemanager( 0): Notifying apexservice they do (previously: don't) have clients when service is guaranteed to be in use
10-17 11:22:39.682 I/[3 T414 ..] AidlLazyServiceRegistrar( 0): Process has 1 (of 1 available) client(s) in use after notification apexservice has clients: 1
10-17 11:22:39.682 I/[0 T413 ..] apexd( 0): getActivePackages received by ApexService
10-17 11:22:39.683 I/[3 T414 ..] AidlLazyServiceRegistrar( 0): Shutdown prevented by forcePersist override flag.
10-17 11:22:39.675 I/SystemConfig( 714): Reading permissions from /system/etc/permissions/privapp-permissions-platform.xml
10-17 11:22:39.685 I/SystemConfig( 714): Reading permissions from /system/etc/permissions/privapp_allowlist_com.android.adservices.api.xml
10-17 11:22:39.686 I/SystemConfig( 714): Reading permissions from /system/etc/permissions/privapp_allowlist_com.android.providers.media.module.xml
10-17 11:22:39.687 I/SystemConfig( 714): Reading permissions from /system/etc/permissions/tv_core_hardware.xml
10-17 11:22:39.688 I/SystemConfig( 714): Reading permissions from /system/etc/permissions/platform.xml
10-17 11:22:39.689 V/ApexManagerTiming( 714): getActiveApexInfos_noCache took to complete: 18ms
10-17 11:22:39.689 D/CompatConfig( 714): Found a config file: /apex/com.android.mediaprovider/etc/compatconfig/media-provider-platform-compat-config.xml
10-17 11:22:39.690 D/CompatConfig( 714): Adding: com.android.server.compat.config.Change@d577b93
10-17 11:22:39.690 D/CompatConfig( 714): Adding: com.android.server.compat.config.Change@c9897d0
10-17 11:22:39.691 D/CompatConfig( 714): Adding: com.android.server.compat.config.Change@61a33c9
10-17 11:22:39.691 D/CompatConfig( 714): Adding: com.android.server.compat.config.Change@b657ace
10-17 11:22:39.691 D/CompatConfig( 714): Adding: com.android.server.compat.config.Change@ef43def
10-17 11:22:39.691 D/CompatConfig( 714): Adding: com.android.server.compat.config.Change@eb760fc
10-17 11:22:39.691 D/CompatConfig( 714): Adding: com.android.server.compat.config.Change@2894385
10-17 11:22:39.691 D/CompatConfig( 714): No directory /apex/com.android.sdkext/etc/compatconfig, skipping
10-17 11:22:39.692 D/CompatConfig( 714): No directory /apex/com.android.tzdata/etc/compatconfig, skipping
10-17 11:22:39.692 D/CompatConfig( 714): No directory /apex/com.android.vndk.v34/etc/compatconfig, skipping
10-17 11:22:39.692 D/CompatConfig( 714): No directory /apex/com.android.extservices/etc/compatconfig, skipping
10-17 11:22:39.692 D/CompatConfig( 714): No directory /apex/com.android.os.statsd/etc/compatconfig, skipping
10-17 11:22:39.692 D/CompatConfig( 714): No directory /apex/com.android.virt/etc/compatconfig, skipping
10-17 11:22:39.692 D/CompatConfig( 714): No directory /apex/com.android.resolv/etc/compatconfig, skipping
10-17 11:22:39.692 D/CompatConfig( 714): No directory /apex/com.android.healthfitness/etc/compatconfig, skipping
10-17 11:22:39.693 I/SystemConfig( 714): Reading permissions from /vendor/etc/permissions/android.hardware.audio.output.xml
10-17 11:22:39.693 D/CompatConfig( 714): No directory /apex/com.android.media/etc/compatconfig, skipping
10-17 11:22:39.693 D/CompatConfig( 714): No directory /apex/com.android.adbd/etc/compatconfig, skipping
10-17 11:22:39.693 D/CompatConfig( 714): No directory /apex/com.android.ipsec/etc/compatconfig, skipping
10-17 11:22:39.693 D/CompatConfig( 714): Found a config file: /apex/com.android.btservices/etc/compatconfig/bluetoothapk-platform-compat-config.xml
10-17 11:22:39.693 I/SystemConfig( 714): Reading permissions from /vendor/etc/permissions/android.hardware.bluetooth.xml
10-17 11:22:39.694 D/CompatConfig( 714): Adding: com.android.server.compat.config.Change@51f9301
10-17 11:22:39.694 I/SystemConfig( 714): Reading permissions from /vendor/etc/permissions/android.hardware.bluetooth_le.xml
10-17 11:22:39.695 D/CompatConfig( 714): Found a config file: /apex/com.android.btservices/etc/compatconfig/bluetooth-compat-config.xml
10-17 11:22:39.695 I/SystemConfig( 714): Reading permissions from /vendor/etc/permissions/android.hardware.camera.external.xml
10-17 11:22:39.696 D/CompatConfig( 714): Adding: com.android.server.compat.config.Change@7715e3d
10-17 11:22:39.697 I/SystemConfig( 714): Reading permissions from /vendor/etc/permissions/android.hardware.ethernet.xml
10-17 11:22:39.697 D/CompatConfig( 714): Found a config file: /apex/com.android.btservices/etc/compatconfig/framework-bluetooth-compat-config.xml
10-17 11:22:39.698 I/SystemConfig( 714): Reading permissions from /vendor/etc/permissions/android.hardware.gamepad.xml
10-17 11:22:39.698 D/CompatConfig( 714): Adding: com.android.server.compat.config.Change@e1aa139
10-17 11:22:39.698 I/SystemConfig( 714): Reading permissions from /vendor/etc/permissions/android.hardware.hardware_keystore.xml
10-17 11:22:39.700 I/SystemConfig( 714): Reading permissions from /vendor/etc/permissions/android.hardware.hdmi.cec.xml
10-17 11:22:39.701 D/CompatConfig( 714): Found a config file: /apex/com.android.art/etc/compatconfig/libcore-platform-compat-config.xml
10-17 11:22:39.703 D/CompatConfig( 714): Adding: com.android.server.compat.config.Change@f34098a
10-17 11:22:39.703 I/SystemConfig( 714): Reading permissions from /vendor/etc/permissions/android.hardware.keystore.app_attest_key.xml
10-17 11:22:39.703 D/CompatConfig( 714): Adding: com.android.server.compat.config.Change@ecc4bfb
10-17 11:22:39.703 D/CompatConfig( 714): Adding: com.android.server.compat.config.Change@b450418
10-17 11:22:39.703 D/CompatConfig( 714): Adding: com.android.server.compat.config.Change@6323e71
10-17 11:22:39.703 D/CompatConfig( 714): Adding: com.android.server.compat.config.Change@ed13456
10-17 11:22:39.703 D/CompatConfig( 714): Adding: com.android.server.compat.config.Change@d89acd7
10-17 11:22:39.703 D/CompatConfig( 714): Adding: com.android.server.compat.config.Change@b9249c4
10-17 11:22:39.703 D/CompatConfig( 714): Adding: com.android.server.compat.config.Change@15b50ad
10-17 11:22:39.703 D/CompatConfig( 714): Adding: com.android.server.compat.config.Change@9443fe2
10-17 11:22:39.703 D/CompatConfig( 714): Adding: com.android.server.compat.config.Change@8523f73
10-17 11:22:39.703 D/CompatConfig( 714): Adding: com.android.server.compat.config.Change@4c3e30
10-17 11:22:39.704 D/CompatConfig( 714): No directory /apex/com.android.i18n/etc/compatconfig, skipping
10-17 11:22:39.704 I/SystemConfig( 714): Reading permissions from /vendor/etc/permissions/android.hardware.location.xml
10-17 11:22:39.704 D/CompatConfig( 714): No directory /apex/com.android.runtime/etc/compatconfig, skipping
10-17 11:22:39.704 D/CompatConfig( 714): No directory /apex/com.android.permission/etc/compatconfig, skipping
10-17 11:22:39.705 D/CompatConfig( 714): Found a config file: /apex/com.android.wifi/etc/compatconfig/wifi-compat-config.xml
10-17 11:22:39.705 I/SystemConfig( 714): Reading permissions from /vendor/etc/permissions/android.hardware.opengles.aep.xml
10-17 11:22:39.706 D/CompatConfig( 714): Adding: com.android.server.compat.config.Change@36f0d5c
10-17 11:22:39.706 D/CompatConfig( 714): Adding: com.android.server.compat.config.Change@d82e865
10-17 11:22:39.706 D/CompatConfig( 714): Adding: com.android.server.compat.config.Change@6a9e93a
10-17 11:22:39.706 I/SystemConfig( 714): Reading permissions from /vendor/etc/permissions/android.hardware.usb.host.xml
10-17 11:22:39.707 D/CompatConfig( 714): No directory /apex/com.amlogic.mediaextractor/etc/compatconfig, skipping
10-17 11:22:39.707 D/CompatConfig( 714): No directory /apex/com.android.neuralnetworks/etc/compatconfig, skipping
10-17 11:22:39.707 D/CompatConfig( 714): No directory /apex/com.android.appsearch/etc/compatconfig, skipping
10-17 11:22:39.707 I/SystemConfig( 714): Reading permissions from /vendor/etc/permissions/android.hardware.vulkan.compute.xml
10-17 11:22:39.707 D/CompatConfig( 714): No directory /apex/com.android.conscrypt/etc/compatconfig, skipping
10-17 11:22:39.707 D/CompatConfig( 714): No directory /apex/com.android.adservices/etc/compatconfig, skipping
10-17 11:22:39.708 D/CompatConfig( 714): No directory /apex/com.android.media.swcodec/etc/compatconfig, skipping
10-17 11:22:39.708 D/CompatConfig( 714): No directory /apex/com.android.ondevicepersonalization/etc/compatconfig, skipping
10-17 11:22:39.708 D/CompatConfig( 714): No directory /apex/com.android.uwb/etc/compatconfig, skipping
10-17 11:22:39.708 D/CompatConfig( 714): No directory /apex/com.android.configinfrastructure/etc/compatconfig, skipping
10-17 11:22:39.708 D/CompatConfig( 714): No directory /apex/com.google.android.widevine/etc/compatconfig, skipping
10-17 11:22:39.708 I/SystemConfig( 714): Reading permissions from /vendor/etc/permissions/android.hardware.vulkan.level.xml
10-17 11:22:39.708 D/CompatConfig( 714): No directory /apex/com.android.devicelock/etc/compatconfig, skipping
10-17 11:22:39.708 D/CompatConfig( 714): No directory /apex/com.android.scheduling/etc/compatconfig, skipping
10-17 11:22:39.708 D/CompatConfig( 714): No directory /apex/com.android.apex.cts.shim/etc/compatconfig, skipping
10-17 11:22:39.708 D/CompatConfig( 714): No directory /apex/com.android.rkpd/etc/compatconfig, skipping
10-17 11:22:39.709 D/CompatConfig( 714): Found a config file: /apex/com.android.tethering/etc/compatconfig/connectivity-platform-compat-config.xml
10-17 11:22:39.709 I/SystemConfig( 714): Reading permissions from /vendor/etc/permissions/android.hardware.vulkan.version.xml
10-17 11:22:39.709 D/CompatConfig( 714): Adding: com.android.server.compat.config.Change@77dabf4
10-17 11:22:39.710 D/CompatConfig( 714): Adding: com.android.server.compat.config.Change@d9ebf1d
10-17 11:22:39.710 D/CompatConfig( 714): Adding: com.android.server.compat.config.Change@8406592
10-17 11:22:39.710 D/CompatConfig( 714): Adding: com.android.server.compat.config.Change@349eb63
10-17 11:22:39.710 I/SystemConfig( 714): Reading permissions from /vendor/etc/permissions/android.hardware.wifi.direct.xml
10-17 11:22:39.711 I/SystemConfig( 714): Reading permissions from /vendor/etc/permissions/android.hardware.wifi.passpoint.xml
10-17 11:22:39.712 I/SystemConfig( 714): Reading permissions from /vendor/etc/permissions/android.hardware.wifi.xml
10-17 11:22:39.713 I/SystemConfig( 714): Reading permissions from /vendor/etc/permissions/android.software.app_widgets.xml
10-17 11:22:39.714 I/SystemConfig( 714): Reading permissions from /vendor/etc/permissions/android.software.backup.xml
10-17 11:22:39.714 V/SystemServerTiming( 714): PlatformCompat took to complete: 75ms
10-17 11:22:39.715 D/SystemServerTiming( 714): StartFileIntegrityService
10-17 11:22:39.715 I/SystemServiceManager( 714): Starting com.android.server.security.FileIntegrityService
10-17 11:22:39.715 I/SystemConfig( 714): Reading permissions from /vendor/etc/permissions/android.software.cant_save_state.xml
10-17 11:22:39.715 I/SystemConfig( 714): Reading permissions from /vendor/etc/permissions/android.software.farfield.xml
10-17 11:22:39.717 V/SystemServerTiming( 714): StartFileIntegrityService took to complete: 2ms
10-17 11:22:39.717 D/SystemServerTiming( 714): StartInstaller
10-17 11:22:39.717 I/SystemServiceManager( 714): Starting com.android.server.pm.Installer
10-17 11:22:39.717 I/SystemConfig( 714): Reading permissions from /vendor/etc/permissions/android.software.ipsec_tunnels.xml
10-17 11:22:39.718 I/SystemConfig( 714): Reading permissions from /vendor/etc/permissions/android.software.opengles.deqp.level-2023-03-01.xml
10-17 11:22:39.719 I/SystemConfig( 714): Reading permissions from /vendor/etc/permissions/android.software.verified_boot.xml
10-17 11:22:39.721 I/SystemConfig( 714): Reading permissions from /vendor/etc/permissions/android.software.vulkan.deqp.level-2023-03-01.xml
10-17 11:22:39.722 I/SystemConfig( 714): Reading permissions from /vendor/etc/permissions/aosp_excluded_hardware.xml
10-17 11:22:39.722 D/SystemConfig( 714): Removed unavailable feature android.hardware.location.network
10-17 11:22:39.723 V/SystemServerTiming( 714): StartInstaller took to complete: 5ms
10-17 11:22:39.723 D/SystemServerTiming( 714): DeviceIdentifiersPolicyService
10-17 11:22:39.723 I/SystemServiceManager( 714): Starting com.android.server.os.DeviceIdentifiersPolicyService
10-17 11:22:39.723 I/SystemConfig( 714): Reading permissions from /vendor/etc/permissions/com.droidlogic.appinstaller.xml
10-17 11:22:39.724 V/SystemServerTiming( 714): DeviceIdentifiersPolicyService took to complete: 1ms
10-17 11:22:39.724 D/SystemServerTiming( 714): StartFeatureFlagsService
10-17 11:22:39.724 I/SystemServiceManager( 714): Starting com.android.server.flags.FeatureFlagsService
10-17 11:22:39.724 I/SystemConfig( 714): Reading permissions from /vendor/etc/permissions/com.google.android.feature.SILENT_OTA.xml
10-17 11:22:39.724 D/FeatureFlagsService( 714): Started Feature Flag Service
10-17 11:22:39.726 I/SystemConfig( 714): Reading permissions from /vendor/etc/permissions/com.google.android.feature.fastpair.xml
10-17 11:22:39.727 I/SystemConfig( 714): Reading permissions from /vendor/etc/permissions/droidlogic.software.core.xml
10-17 11:22:39.728 V/SystemServerTiming( 714): StartFeatureFlagsService took to complete: 4ms
10-17 11:22:39.728 D/SystemServerTiming( 714): UriGrantsManagerService
10-17 11:22:39.728 I/SystemServiceManager( 714): Starting com.android.server.uri.UriGrantsManagerService$Lifecycle
10-17 11:22:39.728 W/SystemConfig( 714): name is required for in START_TAG (empty) @27:35 in java.io.FileReader@f90f1af
10-17 11:22:39.729 I/SystemConfig( 714): Reading permissions from /vendor/etc/permissions/droidlogic.tv.software.core.xml
10-17 11:22:39.729 V/SystemServerTiming( 714): UriGrantsManagerService took to complete: 2ms
10-17 11:22:39.729 D/SystemServerTiming( 714): StartPowerStatsService
10-17 11:22:39.729 I/SystemServiceManager( 714): Starting com.android.server.powerstats.PowerStatsService
10-17 11:22:39.730 I/SystemConfig( 714): Ignore shared library droidlogic.tv.software.core: /vendor/framework/droidlogic.tv.software.core.jar does not exist
10-17 11:22:39.730 I/SystemConfig( 714): Reading permissions from /vendor/etc/permissions/prime.xml
10-17 11:22:39.733 I/SystemConfig( 714): Reading permissions from /product/etc/sysconfig/atv-component-overrides.xml
10-17 11:22:39.740 I/[0 T233 ..] servicemanager( 0): Could not find android.hardware.power.stats.IPowerStats/default in the VINTF manifest.
10-17 11:22:39.734 I/SystemConfig( 714): Reading permissions from /product/etc/permissions/android.hardware.gamepad.xml
10-17 11:22:39.735 V/SystemServerTiming( 714): StartPowerStatsService took to complete: 5ms
10-17 11:22:39.735 D/SystemServerTiming( 714): StartIStatsService
10-17 11:22:39.735 I/SystemConfig( 714): Reading permissions from /product/etc/permissions/com.android.settings.intelligence.xml
10-17 11:22:39.736 I/SystemConfig( 714): Reading permissions from /product/etc/permissions/com.google.android.apps.mediashell.vp9_mirror.xml
10-17 11:22:39.737 V/SystemServerTiming( 714): StartIStatsService took to complete: 3ms
10-17 11:22:39.737 D/SystemServerTiming( 714): MemtrackProxyService
10-17 11:22:39.737 W/SystemConfig( 714): No directory /system_ext/etc/sysconfig, skipping
10-17 11:22:39.738 I/SystemConfig( 714): Reading permissions from /system_ext/etc/permissions/com.android.systemui.xml
10-17 11:22:39.746 I/[0 T233 ..] servicemanager( 0): Found android.frameworks.stats.IStats/default in framework VINTF manifest.
10-17 11:22:39.748 I/[0 T233 ..] servicemanager( 0): Found android.hardware.memtrack.IMemtrack/default in device VINTF manifest.
10-17 11:22:39.742 I/SystemConfig( 714): Reading permissions from /system_ext/etc/permissions/com.android.tv.settings.xml
10-17 11:22:39.743 V/SystemServerTiming( 714): MemtrackProxyService took to complete: 5ms
10-17 11:22:39.743 D/SystemServerTiming( 714): StartAccessCheckingService
10-17 11:22:39.743 I/SystemServiceManager( 714): Starting com.android.server.permission.access.AccessCheckingService
10-17 11:22:39.743 I/SystemConfig( 714): Reading permissions from /system_ext/etc/permissions/com.droidlogic.tv.settings.xml
10-17 11:22:39.744 I/SystemConfig( 714): Reading permissions from /system_ext/etc/permissions/droidlogic_permissions.xml
10-17 11:22:39.745 V/SystemServerTiming( 714): StartAccessCheckingService took to complete: 1ms
10-17 11:22:39.745 D/SystemServerTiming( 714): StartActivityManager
10-17 11:22:39.745 I/SystemServiceManager( 714): Starting com.android.server.wm.ActivityTaskManagerService$Lifecycle
10-17 11:22:39.746 I/SystemConfig( 714): Reading permissions from /apex/com.android.tethering/etc/permissions/permissions.xml
10-17 11:22:39.748 I/SystemServiceManager( 714): Starting com.android.server.am.ActivityManagerService$Lifecycle
10-17 11:22:39.748 I/SystemConfig( 714): Reading permissions from /apex/com.android.permission/etc/permissions/privapp_allowlist_com.android.permissioncontroller.xml
10-17 11:22:39.750 I/SystemConfig( 714): Reading permissions from /apex/com.android.extservices/etc/permissions/privapp_allowlist_android.ext.services.xml
10-17 11:22:39.751 I/ActivityManager( 714): Memory class: 256
10-17 11:22:39.752 I/SystemConfig( 714): Reading permissions from /apex/com.android.mediaprovider/etc/permissions/privapp_allowlist_com.android.providers.media.module.xml
10-17 11:22:39.754 I/Binder ( 714): Setting heavy hitter watcher config: false, 0, 0.0
10-17 11:22:39.754 I/SystemConfig( 714): Reading permissions from /apex/com.android.btservices/etc/permissions/privapp_allowlist_com.android.bluetooth.xml
10-17 11:22:39.756 I/SystemConfig( 714): Reading permissions from /apex/com.android.healthfitness/etc/permissions/privapp_allowlist_com.android.healthconnect.controller.xml
10-17 11:22:39.758 I/SystemConfig( 714): Reading permissions from /apex/com.android.ipsec/etc/permissions/android.net.ipsec.ike.xml
10-17 11:22:39.759 I/SystemConfig( 714): Reading permissions from /apex/com.android.devicelock/etc/permissions/privapp_allowlist_com.android.devicelockcontroller.xml
10-17 11:22:39.761 I/SystemConfig( 714): Reading permissions from /apex/com.android.adservices/etc/permissions/privapp_allowlist_com.android.adservices.api.xml
10-17 11:22:39.766 W/SystemConfig( 714): Failed to read public libraries file /vendor/etc/public.libraries.txt
10-17 11:22:39.766 W/SystemConfig( 714): java.io.FileNotFoundException: /vendor/etc/public.libraries.txt: open failed: ENOENT (No such file or directory)
10-17 11:22:39.766 W/SystemConfig( 714): at libcore.io.IoBridge.open(IoBridge.java:574)
10-17 11:22:39.766 W/SystemConfig( 714): at java.io.FileInputStream.(FileInputStream.java:160)
10-17 11:22:39.766 W/SystemConfig( 714): at java.io.FileReader.(FileReader.java:75)
10-17 11:22:39.766 W/SystemConfig( 714): at com.android.server.SystemConfig.readPublicLibrariesListFile(SystemConfig.java:1818)
10-17 11:22:39.766 W/SystemConfig( 714): at com.android.server.SystemConfig.readPublicNativeLibrariesList(SystemConfig.java:1800)
10-17 11:22:39.766 W/SystemConfig( 714): at com.android.server.SystemConfig.(SystemConfig.java:565)
10-17 11:22:39.766 W/SystemConfig( 714): at com.android.server.SystemConfig.getInstance(SystemConfig.java:366)
10-17 11:22:39.766 W/SystemConfig( 714): at com.android.server.SystemServer$$ExternalSyntheticLambda2.run(R8$$SyntheticClass:0)
10-17 11:22:39.766 W/SystemConfig( 714): at com.android.server.SystemServerInitThreadPool.lambda$submitTask$0(SystemServerInitThreadPool.java:107)
10-17 11:22:39.766 W/SystemConfig( 714): at com.android.server.SystemServerInitThreadPool.$r8$lambda$iar571g8isa6ZrPZMHj1USmyX48(SystemServerInitThreadPool.java:0)
10-17 11:22:39.766 W/SystemConfig( 714): at com.android.server.SystemServerInitThreadPool$$ExternalSyntheticLambda1.run(R8$$SyntheticClass:0)
10-17 11:22:39.766 W/SystemConfig( 714): at java.util.concurrent.Executors$RunnableAdapter.call(Executors.java:487)
10-17 11:22:39.766 W/SystemConfig( 714): at java.util.concurrent.FutureTask.run(FutureTask.java:264)
10-17 11:22:39.766 W/SystemConfig( 714): at java.util.concurrent.ThreadPoolExecutor.runWorker(ThreadPoolExecutor.java:1145)
10-17 11:22:39.766 W/SystemConfig( 714): at java.util.concurrent.ThreadPoolExecutor$Worker.run(ThreadPoolExecutor.java:644)
10-17 11:22:39.766 W/SystemConfig( 714): at com.android.internal.util.ConcurrentUtils$1$1.run(ConcurrentUtils.java:65)
10-17 11:22:39.766 W/SystemConfig( 714): Caused by: android.system.ErrnoException: open failed: ENOENT (No such file or directory)
10-17 11:22:39.766 W/SystemConfig( 714): at libcore.io.Linux.open(Native Method)
10-17 11:22:39.766 W/SystemConfig( 714): at libcore.io.ForwardingOs.open(ForwardingOs.java:563)
10-17 11:22:39.766 W/SystemConfig( 714): at libcore.io.BlockGuardOs.open(BlockGuardOs.java:274)
10-17 11:22:39.766 W/SystemConfig( 714): at libcore.io.IoBridge.open(IoBridge.java:560)
10-17 11:22:39.766 W/SystemConfig( 714): ... 15 more
10-17 11:22:39.766 V/SystemConfig( 714): readAllPermissions took to complete: 127ms
10-17 11:22:39.766 D/SystemServerInitThreadPool( 714): Finished executing ReadingSystemConfig
10-17 11:22:39.766 V/SystemServerTimingAsync( 714): InitThreadPoolExec:ReadingSystemConfig took to complete: 127ms
10-17 11:22:39.793 D/BatteryStatsImpl( 714): Reading daily items from /data/system/batterystats-daily.xml
10-17 11:22:39.799 I/KernelCpuUidFreqTimeReader( 714): mPerClusterTimesAvailable=false
10-17 11:22:39.823 W/KernelMemoryBandwidthStats( 714): No kernel memory bandwidth stats available
10-17 11:22:39.927 I/IntentFirewall( 714): Read new rules (A:0 B:0 S:0)
10-17 11:22:39.931 D/OomAdjuster( 714): Not killing cached processes
10-17 11:22:39.934 D/AppOps ( 714): AppOpsService published
10-17 11:22:39.935 W/android.permission.PermissionManager( 714): Missing ActivityManager; assuming 1047 does not hold android.permission.MANAGE_APP_OPS_MODES
10-17 11:22:39.939 V/SystemServerTiming( 714): StartActivityManager took to complete: 194ms
10-17 11:22:39.939 D/SystemServerTiming( 714): StartDataLoaderManagerService
10-17 11:22:39.939 I/SystemServiceManager( 714): Starting com.android.server.pm.DataLoaderManagerService
10-17 11:22:39.939 I/CriticalEventLog( 714): No log found, returning empty log proto.
10-17 11:22:39.946 V/SystemServerTiming( 714): StartDataLoaderManagerService took to complete: 8ms
10-17 11:22:39.946 D/SystemServerTiming( 714): StartIncrementalService
10-17 11:22:39.952 V/SystemServerTiming( 714): StartIncrementalService took to complete: 6ms
10-17 11:22:39.952 D/SystemServerTiming( 714): StartPowerManager
10-17 11:22:39.952 I/SystemServiceManager( 714): Starting com.android.server.power.PowerManagerService
10-17 11:22:39.969 I/[0 T233 ..] servicemanager( 0): Found android.hardware.power.IPower/default in device VINTF manifest.
10-17 11:22:39.965 V/SystemServerTiming( 714): StartPowerManager took to complete: 12ms
10-17 11:22:39.965 D/SystemServerTiming( 714): StartThermalManager
10-17 11:22:39.965 I/SystemServiceManager( 714): Starting com.android.server.power.ThermalManagerService
10-17 11:22:39.966 V/SystemServerTiming( 714): StartThermalManager took to complete: 0ms
10-17 11:22:39.966 D/SystemServerTiming( 714): StartHintManager
10-17 11:22:39.966 I/SystemServiceManager( 714): Starting com.android.server.power.hint.HintManagerService
10-17 11:22:39.967 V/SystemServerTiming( 714): StartHintManager took to complete: 1ms
10-17 11:22:39.967 D/SystemServerTiming( 714): InitPowerManagement
10-17 11:22:39.969 V/SystemServerTiming( 714): InitPowerManagement took to complete: 1ms
10-17 11:22:39.969 D/SystemServerTiming( 714): StartRecoverySystemService
10-17 11:22:39.969 I/SystemServiceManager( 714): Starting com.android.server.recoverysystem.RecoverySystemService$Lifecycle
10-17 11:22:39.972 V/SystemServerTiming( 714): StartRecoverySystemService took to complete: 3ms
10-17 11:22:39.973 I/PackageWatchdog( 714): Syncing state, reason: added new observer
10-17 11:22:39.973 I/PackageWatchdog( 714): Not pruning observers, elapsed time: 0ms
10-17 11:22:39.973 I/PackageWatchdog( 714): Saving observer state to file
10-17 11:22:39.973 I/PackageWatchdog( 714): Cancelling state sync, nothing to sync
10-17 11:22:39.974 D/SystemServerTiming( 714): StartLightsService
10-17 11:22:39.975 I/SystemServiceManager( 714): Starting com.android.server.lights.LightsService
10-17 11:22:39.986 I/[3 T233 ..] servicemanager( 0): Found android.hardware.light.ILights/default in device VINTF manifest.
10-17 11:22:39.980 V/SystemServerTiming( 714): StartLightsService took to complete: 5ms
10-17 11:22:39.980 D/SystemServerTiming( 714): StartDisplayOffloadService
10-17 11:22:39.980 V/SystemServerTiming( 714): StartDisplayOffloadService took to complete: 0ms
10-17 11:22:39.980 D/SystemServerTiming( 714): StartSidekickService
10-17 11:22:39.980 V/SystemServerTiming( 714): StartSidekickService took to complete: 0ms
10-17 11:22:39.980 D/SystemServerTiming( 714): StartDisplayManager
10-17 11:22:39.980 I/SystemServiceManager( 714): Starting com.android.server.display.DisplayManagerService
10-17 11:22:39.992 V/SystemServerTiming( 714): StartDisplayManager took to complete: 11ms
10-17 11:22:39.992 D/SystemServerTiming( 714): WaitForDisplay
10-17 11:22:39.992 I/SystemServiceManager( 714): Starting phase 100
10-17 11:22:39.992 D/SystemServerTiming( 714): OnBootPhase_100
10-17 11:22:39.992 D/SystemServerTiming( 714): OnBootPhase_100_com.android.server.security.FileIntegrityService
10-17 11:22:39.992 V/SystemServerTiming( 714): OnBootPhase_100_com.android.server.security.FileIntegrityService took to complete: 0ms
10-17 11:22:39.992 D/SystemServerTiming( 714): OnBootPhase_100_com.android.server.pm.Installer
10-17 11:22:39.992 V/SystemServerTiming( 714): OnBootPhase_100_com.android.server.pm.Installer took to complete: 0ms
10-17 11:22:39.992 D/SystemServerTiming( 714): OnBootPhase_100_com.android.server.os.DeviceIdentifiersPolicyService
10-17 11:22:39.992 V/SystemServerTiming( 714): OnBootPhase_100_com.android.server.os.DeviceIdentifiersPolicyService took to complete: 0ms
10-17 11:22:39.992 D/SystemServerTiming( 714): OnBootPhase_100_com.android.server.flags.FeatureFlagsService
10-17 11:22:39.992 V/SystemServerTiming( 714): OnBootPhase_100_com.android.server.flags.FeatureFlagsService took to complete: 0ms
10-17 11:22:39.992 D/SystemServerTiming( 714): OnBootPhase_100_com.android.server.uri.UriGrantsManagerService$Lifecycle
10-17 11:22:39.992 V/SystemServerTiming( 714): OnBootPhase_100_com.android.server.uri.UriGrantsManagerService$Lifecycle took to complete: 0ms
10-17 11:22:39.992 D/SystemServerTiming( 714): OnBootPhase_100_com.android.server.powerstats.PowerStatsService
10-17 11:22:39.992 V/SystemServerTiming( 714): OnBootPhase_100_com.android.server.powerstats.PowerStatsService took to complete: 0ms
10-17 11:22:39.992 D/SystemServerTiming( 714): OnBootPhase_100_com.android.server.permission.access.AccessCheckingService
10-17 11:22:39.992 V/SystemServerTiming( 714): OnBootPhase_100_com.android.server.permission.access.AccessCheckingService took to complete: 0ms
10-17 11:22:39.992 D/SystemServerTiming( 714): OnBootPhase_100_com.android.server.wm.ActivityTaskManagerService$Lifecycle
10-17 11:22:39.992 V/SystemServerTiming( 714): OnBootPhase_100_com.android.server.wm.ActivityTaskManagerService$Lifecycle took to complete: 0ms
10-17 11:22:39.992 D/SystemServerTiming( 714): OnBootPhase_100_com.android.server.am.ActivityManagerService$Lifecycle
10-17 11:22:39.992 V/SystemServerTiming( 714): OnBootPhase_100_com.android.server.am.ActivityManagerService$Lifecycle took to complete: 0ms
10-17 11:22:39.992 D/SystemServerTiming( 714): OnBootPhase_100_com.android.server.pm.DataLoaderManagerService
10-17 11:22:39.992 V/SystemServerTiming( 714): OnBootPhase_100_com.android.server.pm.DataLoaderManagerService took to complete: 0ms
10-17 11:22:39.992 D/SystemServerTiming( 714): OnBootPhase_100_com.android.server.power.PowerManagerService
10-17 11:22:39.992 V/SystemServerTiming( 714): OnBootPhase_100_com.android.server.power.PowerManagerService took to complete: 0ms
10-17 11:22:39.992 D/SystemServerTiming( 714): OnBootPhase_100_com.android.server.power.ThermalManagerService
10-17 11:22:39.992 V/SystemServerTiming( 714): OnBootPhase_100_com.android.server.power.ThermalManagerService took to complete: 0ms
10-17 11:22:39.992 D/SystemServerTiming( 714): OnBootPhase_100_com.android.server.power.hint.HintManagerService
10-17 11:22:39.992 V/SystemServerTiming( 714): OnBootPhase_100_com.android.server.power.hint.HintManagerService took to complete: 0ms
10-17 11:22:39.992 D/SystemServerTiming( 714): OnBootPhase_100_com.android.server.recoverysystem.RecoverySystemService$Lifecycle
10-17 11:22:39.992 V/SystemServerTiming( 714): OnBootPhase_100_com.android.server.recoverysystem.RecoverySystemService$Lifecycle took to complete: 0ms
10-17 11:22:39.992 D/SystemServerTiming( 714): OnBootPhase_100_com.android.server.lights.LightsService
10-17 11:22:39.992 V/SystemServerTiming( 714): OnBootPhase_100_com.android.server.lights.LightsService took to complete: 0ms
10-17 11:22:39.992 D/SystemServerTiming( 714): OnBootPhase_100_com.android.server.display.DisplayManagerService
10-17 11:22:39.998 W/LocalDisplayAdapter( 714): DisplayModeSpecs base mode no longer available, using currently active mode.
10-17 11:22:40.010 I/DisplayDeviceRepository( 714): Display device added: DisplayDeviceInfo{"内置å±å¹•": uniqueId="local:4621527120592813323", 3840 x 2160, modeId 3, renderFrameRate 59.94006, defaultModeId 3, supportedModes [{id=1, width=1920, height=1080, fps=59.94006, alternativeRefreshRates=[], supportedHdrTypes=[2, 3]}, {id=2, width=1920, height=1080, fps=60.000004, alternativeRefreshRates=[], supportedHdrTypes=[2, 3]}, {id=3, width=3840, height=2160, fps=59.94006, alternativeRefreshRates=[], supportedHdrTypes=[2, 3]}, {id=4, width=3840, height=2160, fps=60.000004, alternativeRefreshRates=[], supportedHdrTypes=[2, 3]}, {id=5, width=3840, height=2160, fps=50.0, alternativeRefreshRates=[], supportedHdrTypes=[2, 3]}, {id=6, width=3840, height=2160, fps=29.97003, alternativeRefreshRates=[], supportedHdrTypes=[2, 3]}, {id=7, width=3840, height=2160, fps=30.000002, alternativeRefreshRates=[], supportedHdrTypes=[2, 3]}, {id=8, width=3840, height=2160, fps=25.0, alternativeRefreshRates=[], supportedHdrTypes=[2, 3]}, {id=9, width=3840, height=2160, fps=23.976025, alternativeRefreshRates=[], supportedHdrTypes=[2, 3]}, {id=10, width=3840, height=2160, fps=24.000002, alternativeRefreshRates=[], supportedHdrTypes=[2, 3]}, {id=11, width=1920, height=1080, fps=50.0, alternativeRefreshRates=[], supportedHdrTypes=[2, 3]}, {id=12, width=1920, height=1080, fps=29.97003, alternativeRefreshRates=[], supportedHdrTypes=[2, 3]}, {id=13, width=1920, height=1080, fps=30.000002, alternativeRefreshRates=[], supportedHdrTypes=[2, 3]}, {id=14, width=1920, height=1080, fps=23.976025, alternativeRefreshRates=[], supportedHdrTypes=[2, 3]}, {id=15, width=1920, height=1080, fps=24.000002, alternativeRefreshRates=[], supportedHdrTypes=[2, 3]}, {id=16, width=1280, height=720, fps=59.94006, alternativeRefreshRates=[], supportedHdrTypes=[2, 3]}, {id=17, width=1280, height=720, fps=60.000004, alternativeRefreshRates=[], supportedHdrTypes=[2, 3]}, {id=18, width=1280, height=720, fps=50.0, alternativeRefreshRates=[], supportedHdrTypes=[2, 3]}], colorMode 0, supportedColorModes [0], hdrCapabilities HdrCapabilities{mSupportedHdrTypes=[2, 3], mMaxLuminance=1000.0, mMaxAverageLuminance=1000.0, mMinLuminance=0.0}, allmSupported false, gameContentTypeSupported false, density 480, 81.28 x 80.682 dpi, appVsyncOff 2000000, presDeadline 13683333, touch INTERNAL, rotation 0, type INTERNAL, address {port=11, model=0x4022f66e26c4bd}, deviceProductInfo DeviceProductInfo{name=HUAWEI INC, manufacturerPnpId=HWV, productId=48, modelYear=2019, manufactureDate=null, connectionToSinkType=2}, state UNKNOWN, committedState UNKNOWN, frameRateOverride , brightnessMinimum 0.0, brightnessMaximum 1.0, brightnessDefault 0.39763778, hdrSdrRatio NaN, FLAG_ALLOWED_TO_BE_DEFAULT_DISPLAY, FLAG_ROTATES_WITH_CONTENT, FLAG_SECURE, FLAG_SUPPORTS_PROTECTED_BUFFERS, FLAG_TRUSTED, installOrientation 0, displayShape DisplayShape{ spec=-545313861 displayWidth=3840 displayHeight=2160 physicalPixelDisplaySizeRatio=1.0 rotation=0 offsetX=0 offsetY=0 scale=1.0}}
10-17 11:22:40.013 I/LogicalDisplayMapper( 714): Applying layout: [{dispId: 0(ON), displayGroupName: , addr: {port=11, model=0x4022f66e26c4bd}, mThermalBrightnessThrottlingMapId: null, mRefreshRateZoneId: null, mLeadDisplayId: -1, mLeadDisplayAddress: null, mThermalRefreshRateThrottlingMapId: null}], Previous layout: null
10-17 11:22:40.017 I/LogicalDisplayMapper( 714): Setting new display group 0 for display 0, from previous group: null
10-17 11:22:40.019 I/LogicalDisplayMapper( 714): Adding new display: 0: DisplayInfo{"内置å±å¹•", displayId 0, displayGroupId 0, FLAG_SECURE, FLAG_SUPPORTS_PROTECTED_BUFFERS, FLAG_TRUSTED, real 3840 x 2160, largest app 3840 x 2160, smallest app 3840 x 2160, appVsyncOff 2000000, presDeadline 13683333, mode 359.94006, defaultMode 3, modes [{id=1, width=1920, height=1080, fps=59.94006, alternativeRefreshRates=[], supportedHdrTypes=[2, 3]}, {id=2, width=1920, height=1080, fps=60.000004, alternativeRefreshRates=[], supportedHdrTypes=[2, 3]}, {id=3, width=3840, height=2160, fps=59.94006, alternativeRefreshRates=[], supportedHdrTypes=[2, 3]}, {id=4, width=3840, height=2160, fps=60.000004, alternativeRefreshRates=[], supportedHdrTypes=[2, 3]}, {id=5, width=3840, height=2160, fps=50.0, alternativeRefreshRates=[], supportedHdrTypes=[2, 3]}, {id=6, width=3840, height=2160, fps=29.97003, alternativeRefreshRates=[], supportedHdrTypes=[2, 3]}, {id=7, width=3840, height=2160, fps=30.000002, alternativeRefreshRates=[], supportedHdrTypes=[2, 3]}, {id=8, width=3840, height=2160, fps=25.0, alternativeRefreshRates=[], supportedHdrTypes=[2, 3]}, {id=9, width=3840, height=2160, fps=23.976025, alternativeRefreshRates=[], supportedHdrTypes=[2, 3]}, {id=10, width=3840, height=2160, fps=24.000002, alternativeRefreshRates=[], supportedHdrTypes=[2, 3]}, {id=11, width=1920, height=1080, fps=50.0, alternativeRefreshRates=[], supportedHdrTypes=[2, 3]}, {id=12, width=1920, height=1080, fps=29.97003, alternativeRefreshRates=[], supportedHdrTypes=[2, 3]}, {id=13, width=1920, height=1080, fps=30.000002, alternativeRefreshRates=[], supportedHdrTypes=[2, 3]}, {id=14, width=1920, height=1080, fps=23.976025, alternativeRefreshRates=[], supportedHdrTypes=[2, 3]}, {id=15, width=1920, height=1080, fps=24.000002, alternativeRefreshRates=[], supportedHdrTypes=[2, 3]}, {id=16, width=1280, height=720, fps=59.94006, alternativeRefreshRates=[], supportedHdrTypes=[2, 3]}, {id=17, width=1280, height=720, fps=60.000004, alternativeRefreshRates=[], supportedHdrTypes=[2, 3]}, {id=18, width=1280, height=720, fps=50.0, alternativeRefreshRates=[], supportedHdrTypes=[2, 3]}], hdrCapabilities HdrCapabilities{mSupportedHdrTypes=[2, 3], mMaxLuminance=1000.0, mMaxAverageLuminance=1000.0, mMinLuminance=0.0}, userDisabledHdrTypes [], minimalPostProcessingSupported false, rotation 0, state UNKNOWN, committedState UNKNOWN, type INTERNAL, uniqueId "local:4621527120592813323", app 3840 x 2160, density 480 (81.28 x 80.682) dpi, layerStack 0, colorMode 0, supportedColorModes [0], address {port=11, model=0x4022f66e26c4bd}, deviceProductInfo DeviceProductInfo{name=HUAWEI INC, manufacturerPnpId=HWV, productId=48, modelYear=2019, manufactureDate=null, connectionToSinkType=2}, removeMode 0, refreshRateOverride 0.0, brightnessMinimum 0.0, brightnessMaximum 1.0, brightnessDefault 0.39763778, installOrientation ROTATION_0, layoutLimitedRefreshRate null, hdrSdrRatio not_available, thermalRefreshRateThrottling {}, thermalBrightnessThrottlingDataId default}
10-17 11:22:40.021 W/android.permission.PermissionManager( 714): Missing ActivityManager; assuming 1000 holds android.permission.READ_DEVICE_CONFIG
10-17 11:22:40.036 V/SystemServerTiming( 714): OnBootPhase_100_com.android.server.display.DisplayManagerService took to complete: 44ms
10-17 11:22:40.036 V/SystemServerTiming( 714): OnBootPhase_100 took to complete: 45ms
10-17 11:22:40.036 V/SystemServerTiming( 714): WaitForDisplay took to complete: 45ms
10-17 11:22:40.037 D/SystemServerTiming( 714): StartDomainVerificationService
10-17 11:22:40.039 V/SystemServerTiming( 714): StartDomainVerificationService took to complete: 2ms
10-17 11:22:40.039 D/SystemServerTiming( 714): StartPackageManagerService
10-17 11:22:40.039 I/Watchdog( 714): Pausing HandlerChecker: main thread for reason: packagemanagermain. Pause count: 1
10-17 11:22:40.040 D/PackageManagerTiming( 714): create package manager
10-17 11:22:40.043 D/PackageManagerTiming( 714): createSubComponents
10-17 11:22:40.047 I/UserTypeFactory( 714): Creating custom user type com.android.tv.profile
10-17 11:22:40.055 I/UserManagerService( 714): Upgrading users from userVersion 11 to 11
10-17 11:22:40.069 V/PackageManagerTiming( 714): createSubComponents took to complete: 26ms
10-17 11:22:40.069 D/PackageManagerTiming( 714): addSharedUsers
10-17 11:22:40.070 V/PackageManagerTiming( 714): addSharedUsers took to complete: 0ms
10-17 11:22:40.072 D/PackageManagerTiming( 714): get system config
10-17 11:22:40.072 V/PackageManagerTiming( 714): get system config took to complete: 0ms
10-17 11:22:40.077 D/SELinuxMMAC( 714): Using policy file /system/etc/selinux/plat_mac_permissions.xml
10-17 11:22:40.080 D/SELinuxMMAC( 714): Using policy file /system_ext/etc/selinux/system_ext_mac_permissions.xml
10-17 11:22:40.080 D/SELinuxMMAC( 714): Using policy file /product/etc/selinux/product_mac_permissions.xml
10-17 11:22:40.081 D/SELinuxMMAC( 714): Using policy file /vendor/etc/selinux/vendor_mac_permissions.xml
10-17 11:22:40.082 D/PackageManagerTiming( 714): loadFallbacks
10-17 11:22:40.084 V/PackageManagerTiming( 714): loadFallbacks took to complete: 1ms
10-17 11:22:40.084 D/PackageManagerTiming( 714): read user settings
10-17 11:22:40.119 I/[1 T534 ..] [hdmitx( 0): ] hdmitx21_audio_mute_op: AUD_UNMUTE path=0x8000000
10-17 11:22:40.119 I/[1 T534 ..] [hdmitx( 0): ] audio state: AUDIO_UNMUTE
10-17 11:22:40.120 I/[1 T534 ..] [hdmitx( 0): ] hdmitx21_ext_set_audio_output enable:1
10-17 11:22:40.231 W/PackageManager( 714): No package known for package restrictions com.android.configinfrastructure
10-17 11:22:40.233 W/PackageManager( 714): No package known for package restrictions com.android.appsearch
10-17 11:22:40.236 W/PackageManager( 714): No package known for package restrictions com.android.adservices
10-17 11:22:40.239 W/PackageManager( 714): No package known for package restrictions com.android.scheduling
10-17 11:22:40.239 W/PackageManager( 714): No package known for package restrictions com.google.android.widevine.nonupdatable
10-17 11:22:40.239 W/PackageManager( 714): No package known for package restrictions com.android.permission
10-17 11:22:40.243 W/PackageManager( 714): No package known for package restrictions com.android.art
10-17 11:22:40.243 W/PackageManager( 714): No package known for package restrictions com.android.uwb
10-17 11:22:40.244 W/PackageManager( 714): No package known for package restrictions com.android.tethering
10-17 11:22:40.246 W/PackageManager( 714): No package known for package restrictions com.android.btservices
10-17 11:22:40.246 W/PackageManager( 714): No package known for package restrictions com.android.media.swcodec
10-17 11:22:40.247 W/PackageManager( 714): No package known for package restrictions com.android.conscrypt
10-17 11:22:40.251 W/PackageManager( 714): No package known for package restrictions com.android.adbd
10-17 11:22:40.251 W/PackageManager( 714): No package known for package restrictions com.android.i18n
10-17 11:22:40.251 W/PackageManager( 714): No package known for package restrictions com.android.rkpd
10-17 11:22:40.251 W/PackageManager( 714): No package known for package restrictions com.android.virt
10-17 11:22:40.251 W/PackageManager( 714): No package known for package restrictions com.android.wifi
10-17 11:22:40.253 W/PackageManager( 714): No package known for package restrictions com.android.runtime
10-17 11:22:40.253 W/PackageManager( 714): No package known for package restrictions com.android.devicelock
10-17 11:22:40.254 W/PackageManager( 714): No package known for package restrictions com.android.apex.cts.shim
10-17 11:22:40.255 W/PackageManager( 714): No package known for package restrictions com.android.neuralnetworks
10-17 11:22:40.256 W/PackageManager( 714): No package known for package restrictions com.android.healthfitness
10-17 11:22:40.260 W/PackageManager( 714): No package known for package restrictions com.android.resolv
10-17 11:22:40.260 W/PackageManager( 714): No package known for package restrictions com.android.sdkext
10-17 11:22:40.261 W/PackageManager( 714): No package known for package restrictions com.android.tzdata
10-17 11:22:40.261 W/PackageManager( 714): No package known for package restrictions com.android.vndk.v34
10-17 11:22:40.261 W/PackageManager( 714): No package known for package restrictions com.android.os.statsd
