10-17 11:23:28.795 W/exFFmpeg( 592): Invalid return value 0 for stream protocol
10-17 11:23:28.795 I/AmFFmpegExtractor( 592): checkInList: iswhite:0, mime:audio/ogg, type:1, id:86021 tag:0
10-17 11:23:28.795 I/AmFFmpegExtractor( 592): checkInList: iswhite:1, mime:audio/ogg, type:1, id:86021 tag:0
10-17 11:23:28.795 E/AmFFmpegExtractor( 592): codec_ctx->properties: 0
10-17 11:23:28.795 I/AmFFmpegExtractor( 592): checkSupportInList ret 1
10-17 11:23:28.798 I/AmFFmpegExtractor( 592): checkInList: iswhite:0, mime:audio/ogg, type:1, id:86021 tag:0
10-17 11:23:28.798 I/AmFFmpegExtractor( 592): checkInList: iswhite:1, mime:audio/ogg, type:1, id:86021 tag:0
10-17 11:23:28.798 E/AmFFmpegExtractor( 592): codec_ctx->properties: 0
10-17 11:23:28.798 I/AmFFmpegExtractor( 592): checkSupportInList ret 0
10-17 11:23:28.798 E/AmFFmpegExtractor( 592): vendor do not support
10-17 11:23:28.800 D/CCodecBufferChannel( 714): [c2.android.vorbis.decoder#745] MediaCodec discarded an unknown buffer
10-17 11:23:28.800 D/CCodecBufferChannel( 714): [c2.android.vorbis.decoder#745] MediaCodec discarded an unknown buffer
10-17 11:23:28.800 D/CCodecBufferChannel( 714): [c2.android.vorbis.decoder#745] MediaCodec discarded an unknown buffer
10-17 11:23:28.801 I/hw-BpHwBinder( 714): onLastStrongRef automatically unlinking death recipients
10-17 11:23:28.802 I/hw-BpHwBinder( 607): onLastStrongRef automatically unlinking death recipients
10-17 11:23:28.802 I/hw-BpHwBinder( 607): onLastStrongRef automatically unlinking death recipients
10-17 11:23:28.804 D/MediaCodec( 714): flushMediametrics
10-17 11:23:28.807 D/MediaCodecList( 714): codecHandlesFormat: no format, so no extra checks
10-17 11:23:28.808 D/CCodec ( 714): allocate(c2.android.vorbis.decoder)
10-17 11:23:28.809 I/CCodec ( 714): setting up 'default' as default (vendor) store
10-17 11:23:28.812 I/CCodec ( 714): Created component [c2.android.vorbis.decoder]
10-17 11:23:28.812 D/CCodecConfig( 714): read media type: audio/vorbis
10-17 11:23:28.814 D/ReflectedParamUpdater( 714): extent() != 1 for single value type: algo.buffers.max-count.values
10-17 11:23:28.814 D/ReflectedParamUpdater( 714): extent() != 1 for single value type: output.subscribed-indices.values
10-17 11:23:28.815 D/ReflectedParamUpdater( 714): extent() != 1 for single value type: input.buffers.allocator-ids.values
10-17 11:23:28.815 D/ReflectedParamUpdater( 714): extent() != 1 for single value type: output.buffers.allocator-ids.values
10-17 11:23:28.815 D/ReflectedParamUpdater( 714): extent() != 1 for single value type: algo.buffers.allocator-ids.values
10-17 11:23:28.815 D/ReflectedParamUpdater( 714): extent() != 1 for single value type: output.buffers.pool-ids.values
10-17 11:23:28.815 D/ReflectedParamUpdater( 714): extent() != 1 for single value type: algo.buffers.pool-ids.values
10-17 11:23:28.816 I/BLEAudioDrive_HV412( 460): fd:25 data len: 9 1
10-17 11:23:28.817 I/CCodecConfig( 714): query failed after returning 7 values (BAD_INDEX)
10-17 11:23:28.817 D/CCodecConfig( 714): c2 config diff is Dict {
10-17 11:23:28.817 D/CCodecConfig( 714): c2::u32 coded.bitrate.value = 64000
10-17 11:23:28.817 D/CCodecConfig( 714): c2::u32 input.buffers.max-size.value = 32768
10-17 11:23:28.817 D/CCodecConfig( 714): c2::u32 input.delay.value = 0
10-17 11:23:28.817 D/CCodecConfig( 714): string input.media-type.value = "audio/vorbis"
10-17 11:23:28.817 D/CCodecConfig( 714): string output.media-type.value = "audio/raw"
10-17 11:23:28.817 D/CCodecConfig( 714): c2::u32 raw.channel-count.value = 1
10-17 11:23:28.817 D/CCodecConfig( 714): c2::u32 raw.sample-rate.value = 48000
10-17 11:23:28.817 D/CCodecConfig( 714): }
10-17 11:23:28.819 I/SogouIME( 1904): onKeyUp: keyoCode=19
10-17 11:23:28.820 I/DefaultIMS( 1904): onKeyUp: keyoCode=19
10-17 11:23:28.822 D/MediaCodec( 714): flushMediametrics
10-17 11:23:28.823 D/CCodec ( 714): [c2.android.vorbis.decoder] buffers are bound to CCodec for this session
10-17 11:23:28.823 D/CCodecConfig( 714): no c2 equivalents for durationUs
10-17 11:23:28.823 D/CCodecConfig( 714): no c2 equivalents for track-id
10-17 11:23:28.823 D/CCodecConfig( 714): no c2 equivalents for csd-1
10-17 11:23:28.823 D/CCodecConfig( 714): no c2 equivalents for flags
10-17 11:23:28.823 D/CCodecConfig( 714): c2 config diff is c2::u32 coded.bitrate.value = 112000
10-17 11:23:28.823 D/CCodecConfig( 714): c2::u32 raw.channel-count.value = 2
10-17 11:23:28.823 D/CCodecConfig( 714): c2::u32 raw.sample-rate.value = 44100
10-17 11:23:28.824 W/Codec2Client( 714): query -- param skipped: index = 1107298332.
10-17 11:23:28.824 D/CCodec ( 714): encoding statistics level = 0
10-17 11:23:28.824 D/CCodec ( 714): setup formats input: AMessage(what = 0x00000000) = {
10-17 11:23:28.824 D/CCodec ( 714): int32_t bitrate = 112000
10-17 11:23:28.824 D/CCodec ( 714): int32_t channel-count = 2
10-17 11:23:28.824 D/CCodec ( 714): int32_t max-input-size = 32768
10-17 11:23:28.824 D/CCodec ( 714): string mime = "audio/vorbis"
10-17 11:23:28.824 D/CCodec ( 714): int32_t sample-rate = 44100
10-17 11:23:28.824 D/CCodec ( 714): }
10-17 11:23:28.824 D/CCodec ( 714): setup formats output: AMessage(what = 0x00000000) = {
10-17 11:23:28.824 D/CCodec ( 714): int32_t channel-count = 2
10-17 11:23:28.824 D/CCodec ( 714): string mime = "audio/raw"
10-17 11:23:28.824 D/CCodec ( 714): int32_t sample-rate = 44100
10-17 11:23:28.824 D/CCodec ( 714): int32_t channel-mask = 3
10-17 11:23:28.824 D/CCodec ( 714): int32_t android._config-pcm-encoding = 2
10-17 11:23:28.824 D/CCodec ( 714): }
10-17 11:23:28.825 I/CCodecConfig( 714): query failed after returning 7 values (BAD_INDEX)
10-17 11:23:28.826 W/Codec2Client( 714): query -- param skipped: index = 1342179345.
10-17 11:23:28.826 W/Codec2Client( 714): query -- param skipped: index = 2415921170.
10-17 11:23:28.827 D/CCodecBufferChannel( 714): [c2.android.vorbis.decoder#338] Created input block pool with allocatorID 16 => poolID 25 - OK (0)
10-17 11:23:28.828 I/CCodecBufferChannel( 714): [c2.android.vorbis.decoder#338] Created output block pool with allocatorID 16 => poolID 25 - OK
10-17 11:23:28.828 D/CCodecBufferChannel( 714): [c2.android.vorbis.decoder#338] Configured output block pool ids 25 => OK
10-17 11:23:28.828 I/C2VendorComponentStore( 466): setDmaBufUsage 5
10-17 11:23:28.830 D/SimpleC2Component( 607): Using output block pool with poolID 25 => got 25 - 0
10-17 11:23:28.835 I/C2VendorComponentStore( 466): setDmaBufUsage 5
10-17 11:23:28.856 D/CCodecBufferChannel( 714): [c2.android.vorbis.decoder#338] MediaCodec discarded an unknown buffer
10-17 11:23:28.856 D/CCodecBufferChannel( 714): [c2.android.vorbis.decoder#338] MediaCodec discarded an unknown buffer
10-17 11:23:28.858 I/hw-BpHwBinder( 714): onLastStrongRef automatically unlinking death recipients
10-17 11:23:28.858 I/hw-BpHwBinder( 607): onLastStrongRef automatically unlinking death recipients
10-17 11:23:28.858 I/hw-BpHwBinder( 607): onLastStrongRef automatically unlinking death recipients
10-17 11:23:28.859 D/MediaCodec( 714): flushMediametrics
10-17 11:23:28.952 I/BLEAudioDrive_HV412( 460): fd:25 data len: 9 1
10-17 11:23:28.959 W/AudioFlinger( 503): createTrack_l(): mismatch between requested flags (00000004) and output flags (00000002)
10-17 11:23:28.963 I/audio_hw_hal_primary( 460): [audiohal_get_latency:1044] io 13: out:0xf0b84a50 frames:1536 rate:48000 whole_latency:32 alsa_latency:32
10-17 11:23:28.979 I/audio_hw_device_patchmgr( 460): [register_audio_patch:733] Patch 1:id:1 mix(io:13)->dev_0[OUT_SPEAKER(id:2)] found, remove it, and register new patch.
10-17 11:23:28.979 I/audio_hw_device_patchmgr( 460): [unregister_audio_patch:677] delete the Patch: 1
10-17 11:23:28.979 I/audio_hw_hal_primary( 460): [aml_audio_output_routing:3725] cur_devices:0x2 unmute_devices:0x400, mute_devices:0x2
10-17 11:23:28.979 I/audio_hw_hal_primary( 460): [aml_audio_outport_enable:3638] all: 0x80002, pre:0x2, mute device: OUT_SPEAKER
10-17 11:23:28.980 D/audio_route( 460): Apply path: speaker_off
10-17 11:23:28.980 D/audio_hw_hal_resourcemgr( 460): [do_output_device_routing:603] [RM] device:0x2 avail_out_devices:400 routed_out_device:0x0 is_force:0
10-17 11:23:28.980 I/audio_hw_hal_primary( 460): [aml_audio_outport_enable:3713] dev=0xf0cc1940 cur_out_device=0x0/
10-17 11:23:28.980 I/audio_hw_hal_primary( 460): [aml_audio_outport_enable:3638] all: 0x80002, pre:0, unmute device: OUT_HDMI
10-17 11:23:28.980 D/audio_hw_hal_resourcemgr( 460): [set_output_device_avail:353] device:0x400 avail_out_devices:400 routed_out_devices:0x0
10-17 11:23:28.980 D/audio_hw_hal_resourcemgr( 460): [do_output_device_routing:603] [ADD] device:0x400 avail_out_devices:400 routed_out_device:0x400 is_force:0
10-17 11:23:28.980 D/audio_hw_hal_stream( 460): update_sink_format_after_hotplug() active stream 0xf0b84a50
10-17 11:23:28.980 D/audio_hw_hal_profile( 460): get_hdmi_sink_cap_new is running...
10-17 11:23:28.980 D/audio_hw_hal_profile( 460): query hdmi format...
10-17 11:23:28.980 D/audio_hw_hal_profile( 460): get_hdmi_sink_cap_new ddp is supported; ddp-joc(atmos) is unsupported;
10-17 11:23:28.980 I/audio_hw_hal_profile( 460): get_hdmi_sink_cap_new dts-hd vendor special byte3:0x1
10-17 11:23:28.980 I/audio_hw_hal_profile( 460): PCM cap Max channel =2
10-17 11:23:28.980 I/audio_hw_hal_stream( 460): get_sink_capability mbox+dvb case sink_capability = 0x24000000
10-17 11:23:28.980 I/audio_hw_hal_stream( 460): force ddp out =0
10-17 11:23:28.980 D/audio_hw_hal_profile( 460): get_hdmi_sink_cap_new is running...
10-17 11:23:28.981 D/audio_hw_hal_profile( 460): query hdmi format...
10-17 11:23:28.981 D/audio_hw_hal_profile( 460): get_hdmi_sink_cap_new ddp is supported; ddp-joc(atmos) is unsupported;
10-17 11:23:28.981 I/audio_hw_hal_profile( 460): get_hdmi_sink_cap_new dts-hd vendor special byte3:0x1
10-17 11:23:28.981 I/audio_hw_hal_profile( 460): PCM cap Max channel =2
10-17 11:23:28.981 I/audio_hw_hal_stream( 460): [get_sink_dts_capability:209] mbox+dvb case sink_capability: DTS_HD(0xc000000)
10-17 11:23:28.981 D/audio_hw_hal_profile( 460): get_hdmi_sink_cap_new is running...
10-17 11:23:28.981 D/audio_hw_hal_profile( 460): query hdmi format...
10-17 11:23:28.981 D/audio_hw_hal_profile( 460): get_hdmi_sink_cap_new ddp is supported; ddp-joc(atmos) is unsupported;
10-17 11:23:28.981 I/audio_hw_hal_profile( 460): get_hdmi_sink_cap_new dts-hd vendor special byte3:0x1
10-17 11:23:28.981 I/audio_hw_hal_profile( 460): PCM cap Max channel =2
10-17 11:23:28.981 I/audio_hw_hal_stream( 460): [get_sink_mpegh_capability:242] mbox+dvb case sink_capability: PCM_16_BIT(0x1)
10-17 11:23:28.981 D/audio_hw_hal_profile( 460): get_hdmi_sink_cap_new is running...
10-17 11:23:28.981 D/audio_hw_hal_profile( 460): [get_hdmi_sink_cap_new:1080] query hdmi sample_rate... format: PCM_16_BIT(0x1)
10-17 11:23:28.981 I/audio_hw_hal_profile( 460): get_hdmi_sink_cap_new format =0x1 support rate =sup_sampling_rates=32000|44100|48000
10-17 11:23:28.981 I/audio_hw_hal_stream( 460): pcm_fmt support sample_rate_mask:0x7
10-17 11:23:28.981 I/audio_hw_hal_stream( 460): get_sink_dv_capability : /sys/class/amhdmitx/amhdmitx0/hdmi_hdr_status = HDR10-GAMMA_ST2084
10-17 11:23:28.981 I/audio_hw_hal_stream( 460): get_sink_dv_capability : dv enable 0
10-17 11:23:28.981 I/audio_hw_hal_stream( 460): [get_sink_format:446] out:0xf0b84a50 out devices:0x80002 cur_out_devices:0 format:PCM_16_BIT(0x1) digital_mode(PCM) sink cap:MAT(0x24000000)
10-17 11:23:28.981 I/audio_hw_hal_stream( 460): get_sink_format() HDMI ARC or mbox + dvb case
10-17 11:23:28.981 I/audio_hw_hal_stream( 460): [get_sink_format:645] sink_format:PCM_16_BIT(0x1) max channel:2 optical_format:PCM_16_BIT(0x1) dual_output 0
10-17 11:23:28.981 I/audio_hw_hal_ms12common( 460): audiohal_send_msg_2_ms12 mesg_type:MS12_MESG_TYPE_RESET_MS12_ENCODER entry
10-17 11:23:28.981 I/audio_hw_hal_ms12common( 460): audiohal_send_msg_2_ms12 mesg_type:MS12_MESG_TYPE_RESET_MS12_ENCODER exit
10-17 11:23:28.981 D/audio_hw_hal_ms12common( 460): ms12_message_threadloop(), msg type: MS12_MESG_TYPE_RESET_MS12_ENCODER
10-17 11:23:28.981 I/audio_hw_hal_primary( 460): [aml_audio_outport_enable:3713] dev=0xf0cc1940 cur_out_device=0x400/HDMI,
10-17 11:23:28.982 I/audio_hw_device_patchmgr( 460): [patch_mgr_create_patch:871] Patch 3: MIX->DEVICE, num_src:1 num_sink:1 patch_src:INVAL
10-17 11:23:28.982 I/audio_hw_hal_ms12v2( 460): +dolby_ms12_encoder_reconfig()
10-17 11:23:28.982 I/audio_hw_device_patchmgr( 460): [patch_mgr_create_patch:875] sink[0]: OUT_HDMI(id:25)
10-17 11:23:28.982 I/audio_hw_device_patchmgr( 460): [patch_mgr_create_patch:909] Patch 3: mix(io:13) -> dev[OUT_HDMI(id:25)]
10-17 11:23:28.982 D/libdolbyms12( 460): mch_enable 0
10-17 11:23:28.982 D/audio_hw_hal_continuous_standby( 460): audio_continuous_standby_set, type 1, params 8
10-17 11:23:28.982 D/audio_hw_hal_ms12common( 460): ms12_message_threadloop mesg_list is empty, loop waiting......
10-17 11:23:28.982 I/audio_hw_hal_primary( 460): [adev_create_audio_patch:7637] dev=0xf0cc1940 cur_out_device=0x400
10-17 11:23:28.983 I/audio_hw_hal_primary( 460): [audiohal_get_latency:1044] io 13: out:0xf0b84a50 frames:2048 rate:48000 whole_latency:42 alsa_latency:42
10-17 11:23:28.984 D/libdolbyms12( 460): set runtime mch_enable 0
10-17 11:23:28.977 I/xm_hidread( 2512): type=1400 audit(0.0:903): avc: denied { read } for scontext=u:r:init:s0 tcontext=u:r:init:s0 tclass=netlink_kobject_uevent_socket permissive=1
10-17 11:23:28.985 D/UEventObserver( 1174): change@/devices/platform/auge_sound/sound/card0/controlC0À€ACTION=changeÀ€DEVPATH=/devices/platform/auge_sound/sound/card0/controlC0À€SUBSYSTEM=soundÀ€AUDIO_FORMAT=0À€MAJOR=116À€MINOR=18À€DEVNAME=snd/controlC0À€SEQNUM=3487À€
10-17 11:23:28.990 D/ShowHdrAudioLogoService( 1174): receive broadcast, audio format:0
10-17 11:23:28.992 D/ShowHdrAudioLogoService( 1174): clearContent
10-17 11:23:28.997 I/audio_hw_hal_primary( 460): out_update_source_metadata_v7() line 1751 usage:1 content_type:2
10-17 11:23:28.998 I/audio_hw_hal_primary( 460): [out_write_new:7126] io 13: out:0xf0b84a50 streamType:PCM_NORMAL, standby
10-17 11:23:28.998 D/audio_hw_hal_ms12v2( 460): set_dolby_ms12_continuous_state audio_continuous_standby_set status 0
10-17 11:23:28.998 D/audio_hw_hal_continuous_standby( 460): audio_continuous_standby_set, type 0, params 0
10-17 11:23:28.998 I/audio_hw_hal_ms12common( 460): aml_set_ms12_scheduler_state ms12_scheduler_state:0, sch_state:0 SCHEDULER_RUNNING is sent to ms12
10-17 11:23:28.998 I/audio_hw_hal_stream( 460): mixer_aux_buffer_write_wrap in_frames 960, input_cache_frames 960
10-17 11:23:28.999 I/audio_hw_hal_primary( 460): [out_write_new:7126] io 13: out:0xf0b84a50 streamType:PCM_NORMAL, standby
10-17 11:23:28.999 I/audio_hw_hal_primary( 460): [mixer_aux_buffer_write:6461] io 13: out:0xf0b84a50 streamType:PCM_NORMAL standby to unstandby
10-17 11:23:28.999 I/SogouIME( 1904): onKeyDown: keyoCode=19
10-17 11:23:28.999 I/audio_hw_hal_primary( 460): mixer_aux_buffer_write(), digital audio format updated, current PCM
10-17 11:23:28.999 I/audio_hw_hal_primary( 460): mixer_aux_buffer_write(), output routing changed from 0x2 to 0x400,need MS12 reconfig output
10-17 11:23:28.999 D/audio_hw_hal_profile( 460): get_hdmi_sink_cap_new is running...
10-17 11:23:28.999 I/DefaultIMS( 1904): onKeyDown: keyoCode=19
10-17 11:23:28.999 D/audio_hw_hal_profile( 460): query hdmi format...
10-17 11:23:29.000 D/audio_hw_hal_profile( 460): get_hdmi_sink_cap_new ddp is supported; ddp-joc(atmos) is unsupported;
10-17 11:23:29.000 I/audio_hw_hal_profile( 460): get_hdmi_sink_cap_new dts-hd vendor special byte3:0x1
10-17 11:23:29.000 I/audio_hw_hal_profile( 460): PCM cap Max channel =2
10-17 11:23:29.000 I/audio_hw_hal_stream( 460): get_sink_capability mbox+dvb case sink_capability = 0x24000000
10-17 11:23:29.000 I/audio_hw_hal_stream( 460): force ddp out =0
10-17 11:23:29.000 D/audio_hw_hal_profile( 460): get_hdmi_sink_cap_new is running...
10-17 11:23:29.000 D/audio_hw_hal_profile( 460): query hdmi format...
10-17 11:23:29.000 D/audio_hw_hal_profile( 460): get_hdmi_sink_cap_new ddp is supported; ddp-joc(atmos) is unsupported;
10-17 11:23:29.000 I/audio_hw_hal_profile( 460): get_hdmi_sink_cap_new dts-hd vendor special byte3:0x1
10-17 11:23:29.000 I/audio_hw_hal_profile( 460): PCM cap Max channel =2
10-17 11:23:29.000 I/audio_hw_hal_stream( 460): [get_sink_dts_capability:209] mbox+dvb case sink_capability: DTS_HD(0xc000000)
10-17 11:23:29.000 D/audio_hw_hal_profile( 460): get_hdmi_sink_cap_new is running...
10-17 11:23:29.000 D/audio_hw_hal_profile( 460): query hdmi format...
10-17 11:23:29.000 D/audio_hw_hal_profile( 460): get_hdmi_sink_cap_new ddp is supported; ddp-joc(atmos) is unsupported;
10-17 11:23:29.000 I/audio_hw_hal_profile( 460): get_hdmi_sink_cap_new dts-hd vendor special byte3:0x1
10-17 11:23:29.000 I/audio_hw_hal_profile( 460): PCM cap Max channel =2
10-17 11:23:29.000 I/audio_hw_hal_stream( 460): [get_sink_mpegh_capability:242] mbox+dvb case sink_capability: PCM_16_BIT(0x1)
10-17 11:23:29.000 D/audio_hw_hal_profile( 460): get_hdmi_sink_cap_new is running...
10-17 11:23:29.000 D/audio_hw_hal_profile( 460): [get_hdmi_sink_cap_new:1080] query hdmi sample_rate... format: PCM_16_BIT(0x1)
10-17 11:23:29.000 I/audio_hw_hal_profile( 460): get_hdmi_sink_cap_new format =0x1 support rate =sup_sampling_rates=32000|44100|48000
10-17 11:23:29.000 I/audio_hw_hal_stream( 460): pcm_fmt support sample_rate_mask:0x7
10-17 11:23:29.000 I/audio_hw_hal_stream( 460): get_sink_dv_capability : /sys/class/amhdmitx/amhdmitx0/hdmi_hdr_status = HDR10-GAMMA_ST2084
10-17 11:23:29.000 I/audio_hw_hal_stream( 460): get_sink_dv_capability : dv enable 0
10-17 11:23:29.000 I/audio_hw_hal_stream( 460): [get_sink_format:446] out:0xf0b84a50 out devices:0x80002 cur_out_devices:0x400 format:PCM_16_BIT(0x1) digital_mode(PCM) sink cap:MAT(0x24000000)
10-17 11:23:29.000 I/audio_hw_hal_stream( 460): get_sink_format() HDMI ARC or mbox + dvb case
10-17 11:23:29.000 I/audio_hw_hal_stream( 460): [get_sink_format:645] sink_format:PCM_16_BIT(0x1) max channel:2 optical_format:PCM_16_BIT(0x1) dual_output 0
10-17 11:23:29.000 I/audio_hw_hal_primary( 460): [config_output:5717] out:0xf0b84a50 hal_internal_format:PCM_16_BIT(0x1) dolby_lib_type: 2 reset_decoder 1 rate =48000 ch=2
10-17 11:23:29.000 I/audio_hw_hal_primary( 460): continuous_mode(adev) 1 ms12->dolby_ms12_enable 1
10-17 11:23:29.000 I/audio_hw_hal_ms12common( 460): audiohal_send_msg_2_ms12 mesg_type:MS12_MESG_TYPE_RESET_MS12_ENCODER entry
10-17 11:23:29.000 D/audio_hw_hal_ms12common( 460): ms12_message_threadloop(), msg type: MS12_MESG_TYPE_RESET_MS12_ENCODER
10-17 11:23:29.000 I/audio_hw_hal_ms12v2( 460): +dolby_ms12_encoder_reconfig()
10-17 11:23:29.000 D/libdolbyms12( 460): mch_enable 0
10-17 11:23:29.000 D/audio_hw_hal_continuous_standby( 460): audio_continuous_standby_set, type 1, params 8
10-17 11:23:29.001 D/audio_hw_hal_ms12common( 460): ms12_message_threadloop mesg_list is empty, loop waiting......
10-17 11:23:29.001 I/audio_hw_hal_ms12common( 460): audiohal_send_msg_2_ms12 mesg_type:MS12_MESG_TYPE_RESET_MS12_ENCODER exit
10-17 11:23:29.001 I/audio_hw_hal_primary( 460): [config_output:5910] out stream alsa port device:1
10-17 11:23:29.001 E/audio_hw_hal_virtualbuf( 460): ms12 system input underrun happens read=46853202480 write=1500000000 diff=45353202480
10-17 11:23:29.001 D/libdolbyms12( 460): set runtime mch_enable 0
10-17 11:23:29.006 I/libdolbyms12( 460): handle=0xf0e840d0 continuous fade mute begin duration=32, incnt 5
10-17 11:23:29.006 I/libdolbyms12( 460): eTagContinuousState 0, eCurContinuousState 6, s32InCnt 5
10-17 11:23:29.029 I/audio_hw_hal_stream( 460): aml_stream_out_info_print: out:0xf0b84a50, stream_type:pcm, sync_mode:non tunnel, input_size:291840 bytes
10-17 11:23:29.029 I/audio_hw_hal_stream( 460): aml_stream_out_info_print: last_time:13364 ms (sec:13, nsec:364452422), last_position:1434 ms (68848), cur_time:58795 ms (sec:58, nsec:795029151), cur_position:1455 ms (69872)
10-17 11:23:29.029 I/audio_hw_hal_stream( 460): aml_stream_out_info_print: time_gap:45431 ms (thr:100 ms), position_gap:21 ms, delay:64 ms, jitter: Position gap is behind system time gap by 45410 ms (thr:100 ms)
10-17 11:23:29.043 I/libdolbyms12( 460): handle=0xf0e840d0 continuous fade in begin duration=32, incnt 5
10-17 11:23:29.043 I/libdolbyms12( 460): eTagContinuousState 0, eCurContinuousState 5, s32InCnt 5
10-17 11:23:29.079 I/libdolbyms12( 460): eTagContinuousState 0, eCurContinuousState 0, s32InCnt 5
10-17 11:23:29.087 D/audio_hw_hal_stream( 460): update_audio_hal_info() audio hal format change to 1, atmos flag = 0, is_dolby_atmos = 0, dts_hp_x = 0, update_type = 0 is_dolby_atmos_off = 1 virtual_bass_enable 0
10-17 11:23:29.087 I/BLEAudioDrive_HV412( 460): fd:25 data len: 9 1
10-17 11:23:29.087 D/audio_hw_hal_stream( 460): update_audio_hal_info() cur_out_devices 0x400, dap_bypass_enable = 0, is_ms12_tuning_dat = 0, dolby_ms12_enable = 1, output_config = 0x28
10-17 11:23:29.087 D/UEventObserver( 1174): change@/devices/platform/auge_sound/sound/card0/controlC0À€ACTION=changeÀ€DEVPATH=/devices/platform/auge_sound/sound/card0/controlC0À€SUBSYSTEM=soundÀ€AUDIO_FORMAT=0À€MAJOR=116À€MINOR=18À€DEVNAME=snd/controlC0À€SEQNUM=3488À€
10-17 11:23:29.089 I/SogouIME( 1904): onKeyUp: keyoCode=19
10-17 11:23:29.089 I/DefaultIMS( 1904): onKeyUp: keyoCode=19
10-17 11:23:29.092 D/ShowHdrAudioLogoService( 1174): receive broadcast, audio format:0
10-17 11:23:29.092 D/ShowHdrAudioLogoService( 1174): clearContent
10-17 11:23:29.165 I/audio_hw_hal_primary( 460): [audiohal_get_latency:1044] io 13: out:0xf0b84a50 frames:1280 rate:48000 whole_latency:26 alsa_latency:26
10-17 11:23:29.176 I/audio_hw_hal_primary( 460): [audiohal_get_latency:1044] io 13: out:0xf0b84a50 frames:1280 rate:48000 whole_latency:26 alsa_latency:26
10-17 11:23:29.184 I/audio_hw_hal_primary( 460): [audiohal_get_latency:1044] io 13: out:0xf0b84a50 frames:1152 rate:48000 whole_latency:24 alsa_latency:24
10-17 11:23:29.194 I/audio_hw_hal_primary( 460): [audiohal_get_latency:1044] io 13: out:0xf0b84a50 frames:1152 rate:48000 whole_latency:24 alsa_latency:24
10-17 11:23:29.203 I/audio_hw_hal_primary( 460): [audiohal_get_latency:1044] io 13: out:0xf0b84a50 frames:1280 rate:48000 whole_latency:26 alsa_latency:26
10-17 11:23:29.214 I/audio_hw_hal_primary( 460): [audiohal_get_latency:1044] io 13: out:0xf0b84a50 frames:1280 rate:48000 whole_latency:26 alsa_latency:26
10-17 11:23:29.222 I/audio_hw_hal_primary( 460): [audiohal_get_latency:1044] io 13: out:0xf0b84a50 frames:1152 rate:48000 whole_latency:24 alsa_latency:24
10-17 11:23:29.233 I/audio_hw_hal_primary( 460): [audiohal_get_latency:1044] io 13: out:0xf0b84a50 frames:1152 rate:48000 whole_latency:24 alsa_latency:24
10-17 11:23:29.242 I/audio_hw_hal_primary( 460): [audiohal_get_latency:1044] io 13: out:0xf0b84a50 frames:1152 rate:48000 whole_latency:24 alsa_latency:24
10-17 11:23:29.469 I/BLEAudioDrive_HV412( 460): fd:25 data len: 9 1
10-17 11:23:29.485 I/audio_hw_device_patchmgr( 460): [register_audio_patch:728] Patch 3:id:3 mix(io:13)->dev_0[OUT_HDMI(id:25)] found, register the same patch, do nothing.
10-17 11:23:29.485 I/audio_hw_device_patchmgr( 460): [patch_mgr_create_patch:871] Patch 3: MIX->DEVICE, num_src:1 num_sink:1 patch_src:INVAL
10-17 11:23:29.485 I/audio_hw_device_patchmgr( 460): [patch_mgr_create_patch:875] sink[0]: OUT_HDMI(id:25)
10-17 11:23:29.485 I/audio_hw_device_patchmgr( 460): [patch_mgr_create_patch:909] Patch 3: mix(io:13) -> dev[OUT_HDMI(id:25)]
10-17 11:23:29.485 I/audio_hw_hal_primary( 460): [adev_create_audio_patch:7637] dev=0xf0cc1940 cur_out_device=0x400
10-17 11:23:29.485 D/UEventObserver( 1174): change@/devices/platform/auge_sound/sound/card0/controlC0À€ACTION=changeÀ€DEVPATH=/devices/platform/auge_sound/sound/card0/controlC0À€SUBSYSTEM=soundÀ€AUDIO_FORMAT=0À€MAJOR=116À€MINOR=18À€DEVNAME=snd/controlC0À€SEQNUM=3489À€
10-17 11:23:29.490 D/ShowHdrAudioLogoService( 1174): receive broadcast, audio format:0
10-17 11:23:29.490 D/ShowHdrAudioLogoService( 1174): clearContent
10-17 11:23:29.494 I/SogouIME( 1904): onKeyDown: keyoCode=22
10-17 11:23:29.494 I/DefaultIMS( 1904): onKeyDown: keyoCode=22
10-17 11:23:29.496 I/audio_hw_hal_primary( 460): out_update_source_metadata_v7() line 1751 usage:1 content_type:2
10-17 11:23:29.509 W/AudioFlinger( 503): createTrack_l(): mismatch between requested flags (00000004) and output flags (00000002)
10-17 11:23:29.513 I/audio_hw_hal_primary( 460): [audiohal_get_latency:1044] io 13: out:0xf0b84a50 frames:1280 rate:48000 whole_latency:26 alsa_latency:26
10-17 11:23:29.533 I/audio_hw_device_patchmgr( 460): [register_audio_patch:728] Patch 3:id:3 mix(io:13)->dev_0[OUT_HDMI(id:25)] found, register the same patch, do nothing.
10-17 11:23:29.533 I/audio_hw_device_patchmgr( 460): [patch_mgr_create_patch:871] Patch 3: MIX->DEVICE, num_src:1 num_sink:1 patch_src:INVAL
10-17 11:23:29.533 I/audio_hw_device_patchmgr( 460): [patch_mgr_create_patch:875] sink[0]: OUT_HDMI(id:25)
10-17 11:23:29.533 I/audio_hw_device_patchmgr( 460): [patch_mgr_create_patch:909] Patch 3: mix(io:13) -> dev[OUT_HDMI(id:25)]
10-17 11:23:29.533 D/UEventObserver( 1174): change@/devices/platform/auge_sound/sound/card0/controlC0À€ACTION=changeÀ€DEVPATH=/devices/platform/auge_sound/sound/card0/controlC0À€SUBSYSTEM=soundÀ€AUDIO_FORMAT=0À€MAJOR=116À€MINOR=18À€DEVNAME=snd/controlC0À€SEQNUM=3490À€
10-17 11:23:29.533 I/audio_hw_hal_primary( 460): [adev_create_audio_patch:7637] dev=0xf0cc1940 cur_out_device=0x400
10-17 11:23:29.535 I/audio_hw_hal_primary( 460): out_update_source_metadata_v7() line 1751 usage:1 content_type:2
10-17 11:23:29.536 D/ShowHdrAudioLogoService( 1174): receive broadcast, audio format:0
10-17 11:23:29.536 D/ShowHdrAudioLogoService( 1174): clearContent
10-17 11:23:29.553 I/audio_hw_hal_primary( 460): out_update_source_metadata_v7() line 1751 usage:13 content_type:4
10-17 11:23:29.570 I/BLEAudioDrive_HV412( 460): fd:25 data len: 9 1
10-17 11:23:29.572 I/SogouIME( 1904): onKeyUp: keyoCode=22
10-17 11:23:29.572 I/DefaultIMS( 1904): onKeyUp: keyoCode=22
10-17 11:23:29.602 D/ActivityManager( 714): freezing 2069 com.android.providers.tv
10-17 11:23:29.629 D/audio_hw_hal_stream( 460): update_audio_hal_info() audio hal format change to 1, atmos flag = 0, is_dolby_atmos = 0, dts_hp_x = 0, update_type = 0 is_dolby_atmos_off = 1 virtual_bass_enable 0
10-17 11:23:29.629 D/audio_hw_hal_stream( 460): update_audio_hal_info() cur_out_devices 0x400, dap_bypass_enable = 0, is_ms12_tuning_dat = 0, dolby_ms12_enable = 1, output_config = 0x28
10-17 11:23:29.630 D/UEventObserver( 1174): change@/devices/platform/auge_sound/sound/card0/controlC0À€ACTION=changeÀ€DEVPATH=/devices/platform/auge_sound/sound/card0/controlC0À€SUBSYSTEM=soundÀ€AUDIO_FORMAT=0À€MAJOR=116À€MINOR=18À€DEVNAME=snd/controlC0À€SEQNUM=3491À€
10-17 11:23:29.632 D/ShowHdrAudioLogoService( 1174): receive broadcast, audio format:0
10-17 11:23:29.633 D/ShowHdrAudioLogoService( 1174): clearContent
10-17 11:23:29.649 I/audio_hw_hal_primary( 460): [audiohal_get_latency:1044] io 13: out:0xf0b84a50 frames:1152 rate:48000 whole_latency:24 alsa_latency:24
10-17 11:23:29.660 I/BLEAudioDrive_HV412( 460): fd:25 data len: 9 1
10-17 11:23:29.666 W/AudioFlinger( 503): createTrack_l(): mismatch between requested flags (00000004) and output flags (00000002)
10-17 11:23:29.669 I/audio_hw_hal_primary( 460): [audiohal_get_latency:1044] io 13: out:0xf0b84a50 frames:1152 rate:48000 whole_latency:24 alsa_latency:24
10-17 11:23:29.669 I/audio_hw_hal_primary( 460): [audiohal_get_latency:1044] io 13: out:0xf0b84a50 frames:1152 rate:48000 whole_latency:24 alsa_latency:24
10-17 11:23:29.674 I/SogouIME( 1904): onKeyDown: keyoCode=22
10-17 11:23:29.674 I/DefaultIMS( 1904): onKeyDown: keyoCode=22
10-17 11:23:29.688 I/audio_hw_hal_primary( 460): [audiohal_get_latency:1044] io 13: out:0xf0b84a50 frames:1280 rate:48000 whole_latency:26 alsa_latency:26
10-17 11:23:29.688 I/audio_hw_hal_primary( 460): out_update_source_metadata_v7() line 1751 usage:13 content_type:4
10-17 11:23:29.707 I/audio_hw_hal_primary( 460): [audiohal_get_latency:1044] io 13: out:0xf0b84a50 frames:1152 rate:48000 whole_latency:24 alsa_latency:24
10-17 11:23:29.727 I/audio_hw_hal_primary( 460): [audiohal_get_latency:1044] io 13: out:0xf0b84a50 frames:1280 rate:48000 whole_latency:26 alsa_latency:26
10-17 11:23:29.746 I/audio_hw_hal_primary( 460): [audiohal_get_latency:1044] io 13: out:0xf0b84a50 frames:1024 rate:48000 whole_latency:21 alsa_latency:21
10-17 11:23:29.762 I/BLEAudioDrive_HV412( 460): fd:25 data len: 9 1
10-17 11:23:29.764 I/SogouIME( 1904): onKeyUp: keyoCode=22
10-17 11:23:29.764 I/DefaultIMS( 1904): onKeyUp: keyoCode=22
10-17 11:23:29.765 I/audio_hw_hal_primary( 460): [audiohal_get_latency:1044] io 13: out:0xf0b84a50 frames:1152 rate:48000 whole_latency:24 alsa_latency:24
10-17 11:23:29.785 I/audio_hw_hal_primary( 460): [audiohal_get_latency:1044] io 13: out:0xf0b84a50 frames:1280 rate:48000 whole_latency:26 alsa_latency:26
10-17 11:23:29.785 I/audio_hw_hal_primary( 460): [audiohal_get_latency:1044] io 13: out:0xf0b84a50 frames:1280 rate:48000 whole_latency:26 alsa_latency:26
10-17 11:23:29.786 I/audio_hw_hal_primary( 460): out_update_source_metadata_v7() line 1751 usage:13 content_type:4
10-17 11:23:29.804 I/audio_hw_hal_primary( 460): [audiohal_get_latency:1044] io 13: out:0xf0b84a50 frames:1152 rate:48000 whole_latency:24 alsa_latency:24
10-17 11:23:29.823 I/audio_hw_hal_primary( 460): [audiohal_get_latency:1044] io 13: out:0xf0b84a50 frames:1152 rate:48000 whole_latency:24 alsa_latency:24
10-17 11:23:29.843 I/audio_hw_hal_primary( 460): [audiohal_get_latency:1044] io 13: out:0xf0b84a50 frames:1024 rate:48000 whole_latency:21 alsa_latency:21
10-17 11:23:29.862 I/audio_hw_hal_primary( 460): [audiohal_get_latency:1044] io 13: out:0xf0b84a50 frames:1152 rate:48000 whole_latency:24 alsa_latency:24
10-17 11:23:29.882 I/audio_hw_hal_primary( 460): [audiohal_get_latency:1044] io 13: out:0xf0b84a50 frames:1152 rate:48000 whole_latency:24 alsa_latency:24
10-17 11:23:29.882 I/audio_hw_hal_primary( 460): [audiohal_get_latency:1044] io 13: out:0xf0b84a50 frames:1152 rate:48000 whole_latency:24 alsa_latency:24
10-17 11:23:29.883 I/audio_hw_hal_primary( 460): out_update_source_metadata_v7() line 1751 usage:1 content_type:2
10-17 11:23:29.894 I/audio_hw_hal_primary( 460): [audiohal_get_latency:1044] io 13: out:0xf0b84a50 frames:1152 rate:48000 whole_latency:24 alsa_latency:24
10-17 11:23:29.900 I/audio_hw_hal_primary( 460): [audiohal_get_latency:1044] io 13: out:0xf0b84a50 frames:1024 rate:48000 whole_latency:21 alsa_latency:21
10-17 11:23:29.911 I/audio_hw_hal_primary( 460): [audiohal_get_latency:1044] io 13: out:0xf0b84a50 frames:1024 rate:48000 whole_latency:21 alsa_latency:21
10-17 11:23:29.920 I/audio_hw_hal_primary( 460): [audiohal_get_latency:1044] io 13: out:0xf0b84a50 frames:1152 rate:48000 whole_latency:24 alsa_latency:24
10-17 11:23:29.931 I/audio_hw_hal_primary( 460): [audiohal_get_latency:1044] io 13: out:0xf0b84a50 frames:1152 rate:48000 whole_latency:24 alsa_latency:24
10-17 11:23:29.940 I/audio_hw_hal_primary( 460): [audiohal_get_latency:1044] io 13: out:0xf0b84a50 frames:1280 rate:48000 whole_latency:26 alsa_latency:26
10-17 11:23:29.950 I/audio_hw_hal_primary( 460): [audiohal_get_latency:1044] io 13: out:0xf0b84a50 frames:1024 rate:48000 whole_latency:21 alsa_latency:21
10-17 11:23:29.959 I/audio_hw_hal_primary( 460): [audiohal_get_latency:1044] io 13: out:0xf0b84a50 frames:1152 rate:48000 whole_latency:24 alsa_latency:24
10-17 11:23:29.969 I/audio_hw_hal_primary( 460): [audiohal_get_latency:1044] io 13: out:0xf0b84a50 frames:1152 rate:48000 whole_latency:24 alsa_latency:24
10-17 11:23:29.978 I/audio_hw_hal_primary( 460): [audiohal_get_latency:1044] io 13: out:0xf0b84a50 frames:1152 rate:48000 whole_latency:24 alsa_latency:24
10-17 11:23:30.099 I/BLEAudioDrive_HV412( 460): fd:25 data len: 9 1
10-17 11:23:30.117 I/audio_hw_device_patchmgr( 460): [register_audio_patch:728] Patch 3:id:3 mix(io:13)->dev_0[OUT_HDMI(id:25)] found, register the same patch, do nothing.
10-17 11:23:30.118 I/audio_hw_device_patchmgr( 460): [patch_mgr_create_patch:871] Patch 3: MIX->DEVICE, num_src:1 num_sink:1 patch_src:INVAL
10-17 11:23:30.118 I/audio_hw_device_patchmgr( 460): [patch_mgr_create_patch:875] sink[0]: OUT_HDMI(id:25)
10-17 11:23:30.118 I/audio_hw_device_patchmgr( 460): [patch_mgr_create_patch:909] Patch 3: mix(io:13) -> dev[OUT_HDMI(id:25)]
10-17 11:23:30.118 D/UEventObserver( 1174): change@/devices/platform/auge_sound/sound/card0/controlC0À€ACTION=changeÀ€DEVPATH=/devices/platform/auge_sound/sound/card0/controlC0À€SUBSYSTEM=soundÀ€AUDIO_FORMAT=0À€MAJOR=116À€MINOR=18À€DEVNAME=snd/controlC0À€SEQNUM=3492À€
10-17 11:23:30.118 I/audio_hw_hal_primary( 460): [adev_create_audio_patch:7637] dev=0xf0cc1940 cur_out_device=0x400
10-17 11:23:30.122 D/ShowHdrAudioLogoService( 1174): receive broadcast, audio format:0
10-17 11:23:30.122 D/ShowHdrAudioLogoService( 1174): clearContent
10-17 11:23:30.127 I/audio_hw_hal_primary( 460): out_update_source_metadata_v7() line 1751 usage:1 content_type:2
10-17 11:23:30.128 I/SogouIME( 1904): onKeyDown: keyoCode=23
10-17 11:23:30.128 I/DefaultIMS( 1904): onKeyDown: keyoCode=23
10-17 11:23:30.200 I/BLEAudioDrive_HV412( 460): fd:25 data len: 9 1
10-17 11:23:30.202 I/SogouIME( 1904): onKeyUp: keyoCode=23
10-17 11:23:30.202 I/DefaultIMS( 1904): onKeyUp: keyoCode=23
10-17 11:23:30.206 D/CompatibilityChangeReporter( 714): Compat change id reported: 265464455; UID 1000; state: DISABLED
10-17 11:23:30.206 D/CompatibilityChangeReporter( 714): Compat change id reported: 265452344; UID 1000; state: DISABLED
10-17 11:23:30.207 D/CompatibilityChangeReporter( 714): Compat change id reported: 266124927; UID 1000; state: DISABLED
10-17 11:23:30.207 D/CompatibilityChangeReporter( 714): Compat change id reported: 265451093; UID 1000; state: DISABLED
10-17 11:23:30.207 D/CompatibilityChangeReporter( 714): Compat change id reported: 265456536; UID 1000; state: DISABLED
10-17 11:23:30.207 D/CompatibilityChangeReporter( 714): Compat change id reported: 255940284; UID 1000; state: DISABLED
10-17 11:23:30.207 D/CompatibilityChangeReporter( 714): Compat change id reported: 236283604; UID 1000; state: DISABLED
10-17 11:23:30.208 D/CompatibilityChangeReporter( 714): Compat change id reported: 263959004; UID 1000; state: DISABLED
10-17 11:23:30.208 D/CompatibilityChangeReporter( 714): Compat change id reported: 264304459; UID 1000; state: DISABLED
10-17 11:23:30.208 D/CompatibilityChangeReporter( 714): Compat change id reported: 264301586; UID 1000; state: DISABLED
10-17 11:23:30.208 D/CompatibilityChangeReporter( 714): Compat change id reported: 254631730; UID 1000; state: DISABLED
10-17 11:23:30.208 D/CompatibilityChangeReporter( 714): Compat change id reported: 273509367; UID 1000; state: DISABLED
10-17 11:23:30.209 D/CompatibilityChangeReporter( 714): Compat change id reported: 263259275; UID 1000; state: DISABLED
10-17 11:23:30.209 D/CompatibilityChangeReporter( 714): Compat change id reported: 174042980; UID 1000; state: DISABLED
10-17 11:23:30.209 D/CompatibilityChangeReporter( 714): Compat change id reported: 174042936; UID 1000; state: DISABLED
10-17 11:23:30.209 D/CompatibilityChangeReporter( 714): Compat change id reported: 181136395; UID 1000; state: DISABLED
10-17 11:23:30.214 D/CompatibilityChangeReporter( 714): Compat change id reported: 194480991; UID 1000; state: ENABLED
10-17 11:23:30.217 D/audio_hw_hal_stream( 460): update_audio_hal_info() audio hal format change to 1, atmos flag = 0, is_dolby_atmos = 0, dts_hp_x = 0, update_type = 0 is_dolby_atmos_off = 1 virtual_bass_enable 0
10-17 11:23:30.217 D/audio_hw_hal_stream( 460): update_audio_hal_info() cur_out_devices 0x400, dap_bypass_enable = 0, is_ms12_tuning_dat = 0, dolby_ms12_enable = 1, output_config = 0x28
10-17 11:23:30.217 E/CellBroadcastUtils( 714): getDefaultCellBroadcastReceiverPackageName: no package found
10-17 11:23:30.217 D/UEventObserver( 1174): change@/devices/platform/auge_sound/sound/card0/controlC0À€ACTION=changeÀ€DEVPATH=/devices/platform/auge_sound/sound/card0/controlC0À€SUBSYSTEM=soundÀ€AUDIO_FORMAT=0À€MAJOR=116À€MINOR=18À€DEVNAME=snd/controlC0À€SEQNUM=3493À€
10-17 11:23:30.220 D/ShowHdrAudioLogoService( 1174): receive broadcast, audio format:0
10-17 11:23:30.220 D/ShowHdrAudioLogoService( 1174): clearContent
10-17 11:23:30.225 D/CompatibilityChangeReporter( 714): Compat change id reported: 197654537; UID 1000; state: ENABLED
10-17 11:23:30.228 V/SplashScreenExceptionList( 714): SplashScreen checking exception for package com.dangbei.haqusetting (target sdk:31) -> false
10-17 11:23:30.229 D/CompatibilityChangeReporter( 714): Compat change id reported: 205907456; UID 1000; state: DISABLED
10-17 11:23:30.232 I/ActivityTaskManager( 714): START u0 {dat=haqu://setting:8080/... flg=0x10000000 pkg=com.dangbei.haqusetting cmp=com.dangbei.haqusetting/.ui.HomeActivity} with LAUNCH_MULTIPLE from uid 1000 (BAL_ALLOW_ALLOWLISTED_UID) result code=0
10-17 11:23:30.232 V/WindowManagerShell( 972): Transition requested: android.os.BinderProxy@a90f8ae TransitionRequestInfo { type = 1, triggerTask = TaskInfo{userId=0 taskId=21 displayId=0 isRunning=true baseIntent=Intent { dat=haqu://setting:8080/... flg=0x10000000 pkg=com.dangbei.haqusetting cmp=com.dangbei.haqusetting/.ui.HomeActivity } baseActivity=ComponentInfo{com.dangbei.haqusetting/com.dangbei.haqusetting.ui.HomeActivity} topActivity=ComponentInfo{com.dangbei.haqusetting/com.dangbei.haqusetting.ui.HomeActivity} origActivity=null realActivity=ComponentInfo{com.dangbei.haqusetting/com.dangbei.haqusetting.ui.HomeActivity} numActivities=1 lastActiveTime=59999 supportsMultiWindow=true resizeMode=1 isResizeable=true minWidth=-1 minHeight=-1 defaultMinSize=220 token=WCT{android.window.IWindowContainerToken$Stub$Proxy@13164f} topActivityType=1 pictureInPictureParams=null shouldDockBigOverlays=true launchIntoPipHostTaskId=-1 lastParentTaskIdBeforePip=-1 displayCutoutSafeInsets=null topActivityInfo=ActivityInfo{906c1dc com.dangbei.haqusetting.ui.HomeActivity} launchCookies=[] positionInParent=Point(0, 0) parentTaskId=-1 isFocused=false isVisible=false isVisibleRequested=false isSleeping=false topActivityInSizeCompat=false topActivityEligibleForLetterboxEducation= false isLetterboxDoubleTapEnabled= false topActivityEligibleForUserAspectRatioButton= false topActivityBoundsLetterboxed= false isFromLetterboxDoubleTap= false topActivityLetterboxVerticalPosition= -1 topActivityLetterboxHorizontalPosition= -1 topActivityLetterboxWidth=-1 topActivityLetterboxHeight=-1 isUserFullscreenOverrideEnabled=false isTopActivityTransparent=true locusId=null displayAreaFeatureId=1 cameraCompatControlState=hidden}, remoteTransition = null, displayChange = null, flags = 0 }
10-17 11:23:30.234 I/ActivityManager( 714): com.dangbei.haqusetting is exempt from freezer
10-17 11:23:30.234 D/CompatibilityChangeReporter( 714): Compat change id reported: 135634846; UID 1000; state: DISABLED
10-17 11:23:30.235 E/UMLog ( 1524): ┌───────────────────问题─────────────────────────────────────────────────────────────────────────────
10-17 11:23:30.235 E/UMLog ( 1524): │ 对于页é¢com.dangbei.launcher.home.LauncherActivity,请检查是å¦é—æ¼onPageStart接å£è°ƒç”¨ã€‚
10-17 11:23:30.235 E/UMLog ( 1524): ├───────────────────解决方案─────────────────────────────────────────────────────────────────────────────
10-17 11:23:30.235 E/UMLog ( 1524): │ 对于任æ„一个页é¢ï¼Œå¿…é¡»ä¾åºæˆå¯¹è°ƒç”¨onPageStart以åŠonPageEnd,ä¸èƒ½æœ‰é—æ¼ã€‚详è§é“¾æŽ¥ https://developer.umeng.com/docs/66632/detail/66975?um_channel=sdk
10-17 11:23:30.235 E/UMLog ( 1524): └────────────────────────────────────────────────────────────────────────────────────────────────────────────────
10-17 11:23:30.238 I/audio_hw_device_patchmgr( 460): [register_audio_patch:728] Patch 3:id:3 mix(io:13)->dev_0[OUT_HDMI(id:25)] found, register the same patch, do nothing.
10-17 11:23:30.238 I/audio_hw_device_patchmgr( 460): [patch_mgr_create_patch:871] Patch 3: MIX->DEVICE, num_src:1 num_sink:1 patch_src:INVAL
10-17 11:23:30.238 I/audio_hw_device_patchmgr( 460): [patch_mgr_create_patch:875] sink[0]: OUT_HDMI(id:25)
10-17 11:23:30.238 I/audio_hw_device_patchmgr( 460): [patch_mgr_create_patch:909] Patch 3: mix(io:13) -> dev[OUT_HDMI(id:25)]
10-17 11:23:30.238 I/audio_hw_hal_primary( 460): [adev_create_audio_patch:7637] dev=0xf0cc1940 cur_out_device=0x400
10-17 11:23:30.239 I/BpBinder( 262): onLastStrongRef automatically unlinking death recipients:
10-17 11:23:30.239 D/UEventObserver( 1174): change@/devices/platform/auge_sound/sound/card0/controlC0À€ACTION=changeÀ€DEVPATH=/devices/platform/auge_sound/sound/card0/controlC0À€SUBSYSTEM=soundÀ€AUDIO_FORMAT=0À€MAJOR=116À€MINOR=18À€DEVNAME=snd/controlC0À€SEQNUM=3494À€
10-17 11:23:30.241 I/audio_hw_hal_primary( 460): out_update_source_metadata_v7() line 1751 usage:1 content_type:2
10-17 11:23:30.244 D/ShowHdrAudioLogoService( 1174): receive broadcast, audio format:0
10-17 11:23:30.245 D/ShowHdrAudioLogoService( 1174): clearContent
10-17 11:23:30.250 D/TrafficStats( 1524): tagSocket(128) with statsTag=0xffffffff, statsUid=-1
10-17 11:23:30.258 I/audio_hw_hal_primary( 460): out_update_source_metadata_v7() line 1751 usage:13 content_type:4
10-17 11:23:30.266 D/Zygote ( 449): Forked child process 2778
10-17 11:23:30.272 I/Zygote ( 2778): seccomp disabled by setenforce 0
10-17 11:23:30.276 I/ActivityManager( 714): Start proc 2778:com.dangbei.haqusetting/1000 for next-top-activity {com.dangbei.haqusetting/com.dangbei.haqusetting.ui.HomeActivity}
10-17 11:23:30.279 I/bei.haqusetting( 2778): Using CollectorTypeCC GC.
10-17 11:23:30.284 E/bei.haqusetting( 2778): Not starting debugger since process cannot load the jdwp agent.
10-17 11:23:30.277 I/rainbow_flow( 2539): type=1400 audit(0.0:904): avc: denied { ioctl } for path="/dev/spidev1.0" dev="tmpfs" ino=546 ioctlcmd=0x6b00 scontext=u:r:init:s0 tcontext=u:object_r:device:s0 tclass=chr_file permissive=1
10-17 11:23:30.297 D/CompatibilityChangeReporter( 714): Compat change id reported: 168419799; UID 1000; state: DISABLED
10-17 11:23:30.297 D/CompatibilityChangeReporter( 714): Compat change id reported: 273564678; UID 1000; state: DISABLED
10-17 11:23:30.301 D/CompatibilityChangeReporter( 2778): Compat change id reported: 171979766; UID 1000; state: ENABLED
10-17 11:23:30.301 D/CompatibilityChangeReporter( 2778): Compat change id reported: 242716250; UID 1000; state: DISABLED
10-17 11:23:30.317 I/audio_hw_hal_primary( 460): [audiohal_get_latency:1044] io 13: out:0xf0b84a50 frames:1024 rate:48000 whole_latency:21 alsa_latency:21
10-17 11:23:30.337 D/audio_hw_hal_stream( 460): update_audio_hal_info() audio hal format change to 1, atmos flag = 0, is_dolby_atmos = 0, dts_hp_x = 0, update_type = 0 is_dolby_atmos_off = 1 virtual_bass_enable 0
10-17 11:23:30.337 D/audio_hw_hal_stream( 460): update_audio_hal_info() cur_out_devices 0x400, dap_bypass_enable = 0, is_ms12_tuning_dat = 0, dolby_ms12_enable = 1, output_config = 0x28
10-17 11:23:30.338 I/audio_hw_hal_primary( 460): [audiohal_get_latency:1044] io 13: out:0xf0b84a50 frames:1024 rate:48000 whole_latency:21 alsa_latency:21
10-17 11:23:30.340 D/UEventObserver( 1174): change@/devices/platform/auge_sound/sound/card0/controlC0À€ACTION=changeÀ€DEVPATH=/devices/platform/auge_sound/sound/card0/controlC0À€SUBSYSTEM=soundÀ€AUDIO_FORMAT=0À€MAJOR=116À€MINOR=18À€DEVNAME=snd/controlC0À€SEQNUM=3495À€
10-17 11:23:30.333 I/xm_hidread( 2512): type=1400 audit(0.0:905): avc: denied { read } for scontext=u:r:init:s0 tcontext=u:r:init:s0 tclass=netlink_kobject_uevent_socket permissive=1
10-17 11:23:30.342 D/ShowHdrAudioLogoService( 1174): receive broadcast, audio format:0
10-17 11:23:30.343 D/ShowHdrAudioLogoService( 1174): clearContent
10-17 11:23:30.347 D/WindowManagerShell( 972): TvPipController: onTaskStackChanged()
10-17 11:23:30.357 I/audio_hw_hal_primary( 460): [audiohal_get_latency:1044] io 13: out:0xf0b84a50 frames:1152 rate:48000 whole_latency:24 alsa_latency:24
10-17 11:23:30.357 I/audio_hw_hal_primary( 460): [audiohal_get_latency:1044] io 13: out:0xf0b84a50 frames:1152 rate:48000 whole_latency:24 alsa_latency:24
10-17 11:23:30.368 I/audio_hw_hal_primary( 460): [audiohal_get_latency:1044] io 13: out:0xf0b84a50 frames:1152 rate:48000 whole_latency:24 alsa_latency:24
10-17 11:23:30.368 I/audio_hw_hal_primary( 460): [audiohal_get_latency:1044] io 13: out:0xf0b84a50 frames:1152 rate:48000 whole_latency:24 alsa_latency:24
10-17 11:23:30.377 I/audio_hw_hal_primary( 460): [audiohal_get_latency:1044] io 13: out:0xf0b84a50 frames:1280 rate:48000 whole_latency:26 alsa_latency:26
10-17 11:23:30.377 I/audio_hw_hal_primary( 460): [audiohal_get_latency:1044] io 13: out:0xf0b84a50 frames:1280 rate:48000 whole_latency:26 alsa_latency:26
10-17 11:23:30.384 D/nativeloader( 2778): Configuring clns-shared-4 for other apk /system/app/dangbei-setting/dangbei-setting.apk. target_sdk_version=31, uses_libraries=, library_path=/system/app/dangbei-setting/lib/arm:/system/app/dangbei-setting/dangbei-setting.apk!/lib/armeabi-v7a:/system/lib:/system_ext/lib, permitted_path=/data:/mnt/expand:/data/user/0/com.dangbei.haqusetting:/system/app/dangbei-setting:/system/lib:/system_ext/lib
10-17 11:23:30.388 I/audio_hw_hal_primary( 460): [audiohal_get_latency:1044] io 13: out:0xf0b84a50 frames:1280 rate:48000 whole_latency:26 alsa_latency:26
10-17 11:23:30.388 I/audio_hw_hal_primary( 460): [audiohal_get_latency:1044] io 13: out:0xf0b84a50 frames:1280 rate:48000 whole_latency:26 alsa_latency:26
10-17 11:23:30.397 I/audio_hw_hal_primary( 460): [audiohal_get_latency:1044] io 13: out:0xf0b84a50 frames:1024 rate:48000 whole_latency:21 alsa_latency:21
10-17 11:23:30.397 I/audio_hw_hal_primary( 460): [audiohal_get_latency:1044] io 13: out:0xf0b84a50 frames:1024 rate:48000 whole_latency:21 alsa_latency:21
10-17 11:23:30.408 I/audio_hw_hal_primary( 460): [audiohal_get_latency:1044] io 13: out:0xf0b84a50 frames:1024 rate:48000 whole_latency:21 alsa_latency:21
10-17 11:23:30.408 I/audio_hw_hal_primary( 460): [audiohal_get_latency:1044] io 13: out:0xf0b84a50 frames:1024 rate:48000 whole_latency:21 alsa_latency:21
10-17 11:23:30.410 V/GraphicsEnvironment( 2778): Currently set values for:
10-17 11:23:30.410 V/GraphicsEnvironment( 2778): angle_gl_driver_selection_pkgs=[]
10-17 11:23:30.410 V/GraphicsEnvironment( 2778): angle_gl_driver_selection_values=[]
10-17 11:23:30.411 V/GraphicsEnvironment( 2778): ANGLE GameManagerService for com.dangbei.haqusetting: false
10-17 11:23:30.411 V/GraphicsEnvironment( 2778): com.dangbei.haqusetting is not listed in per-application setting
10-17 11:23:30.411 V/GraphicsEnvironment( 2778): Neither updatable production driver nor prerelease driver is supported.
10-17 11:23:30.414 I/MultiDex( 2778): VM with version 2.1.0 has multidex support
10-17 11:23:30.415 I/MultiDex( 2778): Installing application
10-17 11:23:30.415 I/MultiDex( 2778): VM has multidex support, MultiDex support library is disabled.
10-17 11:23:30.417 I/audio_hw_hal_primary( 460): [audiohal_get_latency:1044] io 13: out:0xf0b84a50 frames:1152 rate:48000 whole_latency:24 alsa_latency:24
10-17 11:23:30.418 I/audio_hw_hal_primary( 460): [audiohal_get_latency:1044] io 13: out:0xf0b84a50 frames:1280 rate:48000 whole_latency:26 alsa_latency:26
10-17 11:23:30.419 I/audio_hw_hal_primary( 460): out_update_source_metadata_v7() line 1751 usage:13 content_type:4
10-17 11:23:30.427 E/ccc ( 2778): cccccc HaquSettingApplication app onCreate start
10-17 11:23:30.430 I/audio_hw_hal_primary( 460): [audiohal_get_latency:1044] io 13: out:0xf0b84a50 frames:1280 rate:48000 whole_latency:26 alsa_latency:26
10-17 11:23:30.430 E/ccc ( 2778): cccccc HaquSettingApplication app onCreate end
10-17 11:23:30.432 V/WindowManager( 714): app ------------- force_land :0
10-17 11:23:30.436 D/CompatibilityChangeReporter( 714): Compat change id reported: 161145287; UID 1000; state: DISABLED
10-17 11:23:30.436 D/CompatibilityChangeReporter( 714): Compat change id reported: 161145287; UID 1000; state: ENABLED
10-17 11:23:30.437 D/CompatibilityChangeReporter( 714): Compat change id reported: 197654537; UID 1000; state: DISABLED
10-17 11:23:30.437 I/audio_hw_hal_primary( 460): [audiohal_get_latency:1044] io 13: out:0xf0b84a50 frames:1152 rate:48000 whole_latency:24 alsa_latency:24
10-17 11:23:30.440 I/UsageStatsService( 714): Time changed in by 3 seconds
10-17 11:23:30.448 I/audio_hw_hal_primary( 460): [audiohal_get_latency:1044] io 13: out:0xf0b84a50 frames:1152 rate:48000 whole_latency:24 alsa_latency:24
10-17 11:23:30.448 W/ContextImpl( 2778): Calling a method in the system process without a qualified user: android.app.ContextImpl.bindService:1988 android.content.ContextWrapper.bindService:861 com.dangbei.lerad.etna.lib.client.EtnaClient.bindServer:138 com.dangbei.lerad.etna.lib.client.EtnaClient.access$600:29 com.dangbei.lerad.etna.lib.client.EtnaClient$3.call:205
10-17 11:23:30.448 D/TrafficStats( 1524): tagSocket(6) with statsTag=0xffffffff, statsUid=-1
10-17 11:23:30.449 D/CompatibilityChangeReporter( 714): Compat change id reported: 261072174; UID 1000; state: DISABLED
10-17 11:23:30.457 I/audio_hw_hal_primary( 460): [audiohal_get_latency:1044] io 13: out:0xf0b84a50 frames:1280 rate:48000 whole_latency:26 alsa_latency:26
10-17 11:23:30.529 D/CompatibilityChangeReporter( 2778): Compat change id reported: 237531167; UID 1000; state: DISABLED
10-17 11:23:30.531 W/OpenGLRenderer( 2778): Unknown dataspace 0
10-17 11:23:30.535 W/WindowManager( 714): [addWindow] title:com.dangbei.haqusetting/com.dangbei.haqusetting.ui.HomeActivity
10-17 11:23:30.541 E/ccc ( 1506): cccccc etnaService addListener com.dangbei.lerad.etna.aidl.IEtnaAidlListener$Stub$Proxy@35d57ee com.dangbei.haqusetting
10-17 11:23:30.541 E/ccc ( 2778): cccccc etna-haqu-connected
