10-17 11:22:52.928 I/wpa_supplicant( 1113): wlan0: CTRL-EVENT-CONNECTED - Connection to 10:7c:61:1a:4b:90 completed [id=0 id_str=%7B%22configKey%22%3A%22%5C%222.4G%5C%22WPA_PSK%22%2C%22creatorUid%22%3A%2210029%22%7D]
10-17 11:22:52.936 W/ ( 0): [1 T1087 ..] [W2][ CMD] [cmd_complete 65]cmd tkn[25] flags:0002 result: -4 cmd: 36-MM_KEY_ADD_REQ - reqcfm( 37-MM_KEY_ADD_CFM)
10-17 11:22:52.931 I/wpa_supplicant( 1113): assoc key_mgmt 0x2 network key_mgmt 0x142
10-17 11:22:52.942 W/ ( 0): [3 T1113 ..] [W2][ MSG_TX] [aml_send_me_set_control_port_req 1899]>>> aml_send_me_set_control_port_req(1899)
10-17 11:22:52.943 W/ ( 0): [1 T1087 ..] [W2][ CMD] [cmd_complete 65]cmd tkn[26] flags:0002 result: -4 cmd:5124-ME_SET_CONTROL_PORT_REQ - reqcfm(5125-ME_SET_CONTROL_PORT_CFM)
10-17 11:22:52.945 W/ ( 0): [1 T1087 ..] [W2][ CMD] [cmd_complete 65]cmd tkn[27] flags:0000 result: -4 cmd: 105-MM_SUB_SET_REKEY_DATA - reqcfm( 0-none)
10-17 11:22:52.943 D/BufferPoolAccessor2.0( 607): bufferpool2 0xeb681348 : 0(0 size) total buffers - 0(0 size) used buffers - 11/15 (recycle/alloc) - 5/14 (fetch/transfer)
10-17 11:22:52.943 D/BufferPoolAccessor2.0( 607): bufferpool2 0xeb683508 : 0(0 size) total buffers - 0(0 size) used buffers - 9/11 (recycle/alloc) - 2/10 (fetch/transfer)
10-17 11:22:52.943 D/BufferPoolAccessor2.0( 607): bufferpool2 0xeb6820c8 : 0(0 size) total buffers - 0(0 size) used buffers - 7/10 (recycle/alloc) - 3/9 (fetch/transfer)
10-17 11:22:52.943 D/BufferPoolAccessor2.0( 607): bufferpool2 0xeb680808 : 0(0 size) total buffers - 0(0 size) used buffers - 11/15 (recycle/alloc) - 4/14 (fetch/transfer)
10-17 11:22:52.943 D/BufferPoolAccessor2.0( 607): evictor expired: 4, evicted: 4
10-17 11:22:53.001 D/MesonDisplay( 300): read /sys/class/amhdmitx/amhdmitx0/hdcp_lstore, result length:0, val:
10-17 11:22:53.231 I/[1 T336 ..] apexd( 0): Deleting unused dm device com.amlogic.mediaextractor
10-17 11:22:53.251 E/[3 T336 ..] apexd( 0): Didn't generate uevent for [com.amlogic.mediaextractor] removal
10-17 11:22:53.252 W/[3 T336 ..] apexd( 0): Failed to delete dm-device com.amlogic.mediaextractor
10-17 11:22:53.253 I/[3 T336 ..] apexd( 0): Deleting unused dm device com.android.adbd
10-17 11:22:53.254 E/[3 T336 ..] apexd( 0): Didn't generate uevent for [com.android.adbd] removal
10-17 11:22:53.254 W/[3 T336 ..] apexd( 0): Failed to delete dm-device com.android.adbd
10-17 11:22:53.255 I/[3 T336 ..] apexd( 0): Deleting unused dm device com.android.adservices
10-17 11:22:53.263 E/[0 T336 ..] apexd( 0): Didn't generate uevent for [com.android.adservices] removal
10-17 11:22:53.263 W/[0 T336 ..] apexd( 0): Failed to delete dm-device com.android.adservices
10-17 11:22:53.301 D/TheRouter::RouterInject( 1524): interception::===interface com.dangbei.leard.protocol.down.DownProtocol===DownProtocolProxy25479023
10-17 11:22:53.303 E/FactoryResetOperateImpl( 1524): isFirstBoot 1
10-17 11:22:53.304 E/FactoryResetOperateImpl( 1524): isFirstBoot 1
10-17 11:22:53.305 D/TheRouter::RouterInject( 1524): interception::===interface com.dangbei.leard.protocol.etna.EtnaManagerInterface===EtnaManagerInterfaceImpl230714251
10-17 11:22:53.308 D/TheRouter::RouterInject( 1524): interception::===interface com.dangbei.leard.protocol.install.IInstallProtocol===InstallAppManagerInterface32064806
10-17 11:22:53.510 E/hq ( 1524): AdHelper:::å¯åŠ¨å»¶è¿Ÿæ£€æŸ¥ï¼Œæ”¯æŒå¹¿å‘Šçš„æœ€é•¿æ’­æ”¾æ—¶é—´ï¼š25000 isLoadAd=false
10-17 11:22:53.511 D/OsInitLaunch( 1524): send cache: launchAd, playAd, start, null
10-17 11:22:53.513 I/dangbei ad sdk( 1524): ADSDK::play splash ad
10-17 11:22:53.514 I/dangbei ad sdk( 1524): AdSplashView::show offline ad
10-17 11:22:53.526 E/hq ( 1524): AdHelper:::notFetchAd: main
10-17 11:22:53.526 E/hq ( 1524): AdHelper:::onComplete:main
10-17 11:22:53.526 E/hq ( 1524): AdHelper:::adFinish: com.dangbei.launcher.home.callback.LauncherCallback$onAttach$1$1@3148db2
10-17 11:22:53.528 E/hq ( 1524): LauncherCallback:::onDetach
10-17 11:22:53.529 E/hq ( 1524): AdHelper:::handleFinishAd: true
10-17 11:22:53.532 E/DangXiaoBeiManager( 1524): setMessageList: false
10-17 11:22:53.532 E/hq ( 1524): 当å°è´:::显示消æ¯type=SIMPLE_TEXT ,data.isShowInCur=false ,delay=60000 ,message.mandatoryMessage=null , message=null
10-17 11:22:53.532 E/hq ( 1524): 当å°è´:::当剿˜¾ç¤ºäº†æ¶ˆæ¯ï¼Œä¸æ˜¾ç¤ºæ–°æ¶ˆæ¯
10-17 11:22:53.538 W/WindowOnBackDispatcher( 1524): OnBackInvokedCallback is not enabled for the application.
10-17 11:22:53.538 W/WindowOnBackDispatcher( 1524): Set 'android:enableOnBackInvokedCallback="true"' in the application manifest.
10-17 11:22:53.561 I/hq ( 1524): hq:::curl -X POST -H "Content-Type:application/x-www-form-urlencoded" -d 'rommodelnumber=AcRpJnmM0co%3D&cpuserial=PlZpqfc1JpxOOZ0anAV38AcloAYinsDQ&pattern=4Beei9NZNdo%3D&rommodel=yOjHVedNSYg5sKMTZcMv%2Bg%3D%3D&sn=kxGxhO562VQFs9XfoN5df8l2leD8vGAB&lang=vT%2FCsDI%2Fr10%3D&brand=yX9G3n%2BCRfo%3D&theme=L%2B%2FPU%2FFQgEY%3D&vcode=o%2BppAkqptlQ%3D&vname=oql4Ml1tHJc%3D&license=Hs4jp68qr9I%3D&channel=TIQ8TWTDuwcWDSToIpEIPg%3D%3D&packagename=qzBdBNULiCmiu3CIMurjL7PIryC36aZ2YdCJzQtyjcQ%3D&romvercode=BhA8%2F38Giec%3D&romvername=UDOuEwwco6o%3D&network=IGYWVa9OT%2Bk%3D&deviceEid=vekl%2BDoGXTb1yyOVx0nh49WD6BWcy3Xw1mLzhOpa2qIVnbRZvMQp2A%3D%3D&mac=iP4TVZLko9WOY1jHvhRZzQf86%2FjZ6UxK&userid=pctYUOG3RH0%3D' "https://ottdbui-tyapiqun7.yysh.mgtv.com/v1/message/getpopmsgId"
10-17 11:22:53.565 I/resolv ( 448): GetAddrInfoHandler::run: {0 786432 0 983040 1000 0}
10-17 11:22:53.570 W/System.err( 1524): com.dangbei.leard.base.proider.error.ApiException: java.net.UnknownHostException: Unable to resolve host "ottdbui-tyapiqun7.yysh.mgtv.com": No address associated with hostname
10-17 11:22:53.570 W/System.err( 1524): at com.dangbei.leard.base.proider.error.ErrorExtKt.handleException(SourceFile:286)
10-17 11:22:53.570 W/System.err( 1524): at com.dangbei.leard.base.ext.FlowExtKt.runHttpTry2Data(SourceFile:224)
10-17 11:22:53.570 W/System.err( 1524): at com.dangbei.leard.base.ext.FlowExtKt$runHttpTry2Data$1.invokeSuspend(Unknown Source:15)
10-17 11:22:53.570 W/System.err( 1524): at kotlin.coroutines.jvm.internal.BaseContinuationImpl.resumeWith(SourceFile:12)
10-17 11:22:53.570 W/System.err( 1524): at kotlinx.coroutines.internal.ScopeCoroutine.afterResume(Unknown Source:6)
10-17 11:22:53.570 W/System.err( 1524): at kotlinx.coroutines.AbstractCoroutine.resumeWith(SourceFile:16)
10-17 11:22:53.570 W/System.err( 1524): at kotlin.coroutines.jvm.internal.BaseContinuationImpl.resumeWith(SourceFile:50)
10-17 11:22:53.570 W/System.err( 1524): at kotlinx.coroutines.DispatchedTask.run(SourceFile:105)
10-17 11:22:53.570 W/System.err( 1524): at kotlinx.coroutines.internal.LimitedDispatcher.run(SourceFile:13)
10-17 11:22:53.570 W/System.err( 1524): at kotlinx.coroutines.scheduling.TaskImpl.run(SourceFile:3)
10-17 11:22:53.570 W/System.err( 1524): at kotlinx.coroutines.scheduling.CoroutineScheduler.runSafely(SourceFile:1)
10-17 11:22:53.570 W/System.err( 1524): at kotlinx.coroutines.scheduling.CoroutineScheduler$Worker.executeTask(SourceFile:15)
10-17 11:22:53.570 W/System.err( 1524): at kotlinx.coroutines.scheduling.CoroutineScheduler$Worker.runWorker(SourceFile:29)
10-17 11:22:53.570 W/System.err( 1524): at kotlinx.coroutines.scheduling.CoroutineScheduler$Worker.run(Unknown Source:0)
10-17 11:22:53.570 W/System.err( 1524): Caused by: java.net.UnknownHostException: Unable to resolve host "ottdbui-tyapiqun7.yysh.mgtv.com": No address associated with hostname
10-17 11:22:53.570 W/System.err( 1524): at java.net.Inet6AddressImpl.lookupHostByName(Inet6AddressImpl.java:156)
10-17 11:22:53.570 W/System.err( 1524): at java.net.Inet6AddressImpl.lookupAllHostAddr(Inet6AddressImpl.java:103)
10-17 11:22:53.570 W/System.err( 1524): at java.net.InetAddress.getAllByName(InetAddress.java:1152)
10-17 11:22:53.570 W/System.err( 1524): at okhttp3.Dns$Companion$DnsSystem.lookup(SourceFile:6)
10-17 11:22:53.570 W/System.err( 1524): at okhttp3.internal.connection.RouteSelector.resetNextInetSocketAddress(SourceFile:153)
10-17 11:22:53.570 W/System.err( 1524): at okhttp3.internal.connection.RouteSelector.nextProxy(SourceFile:21)
10-17 11:22:53.570 W/System.err( 1524): at okhttp3.internal.connection.RouteSelector.next(SourceFile:18)
10-17 11:22:53.570 W/System.err( 1524): at okhttp3.internal.connection.ExchangeFinder.findConnection(SourceFile:197)
10-17 11:22:53.571 W/System.err( 1524): at okhttp3.internal.connection.ExchangeFinder.findHealthyConnection(SourceFile:1)
10-17 11:22:53.571 W/System.err( 1524): at okhttp3.internal.connection.ExchangeFinder.find(SourceFile:52)
10-17 11:22:53.571 W/System.err( 1524): at okhttp3.internal.connection.RealCall.initExchange$okhttp(SourceFile:32)
10-17 11:22:53.571 W/System.err( 1524): at okhttp3.internal.connection.ConnectInterceptor.intercept(SourceFile:12)
10-17 11:22:53.571 W/System.err( 1524): at okhttp3.internal.http.RealInterceptorChain.proceed(SourceFile:155)
10-17 11:22:53.571 W/System.err( 1524): at okhttp3.internal.cache.CacheInterceptor.intercept(SourceFile:190)
10-17 11:22:53.571 W/System.err( 1524): at okhttp3.internal.http.RealInterceptorChain.proceed(SourceFile:155)
10-17 11:22:53.571 W/System.err( 1524): at okhttp3.internal.http.BridgeInterceptor.intercept(SourceFile:168)
10-17 11:22:53.571 W/System.err( 1524): at okhttp3.internal.http.RealInterceptorChain.proceed(SourceFile:155)
10-17 11:22:53.571 W/System.err( 1524): at okhttp3.internal.http.RetryAndFollowUpInterceptor.intercept(SourceFile:35)
10-17 11:22:53.571 W/System.err( 1524): at okhttp3.internal.http.RealInterceptorChain.proceed(SourceFile:155)
10-17 11:22:53.571 W/System.err( 1524): at com.monster.ok2curl.CurlInterceptor.intercept(SourceFile:26)
10-17 11:22:53.571 W/System.err( 1524): at okhttp3.internal.http.RealInterceptorChain.proceed(SourceFile:155)
10-17 11:22:53.571 W/System.err( 1524): at com.dangbei.leard.base.proider.net.interceptor.DomainSwitchInterceptor.intercept(SourceFile:72)
10-17 11:22:53.571 W/System.err( 1524): at okhttp3.internal.http.RealInterceptorChain.proceed(SourceFile:155)
10-17 11:22:53.571 W/System.err( 1524): at com.dangbei.leard.base.proider.net.interceptor.RequestSignAndEncryptInterceptor.intercept(SourceFile:240)
10-17 11:22:53.571 W/System.err( 1524): at okhttp3.internal.http.RealInterceptorChain.proceed(SourceFile:155)
10-17 11:22:53.571 W/System.err( 1524): at com.dangbei.leard.base.proider.net.interceptor.RequestExtraParamsInterceptor.intercept(SourceFile:241)
10-17 11:22:53.571 W/System.err( 1524): at okhttp3.internal.http.RealInterceptorChain.proceed(SourceFile:155)
10-17 11:22:53.571 W/System.err( 1524): at okhttp3.internal.connection.RealCall.getResponseWithInterceptorChain$okhttp(SourceFile:114)
10-17 11:22:53.571 W/System.err( 1524): at okhttp3.internal.connection.RealCall$AsyncCall.run(SourceFile:41)
10-17 11:22:53.571 W/System.err( 1524): at java.util.concurrent.ThreadPoolExecutor.runWorker(ThreadPoolExecutor.java:1145)
10-17 11:22:53.571 W/System.err( 1524): at java.util.concurrent.ThreadPoolExecutor$Worker.run(ThreadPoolExecutor.java:644)
10-17 11:22:53.571 W/System.err( 1524): at java.lang.Thread.run(Thread.java:1012)
10-17 11:22:53.571 W/System.err( 1524): Caused by: android.system.GaiException: android_getaddrinfo failed: EAI_NODATA (No address associated with hostname)
10-17 11:22:53.571 W/System.err( 1524): at libcore.io.Linux.android_getaddrinfo(Native Method)
10-17 11:22:53.571 W/System.err( 1524): at libcore.io.ForwardingOs.android_getaddrinfo(ForwardingOs.java:133)
10-17 11:22:53.571 W/System.err( 1524): at libcore.io.BlockGuardOs.android_getaddrinfo(BlockGuardOs.java:222)
10-17 11:22:53.571 W/System.err( 1524): at libcore.io.ForwardingOs.android_getaddrinfo(ForwardingOs.java:133)
10-17 11:22:53.571 W/System.err( 1524): at java.net.Inet6AddressImpl.lookupHostByName(Inet6AddressImpl.java:135)
10-17 11:22:53.571 W/System.err( 1524): ... 31 more
10-17 11:22:53.572 E/hq ( 1524): ErrorCoroutineExceptionHandler:::runTry error:java.net.UnknownHostException: Unable to resolve host "ottdbui-tyapiqun7.yysh.mgtv.com": No address associated with hostname from=requestMessageDialog
10-17 11:22:53.752 D/ActivityTaskManager( 714): launcher drawn done,exit bootanim.
10-17 11:22:53.753 I/SurfaceFlinger( 262): Boot is finished (21463 ms)
10-17 11:22:53.763 D/SurfaceFlinger( 262): Power hint is disabled
10-17 11:22:53.766 I/libperfmgr( 469): Hint type not present in actions: DISPLAY_UPDATE_IMMINENT
10-17 11:22:53.766 I/android.hardware.power-service.libperfmgr( 469): Power boost DISPLAY_UPDATE_IMMINENT isBoostSupported: 0
10-17 11:22:53.775 I/[3 T233 ..] servicemanager( 0): Found android.hardware.power.IPower/default in device VINTF manifest.
10-17 11:22:53.770 D/BootAnimation( 251): BootAnimationShownTiming End time: 26985ms
10-17 11:22:53.772 W/system_server( 714): Long monitor contention with owner android.anim (792) at void com.android.server.wm.WindowSurfacePlacer$Traverser.run()(WindowSurfacePlacer.java:58) waiters=0 in void com.android.server.wm.WindowManagerService.reportKeepClearAreasChanged(com.android.server.wm.Session, android.view.IWindow, java.util.List, java.util.List) for 1.007s
10-17 11:22:53.773 W/system_server( 714): Long monitor contention with owner android.anim (792) at void com.android.server.wm.WindowSurfacePlacer$Traverser.run()(WindowSurfacePlacer.java:58) waiters=1 in void com.android.server.wm.ActivityClientController.activityIdle(android.os.IBinder, android.content.res.Configuration, boolean) for 1.007s
10-17 11:22:53.773 I/ActivityTaskManager( 714): Displayed com.dangbei.leard.leradlauncher/com.dangbei.launcher.home.LauncherActivity for user 0: +2s858ms
10-17 11:22:53.774 V/WindowManager( 714): Sent Transition #1 createdAt=10-17 11:22:50.888 via request=TransitionRequestInfo { type = 2, triggerTask = TaskInfo{userId=0 taskId=3 displayId=0 isRunning=false baseIntent=Intent { act=android.intent.action.MAIN cat=[android.intent.category.HOME] flg=0x10800100 cmp=com.android.tv.settings/.system.FallbackHome } baseActivity=null topActivity=null origActivity=null realActivity=ComponentInfo{com.android.tv.settings/com.android.tv.settings.system.FallbackHome} numActivities=0 lastActiveTime=22688 supportsMultiWindow=true resizeMode=0 isResizeable=false minWidth=-1 minHeight=-1 defaultMinSize=220 token=WCT{RemoteToken{7e69f69 Task{16bcebb #3 type=home A=1000:com.android.tv.settings}}} topActivityType=2 pictureInPictureParams=null shouldDockBigOverlays=false launchIntoPipHostTaskId=-1 lastParentTaskIdBeforePip=-1 displayCutoutSafeInsets=null topActivityInfo=null launchCookies=[] positionInParent=Point(0, 0) parentTaskId=-1 isFocused=true isVisible=true isVisibleRequested=true isSleeping=false topActivityInSizeCompat=false topActivityEligibleForLetterboxEducation= false isLetterboxDoubleTapEnabled= false topActivityEligibleForUserAspectRatioButton= false topActivityBoundsLetterboxed= false isFromLetterboxDoubleTap= false topActivityLetterboxVerticalPosition= -1 topActivityLetterboxHorizontalPosition= -1 topActivityLetterboxWidth=-1 topActivityLetterboxHeight=-1 isUserFullscreenOverrideEnabled=false isTopActivityTransparent=false locusId=null displayAreaFeatureId=1 cameraCompatControlState=hidden}, remoteTransition = null, displayChange = null, flags = 0 }
10-17 11:22:53.774 V/WindowManager( 714): startWCT=WindowContainerTransaction { changes = {} hops = [] errorCallbackToken=null taskFragmentOrganizer=null }
10-17 11:22:53.774 V/WindowManagerShell( 972): onTransitionReady android.os.BinderProxy@e1bb4e: {id=1 t=CLOSE f=0x0 trk=0 r=[0@Point(0, 0)] c=[{WCT{android.window.IWindowContainerToken$Stub$Proxy@af65814} m=OPEN f=MOVE_TO_TOP leash=Surface(name=Task=20)/@0x3f65581 sb=Rect(0, 0 - 1920, 1080) eb=Rect(0, 0 - 1920, 1080) d=0},{WCT{android.window.IWindowContainerToken$Stub$Proxy@d31c8bd} m=CLOSE f=SHOW_WALLPAPER leash=Surface(name=Task=3)/@0xb5e626 sb=Rect(0, 0 - 1920, 1080) eb=Rect(0, 0 - 1920, 1080) d=0}]}
10-17 11:22:53.775 V/WindowManagerShell( 972): Playing animation for (#1)android.os.BinderProxy@e1bb4e@0
10-17 11:22:53.775 W/system_server( 714): Long monitor contention with owner android.anim (792) at void com.android.server.wm.WindowSurfacePlacer$Traverser.run()(WindowSurfacePlacer.java:58) waiters=2 in void com.android.server.wm.ActivityTaskManagerService$LocalService.onProcessRemoved(java.lang.String, int) for 1.001s
10-17 11:22:53.775 V/WindowManager( 714): info={id=1 t=CLOSE f=0x0 trk=0 r=[0@Point(0, 0)] c=[{WCT{RemoteToken{5fa0dee Task{458c844 #20 type=home A=1000:com.dangbei.leard.leradlauncher}}} m=OPEN f=MOVE_TO_TOP leash=Surface(name=Task=20)/@0x1d1f9a2 sb=Rect(0, 0 - 1920, 1080) eb=Rect(0, 0 - 1920, 1080) d=0},{WCT{RemoteToken{7e69f69 Task{16bcebb #3 type=home A=1000:com.android.tv.settings}}} m=CLOSE f=SHOW_WALLPAPER leash=Surface(name=Task=3)/@0x688d96d sb=Rect(0, 0 - 1920, 1080) eb=Rect(0, 0 - 1920, 1080) d=0}]}
10-17 11:22:53.775 W/ActivityManager( 714): Slow operation: 1001ms so far, now at startProcess: done creating new process record
10-17 11:22:53.775 V/WindowManagerShell( 972): try handler com.android.wm.shell.keyguard.KeyguardTransitionHandler@88a3eb2
10-17 11:22:53.775 W/ActivityManager( 714): Slow operation: 1001ms so far, now at startProcess: stepping in to startProcess
10-17 11:22:53.775 V/WindowManagerShell( 972): try handler com.android.wm.shell.pip.tv.TvPipTransition@1a31e03
10-17 11:22:53.776 V/WindowManagerShell( 972): try handler com.android.wm.shell.activityembedding.ActivityEmbeddingController@eeae180
10-17 11:22:53.776 V/WindowManagerShell( 972): try handler com.android.wm.shell.transition.RemoteTransitionHandler@3b733b9
10-17 11:22:53.776 I/ActivityManager( 714): com.android.dynsystem is exempt from freezer
10-17 11:22:53.776 V/WindowManagerShell( 972): Transition doesn't have explicit remote, search filters for match for {id=1 t=CLOSE f=0x0 trk=0 r=[0@Point(0, 0)] c=[{WCT{android.window.IWindowContainerToken$Stub$Proxy@af65814} m=OPEN f=MOVE_TO_TOP leash=Surface(name=Task=20)/@0x3f65581 sb=Rect(0, 0 - 1920, 1080) eb=Rect(0, 0 - 1920, 1080) d=0},{WCT{android.window.IWindowContainerToken$Stub$Proxy@d31c8bd} m=CLOSE f=SHOW_WALLPAPER leash=Surface(name=Task=3)/@0xb5e626 sb=Rect(0, 0 - 1920, 1080) eb=Rect(0, 0 - 1920, 1080) d=0}]}
10-17 11:22:53.776 V/WindowManagerShell( 972): Delegate animation for #1 to null
10-17 11:22:53.776 V/WindowManagerShell( 972): try handler com.android.wm.shell.transition.DefaultTransitionHandler@d993fe
10-17 11:22:53.776 W/system_server( 714): Long monitor contention with owner android.anim (792) at void com.android.server.wm.WindowSurfacePlacer$Traverser.run()(WindowSurfacePlacer.java:58) waiters=3 in void com.android.server.wm.ActivityRecord$2.run() for 790ms
10-17 11:22:53.777 V/WindowManagerShell( 972): start default transition animation, info = {id=1 t=CLOSE f=0x0 trk=0 r=[0@Point(0, 0)] c=[{WCT{android.window.IWindowContainerToken$Stub$Proxy@af65814} m=OPEN f=MOVE_TO_TOP leash=Surface(name=Task=20)/@0x3f65581 sb=Rect(0, 0 - 1920, 1080) eb=Rect(0, 0 - 1920, 1080) d=0},{WCT{android.window.IWindowContainerToken$Stub$Proxy@d31c8bd} m=CLOSE f=SHOW_WALLPAPER leash=Surface(name=Task=3)/@0xb5e626 sb=Rect(0, 0 - 1920, 1080) eb=Rect(0, 0 - 1920, 1080) d=0}]}
10-17 11:22:53.779 V/WindowManagerShell( 972): loadAnimation: anim=android.view.animation.AlphaAnimation@136f20a animAttr=0x13 type=CLOSE isEntrance=false
10-17 11:22:53.779 W/system_server( 714): Long monitor contention with owner ActivityManager (799) at com.android.server.am.ProcessRecord com.android.server.am.ProcessList.removeProcessNameLocked(java.lang.String, int, com.android.server.am.ProcessRecord)(ProcessList.java:3284) waiters=0 in java.util.List com.android.server.am.ActivityManagerService.getRunningAppProcesses() for 1.004s
10-17 11:22:53.780 V/WindowManagerShell( 972): loadAnimation: anim=android.view.animation.AlphaAnimation@f536098 animAttr=0x12 type=CLOSE isEntrance=true
10-17 11:22:53.781 D/CompatibilityChangeReporter( 714): Compat change id reported: 135634846; UID 1000; state: DISABLED
10-17 11:22:53.781 W/ActivityManager( 714): Slow operation: 1007ms so far, now at startProcess: done starting proc!
10-17 11:22:53.783 V/WindowManagerShell( 972): animated by com.android.wm.shell.transition.DefaultTransitionHandler@d993fe
10-17 11:22:53.785 W/system_server( 714): Long monitor contention with owner ActivityManager (799) at void com.android.server.am.BroadcastQueueModernImpl.checkPendingColdStartValidity()(BroadcastQueueModernImpl.java:573) waiters=0 in void com.android.server.am.ActivityManagerService.publishService(android.os.IBinder, android.content.Intent, android.os.IBinder) for 994ms
10-17 11:22:53.786 W/system_server( 714): Long monitor contention with owner ActivityManager (799) at com.android.server.am.ProcessRecord com.android.server.am.ProcessList.removeProcessNameLocked(java.lang.String, int, com.android.server.am.ProcessRecord)(ProcessList.java:3284) waiters=1 in int com.android.server.am.ActivityManagerService.getUidState(int) for 946ms
10-17 11:22:53.788 W/system_server( 714): Long monitor contention with owner ActivityManager (799) at void com.android.server.am.BroadcastQueueModernImpl.checkPendingColdStartValidity()(BroadcastQueueModernImpl.java:573) waiters=1 in void com.android.server.am.ActivityManagerService.serviceDoneExecuting(android.os.IBinder, int, int, int) for 992ms
10-17 11:22:53.789 W/system_server( 714): Long monitor contention with owner ActivityManager (799) at void com.android.server.am.BroadcastQueueModernImpl.checkPendingColdStartValidity()(BroadcastQueueModernImpl.java:573) waiters=2 in void com.android.server.am.ActivityManagerService.addPackageDependency(java.lang.String) for 985ms
10-17 11:22:53.790 W/system_server( 714): Long monitor contention with owner ActivityManager (799) at void com.android.server.am.BroadcastQueueModernImpl.checkPendingColdStartValidity()(BroadcastQueueModernImpl.java:573) waiters=3 in java.lang.String com.android.server.am.ActivityManagerService.getTagForIntentSender(android.content.IIntentSender, java.lang.String) for 957ms
10-17 11:22:53.790 W/system_server( 714): Long monitor contention with owner ActivityManager (799) at void com.android.server.am.BroadcastQueueModernImpl.checkPendingColdStartValidity()(BroadcastQueueModernImpl.java:573) waiters=4 in int com.android.server.am.ActivityManagerService.broadcastIntentWithFeature(android.app.IApplicationThread, java.lang.String, android.content.Intent, java.lang.String, android.content.IIntentReceiver, int, java.lang.String, android.os.Bundle, java.lang.String[], java.lang.String[], java.lang.String[], int, android.os.Bundle, boolean, boolean, int) for 884ms
10-17 11:22:53.791 D/QuickLifeImpl( 1506): conditionNotify!
10-17 11:22:53.791 W/system_server( 714): Long monitor contention with owner ActivityManager (799) at void com.android.server.am.BroadcastQueueModernImpl.checkPendingColdStartValidity()(BroadcastQueueModernImpl.java:573) waiters=5 in int com.android.server.am.ActivityManagerService.broadcastIntentWithFeature(android.app.IApplicationThread, java.lang.String, android.content.Intent, java.lang.String, android.content.IIntentReceiver, int, java.lang.String, android.os.Bundle, java.lang.String[], java.lang.String[], java.lang.String[], int, android.os.Bundle, boolean, boolean, int) for 880ms
10-17 11:22:53.791 W/system_server( 714): Long monitor contention with owner ActivityManager (799) at void com.android.server.am.BroadcastQueueModernImpl.checkPendingColdStartValidity()(BroadcastQueueModernImpl.java:573) waiters=6 in int com.android.server.am.ActivityManagerService.bindServiceInstance(android.app.IApplicationThread, android.os.IBinder, android.content.Intent, java.lang.String, android.app.IServiceConnection, long, java.lang.String, boolean, int, java.lang.String, android.app.IApplicationThread, java.lang.String, int) for 864ms
10-17 11:22:53.797 W/system_server( 714): Long monitor contention with owner ActivityManager (799) at void com.android.server.am.BroadcastQueueModernImpl.checkPendingColdStartValidity()(BroadcastQueueModernImpl.java:573) waiters=7 in android.content.Intent com.android.server.am.ActivityManagerService.registerReceiverWithFeature(android.app.IApplicationThread, java.lang.String, java.lang.String, java.lang.String, android.content.IIntentReceiver, android.content.IntentFilter, java.lang.String, int, int) for 495ms
10-17 11:22:53.797 W/system_server( 714): Long monitor contention with owner ActivityManager (799) at void com.android.server.am.BroadcastQueueModernImpl.checkPendingColdStartValidity()(BroadcastQueueModernImpl.java:573) waiters=8 in android.content.Intent com.android.server.am.ActivityManagerService.registerReceiverWithFeature(android.app.IApplicationThread, java.lang.String, java.lang.String, java.lang.String, android.content.IIntentReceiver, android.content.IntentFilter, java.lang.String, int, int) for 491ms
10-17 11:22:53.798 W/system_server( 714): Long monitor contention with owner ActivityManager (799) at void com.android.server.am.BroadcastQueueModernImpl.checkPendingColdStartValidity()(BroadcastQueueModernImpl.java:573) waiters=9 in android.content.Intent com.android.server.am.ActivityManagerService.registerReceiverWithFeature(android.app.IApplicationThread, java.lang.String, java.lang.String, java.lang.String, android.content.IIntentReceiver, android.content.IntentFilter, java.lang.String, int, int) for 489ms
10-17 11:22:53.798 W/system_server( 714): Long monitor contention with owner ActivityManager (799) at void com.android.server.am.BroadcastQueueModernImpl.checkPendingColdStartValidity()(BroadcastQueueModernImpl.java:573) waiters=10 in android.content.Intent com.android.server.am.ActivityManagerService.registerReceiverWithFeature(android.app.IApplicationThread, java.lang.String, java.lang.String, java.lang.String, android.content.IIntentReceiver, android.content.IntentFilter, java.lang.String, int, int) for 224ms
10-17 11:22:53.799 I/WifiClientModeImpl[19480:wlan0]( 714): Update current security type to 2
10-17 11:22:53.799 D/BootAnimation( 251): BootAnimationStopTiming start time: 27014ms
10-17 11:22:53.801 D/CompatibilityChangeReporter( 1491): Compat change id reported: 194532703; UID 10064; state: ENABLED
10-17 11:22:53.803 E/ccc ( 1506): cccccc etna-service onCreate
10-17 11:22:53.807 D/CompatibilityChangeReporter( 1491): Compat change id reported: 253665015; UID 10064; state: ENABLED
10-17 11:22:53.807 D/CompatibilityChangeReporter( 1524): Compat change id reported: 210923482; UID 1000; state: DISABLED
10-17 11:22:53.808 D/CompatibilityChangeReporter( 1524): Compat change id reported: 37756858; UID 1000; state: ENABLED
10-17 11:22:53.809 D/CompatibilityChangeReporter( 714): Compat change id reported: 253665015; UID 10064; state: ENABLED
10-17 11:22:53.810 D/CompatibilityChangeReporter( 714): Compat change id reported: 194532703; UID 10064; state: ENABLED
10-17 11:22:53.813 I/DeviceCheckInHelper( 1438): enqueueDeviceCheckInWork with delay: PT0S
10-17 11:22:53.813 D/nativeloader( 1738): Configuring clns-shared-5 for other apk /system/priv-app/MtpService/MtpService.apk. target_sdk_version=34, uses_libraries=, library_path=/system/priv-app/MtpService/lib/arm:/system/lib:/system_ext/lib, permitted_path=/data:/mnt/expand:/data/user/0/com.android.mtp:/system/priv-app/MtpService:/system/lib:/system_ext/lib
10-17 11:22:53.814 I/libperfmgr( 469): Hint type not present in actions: EXPENSIVE_RENDERING
10-17 11:22:53.814 I/android.hardware.power-service.libperfmgr( 469): Power mode EXPENSIVE_RENDERING isModeSupported: 0
10-17 11:22:53.820 W/ContextImpl( 1506): Calling a method in the system process without a qualified user: android.app.ContextImpl.sendBroadcast:1220 android.content.ContextWrapper.sendBroadcast:504 com.dangbei.lerad.etna.core.EtnaManager.sendRebootBroadcast:82 com.dangbei.lerad.etna.core.EtnaService.onStartCommand:89 android.app.ActivityThread.handleServiceArgs:4866
10-17 11:22:53.821 I/WifiService( 714): updateInterfaceIpState uid=1073
10-17 11:22:53.822 W/ContextImpl( 714): Calling a method in the system process without a qualified user: android.app.ContextImpl.sendStickyBroadcast:1626 com.android.server.wifi.ClientModeImpl.sendNetworkChangeBroadcast:3008 com.android.server.wifi.ClientModeImpl.lambda$sendNetworkChangeBroadcastWithCurrentState$14:2985 com.android.server.wifi.ClientModeImpl.$r8$lambda$q-j88Pjw4gROgoJFr8wBlBVbuJI:0 com.android.server.wifi.ClientModeImpl$$ExternalSyntheticLambda4.send:0
10-17 11:22:53.823 E/ccc ( 1506): cccccc etna-service onStartCommand
10-17 11:22:53.825 I/WifiClientModeImpl[19480:wlan0]( 714): Update current security type to 2
10-17 11:22:53.825 W/WindowOnBackDispatcher( 1360): sendCancelIfRunning: isInProgress=falsecallback=android.view.ViewRootImpl$$ExternalSyntheticLambda17@3927510
10-17 11:22:53.825 D/CoreBackPreview( 714): Window{e83d53f u0 com.android.tv.settings/com.android.tv.settings.system.FallbackHome}: Setting back callback null
10-17 11:22:53.833 D/CompatibilityChangeReporter( 1062): Compat change id reported: 194532703; UID 10067; state: ENABLED
10-17 11:22:53.833 D/CompatibilityChangeReporter( 1062): Compat change id reported: 253665015; UID 10067; state: ENABLED
10-17 11:22:53.833 W/InputManager-JNI( 714): Input channel object 'e83d53f com.android.tv.settings/com.android.tv.settings.system.FallbackHome (client)' was disposed without first being removed with the input manager!
10-17 11:22:53.835 D/CompatibilityChangeReporter( 714): Compat change id reported: 253665015; UID 10067; state: ENABLED
10-17 11:22:53.835 D/CompatibilityChangeReporter( 714): Compat change id reported: 194532703; UID 10067; state: ENABLED
10-17 11:22:53.853 I/ActivityManager( 714): com.android.localtransport is exempt from freezer
10-17 11:22:53.857 D/hq ( 1524): NetWorkStateReceiver:::检查网络,并且æŒç»­æ›´æ–° isConnect=false
10-17 11:22:53.861 I/WifiClientModeImpl[19480:wlan0]( 714): Update current security type to 2
10-17 11:22:53.863 I/WifiClientModeImpl[19480:wlan0]( 714): Update current security type to 2 from network connection event.
10-17 11:22:53.863 I/wpa_supplicant( 1113): wpa_driver_nl80211_driver_cmd: wifi vendor: aml_w2_s
10-17 11:22:53.863 I/wpa_supplicant( 1113): wpa_driver_nl80211_driver_cmd: wlan0: private command: MACADDR
10-17 11:22:53.864 E/hq ( 1524): LookupControler:::startLookupControllerTimer
10-17 11:22:53.864 I/ApplicationQosPolicyRequestHandler( 714): Queueing all policies on iface=wlan0. numPolicies=0
10-17 11:22:53.868 W/ContextImpl( 714): Calling a method in the system process without a qualified user: android.app.ContextImpl.sendStickyBroadcast:1626 com.android.server.wifi.ClientModeImpl.sendNetworkChangeBroadcast:3008 com.android.server.wifi.ClientModeImpl.lambda$sendNetworkChangeBroadcastWithCurrentState$14:2985 com.android.server.wifi.ClientModeImpl.$r8$lambda$q-j88Pjw4gROgoJFr8wBlBVbuJI:0 com.android.server.wifi.ClientModeImpl$$ExternalSyntheticLambda4.send:0
10-17 11:22:53.891 I/ConnectivityService( 714): Update score for net 100 : +IS_UNMETERED
10-17 11:22:53.892 D/ConnectivityService( 714): registerNetworkAgent NetworkAgentInfo{network{100} handle{432902426637} ni{WIFI CONNECTING extra: } created=2025-10-17T03:22:53.892Z Score(Policies : IS_UNMETERED ; KeepConnected : 0) lp{{LinkAddresses: [ ] DnsAddresses: [ ] Domains: null MTU: 0 Routes: [ ]}} nc{[ Transports: WIFI Capabilities: NOT_METERED&INTERNET&NOT_RESTRICTED&TRUSTED&NOT_VPN&NOT_ROAMING&NOT_CONGESTED&NOT_SUSPENDED&NOT_VCN_MANAGED LinkUpBandwidth>=573000Kbps LinkDnBandwidth>=573000Kbps Specifier: TransportInfo: , Provider friendly name: , Requesting package name: "2.4G"wpa2-pskMLO Information: , Is TID-To-Link negotiation supported by the AP: false, AP MLD Address: , AP MLO Link Id: , AP MLO Affiliated links: > AllowedUids: <{10029}> OwnerUid: 10029 AdminUids: [10029] SSID: "2.4G" UnderlyingNetworks: Null]} factorySerialNumber=4}
10-17 11:22:53.897 D/aaa ( 1564): net is disconnect
10-17 11:22:53.902 W/ContextImpl( 714): Calling a method in the system process without a qualified user: android.app.ContextImpl.sendStickyBroadcast:1626 com.android.server.wifi.ClientModeImpl.sendNetworkChangeBroadcast:3008 com.android.server.wifi.ClientModeImpl.lambda$sendNetworkChangeBroadcastWithCurrentState$14:2985 com.android.server.wifi.ClientModeImpl.$r8$lambda$q-j88Pjw4gROgoJFr8wBlBVbuJI:0 com.android.server.wifi.ClientModeImpl$$ExternalSyntheticLambda4.send:0
10-17 11:22:53.906 I/hq ( 1524): hq:::curl -X POST -H "Content-Type:application/x-www-form-urlencoded" -d 'nothing=pzcJgKapKRo%3D&rommodelnumber=AcRpJnmM0co%3D&cpuserial=PlZpqfc1JpxOOZ0anAV38AcloAYinsDQ&pattern=4Beei9NZNdo%3D&rommodel=yOjHVedNSYg5sKMTZcMv%2Bg%3D%3D&sn=kxGxhO562VQFs9XfoN5df8l2leD8vGAB&lang=vT%2FCsDI%2Fr10%3D&brand=yX9G3n%2BCRfo%3D&theme=L%2B%2FPU%2FFQgEY%3D&vcode=o%2BppAkqptlQ%3D&vname=oql4Ml1tHJc%3D&license=Hs4jp68qr9I%3D&channel=TIQ8TWTDuwcWDSToIpEIPg%3D%3D&packagename=qzBdBNULiCmiu3CIMurjL7PIryC36aZ2YdCJzQtyjcQ%3D&romvercode=BhA8%2F38Giec%3D&romvername=UDOuEwwco6o%3D&network=IGYWVa9OT%2Bk%3D&deviceEid=vekl%2BDoGXTb1yyOVx0nh49WD6BWcy3Xw1mLzhOpa2qIVnbRZvMQp2A%3D%3D&mac=iP4TVZLko9WOY1jHvhRZzQf86%2FjZ6UxK&userid=pctYUOG3RH0%3D' "https://ottdbui-tyapiqun7.yysh.mgtv.com/v1/boot/agreement"
10-17 11:22:53.910 E/CoreService( 1506): onStartCommand
10-17 11:22:53.913 E/ccc ( 1506): cccccc etnaService addListener com.dangbei.lerad.etna.lib.client.EtnaServerListener@d82cd4 com.dangbei.etna.update
10-17 11:22:53.913 E/ccc ( 1506): cccccc UpdateHelper onServerConnected
10-17 11:22:53.914 E/ccc ( 1506): cccccc etnaService addListener com.dangbei.lerad.etna.lib.client.EtnaServerListener@9abde7d com.dangbei.etna.setting
10-17 11:22:53.914 E/ccc ( 1506): cccccc SettingHelper onServerConnected
10-17 11:22:53.922 W/System.err( 1524): com.dangbei.leard.base.proider.error.ApiException: java.net.UnknownHostException: Unable to resolve host "ottdbui-tyapiqun7.yysh.mgtv.com": No address associated with hostname
10-17 11:22:53.922 W/System.err( 1524): at com.dangbei.leard.base.proider.error.ErrorExtKt.handleException(SourceFile:286)
10-17 11:22:53.922 W/System.err( 1524): at com.dangbei.leard.base.ext.FlowExtKt.runHttpTry2Data(SourceFile:224)
10-17 11:22:53.922 W/System.err( 1524): at com.dangbei.leard.base.ext.FlowExtKt$runHttpTry2Data$1.invokeSuspend(Unknown Source:15)
10-17 11:22:53.922 W/System.err( 1524): at kotlin.coroutines.jvm.internal.BaseContinuationImpl.resumeWith(SourceFile:12)
10-17 11:22:53.922 W/System.err( 1524): at kotlinx.coroutines.internal.ScopeCoroutine.afterResume(Unknown Source:6)
10-17 11:22:53.922 W/System.err( 1524): at kotlinx.coroutines.AbstractCoroutine.resumeWith(SourceFile:16)
10-17 11:22:53.922 W/System.err( 1524): at kotlin.coroutines.jvm.internal.BaseContinuationImpl.resumeWith(SourceFile:50)
10-17 11:22:53.923 W/System.err( 1524): at kotlinx.coroutines.DispatchedTask.run(SourceFile:105)
10-17 11:22:53.923 W/System.err( 1524): at kotlinx.coroutines.internal.LimitedDispatcher.run(SourceFile:13)
10-17 11:22:53.923 W/System.err( 1524): at kotlinx.coroutines.scheduling.TaskImpl.run(SourceFile:3)
10-17 11:22:53.923 W/System.err( 1524): at kotlinx.coroutines.scheduling.CoroutineScheduler.runSafely(SourceFile:1)
10-17 11:22:53.923 W/System.err( 1524): at kotlinx.coroutines.scheduling.CoroutineScheduler$Worker.executeTask(SourceFile:15)
10-17 11:22:53.923 W/System.err( 1524): at kotlinx.coroutines.scheduling.CoroutineScheduler$Worker.runWorker(SourceFile:29)
10-17 11:22:53.923 W/System.err( 1524): at kotlinx.coroutines.scheduling.CoroutineScheduler$Worker.run(Unknown Source:0)
10-17 11:22:53.923 W/System.err( 1524): Caused by: java.net.UnknownHostException: Unable to resolve host "ottdbui-tyapiqun7.yysh.mgtv.com": No address associated with hostname
10-17 11:22:53.923 W/System.err( 1524): at java.net.Inet6AddressImpl.lookupHostByName(Inet6AddressImpl.java:124)
10-17 11:22:53.923 W/System.err( 1524): at java.net.Inet6AddressImpl.lookupAllHostAddr(Inet6AddressImpl.java:103)
10-17 11:22:53.923 W/System.err( 1524): at java.net.InetAddress.getAllByName(InetAddress.java:1152)
10-17 11:22:53.923 W/System.err( 1524): at okhttp3.Dns$Companion$DnsSystem.lookup(SourceFile:6)
10-17 11:22:53.923 W/System.err( 1524): at okhttp3.internal.connection.RouteSelector.resetNextInetSocketAddress(SourceFile:153)
10-17 11:22:53.923 W/System.err( 1524): at okhttp3.internal.connection.RouteSelector.nextProxy(SourceFile:21)
10-17 11:22:53.923 W/System.err( 1524): at okhttp3.internal.connection.RouteSelector.next(SourceFile:18)
10-17 11:22:53.923 W/System.err( 1524): at okhttp3.internal.connection.ExchangeFinder.findConnection(SourceFile:197)
10-17 11:22:53.923 W/System.err( 1524): at okhttp3.internal.connection.ExchangeFinder.findHealthyConnection(SourceFile:1)
10-17 11:22:53.923 W/System.err( 1524): at okhttp3.internal.connection.ExchangeFinder.find(SourceFile:52)
10-17 11:22:53.923 W/System.err( 1524): at okhttp3.internal.connection.RealCall.initExchange$okhttp(SourceFile:32)
10-17 11:22:53.923 W/System.err( 1524): at okhttp3.internal.connection.ConnectInterceptor.intercept(SourceFile:12)
10-17 11:22:53.923 W/System.err( 1524): at okhttp3.internal.http.RealInterceptorChain.proceed(SourceFile:155)
10-17 11:22:53.923 W/System.err( 1524): at okhttp3.internal.cache.CacheInterceptor.intercept(SourceFile:190)
10-17 11:22:53.923 W/System.err( 1524): at okhttp3.internal.http.RealInterceptorChain.proceed(SourceFile:155)
10-17 11:22:53.923 W/System.err( 1524): at okhttp3.internal.http.BridgeInterceptor.intercept(SourceFile:168)
10-17 11:22:53.923 W/System.err( 1524): at okhttp3.internal.http.RealInterceptorChain.proceed(SourceFile:155)
10-17 11:22:53.923 W/System.err( 1524): at okhttp3.internal.http.RetryAndFollowUpInterceptor.intercept(SourceFile:35)
10-17 11:22:53.923 W/System.err( 1524): at okhttp3.internal.http.RealInterceptorChain.proceed(SourceFile:155)
10-17 11:22:53.923 W/System.err( 1524): at com.monster.ok2curl.CurlInterceptor.intercept(SourceFile:26)
10-17 11:22:53.923 W/System.err( 1524): at okhttp3.internal.http.RealInterceptorChain.proceed(SourceFile:155)
10-17 11:22:53.923 W/System.err( 1524): at com.dangbei.leard.base.proider.net.interceptor.DomainSwitchInterceptor.intercept(SourceFile:72)
10-17 11:22:53.923 W/System.err( 1524): at okhttp3.internal.http.RealInterceptorChain.proceed(SourceFile:155)
10-17 11:22:53.923 W/System.err( 1524): at com.dangbei.leard.base.proider.net.interceptor.RequestSignAndEncryptInterceptor.intercept(SourceFile:240)
10-17 11:22:53.923 W/System.err( 1524): at okhttp3.internal.http.RealInterceptorChain.proceed(SourceFile:155)
10-17 11:22:53.923 W/System.err( 1524): at com.dangbei.leard.base.proider.net.interceptor.RequestExtraParamsInterceptor.intercept(SourceFile:241)
10-17 11:22:53.923 W/System.err( 1524): at okhttp3.internal.http.RealInterceptorChain.proceed(SourceFile:155)
10-17 11:22:53.923 W/System.err( 1524): at okhttp3.internal.connection.RealCall.getResponseWithInterceptorChain$okhttp(SourceFile:114)
10-17 11:22:53.923 W/System.err( 1524): at okhttp3.internal.connection.RealCall$AsyncCall.run(SourceFile:41)
10-17 11:22:53.924 W/System.err( 1524): at java.util.concurrent.ThreadPoolExecutor.runWorker(ThreadPoolExecutor.java:1145)
10-17 11:22:53.924 W/System.err( 1524): at java.util.concurrent.ThreadPoolExecutor$Worker.run(ThreadPoolExecutor.java:644)
10-17 11:22:53.924 W/System.err( 1524): at java.lang.Thread.run(Thread.java:1012)
10-17 11:22:53.924 E/hq ( 1524): ErrorCoroutineExceptionHandler:::runTry error:java.net.UnknownHostException: Unable to resolve host "ottdbui-tyapiqun7.yysh.mgtv.com": No address associated with hostname from=requestUserAgreement
10-17 11:22:53.924 E/UserProtocolInterceptorImpl( 1524): isAgree: 20210615 20210615 true
10-17 11:22:53.926 D/WM-PackageManagerHelper( 1438): androidx.work.impl.background.systemjob.SystemJobService enabled
10-17 11:22:53.980 I/[2 T70 ..] binder( 0): undelivered transaction 41683, process died.
10-17 11:22:53.956 I/IpClient.wlan0( 1040): type=1400 audit(0.0:742): avc: denied { search } for name="net" dev="sysfs" ino=12631 scontext=u:r:network_stack:s0 tcontext=u:object_r:sysfs_net:s0 tclass=dir permissive=1
10-17 11:22:53.956 I/IpClient.wlan0( 1040): type=1400 audit(0.0:743): avc: denied { read } for name="address" dev="sysfs" ino=22413 scontext=u:r:network_stack:s0 tcontext=u:object_r:sysfs_net:s0 tclass=file permissive=1
10-17 11:22:53.956 I/IpClient.wlan0( 1040): type=1400 audit(0.0:744): avc: denied { open } for path="/sys/devices/virtual/net/dummy0/address" dev="sysfs" ino=22413 scontext=u:r:network_stack:s0 tcontext=u:object_r:sysfs_net:s0 tclass=file permissive=1
10-17 11:22:53.956 I/IpClient.wlan0( 1040): type=1400 audit(0.0:745): avc: denied { getattr } for path="/sys/devices/virtual/net/dummy0/address" dev="sysfs" ino=22413 scontext=u:r:network_stack:s0 tcontext=u:object_r:sysfs_net:s0 tclass=file permissive=1
10-17 11:22:53.980 I/IpClient.wlan0( 1040): type=1400 audit(0.0:746): avc: denied { read } for name="address" dev="sysfs" ino=25082 scontext=u:r:network_stack:s0 tcontext=u:object_r:sysfs_net:s0 tclass=file permissive=1
10-17 11:22:53.991 W/[2 T1248 ..] audit( 0): audit_lost=25 audit_rate_limit=5 audit_backlog_limit=64
10-17 11:22:53.992 E/[2 T1248 ..] audit( 0): rate limit exceeded
10-17 11:22:53.927 D/WM-Schedulers( 1438): Created SystemJobScheduler and enabled SystemJobService
10-17 11:22:53.933 W/ContextImpl( 1506): Calling a method in the system process without a qualified user: android.app.ContextImpl.bindService:1988 android.content.ContextWrapper.bindService:861 com.dangbei.lerad.etna.lib.client.EtnaClient.bindServer:138 com.dangbei.lerad.etna.lib.client.EtnaClient.access$600:29 com.dangbei.lerad.etna.lib.client.EtnaClient$3.call:205
10-17 11:22:53.933 E/ccc ( 1506): cccccc sendCycleCheckBootGuideStatusMessage
10-17 11:22:53.934 E/UserProtocolInterceptorImpl( 1524): version===>0
10-17 11:22:53.934 W/ContextImpl( 1506): Calling a method in the system process without a qualified user: android.app.ContextImpl.bindService:1988 android.content.ContextWrapper.bindService:861 com.dangbei.lerad.etna.lib.client.EtnaClient.bindServer:138 com.dangbei.lerad.etna.lib.client.EtnaClient.access$600:29 com.dangbei.lerad.etna.lib.client.EtnaClient$3.call:205
10-17 11:22:53.934 I/wpa_supplicant( 1113): wpa_driver_nl80211_driver_cmd: wifi vendor: aml_w2_s
10-17 11:22:53.935 I/wpa_supplicant( 1113): wpa_driver_nl80211_driver_cmd: wlan0: private command: BTCOEXMODE 2
10-17 11:22:53.937 W/ContextImpl( 1524): Calling a method in the system process without a qualified user: android.app.ContextImpl.bindService:1988 android.content.ContextWrapper.bindService:861 ve.b.h:57 ve.b$c.call:3 xe.c$a.run:5
10-17 11:22:53.939 D/Zygote ( 449): Forked child process 1835
10-17 11:22:53.939 W/ActivityManager( 714): Slow operation: 164ms so far, now at startProcess: returned from zygote!
10-17 11:22:53.940 W/ContextImpl( 1506): Calling a method in the system process without a qualified user: android.app.ContextImpl.startService:1899 android.content.ContextWrapper.startService:825 com.dangbei.etna.setting.core.SettingHelper.startRocky:286 com.dangbei.etna.setting.core.SettingHelper.sendCycleCheckBootGuideStatusMessage:233 com.dangbei.etna.setting.core.SettingHelper.startLoop:222
10-17 11:22:53.942 D/CompatibilityChangeReporter( 1040): Compat change id reported: 186082280; UID 1073; state: ENABLED
10-17 11:22:53.948 I/WifiHAL ( 477): call wifi_get_link_stats handler
10-17 11:22:53.948 I/WifiHAL ( 477): Creating message to get link statistics; iface = 16
10-17 11:22:53.948 D/WifiHAL ( 477): error code -95 mapped to -3
10-17 11:22:53.949 E/WifiStaIfaceAidlImpl( 714): getLinkLayerStats failed with service-specific exception: android.os.ServiceSpecificException: (code 4)
10-17 11:22:53.954 D/CompatibilityChangeReporter( 714): Compat change id reported: 171306433; UID 1073; state: ENABLED
10-17 11:22:53.954 V/MediaStore( 1491): Examining volume emulated;0 with name external_primary and state mounted
10-17 11:22:53.960 W/ContextImpl( 1506): Calling a method in the system process without a qualified user: android.app.ContextImpl.bindService:1988 android.content.ContextWrapper.bindService:861 com.dangbei.lerad.etna.lib.client.EtnaClient.bindServer:138 com.dangbei.lerad.etna.lib.client.EtnaClient.access$600:29 com.dangbei.lerad.etna.lib.client.EtnaClient$3.call:205
10-17 11:22:53.964 E/GetBgColorManager( 1524): setTargetImageView:
10-17 11:22:53.970 I/Zygote ( 1835): seccomp disabled by setenforce 0
10-17 11:22:53.977 D/TheRouter::RouterInject( 1524): interception::===interface com.dangbei.leard.protocol.MainManagerInterface===MainManagerInterfaceImpl1617520
10-17 11:22:53.980 I/droid.dynsystem( 1835): Using CollectorTypeCC GC.
10-17 11:22:53.989 E/droid.dynsystem( 1835): Not starting debugger since process cannot load the jdwp agent.
10-17 11:22:54.002 I/MediaProvider( 1491): Begin Intent { act=com.android.providers.media.action.SCAN_VOLUME (has extras) }
10-17 11:22:54.002 D/MesonDisplay( 300): read /sys/class/amhdmitx/amhdmitx0/hdcp_lstore, result length:0, val:
10-17 11:22:54.002 D/MesonDisplay( 300): read /sys/class/amhdmitx/amhdmitx0/hdcp_lstore, result length:0, val:
10-17 11:22:54.002 I/MesonDisplay( 300): [/HDCPTxAuth.cpp, authInit, 223] hdcp_tx key:
10-17 11:22:54.008 D/ConnectivityService( 714): [100 WIFI] EVENT_NETWORK_INFO_CHANGED, going from CONNECTING to CONNECTING
10-17 11:22:54.015 E/getHdmiStatus( 1524): sourceInputStatus=null mEtnaAdapter=com.dangbei.launcher.etna.EtnaAdapter@a0c173d
10-17 11:22:54.018 D/installd( 587): Found quota mount /dev/block/by-name/metadata at /metadata
10-17 11:22:54.018 D/installd( 587): Found quota mount /dev/block/by-name/rsv at /mnt/rsv
10-17 11:22:54.019 D/installd( 587): Found quota mount /dev/block/dm-50 at /data
10-17 11:22:54.020 D/installd( 587): Found quota mount /dev/block/dm-50 at /data/user/0
10-17 11:22:54.020 D/installd( 587): Found quota mount /dev/block/dm-50 at /mnt/pass_through/0/emulated
10-17 11:22:54.021 D/installd( 587): Found storage mount /dev/block/dm-50 at /mnt/pass_through/0/emulated
10-17 11:22:54.022 D/installd( 587): Found storage mount at /mnt/pass_through/0/emulated
10-17 11:22:54.024 V/MediaStore( 1491): Examining volume emulated;0 with name external_primary and state mounted
10-17 11:22:54.034 V/MediaStore( 1491): Examining volume emulated;0 with name external_primary and state mounted
10-17 11:22:54.048 W/BroadcastLoopers( 714): Found previously unknown looper Thread[StorageManagerService,5,main]
10-17 11:22:54.048 D/ApfFilter( 1040): (wlan0): begin monitoring
10-17 11:22:54.051 E/ccc ( 1506): cccccc etnaService addListener com.dangbei.lerad.etna.lib.client.EtnaServerListener@d52ff1f com.dangbei.etna.update
10-17 11:22:54.051 E/ccc ( 1506): cccccc UpdateHelper onServerConnected
10-17 11:22:54.052 E/ccc ( 1506): cccccc etnaService addListener com.dangbei.lerad.etna.lib.client.EtnaServerListener@70c426c com.dangbei.etna.setting
10-17 11:22:54.052 E/ccc ( 1506): cccccc SettingHelper onServerConnected
10-17 11:22:54.052 W/ActivityManager( 714): Slow operation: 277ms so far, now at startProcess: done updating battery stats
10-17 11:22:54.052 W/ActivityManager( 714): Slow operation: 277ms so far, now at startProcess: building log message
10-17 11:22:54.052 I/ActivityManager( 714): Start proc 1835:com.android.dynsystem/1000 for broadcast {com.android.dynsystem/com.android.dynsystem.BootCompletedReceiver}
10-17 11:22:54.052 W/ActivityManager( 714): Slow operation: 277ms so far, now at startProcess: starting to update pids map
10-17 11:22:54.052 W/ActivityManager( 714): Slow operation: 277ms so far, now at startProcess: done updating pids map
10-17 11:22:54.052 W/ActivityManager( 714): Slow operation: 200ms so far, now at startProcess: asking zygote to start proc
10-17 11:22:54.054 I/ActivityManager( 714): com.dangbei.lerad.rocky is exempt from freezer
10-17 11:22:54.055 D/StorageManagerService( 714): Volume emulated;0 broadcasting checking to UserHandle{0}
10-17 11:22:54.056 E/ccc ( 1506): cccccc sendCycleCheckBroadcast
10-17 11:22:54.058 I/UMLog ( 1524): 统计SDKåˆå§‹åŒ–æˆåŠŸ
10-17 11:22:54.058 D/CompatibilityChangeReporter( 714): Compat change id reported: 168419799; UID 1000; state: DISABLED
10-17 11:22:54.058 D/CompatibilityChangeReporter( 714): Compat change id reported: 273564678; UID 1000; state: DISABLED
10-17 11:22:54.059 E/ccc ( 1506): cccccc sendCycleCheckBootGuideStatusMessage
10-17 11:22:54.060 W/ContextImpl( 1506): Calling a method in the system process without a qualified user: android.app.ContextImpl.startService:1899 android.content.ContextWrapper.startService:825 com.dangbei.etna.setting.core.SettingHelper.startRocky:286 com.dangbei.etna.setting.core.SettingHelper.sendCycleCheckBootGuideStatusMessage:233 com.dangbei.etna.setting.core.SettingHelper.startLoop:222
10-17 11:22:54.065 W/Looper ( 714): Slow dispatch took 133ms android.ui h=com.android.server.am.ActivityManagerService$UiHandler c=null m=68
10-17 11:22:54.066 E/ccc ( 1506): cccccc sendCycleCheckBroadcast
10-17 11:22:54.066 W/ContextImpl( 1506): Calling a method in the system process without a qualified user: android.app.ContextImpl.sendBroadcast:1220 android.content.ContextWrapper.sendBroadcast:504 com.dangbei.etna.setting.core.SettingHelper.sendCycleToProjector:276 com.dangbei.etna.setting.core.SettingHelper.sendCycleCheckBroadcast:245 com.dangbei.etna.setting.core.SettingHelper.sendCycleCheckBootGuideStatusMessage:234
10-17 11:22:54.068 W/ContextImpl( 1506): Calling a method in the system process without a qualified user: android.app.ContextImpl.sendBroadcast:1220 android.content.ContextWrapper.sendBroadcast:504 com.dangbei.etna.setting.core.SettingHelper.sendCycleToVoice:261 com.dangbei.etna.setting.core.SettingHelper.sendCycleCheckBroadcast:246 com.dangbei.etna.setting.core.SettingHelper.sendCycleCheckBootGuideStatusMessage:234
10-17 11:22:54.068 D/StorageManagerService( 714): Volume emulated;0 broadcasting mounted to UserHandle{0}
