10-17 11:23:01.611 I/ ( 0): [0 T358 ..] [TEE] E/TA: pfid_query:877 [PROVISION-TA] pfid_query read pfid property error, return 0xFFFF0008
10-17 11:23:01.613 I/ ( 0): [0 T358 ..] [TEE] E/TC:? 00 tee_rpmb_verify_key_sync_counter:1008 Verify key returning 0xffff0008
10-17 11:23:01.614 I/ ( 0): [0 T358 ..] [TEE] E/TC:? 00 tee_mkl_status:195 tee_mkl_status bad state, status = 0x0
10-17 11:23:01.615 I/ ( 0): [0 T358 ..] [TEE] E/TC:? 00 tee_provision_get_pfpk_enc:351 PFPK key table bad status, res = 0xffff0007
10-17 11:23:01.616 I/ ( 0): [0 T358 ..] [TEE] E/TC:? 00 tee_mkl_status:195 tee_mkl_status bad state, status = 0x0
10-17 11:23:01.617 I/ ( 0): [0 T358 ..] [TEE] E/TC:? 00 tee_provision_get_pfpk_enc:351 PFPK key table bad status, res = 0xffff0007
10-17 11:23:01.619 I/ ( 0): [0 T358 ..] [TEE] E/TA: get_pfpk_enc:786 [PROVISION-TA] TEE_Provision_Get_PFPK_ENC() failed, return 0xFFFF0007
10-17 11:23:01.620 I/ ( 0): [0 T358 ..] [TEE] E/TA: pfpk_query:851 [PROVISION-TA] get_pfpk_enc return 0xFFFF0007
10-17 11:23:02.331 I/resolv ( 448): GetAddrInfoHandler::run: {100 786532 100 983140 1000 0}
10-17 11:23:02.332 I/resolv ( 448): res_nmkquery: (QUERY, IN, A)
10-17 11:23:02.332 I/resolv ( 448): resolv_cache_lookup: FOUND IN CACHE entry=0xf4a40fd0
10-17 11:23:02.332 I/resolv ( 448): doQuery: rcode=0, ancount=9, return value=212
10-17 11:23:02.335 D/TrafficStats( 1524): tagSocket(6) with statsTag=0xffffffff, statsUid=-1
10-17 11:23:02.507 E/dangbei111( 1506): cccccc æ£€æŸ¥é¥æŽ§å™¨æ˜¯å¦è¿žæŽ¥: Dangbei C9:B5:96:5C:E3:C9
10-17 11:23:02.511 E/dangbei111( 1506): cccccc æ£€æŸ¥é¥æŽ§å™¨æ˜¯å¦è¿žæŽ¥: è“牙的结果 Dangbei C9:B5:96:5C:E3:C9 true
10-17 11:23:02.523 E/dangbei111( 1506): cccccc ç¡®å®žæœ‰é¥æŽ§å™¨ 存在 å–æ¶ˆcheck任务
10-17 11:23:02.523 E/dangbei111( 1506): cccccc rc is connected, stop scan =C9:B5:96:5C:E3:C9
10-17 11:23:02.554 W/System ( 1506): A resource failed to call close.
10-17 11:23:02.555 W/System ( 1506): A resource failed to call close.
10-17 11:23:02.555 W/System ( 1506): A resource failed to call close.
10-17 11:23:02.555 W/System ( 1506): A resource failed to call close.
10-17 11:23:02.555 W/System ( 1506): A resource failed to call close.
10-17 11:23:02.555 W/System ( 1506): A resource failed to call close.
10-17 11:23:02.555 W/System ( 1506): A resource failed to call close.
10-17 11:23:02.555 W/System ( 1506): A resource failed to call close.
10-17 11:23:02.555 W/System ( 1506): A resource failed to call close.
10-17 11:23:02.555 W/System ( 1506): A resource failed to call close.
10-17 11:23:02.725 I/resolv ( 448): GetAddrInfoHandler::run: {100 100 100 983140 10044 0}
10-17 11:23:02.726 I/resolv ( 448): res_nmkquery: (QUERY, IN, A)
10-17 11:23:02.732 I/resolv ( 448): res_nsend: used send_dg 131 terrno: 0
10-17 11:23:02.732 I/resolv ( 448): doQuery: rcode=0, ancount=3, return value=131
10-17 11:23:02.733 D/TrafficStats( 2302): tagSocket(171) with statsTag=0xffffffff, statsUid=-1
10-17 11:23:02.805 I/efs.config( 2302): No update is required, less than 8h since the last update
10-17 11:23:02.953 I/WifiService( 714): releaseMulticastLock uid=10044
10-17 11:23:02.955 I/WifiService( 714): releaseMulticastLock uid=10044
10-17 11:23:02.960 D/WifiHAL ( 477): Setting APF program, halHandle = 0xe7cc29e0
10-17 11:23:02.960 I/WifiHAL ( 477): createRequest: APF set program request
10-17 11:23:02.960 D/WifiHAL ( 477): error code -95 mapped to -3
10-17 11:23:02.960 I/WifiHAL ( 477): Request Response failed for APF, result = -3
10-17 11:23:02.961 E/WifiStaIfaceAidlImpl( 714): installApfPacketFilter failed with service-specific exception: android.os.ServiceSpecificException: (code 4)
10-17 11:23:02.952 I/gbei.screencast( 2302): type=1400 audit(0.0:882): avc: denied { write } for name="property_service" dev="tmpfs" ino=412 scontext=u:r:untrusted_app_27:s0:c44,c256,c512,c768 tcontext=u:object_r:property_socket:s0 tclass=sock_file permissive=1 app=com.dangbei.screencast
10-17 11:23:02.952 I/gbei.screencast( 2302): type=1400 audit(0.0:883): avc: denied { connectto } for path="/dev/socket/property_service" scontext=u:r:untrusted_app_27:s0:c44,c256,c512,c768 tcontext=u:r:init:s0 tclass=unix_stream_socket permissive=1 app=com.dangbei.screencast
10-17 11:23:02.952 I//system/bin/init( 1): type=1107 audit(0.0:884): uid=0 auid=4294967295 ses=4294967295 subj=u:r:init:s0 msg='avc: denied { set } for property=persist.sys.wfd.devicename pid=2302 uid=10044 gid=10044 scontext=u:r:untrusted_app_27:s0:c44,c256,c512,c768 tcontext=u:object_r:system_prop:s0 tclass=property_service permissive=1'
10-17 11:23:02.973 D/HiSight-SinkService( 2302): setDiscoverable true
10-17 11:23:02.974 D/NearFieldManager( 2302): init.
10-17 11:23:02.975 D/NearFieldManager( 2302): try check dmsdp
10-17 11:23:02.976 D/wenhc ( 1524): getScreenInfo uri = content://com.dangbei.screencast.parts.info/screen_cast
10-17 11:23:02.976 D/wenhc ( 1524): getScreenInfo uri = content://com.dangbei.screencast.parts.info/screen_cast
10-17 11:23:02.985 D/NearFieldManager( 2302): package not exist
10-17 11:23:02.988 D/CompatibilityChangeReporter( 714): Compat change id reported: 135634846; UID 10044; state: DISABLED
10-17 11:23:02.989 D/CompatibilityChangeReporter( 714): Compat change id reported: 143937733; UID 10044; state: DISABLED
10-17 11:23:02.990 D/NearFieldManager( 2302): bind nearfield service true
10-17 11:23:02.991 D/NearFieldManager( 2302): registerCallback true
10-17 11:23:02.991 D/HiSight-Discovery( 2302): set deviceInfo type:46
10-17 11:23:02.991 D/HiSight-Discovery( 2302): startAdvertise 1
10-17 11:23:03.000 D/Zygote ( 449): Forked child process 2570
10-17 11:23:03.002 I/ActivityManager( 714): Start proc 2570:com.huawei.connection/u0a44 for service {com.dangbei.screencast/com.huawei.connection.service.NearFieldManagerService}
10-17 11:23:03.008 I/Zygote ( 2570): seccomp disabled by setenforce 0
10-17 11:23:03.014 I/awei.connection( 2570): Using CollectorTypeCC GC.
10-17 11:23:03.020 E/awei.connection( 2570): Not starting debugger since process cannot load the jdwp agent.
10-17 11:23:03.038 D/CompatibilityChangeReporter( 2570): Compat change id reported: 171979766; UID 10044; state: DISABLED
10-17 11:23:03.038 D/CompatibilityChangeReporter( 2570): Compat change id reported: 242716250; UID 10044; state: DISABLED
10-17 11:23:03.043 D/ApplicationLoaders( 2570): Returning zygote-cached class loader: /system/framework/android.test.base.jar
10-17 11:23:03.043 D/ApplicationLoaders( 2570): Returning zygote-cached class loader: /system/framework/android.hidl.manager-V1.0-java.jar
10-17 11:23:03.043 D/ApplicationLoaders( 2570): Returning zygote-cached class loader: /system/framework/android.hidl.base-V1.0-java.jar
10-17 11:23:03.052 D/nativeloader( 2570): Configuring clns-shared-4 for other apk /system/app/dangbei-screencast/dangbei-screencast.apk. target_sdk_version=28, uses_libraries=, library_path=/system/app/dangbei-screencast/lib/arm:/system/app/dangbei-screencast/dangbei-screencast.apk!/lib/armeabi-v7a:/system/lib:/system_ext/lib, permitted_path=/data:/mnt/expand:/data/user/0/com.dangbei.screencast:/system/app/dangbei-screencast:/system/lib:/system_ext/lib
10-17 11:23:03.080 V/GraphicsEnvironment( 2570): Currently set values for:
10-17 11:23:03.080 V/GraphicsEnvironment( 2570): angle_gl_driver_selection_pkgs=[]
10-17 11:23:03.080 V/GraphicsEnvironment( 2570): angle_gl_driver_selection_values=[]
10-17 11:23:03.081 V/GraphicsEnvironment( 2570): ANGLE GameManagerService for com.dangbei.screencast: false
10-17 11:23:03.081 V/GraphicsEnvironment( 2570): com.dangbei.screencast is not listed in per-application setting
10-17 11:23:03.081 V/GraphicsEnvironment( 2570): Neither updatable production driver nor prerelease driver is supported.
10-17 11:23:03.085 I/MultiDex( 2570): VM with version 2.1.0 has multidex support
10-17 11:23:03.085 I/MultiDex( 2570): Installing application
10-17 11:23:03.085 I/MultiDex( 2570): VM has multidex support, MultiDex support library is disabled.
10-17 11:23:03.088 D/CompatibilityChangeReporter( 2570): Compat change id reported: 247079863; UID 10044; state: DISABLED
10-17 11:23:03.116 I/awei.connection( 2570): type=1400 audit(0.0:885): avc: denied { search } for name="net" dev="sysfs" ino=12631 scontext=u:r:untrusted_app_27:s0:c44,c256,c512,c768 tcontext=u:object_r:sysfs_net:s0 tclass=dir permissive=1 app=com.dangbei.screencast
10-17 11:23:03.116 I/awei.connection( 2570): type=1400 audit(0.0:886): avc: denied { read } for name="address" dev="sysfs" ino=22413 scontext=u:r:untrusted_app_27:s0:c44,c256,c512,c768 tcontext=u:object_r:sysfs_net:s0 tclass=file permissive=1 app=com.dangbei.screencast
10-17 11:23:03.128 W/[1 T2570 ..] audit( 0): audit_lost=135 audit_rate_limit=5 audit_backlog_limit=64
10-17 11:23:03.128 E/[1 T2570 ..] audit( 0): rate limit exceeded
10-17 11:23:03.123 I/crashsdk( 2570): version unique build id: 6230cced
10-17 11:23:03.123 I/crashsdk( 2570): version unique build id: 6230cced
10-17 11:23:03.125 D/crashsdk( 2570): Native log stat thread 2604 setup, waiting
10-17 11:23:03.127 I/crashsdk( 2570): begin hack android.os.Process
10-17 11:23:03.127 I/crashsdk( 2570): end hack android.os.Process
10-17 11:23:03.137 I/WifiHAL ( 477): call wifi_get_link_stats handler
10-17 11:23:03.137 I/WifiHAL ( 477): Creating message to get link statistics; iface = 16
10-17 11:23:03.137 D/WifiHAL ( 477): error code -95 mapped to -3
10-17 11:23:03.138 E/WifiStaIfaceAidlImpl( 714): getLinkLayerStats failed with service-specific exception: android.os.ServiceSpecificException: (code 4)
10-17 11:23:03.138 I/TDLog ( 2570): setReportUncaughtExceptions: true
10-17 11:23:03.140 E/Application( 2570): onCreate:Version:v2.8.3/20830/883432e
10-17 11:23:03.142 I/Matrix.AnrTracer( 2570): anrTrace, final mAnrBeatTime:400, mAnrBeatRate:400
10-17 11:23:03.147 W/efs.send_log( 2570): tryFileLock start!
10-17 11:23:03.147 E/LaunchManager( 2570): Non main process !
10-17 11:23:03.147 W/System.err( 2570): java.lang.NullPointerException: Attempt to invoke virtual method 'boolean com.efs.sdk.launch.LaunchConfigManager.enableTracer()' on a null object reference
10-17 11:23:03.147 W/System.err( 2570): at com.umeng.umcrash.UMCrash.init(Unknown Source:403)
10-17 11:23:03.147 W/System.err( 2570): at java.lang.reflect.Method.invoke(Native Method)
10-17 11:23:03.147 W/System.err( 2570): at com.umeng.commonsdk.UMConfigure.init(Unknown Source:811)
10-17 11:23:03.147 W/System.err( 2570): at b.f.f.b.a(:4)
10-17 11:23:03.147 W/System.err( 2570): at h.o.a.run(Unknown Source:2)
10-17 11:23:03.151 I/efs.config( 2570): --->>> 删除旧的é…置文件 false
10-17 11:23:03.152 I/efs.base( 2570): lt=event`ev_ct=efs_core`ev_ac=pvuv`tm=2025-10-17 11:23:14`dn=bae69f4d-2b9a-44eb-9aae-69b4e463c1cd`ps=com.huawei.connection`um_os=android`stime=1760671382994`pid=2570`fr=android`pkg=com.dangbei.screencast`vcode=20830`dsp_w=1920`uid=bae69f4d-2b9a-44eb-9aae-69b4e463c1cd`rom=14`wid=bae69f4d-2b9a-44eb-9aae-69b4e463c1cd`um_app_carrier=`um_access=wifi`um_app_channel=os`um_crash_sdk_version=1.4.0`ctime=1760671383`model=dbbox-a3`lang=zh`net=wifi`brand=amlogic`dsp_h=1080`um_network_type=0`ver=v2.8.3`build_model=DBBOX-A3`w_tm=1760671383`appid=5fc60c21094d637f3130af19`um_umid_header=aibc60dfda52d589baa1af2b08b1eadfa5`sdk=34`tzone=Asia/Shanghai`sdk_ver=1.3.6.umeng
10-17 11:23:03.170 I/crashsdk( 2570): Catcher mask: 5000, 20480
10-17 11:23:03.171 I/crashsdk( 2570): Catcher thread 2575
10-17 11:23:03.171 D/crashsdk( 2570): Register ANR handler ...
10-17 11:23:03.172 D/NearFieldManagerService( 2570): NearFieldManagerService.
10-17 11:23:03.172 I/efs.config( 2570): current config version (-1) is older than another (1735614866)
10-17 11:23:03.172 I/efs.config( 2570): load config from storage and notify observer
10-17 11:23:03.173 D/NearFieldManagerService( 2570): onCreate, enter.
10-17 11:23:03.173 I/NearFieldManagerService( 2570): onBind, enter.
10-17 11:23:03.173 D/NearFieldManagerService( 2570): initService
10-17 11:23:03.173 D/NearFieldManagerService( 2570): NearField starting...
10-17 11:23:03.174 D/NearFieldUtils( 2570): checkSystemProperty in
10-17 11:23:03.174 D/NearFieldUtils( 2570): checkSystemProperty: systemProperties:
10-17 11:23:03.174 E/NearFieldUtils( 2570): validProperty: priority is null
10-17 11:23:03.175 I/TDLog ( 2570): TalkingData SDK init...
10-17 11:23:03.175 I/TDLog ( 2570): SDK_VERSION is: Android+TD+V5.0.7 gp Type:Native Build_Num:2141
10-17 11:23:03.175 I/TDLog ( 2570): App ID is: B9D7815EC975466AB1332111FCE62DF5
10-17 11:23:03.175 I/TDLog ( 2570): App Channel is: os
10-17 11:23:03.175 I/TDLog ( 2570): App Custom is:
10-17 11:23:03.175 I/TDLog ( 2570): SDK_OVC is: TDOVC+a3bb7754719798526508b6caad480dd7+SaaS
10-17 11:23:03.177 D/NearFieldManager( 2302): service connected.
10-17 11:23:03.178 D/HiSight-Discovery( 2302): eventId: 4001
10-17 11:23:03.178 D/HiSight-Discovery( 2302): msg 4001
10-17 11:23:03.178 D/HiSight-Discovery( 2302): bind success, status Ready
10-17 11:23:03.179 D/HiSight-Discovery( 2302): startAdvertise 2
10-17 11:23:03.179 D/HiSight-Discovery( 2302): stopAdvertise.
10-17 11:23:03.179 D/HiSight-Discovery( 2302): nearFieldStartListen deviceType 46
10-17 11:23:03.180 D/TrafficStats( 2570): tagSocket(134) with statsTag=0xffffffff, statsUid=-1
10-17 11:23:03.180 I/NearFieldManagerImpl( 2570): setDeviceInfo, sDeviceId changes
10-17 11:23:03.191 W/ ( 0): [0 T2623 ..] [W2][ TX] [aml_filter_sp_data_frame 1310][SP FRAME TX][0] ARP req(0x1) sender:[c0:e3:50:49:c1:08 192.168.50.100] receiver:[00:00:00:00:00:00 192.168.50.2]
10-17 11:23:03.192 I/NearFieldManagerImpl( 2570): setDeviceInfo, sDeviceName changes
10-17 11:23:03.193 D/NearFieldManagerImpl( 2570): setServiceData, sServiceData=[], serviceData=[32]
10-17 11:23:03.194 E/NearFieldManager( 2302): setIdnNetworkPriority: networkPortPriority is empty
10-17 11:23:03.194 D/NearFieldManager( 2302): StartListen moduleId: CastPlusDiscoveryModule
10-17 11:23:03.198 D/NearFieldManagerImpl( 2570): startListen: moduleId: CastPlusDiscoveryModule
10-17 11:23:03.202 W/ ( 0): [0 T2623 ..] [W2][ TX] [aml_filter_sp_data_frame 1310][SP FRAME TX][0] ARP req(0x1) sender:[c0:e3:50:49:c1:08 192.168.50.100] receiver:[00:00:00:00:00:00 192.168.50.3]
10-17 11:23:03.205 W/ ( 0): [0 T2623 ..] [W2][ TX] [aml_filter_sp_data_frame 1310][SP FRAME TX][0] ARP req(0x1) sender:[c0:e3:50:49:c1:08 192.168.50.100] receiver:[00:00:00:00:00:00 192.168.50.4]
10-17 11:23:03.207 W/ ( 0): [0 T2623 ..] [W2][ TX] [aml_filter_sp_data_frame 1310][SP FRAME TX][0] ARP req(0x1) sender:[c0:e3:50:49:c1:08 192.168.50.100] receiver:[00:00:00:00:00:00 192.168.50.5]
10-17 11:23:03.201 I/resolv ( 448): GetAddrInfoHandler::run: {100 100 100 983140 10044 0}
10-17 11:23:03.201 D/NearFieldUtils( 2570): getPreferredIpAddress exec
10-17 11:23:03.201 D/NearFieldUtils( 2570): getPreferredIpAddress by custom priority
10-17 11:23:03.201 D/NearFieldUtils( 2570): getIpByInterfaceSetting customIdnNetworkPriority:[]
10-17 11:23:03.201 D/NearFieldUtils( 2570): getPreferredIpAddress by default priority
10-17 11:23:03.209 W/ ( 0): [0 T2623 ..] [W2][ TX] [aml_filter_sp_data_frame 1310][SP FRAME TX][0] ARP req(0x1) sender:[c0:e3:50:49:c1:08 192.168.50.100] receiver:[00:00:00:00:00:00 192.168.50.6]
10-17 11:23:03.211 W/ ( 0): [0 T2623 ..] [W2][ TX] [aml_filter_sp_data_frame 1310][SP FRAME TX][0] ARP req(0x1) sender:[c0:e3:50:49:c1:08 192.168.50.100] receiver:[00:00:00:00:00:00 192.168.50.7]
10-17 11:23:03.202 I/resolv ( 448): res_nmkquery: (QUERY, IN, A)
10-17 11:23:03.202 I/resolv ( 448): resolv_cache_lookup: FOUND IN CACHE entry=0xf4e807f0
10-17 11:23:03.202 I/resolv ( 448): doQuery: rcode=0, ancount=3, return value=131
10-17 11:23:03.214 W/ ( 0): [0 T2623 ..] [W2][ TX] [aml_filter_sp_data_frame 1310][SP FRAME TX][0] ARP req(0x1) sender:[c0:e3:50:49:c1:08 192.168.50.100] receiver:[00:00:00:00:00:00 192.168.50.8]
10-17 11:23:03.204 D/TrafficStats( 2570): tagSocket(136) with statsTag=0xffffffff, statsUid=-1
10-17 11:23:03.213 D/NearFieldUtils( 2570): to get wlan0 ip address
10-17 11:23:03.219 W/ ( 0): [0 T2623 ..] [W2][ TX] [aml_filter_sp_data_frame 1310][SP FRAME TX][0] ARP req(0x1) sender:[c0:e3:50:49:c1:08 192.168.50.100] receiver:[00:00:00:00:00:00 192.168.50.9]
10-17 11:23:03.223 W/ ( 0): [0 T2623 ..] [W2][ TX] [aml_filter_sp_data_frame 1310][SP FRAME TX][0] ARP req(0x1) sender:[c0:e3:50:49:c1:08 192.168.50.100] receiver:[00:00:00:00:00:00 192.168.50.10]
10-17 11:23:03.213 D/NearFieldUtils( 2570): get wlan0 IP succeed.
10-17 11:23:03.213 D/NearFieldManagerImpl( 2570): sDeviceType: 46
10-17 11:23:03.213 D/NearFieldManagerImpl( 2570): registerDevice() is called.
10-17 11:23:03.214 E/NearFieldManagerUtilsNative( 2570): Begin System.loadLibrary()
10-17 11:23:03.215 D/wenhc ( 1524): getScreenInfo uri = content://com.dangbei.screencast.parts.info/screen_cast
10-17 11:23:03.215 D/wenhc ( 1524): getScreenInfo uri = content://com.dangbei.screencast.parts.info/screen_cast
10-17 11:23:03.225 W/ ( 0): [0 T2623 ..] [W2][ TX] [aml_filter_sp_data_frame 1310][SP FRAME TX][0] ARP req(0x1) sender:[c0:e3:50:49:c1:08 192.168.50.100] receiver:[00:00:00:00:00:00 192.168.50.11]
10-17 11:23:03.217 D/HiSight-SinkService( 2302): setDiscoverable true
10-17 11:23:03.218 D/HiSight-Discovery( 2302): set deviceInfo type:46
10-17 11:23:03.228 W/ ( 0): [0 T2623 ..] [W2][ TX] [aml_filter_sp_data_frame 1310][SP FRAME TX][0] ARP req(0x1) sender:[c0:e3:50:49:c1:08 192.168.50.100] receiver:[00:00:00:00:00:00 192.168.50.12]
10-17 11:23:03.230 W/ ( 0): [0 T2623 ..] [W2][ TX] [aml_filter_sp_data_frame 1310][SP FRAME TX][0] ARP req(0x1) sender:[c0:e3:50:49:c1:08 192.168.50.100] receiver:[00:00:00:00:00:00 192.168.50.13]
10-17 11:23:03.223 I/resolv ( 448): GetAddrInfoHandler::run: {100 100 100 983140 10044 0}
10-17 11:23:03.224 I/resolv ( 448): res_nmkquery: (QUERY, IN, A)
10-17 11:23:03.226 I/resolv ( 448): resolv_cache_lookup: FOUND IN CACHE entry=0xf4e82770
10-17 11:23:03.226 I/resolv ( 448): doQuery: rcode=0, ancount=3, return value=131
10-17 11:23:03.233 W/ ( 0): [0 T2623 ..] [W2][ TX] [aml_filter_sp_data_frame 1310][SP FRAME TX][0] ARP req(0x1) sender:[c0:e3:50:49:c1:08 192.168.50.100] receiver:[00:00:00:00:00:00 192.168.50.14]
10-17 11:23:03.235 W/ ( 0): [0 T2623 ..] [W2][ TX] [aml_filter_sp_data_frame 1310][SP FRAME TX][0] ARP req(0x1) sender:[c0:e3:50:49:c1:08 192.168.50.100] receiver:[00:00:00:00:00:00 192.168.50.15]
10-17 11:23:03.227 D/TrafficStats( 2570): tagSocket(142) with statsTag=0xffffffff, statsUid=-1
10-17 11:23:03.238 W/ ( 0): [0 T2623 ..] [W2][ TX] [aml_filter_sp_data_frame 1310][SP FRAME TX][0] ARP req(0x1) sender:[c0:e3:50:49:c1:08 192.168.50.100] receiver:[00:00:00:00:00:00 192.168.50.16]
10-17 11:23:03.240 W/ ( 0): [0 T2623 ..] [W2][ TX] [aml_filter_sp_data_frame 1310][SP FRAME TX][0] ARP req(0x1) sender:[c0:e3:50:49:c1:08 192.168.50.100] receiver:[00:00:00:00:00:00 192.168.50.17]
10-17 11:23:03.242 W/ ( 0): [0 T2623 ..] [W2][ TX] [aml_filter_sp_data_frame 1310][SP FRAME TX][0] ARP req(0x1) sender:[c0:e3:50:49:c1:08 192.168.50.100] receiver:[00:00:00:00:00:00 192.168.50.18]
10-17 11:23:03.244 W/ ( 0): [0 T2623 ..] [W2][ TX] [aml_filter_sp_data_frame 1310][SP FRAME TX][0] ARP req(0x1) sender:[c0:e3:50:49:c1:08 192.168.50.100] receiver:[00:00:00:00:00:00 192.168.50.19]
10-17 11:23:03.246 W/ ( 0): [0 T2623 ..] [W2][ TX] [aml_filter_sp_data_frame 1310][SP FRAME TX][0] ARP req(0x1) sender:[c0:e3:50:49:c1:08 192.168.50.100] receiver:[00:00:00:00:00:00 192.168.50.20]
10-17 11:23:03.248 W/ ( 0): [2 T2623 ..] [W2][ TX] [aml_filter_sp_data_frame 1310][SP FRAME TX][0] ARP req(0x1) sender:[c0:e3:50:49:c1:08 192.168.50.100] receiver:[00:00:00:00:00:00 192.168.50.21]
10-17 11:23:03.250 W/ ( 0): [2 T2623 ..] [W2][ TX] [aml_filter_sp_data_frame 1310][SP FRAME TX][0] ARP req(0x1) sender:[c0:e3:50:49:c1:08 192.168.50.100] receiver:[00:00:00:00:00:00 192.168.50.22]
10-17 11:23:03.253 W/ ( 0): [2 T2623 ..] [W2][ TX] [aml_filter_sp_data_frame 1310][SP FRAME TX][0] ARP req(0x1) sender:[c0:e3:50:49:c1:08 192.168.50.100] receiver:[00:00:00:00:00:00 192.168.50.23]
10-17 11:23:03.254 W/ ( 0): [2 T2623 ..] [W2][ TX] [aml_filter_sp_data_frame 1310][SP FRAME TX][0] ARP req(0x1) sender:[c0:e3:50:49:c1:08 192.168.50.100] receiver:[00:00:00:00:00:00 192.168.50.24]
10-17 11:23:03.249 I/HicomNfTimerManager( 2570): epoll fd:138 create success
10-17 11:23:03.249 I/HicomNfTimerManager( 2570): epoll add fd:141--->138 success
10-17 11:23:03.256 W/ ( 0): [2 T2623 ..] [W2][ TX] [aml_filter_sp_data_frame 1310][SP FRAME TX][0] ARP req(0x1) sender:[c0:e3:50:49:c1:08 192.168.50.100] receiver:[00:00:00:00:00:00 192.168.50.25]
10-17 11:23:03.249 I/HicomNfTimerManager( 2570): time fd:141 add to epoll success
10-17 11:23:03.259 W/ ( 0): [2 T2623 ..] [W2][ TX] [aml_filter_sp_data_frame 1310][SP FRAME TX][0] ARP req(0x1) sender:[c0:e3:50:49:c1:08 192.168.50.100] receiver:[00:00:00:00:00:00 192.168.50.26]
10-17 11:23:03.261 W/ ( 0): [2 T2623 ..] [W2][ TX] [aml_filter_sp_data_frame 1310][SP FRAME TX][0] ARP req(0x1) sender:[c0:e3:50:49:c1:08 192.168.50.100] receiver:[00:00:00:00:00:00 192.168.50.27]
10-17 11:23:03.252 D/nStackXDFinder( 2570): NSTACKX_Init:[146] :nstack ctrl creat epollfd 143
10-17 11:23:03.253 I/nStackXDFinder( 2570): InitDefaultInterfaceName:[779] :InitDefaultInterfaceName exec
10-17 11:23:03.253 D/nStackXCoAP( 2570): CoapServerInit:[174] :CoapServerInit is called
10-17 11:23:03.253 E/nStackXDFinder( 2570): GetLocalIp:[401] :GetLocalIp exec
10-17 11:23:03.253 E/nStackXDFinder( 2570): GetLocalIp:[407] :GetLocalIp, ifInfo is null
10-17 11:23:03.253 I/HicomNfMainCtrlManager( 2570): NSTACKX_RegisterDevice is called
10-17 11:23:03.253 D/NearFieldManagerImpl( 2570): Register device success.
10-17 11:23:03.253 I/NearFieldManagerImpl( 2570): serviceName is castPlus
10-17 11:23:03.254 D/NearFieldManagerImpl( 2570): registerCapability() called with: capabilityBitmapNum = 1, capabilityBitmap = [8]
10-17 11:23:03.254 I/HicomNf_java_to_c( 2570): registerCapability, capabilityBitmapNum: 1
10-17 11:23:03.254 I/HicomNfMainCtrlManager( 2570): RegisterCapability: 1, 8
10-17 11:23:03.254 D/NearFieldManagerImpl( 2570): Register capability succeed with capabilityBitmapNum = 1, capabilityBitmap = [8]
10-17 11:23:03.254 D/NearFieldManagerImpl( 2570): registerServiceData() called with: serviceData = 32
10-17 11:23:03.254 D/NearFieldManagerImpl( 2570): registerModule() called with: packageModuleName = com.huawei.connection+CastPlusDiscoveryModule
10-17 11:23:03.254 I/HicomNf_java_to_c( 2570): registerModule, moduleName: com.huawei.connection+CastPlusDiscoveryModule
10-17 11:23:03.254 I/HicomNfMainCtrlManager( 2570): Enter RegisterModule
10-17 11:23:03.254 I/HicomNfRegManager( 2570): RegisterModule OK, add module name com.huawei.connection+CastPlusDiscoveryModule
10-17 11:23:03.254 I/nStackXDFinder( 2570): UpdateLocalNetworkInterface:[472] :UpdateLocalNetworkInterface exec,initerfaceName:wlan0
10-17 11:23:03.254 E/nStackXDFinder( 2570): GetLocalIp:[401] :GetLocalIp exec
10-17 11:23:03.254 E/nStackXDFinder( 2570): GetLocalIp:[407] :GetLocalIp, ifInfo is null
10-17 11:23:03.254 I/nStackXDFinder( 2570): UpdateLocalNetworkInterface:[498] :UpdateLocalNetworkInterface copy ip value in default process
10-17 11:23:03.254 E/nStackXDFinder( 2570): GetLocalIp:[401] :GetLocalIp exec
10-17 11:23:03.254 D/nStackXCoAP( 2570): CoapServerInit:[174] :CoapServerInit is called
10-17 11:23:03.254 E/nStackXDFinder( 2570): GetLocalIp:[401] :GetLocalIp exec
10-17 11:23:03.263 W/ ( 0): [2 T2623 ..] [W2][ TX] [aml_filter_sp_data_frame 1310][SP FRAME TX][0] ARP req(0x1) sender:[c0:e3:50:49:c1:08 192.168.50.100] receiver:[00:00:00:00:00:00 192.168.50.28]
10-17 11:23:03.255 I/nStackXUtil( 2570): BindToDevice:[352] :BindToDevice exec
10-17 11:23:03.255 I/nStackXUtil( 2570): GetInterfaceByPriority:[279] :GetInterfaceByPriority exec
10-17 11:23:03.255 I/nStackXUtil( 2570): GetInterfaceByDefault:[309] :GetInterfaceByDefault exec
10-17 11:23:03.255 I/nStackXUtil( 2570): GetInterfaceByDefault:[316] :GetInterfaceByDefault, ndevice name: lo
10-17 11:23:03.255 I/nStackXUtil( 2570): GetInterfaceByDefault:[316] :GetInterfaceByDefault, ndevice name: wlan0
10-17 11:23:03.255 I/nStackXUtil( 2570): BindToDevice:[374] :BindToDevice, Bind localAddr name: wlan0
10-17 11:23:03.255 I/nStackXUtil( 2570): BindToDeviceInner:[191] :binding interface wlan0 success
10-17 11:23:03.255 D/nStackXCoAP( 2570): CoapInitResources:[744] :CoapInitResources g_wlanOrEthContext update
10-17 11:23:03.255 I/nStackXDFinder( 2570): RegisterServiceData:[728] :RegisterServiceData, serviceData=[32]
10-17 11:23:03.255 D/HiSight-Discovery( 2302): startAdvertise 3
10-17 11:23:03.255 D/HiSight-Discovery( 2302): stopAdvertise.
10-17 11:23:03.255 D/NearFieldManager( 2302): StopListen moduleId: CastPlusDiscoveryModule
10-17 11:23:03.257 D/NearFieldManagerImpl( 2570): stopListen: moduleId: CastPlusDiscoveryModule
10-17 11:23:03.257 D/NearFieldManagerImpl( 2570): registerCapability() called with: capabilityBitmapNum = 1, capabilityBitmap = [0]
10-17 11:23:03.257 I/HicomNf_java_to_c( 2570): registerCapability, capabilityBitmapNum: 1
10-17 11:23:03.257 I/HicomNfMainCtrlManager( 2570): RegisterCapability: 1, 0
10-17 11:23:03.257 D/NearFieldManagerImpl( 2570): Register capability succeed with capabilityBitmapNum = 1, capabilityBitmap = [0]
10-17 11:23:03.258 I/Hisight-DeviceListManager( 2302): init DeviceListManager.
10-17 11:23:03.258 D/HiSight-Discovery( 2302): nearFieldStartListen deviceType 46
10-17 11:23:03.265 W/ ( 0): [2 T2623 ..] [W2][ TX] [aml_filter_sp_data_frame 1310][SP FRAME TX][0] ARP req(0x1) sender:[c0:e3:50:49:c1:08 192.168.50.100] receiver:[00:00:00:00:00:00 192.168.50.29]
10-17 11:23:03.267 W/ ( 0): [2 T2623 ..] [W2][ TX] [aml_filter_sp_data_frame 1310][SP FRAME TX][0] ARP req(0x1) sender:[c0:e3:50:49:c1:08 192.168.50.100] receiver:[00:00:00:00:00:00 192.168.50.30]
10-17 11:23:03.269 W/ ( 0): [2 T2623 ..] [W2][ TX] [aml_filter_sp_data_frame 1310][SP FRAME TX][0] ARP req(0x1) sender:[c0:e3:50:49:c1:08 192.168.50.100] receiver:[00:00:00:00:00:00 192.168.50.31]
10-17 11:23:03.261 D/NearFieldManagerImpl( 2570): setServiceData, sServiceData=[32], serviceData=[32]
10-17 11:23:03.261 E/NearFieldManagerImpl( 2570): setServiceData, serviceData exists
10-17 11:23:03.261 D/Hisight-DeviceListManager( 2302): get old secret key
10-17 11:23:03.261 E/NearFieldManager( 2302): setIdnNetworkPriority: networkPortPriority is empty
10-17 11:23:03.261 D/NearFieldManager( 2302): StartListen moduleId: CastPlusDiscoveryModule
10-17 11:23:03.261 D/NearFieldManagerImpl( 2570): startListen: moduleId: CastPlusDiscoveryModule
10-17 11:23:03.261 D/NearFieldUtils( 2570): getPreferredIpAddress exec
10-17 11:23:03.261 D/NearFieldUtils( 2570): getPreferredIpAddress by custom priority
10-17 11:23:03.261 D/NearFieldUtils( 2570): getIpByInterfaceSetting customIdnNetworkPriority:[]
10-17 11:23:03.262 D/NearFieldUtils( 2570): getPreferredIpAddress by default priority
10-17 11:23:03.265 E/Hisight-ConnectAuthCallBack( 2302): readSecureFile failed, no such file
10-17 11:23:03.266 W/Hisight-DeviceListManager( 2302): deviceRecords is empty
10-17 11:23:03.266 W/Hisight-DeviceListManager( 2302): occur error, clear all the list
10-17 11:23:03.266 D/Hisight-HiChainAuthControl( 2302): start HiChainAuthControl
10-17 11:23:03.268 D/NearFieldUtils( 2570): to get wlan0 ip address
10-17 11:23:03.268 D/NearFieldUtils( 2570): get wlan0 IP succeed.
10-17 11:23:03.268 D/NearFieldManagerImpl( 2570): sDeviceType: 46
10-17 11:23:03.268 D/NearFieldManagerImpl( 2570): registerDevice() is called.
10-17 11:23:03.268 I/HicomNfMainCtrlManager( 2570): NSTACKX_RegisterDevice is called
10-17 11:23:03.268 D/NearFieldManagerImpl( 2570): Register device success.
10-17 11:23:03.268 I/NearFieldManagerImpl( 2570): serviceName is castPlus
10-17 11:23:03.268 D/NearFieldManagerImpl( 2570): registerCapability() called with: capabilityBitmapNum = 1, capabilityBitmap = [8]
10-17 11:23:03.268 I/HicomNf_java_to_c( 2570): registerCapability, capabilityBitmapNum: 1
10-17 11:23:03.269 I/nStackXDFinder( 2570): UpdateLocalNetworkInterface:[472] :UpdateLocalNetworkInterface exec,initerfaceName:wlan0
10-17 11:23:03.269 E/nStackXDFinder( 2570): GetLocalIp:[401] :GetLocalIp exec
10-17 11:23:03.269 I/nStackXDFinder( 2570): UpdateLocalNetworkInterface:[498] :UpdateLocalNetworkInterface copy ip value in default process
10-17 11:23:03.269 E/nStackXDFinder( 2570): GetLocalIp:[401] :GetLocalIp exec
10-17 11:23:03.269 I/nStackXDFinder( 2570): UpdateLocalNetworkInterface:[505] :UpdateLocalNetworkInterface: ip not change
10-17 11:23:03.270 I/HicomNfMainCtrlManager( 2570): RegisterCapability: 1, 8
10-17 11:23:03.270 D/NearFieldManagerImpl( 2570): Register capability succeed with capabilityBitmapNum = 1, capabilityBitmap = [8]
10-17 11:23:03.270 D/NearFieldManagerImpl( 2570): registerServiceData() called with: serviceData = 32
10-17 11:23:03.271 D/NearFieldManagerImpl( 2570): registerModule() called with: packageModuleName = com.huawei.connection+CastPlusDiscoveryModule
10-17 11:23:03.271 D/NearFieldManagerImpl( 2570): registerModule, registered before
10-17 11:23:03.271 I/HicomNf_java_to_c( 2570): registerModule, moduleName: com.huawei.connection+CastPlusDiscoveryModule
10-17 11:23:03.271 I/HicomNfMainCtrlManager( 2570): Enter RegisterModule
10-17 11:23:03.271 I/HicomNfRegManager( 2570): RegisterModule OK, already registered com.huawei.connection+CastPlusDiscoveryModule
10-17 11:23:03.279 W/ ( 0): [2 T2623 ..] [W2][ TX] [aml_filter_sp_data_frame 1310][SP FRAME TX][0] ARP req(0x1) sender:[c0:e3:50:49:c1:08 192.168.50.100] receiver:[00:00:00:00:00:00 192.168.50.32]
10-17 11:23:03.281 W/ ( 0): [2 T2623 ..] [W2][ TX] [aml_filter_sp_data_frame 1310][SP FRAME TX][0] ARP req(0x1) sender:[c0:e3:50:49:c1:08 192.168.50.100] receiver:[00:00:00:00:00:00 192.168.50.33]
10-17 11:23:03.283 W/ ( 0): [2 T2623 ..] [W2][ TX] [aml_filter_sp_data_frame 1310][SP FRAME TX][0] ARP req(0x1) sender:[c0:e3:50:49:c1:08 192.168.50.100] receiver:[00:00:00:00:00:00 192.168.50.34]
10-17 11:23:03.285 W/ ( 0): [2 T2623 ..] [W2][ TX] [aml_filter_sp_data_frame 1310][SP FRAME TX][0] ARP req(0x1) sender:[c0:e3:50:49:c1:08 192.168.50.100] receiver:[00:00:00:00:00:00 192.168.50.35]
10-17 11:23:03.280 I/ConnectAuthJNI( 2302): JNI_OnLoad begin load
10-17 11:23:03.280 I/ConnectAuthJNI( 2302): RegisterNativeMethod begin
10-17 11:23:03.280 I/ConnectAuthJNI( 2302): RegisterNativeMethod end
10-17 11:23:03.280 I/ConnectAuthJNI( 2302): RegisterNativeMethod 1004 methodLen=10
10-17 11:23:03.280 I/ConnectAuthJNI( 2302): RegisterNativeMethod 1007 RegisterNatives=0
10-17 11:23:03.280 I/ConnectAuthJNI( 2302): InitArraylist 1013
10-17 11:23:03.280 I/ConnectAuthJNI( 2302): InitConnectAuthStaticJNIMethod 1114 methodRet=0
10-17 11:23:03.280 E/ConnectAuthJNI( 2302): JNI_OnLoad finish....1138
10-17 11:23:03.280 D/Hisight-HiChainAuthControl( 2302): setupAuthIfNeeded, HiChainInstance hasn't been initialized
10-17 11:23:03.280 I/ConnectAuthJNI( 2302): Java_com_huawei_hisight_security_ConnectAuthNative_nativeSetup 795 call HiChainNativeSetup
10-17 11:23:03.281 I/ConnectAuthJNI( 2302): HiChainNativeSetup 565 registe_log
10-17 11:23:03.281 I/ConnectAuthJNI( 2302): HksStorageRegisterFileCallbacks 245 register hks file callback status =0
10-17 11:23:03.281 I/ConnectAuthJNI( 2302): HksRegisterGetDeviceIdCallback 268 register hks get hardware udid callback status =0
10-17 11:23:03.281 I/nStackXDFinder( 2570): RegisterServiceData:[728] :RegisterServiceData, serviceData=[32]
10-17 11:23:03.287 W/ ( 0): [2 T2623 ..] [W2][ TX] [aml_filter_sp_data_frame 1310][SP FRAME TX][0] ARP req(0x1) sender:[c0:e3:50:49:c1:08 192.168.50.100] receiver:[00:00:00:00:00:00 192.168.50.36]
10-17 11:23:03.291 W/ ( 0): [2 T2623 ..] [W2][ TX] [aml_filter_sp_data_frame 1310][SP FRAME TX][0] ARP req(0x1) sender:[c0:e3:50:49:c1:08 192.168.50.100] receiver:[00:00:00:00:00:00 192.168.50.37]
10-17 11:23:03.283 D/ConnectAuthJNI( 2302): [HiChain] get_instance Begin get instance
10-17 11:23:03.283 I/ConnectAuthJNI( 2302): [HKS] hks_service_key_info_init hks init : begin
10-17 11:23:03.283 I/ConnectAuthJNI( 2302): FileRead 113 FileRead
10-17 11:23:03.283 I/ConnectAuthJNI( 2302): FileRead 122 FileRead call readSecureFile begin
10-17 11:23:03.284 E/Hisight-ConnectAuthCallBack( 2302): readSecureFile failed, no such file
10-17 11:23:03.284 W/ConnectAuthJNI( 2302): FileRead 132 FileRead call readSecureFile byteArray is null
10-17 11:23:03.284 I/ConnectAuthJNI( 2302): [HKS] hks_rkc_init RKC init:begin, is_key_info_exist=0
10-17 11:23:03.284 I/ConnectAuthJNI( 2302): [HKS] hks_rkc_init_entropy the entropy is empty
10-17 11:23:03.284 I/ConnectAuthJNI( 2302): FileSize 214 FileSize
10-17 11:23:03.293 W/ ( 0): [2 T2623 ..] [W2][ TX] [aml_filter_sp_data_frame 1310][SP FRAME TX][0] ARP req(0x1) sender:[c0:e3:50:49:c1:08 192.168.50.100] receiver:[00:00:00:00:00:00 192.168.50.38]
10-17 11:23:03.286 I/ConnectAuthJNI( 2302): FileSize 230 fileSize=258
10-17 11:23:03.286 I/ConnectAuthJNI( 2302): FileRead 113 FileRead
10-17 11:23:03.286 I/ConnectAuthJNI( 2302): FileRead 122 FileRead call readSecureFile begin
10-17 11:23:03.287 I/ConnectAuthJNI( 2302): FileRead 135 FileRead call readSecureFile end
10-17 11:23:03.287 I/ConnectAuthJNI( 2302): FileRead 150 fileBuff size 258, buf len 258
10-17 11:23:03.287 I/ConnectAuthJNI( 2302): FileSize 214 FileSize
10-17 11:23:03.288 I/ConnectAuthJNI( 2302): FileSize 230 fileSize=258
10-17 11:23:03.288 I/ConnectAuthJNI( 2302): FileRead 113 FileRead
10-17 11:23:03.288 I/ConnectAuthJNI( 2302): FileRead 122 FileRead call readSecureFile begin
10-17 11:23:03.297 W/ ( 0): [2 T2623 ..] [W2][ TX] [aml_filter_sp_data_frame 1310][SP FRAME TX][0] ARP req(0x1) sender:[c0:e3:50:49:c1:08 192.168.50.100] receiver:[00:00:00:00:00:00 192.168.50.39]
10-17 11:23:03.290 I/ConnectAuthJNI( 2302): FileRead 135 FileRead call readSecureFile end
10-17 11:23:03.290 I/ConnectAuthJNI( 2302): FileRead 150 fileBuff size 258, buf len 258
10-17 11:23:03.290 I/ConnectAuthJNI( 2302): [HKS] hks_rkc_load_ksf load ksf success
10-17 11:23:03.290 I/ConnectAuthJNI( 2302): [HKS] hks_rkc_init root key component init success
10-17 11:23:03.290 I/ConnectAuthJNI( 2302): [HKS] hks_rkc_init RKC init:end,rc=0
10-17 11:23:03.290 I/ConnectAuthJNI( 2302): [HKS] hks_service_key_info_init hks init : end
10-17 11:23:03.290 I/ConnectAuthJNI( 2302): GetHiChainProtocolParamsCallback 371 GetHiChainProtocolParamsCallback operation_code= 99
10-17 11:23:03.290 I/ConnectAuthJNI( 2302): paramLen is ,=0
10-17 11:23:03.290 I/ConnectAuthJNI( 2302): paramLen is ,=0
10-17 11:23:03.290 I/ConnectAuthJNI( 2302): GetHiChainProtocolParamsCallback 402 GetHiChainProtocolParamsCallback end
10-17 11:23:03.290 I/ConnectAuthJNI( 2302): [HiChain] get_instance Get instance success
10-17 11:23:03.290 I/ConnectAuthJNI( 2302): Java_com_huawei_hisight_security_ConnectAuthNative_nativeGetHiChainInstance 598 get instance success
10-17 11:23:03.290 D/Hisight-HiChainAuthControl( 2302): destroyAuth
10-17 11:23:03.290 I/ConnectAuthJNI( 2302): Java_com_huawei_hisight_security_ConnectAuthNative_nativeDestroy 603 destroy
10-17 11:23:03.290 D/Hisight-HiChainAuthControl( 2302): setupAuthIfNeeded, HiChainInstance hasn't been initialized
10-17 11:23:03.290 I/ConnectAuthJNI( 2302): Java_com_huawei_hisight_security_ConnectAuthNative_nativeSetup 795 call HiChainNativeSetup
10-17 11:23:03.290 I/ConnectAuthJNI( 2302): HiChainNativeSetup 565 registe_log
10-17 11:23:03.290 I/ConnectAuthJNI( 2302): HksStorageRegisterFileCallbacks 245 register hks file callback status =0
10-17 11:23:03.290 I/ConnectAuthJNI( 2302): HksRegisterGetDeviceIdCallback 268 register hks get hardware udid callback status =0
10-17 11:23:03.290 D/ConnectAuthJNI( 2302): [HiChain] get_instance Begin get instance
10-17 11:23:03.290 I/ConnectAuthJNI( 2302): [HKS] hks_service_key_info_init hks init : begin
10-17 11:23:03.290 I/ConnectAuthJNI( 2302): [HKS] hks_service_key_info_init hks init : end
10-17 11:23:03.290 I/ConnectAuthJNI( 2302): GetHiChainProtocolParamsCallback 371 GetHiChainProtocolParamsCallback operation_code= 99
10-17 11:23:03.290 I/ConnectAuthJNI( 2302): paramLen is ,=0
10-17 11:23:03.290 I/ConnectAuthJNI( 2302): paramLen is ,=0
10-17 11:23:03.290 I/ConnectAuthJNI( 2302): GetHiChainProtocolParamsCallback 402 GetHiChainProtocolParamsCallback end
10-17 11:23:03.290 I/ConnectAuthJNI( 2302): [HiChain] get_instance Get instance success
10-17 11:23:03.290 I/ConnectAuthJNI( 2302): Java_com_huawei_hisight_security_ConnectAuthNative_nativeGetHiChainInstance 598 get instance success
10-17 11:23:03.291 W/ConnectAuthJNI( 2302): GetListTrustPeers 899 trustPeerSize=0
10-17 11:23:03.291 D/Hisight-HiChainAuthControl( 2302): destroyAuth
10-17 11:23:03.291 I/ConnectAuthJNI( 2302): Java_com_huawei_hisight_security_ConnectAuthNative_nativeDestroy 603 destroy
10-17 11:23:03.291 D/Hisight-HiChainAuthControl( 2302): setupAuthIfNeeded, HiChainInstance hasn't been initialized
10-17 11:23:03.291 I/ConnectAuthJNI( 2302): Java_com_huawei_hisight_security_ConnectAuthNative_nativeSetup 795 call HiChainNativeSetup
10-17 11:23:03.291 I/ConnectAuthJNI( 2302): HiChainNativeSetup 565 registe_log
10-17 11:23:03.291 I/ConnectAuthJNI( 2302): HksStorageRegisterFileCallbacks 245 register hks file callback status =0
10-17 11:23:03.291 I/ConnectAuthJNI( 2302): HksRegisterGetDeviceIdCallback 268 register hks get hardware udid callback status =0
10-17 11:23:03.291 D/ConnectAuthJNI( 2302): [HiChain] get_instance Begin get instance
10-17 11:23:03.291 I/ConnectAuthJNI( 2302): [HKS] hks_service_key_info_init hks init : begin
10-17 11:23:03.291 I/ConnectAuthJNI( 2302): [HKS] hks_service_key_info_init hks init : end
10-17 11:23:03.291 I/ConnectAuthJNI( 2302): GetHiChainProtocolParamsCallback 371 GetHiChainProtocolParamsCallback operation_code= 99
10-17 11:23:03.291 I/ConnectAuthJNI( 2302): paramLen is ,=0
10-17 11:23:03.291 I/ConnectAuthJNI( 2302): paramLen is ,=0
10-17 11:23:03.291 I/ConnectAuthJNI( 2302): GetHiChainProtocolParamsCallback 402 GetHiChainProtocolParamsCallback end
10-17 11:23:03.291 I/ConnectAuthJNI( 2302): [HiChain] get_instance Get instance success
10-17 11:23:03.291 I/ConnectAuthJNI( 2302): Java_com_huawei_hisight_security_ConnectAuthNative_nativeGetHiChainInstance 598 get instance success
10-17 11:23:03.291 W/ConnectAuthJNI( 2302): GetListTrustPeers 899 trustPeerSize=0
10-17 11:23:03.292 D/Hisight-DeviceListManager( 2302): init trusted list size: 0
10-17 11:23:03.292 D/HiSight-ConnectionManager( 2302): setAuthInfo, authMode: 1
10-17 11:23:03.299 W/ ( 0): [2 T2623 ..] [W2][ TX] [aml_filter_sp_data_frame 1310][SP FRAME TX][0] ARP req(0x1) sender:[c0:e3:50:49:c1:08 192.168.50.100] receiver:[00:00:00:00:00:00 192.168.50.40]
10-17 11:23:03.301 W/ ( 0): [2 T2623 ..] [W2][ TX] [aml_filter_sp_data_frame 1310][SP FRAME TX][0] ARP req(0x1) sender:[c0:e3:50:49:c1:08 192.168.50.100] receiver:[00:00:00:00:00:00 192.168.50.41]
10-17 11:23:03.293 D/HiSight-SinkService( 2302): setDiscoverable true
10-17 11:23:03.293 D/HiSight-Discovery( 2302): set deviceInfo type:46
10-17 11:23:03.294 D/HiSight-Discovery( 2302): startAdvertise 3
10-17 11:23:03.294 D/HiSight-Discovery( 2302): stopAdvertise.
10-17 11:23:03.294 D/NearFieldManager( 2302): StopListen moduleId: CastPlusDiscoveryModule
10-17 11:23:03.294 D/wenhc ( 1524): getScreenInfo uri = content://com.dangbei.screencast.parts.info/screen_cast
10-17 11:23:03.294 D/NearFieldManagerImpl( 2570): stopListen: moduleId: CastPlusDiscoveryModule
10-17 11:23:03.294 D/wenhc ( 1524): getScreenInfo uri = content://com.dangbei.screencast.parts.info/screen_cast
10-17 11:23:03.294 D/NearFieldManagerImpl( 2570): registerCapability() called with: capabilityBitmapNum = 1, capabilityBitmap = [0]
10-17 11:23:03.294 I/HicomNf_java_to_c( 2570): registerCapability, capabilityBitmapNum: 1
10-17 11:23:03.294 I/HicomNfMainCtrlManager( 2570): RegisterCapability: 1, 0
10-17 11:23:03.294 D/NearFieldManagerImpl( 2570): Register capability succeed with capabilityBitmapNum = 1, capabilityBitmap = [0]
10-17 11:23:03.295 D/HiSight-Discovery( 2302): nearFieldStartListen deviceType 46
10-17 11:23:03.296 D/NearFieldManagerImpl( 2570): setServiceData, sServiceData=[32], serviceData=[32]
10-17 11:23:03.296 E/NearFieldManagerImpl( 2570): setServiceData, serviceData exists
10-17 11:23:03.296 E/NearFieldManager( 2302): setIdnNetworkPriority: networkPortPriority is empty
10-17 11:23:03.296 D/NearFieldManager( 2302): StartListen moduleId: CastPlusDiscoveryModule
10-17 11:23:03.297 D/NearFieldManagerImpl( 2570): startListen: moduleId: CastPlusDiscoveryModule
10-17 11:23:03.298 D/NearFieldUtils( 2570): getPreferredIpAddress exec
10-17 11:23:03.298 D/NearFieldUtils( 2570): getPreferredIpAddress by custom priority
10-17 11:23:03.298 D/NearFieldUtils( 2570): getIpByInterfaceSetting customIdnNetworkPriority:[]
10-17 11:23:03.298 D/NearFieldUtils( 2570): getPreferredIpAddress by default priority
10-17 11:23:03.306 W/ ( 0): [2 T2623 ..] [W2][ TX] [aml_filter_sp_data_frame 1310][SP FRAME TX][0] ARP req(0x1) sender:[c0:e3:50:49:c1:08 192.168.50.100] receiver:[00:00:00:00:00:00 192.168.50.42]
10-17 11:23:03.307 W/ ( 0): [0 T1645 .s] [W2][ TX] [aml_filter_sp_data_frame 1310][SP FRAME RX][0] ARP rsp(0x2) sender:[c0:e3:50:49:a6:6e 192.168.50.29] receiver:[c0:e3:50:49:c1:08 192.168.50.100]
10-17 11:23:03.307 D/NearFieldUtils( 2570): to get wlan0 ip address
10-17 11:23:03.307 D/NearFieldUtils( 2570): get wlan0 IP succeed.
10-17 11:23:03.307 D/NearFieldManagerImpl( 2570): sDeviceType: 46
10-17 11:23:03.307 D/NearFieldManagerImpl( 2570): registerDevice() is called.
10-17 11:23:03.307 I/HicomNfMainCtrlManager( 2570): NSTACKX_RegisterDevice is called
10-17 11:23:03.307 D/NearFieldManagerImpl( 2570): Register device success.
10-17 11:23:03.307 I/NearFieldManagerImpl( 2570): serviceName is castPlus
10-17 11:23:03.307 I/nStackXDFinder( 2570): UpdateLocalNetworkInterface:[472] :UpdateLocalNetworkInterface exec,initerfaceName:wlan0
10-17 11:23:03.307 E/nStackXDFinder( 2570): GetLocalIp:[401] :GetLocalIp exec
10-17 11:23:03.307 I/nStackXDFinder( 2570): UpdateLocalNetworkInterface:[498] :UpdateLocalNetworkInterface copy ip value in default process
10-17 11:23:03.307 E/nStackXDFinder( 2570): GetLocalIp:[401] :GetLocalIp exec
10-17 11:23:03.307 I/nStackXDFinder( 2570): UpdateLocalNetworkInterface:[505] :UpdateLocalNetworkInterface: ip not change
10-17 11:23:03.307 D/NearFieldManagerImpl( 2570): registerCapability() called with: capabilityBitmapNum = 1, capabilityBitmap = [8]
10-17 11:23:03.307 I/HicomNf_java_to_c( 2570): registerCapability, capabilityBitmapNum: 1
10-17 11:23:03.307 I/HicomNfMainCtrlManager( 2570): RegisterCapability: 1, 8
10-17 11:23:03.307 D/NearFieldManagerImpl( 2570): Register capability succeed with capabilityBitmapNum = 1, capabilityBitmap = [8]
10-17 11:23:03.308 D/NearFieldManagerImpl( 2570): registerServiceData() called with: serviceData = 32
10-17 11:23:03.308 I/nStackXDFinder( 2570): RegisterServiceData:[728] :RegisterServiceData, serviceData=[32]
10-17 11:23:03.308 D/NearFieldManagerImpl( 2570): registerModule() called with: packageModuleName = com.huawei.connection+CastPlusDiscoveryModule
10-17 11:23:03.308 D/NearFieldManagerImpl( 2570): registerModule, registered before
10-17 11:23:03.308 I/HicomNf_java_to_c( 2570): registerModule, moduleName: com.huawei.connection+CastPlusDiscoveryModule
10-17 11:23:03.308 I/HicomNfMainCtrlManager( 2570): Enter RegisterModule
10-17 11:23:03.308 I/HicomNfRegManager( 2570): RegisterModule OK, already registered com.huawei.connection+CastPlusDiscoveryModule
10-17 11:23:03.308 E/HuaweiCastService( 2302): onStartCommand in 0
10-17 11:23:03.315 W/ ( 0): [2 T2623 ..] [W2][ TX] [aml_filter_sp_data_frame 1310][SP FRAME TX][0] ARP req(0x1) sender:[c0:e3:50:49:c1:08 192.168.50.100] receiver:[00:00:00:00:00:00 192.168.50.43]
10-17 11:23:03.319 W/ ( 0): [2 T2623 ..] [W2][ TX] [aml_filter_sp_data_frame 1310][SP FRAME TX][0] ARP req(0x1) sender:[c0:e3:50:49:c1:08 192.168.50.100] receiver:[00:00:00:00:00:00 192.168.50.44]
10-17 11:23:03.320 W/ ( 0): [2 T2623 ..] [W2][ TX] [aml_filter_sp_data_frame 1310][SP FRAME TX][0] ARP req(0x1) sender:[c0:e3:50:49:c1:08 192.168.50.100] receiver:[00:00:00:00:00:00 192.168.50.45]
10-17 11:23:03.322 W/ ( 0): [2 T2623 ..] [W2][ TX] [aml_filter_sp_data_frame 1310][SP FRAME TX][0] ARP req(0x1) sender:[c0:e3:50:49:c1:08 192.168.50.100] receiver:[00:00:00:00:00:00 192.168.50.46]
10-17 11:23:03.325 W/ ( 0): [2 T2623 ..] [W2][ TX] [aml_filter_sp_data_frame 1310][SP FRAME TX][0] ARP req(0x1) sender:[c0:e3:50:49:c1:08 192.168.50.100] receiver:[00:00:00:00:00:00 192.168.50.47]
10-17 11:23:03.327 W/ ( 0): [2 T2623 ..] [W2][ TX] [aml_filter_sp_data_frame 1310][SP FRAME TX][0] ARP req(0x1) sender:[c0:e3:50:49:c1:08 192.168.50.100] receiver:[00:00:00:00:00:00 192.168.50.48]
10-17 11:23:03.329 W/ ( 0): [2 T2623 ..] [W2][ TX] [aml_filter_sp_data_frame 1310][SP FRAME TX][0] ARP req(0x1) sender:[c0:e3:50:49:c1:08 192.168.50.100] receiver:[00:00:00:00:00:00 192.168.50.49]
10-17 11:23:03.331 W/ ( 0): [2 T2623 ..] [W2][ TX] [aml_filter_sp_data_frame 1310][SP FRAME TX][0] ARP req(0x1) sender:[c0:e3:50:49:c1:08 192.168.50.100] receiver:[00:00:00:00:00:00 192.168.50.50]
10-17 11:23:03.333 W/ ( 0): [2 T2623 ..] [W2][ TX] [aml_filter_sp_data_frame 1310][SP FRAME TX][0] ARP req(0x1) sender:[c0:e3:50:49:c1:08 192.168.50.100] receiver:[00:00:00:00:00:00 192.168.50.51]
10-17 11:23:03.335 W/ ( 0): [2 T2623 ..] [W2][ TX] [aml_filter_sp_data_frame 1310][SP FRAME TX][0] ARP req(0x1) sender:[c0:e3:50:49:c1:08 192.168.50.100] receiver:[00:00:00:00:00:00 192.168.50.52]
10-17 11:23:03.337 W/ ( 0): [2 T2623 ..] [W2][ TX] [aml_filter_sp_data_frame 1310][SP FRAME TX][0] ARP req(0x1) sender:[c0:e3:50:49:c1:08 192.168.50.100] receiver:[00:00:00:00:00:00 192.168.50.53]
10-17 11:23:03.339 W/ ( 0): [2 T2623 ..] [W2][ TX] [aml_filter_sp_data_frame 1310][SP FRAME TX][0] ARP req(0x1) sender:[c0:e3:50:49:c1:08 192.168.50.100] receiver:[00:00:00:00:00:00 192.168.50.54]
10-17 11:23:03.341 W/ ( 0): [2 T2623 ..] [W2][ TX] [aml_filter_sp_data_frame 1310][SP FRAME TX][0] ARP req(0x1) sender:[c0:e3:50:49:c1:08 192.168.50.100] receiver:[00:00:00:00:00:00 192.168.50.55]
10-17 11:23:03.343 W/ ( 0): [2 T2623 ..] [W2][ TX] [aml_filter_sp_data_frame 1310][SP FRAME TX][0] ARP req(0x1) sender:[c0:e3:50:49:c1:08 192.168.50.100] receiver:[00:00:00:00:00:00 192.168.50.56]
10-17 11:23:03.345 W/ ( 0): [2 T2623 ..] [W2][ TX] [aml_filter_sp_data_frame 1310][SP FRAME TX][0] ARP req(0x1) sender:[c0:e3:50:49:c1:08 192.168.50.100] receiver:[00:00:00:00:00:00 192.168.50.57]
10-17 11:23:03.347 W/ ( 0): [2 T2623 ..] [W2][ TX] [aml_filter_sp_data_frame 1310][SP FRAME TX][0] ARP req(0x1) sender:[c0:e3:50:49:c1:08 192.168.50.100] receiver:[00:00:00:00:00:00 192.168.50.58]
10-17 11:23:03.349 W/ ( 0): [2 T2623 ..] [W2][ TX] [aml_filter_sp_data_frame 1310][SP FRAME TX][0] ARP req(0x1) sender:[c0:e3:50:49:c1:08 192.168.50.100] receiver:[00:00:00:00:00:00 192.168.50.59]
10-17 11:23:03.351 W/ ( 0): [2 T2623 ..] [W2][ TX] [aml_filter_sp_data_frame 1310][SP FRAME TX][0] ARP req(0x1) sender:[c0:e3:50:49:c1:08 192.168.50.100] receiver:[00:00:00:00:00:00 192.168.50.60]
10-17 11:23:03.354 W/ ( 0): [2 T2623 ..] [W2][ TX] [aml_filter_sp_data_frame 1310][SP FRAME TX][0] ARP req(0x1) sender:[c0:e3:50:49:c1:08 192.168.50.100] receiver:[00:00:00:00:00:00 192.168.50.61]
10-17 11:23:03.355 W/ ( 0): [2 T2623 ..] [W2][ TX] [aml_filter_sp_data_frame 1310][SP FRAME TX][0] ARP req(0x1) sender:[c0:e3:50:49:c1:08 192.168.50.100] receiver:[00:00:00:00:00:00 192.168.50.62]
10-17 11:23:03.357 W/ ( 0): [2 T2623 ..] [W2][ TX] [aml_filter_sp_data_frame 1310][SP FRAME TX][0] ARP req(0x1) sender:[c0:e3:50:49:c1:08 192.168.50.100] receiver:[00:00:00:00:00:00 192.168.50.63]
10-17 11:23:03.359 W/ ( 0): [2 T2623 ..] [W2][ TX] [aml_filter_sp_data_frame 1310][SP FRAME TX][0] ARP req(0x1) sender:[c0:e3:50:49:c1:08 192.168.50.100] receiver:[00:00:00:00:00:00 192.168.50.64]
10-17 11:23:03.362 W/ ( 0): [2 T2623 ..] [W2][ TX] [aml_filter_sp_data_frame 1310][SP FRAME TX][0] ARP req(0x1) sender:[c0:e3:50:49:c1:08 192.168.50.100] receiver:[00:00:00:00:00:00 192.168.50.65]
10-17 11:23:03.364 W/ ( 0): [2 T2623 ..] [W2][ TX] [aml_filter_sp_data_frame 1310][SP FRAME TX][0] ARP req(0x1) sender:[c0:e3:50:49:c1:08 192.168.50.100] receiver:[00:00:00:00:00:00 192.168.50.66]
10-17 11:23:03.366 W/ ( 0): [2 T2623 ..] [W2][ TX] [aml_filter_sp_data_frame 1310][SP FRAME TX][0] ARP req(0x1) sender:[c0:e3:50:49:c1:08 192.168.50.100] receiver:[00:00:00:00:00:00 192.168.50.67]
10-17 11:23:03.368 W/ ( 0): [2 T2623 ..] [W2][ TX] [aml_filter_sp_data_frame 1310][SP FRAME TX][0] ARP req(0x1) sender:[c0:e3:50:49:c1:08 192.168.50.100] receiver:[00:00:00:00:00:00 192.168.50.68]
10-17 11:23:03.370 W/ ( 0): [2 T2623 ..] [W2][ TX] [aml_filter_sp_data_frame 1310][SP FRAME TX][0] ARP req(0x1) sender:[c0:e3:50:49:c1:08 192.168.50.100] receiver:[00:00:00:00:00:00 192.168.50.69]
10-17 11:23:03.372 W/ ( 0): [2 T2623 ..] [W2][ TX] [aml_filter_sp_data_frame 1310][SP FRAME TX][0] ARP req(0x1) sender:[c0:e3:50:49:c1:08 192.168.50.100] receiver:[00:00:00:00:00:00 192.168.50.70]
10-17 11:23:03.374 W/ ( 0): [2 T2623 ..] [W2][ TX] [aml_filter_sp_data_frame 1310][SP FRAME TX][0] ARP req(0x1) sender:[c0:e3:50:49:c1:08 192.168.50.100] receiver:[00:00:00:00:00:00 192.168.50.71]
10-17 11:23:03.376 W/ ( 0): [1 T2623 ..] [W2][ TX] [aml_filter_sp_data_frame 1310][SP FRAME TX][0] ARP req(0x1) sender:[c0:e3:50:49:c1:08 192.168.50.100] receiver:[00:00:00:00:00:00 192.168.50.72]
10-17 11:23:03.378 W/ ( 0): [1 T2623 ..] [W2][ TX] [aml_filter_sp_data_frame 1310][SP FRAME TX][0] ARP req(0x1) sender:[c0:e3:50:49:c1:08 192.168.50.100] receiver:[00:00:00:00:00:00 192.168.50.73]
10-17 11:23:03.380 W/ ( 0): [1 T2623 ..] [W2][ TX] [aml_filter_sp_data_frame 1310][SP FRAME TX][0] ARP req(0x1) sender:[c0:e3:50:49:c1:08 192.168.50.100] receiver:[00:00:00:00:00:00 192.168.50.74]
