10-17 11:22:55.649 D/ConnectivityService( 714): Switching to new default network for: uid/pid:1000/714 activeRequest: 1 callbackRequest: 1 [NetworkRequest [ REQUEST id=1, [ Capabilities: INTERNET&NOT_RESTRICTED&TRUSTED&NOT_VPN&NOT_VCN_MANAGED RequestorUid: 1000 RequestorPkg: android UnderlyingNetworks: Null] ]] callback flags: 1 order: 2147483647 using NetworkAgentInfo{network{100} handle{432902426637} ni{WIFI CONNECTED extra: } created=2025-10-17T03:22:53.892Z Score(Policies : TRANSPORT_PRIMARY&IS_UNMETERED ; KeepConnected : 0) created 28801 lp{{InterfaceName: wlan0 LinkAddresses: [ fe80::2f22:2d:55f8:2594/64,192.168.50.100/24 ] DnsAddresses: [ /192.168.50.1 ] Domains: null MTU: 0 ServerAddress: /192.168.50.1 TcpBufferSizes: 524288,1048576,2097152,262144,524288,1048576 Routes: [ fe80::/64 -> :: wlan0 mtu 0,192.168.50.0/24 -> 0.0.0.0 wlan0 mtu 0,0.0.0.0/0 -> 192.168.50.1 wlan0 mtu 0 ]}} nc{[ Transports: WIFI Capabilities: NOT_METERED&INTERNET&NOT_RESTRICTED&TRUSTED&NOT_VPN&NOT_ROAMING&FOREGROUND&NOT_CONGESTED&NOT_SUSPENDED&NOT_VCN_MANAGED LinkUpBandwidth>=12000Kbps LinkDnBandwidth>=30000Kbps Specifier: TransportInfo: , Provider friendly name: , Requesting package name: "2.4G"wpa2-pskMLO Information: , Is TID-To-Link negotiation supported by the AP: false, AP MLD Address: , AP MLO Link Id: , AP MLO Affiliated links: > SignalStrength: -18 OwnerUid: 10029 AdminUids: [10029] SSID: "2.4G" UnderlyingNetworks: Null]} factorySerialNumber=4}
10-17 11:22:55.649 D/nativeloader( 2100): InitApexLibraries:
10-17 11:22:55.649 D/nativeloader( 2100): com_android_adservices: libhpke_jni.so:libtflite_support_classifiers_native.so
10-17 11:22:55.649 D/nativeloader( 2100): com_android_appsearch: libicing.so
10-17 11:22:55.649 D/nativeloader( 2100): com_android_art: libartservice.so
10-17 11:22:55.649 D/nativeloader( 2100): com_android_btservices: libbluetooth_jni.so
10-17 11:22:55.649 D/nativeloader( 2100): com_android_conscrypt: libjavacrypto.so
10-17 11:22:55.649 D/nativeloader( 2100): com_android_extservices: libhpke_jni.so:libtflite_support_classifiers_native.so
10-17 11:22:55.649 D/nativeloader( 2100): com_android_os_statsd: libstats_jni.so
10-17 11:22:55.649 D/nativeloader( 2100): com_android_tethering: libandroid_net_connectivity_com_android_net_module_util_jni.so:libcronet.114.0.5735.84.so:libframework-connectivity-jni.so:libframework-connectivity-tiramisu-jni.so:libservice-connectivity.so
10-17 11:22:55.649 D/nativeloader( 2100): com_android_uwb: libuwb_uci_jni_rust.so
10-17 11:22:55.649 D/nativeloader( 2100): com_android_virt: libvirtualizationservice_jni.so:libvirtualmachine_jni.so
10-17 11:22:55.650 I/netd ( 448): networkSetDefault(100) <0.37ms>
10-17 11:22:55.651 D/NetworkMonitor/100( 1040): Validation disabled.
10-17 11:22:55.656 E/NetlinkEvent( 448): NetlinkEvent::FindParam(): Parameter 'INTERFACE' not found
10-17 11:22:55.656 E/NetlinkEvent( 448): NetlinkEvent::FindParam(): Parameter 'STATE' not found
10-17 11:22:55.656 E/NetlinkEvent( 448): NetlinkEvent::FindParam(): Parameter 'TIME_NS' not found
10-17 11:22:55.656 E/NetlinkEvent( 448): NetlinkEvent::FindParam(): Parameter 'UID' not found
10-17 11:22:55.665 I/netd ( 448): idletimerAddInterface(wlan0, 15, 1) <12.44ms>
10-17 11:22:55.666 I/netd ( 448): setTcpRWmemorySize(524288 1048576 2097152, 262144 524288 1048576) <0.22ms>
10-17 11:22:55.668 W/BestClock( 714): java.time.DateTimeException: Missing network time fix
10-17 11:22:55.692 W/ ( 0): [3 T0 d.] NOHZ tick-stop error: Non-RCU local softirq work is pending, handler #08!!!
10-17 11:22:55.692 W/ ( 0): [3 T0 d.] NOHZ tick-stop error: Non-RCU local softirq work is pending, handler #08!!!
10-17 11:22:55.687 I/netd ( 448): tetherGetStats() -> {[]} <1.21ms>
10-17 11:22:55.690 W/BestClock( 714): java.time.DateTimeException: Missing network time fix
10-17 11:22:55.691 W/BestClock( 714): java.time.DateTimeException: Missing network time fix
10-17 11:22:55.691 W/BestClock( 714): java.time.DateTimeException: Missing network time fix
10-17 11:22:55.696 D/NetworkTimeUpdateService( 714): New default network 100; checking time.
10-17 11:22:55.703 I/resolv ( 448): GetAddrInfoHandler::run: {100 983140 100 983140 1000 1}
10-17 11:22:55.705 I/resolv ( 448): res_nmkquery: (QUERY, IN, A)
10-17 11:22:55.705 D/UpstreamNetworkMonitor( 1040): New default Internet network: 100
10-17 11:22:55.710 I/resolv ( 448): res_nsend: used send_dg 98 terrno: 0
10-17 11:22:55.711 I/resolv ( 448): doQuery: rcode=0, ancount=4, return value=98
10-17 11:22:55.716 D/TrafficStats( 714): tagSocket(426) with statsTag=0xffffff41, statsUid=-1
10-17 11:22:55.721 V/GraphicsEnvironment( 2100): Currently set values for:
10-17 11:22:55.721 V/GraphicsEnvironment( 2100): angle_gl_driver_selection_pkgs=[]
10-17 11:22:55.721 V/GraphicsEnvironment( 2100): angle_gl_driver_selection_values=[]
10-17 11:22:55.722 D/ConnectivityService( 714): Sending CONNECTED broadcast for type 1 [100 WIFI] isDefaultNetwork=true
10-17 11:22:55.722 V/GraphicsEnvironment( 2100): ANGLE GameManagerService for com.android.rkpdapp: false
10-17 11:22:55.723 W/ContextImpl( 714): Calling a method in the system process without a qualified user: android.app.ContextImpl.sendStickyBroadcast:1626 android.net.connectivity.com.android.server.ConnectivityService.sendStickyBroadcast:3284 android.net.connectivity.com.android.server.ConnectivityService.sendGeneralBroadcast:3254 android.net.connectivity.com.android.server.ConnectivityService.sendConnectedBroadcast:3227 android.net.connectivity.com.android.server.ConnectivityService.sendLegacyNetworkBroadcast:10236
10-17 11:22:55.723 V/GraphicsEnvironment( 2100): com.android.rkpdapp is not listed in per-application setting
10-17 11:22:55.723 V/GraphicsEnvironment( 2100): Neither updatable production driver nor prerelease driver is supported.
10-17 11:22:55.724 D/InstantWifi( 714): Receive Wifi is connected, freq = 2442 and currentNetworkId : 0, wifiinfo = SSID: , BSSID: 02:00:00:00:00:00, MAC: 02:00:00:00:00:00, IP: /192.168.50.100, Security type: 2, Supplicant state: COMPLETED, Wi-Fi standard: 6, RSSI: -18, Link speed: 573Mbps, Tx Link speed: 573Mbps, Max Supported Tx Link speed: 573Mbps, Rx Link speed: 1Mbps, Max Supported Rx Link speed: 573Mbps, Frequency: 2442MHz, Net ID: -1, Metered hint: false, score: 60, isUsable: true, CarrierMerged: false, SubscriptionId: -1, IsPrimary: 1, Trusted: true, Restricted: false, Ephemeral: false, OEM paid: false, OEM private: false, OSU AP: false, FQDN: , Provider friendly name: , Requesting package name: MLO Information: , Is TID-To-Link negotiation supported by the AP: false, AP MLD Address: , AP MLO Link Id: , AP MLO Affiliated links:
10-17 11:22:55.728 D/ConnectivityService( 714): NetReassign [7 : null → 100, 24 : null → 100, 38 : null → 100, 14 : null → 100, 34 : null → 100, 19 : null → 100, 26 : null → 100, 22 : null → 100, 31 : null → 100, 16 : null → 100, 1 : null → 100, 42 : null → 100, 40 : null → 100] [c 0] [a 78] [i 2]
10-17 11:22:55.733 D/QuickLifeImpl( 1506): onReceive intent : Intent { act=android.net.conn.CONNECTIVITY_CHANGE flg=0x4200010 (has extras) }
10-17 11:22:55.733 I/ConnectivityService( 714): Update score for net 100 : +EVER_EVALUATED
10-17 11:22:55.733 D/ConnectivityService( 714): [100 WIFI] validation passed
10-17 11:22:55.733 I/ConnectivityService( 714): Update capabilities for net 100 : +VALIDATED
10-17 11:22:55.733 I/ConnectivityService( 714): Update score for net 100 : +EVER_VALIDATED+IS_VALIDATED
10-17 11:22:55.733 D/QuickLifeImpl( 1506): networkInfo = [type: WIFI[], state: CONNECTED/CONNECTED, reason: (unspecified), extra: , failover: false, available: true, roaming: false]
10-17 11:22:55.734 D/QuickLifeImpl( 1506): network connected
10-17 11:22:55.737 D/ConnectivityService( 714): NetReassign [no changes] [c 0] [a 0] [i 3]
10-17 11:22:55.737 D/RockyReceiver( 1887): action: android.net.conn.CONNECTIVITY_CHANGE
10-17 11:22:55.738 E/hq ( 1524): CrashHandler:::图片加载异常 message=Failed to load resource
10-17 11:22:55.738 E/hq ( 1524): model=
10-17 11:22:55.738 E/hq ( 1524): target=Target for: com.dangbei.palaemon.layout.DBImageView{160443a V.ED..... ........ 0,0-410,580}
10-17 11:22:55.739 I/Receiver( 1887): 网络连接æˆåŠŸ
10-17 11:22:55.740 D/aaa ( 1564): action:android.net.conn.CONNECTIVITY_CHANGE
10-17 11:22:55.741 W/System.err( 1174): java.lang.NoSuchMethodException: android.net.SntpClient.requestTime [class java.lang.String, int, class android.net.Network]
10-17 11:22:55.741 W/System.err( 1174): at java.lang.Class.getMethod(Class.java:2937)
10-17 11:22:55.741 W/System.err( 1174): at java.lang.Class.getMethod(Class.java:2449)
10-17 11:22:55.741 W/System.err( 1174): at com.droidlogic.NtpService.SyncTimeLock(NtpService.java:113)
10-17 11:22:55.741 W/System.err( 1174): at com.droidlogic.NtpService.-$$Nest$mSyncTimeLock(Unknown Source:0)
10-17 11:22:55.743 W/System.err( 1174): at com.droidlogic.NtpService$2.run(NtpService.java:104)
10-17 11:22:55.743 W/System.err( 1174): at android.os.Handler.handleCallback(Handler.java:958)
10-17 11:22:55.743 W/System.err( 1174): at android.os.Handler.dispatchMessage(Handler.java:99)
10-17 11:22:55.743 W/System.err( 1174): at android.os.Looper.loopOnce(Looper.java:205)
10-17 11:22:55.743 W/System.err( 1174): at android.os.Looper.loop(Looper.java:294)
10-17 11:22:55.743 W/System.err( 1174): at android.os.HandlerThread.run(HandlerThread.java:67)
10-17 11:22:55.744 D/WM-WrkMgrInitializer( 2100): Initializing WorkManager with default configuration.
10-17 11:22:55.744 W/BestClock( 714): java.time.DateTimeException: Missing network time fix
10-17 11:22:55.745 E/hq ( 1524): NetWorkStateReceiver:::NetWorkStateReceiver onReceive: 网络å˜åŒ–广播 >>>> intent.action=android.net.conn.CONNECTIVITY_CHANGE
10-17 11:22:55.746 E/hq ( 1524): NetWorkStateReceiver:::Network is available. isConnect=false 是å¦é¢‘次过快=false t=1760671375746
10-17 11:22:55.747 W/eventbuscore( 1524): post Event:com.dangbei.leard.base.entity.event.NetStateEvent
10-17 11:22:55.748 D/ConnectivityService( 714): Setting DNS servers for network 100 to [/192.168.50.1]
10-17 11:22:55.748 D/AppManager( 1524): requestBlackAndWhiteList
10-17 11:22:55.748 D/DnsManager( 714): sendDnsConfigurationForNetwork(100, [192.168.50.1], [], 1800, 25, 8, 64, 0, 0, , [192.168.50.1])
10-17 11:22:55.748 D/AppListModel( 1524): requestAppFilterList: true , false
10-17 11:22:55.749 I/resolv ( 448): setDoh: No suitable DoH server found
10-17 11:22:55.749 I/netd ( 448): DnsResolverService::setResolverConfiguration(100, [192.168.50.1], [], 1800, 25, 8, 64, 0, 0, "", [192.168.50.1]) -> (0) (0.5ms)
10-17 11:22:55.749 I/netd ( 448): setResolverConfiguration(ResolverParamsParcel{netId: 100, sampleValiditySeconds: 1800, successThreshold: 25, minSamples: 8, maxSamples: 64, baseTimeoutMsec: 0, retryCount: 0, servers: [192.168.50.1], domains: [], tlsName: , tlsServers: [192.168.50.1], tlsFingerprints: [], caCertificate: , tlsConnectTimeoutMs: 0, resolverOptions: (null), transportTypes: [1]}) <0.67ms>
10-17 11:22:55.750 W/eventbuscore( 1524): post Event:com.dangbei.leard.base.entity.event.NetChangeEvent
10-17 11:22:55.753 W/ContextImpl( 714): Calling a method in the system process without a qualified user: android.app.ContextImpl.sendStickyBroadcast:1626 android.net.connectivity.com.android.server.ConnectivityService.sendStickyBroadcast:3284 android.net.connectivity.com.android.server.ConnectivityService.sendGeneralBroadcast:3254 android.net.connectivity.com.android.server.ConnectivityService.sendInetConditionBroadcast:3231 android.net.connectivity.com.android.server.ConnectivityService.updateInetCondition:9917
10-17 11:22:55.754 I/resolv ( 448): GetAddrInfoHandler::run: {100 786532 100 983140 1000 0}
10-17 11:22:55.755 W/LastMileLogger( 714): Failed to stop event tracing: /sys/kernel/debug/tracing/instances/wifi/tracing_on: open failed: ENOENT (No such file or directory)
10-17 11:22:55.756 W/resolv ( 448): Validating DnsTlsServer 192.168.50.1 with mark 0xf0064
10-17 11:22:55.758 I/resolv ( 448): res_nmkquery: (QUERY, IN, A)
10-17 11:22:55.759 D/TheRouter::RouterInject( 1524): interception::===interface com.dangbei.leard.protocol.weather.CalendarManagerInterface===CalendarManager34021522
10-17 11:22:55.760 E/DangXiaoBeiManager( 1524): setMessageList: true
10-17 11:22:55.761 W/resolv ( 448): SSL_connect ssl error =5, mark 0xf0064: Connection refused
10-17 11:22:55.761 W/resolv ( 448): TLS Handshake failed
10-17 11:22:55.761 W/resolv ( 448): query failed
10-17 11:22:55.761 W/resolv ( 448): validateDnsTlsServer returned 0 for 192.168.50.1
10-17 11:22:55.762 E/hq ( 1524): 当å°è´:::message list add complete data.messageList:[]
10-17 11:22:55.762 E/hq ( 1524): data.tabList=[]
10-17 11:22:55.763 I/hq ( 1524): 当å°è´:::showMessage from=net_change
10-17 11:22:55.764 I/hq ( 1524): 当å°è´:::showMessage 没有消æ¯éœ€è¦æ˜¾ç¤º
10-17 11:22:55.765 D/yc_test ( 1524): refreshWeather: null
10-17 11:22:55.767 I/hq ( 1524): hq:::curl -X GET "https://ottdbui-tyapiqun7.yysh.mgtv.com/v1/agile/navList?rommodelnumber=AcRpJnmM0co%3D&cpuserial=PlZpqfc1JpxOOZ0anAV38AcloAYinsDQ&pattern=4Beei9NZNdo%3D&rommodel=yOjHVedNSYg5sKMTZcMv%2Bg%3D%3D&sn=kxGxhO562VQFs9XfoN5df8l2leD8vGAB&lang=vT%2FCsDI%2Fr10%3D&brand=yX9G3n%2BCRfo%3D&theme=L%2B%2FPU%2FFQgEY%3D&vcode=o%2BppAkqptlQ%3D&vname=oql4Ml1tHJc%3D&license=Hs4jp68qr9I%3D&channel=TIQ8TWTDuwcWDSToIpEIPg%3D%3D&packagename=qzBdBNULiCmiu3CIMurjL7PIryC36aZ2YdCJzQtyjcQ%3D&romvercode=BhA8%2F38Giec%3D&romvername=UDOuEwwco6o%3D&network=4Beei9NZNdo%3D&deviceEid=vekl%2BDoGXTb1yyOVx0nh49WD6BWcy3Xw1mLzhOpa2qIVnbRZvMQp2A%3D%3D&mac=iP4TVZLko9WOY1jHvhRZzQf86%2FjZ6UxK&userid=pctYUOG3RH0%3D"
10-17 11:22:55.770 W/resolv ( 448): Validation failed
10-17 11:22:55.775 I/hq ( 1524): hq:::curl -X GET "https://ottdbui-tyapiqun7.yysh.mgtv.com/v1/core/appListArr?rommodelnumber=AcRpJnmM0co%3D&cpuserial=PlZpqfc1JpxOOZ0anAV38AcloAYinsDQ&pattern=4Beei9NZNdo%3D&rommodel=yOjHVedNSYg5sKMTZcMv%2Bg%3D%3D&sn=kxGxhO562VQFs9XfoN5df8l2leD8vGAB&lang=vT%2FCsDI%2Fr10%3D&brand=yX9G3n%2BCRfo%3D&theme=L%2B%2FPU%2FFQgEY%3D&vcode=o%2BppAkqptlQ%3D&vname=oql4Ml1tHJc%3D&license=Hs4jp68qr9I%3D&channel=TIQ8TWTDuwcWDSToIpEIPg%3D%3D&packagename=qzBdBNULiCmiu3CIMurjL7PIryC36aZ2YdCJzQtyjcQ%3D&romvercode=BhA8%2F38Giec%3D&romvername=UDOuEwwco6o%3D&network=4Beei9NZNdo%3D&deviceEid=vekl%2BDoGXTb1yyOVx0nh49WD6BWcy3Xw1mLzhOpa2qIVnbRZvMQp2A%3D%3D&mac=iP4TVZLko9WOY1jHvhRZzQf86%2FjZ6UxK&userid=pctYUOG3RH0%3D"
10-17 11:22:55.777 W/BestClock( 714): java.time.DateTimeException: Missing network time fix
10-17 11:22:55.778 I/hq ( 1524): hq:::curl -X GET "https://ottdbui-tyapiqun7.yysh.mgtv.com/v1/core/getIpArea?rommodelnumber=AcRpJnmM0co%3D&cpuserial=PlZpqfc1JpxOOZ0anAV38AcloAYinsDQ&pattern=4Beei9NZNdo%3D&rommodel=yOjHVedNSYg5sKMTZcMv%2Bg%3D%3D&sn=kxGxhO562VQFs9XfoN5df8l2leD8vGAB&lang=vT%2FCsDI%2Fr10%3D&brand=yX9G3n%2BCRfo%3D&theme=L%2B%2FPU%2FFQgEY%3D&vcode=o%2BppAkqptlQ%3D&vname=oql4Ml1tHJc%3D&license=Hs4jp68qr9I%3D&channel=TIQ8TWTDuwcWDSToIpEIPg%3D%3D&packagename=qzBdBNULiCmiu3CIMurjL7PIryC36aZ2YdCJzQtyjcQ%3D&romvercode=BhA8%2F38Giec%3D&romvername=UDOuEwwco6o%3D&network=4Beei9NZNdo%3D&deviceEid=vekl%2BDoGXTb1yyOVx0nh49WD6BWcy3Xw1mLzhOpa2qIVnbRZvMQp2A%3D%3D&mac=iP4TVZLko9WOY1jHvhRZzQf86%2FjZ6UxK&userid=pctYUOG3RH0%3D"
10-17 11:22:55.779 I/hq ( 1524): hq:::curl -X GET "https://ottdbui-tyapiqun7.yysh.mgtv.com/v1/agile/navData?id=npXG6XFsC68%3D&pageId=wlTE9dDRT%2Fs%3D&type=9iufia7Yzl8Znaq3teJVjA%3D%3D&rommodelnumber=AcRpJnmM0co%3D&cpuserial=PlZpqfc1JpxOOZ0anAV38AcloAYinsDQ&pattern=4Beei9NZNdo%3D&rommodel=yOjHVedNSYg5sKMTZcMv%2Bg%3D%3D&sn=kxGxhO562VQFs9XfoN5df8l2leD8vGAB&lang=vT%2FCsDI%2Fr10%3D&brand=yX9G3n%2BCRfo%3D&theme=L%2B%2FPU%2FFQgEY%3D&vcode=o%2BppAkqptlQ%3D&vname=oql4Ml1tHJc%3D&license=Hs4jp68qr9I%3D&channel=TIQ8TWTDuwcWDSToIpEIPg%3D%3D&packagename=qzBdBNULiCmiu3CIMurjL7PIryC36aZ2YdCJzQtyjcQ%3D&romvercode=BhA8%2F38Giec%3D&romvername=UDOuEwwco6o%3D&network=4Beei9NZNdo%3D&deviceEid=vekl%2BDoGXTb1yyOVx0nh49WD6BWcy3Xw1mLzhOpa2qIVnbRZvMQp2A%3D%3D&mac=iP4TVZLko9WOY1jHvhRZzQf86%2FjZ6UxK&userid=pctYUOG3RH0%3D"
10-17 11:22:55.781 I/resolv ( 448): GetAddrInfoHandler::run: {100 786532 100 983140 1000 0}
10-17 11:22:55.782 I/resolv ( 448): GetAddrInfoHandler::run: {100 786532 100 983140 1000 0}
10-17 11:22:55.783 I/hq ( 1524): hq:::curl -X GET "https://ottdbui-tyapiqun7.yysh.mgtv.com/v1/core/getIpArea?rommodelnumber=AcRpJnmM0co%3D&cpuserial=PlZpqfc1JpxOOZ0anAV38AcloAYinsDQ&pattern=4Beei9NZNdo%3D&rommodel=yOjHVedNSYg5sKMTZcMv%2Bg%3D%3D&sn=kxGxhO562VQFs9XfoN5df8l2leD8vGAB&lang=vT%2FCsDI%2Fr10%3D&brand=yX9G3n%2BCRfo%3D&theme=L%2B%2FPU%2FFQgEY%3D&vcode=o%2BppAkqptlQ%3D&vname=oql4Ml1tHJc%3D&license=Hs4jp68qr9I%3D&channel=TIQ8TWTDuwcWDSToIpEIPg%3D%3D&packagename=qzBdBNULiCmiu3CIMurjL7PIryC36aZ2YdCJzQtyjcQ%3D&romvercode=BhA8%2F38Giec%3D&romvername=UDOuEwwco6o%3D&network=4Beei9NZNdo%3D&deviceEid=vekl%2BDoGXTb1yyOVx0nh49WD6BWcy3Xw1mLzhOpa2qIVnbRZvMQp2A%3D%3D&mac=iP4TVZLko9WOY1jHvhRZzQf86%2FjZ6UxK&userid=pctYUOG3RH0%3D"
10-17 11:22:55.784 I/resolv ( 448): res_nmkquery: (QUERY, IN, A)
10-17 11:22:55.785 I/resolv ( 448): GetAddrInfoHandler::run: {100 786532 100 983140 1000 0}
10-17 11:22:55.785 I/resolv ( 448): GetAddrInfoHandler::run: {100 786532 100 983140 1000 0}
10-17 11:22:55.785 W/BestClock( 714): java.time.DateTimeException: Missing network time fix
10-17 11:22:55.786 I/resolv ( 448): GetAddrInfoHandler::run: {100 786532 100 983140 1000 0}
10-17 11:22:55.787 I/resolv ( 448): res_nmkquery: (QUERY, IN, A)
10-17 11:22:55.787 I/resolv ( 448): resolv_cache_lookup: Waiting for previous request
10-17 11:22:55.787 I/resolv ( 448): res_nsend: used send_dg 48 terrno: 0
10-17 11:22:55.787 I/resolv ( 448): res_nmkquery: (QUERY, IN, A)
10-17 11:22:55.787 I/resolv ( 448): resolv_cache_lookup: Waiting for previous request
10-17 11:22:55.787 I/resolv ( 448): doQuery: rcode=0, ancount=1, return value=48
10-17 11:22:55.788 I/resolv ( 448): res_nmkquery: (QUERY, IN, A)
10-17 11:22:55.788 I/resolv ( 448): resolv_cache_lookup: Waiting for previous request
10-17 11:22:55.789 I/resolv ( 448): res_nsend: used send_dg 65 terrno: 0
10-17 11:22:55.789 I/resolv ( 448): doQuery: rcode=0, ancount=1, return value=65
10-17 11:22:55.789 I/resolv ( 448): resolv_cache_lookup: FOUND IN CACHE entry=0xf4dc00c0
10-17 11:22:55.790 I/resolv ( 448): doQuery: rcode=0, ancount=1, return value=65
10-17 11:22:55.790 I/resolv ( 448): resolv_cache_lookup: FOUND IN CACHE entry=0xf4dc00c0
10-17 11:22:55.790 I/resolv ( 448): doQuery: rcode=0, ancount=1, return value=65
10-17 11:22:55.792 D/TrafficStats( 1524): tagSocket(159) with statsTag=0xffffffff, statsUid=-1
10-17 11:22:55.793 D/TrafficStats( 1524): tagSocket(150) with statsTag=0xffffffff, statsUid=-1
10-17 11:22:55.795 I/resolv ( 448): resolv_cache_lookup: FOUND IN CACHE entry=0xf4dc00c0
10-17 11:22:55.796 I/resolv ( 448): doQuery: rcode=0, ancount=1, return value=65
10-17 11:22:55.797 D/TrafficStats( 1524): tagSocket(160) with statsTag=0xffffffff, statsUid=-1
10-17 11:22:55.800 D/TrafficStats( 1524): tagSocket(107) with statsTag=0xffffffff, statsUid=-1
10-17 11:22:55.802 I/resolv ( 448): GetAddrInfoHandler::run: {100 786532 100 983140 1000 0}
10-17 11:22:55.804 W/BestClock( 714): java.time.DateTimeException: Missing network time fix
10-17 11:22:55.805 I/resolv ( 448): res_nmkquery: (QUERY, IN, A)
10-17 11:22:55.806 I/resolv ( 448): resolv_cache_lookup: FOUND IN CACHE entry=0xf4f810f0
10-17 11:22:55.806 I/resolv ( 448): doQuery: rcode=0, ancount=1, return value=48
10-17 11:22:55.818 I/resolv ( 448): res_nmkquery: (QUERY, IN, A)
10-17 11:22:55.818 I/resolv ( 448): resolv_cache_lookup: FOUND IN CACHE entry=0xf4dc00c0
10-17 11:22:55.819 I/resolv ( 448): doQuery: rcode=0, ancount=1, return value=65
10-17 11:22:55.821 D/TrafficStats( 1887): tagSocket(107) with statsTag=0xffffffff, statsUid=-1
10-17 11:22:55.821 D/TrafficStats( 1524): tagSocket(136) with statsTag=0xffffffff, statsUid=-1
10-17 11:22:55.831 D/CompatibilityChangeReporter( 972): Compat change id reported: 186082280; UID 10052; state: ENABLED
10-17 11:22:55.839 D/WifiMemoryStoreImpl( 714): Set cluster Gf27c613c033fbdfa for W983cbe9350c858c0: SUCCESS
10-17 11:22:55.845 D/CompatibilityChangeReporter( 1438): Compat change id reported: 263076149; UID 10053; state: ENABLED
10-17 11:22:55.846 E/TaskWorkerFactory( 1438): Cannot create worker: com.android.devicelockcontroller.provision.worker.DeviceCheckInWorker
10-17 11:22:55.846 E/TaskWorkerFactory( 1438): java.lang.NoSuchMethodException: com.android.devicelockcontroller.provision.worker.DeviceCheckInWorker. [class android.content.Context, class androidx.work.WorkerParameters, interface com.google.common.util.concurrent.ListeningExecutorService]
10-17 11:22:55.846 E/TaskWorkerFactory( 1438): at java.lang.Class.getConstructor0(Class.java:3325)
10-17 11:22:55.846 E/TaskWorkerFactory( 1438): at java.lang.Class.getDeclaredConstructor(Class.java:3063)
10-17 11:22:55.846 E/TaskWorkerFactory( 1438): at com.android.devicelockcontroller.policy.TaskWorkerFactory.createWorker(TaskWorkerFactory.java:53)
10-17 11:22:55.846 E/TaskWorkerFactory( 1438): at androidx.work.DelegatingWorkerFactory.createWorker(DelegatingWorkerFactory.java:71)
10-17 11:22:55.846 E/TaskWorkerFactory( 1438): at androidx.work.WorkerFactory.createWorkerWithDefaultFallback(WorkerFactory.java:82)
10-17 11:22:55.846 E/TaskWorkerFactory( 1438): at androidx.work.impl.WorkerWrapper.runWorker(WorkerWrapper.java:240)
10-17 11:22:55.846 E/TaskWorkerFactory( 1438): at androidx.work.impl.WorkerWrapper.run(WorkerWrapper.java:142)
10-17 11:22:55.846 E/TaskWorkerFactory( 1438): at androidx.work.impl.utils.SerialExecutorImpl$Task.run(SerialExecutorImpl.java:96)
10-17 11:22:55.846 E/TaskWorkerFactory( 1438): at java.util.concurrent.ThreadPoolExecutor.runWorker(ThreadPoolExecutor.java:1145)
10-17 11:22:55.846 E/TaskWorkerFactory( 1438): at java.util.concurrent.ThreadPoolExecutor$Worker.run(ThreadPoolExecutor.java:644)
10-17 11:22:55.846 E/TaskWorkerFactory( 1438): at java.lang.Thread.run(Thread.java:1012)
10-17 11:22:55.847 D/QuickLifeImpl( 1506): updateConditionValue key = DANGBEI_NETWORK_CONNECT; value = 1
10-17 11:22:55.849 D/QuickLifeImpl( 1506): updateConditionValue key = DANGBEI_NETWORK_DISCONNECT; value = 0
10-17 11:22:55.850 D/WifiConfigStore( 714): Writing to stores completed in 52 ms.
10-17 11:22:55.863 D/InstantWifi( 714): Receive Wifi is connected, freq = 2442 and currentNetworkId : 0, wifiinfo = SSID: , BSSID: 02:00:00:00:00:00, MAC: 02:00:00:00:00:00, IP: /192.168.50.100, Security type: 2, Supplicant state: COMPLETED, Wi-Fi standard: 6, RSSI: -18, Link speed: 573Mbps, Tx Link speed: 573Mbps, Max Supported Tx Link speed: 573Mbps, Rx Link speed: 1Mbps, Max Supported Rx Link speed: 573Mbps, Frequency: 2442MHz, Net ID: -1, Metered hint: false, score: 60, isUsable: true, CarrierMerged: false, SubscriptionId: -1, IsPrimary: 1, Trusted: true, Restricted: false, Ephemeral: false, OEM paid: false, OEM private: false, OSU AP: false, FQDN: , Provider friendly name: , Requesting package name: MLO Information: , Is TID-To-Link negotiation supported by the AP: false, AP MLD Address: , AP MLO Link Id: , AP MLO Affiliated links:
10-17 11:22:55.866 I/ActivityManager( 714): reportOnUserCompletedEvent(0): stored=10, eligible=111
10-17 11:22:55.866 D/SystemServerTimingAsync( 714): ssm.CompletedEventUser-0
10-17 11:22:55.866 I/SystemServiceManager( 714): Calling onCompletedEventUser 0
10-17 11:22:55.867 D/SystemServerTimingAsync( 714): ssm.onCompletedEventUser-0_{|Unlocked|}_com.android.server.security.FileIntegrityService
10-17 11:22:55.867 D/LanSocketServer( 1506): connect
10-17 11:22:55.867 V/SystemServerTimingAsync( 714): ssm.onCompletedEventUser-0_{|Unlocked|}_com.android.server.security.FileIntegrityService took to complete: 0ms
10-17 11:22:55.868 D/WM-PackageManagerHelper( 2100): androidx.work.impl.background.systemjob.SystemJobService enabled
10-17 11:22:55.868 D/WM-Schedulers( 2100): Created SystemJobScheduler and enabled SystemJobService
10-17 11:22:55.869 D/SystemServerTimingAsync( 714): ssm.onCompletedEventUser-0_{|Unlocked|}_com.android.server.pm.Installer
10-17 11:22:55.869 D/SystemServerTimingAsync( 714): ssm.onCompletedEventUser-0_{|Unlocked|}_com.android.server.flags.FeatureFlagsService
10-17 11:22:55.869 V/SystemServerTimingAsync( 714): ssm.onCompletedEventUser-0_{|Unlocked|}_com.android.server.flags.FeatureFlagsService took to complete: 0ms
10-17 11:22:55.869 D/SystemServerTimingAsync( 714): ssm.onCompletedEventUser-0_{|Unlocked|}_com.android.server.uri.UriGrantsManagerService$Lifecycle
10-17 11:22:55.869 V/SystemServerTimingAsync( 714): ssm.onCompletedEventUser-0_{|Unlocked|}_com.android.server.uri.UriGrantsManagerService$Lifecycle took to complete: 0ms
10-17 11:22:55.869 D/SystemServerTimingAsync( 714): ssm.onCompletedEventUser-0_{|Unlocked|}_com.android.server.powerstats.PowerStatsService
10-17 11:22:55.869 V/SystemServerTimingAsync( 714): ssm.onCompletedEventUser-0_{|Unlocked|}_com.android.server.powerstats.PowerStatsService took to complete: 0ms
10-17 11:22:55.869 D/SystemServerTimingAsync( 714): ssm.onCompletedEventUser-0_{|Unlocked|}_com.android.server.permission.access.AccessCheckingService
10-17 11:22:55.870 V/SystemServerTimingAsync( 714): ssm.onCompletedEventUser-0_{|Unlocked|}_com.android.server.permission.access.AccessCheckingService took to complete: 0ms
10-17 11:22:55.870 D/SystemServerTimingAsync( 714): ssm.onCompletedEventUser-0_{|Unlocked|}_com.android.server.wm.ActivityTaskManagerService$Lifecycle
10-17 11:22:55.870 V/SystemServerTimingAsync( 714): ssm.onCompletedEventUser-0_{|Unlocked|}_com.android.server.wm.ActivityTaskManagerService$Lifecycle took to complete: 0ms
10-17 11:22:55.870 D/SystemServerTimingAsync( 714): ssm.onCompletedEventUser-0_{|Unlocked|}_com.android.server.am.ActivityManagerService$Lifecycle
10-17 11:22:55.870 V/SystemServerTimingAsync( 714): ssm.onCompletedEventUser-0_{|Unlocked|}_com.android.server.am.ActivityManagerService$Lifecycle took to complete: 0ms
10-17 11:22:55.870 D/SystemServerTimingAsync( 714): ssm.onCompletedEventUser-0_{|Unlocked|}_com.android.server.pm.DataLoaderManagerService
10-17 11:22:55.870 V/SystemServerTimingAsync( 714): ssm.onCompletedEventUser-0_{|Unlocked|}_com.android.server.pm.Installer took to complete: 0ms
10-17 11:22:55.870 D/SystemServerTimingAsync( 714): ssm.onCompletedEventUser-0_{|Unlocked|}_com.android.server.power.PowerManagerService
10-17 11:22:55.870 V/SystemServerTimingAsync( 714): ssm.onCompletedEventUser-0_{|Unlocked|}_com.android.server.power.PowerManagerService took to complete: 0ms
10-17 11:22:55.870 D/SystemServerTimingAsync( 714): ssm.onCompletedEventUser-0_{|Unlocked|}_com.android.server.power.ThermalManagerService
10-17 11:22:55.870 V/SystemServerTimingAsync( 714): ssm.onCompletedEventUser-0_{|Unlocked|}_com.android.server.power.ThermalManagerService took to complete: 0ms
10-17 11:22:55.870 D/SystemServerTimingAsync( 714): ssm.onCompletedEventUser-0_{|Unlocked|}_com.android.server.power.hint.HintManagerService
10-17 11:22:55.870 D/SystemServerTimingAsync( 714): ssm.onCompletedEventUser-0_{|Unlocked|}_com.android.server.os.DeviceIdentifiersPolicyService
10-17 11:22:55.870 V/SystemServerTimingAsync( 714): ssm.onCompletedEventUser-0_{|Unlocked|}_com.android.server.os.DeviceIdentifiersPolicyService took to complete: 0ms
10-17 11:22:55.871 V/SystemServerTimingAsync( 714): ssm.onCompletedEventUser-0_{|Unlocked|}_com.android.server.pm.DataLoaderManagerService took to complete: 1ms
10-17 11:22:55.871 D/SystemServerTimingAsync( 714): ssm.onCompletedEventUser-0_{|Unlocked|}_com.android.server.recoverysystem.RecoverySystemService$Lifecycle
10-17 11:22:55.871 V/SystemServerTimingAsync( 714): ssm.onCompletedEventUser-0_{|Unlocked|}_com.android.server.recoverysystem.RecoverySystemService$Lifecycle took to complete: 0ms
10-17 11:22:55.871 V/SystemServerTimingAsync( 714): ssm.onCompletedEventUser-0_{|Unlocked|}_com.android.server.power.hint.HintManagerService took to complete: 0ms
10-17 11:22:55.871 D/SystemServerTimingAsync( 714): ssm.onCompletedEventUser-0_{|Unlocked|}_com.android.server.display.DisplayManagerService
10-17 11:22:55.871 V/SystemServerTimingAsync( 714): ssm.onCompletedEventUser-0_{|Unlocked|}_com.android.server.display.DisplayManagerService took to complete: 0ms
10-17 11:22:55.871 D/SystemServerTimingAsync( 714): ssm.onCompletedEventUser-0_{|Unlocked|}_com.android.server.lights.LightsService
10-17 11:22:55.871 D/SystemServerTimingAsync( 714): ssm.onCompletedEventUser-0_{|Unlocked|}_com.android.server.pm.PackageInstallerService$Lifecycle
10-17 11:22:55.871 D/SystemServerTimingAsync( 714): ssm.onCompletedEventUser-0_{|Unlocked|}_com.android.server.pm.verify.domain.DomainVerificationService
10-17 11:22:55.871 V/SystemServerTimingAsync( 714): ssm.onCompletedEventUser-0_{|Unlocked|}_com.android.server.pm.PackageInstallerService$Lifecycle took to complete: 0ms
10-17 11:22:55.871 V/SystemServerTimingAsync( 714): ssm.onCompletedEventUser-0_{|Unlocked|}_com.android.server.pm.verify.domain.DomainVerificationService took to complete: 0ms
10-17 11:22:55.871 D/SystemServerTimingAsync( 714): ssm.onCompletedEventUser-0_{|Unlocked|}_com.android.server.om.OverlayManagerService
10-17 11:22:55.871 V/SystemServerTimingAsync( 714): ssm.onCompletedEventUser-0_{|Unlocked|}_com.android.server.om.OverlayManagerService took to complete: 0ms
10-17 11:22:55.871 D/SystemServerTimingAsync( 714): ssm.onCompletedEventUser-0_{|Unlocked|}_com.android.server.resources.ResourcesManagerService
10-17 11:22:55.871 V/SystemServerTimingAsync( 714): ssm.onCompletedEventUser-0_{|Unlocked|}_com.android.server.resources.ResourcesManagerService took to complete: 0ms
10-17 11:22:55.871 D/SystemServerTimingAsync( 714): ssm.onCompletedEventUser-0_{|Unlocked|}_com.android.server.sensorprivacy.SensorPrivacyService
10-17 11:22:55.871 V/SystemServerTimingAsync( 714): ssm.onCompletedEventUser-0_{|Unlocked|}_com.android.server.sensorprivacy.SensorPrivacyService took to complete: 0ms
10-17 11:22:55.871 D/SystemServerTimingAsync( 714): ssm.onCompletedEventUser-0_{|Unlocked|}_com.android.server.sensors.SensorService
10-17 11:22:55.871 V/SystemServerTimingAsync( 714): ssm.onCompletedEventUser-0_{|Unlocked|}_com.android.server.sensors.SensorService took to complete: 0ms
10-17 11:22:55.871 D/SystemServerTimingAsync( 714): ssm.onCompletedEventUser-0_{|Unlocked|}_com.android.server.SystemConfigService
10-17 11:22:55.871 V/SystemServerTimingAsync( 714): ssm.onCompletedEventUser-0_{|Unlocked|}_com.android.server.SystemConfigService took to complete: 0ms
10-17 11:22:55.871 D/SystemServerTimingAsync( 714): ssm.onCompletedEventUser-0_{|Unlocked|}_com.android.server.BatteryService
10-17 11:22:55.871 V/SystemServerTimingAsync( 714): ssm.onCompletedEventUser-0_{|Unlocked|}_com.android.server.BatteryService took to complete: 0ms
10-17 11:22:55.871 D/SystemServerTimingAsync( 714): ssm.onCompletedEventUser-0_{|Unlocked|}_com.android.server.usage.UsageStatsService
10-17 11:22:55.871 V/SystemServerTimingAsync( 714): ssm.onCompletedEventUser-0_{|Unlocked|}_com.android.server.usage.UsageStatsService took to complete: 0ms
10-17 11:22:55.871 D/SystemServerTimingAsync( 714): ssm.onCompletedEventUser-0_{|Unlocked|}_com.android.server.webkit.WebViewUpdateService
10-17 11:22:55.871 V/SystemServerTimingAsync( 714): ssm.onCompletedEventUser-0_{|Unlocked|}_com.android.server.webkit.WebViewUpdateService took to complete: 0ms
10-17 11:22:55.871 D/SystemServerTimingAsync( 714): ssm.onCompletedEventUser-0_{|Unlocked|}_com.android.server.CachedDeviceStateService
10-17 11:22:55.871 V/SystemServerTimingAsync( 714): ssm.onCompletedEventUser-0_{|Unlocked|}_com.android.server.CachedDeviceStateService took to complete: 0ms
10-17 11:22:55.871 D/SystemServerTimingAsync( 714): ssm.onCompletedEventUser-0_{|Unlocked|}_com.android.server.BinderCallsStatsService$LifeCycle
10-17 11:22:55.871 V/SystemServerTimingAsync( 714): ssm.onCompletedEventUser-0_{|Unlocked|}_com.android.server.BinderCallsStatsService$LifeCycle took to complete: 0ms
10-17 11:22:55.871 D/SystemServerTimingAsync( 714): ssm.onCompletedEventUser-0_{|Unlocked|}_com.android.server.LooperStatsService$Lifecycle
10-17 11:22:55.871 V/SystemServerTimingAsync( 714): ssm.onCompletedEventUser-0_{|Unlocked|}_com.android.server.LooperStatsService$Lifecycle took to complete: 0ms
10-17 11:22:55.871 D/SystemServerTimingAsync( 714): ssm.onCompletedEventUser-0_{|Unlocked|}_com.android.server.rollback.RollbackManagerService
10-17 11:22:55.871 V/SystemServerTimingAsync( 714): ssm.onCompletedEventUser-0_{|Unlocked|}_com.android.server.rollback.RollbackManagerService took to complete: 0ms
10-17 11:22:55.871 D/SystemServerTimingAsync( 714): ssm.onCompletedEventUser-0_{|Unlocked|}_com.android.server.os.NativeTombstoneManagerService
10-17 11:22:55.871 V/SystemServerTimingAsync( 714): ssm.onCompletedEventUser-0_{|Unlocked|}_com.android.server.os.NativeTombstoneManagerService took to complete: 0ms
10-17 11:22:55.871 D/SystemServerTimingAsync( 714): ssm.onCompletedEventUser-0_{|Unlocked|}_com.android.server.os.BugreportManagerService
10-17 11:22:55.871 V/SystemServerTimingAsync( 714): ssm.onCompletedEventUser-0_{|Unlocked|}_com.android.server.os.BugreportManagerService took to complete: 0ms
10-17 11:22:55.871 D/SystemServerTimingAsync( 714): ssm.onCompletedEventUser-0_{|Unlocked|}_com.android.server.gpu.GpuService
10-17 11:22:55.871 V/SystemServerTimingAsync( 714): ssm.onCompletedEventUser-0_{|Unlocked|}_com.android.server.gpu.GpuService took to complete: 0ms
10-17 11:22:55.872 D/SystemServerTimingAsync( 714): ssm.onCompletedEventUser-0_{|Unlocked|}_com.android.server.security.rkp.RemoteProvisioningService
10-17 11:22:55.872 V/SystemServerTimingAsync( 714): ssm.onCompletedEventUser-0_{|Unlocked|}_com.android.server.security.rkp.RemoteProvisioningService took to complete: 0ms
10-17 11:22:55.872 D/SystemServerTimingAsync( 714): ssm.onCompletedEventUser-0_{|Unlocked|}_com.android.server.cpu.CpuMonitorService
10-17 11:22:55.872 V/SystemServerTimingAsync( 714): ssm.onCompletedEventUser-0_{|Unlocked|}_com.android.server.cpu.CpuMonitorService took to complete: 0ms
10-17 11:22:55.872 D/SystemServerTimingAsync( 714): ssm.onCompletedEventUser-0_{|Unlocked|}_com.android.server.security.KeyChainSystemService
10-17 11:22:55.872 V/SystemServerTimingAsync( 714): ssm.onCompletedEventUser-0_{|Unlocked|}_com.android.server.security.KeyChainSystemService took to complete: 0ms
10-17 11:22:55.872 D/SystemServerTimingAsync( 714): ssm.onCompletedEventUser-0_{|Unlocked|}_com.android.server.BinaryTransparencyService
10-17 11:22:55.872 V/SystemServerTimingAsync( 714): ssm.onCompletedEventUser-0_{|Unlocked|}_com.android.server.BinaryTransparencyService took to complete: 0ms
10-17 11:22:55.872 D/SystemServerTimingAsync( 714): ssm.onCompletedEventUser-0_{|Unlocked|}_com.android.server.accounts.AccountManagerService$Lifecycle
10-17 11:22:55.872 V/SystemServerTimingAsync( 714): ssm.onCompletedEventUser-0_{|Unlocked|}_com.android.server.accounts.AccountManagerService$Lifecycle took to complete: 0ms
10-17 11:22:55.872 D/SystemServerTimingAsync( 714): ssm.onCompletedEventUser-0_{|Unlocked|}_com.android.server.content.ContentService$Lifecycle
10-17 11:22:55.872 V/SystemServerTimingAsync( 714): ssm.onCompletedEventUser-0_{|Unlocked|}_com.android.server.content.ContentService$Lifecycle took to complete: 0ms
10-17 11:22:55.872 D/SystemServerTimingAsync( 714): ssm.onCompletedEventUser-0_{|Unlocked|}_com.android.server.deviceconfig.DeviceConfigInit$Lifecycle
10-17 11:22:55.872 V/SystemServerTimingAsync( 714): ssm.onCompletedEventUser-0_{|Unlocked|}_com.android.server.deviceconfig.DeviceConfigInit$Lifecycle took to complete: 0ms
10-17 11:22:55.872 D/SystemServerTimingAsync( 714): ssm.onCompletedEventUser-0_{|Unlocked|}_com.android.server.DropBoxManagerService
10-17 11:22:55.872 V/SystemServerTimingAsync( 714): ssm.onCompletedEventUser-0_{|Unlocked|}_com.android.server.DropBoxManagerService took to complete: 0ms
10-17 11:22:55.872 D/SystemServerTimingAsync( 714): ssm.onCompletedEventUser-0_{|Unlocked|}_com.android.role.RoleService
10-17 11:22:55.872 V/SystemServerTimingAsync( 714): ssm.onCompletedEventUser-0_{|Unlocked|}_com.android.role.RoleService took to complete: 0ms
10-17 11:22:55.872 D/SystemServerTimingAsync( 714): ssm.onCompletedEventUser-0_{|Unlocked|}_com.android.server.vibrator.VibratorManagerService$Lifecycle
10-17 11:22:55.872 V/SystemServerTimingAsync( 714): ssm.onCompletedEventUser-0_{|Unlocked|}_com.android.server.vibrator.VibratorManagerService$Lifecycle took to complete: 0ms
10-17 11:22:55.872 D/SystemServerTimingAsync( 714): ssm.onCompletedEventUser-0_{|Unlocked|}_com.android.server.tare.InternalResourceService
10-17 11:22:55.872 V/SystemServerTimingAsync( 714): ssm.onCompletedEventUser-0_{|Unlocked|}_com.android.server.tare.InternalResourceService took to complete: 0ms
10-17 11:22:55.872 D/SystemServerTimingAsync( 714): ssm.onCompletedEventUser-0_{|Unlocked|}_com.android.server.alarm.AlarmManagerService
10-17 11:22:55.872 V/SystemServerTimingAsync( 714): ssm.onCompletedEventUser-0_{|Unlocked|}_com.android.server.alarm.AlarmManagerService took to complete: 0ms
10-17 11:22:55.872 D/SystemServerTimingAsync( 714): ssm.onCompletedEventUser-0_{|Unlocked|}_com.android.server.devicestate.DeviceStateManagerService
10-17 11:22:55.872 V/SystemServerTimingAsync( 714): ssm.onCompletedEventUser-0_{|Unlocked|}_com.android.server.devicestate.DeviceStateManagerService took to complete: 0ms
10-17 11:22:55.872 D/SystemServerTimingAsync( 714): ssm.onCompletedEventUser-0_{|Unlocked|}_com.android.server.camera.CameraServiceProxy
10-17 11:22:55.872 V/SystemServerTimingAsync( 714): ssm.onCompletedEventUser-0_{|Unlocked|}_com.android.server.camera.CameraServiceProxy took to complete: 0ms
10-17 11:22:55.872 D/SystemServerTimingAsync( 714): ssm.onCompletedEventUser-0_{|Unlocked|}_com.android.server.bluetooth.BluetoothService
10-17 11:22:55.872 V/SystemServerTimingAsync( 714): ssm.onCompletedEventUser-0_{|Unlocked|}_com.android.server.bluetooth.BluetoothService took to complete: 0ms
10-17 11:22:55.872 D/SystemServerTimingAsync( 714): ssm.onCompletedEventUser-0_{|Unlocked|}_com.android.server.connectivity.IpConnectivityMetrics
10-17 11:22:55.872 V/SystemServerTimingAsync( 714): ssm.onCompletedEventUser-0_{|Unlocked|}_com.android.server.connectivity.IpConnectivityMetrics took to complete: 0ms
10-17 11:22:55.872 D/SystemServerTimingAsync( 714): ssm.onCompletedEventUser-0_{|Unlocked|}_com.android.server.net.watchlist.NetworkWatchlistService$Lifecycle
10-17 11:22:55.872 V/SystemServerTimingAsync( 714): ssm.onCompletedEventUser-0_{|Unlocked|}_com.android.server.net.watchlist.NetworkWatchlistService$Lifecycle took to complete: 0ms
10-17 11:22:55.872 D/SystemServerTimingAsync( 714): ssm.onCompletedEventUser-0_{|Unlocked|}_com.android.server.PinnerService
10-17 11:22:55.872 V/SystemServerTimingAsync( 714): ssm.onCompletedEventUser-0_{|Unlocked|}_com.android.server.PinnerService took to complete: 0ms
10-17 11:22:55.872 D/SystemServerTimingAsync( 714): ssm.onCompletedEventUser-0_{|Unlocked|}_com.android.server.integrity.AppIntegrityManagerService
10-17 11:22:55.872 V/SystemServerTimingAsync( 714): ssm.onCompletedEventUser-0_{|Unlocked|}_com.android.server.integrity.AppIntegrityManagerService took to complete: 0ms
10-17 11:22:55.872 D/SystemServerTimingAsync( 714): ssm.onCompletedEventUser-0_{|Unlocked|}_com.android.server.logcat.LogcatManagerService
10-17 11:22:55.872 V/SystemServerTimingAsync( 714): ssm.onCompletedEventUser-0_{|Unlocked|}_com.android.server.logcat.LogcatManagerService took to complete: 0ms
10-17 11:22:55.872 D/SystemServerTimingAsync( 714): ssm.onCompletedEventUser-0_{|Unlocked|}_com.android.server.inputmethod.InputMethodManagerService$Lifecycle
10-17 11:22:55.873 V/SystemServerTimingAsync( 714): ssm.onCompletedEventUser-0_{|Unlocked|}_com.android.server.inputmethod.InputMethodManagerService$Lifecycle took to complete: 0ms
10-17 11:22:55.873 D/SystemServerTimingAsync( 714): ssm.onCompletedEventUser-0_{|Unlocked|}_com.android.server.accessibility.AccessibilityManagerService$Lifecycle
10-17 11:22:55.873 V/SystemServerTimingAsync( 714): ssm.onCompletedEventUser-0_{|Unlocked|}_com.android.server.accessibility.AccessibilityManagerService$Lifecycle took to complete: 0ms
10-17 11:22:55.873 D/SystemServerTimingAsync( 714): ssm.onCompletedEventUser-0_{|Unlocked|}_com.android.server.StorageManagerService$Lifecycle
10-17 11:22:55.873 V/SystemServerTimingAsync( 714): ssm.onCompletedEventUser-0_{|Unlocked|}_com.android.server.StorageManagerService$Lifecycle took to complete: 0ms
10-17 11:22:55.873 D/SystemServerTimingAsync( 714): ssm.onCompletedEventUser-0_{|Unlocked|}_com.android.server.usage.StorageStatsService$Lifecycle
10-17 11:22:55.873 V/SystemServerTimingAsync( 714): ssm.onCompletedEventUser-0_{|Unlocked|}_com.android.server.usage.StorageStatsService$Lifecycle took to complete: 0ms
10-17 11:22:55.873 D/SystemServerTimingAsync( 714): ssm.onCompletedEventUser-0_{|Unlocked|}_com.android.server.UiModeManagerService
10-17 11:22:55.873 V/SystemServerTimingAsync( 714): ssm.onCompletedEventUser-0_{|Unlocked|}_com.android.server.UiModeManagerService took to complete: 0ms
10-17 11:22:55.873 D/SystemServerTimingAsync( 714): ssm.onCompletedEventUser-0_{|Unlocked|}_com.android.server.locales.LocaleManagerService
10-17 11:22:55.873 V/SystemServerTimingAsync( 714): ssm.onCompletedEventUser-0_{|Unlocked|}_com.android.server.locales.LocaleManagerService took to complete: 0ms
10-17 11:22:55.873 D/SystemServerTimingAsync( 714): ssm.onCompletedEventUser-0_{|Unlocked|}_com.android.server.grammaticalinflection.GrammaticalInflectionService
10-17 11:22:55.873 V/SystemServerTimingAsync( 714): ssm.onCompletedEventUser-0_{|Unlocked|}_com.android.server.grammaticalinflection.GrammaticalInflectionService took to complete: 0ms
10-17 11:22:55.873 D/SystemServerTimingAsync( 714): ssm.onCompletedEventUser-0_{|Unlocked|}_com.android.server.apphibernation.AppHibernationService
10-17 11:22:55.873 V/SystemServerTimingAsync( 714): ssm.onCompletedEventUser-0_{|Unlocked|}_com.android.server.apphibernation.AppHibernationService took to complete: 0ms
10-17 11:22:55.873 D/SystemServerTimingAsync( 714): ssm.onCompletedEventUser-0_{|Unlocked|}_com.android.server.locksettings.LockSettingsService$Lifecycle
10-17 11:22:55.873 V/SystemServerTimingAsync( 714): ssm.onCompletedEventUser-0_{|Unlocked|}_com.android.server.locksettings.LockSettingsService$Lifecycle took to complete: 0ms
10-17 11:22:55.873 D/SystemServerTimingAsync( 714): ssm.onCompletedEventUser-0_{|Unlocked|}_com.android.server.PersistentDataBlockService
10-17 11:22:55.873 V/SystemServerTimingAsync( 714): ssm.onCompletedEventUser-0_{|Unlocked|}_com.android.server.PersistentDataBlockService took to complete: 0ms
10-17 11:22:55.873 D/SystemServerTimingAsync( 714): ssm.onCompletedEventUser-0_{|Unlocked|}_com.android.server.testharness.TestHarnessModeService
10-17 11:22:55.873 V/SystemServerTimingAsync( 714): ssm.onCompletedEventUser-0_{|Unlocked|}_com.android.server.testharness.TestHarnessModeService took to complete: 0ms
10-17 11:22:55.873 D/SystemServerTimingAsync( 714): ssm.onCompletedEventUser-0_{|Unlocked|}_com.android.server.oemlock.OemLockService
10-17 11:22:55.873 V/SystemServerTimingAsync( 714): ssm.onCompletedEventUser-0_{|Unlocked|}_com.android.server.oemlock.OemLockService took to complete: 0ms
10-17 11:22:55.873 D/SystemServerTimingAsync( 714): ssm.onCompletedEventUser-0_{|Unlocked|}_com.android.server.DeviceIdleController
10-17 11:22:55.873 V/SystemServerTimingAsync( 714): ssm.onCompletedEventUser-0_{|Unlocked|}_com.android.server.DeviceIdleController took to complete: 0ms
10-17 11:22:55.873 D/SystemServerTimingAsync( 714): ssm.onCompletedEventUser-0_{|Unlocked|}_com.android.server.devicepolicy.DevicePolicyManagerService$Lifecycle
10-17 11:22:55.873 V/SystemServerTimingAsync( 714): ssm.onCompletedEventUser-0_{|Unlocked|}_com.android.server.devicepolicy.DevicePolicyManagerService$Lifecycle took to complete: 0ms
10-17 11:22:55.873 D/SystemServerTimingAsync( 714): ssm.onCompletedEventUser-0_{|Unlocked|}_com.android.server.texttospeech.TextToSpeechManagerService
10-17 11:22:55.873 V/SystemServerTimingAsync( 714): ssm.onCompletedEventUser-0_{|Unlocked|}_com.android.server.texttospeech.TextToSpeechManagerService took to complete: 0ms
10-17 11:22:55.873 D/SystemServerTimingAsync( 714): ssm.onCompletedEventUser-0_{|Unlocked|}_com.android.server.ambientcontext.AmbientContextManagerService
10-17 11:22:55.873 V/SystemServerTimingAsync( 714): ssm.onCompletedEventUser-0_{|Unlocked|}_com.android.server.ambientcontext.AmbientContextManagerService took to complete: 0ms
10-17 11:22:55.873 D/SystemServerTimingAsync( 714): ssm.onCompletedEventUser-0_{|Unlocked|}_com.android.server.wearable.WearableSensingManagerService
10-17 11:22:55.873 V/SystemServerTimingAsync( 714): ssm.onCompletedEventUser-0_{|Unlocked|}_com.android.server.wearable.WearableSensingManagerService took to complete: 0ms
10-17 11:22:55.873 D/SystemServerTimingAsync( 714): ssm.onCompletedEventUser-0_{|Unlocked|}_com.android.server.speech.SpeechRecognitionManagerService
10-17 11:22:55.873 V/SystemServerTimingAsync( 714): ssm.onCompletedEventUser-0_{|Unlocked|}_com.android.server.speech.SpeechRecognitionManagerService took to complete: 0ms
10-17 11:22:55.873 D/SystemServerTimingAsync( 714): ssm.onCompletedEventUser-0_{|Unlocked|}_com.android.server.searchui.SearchUiManagerService
10-17 11:22:55.873 V/SystemServerTimingAsync( 714): ssm.onCompletedEventUser-0_{|Unlocked|}_com.android.server.searchui.SearchUiManagerService took to complete: 0ms
10-17 11:22:55.873 D/SystemServerTimingAsync( 714): ssm.onCompletedEventUser-0_{|Unlocked|}_com.android.server.smartspace.SmartspaceManagerService
10-17 11:22:55.873 V/SystemServerTimingAsync( 714): ssm.onCompletedEventUser-0_{|Unlocked|}_com.android.server.smartspace.SmartspaceManagerService took to complete: 0ms
10-17 11:22:55.873 D/SystemServerTimingAsync( 714): ssm.onCompletedEventUser-0_{|Unlocked|}_com.android.server.graphics.fonts.FontManagerService$Lifecycle
10-17 11:22:55.874 V/SystemServerTimingAsync( 714): ssm.onCompletedEventUser-0_{|Unlocked|}_com.android.server.graphics.fonts.FontManagerService$Lifecycle took to complete: 0ms
10-17 11:22:55.874 D/SystemServerTimingAsync( 714): ssm.onCompletedEventUser-0_{|Unlocked|}_com.android.server.textservices.TextServicesManagerService$Lifecycle
10-17 11:22:55.874 V/SystemServerTimingAsync( 714): ssm.onCompletedEventUser-0_{|Unlocked|}_com.android.server.textservices.TextServicesManagerService$Lifecycle took to complete: 0ms
10-17 11:22:55.874 D/SystemServerTimingAsync( 714): ssm.onCompletedEventUser-0_{|Unlocked|}_com.android.server.textclassifier.TextClassificationManagerService$Lifecycle
10-17 11:22:55.874 D/SystemServerTimingAsync( 714): ssm.onCompletedEventUser-0_{|Unlocked|}_com.android.server.pm.UserManagerService$LifeCycle
10-17 11:22:55.874 V/SystemServerTimingAsync( 714): ssm.onCompletedEventUser-0_{|Unlocked|}_com.android.server.lights.LightsService took to complete: 0ms
10-17 11:22:55.874 D/SystemServerTimingAsync( 714): ssm.onCompletedEventUser-0_{|Unlocked|}_com.android.server.NetworkScoreService$Lifecycle
10-17 11:22:55.874 V/SystemServerTimingAsync( 714): ssm.onCompletedEventUser-0_{|Unlocked|}_com.android.server.NetworkScoreService$Lifecycle took to complete: 0ms
10-17 11:22:55.874 D/SystemServerTimingAsync( 714): ssm.onCompletedEventUser-0_{|Unlocked|}_com.android.server.NetworkStatsServiceInitializer
10-17 11:22:55.874 V/SystemServerTimingAsync( 714): ssm.onCompletedEventUser-0_{|Unlocked|}_com.android.server.NetworkStatsServiceInitializer took to complete: 0ms
10-17 11:22:55.875 D/SystemServerTimingAsync( 714): ssm.onCompletedEventUser-0_{|Unlocked|}_com.android.server.wifi.WifiService
10-17 11:22:55.875 V/SystemServerTimingAsync( 714): ssm.onCompletedEventUser-0_{|Unlocked|}_com.android.server.wifi.WifiService took to complete: 0ms
10-17 11:22:55.875 D/SystemServerTimingAsync( 714): ssm.onCompletedEventUser-0_{|Unlocked|}_com.android.server.wifi.scanner.WifiScanningService
10-17 11:22:55.875 V/SystemServerTimingAsync( 714): ssm.onCompletedEventUser-0_{|Unlocked|}_com.android.server.wifi.scanner.WifiScanningService took to complete: 0ms
10-17 11:22:55.875 D/SystemServerTimingAsync( 714): ssm.onCompletedEventUser-0_{|Unlocked|}_com.android.server.wifi.p2p.WifiP2pService
10-17 11:22:55.875 V/SystemServerTimingAsync( 714): ssm.onCompletedEventUser-0_{|Unlocked|}_com.android.server.wifi.p2p.WifiP2pService took to complete: 0ms
10-17 11:22:55.875 D/SystemServerTimingAsync( 714): ssm.onCompletedEventUser-0_{|Unlocked|}_com.android.server.ConnectivityServiceInitializer
10-17 11:22:55.875 V/SystemServerTimingAsync( 714): ssm.onCompletedEventUser-0_{|Unlocked|}_com.android.server.ConnectivityServiceInitializer took to complete: 0ms
10-17 11:22:55.875 D/SystemServerTimingAsync( 714): ssm.onCompletedEventUser-0_{|Unlocked|}_com.android.server.notification.NotificationManagerService
10-17 11:22:55.875 V/SystemServerTimingAsync( 714): ssm.onCompletedEventUser-0_{|Unlocked|}_com.android.server.notification.NotificationManagerService took to complete: 0ms
10-17 11:22:55.875 D/SystemServerTimingAsync( 714): ssm.onCompletedEventUser-0_{|Unlocked|}_com.android.server.storage.DeviceStorageMonitorService
10-17 11:22:55.875 V/SystemServerTimingAsync( 714): ssm.onCompletedEventUser-0_{|Unlocked|}_com.android.server.storage.DeviceStorageMonitorService took to complete: 0ms
10-17 11:22:55.875 D/SystemServerTimingAsync( 714): ssm.onCompletedEventUser-0_{|Unlocked|}_com.android.server.timedetector.TimeDetectorService$Lifecycle
10-17 11:22:55.876 V/SystemServerTimingAsync( 714): ssm.onCompletedEventUser-0_{|Unlocked|}_com.android.server.timedetector.TimeDetectorService$Lifecycle took to complete: 0ms
10-17 11:22:55.876 D/SystemServerTimingAsync( 714): ssm.onCompletedEventUser-0_{|Unlocked|}_com.android.server.location.LocationManagerService$Lifecycle
