10-17 11:22:28.040 I/ ( 0): [2 T1 ..] amlogic-crg-drd-usb2 fe358000.usbphy20: USB2 phy probe:phy_mem:0xfe358000, iomap phy_base:0xffffffc00ab89000
10-17 11:22:28.040 I/ ( 0): [2 T1 ..] USB2 phy mode: 0, clk mux: 0
10-17 11:22:28.042 I/ ( 0): [2 T1 ..] amlogic-crg-drd-usb2 fe358000.usbphy20: phy trim value= 0x000000ff
10-17 11:22:28.043 I/ ( 0): [2 T1 ..] amlogic-crg-drd-usb2 fe348000.usbphy21: USB2 phy probe:phy_mem:0xfe348000, iomap phy_base:0xffffffc00ab91000
10-17 11:22:28.043 I/ ( 0): [2 T1 ..] USB2 phy mode: 0, clk mux: 0
10-17 11:22:28.045 I/ ( 0): [2 T1 ..] amlogic-crg-drd-usb2 fe348000.usbphy21: phy trim value= 0x000000ff
10-17 11:22:28.047 D/[2 T1 ..] [usb]( 0): call amlogic_crg_drd_usb2_drv_init() success
10-17 11:22:28.047 E/ ( 0): [2 T1 ..] amlogic-crg-drd-usb3 fe358080.usbphy30: This phy has no usb port
10-17 11:22:28.047 I/ ( 0): [2 T1 ..] amlogic-crg-drd-usb3 fe358080.usbphy30: USB3 phy probe:phy_mem:0xfe358080, iomap phy_base:0xffffffc00ae2d080
10-17 11:22:28.049 E/ ( 0): [2 T1 ..] amlogic-crg-drd-usb3 fe348080.usbphy31: This phy has no usb port
10-17 11:22:28.050 I/ ( 0): [2 T1 ..] amlogic-crg-drd-usb3 fe348080.usbphy31: USB3 phy probe:phy_mem:0xfe348080, iomap phy_base:0xffffffc00ae33080
10-17 11:22:28.051 D/[2 T1 ..] [usb]( 0): call amlogic_crg_drd_usb3_drv_init() success
10-17 11:22:28.052 I/ ( 0): [2 T1 ..] amlogic-crg-drd-usb2 fe348000.usbphy21: phy trim value= 0x000000ff
10-17 11:22:28.052 E/ ( 0): [2 T1 ..] crg_drd fe340000.crg: IRQ host not found
10-17 11:22:28.053 E/ ( 0): [2 T1 ..] crg_drd fe340000.crg: IRQ crg_usb3 not found
10-17 11:22:28.054 I/ ( 0): [2 T1 ..] xhci-hcd-meson xhci-hcd-meson.0.auto: meson-quirks=0x90006---
10-17 11:22:28.055 I/ ( 0): [2 T1 ..] amlogic-crg-drd-usb2 fe348000.usbphy21: phy trim value= 0x000000ff
10-17 11:22:28.056 I/ ( 0): [2 T1 ..] xhci-hcd-meson xhci-hcd-meson.0.auto: xHCI Host Controller
10-17 11:22:28.057 I/ ( 0): [2 T1 ..] xhci-hcd-meson xhci-hcd-meson.0.auto: new USB bus registered, assigned bus number 1
10-17 11:22:28.058 I/ ( 0): [2 T1 ..] xhci-hcd-meson xhci-hcd-meson.0.auto: hcc params 0x08000f80 hci version 0x110 quirks 0x0000200020810090
10-17 11:22:28.060 I/ ( 0): [2 T1 ..] xhci-hcd-meson xhci-hcd-meson.0.auto: irq 28, io mem 0xfe340000
10-17 11:22:28.061 I/ ( 0): [2 T1 ..] xhci-hcd-meson xhci-hcd-meson.0.auto: xHCI Host Controller
10-17 11:22:28.061 I/ ( 0): [2 T1 ..] xhci-hcd-meson xhci-hcd-meson.0.auto: new USB bus registered, assigned bus number 2
10-17 11:22:28.063 I/ ( 0): [2 T1 ..] xhci-hcd-meson xhci-hcd-meson.0.auto: Host supports USB 3.0 SuperSpeed
10-17 11:22:28.064 I/ ( 0): [2 T1 ..] usb usb1: New USB device found, idVendor=1d6b, idProduct=0002, bcdDevice= 5.15
10-17 11:22:28.065 I/ ( 0): [2 T1 ..] usb usb1: New USB device strings: Mfr=3, Product=2, SerialNumber=1
10-17 11:22:28.066 I/ ( 0): [2 T1 ..] usb usb1: Product: xHCI Host Controller
10-17 11:22:28.067 I/ ( 0): [2 T1 ..] usb usb1: Manufacturer: Linux 5.15.170-android14-11-gce7825878084-dirty xhci-hcd
10-17 11:22:28.068 I/ ( 0): [2 T1 ..] usb usb1: SerialNumber: xhci-hcd-meson.0.auto
10-17 11:22:28.069 D/[2 T1 ..] [usb]( 0): xHCI aml_xhci_add_endpoint called for root hub
10-17 11:22:28.069 D/[2 T1 ..] [usb]( 0): xHCI aml_xhci_check_bandwidth called for root hub
10-17 11:22:28.069 I/ ( 0): [2 T1 ..] hub 1-0:1.0: USB hub found
10-17 11:22:28.069 I/ ( 0): [2 T1 ..] hub 1-0:1.0: 1 port detected
10-17 11:22:28.070 I/ ( 0): [2 T1 ..] usb usb2: We don't know the algorithms for LPM for this host, disabling LPM.
10-17 11:22:28.071 I/ ( 0): [2 T1 ..] usb usb2: New USB device found, idVendor=1d6b, idProduct=0003, bcdDevice= 5.15
10-17 11:22:28.072 I/ ( 0): [2 T1 ..] usb usb2: New USB device strings: Mfr=3, Product=2, SerialNumber=1
10-17 11:22:28.073 I/ ( 0): [2 T1 ..] usb usb2: Product: xHCI Host Controller
10-17 11:22:28.074 I/ ( 0): [2 T1 ..] usb usb2: Manufacturer: Linux 5.15.170-android14-11-gce7825878084-dirty xhci-hcd
10-17 11:22:28.075 I/ ( 0): [2 T1 ..] usb usb2: SerialNumber: xhci-hcd-meson.0.auto
10-17 11:22:28.076 D/[2 T1 ..] [usb]( 0): xHCI aml_xhci_add_endpoint called for root hub
10-17 11:22:28.076 D/[2 T1 ..] [usb]( 0): xHCI aml_xhci_check_bandwidth called for root hub
10-17 11:22:28.076 I/ ( 0): [2 T1 ..] hub 2-0:1.0: USB hub found
10-17 11:22:28.077 E/ ( 0): [2 T1 ..] hub 2-0:1.0: config failed, hub doesn't have any ports! (err -19)
10-17 11:22:28.078 D/[2 T1 ..] [usb]( 0): call amlogic_crg_host_driver_init() success
10-17 11:22:28.078 I/ ( 0): [2 T1 ..] amlogic-crg-otg soc:crgotg@fe358000: controller_type is 1
10-17 11:22:28.078 I/ ( 0): [2 T1 ..] crg_force_device_mode is 0
10-17 11:22:28.078 I/ ( 0): [2 T1 ..] otg is 0
10-17 11:22:28.078 I/[2 T1 ..] udc_name( 0): 0xfe350000.crgudc
10-17 11:22:28.078 I/[2 T1 ..] phy2_mem( 0): 0xfe358000, iomap phy2_base:0xffffffc00af33000
10-17 11:22:28.078 I/[2 T1 ..] phy3_mem( 0): 0xfe358080, iomap phy3_base:0xffffffc00af35080
10-17 11:22:28.083 I/[2 T1 ..] [usb]( 0): crg init
10-17 11:22:28.083 I/ ( 0): [2 T1 ..] amlogic-crg-drd-usb2 fe358000.usbphy20: phy trim value= 0x000000ff
10-17 11:22:28.084 E/ ( 0): [2 T1 ..] crg_drd_otg fe350000.crgdrd: IRQ host not found
10-17 11:22:28.084 E/ ( 0): [2 T1 ..] crg_drd_otg fe350000.crgdrd: IRQ crg_usb3 not found
10-17 11:22:28.086 I/ ( 0): [2 T1 ..] xhci-hcd-meson xhci-hcd-meson.1.auto: meson-quirks=0x90006---
10-17 11:22:28.086 I/ ( 0): [2 T1 ..] amlogic-crg-drd-usb2 fe358000.usbphy20: phy trim value= 0x000000ff
10-17 11:22:28.087 I/ ( 0): [2 T1 ..] xhci-hcd-meson xhci-hcd-meson.1.auto: xHCI Host Controller
10-17 11:22:28.088 I/ ( 0): [2 T1 ..] xhci-hcd-meson xhci-hcd-meson.1.auto: new USB bus registered, assigned bus number 3
10-17 11:22:28.090 I/ ( 0): [2 T1 ..] xhci-hcd-meson xhci-hcd-meson.1.auto: hcc params 0x08000f80 hci version 0x110 quirks 0x0000200020810090
10-17 11:22:28.091 I/ ( 0): [2 T1 ..] xhci-hcd-meson xhci-hcd-meson.1.auto: irq 27, io mem 0xfe350000
10-17 11:22:28.092 I/ ( 0): [2 T1 ..] xhci-hcd-meson xhci-hcd-meson.1.auto: xHCI Host Controller
10-17 11:22:28.093 I/ ( 0): [2 T1 ..] xhci-hcd-meson xhci-hcd-meson.1.auto: new USB bus registered, assigned bus number 4
10-17 11:22:28.094 I/ ( 0): [2 T1 ..] xhci-hcd-meson xhci-hcd-meson.1.auto: Host supports USB 3.0 SuperSpeed
10-17 11:22:28.095 I/ ( 0): [2 T1 ..] usb usb3: New USB device found, idVendor=1d6b, idProduct=0002, bcdDevice= 5.15
10-17 11:22:28.096 I/ ( 0): [2 T1 ..] usb usb3: New USB device strings: Mfr=3, Product=2, SerialNumber=1
10-17 11:22:28.097 I/ ( 0): [2 T1 ..] usb usb3: Product: xHCI Host Controller
10-17 11:22:28.098 I/ ( 0): [2 T1 ..] usb usb3: Manufacturer: Linux 5.15.170-android14-11-gce7825878084-dirty xhci-hcd
10-17 11:22:28.099 I/ ( 0): [2 T1 ..] usb usb3: SerialNumber: xhci-hcd-meson.1.auto
10-17 11:22:28.100 D/[2 T1 ..] [usb]( 0): xHCI aml_xhci_add_endpoint called for root hub
10-17 11:22:28.100 D/[2 T1 ..] [usb]( 0): xHCI aml_xhci_check_bandwidth called for root hub
10-17 11:22:28.100 I/ ( 0): [2 T1 ..] hub 3-0:1.0: USB hub found
10-17 11:22:28.101 I/ ( 0): [2 T1 ..] hub 3-0:1.0: 1 port detected
10-17 11:22:28.102 I/ ( 0): [2 T1 ..] usb usb4: We don't know the algorithms for LPM for this host, disabling LPM.
10-17 11:22:28.103 I/ ( 0): [2 T1 ..] usb usb4: New USB device found, idVendor=1d6b, idProduct=0003, bcdDevice= 5.15
10-17 11:22:28.104 I/ ( 0): [2 T1 ..] usb usb4: New USB device strings: Mfr=3, Product=2, SerialNumber=1
10-17 11:22:28.105 I/ ( 0): [2 T1 ..] usb usb4: Product: xHCI Host Controller
10-17 11:22:28.105 I/ ( 0): [2 T1 ..] usb usb4: Manufacturer: Linux 5.15.170-android14-11-gce7825878084-dirty xhci-hcd
10-17 11:22:28.107 I/ ( 0): [2 T1 ..] usb usb4: SerialNumber: xhci-hcd-meson.1.auto
10-17 11:22:28.108 D/[2 T1 ..] [usb]( 0): xHCI aml_xhci_add_endpoint called for root hub
10-17 11:22:28.108 D/[2 T1 ..] [usb]( 0): xHCI aml_xhci_check_bandwidth called for root hub
10-17 11:22:28.108 I/ ( 0): [2 T1 ..] hub 4-0:1.0: USB hub found
10-17 11:22:28.108 E/ ( 0): [2 T1 ..] hub 4-0:1.0: config failed, hub doesn't have any ports! (err -19)
10-17 11:22:28.110 D/[2 T1 ..] [usb]( 0): call crg_otg_init() success
10-17 11:22:28.110 D/[2 T1 ..] [usb]( 0): call crg_otg_v2_init() success
10-17 11:22:28.110 D/[2 T1 ..] [usb]( 0): ### usb_main_init() end
10-17 11:22:28.124 E/[2 T1 ..] [drm( 0): meson_of_init [aml_drm]] *ERROR* osd_axi_sel parser failed and set default 0
10-17 11:22:28.125 I/ ( 0): [2 T1 ..] [drm] meson_video_parse_config:vfm_mode = 1
10-17 11:22:28.126 I/[2 T1 ..] register_osd_status_cb( 0): SBTM register osd enable status func
10-17 11:22:28.127 I/ ( 0): [2 T1 ..] register osd enable status func
10-17 11:22:28.128 I/ ( 0): [2 T1 ..] [drm] osd plane 0 create done, occupied-0 crtc_mask-0 type-1 osd_reverse-0
10-17 11:22:28.129 I/ ( 0): [2 T1 ..] [drm] osd plane 1 create done, occupied-0 crtc_mask-0 type-0 osd_reverse-0
10-17 11:22:28.130 I/ ( 0): [2 T1 ..] [drm] video plane 0 create done
10-17 11:22:28.131 I/ ( 0): [2 T1 ..] [drm] video plane 1 create done
10-17 11:22:28.132 I/ ( 0): [2 T1 ..] [drm] meson_vpu_reg_handle_register, vpp0-5
10-17 11:22:28.132 I/ ( 0): [2 T1 ..] [drm] skip gamma init
10-17 11:22:28.133 I/ ( 0): [2 T1 ..] secure_register module=0 ok
10-17 11:22:28.133 I/ ( 0): [2 T1 ..] secure_register module=0 ok
10-17 11:22:28.134 I/ ( 0): [2 T1 ..] [drm] video_hw_init:vfm_mode = 1
10-17 11:22:28.135 I/ ( 0): [2 T1 ..] [drm] video_hw_init:vfm_mode = 1
10-17 11:22:28.135 I/ ( 0): [2 T1 ..] meson drm-subsystem: bound ff900000.drm-vpu (ops am_meson_vpu_component_ops [aml_drm])
10-17 11:22:28.136 I/[2 T1 ..] [hdmitx( 0): ] meson_hdmitx_bind hdmi [0]
10-17 11:22:28.137 I/ ( 0): [2 T1 ..] meson drm-subsystem: bound ff000000.amhdmitx (ops meson_hdmitx_bind_ops [aml_media])
10-17 11:22:28.140 I/[2 T1 ..] cvbsout( 0): meson_cvbs_bind cvbs [0]
10-17 11:22:28.141 I/ ( 0): [2 T1 ..] meson drm-subsystem: bound drm-amcvbsout (ops meson_cvbs_bind_ops [aml_media])
10-17 11:22:28.144 I/ ( 0): [2 T1 ..] [drm] [meson_dummyl_dev_bind]-[190] called
10-17 11:22:28.144 E/ ( 0): [2 T1 ..] meson_dummyl_bind dummyl[0]
10-17 11:22:28.145 I/ ( 0): [2 T1 ..] meson drm-subsystem: bound dummy_venc (ops meson_dummyl_bind_ops [aml_media])
10-17 11:22:28.148 I/ ( 0): [2 T1 ..] [drm] logo_skip = 0
10-17 11:22:28.148 I/ ( 0): [2 T1 ..] [drm] allocate reserved mem
10-17 11:22:28.149 I/ ( 0): [2 T1 ..] [drm] of read reservememsize=0x800000--0x1f800000
10-17 11:22:28.150 I/ ( 0): [2 T1 ..] [drm] logo0 width=1920,height=1080,start_addr=0x0x000000001f800000,size=8388608
10-17 11:22:28.151 I/ ( 0): [2 T1 ..] [drm] Found Connector[11] mode[2160p60hz]
10-17 11:22:28.152 I/[2 T1 ..] [hdmitx( 0): ] qms brr 97 qms_en 0
10-17 11:22:28.153 I/ ( 0): [2 T1 ..] [drm] build_hdmitx_attr_str:420,10bit = 3+10
10-17 11:22:28.153 I/ ( 0): [2 T1 ..] [drm] am_meson_crtc_atomic_enable-[0] in: new[2160p60hz], old[], vmode[0-4], uboot[1]
10-17 11:22:28.155 I/ ( 0): [2 T1 ..] [drm] am_meson_crtc_atomic_enable-[0]: enable mode 2160p60hz final vmode 0
10-17 11:22:28.156 I/[2 T1 ..] [hdmitx( 0): ] skip real mode setting for uboot init
10-17 11:22:28.157 I/[2 T1 ..] DOLBY( 0): vout_notify_callback: VOUT_EVENT_MODE_CHANGE
10-17 11:22:28.157 I/ ( 0): [2 T1 ..] vsync_pts_inc 1500 1/60
10-17 11:22:28.158 I/ ( 0): [2 T1 ..] [drm] meson_vout_update_mode_name: hdmitx update vout 1 name 2160p60hz.
10-17 11:22:28.175 I/ ( 0): [2 T1 ..] [drm] Initialized meson 2.0.0 20220603 for drm-subsystem on minor 0
10-17 11:22:28.177 I/ ( 0): [2 T1 ..] amfc_probe, socs:55, coherent:0, garbage page:39d0, bounce:0000000000000000, c:ffffff80039ac7c0, d:ffffff80039ac600
10-17 11:22:28.178 I/ ( 0): [2 T1 ..] AMFC VLSI version:100, feature:1, clk:666666656
10-17 11:22:28.352 I/[1 T1 ..] fsck.f2fs( 0): executing /system/bin/fsck.f2fs failed: Permission denied
10-17 11:22:28.353 I/[1 T1 ..] fsck.f2fs( 0): fsck.f2fs terminated by exit(255)
10-17 11:22:28.353 I/ ( 0): [1 T1 ..]
10-17 11:22:28.360 I/ ( 0): [0 T1 ..] F2FS-fs (mmcblk0p24): Mounted with checkpoint version = 76927bf5
10-17 11:22:28.361 I/ ( 0): [3 T83 ..] max high: 40
10-17 11:22:28.381 I/[2 T1 ..] device-mapper( 0): verity: sha256 using implementation "sha256-ce"
10-17 11:22:28.385 I/[0 T1 ..] erofs( 0): (device dm-8): mounted with root inode @ nid 59.
10-17 11:22:28.389 I/[3 T1 ..] device-mapper( 0): verity: sha256 using implementation "sha256-ce"
10-17 11:22:28.392 I/[0 T1 ..] erofs( 0): (device dm-9): mounted with root inode @ nid 39.
10-17 11:22:28.395 I/[0 T1 ..] device-mapper( 0): verity: sha256 using implementation "sha256-ce"
10-17 11:22:28.397 I/[2 T1 ..] erofs( 0): (device dm-10): mounted with root inode @ nid 38.
10-17 11:22:28.399 I/[0 T1 ..] device-mapper( 0): verity: sha256 using implementation "sha256-ce"
10-17 11:22:28.404 I/[3 T1 ..] erofs( 0): (device dm-11): mounted with root inode @ nid 46.
10-17 11:22:28.405 I/[0 T1 ..] device-mapper( 0): verity: sha256 using implementation "sha256-ce"
10-17 11:22:28.410 I/[3 T1 ..] erofs( 0): (device dm-12): mounted with root inode @ nid 39.
10-17 11:22:28.411 I/[3 T1 ..] device-mapper( 0): verity: sha256 using implementation "sha256-ce"
10-17 11:22:28.416 I/[3 T1 ..] erofs( 0): (device dm-13): mounted with root inode @ nid 40.
10-17 11:22:28.418 I/[0 T1 ..] device-mapper( 0): verity: sha256 using implementation "sha256-ce"
10-17 11:22:28.421 I/[3 T1 ..] erofs( 0): (device dm-14): mounted with root inode @ nid 40.
10-17 11:22:28.423 I/[0 T1 ..] device-mapper( 0): verity: sha256 using implementation "sha256-ce"
10-17 11:22:28.425 I/[3 T1 ..] erofs( 0): (device dm-15): mounted with root inode @ nid 38.
10-17 11:22:28.427 I/[0 T1 ..] device-mapper( 0): verity: sha256 using implementation "sha256-ce"
10-17 11:22:28.433 I/ ( 0): [1 T1 ..] EXT4-fs (dm-16): mounted filesystem with ordered data mode. Opts: barrier=1. Quota mode: none.
10-17 11:22:28.435 W/ ( 0): [1 T1 ..] EXT4-fs (mmcblk0p16): Ignoring removed nomblk_io_submit option
10-17 11:22:28.436 I/ ( 0): [3 T1 ..] EXT4-fs (mmcblk0p16): mounted filesystem with ordered data mode. Opts: nodelalloc,nomblk_io_submit,errors=panic. Quota mode: none.
10-17 11:22:28.468 W/[3 T1 ..] printk( 0): init: 154 output lines suppressed due to ratelimiting
10-17 11:22:28.568 I/[3 T1 ..] init( 0): Opening SELinux policy
10-17 11:22:28.569 I/[3 T1 ..] init( 0): Falling back to standard signature check. TODO implement support for fsverity SEPolicy.
10-17 11:22:28.570 I/[3 T1 ..] init( 0): Error: Apex SEPolicy failed signature check
10-17 11:22:28.570 I/[3 T1 ..] init( 0): Loading APEX Sepolicy from /system/etc/selinux/apex/SEPolicy.zip
10-17 11:22:28.571 E/[3 T1 ..] init( 0): Failed to open package /system/etc/selinux/apex/SEPolicy.zip: No such file or directory
10-17 11:22:28.580 I/[0 T1 ..] init( 0): Loading SELinux policy
10-17 11:22:28.600 I/[0 T1 ..] SELinux( 0): Permission bpf in class capability2 not defined in policy.
10-17 11:22:28.600 I/[0 T1 ..] SELinux( 0): Permission checkpoint_restore in class capability2 not defined in policy.
10-17 11:22:28.601 I/[0 T1 ..] SELinux( 0): Permission bpf in class cap2_userns not defined in policy.
10-17 11:22:28.603 I/[0 T1 ..] SELinux( 0): Permission checkpoint_restore in class cap2_userns not defined in policy.
10-17 11:22:28.604 I/[0 T1 ..] SELinux( 0): Class mctp_socket not defined in policy.
10-17 11:22:28.605 I/[0 T1 ..] SELinux( 0): the above unknown classes and permissions will be denied
10-17 11:22:28.610 I/[0 T1 ..] SELinux( 0): policy capability network_peer_controls=1
10-17 11:22:28.611 I/[0 T1 ..] SELinux( 0): policy capability open_perms=1
10-17 11:22:28.611 I/[0 T1 ..] SELinux( 0): policy capability extended_socket_class=1
10-17 11:22:28.612 I/[0 T1 ..] SELinux( 0): policy capability always_check_network=0
10-17 11:22:28.613 I/[0 T1 ..] SELinux( 0): policy capability cgroup_seclabel=0
10-17 11:22:28.614 I/[0 T1 ..] SELinux( 0): policy capability nnp_nosuid_transition=1
10-17 11:22:28.615 I/[0 T1 ..] SELinux( 0): policy capability genfs_seclabel_symlinks=0
10-17 11:22:28.616 I/[0 T1 ..] SELinux( 0): policy capability ioctl_skip_cloexec=0
10-17 11:22:28.738 I/[1 T1 ..] selinux( 0): SELinux: Loaded file context from:
10-17 11:22:28.738 I/[1 T1 ..] selinux( 0): /system/etc/selinux/plat_file_contexts
10-17 11:22:28.739 I/[1 T1 ..] selinux( 0): /system_ext/etc/selinux/system_ext_file_contexts
10-17 11:22:28.740 I/[1 T1 ..] selinux( 0): /product/etc/selinux/product_file_contexts
10-17 11:22:28.745 W/[1 T1 ..] printk( 0): init: 2 output lines suppressed due to ratelimiting
10-17 11:22:28.761 I/[1 T1 ..] init( 0): init second stage started!
10-17 11:22:28.787 I/[2 T1 ..] selinux( 0): SELinux: Loaded file context from:
10-17 11:22:28.787 I/[2 T1 ..] selinux( 0): /system/etc/selinux/plat_file_contexts
10-17 11:22:28.788 I/[2 T1 ..] selinux( 0): /system_ext/etc/selinux/system_ext_file_contexts
10-17 11:22:28.789 I/[2 T1 ..] selinux( 0): /product/etc/selinux/product_file_contexts
10-17 11:22:28.789 I/[2 T1 ..] selinux( 0): /vendor/etc/selinux/vendor_file_contexts
10-17 11:22:28.809 I/[2 T1 ..] init( 0): Using Android DT directory /proc/device-tree/firmware/android/
10-17 11:22:28.813 E/[3 T1 ..] init( 0): Do not have permissions to set 'persist.bluetooth.btsnoopenable' to 'enable' in property file '/system/build.prop': Property type check failed, value doesn't match expected type 'bool'
10-17 11:22:28.821 W/[3 T1 ..] init( 0): Overriding previous property 'ro.sf.lcd_density':'320' with new value '240'
10-17 11:22:28.829 W/[3 T1 ..] init( 0): Overriding previous property 'tombstoned.max_tombstone_count':'50' with new value '10'
10-17 11:22:28.978 I/[1 T166 ..] ueventd( 0): ueventd started!
10-17 11:22:28.982 I/[1 T166 ..] selinux( 0): SELinux: Loaded file context from:
10-17 11:22:28.982 I/[1 T166 ..] selinux( 0): /system/etc/selinux/plat_file_contexts
10-17 11:22:28.983 I/[1 T166 ..] selinux( 0): /system_ext/etc/selinux/system_ext_file_contexts
10-17 11:22:28.984 I/[1 T166 ..] selinux( 0): /product/etc/selinux/product_file_contexts
10-17 11:22:28.985 I/[1 T166 ..] selinux( 0): /vendor/etc/selinux/vendor_file_contexts
10-17 11:22:28.986 I/[1 T166 ..] ueventd( 0): Parsing file /system/etc/ueventd.rc...
10-17 11:22:28.987 I/[1 T166 ..] ueventd( 0): Added '/vendor/etc/ueventd.rc' to import list
10-17 11:22:28.988 I/[1 T166 ..] ueventd( 0): Added '/odm/etc/ueventd.rc' to import list
10-17 11:22:28.989 I/[1 T166 ..] ueventd( 0): Parsing file /vendor/etc/ueventd.rc...
10-17 11:22:29.004 I/[2 T167 ..] apexd( 0): Bootstrap subcommand detected
10-17 11:22:29.004 E/[2 T167 ..] cutils-trace( 0): Error opening trace file: No such file or directory (2)
10-17 11:22:29.005 I/[2 T167 ..] apexd-bootstrap( 0): Scanning /system/apex for pre-installed ApexFiles
10-17 11:22:29.006 I/[2 T167 ..] apexd-bootstrap( 0): Found pre-installed APEX /system/apex/com.amlogic.mediaextractor.apex
10-17 11:22:29.010 I/[2 T167 ..] apexd-bootstrap( 0): Found pre-installed APEX /system/apex/com.android.adbd.apex
10-17 11:22:29.013 I/[2 T167 ..] apexd-bootstrap( 0): Found pre-installed APEX /system/apex/com.android.adservices.apex
10-17 11:22:29.016 I/[2 T167 ..] apexd-bootstrap( 0): Found pre-installed APEX /system/apex/com.android.apex.cts.shim.apex
10-17 11:22:29.018 I/[2 T167 ..] apexd-bootstrap( 0): Found pre-installed APEX /system/apex/com.android.appsearch.apex
10-17 11:22:29.020 I/[3 T167 ..] apexd-bootstrap( 0): Found pre-installed APEX /system/apex/com.android.art.apex
10-17 11:22:29.023 I/[2 T167 ..] apexd-bootstrap( 0): Found pre-installed APEX /system/apex/com.android.btservices.apex
10-17 11:22:30.032 I/[3 T205 ..] loop0( 0): detected capacity change from 0 to 34880
10-17 11:22:30.033 I/[3 T208 ..] loop1( 0): detected capacity change from 0 to 7024
10-17 11:22:30.035 I/[1 T207 ..] loop2( 0): detected capacity change from 0 to 1616
10-17 11:22:30.039 I/[3 T206 ..] loop3( 0): detected capacity change from 0 to 68064
10-17 11:22:30.054 I/ ( 0): [1 T207 ..] EXT4-fs (loop2): mounted filesystem without journal. Opts: (null). Quota mode: none.
10-17 11:22:30.060 I/ ( 0): [2 T205 ..] EXT4-fs (loop0): mounted filesystem without journal. Opts: (null). Quota mode: none.
10-17 11:22:30.071 I/ ( 0): [3 T208 ..] EXT4-fs (loop1): mounted filesystem without journal. Opts: (null). Quota mode: none.
10-17 11:22:30.071 I/ ( 0): [2 T206 ..] EXT4-fs (loop3): mounted filesystem without journal. Opts: (null). Quota mode: none.
10-17 11:22:30.089 W/[2 T167 ..] printk( 0): apexd: 49 output lines suppressed due to ratelimiting
10-17 11:22:30.156 W/[3 T165 ..] protected_memory_allocator( 0): loading out-of-tree module taints kernel.
10-17 11:22:30.158 E/[3 T165 ..] [tee]( 0): tee_pta_invoke_cmd invoke func failed, cmd = 0, ret= 0, res = 0xffff0006, origin = 0x4
10-17 11:22:30.158 E/ ( 0): [3 T165 ..] simple_protected_memory_allocator protected-memory-allocator: tee protect protected_memory fail!
10-17 11:22:30.160 I/ ( 0): [3 T165 ..] simple_protected_memory_allocator protected-memory-allocator: Protected memory allocator probed successfully
10-17 11:22:30.161 I/ ( 0): [3 T165 ..] simple_protected_memory_allocator protected-memory-allocator: Protected memory region: base=e5800000 num pages=0
10-17 11:22:30.172 W/[2 T165 ..] amlogic_fbc_lib( 0): module license 'Copyright (C) 2015 Amlogic, Inc. All rights reserved.' taints kernel.
10-17 11:22:30.172 W/ ( 0): [2 T165 ..] Disabling lock debugging due to kernel taint
10-17 11:22:30.174 W/ ( 0): [2 T165 ..] Kernel module BTF mismatch detected, BTF debug info may be unavailable for some modules
10-17 11:22:30.175 E/ ( 0): [2 T165 ..] register_amlogic_afbc_dec_fun
10-17 11:22:30.245 I/ ( 0): [1 T165 ..] cuva alg: 2024-01-17 V-0.3, cuvahdr2sdr proc with sdr path when >200nit init ok
10-17 11:22:30.247 I/[1 T165 ..] hdr10_tmo_alg( 0): hdr10_tmo_alg_driver_init insmod ok. v1.0_2023-2-14
10-17 11:22:30.301 I/ ( 0): [1 T221 ..] aml_crypto_dev fe440400.aml_dma:crypto: Aml crypto device (irq)
10-17 11:22:30.338 I/[3 T221 ..] [wireless]( 0): [wifi_dev_probe] wifi_pwm_tee = 0
10-17 11:22:30.338 I/[3 T221 ..] [wireless]( 0): [wifi_dev_probe] use double channel
10-17 11:22:30.339 I/[3 T221 ..] [wireless]( 0): [wifi_dev_probe] buf_level is :0
10-17 11:22:30.340 E/[3 T221 ..] [wireless]( 0): [dhd] STATIC-MSG) bcmdhd_init_wlan_mem : 101.10.361.31 (wlan=r892223-20230427-1)
10-17 11:22:30.341 E/[3 T221 ..] [wireless]( 0): [dhd] STATIC-MSG) dhd_init_wlan_mem : prealloc ok for index 0: 1583104(1546K)
10-17 11:22:30.356 I/[0 T221 ..] [wireless]( 0): amlogic rfkill init
10-17 11:22:30.367 I/[0 T8 ..] input( 0): input_btrcu as /devices/platform/aml_bt/input/input6
10-17 11:22:30.389 I/[1 T221 ..] zram( 0): Added device: zram0
10-17 11:22:30.405 I/[1 T221 ..] usbcore( 0): registered new interface driver rtl8150
10-17 11:22:30.415 I/[0 T221 ..] usbcore( 0): registered new device driver r8152-cfgselector
10-17 11:22:30.415 I/[0 T221 ..] usbcore( 0): registered new interface driver r8152
10-17 11:22:30.426 I/[1 T221 ..] usbcore( 0): registered new interface driver asix
10-17 11:22:30.430 I/[1 T221 ..] usbcore( 0): registered new interface driver ax88179_178a
10-17 11:22:30.433 I/[1 T221 ..] usbcore( 0): registered new interface driver cdc_ether
10-17 11:22:30.435 I/[1 T221 ..] usbcore( 0): registered new interface driver cdc_eem
10-17 11:22:30.439 I/[1 T221 ..] usbcore( 0): registered new interface driver cdc_ncm
10-17 11:22:30.442 I/[1 T221 ..] usbcore( 0): registered new interface driver aqc111
10-17 11:22:30.446 I/[0 T221 ..] usbcore( 0): registered new interface driver r8153_ecm
10-17 11:22:30.450 I/[0 T221 ..] i2c_dev( 0): i2c /dev entries driver
10-17 11:22:30.458 W/[2 T221 ..] leds-gpio( 0): probe of gpio_leds failed with error -2
10-17 11:22:30.471 W/ ( 0): [0 T221 ..] aml dvb init
10-17 11:22:30.474 I/[0 T221 ..] [dvb]( 0): [demod_attach_register_cb]:register type 30, current num 0, modnum 0
10-17 11:22:30.474 E/[0 T221 ..] [dvb]( 0): dvb_extern_dev null
10-17 11:22:30.489 D/ ( 0): [3 T221 ..]
10-17 11:22:30.489 W/[3 T221 ..] DEBUG( 0): dwc_otg_init:: dwc2_a init
10-17 11:22:30.489 W/ ( 0): [3 T221 ..]
10-17 11:22:30.509 I/ ( 0): [0 T221 ..] meson-vrtc fe010288.rtc: registered as rtc0
10-17 11:22:30.509 I/ ( 0): [0 T221 ..] meson-vrtc fe010288.rtc: setting system clock to 2025-10-17T03:22:30 UTC (1760671350)
10-17 11:22:30.527 F/ ( 0): [1 T221 ..] Virtual kernel memory layout:
10-17 11:22:30.527 F/[1 T221 ..] modules( 0): 0xffffffc000000000 - 0xffffffc008000000 ( 128 MB)
10-17 11:22:30.528 F/[1 T221 ..] vmalloc( 0): 0xffffffc008000000 - 0xfffffffdf0000000 ( 247 GB)
10-17 11:22:30.529 F/[1 T221 ..] fixed( 0): 0xfffffffdfdbf9000 - 0xfffffffdfe000000 ( 4124 KB)
10-17 11:22:30.530 F/ ( 0): [1 T221 ..] PCI I/O : 0xfffffffdfe800000 - 0xfffffffdff800000 ( 16 MB)
10-17 11:22:30.531 F/[1 T221 ..] vmemmap( 0): 0xfffffffe00000000 - 0xffffffff00000000 ( 4 GB maximum)
10-17 11:22:30.539 I/ ( 0): [1 T221 ..] request usb_ctl pin: 472 ok !!
10-17 11:22:30.539 I/ ( 0): [1 T221 ..] load gpio drv ok !
10-17 11:22:30.539 I/ ( 0): [1 T221 ..] Shutdown notifier registered successfully
10-17 11:22:30.544 I/ ( 0): [1 T221 ..] [AML_WATERMARK] [ERROR] [Func: aml_watermark_driver_init, Line: 475] vxwm and ngwm both are disabled
10-17 11:22:30.563 I/[1 T221 ..] [led]( 0): aml_ledlight_init!
10-17 11:22:30.564 F/[1 T221 ..] FD650( 0): fd650_driver_init: FD650 Driver init.
10-17 11:22:30.564 F/[1 T221 ..] FD655( 0): fd655_driver_init: FD655 Driver init.
10-17 11:22:30.592 I/[3 T224 ..] aml_init_mm( 0): ffffffc00a4e9f68
10-17 11:22:30.602 I/ ( 0): [3 T221 ..] meson8b-dwmac fe368000.ethernet: IRQ eth_wake_irq not found
10-17 11:22:30.602 I/ ( 0): [3 T221 ..] meson8b-dwmac fe368000.ethernet: IRQ eth_lpi not found
10-17 11:22:30.604 I/ ( 0): [3 T221 ..] meson8b-dwmac fe368000.ethernet: PTP uses main clock
10-17 11:22:30.605 I/ ( 0): [2 T221 ..] meson8b-dwmac fe368000.ethernet: User ID: 0x50, Synopsys ID: 0x53
10-17 11:22:30.606 I/ ( 0): [2 T221 ..] meson8b-dwmac fe368000.ethernet: DWMAC4/5
10-17 11:22:30.606 I/ ( 0): [2 T221 ..] meson8b-dwmac fe368000.ethernet: DMA HW capability register supported
10-17 11:22:30.608 I/ ( 0): [2 T221 ..] meson8b-dwmac fe368000.ethernet: RX Checksum Offload Engine supported
10-17 11:22:30.609 I/ ( 0): [2 T221 ..] meson8b-dwmac fe368000.ethernet: TX Checksum insertion supported
10-17 11:22:30.610 I/ ( 0): [2 T221 ..] meson8b-dwmac fe368000.ethernet: Wake-Up On Lan supported
10-17 11:22:30.611 I/ ( 0): [2 T221 ..] meson8b-dwmac fe368000.ethernet: TSO supported
10-17 11:22:30.611 I/ ( 0): [2 T221 ..] meson8b-dwmac fe368000.ethernet: Enable RX Mitigation via HW Watchdog Timer
10-17 11:22:30.612 I/ ( 0): [2 T221 ..] meson8b-dwmac fe368000.ethernet: device MAC address 20:02:fe:1d:95:75
10-17 11:22:30.614 I/ ( 0): [2 T221 ..] meson8b-dwmac fe368000.ethernet: Enabled L3L4 Flow TC (entries=1)
10-17 11:22:30.615 I/ ( 0): [2 T221 ..] meson8b-dwmac fe368000.ethernet: Enabled RFS Flow TC (entries=8)
10-17 11:22:30.616 I/ ( 0): [2 T221 ..] meson8b-dwmac fe368000.ethernet: Using 32 bits DMA width
10-17 11:22:30.631 I/ ( 0): [2 T221 ..] aml_cust_setting
10-17 11:22:30.631 I/ ( 0): [2 T221 ..] cover mc_val as 0x1621
10-17 11:22:30.631 I/ ( 0): [2 T221 ..] gpio 1
10-17 11:22:30.655 I/[0 T221 ..] input( 0): input_ethrcu as /devices/platform/soc/fe368000.ethernet/input/input7
10-17 11:22:30.743 I/[0 T221 ..] usbcore( 0): registered new interface driver aml_usbcam
10-17 11:22:30.807 I/ ( 0): [2 T70 ..] lcd vlock_en=0, vlock_mode=0x8 i=101
10-17 11:22:30.856 I/ ( 0): [2 T221 ..] audio-ddr-manager fe330000.audiobus:ddr_manager: 0, irqs frddr 37
10-17 11:22:30.856 I/ ( 0): [2 T221 ..] audio-ddr-manager fe330000.audiobus:ddr_manager: 1, irqs frddr 38
10-17 11:22:30.857 I/ ( 0): [2 T221 ..] audio-ddr-manager fe330000.audiobus:ddr_manager: 2, irqs frddr 39
10-17 11:22:30.858 I/ ( 0): [2 T221 ..] audio-ddr-manager fe330000.audiobus:ddr_manager: 3, irqs frddr 40
10-17 11:22:30.861 I/[2 T221 ..] [snd-soc]( 0): extn_platform_probe, register soc platform
10-17 11:22:30.863 W/ ( 0): [2 T221 ..] snd_pdm fe330000.audiobus:pdm: Can't get pdm pinmux
10-17 11:22:30.863 I/ ( 0): [2 T221 ..] snd_pdm fe330000.audiobus:pdm: Can't retrieve xtal_clk clock
10-17 11:22:30.864 W/ ( 0): [2 T221 ..] snd_pdm fe330000.audiobus:pdm: no clk_src_cd clock for 44k case
10-17 11:22:30.866 W/[2 T221 ..] [snd-soc]( 0): failed to get data_lb_ratec
10-17 11:22:30.866 D/[2 T221 ..] [snd-soc]( 0): resample_platform_probe
10-17 11:22:30.866 D/[2 T221 ..] [snd-soc]( 0): resample_platform_probe sys-src clk rate from dts:491520000
10-17 11:22:30.866 W/ ( 0): [2 T221 ..] audioresample fe330000.audiobus:resample@0: no clk_src_cd clock for hifi1 case
10-17 11:22:30.879 I/[2 T221 ..] [snd-soc]( 0): new_resample_init: Start init new resample 0 parameters!
10-17 11:22:30.879 E/ ( 0): [2 T221 ..] Codec io: No support bus type 2 to write.
10-17 11:22:30.881 I/[2 T221 ..] [snd-soc]( 0): resample_clk_set:set hifi pll
10-17 11:22:30.881 I/[2 T221 ..] [snd-soc]( 0): resample_clk_set, resample_pll:491520000, sclk:12288000, clk:12288000
10-17 11:22:30.882 I/[2 T221 ..] [snd-soc]( 0): new_resample_set_ratio(), id = 0, phase_step = 0x10000000, input_sr = 48000, output_sr = 48000
10-17 11:22:30.882 I/[2 T221 ..] [snd-soc]( 0): resample id = 0, new resample = 2, resample_module = 8
10-17 11:22:30.904 I/[1 T221 ..] [snd-soc]( 0): Channel_Mask: lane_ss = 0
10-17 11:22:30.913 I/[0 T221 ..] input( 0): vad_keypad as /devices/platform/soc/fe330000.audiobus/fe330000.audiobus:vad/input/input8
10-17 11:22:30.945 E/ ( 0): [3 T221 ..] asoc-aml-card auge_sound: aml_card_dai_link_of, error dai-link idx:2, error getting codec dai, ret -517
10-17 11:22:30.945 E/[3 T221 ..] [snd-soc]( 0): aml_card_probe error ret:-517
10-17 11:22:30.965 E/ ( 0): [2 T8 ..] asoc-aml-card auge_sound: aml_card_dai_link_of, error dai-link idx:2, error getting codec dai, ret -517
10-17 11:22:30.966 E/[2 T8 ..] [snd-soc]( 0): aml_card_probe error ret:-517
10-17 11:22:30.967 E/ ( 0): [2 T8 ..] asoc-aml-card auge_sound: aml_card_dai_link_of, error dai-link idx:2, error getting codec dai, ret -517
10-17 11:22:30.968 E/[2 T8 ..] [snd-soc]( 0): aml_card_probe error ret:-517
10-17 11:22:30.972 I/ ( 0): [0 T221 ..] aml_codec_T9015 fe01a000.t9015: aml_T9015_audio_codec_probe
10-17 11:22:30.973 I/[0 T221 ..] [snd-codec-t9015]( 0): T9015 acodec tdmout index:2
10-17 11:22:30.974 E/ ( 0): [2 T8 ..] asoc-aml-card auge_sound: IRQ audio_exception64 not found
10-17 11:22:30.975 I/[2 T8 ..] [snd-codec-t9015]( 0): no call standard reset interface
10-17 11:22:30.988 W/ ( 0): [0 T221 ..] es8156_modinit enter
10-17 11:22:30.988 W/ ( 0): [0 T221 ..] es8156_i2c_probe start
10-17 11:22:30.993 E/ ( 0): [0 T221 ..] es8156 2-0008: failed to read i2c at addr 8
10-17 11:22:31.245 D/[1 T8 ..] [snd-soc]( 0): spdifout_play_with_zerodata_free, spdif id:0
10-17 11:22:31.245 D/[1 T8 ..] [snd-soc]( 0): spdifout_play_with_zerodata_free, spdif id:1
10-17 11:22:31.245 I/[1 T8 ..] [snd-soc]( 0):
10-17 11:22:31.245 I/ ( 0): [1 T8 ..] loopback_dai_set_sysclk, 0, 12288000, 0
10-17 11:22:31.245 I/[1 T8 ..] [snd-soc]( 0): asoc loopback_dai_set_fmt, 0x4010, 00000000ad67f8a1
10-17 11:22:31.248 W/[2 T8 ..] [snd-soc]( 0): no node audio_effect for eq/drc info!
10-17 11:22:31.351 I/[3 T233 ..] servicemanager( 0): Starting sm instance on /dev/binder
10-17 11:22:31.359 W/[1 T233 ..] SELinux( 0): Multiple same specifications for tv_remote.
10-17 11:22:31.363 I/[1 T233 ..] SELinux( 0): SELinux: Loaded service context from:
10-17 11:22:31.364 I/[1 T233 ..] SELinux( 0): /system/etc/selinux/plat_service_contexts
10-17 11:22:31.364 I/[1 T233 ..] SELinux( 0): /system_ext/etc/selinux/system_ext_service_contexts
10-17 11:22:31.365 I/[1 T233 ..] SELinux( 0): /product/etc/selinux/product_service_contexts
10-17 11:22:31.366 I/[1 T233 ..] SELinux( 0): /vendor/etc/selinux/vendor_service_contexts
10-17 11:22:31.416 I/[2 T165 ..] [efuse-unifykey]( 0): already inited!
10-17 11:22:31.449 I/[3 T231 ..] logd.auditd( 0): start
10-17 11:22:31.462 I/[1 T231 ..] logd( 0): Loaded bug_map file: /system_ext/etc/selinux/bug_map
10-17 11:22:31.463 I/[1 T231 ..] logd( 0): Loaded bug_map file: /vendor/etc/selinux/selinux_denial_metadata
10-17 11:22:31.464 I/[1 T231 ..] logd( 0): Loaded bug_map file: /system/etc/selinux/bug_map
10-17 11:22:31.469 I/ ( 0): [3 T8 ..] mali fd000000.valhall: Kernel DDK version r44p1-01eac0
10-17 11:22:31.470 I/ ( 0): [3 T8 ..] mali fd000000.valhall: GPU metrics tracepoint support enabled
10-17 11:22:31.472 I/ ( 0): [3 T8 ..] mali fd000000.valhall: r0p0 status 1 not found in HW issues table;
10-17 11:22:31.473 I/ ( 0): [3 T8 ..] mali fd000000.valhall: falling back to closest match: r0p0 status 0
10-17 11:22:31.474 I/ ( 0): [3 T8 ..] mali fd000000.valhall: Execution proceeding normally with fallback match
10-17 11:22:31.475 I/ ( 0): [3 T8 ..] mali fd000000.valhall: GPU identified as 0x4 arch 10.12.7 r0p0 status 1
10-17 11:22:31.476 I/ ( 0): [3 T8 ..] mali fd000000.valhall: No priority control manager is configured
10-17 11:22:31.477 I/ ( 0): [3 T8 ..] mali fd000000.valhall: No memory group manager is configured
10-17 11:22:31.478 I/ ( 0): [3 T8 ..] mali fd000000.valhall: Protected memory allocator not available
10-17 11:22:31.482 I/ ( 0): [3 T8 ..] mali fd000000.valhall: Using coherency mode 31 set from dtb
10-17 11:22:31.498 I/ ( 0): [2 T8 ..] mali fd000000.valhall: Probed as mali0
10-17 11:22:31.503 I/[2 T165 ..] init( 0): wait for '/dev/audio_utils' took 0ms
10-17 11:22:31.503 I/[0 T165 ..] init( 0): wait for '/dev/dolby_fw' took 0ms
10-17 11:22:31.504 I/[0 T165 ..] init( 0): wait for '/odm/lib/ms12' took 0ms
10-17 11:22:31.678 I/[0 T165 ..] [media_clock]( 0): dos_register_probe, res start fe320000, end fe32ffff, iomap: ffffffc00bfe0000
10-17 11:22:31.680 I/[0 T165 ..] [media_clock]( 0): dos_register_probe, res start fe036000, end fe037fff, iomap: ffffffc00bf06000
10-17 11:22:31.681 E/[0 T165 ..] [media_clock]( 0): of_address_to_resource failed
10-17 11:22:31.682 I/[0 T165 ..] [media_clock]( 0): initial_dos_device end, chip 71(0)
10-17 11:22:31.683 D/[1 T165 ..] [media_clock]( 0): set_clock_gate get hevc_mux_str
10-17 11:22:31.683 D/[1 T165 ..] [media_clock]( 0): set_clock_gate get hcodec mux
10-17 11:22:31.683 D/[1 T165 ..] [media_clock]( 0): set_clock_gate get vdec mux
10-17 11:22:31.692 I/[1 T165 ..] [firmware]( 0): read format in dts failed, ret = -22
10-17 11:22:31.728 E/ ( 0): [2 T165 ..] vdec vdec: Get pwrc-vdec-2 failed, pm-domain: 0
10-17 11:22:31.728 E/ ( 0): [2 T165 ..] vdec vdec: Get pwrc-hevcb failed, pm-domain: 0
10-17 11:22:31.729 E/ ( 0): [2 T165 ..] vdec vdec: Get pwrc-wave failed, pm-domain: 0 --------- beginning of system
10-17 11:22:31.745 I/vold ( 247): Vold 3.0 (the awakening) firing up
10-17 11:22:31.746 D/vold ( 247): Detected support for: ext4 f2fs vfat
10-17 11:22:31.756 E/ ( 0): [0 T165 ..] Amlogic A/V streaming port init
10-17 11:22:31.809 D/vold ( 247): VoldNativeService::start() completed OK
10-17 11:22:31.944 I/[1 T1 ..] tune2fs( 0): tune2fs 1.46.6 (1-Feb-2023)
10-17 11:22:31.963 I/[1 T1 ..] tune2fs( 0): Cannot enable project quota; inode size too small.
10-17 11:22:31.972 I/[1 T233 ..] servicemanager( 0): getDeviceHalManifest: Reading VINTF information.
10-17 11:22:31.972 I/[2 T1 ..] tune2fs( 0): tune2fs terminated by exit(1)
10-17 11:22:31.972 I/ ( 0): [2 T1 ..]
10-17 11:22:31.974 W/ ( 0): [2 T1 ..] EXT4-fs (mmcblk0p15): Ignoring removed nomblk_io_submit option
10-17 11:22:31.979 I/[1 T233 ..] servicemanager( 0): getDeviceHalManifest: Successfully processed VINTF information
10-17 11:22:31.987 I/[1 T233 ..] servicemanager( 0): getFrameworkHalManifest: Reading VINTF information.
10-17 11:22:32.023 I/ ( 0): [2 T1 ..] EXT4-fs (mmcblk0p15): mounted filesystem with ordered data mode. Opts: errors=remount-ro,nomblk_io_submit. Quota mode: none.
10-17 11:22:32.035 W/ ( 0): [0 T1 ..] ext4 filesystem being mounted at /mnt/vendor/param supports timestamps until 2038-01-19 (0x7fffffff)
10-17 11:22:32.084 I/[2 T1 ..] e2fsck( 0): e2fsck 1.46.6 (1-Feb-2023)
10-17 11:22:32.095 I/[2 T1 ..] e2fsck( 0): Pass 1: Checking inodes, blocks, and sizes
10-17 11:22:32.098 I/[3 T1 ..] e2fsck( 0): Pass 2: Checking directory structure
10-17 11:22:32.107 I/[0 T1 ..] e2fsck( 0): Pass 3: Checking directory connectivity
10-17 11:22:32.107 I/[0 T1 ..] e2fsck( 0): Pass 4: Checking reference counts
10-17 11:22:32.108 I/[0 T1 ..] e2fsck( 0): Pass 5: Checking group summary information
10-17 11:22:32.114 I/[0 T1 ..] e2fsck( 0): /dev/block/by-name/param: 18/4096 files (11.1% non-contiguous), 1525/4096 blocks
10-17 11:22:32.117 W/ ( 0): [2 T1 ..] EXT4-fs (mmcblk0p15): Ignoring removed nomblk_io_submit option
10-17 11:22:32.120 I/ ( 0): [3 T1 ..] EXT4-fs (mmcblk0p15): mounted filesystem with ordered data mode. Opts: nodelalloc,nomblk_io_submit,errors=panic. Quota mode: none.
10-17 11:22:32.121 W/ ( 0): [3 T1 ..] ext4 filesystem being mounted at /mnt/vendor/param supports timestamps until 2038-01-19 (0x7fffffff)
10-17 11:22:32.125 W/ ( 0): [2 T1 ..] EXT4-fs (mmcblk0p30): Ignoring removed nomblk_io_submit option
10-17 11:22:32.133 I/ ( 0): [1 T1 ..] EXT4-fs (mmcblk0p30): mounted filesystem with ordered data mode. Opts: errors=remount-ro,nomblk_io_submit. Quota mode: journalled.
10-17 11:22:32.184 W/ ( 0): [2 T1 ..] EXT4-fs (mmcblk0p30): Ignoring removed nomblk_io_submit option
10-17 11:22:32.197 I/ ( 0): [1 T1 ..] EXT4-fs (mmcblk0p30): mounted filesystem with ordered data mode. Opts: nodelalloc,nomblk_io_submit,errors=panic. Quota mode: journalled.
10-17 11:22:32.200 W/ ( 0): [3 T1 ..] EXT4-fs (mmcblk0p9): Ignoring removed nomblk_io_submit option
10-17 11:22:32.205 I/ ( 0): [0 T1 ..] EXT4-fs (mmcblk0p9): mounted filesystem with ordered data mode. Opts: errors=remount-ro,nomblk_io_submit. Quota mode: none.
10-17 11:22:32.237 W/ ( 0): [2 T1 ..] EXT4-fs (mmcblk0p9): Ignoring removed nomblk_io_submit option
10-17 11:22:32.239 I/ ( 0): [2 T1 ..] EXT4-fs (mmcblk0p9): mounted filesystem with ordered data mode. Opts: nodelalloc,nomblk_io_submit,errors=panic. Quota mode: none.
10-17 11:22:32.246 W/ ( 0): [3 T1 ..] FAT-fs (mmcblk0p4): Volume was not properly unmounted. Some data may be corrupt. Please run fsck.
10-17 11:22:32.459 I/ ( 0): [1 T285 ..] mali fd000000.valhall: Loading Mali firmware 0x1010000
10-17 11:22:32.462 E/ ( 0): [1 T285 ..] mali fd000000.valhall: Protected memory allocator not found, Firmware protected mode entry will not be supported
10-17 11:22:32.463 I/ ( 0): [1 T285 ..] mali fd000000.valhall: Mali firmware git_sha: 7f8e423cba190d559c9c79e71e47d07beb193793
10-17 11:22:32.582 I/[0 T294 ..] android.hardware.boot-service( 0): boot_ctrl.roll_flag =
10-17 11:22:32.582 I/[0 T294 ..] android.hardware.boot-service( 0): ro.product.first_api_level: 34
10-17 11:22:32.587 I/[0 T294 ..] android.hardware.boot-service( 0): IBootControl AIDL service running...
10-17 11:22:32.602 D/[2 T301 ..] vdc( 0): Waited 0ms for vold
10-17 11:22:32.593 I/vold ( 247): Using AIDL version of IBootControl
10-17 11:22:32.605 I/[2 T294 ..] android.hardware.boot-service( 0): sys.boot_completed:
10-17 11:22:32.608 I/keystore2( 293): system/security/keystore2/src/keystore2_main.rs:61 - Keystore2 is starting.
10-17 11:22:32.608 I/keystore2( 293): system/security/keystore2/src/keystore2_main.rs:67 - Setting up sqlite logging for keystore2
10-17 11:22:32.612 W/keystore2( 293): system/security/keystore2/src/metrics_store.rs:577 - In update_keystore_crash_sysprop: Failed to read the existing system property due to: system/security/keystore2/src/metrics_store.rs:608: Property not set..Therefore, keystore crashes will not be logged.
10-17 11:22:32.616 I/keystore2( 293): system/security/keystore2/src/keystore2_main.rs:97 - Starting thread pool now.
10-17 11:22:32.620 I/keystore2( 293): system/security/keystore2/src/globals.rs:256 - KeyMint device is current version (Some(300)) for security level: r#TRUSTED_ENVIRONMENT
10-17 11:22:32.623 D/vold ( 247): fscrypt_mount_metadata_encrypted: /data encrypt: 0 format: 0 with null block device: /dev/block/by-name/userdata and zoned device:
10-17 11:22:32.624 D/vold ( 247): metadata_key_dir/key: /metadata/vold/metadata_encryption/key
10-17 11:22:32.633 D/[0 T302 ..] vdc( 0): Waited 0ms for vold
10-17 11:22:32.625 D/vold ( 247): Key exists, using: /metadata/vold/metadata_encryption/key
10-17 11:22:32.627 I/keystore2( 293): system/security/keystore2/src/shared_secret_negotiation.rs:47 - Shared secret negotiation concluded successfully.
10-17 11:22:32.630 I/keystore2( 293): system/security/keystore2/src/keystore2_main.rs:152 - Successfully registered Keystore 2.0 service.
10-17 11:22:32.630 I/keystore2( 293): system/security/keystore2/src/keystore2_main.rs:154 - Joining thread pool now.
10-17 11:22:32.630 I/keystore2( 293): system/security/keystore2/src/shared_secret_negotiation.rs:294 - No StrongBox Keymint available, so no RoT transfer
10-17 11:22:32.641 D/vold ( 247): Mounting metadata-encrypted filesystem:/data
10-17 11:22:32.642 I/vold ( 247): [libfs_mgr] Running /system/bin/fsck.f2fs -a -c 10000 --debug-cache /dev/block/dm-50
10-17 11:22:32.668 I/[1 T247 ..] fsck.f2fs( 0): Info: Fix the reported corruption.
10-17 11:22:32.669 I/[0 T247 ..] fsck.f2fs( 0): Info: not exist /proc/version!
10-17 11:22:32.670 I/[1 T247 ..] fsck.f2fs( 0): Info: MKFS version
10-17 11:22:32.670 I/[1 T247 ..] fsck.f2fs( 0): "5.15.170-android14-11-gce7825878084-dirty"
10-17 11:22:32.671 I/[1 T247 ..] fsck.f2fs( 0): Info: FSCK version
10-17 11:22:32.671 I/[1 T247 ..] fsck.f2fs( 0): from "5.15.170-android14-11-gce7825878084-dirty"
10-17 11:22:32.672 I/[1 T247 ..] fsck.f2fs( 0): to "5.15.170-android14-11-gce7825878084-dirty"
10-17 11:22:32.673 I/[1 T247 ..] fsck.f2fs( 0): Info: superblock features = 1499 : encrypt verity extra_attr project_quota quota_ino casefold
10-17 11:22:32.675 I/[1 T247 ..] fsck.f2fs( 0): Info: superblock encrypt level = 0, salt = 00000000000000000000000000000000
10-17 11:22:32.676 I/[1 T247 ..] fsck.f2fs( 0): Info: Segments per section = 1
10-17 11:22:32.678 I/ ( 0): [1 T247 ..] F2FS-fs (dm-50): Using encoding defined by superblock: utf8-12.1.0 with flags 0x0
10-17 11:22:32.679 I/ ( 0): [0 T10 ..] [TEE] E/TC:? 00 tee_rpmb_verify_key_sync_counter:1008 Verify key returning 0xffff0008
10-17 11:22:32.680 I/ ( 0): [0 T10 ..] [TEE] E/TA: MM-module-name:VDEC TA,Version:1.0.21-g006fb97(build:6823)
10-17 11:22:32.681 I/ ( 0): [0 T10 ..] [TEE] M/TA: support scs verify chip. 71
10-17 11:22:32.682 I/ ( 0): [0 T10 ..] [TEE] E/TA: fw_check_pack_version:301 the package has 17 fws totally.
10-17 11:22:32.683 I/ ( 0): [0 T10 ..] [TEE] E/TA: fw_check_pack_version:318 The TA ver is v1.0
10-17 11:22:32.684 I/ ( 0): [0 T10 ..] [TEE] E/TA: fw_check_pack_version:319 The fw ver is v0.4
10-17 11:22:32.685 I/ ( 0): [0 T10 ..] [TEE] E/TA: fw_data_insert:403 the fw with 372 KB will be loaded.
10-17 11:22:32.686 I/ ( 0): [0 T10 ..] [TEE] M/TA: TEE_Video_Load_FW success
10-17 11:22:32.712 I/vold ( 247): [libfs_mgr] __mount(source=/dev/block/dm-50,target=/data,type=f2fs)=0: Success
10-17 11:22:32.712 D/vold ( 247): Mounted /data
10-17 11:22:32.721 I/ ( 0): [1 T247 ..] F2FS-fs (dm-50): Mounted with checkpoint version = 486c8497
10-17 11:22:32.744 I/[2 T1 ..] zram0( 0): detected capacity change from 0 to 2485296
10-17 11:22:32.764 I/ ( 0): [0 T1 ..] Adding 1242644k swap on /dev/block/zram0. Priority:-2 extents:1 across:1242644k SS
10-17 11:22:32.780 I/Checkpoint( 247): cp_prepareCheckpoint called
10-17 11:22:32.805 I/vold ( 247): fscrypt_initialize_systemwide_keys
10-17 11:22:32.815 D/[0 T321 ..] vdc( 0): Waited 0ms for vold
10-17 11:22:32.805 D/vold ( 247): Key exists, using: /data/unencrypted/key
10-17 11:22:32.810 D/vold ( 247): Installed fscrypt key with ref 37599610a814bf4c742b8ca2ad861198 to /data
10-17 11:22:32.810 D/vold ( 247): Added fscrypt-provisioning key for 37599610a814bf4c742b8ca2ad861198 to session keyring
10-17 11:22:32.812 I/vold ( 247): Wrote system DE key reference to:/data/unencrypted/ref
10-17 11:22:32.812 D/vold ( 247): Generating standard storage key
10-17 11:22:32.812 D/vold ( 247): Installed fscrypt key with ref 28cf55902c489d013532de3526c197ee to /data
10-17 11:22:32.812 D/vold ( 247): Added fscrypt-provisioning key for 28cf55902c489d013532de3526c197ee to session keyring
10-17 11:22:32.813 I/vold ( 247): Wrote per boot key reference to:/data/unencrypted/per_boot_ref
10-17 11:22:32.826 I/[1 T1 ..] fscrypt( 0): AES-256-CTS-CBC using implementation "cts-cbc-aes-ce"
10-17 11:22:32.828 I/[1 T1 ..] fscrypt( 0): AES-256-XTS using blk-crypto-fallback
10-17 11:22:32.852 I/ ( 0): [1 T319 ..] vt session 319-0 create
10-17 11:22:32.861 I/ ( 0): [1 T319 ..] [DV] module not install
10-17 11:22:32.854 I/incfs ( 247): Initial API level of the device: 34
10-17 11:22:32.854 I/incfs ( 247): ro.incremental.enable: yes
10-17 11:22:32.855 I/incfs ( 247): isFsAvailable: true
10-17 11:22:32.855 I/incfs ( 247): isFsAvailable: true
10-17 11:22:32.855 I/incfs ( 247): IncFs_Features: v2
10-17 11:22:32.856 I/keystore2( 293): system/security/keystore2/src/maintenance.rs:206 - In early_boot_ended.
10-17 11:22:32.868 I/keystore2( 293): system/security/keystore2/src/globals.rs:66 - Touching Keystore 2.0 database for this first time since boot.
10-17 11:22:32.868 I/keystore2( 293): system/security/keystore2/src/globals.rs:68 - Calling cleanup leftovers.
10-17 11:22:32.869 I/keystore2( 293): system/security/keystore2/src/boot_level_keys.rs:57 - ro.keystore.boot_level_key.strategy not set, inferring from installed KM instances
10-17 11:22:32.869 I/keystore2( 293): system/security/keystore2/src/boot_level_keys.rs:115 - In get_level_zero_key: security_level=r#SOFTWARE, deny_later_strategy=EarlyBootOnly
10-17 11:22:32.875 I/keystore2( 293): system/security/keystore2/src/super_key.rs:293 - Starting boot level watcher.
10-17 11:22:32.876 I/keystore2( 293): system/security/keystore2/src/maintenance.rs:187 - Call to earlyBootEnded succeeded for security level TRUSTED_ENVIRONMENT.
10-17 11:22:32.876 I/keystore2( 293): system/security/keystore2/src/super_key.rs:325 - Read keystore.boot_level value 30
10-17 11:22:32.876 I/keystore2( 293): system/security/keystore2/src/super_key.rs:325 - Read keystore.boot_level value 30
10-17 11:22:32.878 E/keystore2( 293): system/security/keystore2/src/maintenance.rs:192 - Call to earlyBootEnded failed for security level STRONGBOX: system/security/keystore2/src/maintenance.rs:167: getting keymint device.
10-17 11:22:32.878 E/keystore2( 293): system/security/keystore2/src/error.rs:180 - system/security/keystore2/src/maintenance.rs:167: getting keymint device
10-17 11:22:32.878 E/keystore2( 293):
10-17 11:22:32.878 E/keystore2( 293): Caused by:
10-17 11:22:32.878 E/keystore2( 293): 0: system/security/keystore2/src/globals.rs:335: Cannot connect to Keymint
10-17 11:22:32.878 E/keystore2( 293): 1: system/security/keystore2/src/globals.rs:246: Trying to get Legacy wrapper.
10-17 11:22:32.878 E/keystore2( 293): 2: Error::Km(r#HARDWARE_TYPE_UNAVAILABLE)
10-17 11:22:32.878 E/vold ( 247): keystore2 Keystore earlyBootEnded returned service specific error: -68
10-17 11:22:32.889 E/[0 T247 ..] vold( 0): keystore2 Keystore earlyBootEnded returned service specific error: -68
10-17 11:22:32.916 I/[3 T242 ..] logd( 0): logd reinit
10-17 11:22:32.928 I/ ( 0): [3 T300 ..] video_composer_open iminor(inode) =0
10-17 11:22:32.928 I/[3 T300 ..] vc( 0): [0]vd_render_index_get: render_index is 0.
10-17 11:22:32.929 I/[3 T300 ..] vc( 0): [0]get capability: min 64 64; max 4096 2160
10-17 11:22:32.930 I/ ( 0): [3 T300 ..] video_composer_open iminor(inode) =1
10-17 11:22:32.930 I/[3 T300 ..] vc( 0): [1]vd_render_index_get: render_index is 1.
10-17 11:22:32.931 I/[2 T336 ..] apexd( 0): Scanning /system/apex for pre-installed ApexFiles
10-17 11:22:32.931 I/[3 T300 ..] vc( 0): [1]get capability: min 64 64; max 2048 1080
10-17 11:22:32.932 I/[2 T336 ..] apexd( 0): Found pre-installed APEX /system/apex/com.amlogic.mediaextractor.apex
10-17 11:22:32.935 I/[2 T336 ..] apexd( 0): Found pre-installed APEX /system/apex/com.android.adbd.apex
10-17 11:22:32.936 I/[2 T336 ..] apexd( 0): Found pre-installed APEX /system/apex/com.android.adservices.apex
10-17 11:22:32.937 I/[2 T336 ..] apexd( 0): Found pre-installed APEX /system/apex/com.android.apex.cts.shim.apex
10-17 11:22:32.938 I/[2 T336 ..] apexd( 0): Found pre-installed APEX /system/apex/com.android.appsearch.apex
10-17 11:22:32.939 I/[2 T336 ..] apexd( 0): Found pre-installed APEX /system/apex/com.android.art.apex
10-17 11:22:32.940 I/[3 T300 ..] vc( 0): [0]get capability: min 64 64; max 4096 2160
10-17 11:22:32.940 I/[2 T336 ..] apexd( 0): Found pre-installed APEX /system/apex/com.android.btservices.apex
10-17 11:22:32.941 I/[3 T300 ..] vc( 0): [1]get capability: min 64 64; max 2048 1080
10-17 11:22:32.942 I/[2 T336 ..] apexd( 0): Found pre-installed APEX /system/apex/com.android.configinfrastructure.apex
10-17 11:22:32.944 I/[2 T336 ..] apexd( 0): Found pre-installed APEX /system/apex/com.android.conscrypt.apex
10-17 11:22:32.959 I/[3 T350 ..] loop4( 0): detected capacity change from 0 to 8896
10-17 11:22:32.960 I/[0 T351 ..] loop5( 0): detected capacity change from 0 to 39832
10-17 11:22:32.962 I/[0 T353 ..] loop6( 0): detected capacity change from 0 to 5656
10-17 11:22:32.963 I/[3 T352 ..] loop7( 0): detected capacity change from 0 to 50632
10-17 11:22:32.980 I/ ( 0): [3 T350 ..] EXT4-fs (loop4): mounted filesystem without journal. Opts: (null). Quota mode: none.
10-17 11:22:32.985 I/ ( 0): [0 T352 ..] EXT4-fs (loop7): mounted filesystem without journal. Opts: (null). Quota mode: none.
10-17 11:22:32.986 I/ ( 0): [2 T351 ..] EXT4-fs (loop5): mounted filesystem without journal. Opts: (null). Quota mode: none.
10-17 11:22:32.986 I/ ( 0): [3 T353 ..] EXT4-fs (loop6): mounted filesystem without journal. Opts: (null). Quota mode: none.
10-17 11:22:32.988 I/[3 T350 ..] loop8( 0): detected capacity change from 0 to 6680
10-17 11:22:32.989 I/[3 T352 ..] loop9( 0): detected capacity change from 0 to 536
10-17 11:22:32.990 I/[2 T353 ..] loop10( 0): detected capacity change from 0 to 8568
