10-17 11:22:32.992 I/[3 T351 ..] loop11( 0): detected capacity change from 0 to 10392
10-17 11:22:33.000 I/[3 T300 ..] [hdmitx( 0): ] avmute_store -1
10-17 11:22:33.007 I/ ( 0): [0 T351 ..] EXT4-fs (loop11): mounted filesystem without journal. Opts: (null). Quota mode: none.
10-17 11:22:33.011 I/[3 T351 ..] loop12( 0): detected capacity change from 0 to 25264
10-17 11:22:33.016 I/ ( 0): [1 T352 ..] EXT4-fs (loop9): mounted filesystem without journal. Opts: (null). Quota mode: none.
10-17 11:22:33.017 I/ ( 0): [3 T353 ..] EXT4-fs (loop10): mounted filesystem without journal. Opts: (null). Quota mode: none.
10-17 11:22:33.019 I/ ( 0): [2 T350 ..] EXT4-fs (loop8): mounted filesystem without journal. Opts: (null). Quota mode: none.
10-17 11:22:33.020 I/[2 T353 ..] loop13( 0): detected capacity change from 0 to 16600
10-17 11:22:33.022 I/[0 T352 ..] loop14( 0): detected capacity change from 0 to 20400
10-17 11:22:33.024 I/[2 T350 ..] loop15( 0): detected capacity change from 0 to 1512
10-17 11:22:33.035 I/ ( 0): [1 T351 ..] EXT4-fs (loop12): mounted filesystem without journal. Opts: (null). Quota mode: none.
10-17 11:22:33.038 I/[1 T351 ..] loop16( 0): detected capacity change from 0 to 536
10-17 11:22:33.044 I/ ( 0): [0 T350 ..] EXT4-fs (loop15): mounted filesystem without journal. Opts: (null). Quota mode: none.
10-17 11:22:33.044 I/ ( 0): [1 T353 ..] EXT4-fs (loop13): mounted filesystem without journal. Opts: (null). Quota mode: none.
10-17 11:22:33.046 I/[2 T350 ..] loop17( 0): detected capacity change from 0 to 6024
10-17 11:22:33.049 I/[1 T353 ..] loop18( 0): detected capacity change from 0 to 17432
10-17 11:22:33.051 I/ ( 0): [3 T352 ..] EXT4-fs (loop14): mounted filesystem without journal. Opts: (null). Quota mode: none.
10-17 11:22:33.056 I/[2 T352 ..] loop19( 0): detected capacity change from 0 to 38416
10-17 11:22:33.066 I/ ( 0): [1 T350 ..] EXT4-fs (loop17): mounted filesystem without journal. Opts: (null). Quota mode: none.
10-17 11:22:33.069 I/[3 T350 ..] loop20( 0): detected capacity change from 0 to 5920
10-17 11:22:33.070 I/ ( 0): [3 T352 ..] EXT4-fs (loop19): mounted filesystem without journal. Opts: (null). Quota mode: none.
10-17 11:22:33.070 I/ ( 0): [0 T351 ..] EXT4-fs (loop16): mounted filesystem without journal. Opts: (null). Quota mode: none.
10-17 11:22:33.074 I/[0 T352 ..] loop21( 0): detected capacity change from 0 to 6496
10-17 11:22:33.075 I/[0 T351 ..] loop22( 0): detected capacity change from 0 to 49208
10-17 11:22:33.075 I/ ( 0): [3 T353 ..] EXT4-fs (loop18): mounted filesystem without journal. Opts: (null). Quota mode: none.
10-17 11:22:33.078 I/[0 T353 ..] loop23( 0): detected capacity change from 0 to 4648
10-17 11:22:33.093 I/ ( 0): [1 T350 ..] EXT4-fs (loop20): mounted filesystem without journal. Opts: (null). Quota mode: none.
10-17 11:22:33.087 V/BootAnimation( 251): Surface size has been limited to [1920x1080] from [3840x2160]
10-17 11:22:33.095 I/ ( 0): [2 T351 ..] EXT4-fs (loop22): mounted filesystem without journal. Opts: (null). Quota mode: none.
10-17 11:22:33.096 I/ ( 0): [3 T352 ..] EXT4-fs (loop21): mounted filesystem without journal. Opts: (null). Quota mode: none.
10-17 11:22:33.096 I/[0 T350 ..] loop24( 0): detected capacity change from 0 to 576
10-17 11:22:33.099 I/[1 T352 ..] loop25( 0): detected capacity change from 0 to 2224
10-17 11:22:33.101 I/[2 T351 ..] loop26( 0): detected capacity change from 0 to 42112
10-17 11:22:33.107 I/ ( 0): [3 T353 ..] EXT4-fs (loop23): mounted filesystem without journal. Opts: (null). Quota mode: none.
10-17 11:22:33.109 I/[3 T353 ..] loop27( 0): detected capacity change from 0 to 4320
10-17 11:22:33.123 I/ ( 0): [2 T352 ..] EXT4-fs (loop25): mounted filesystem without journal. Opts: (null). Quota mode: none.
10-17 11:22:33.124 I/ ( 0): [2 T350 ..] EXT4-fs (loop24): mounted filesystem without journal. Opts: (null). Quota mode: none.
10-17 11:22:33.125 I/ ( 0): [2 T351 ..] EXT4-fs (loop26): mounted filesystem without journal. Opts: (null). Quota mode: none.
10-17 11:22:33.125 I/[1 T352 ..] loop28( 0): detected capacity change from 0 to 536
10-17 11:22:33.128 I/[3 T350 ..] loop29( 0): detected capacity change from 0 to 7024
10-17 11:22:33.129 I/[2 T351 ..] loop30( 0): detected capacity change from 0 to 68064
10-17 11:22:33.129 I/ ( 0): [1 T353 ..] EXT4-fs (loop27): mounted filesystem without journal. Opts: (null). Quota mode: none.
10-17 11:22:33.132 I/[1 T353 ..] loop31( 0): detected capacity change from 0 to 1048
10-17 11:22:33.146 I/ ( 0): [3 T350 ..] EXT4-fs (loop29): mounted filesystem without journal. Opts: (null). Quota mode: none.
10-17 11:22:33.147 I/ ( 0): [1 T352 ..] EXT4-fs (loop28): mounted filesystem without journal. Opts: (null). Quota mode: none.
10-17 11:22:33.148 I/[3 T350 ..] loop32( 0): detected capacity change from 0 to 1616
10-17 11:22:33.150 I/[2 T352 ..] loop33( 0): detected capacity change from 0 to 34880
10-17 11:22:33.154 I/ ( 0): [2 T351 ..] EXT4-fs (loop30): mounted filesystem without journal. Opts: (null). Quota mode: none.
10-17 11:22:33.156 I/[2 T351 ..] loop34( 0): detected capacity change from 0 to 34512
10-17 11:22:33.163 I/ ( 0): [2 T353 ..] EXT4-fs (loop31): mounted filesystem without journal. Opts: (null). Quota mode: none.
10-17 11:22:33.164 I/[2 T353 ..] loop35( 0): detected capacity change from 0 to 30096
10-17 11:22:33.166 I/ ( 0): [1 T352 ..] EXT4-fs (loop33): mounted filesystem without journal. Opts: (null). Quota mode: none.
10-17 11:22:33.168 I/[1 T352 ..] loop36( 0): detected capacity change from 0 to 6248
10-17 11:22:33.170 I/ ( 0): [2 T350 ..] EXT4-fs (loop32): mounted filesystem without journal. Opts: (null). Quota mode: none.
10-17 11:22:33.175 I/ ( 0): [3 T351 ..] EXT4-fs (loop34): mounted filesystem without journal. Opts: (null). Quota mode: none.
10-17 11:22:33.186 I/ ( 0): [3 T352 ..] EXT4-fs (loop36): mounted filesystem without journal. Opts: (null). Quota mode: none.
10-17 11:22:33.187 I/ ( 0): [1 T353 ..] EXT4-fs (loop35): mounted filesystem without journal. Opts: (null). Quota mode: none.
10-17 11:22:33.209 V/BootAnimation( 251): Surface size has been limited to [1920x1080] from [3840x2160]
10-17 11:22:33.209 D/BootAnimation( 251): resizeSurface BLASTBufferQueue to 1920 1080.
10-17 11:22:33.264 D/BootAnimation( 251): BootAnimation::threadLoop
10-17 11:22:33.265 D/BootAnimation( 251): bootVideoProp=50, mConfig=0, mVol=50, mMute=0
10-17 11:22:33.287 D/BootAnimation( 251): BootAnimationShownTiming start time: 6501ms
10-17 11:22:33.436 D/vold ( 247): fscrypt_init_user0
10-17 11:22:33.436 D/vold ( 247): Preparing: /data/misc/vold/user_keys
10-17 11:22:33.446 D/[2 T423 ..] vdc( 0): Waited 0ms for vold
10-17 11:22:33.442 D/vold ( 247): Preparing: /data/misc/vold/user_keys/ce
10-17 11:22:33.443 D/vold ( 247): Preparing: /data/misc/vold/user_keys/de
10-17 11:22:33.452 D/vold ( 247): Installed fscrypt key with ref 9b15edc500d0a407af143d08f880eccd to /data
10-17 11:22:33.452 D/vold ( 247): Added fscrypt-provisioning key for 9b15edc500d0a407af143d08f880eccd to session keyring
10-17 11:22:33.452 D/vold ( 247): Installed de key for user 0
10-17 11:22:33.453 D/vold ( 247): Preparing: /data/data
10-17 11:22:33.454 D/vold ( 247): Preparing: /data/user/0
10-17 11:22:33.455 D/vold ( 247): Preparing: /data/media/obb
10-17 11:22:33.455 D/vold ( 247): fscrypt_prepare_user_storage for volume null, user 0, serial 0, flags 1
10-17 11:22:33.455 D/vold ( 247): Preparing: /data/system/users/0
10-17 11:22:33.456 D/vold ( 247): Preparing: /data/misc/profiles/cur/0
10-17 11:22:33.457 D/vold ( 247): Preparing: /data/system_de/0
10-17 11:22:33.458 I/vold ( 247): Verified that /data/system_de/0 has the encryption policy 9b15edc500d0a407af143d08f880eccd v2 modes 1/4 flags 0xa
10-17 11:22:33.458 D/vold ( 247): Preparing: /data/vendor_de/0
10-17 11:22:33.459 I/vold ( 247): Verified that /data/vendor_de/0 has the encryption policy 9b15edc500d0a407af143d08f880eccd v2 modes 1/4 flags 0xa
10-17 11:22:33.459 D/vold ( 247): Preparing: /data/misc_de/0
10-17 11:22:33.460 I/vold ( 247): Verified that /data/misc_de/0 has the encryption policy 9b15edc500d0a407af143d08f880eccd v2 modes 1/4 flags 0xa
10-17 11:22:33.460 D/vold ( 247): Preparing: /data/user_de/0
10-17 11:22:33.461 I/vold ( 247): Verified that /data/user_de/0 has the encryption policy 9b15edc500d0a407af143d08f880eccd v2 modes 1/4 flags 0xa
10-17 11:22:33.461 D/vold ( 247): /system/bin/vold_prepare_subdirs
10-17 11:22:33.461 D/vold ( 247): prepare
10-17 11:22:33.461 D/vold ( 247):
10-17 11:22:33.461 D/vold ( 247): 0
10-17 11:22:33.461 D/vold ( 247): 1
10-17 11:22:33.527 D/vold ( 247): Detected support for FS_IOC_ADD_ENCRYPTION_KEY
10-17 11:22:33.643 I/odsign ( 427): Trying to retrieve existing HMAC key...
10-17 11:22:33.645 I/odsign ( 427): Trying to retrieve existing keystore key...
10-17 11:22:33.652 I/odsign ( 427): Verified public key signature.
10-17 11:22:33.652 I/odsign ( 427): Initialized Keystore key.
10-17 11:22:33.653 I/odsign ( 427): Found and verified existing public key certificate: /data/misc/odsign/key.cert
10-17 11:22:33.737 I/[2 T428 ..] fs-verity( 0): sha256 using implementation "sha256-ce"
10-17 11:22:33.768 I/odrefresh( 428): ART APEX version 340090000
10-17 11:22:33.891 I/odrefresh( 428): Boot images on /system OK (arm)
10-17 11:22:33.897 I/odrefresh( 428): system_server artifacts on /system OK
10-17 11:22:33.910 I/odsign ( 427): /data/misc/odsign/odsign.info.signature matches.
10-17 11:22:33.910 I/odsign ( 427): Loaded /data/misc/odsign/odsign.info
10-17 11:22:33.911 I/odsign ( 427): All root hashes match.
10-17 11:22:33.911 I/odsign ( 427): odrefresh said artifacts are VALID
10-17 11:22:33.911 I/odsign ( 427): On-device signing done.
10-17 11:22:33.911 I/odsign ( 427): Metrics report is empty
10-17 11:22:33.934 I/keystore2( 293): system/security/keystore2/src/super_key.rs:330 - keystore.boot_level 1000000000 hits maximum 1000000000, finishing.
10-17 11:22:33.975 I/[1 T430 ..] apexd( 0): Snapshot DE subcommand detected
10-17 11:22:33.977 I/[1 T430 ..] apexd-snapshotde( 0): Marking APEXd as ready
10-17 11:22:34.015 I/[2 T165 ..] [media_sync]( 0): mediasync_policy_manager_init(ffffffc00bea5000) initiation success.
10-17 11:22:34.036 I/ ( 0): [3 T165 ..] aml-vcodec-dec vcodec_dec: v4ldec registered as /dev/video26
10-17 11:22:34.167 I/[3 T1 ..] selinux( 0): SELinux: Skipping restorecon on directory(/data/dalvik-cache/arm)
10-17 11:22:34.168 E/[3 T1 ..] selinux( 0): SELinux: Could not stat /data/dalvik-cache/arm64: No such file or directory.
10-17 11:22:34.169 E/[3 T1 ..] selinux( 0): SELinux: Could not stat /data/dalvik-cache/riscv64: No such file or directory.
10-17 11:22:34.170 E/[3 T1 ..] selinux( 0): SELinux: Could not stat /data/dalvik-cache/x86: No such file or directory.
10-17 11:22:34.171 E/[3 T1 ..] selinux( 0): SELinux: Could not stat /data/dalvik-cache/x86_64: No such file or directory.
10-17 11:22:34.181 I/[3 T1 ..] selinux( 0): SELinux: Skipping restorecon on directory(/data/misc/apexdata/com.android.wifi)
10-17 11:22:34.187 I/[3 T165 ..] init( 0): Not setting encryption policy on: /data/media
10-17 11:22:34.232 D/[2 T444 ..] LibBpfLoader( 0): Loading optional ELF object /apex/com.android.tethering/etc/bpf/test.o with license Apache 2.0
10-17 11:22:34.232 I/[2 T444 ..] LibBpfLoader( 0): Section bpfloader_min_ver value is 2 [0x2]
10-17 11:22:34.232 I/[2 T444 ..] LibBpfLoader( 0): Section bpfloader_max_ver value is 25 [0x19]
10-17 11:22:34.233 D/[2 T444 ..] LibBpfLoader( 0): Couldn't find section bpfloader_min_required_ver (defaulting to 0 [0x0]).
10-17 11:22:34.233 I/[2 T444 ..] LibBpfLoader( 0): Section size_of_bpf_map_def value is 120 [0x78]
10-17 11:22:34.234 I/[2 T444 ..] LibBpfLoader( 0): Section size_of_bpf_prog_def value is 92 [0x5c]
10-17 11:22:34.236 I/[2 T444 ..] LibBpfLoader( 0): BpfLoader version 0x00026 ignoring ELF object /apex/com.android.tethering/etc/bpf/test.o with max ver 0x00019
10-17 11:22:34.237 I/[2 T444 ..] bpfloader( 0): Loaded object: /apex/com.android.tethering/etc/bpf/test.o
10-17 11:22:34.241 D/[0 T444 ..] LibBpfLoader( 0): Loading critical for Connectivity (Tethering) ELF object /apex/com.android.tethering/etc/bpf/offload.o with license Apache 2.0
10-17 11:22:34.241 I/[0 T444 ..] LibBpfLoader( 0): Section bpfloader_min_ver value is 2 [0x2]
10-17 11:22:34.250 I/[1 T445 ..] update_verifier( 0): Started with arg 1: nonencrypted
10-17 11:22:34.260 I/[2 T445 ..] update_verifier( 0): Using AIDL version of IBootControl
10-17 11:22:34.261 I/[2 T294 ..] android.hardware.boot-service( 0): sys.boot_completed:
10-17 11:22:34.262 I/[3 T445 ..] update_verifier( 0): Booting slot 0: isSlotMarkedSuccessful=1
10-17 11:22:34.262 I/[3 T445 ..] update_verifier( 0): Leaving update_verifier.
10-17 11:22:34.318 I/ ( 0): [2 T165 ..] Mass Storage Function, version: 2009/09/11
10-17 11:22:34.318 I/[2 T165 ..] LUN( 0): removable file: (no medium)
10-17 11:22:34.349 I/ ( 0): [2 T165 ..] file system registered
10-17 11:22:34.359 W/ ( 0): [2 T165 ..] using random self ethernet address
10-17 11:22:34.359 W/ ( 0): [2 T165 ..] using random host ethernet address
10-17 11:22:34.483 W/[3 T165 ..] 0( 0): amvdec_vc1 module init
10-17 11:22:34.490 W/[3 T165 ..] 0( 0): amvdec_vc1 module init
10-17 11:22:34.543 W/ ( 0): [1 T165 ..] amvenc probe, hcodec get reset failed: -2
10-17 11:22:34.644 E/ ( 0): [3 T165 ..] have register same node[av1-v4l] on decoder before
10-17 11:22:34.647 I/ ( 0): [3 T165 ..] Registered frame rate driver success.
10-17 11:22:34.652 I/[3 T165 ..] [DHP]( 0): [INFO]: DHP driver init success.
10-17 11:22:34.889 W/[3 T465 ..] healthd( 0): No battery devices found
10-17 11:22:34.907 W/[3 T465 ..] healthd( 0): battery none chg=
10-17 11:22:34.960 I/[2 T486 ..] [pm]( 0): early_suspend_state=0
10-17 11:22:34.975 W/[1 T444 ..] printk( 0): bpfloader: 598 output lines suppressed due to ratelimiting
10-17 11:22:35.038 I/android.hardware.wifi-service.droidlogic( 477): Wifi Hal is booting up...
10-17 11:22:35.041 I/android.hardware.wifi-service.droidlogic( 477): Joining RPC thread pool
10-17 11:22:35.165 E/[1 T165 ..] map_store( 0): rm default
10-17 11:22:35.165 E/[1 T165 ..] map_store( 0): add default decoder ppmgr deinterlace amvideo
10-17 11:22:35.167 I/[0 T165 ..] [snd-soc]( 0): drc high cut scale set to 0%
10-17 11:22:35.168 I/[2 T165 ..] [snd-soc]( 0): drc low boost scale set to 0%
10-17 11:22:35.169 I/[2 T165 ..] [snd-soc]( 0): drc mode set to RF
10-17 11:22:35.203 I/[2 T165 ..] usbcore( 0): registered new interface driver wifi_usb_common
10-17 11:22:35.203 W/ ( 0): [2 T165 ..] aml_usb_common->
10-17 11:22:35.203 W/ ( 0): [2 T165 ..] aml_wifi_usb_insmod(138) aml common driver insmod
10-17 11:22:35.205 W/ ( 0): [2 T165 ..] *****************aml sdio common driver is insmoded********************
10-17 11:22:35.206 W/ ( 0): [2 T165 ..] aml_wifi_sdio_insmod(280) start...
10-17 11:22:35.358 I/gsid ( 528): no DSU: No such file or directory
10-17 11:22:35.439 I/[2 T466 ..] dmabuf_manage( 0): dmabuf_manage_secmem_tee_init: dmabuf_manage_secmem_tee_init open session ret 0, res 0xffff0008, origin 0x3
10-17 11:22:35.441 I/[2 T466 ..] dmabuf_manage( 0): dmabuf_manage_secmem_tee_init: dmabuf_manage_secmem_tee_init open session ret 0, res 0xffff0008, origin 0x3
10-17 11:22:35.444 I/[2 T466 ..] dmabuf_manage( 0): dmabuf_manage_secmem_tee_init: dmabuf_manage_secmem_tee_init open session ret 0, res 0xffff0008, origin 0x3
10-17 11:22:35.447 I/[2 T466 ..] dmabuf_manage( 0): dmabuf_manage_secmem_tee_init: dmabuf_manage_secmem_tee_init open session ret 0, res 0xffff0008, origin 0x3
10-17 11:22:35.450 I/[2 T466 ..] dmabuf_manage( 0): dmabuf_manage_secmem_tee_init: dmabuf_manage_secmem_tee_init open session ret 0, res 0xffff0008, origin 0x3
10-17 11:22:35.453 I/[2 T466 ..] dmabuf_manage( 0): dmabuf_manage_secmem_tee_init: dmabuf_manage_secmem_tee_init open session ret 0, res 0xffff0008, origin 0x3
10-17 11:22:35.457 I/[2 T466 ..] dmabuf_manage( 0): dmabuf_manage_secmem_tee_init: dmabuf_manage_secmem_tee_init open session ret 0, res 0xffff0008, origin 0x3
10-17 11:22:35.460 I/[2 T466 ..] dmabuf_manage( 0): dmabuf_manage_secmem_tee_init: dmabuf_manage_secmem_tee_init open session ret 0, res 0xffff0008, origin 0x3
10-17 11:22:35.462 I/[2 T466 ..] dmabuf_manage( 0): dmabuf_manage_secmem_tee_init: dmabuf_manage_secmem_tee_init open session ret 0, res 0xffff0008, origin 0x3
10-17 11:22:35.466 I/[2 T466 ..] dmabuf_manage( 0): dmabuf_manage_secmem_tee_init: dmabuf_manage_secmem_tee_init open session ret 0, res 0xffff0008, origin 0x3
10-17 11:22:35.470 I/[2 T466 ..] dmabuf_manage( 0): dmabuf_manage_secmem_tee_init: dmabuf_manage_secmem_tee_init open session ret 0, res 0xffff0008, origin 0x3
10-17 11:22:35.472 I/[2 T466 ..] dmabuf_manage( 0): dmabuf_manage_secmem_tee_init: dmabuf_manage_secmem_tee_init open session ret 0, res 0xffff0008, origin 0x3
10-17 11:22:35.474 I/[2 T466 ..] dmabuf_manage( 0): dmabuf_manage_secmem_tee_init: dmabuf_manage_secmem_tee_init open session ret 0, res 0xffff0008, origin 0x3
10-17 11:22:35.477 I/[2 T466 ..] dmabuf_manage( 0): dmabuf_manage_secmem_tee_init: dmabuf_manage_secmem_tee_init open session ret 0, res 0xffff0008, origin 0x3
10-17 11:22:35.479 I/[2 T466 ..] dmabuf_manage( 0): dmabuf_manage_secmem_tee_init: dmabuf_manage_secmem_tee_init open session ret 0, res 0xffff0008, origin 0x3
10-17 11:22:35.481 I/[2 T466 ..] dmabuf_manage( 0): dmabuf_manage_secmem_tee_init: dmabuf_manage_secmem_tee_init open session ret 0, res 0xffff0008, origin 0x3
10-17 11:22:35.485 I/[2 T466 ..] dmabuf_manage( 0): dmabuf_manage_secmem_tee_init: dmabuf_manage_secmem_tee_init open session ret 0, res 0xffff0008, origin 0x3
10-17 11:22:35.488 I/[2 T466 ..] dmabuf_manage( 0): dmabuf_manage_secmem_tee_init: dmabuf_manage_secmem_tee_init open session ret 0, res 0xffff0008, origin 0x3
10-17 11:22:35.490 I/[2 T466 ..] dmabuf_manage( 0): dmabuf_manage_secmem_tee_init: dmabuf_manage_secmem_tee_init open session ret 0, res 0xffff0008, origin 0x3
10-17 11:22:35.492 I/[2 T466 ..] dmabuf_manage( 0): dmabuf_manage_secmem_tee_init: dmabuf_manage_secmem_tee_init open session ret 0, res 0xffff0008, origin 0x3
10-17 11:22:35.494 I/[2 T466 ..] dmabuf_manage( 0): dmabuf_manage_secmem_tee_init: dmabuf_manage_secmem_tee_init open session ret 0, res 0xffff0008, origin 0x3
10-17 11:22:35.497 I/[2 T466 ..] dmabuf_manage( 0): dmabuf_manage_secmem_tee_init: dmabuf_manage_secmem_tee_init open session ret 0, res 0xffff0008, origin 0x3
10-17 11:22:35.751 I/ ( 0): [2 T78 ..] [TEE] E/LD: init_elf:453 sys_open_ta_bin(2c1a33c0-44cc-11e5-bc3b-0002a5d5c51b)
10-17 11:22:35.751 I/ ( 0): [2 T78 ..] [TEE] E/TC:? 00 ldelf_init_with_ldelf:131 ldelf failed with res: 0xffff0008
10-17 11:22:35.753 I/ ( 0): [2 T78 ..] [TEE] E/LD: init_elf:453 sys_open_ta_bin(2c1a33c0-44cc-11e5-bc3b-0002a5d5c51b)
10-17 11:22:35.754 I/ ( 0): [2 T78 ..] [TEE] E/TC:? 00 ldelf_init_with_ldelf:131 ldelf failed with res: 0xffff0008
10-17 11:22:35.768 I/ ( 0): [2 T78 ..] [TEE] E/LD: init_elf:453 sys_open_ta_bin(2c1a33c0-44cc-11e5-bc3b-0002a5d5c51b)
10-17 11:22:35.768 I/ ( 0): [2 T78 ..] [TEE] E/TC:? 00 ldelf_init_with_ldelf:131 ldelf failed with res: 0xffff0008
10-17 11:22:35.769 I/ ( 0): [2 T78 ..] [TEE] E/LD: init_elf:453 sys_open_ta_bin(2c1a33c0-44cc-11e5-bc3b-0002a5d5c51b)
10-17 11:22:35.771 I/ ( 0): [2 T78 ..] [TEE] E/TC:? 00 ldelf_init_with_ldelf:131 ldelf failed with res: 0xffff0008
10-17 11:22:35.781 I/ ( 0): [2 T78 ..] [TEE] E/LD: init_elf:453 sys_open_ta_bin(2c1a33c0-44cc-11e5-bc3b-0002a5d5c51b)
10-17 11:22:35.782 I/ ( 0): [2 T78 ..] [TEE] E/TC:? 00 ldelf_init_with_ldelf:131 ldelf failed with res: 0xffff0008
10-17 11:22:35.783 I/ ( 0): [2 T78 ..] [TEE] E/LD: init_elf:453 sys_open_ta_bin(2c1a33c0-44cc-11e5-bc3b-0002a5d5c51b)
10-17 11:22:35.784 I/ ( 0): [2 T78 ..] [TEE] E/TC:? 00 ldelf_init_with_ldelf:131 ldelf failed with res: 0xffff0008
10-17 11:22:35.785 I/ ( 0): [2 T78 ..] [TEE] E/LD: init_elf:453 sys_open_ta_bin(2c1a33c0-44cc-11e5-bc3b-0002a5d5c51b)
10-17 11:22:35.786 I/ ( 0): [2 T78 ..] [TEE] E/TC:? 00 ldelf_init_with_ldelf:131 ldelf failed with res: 0xffff0008
10-17 11:22:35.802 I/ ( 0): [2 T78 ..] [TEE] E/LD: init_elf:453 sys_open_ta_bin(2c1a33c0-44cc-11e5-bc3b-0002a5d5c51b)
10-17 11:22:35.805 I/ ( 0): [2 T78 ..] [TEE] E/TC:? 00 ldelf_init_with_ldelf:131 ldelf failed with res: 0xffff0008
10-17 11:22:35.805 I/ ( 0): [2 T78 ..] [TEE] E/LD: init_elf:453 sys_open_ta_bin(2c1a33c0-44cc-11e5-bc3b-0002a5d5c51b)
10-17 11:22:35.807 I/ ( 0): [2 T78 ..] [TEE] E/TC:? 00 ldelf_init_with_ldelf:131 ldelf failed with res: 0xffff0008
10-17 11:22:35.819 I/ ( 0): [2 T78 ..] [TEE] E/LD: init_elf:453 sys_open_ta_bin(2c1a33c0-44cc-11e5-bc3b-0002a5d5c51b)
10-17 11:22:35.819 I/ ( 0): [2 T78 ..] [TEE] E/TC:? 00 ldelf_init_with_ldelf:131 ldelf failed with res: 0xffff0008
10-17 11:22:35.827 I/ ( 0): [2 T78 ..] [TEE] E/LD: init_elf:453 sys_open_ta_bin(2c1a33c0-44cc-11e5-bc3b-0002a5d5c51b)
10-17 11:22:35.828 I/ ( 0): [2 T78 ..] [TEE] E/TC:? 00 ldelf_init_with_ldelf:131 ldelf failed with res: 0xffff0008
10-17 11:22:35.829 I/ ( 0): [2 T78 ..] [TEE] E/LD: init_elf:453 sys_open_ta_bin(2c1a33c0-44cc-11e5-bc3b-0002a5d5c51b)
10-17 11:22:35.832 I/ ( 0): [2 T78 ..] [TEE] E/TC:? 00 ldelf_init_with_ldelf:131 ldelf failed with res: 0xffff0008
10-17 11:22:35.832 I/ ( 0): [2 T78 ..] [TEE] E/LD: init_elf:453 sys_open_ta_bin(2c1a33c0-44cc-11e5-bc3b-0002a5d5c51b)
10-17 11:22:35.833 I/ ( 0): [2 T78 ..] [TEE] E/TC:? 00 ldelf_init_with_ldelf:131 ldelf failed with res: 0xffff0008
10-17 11:22:35.835 I/ ( 0): [2 T78 ..] [TEE] E/LD: init_elf:453 sys_open_ta_bin(2c1a33c0-44cc-11e5-bc3b-0002a5d5c51b)
10-17 11:22:35.847 I/ ( 0): [2 T78 ..] [TEE] E/TC:? 00 ldelf_init_with_ldelf:131 ldelf failed with res: 0xffff0008
10-17 11:22:35.847 I/ ( 0): [2 T78 ..] [TEE] E/LD: init_elf:453 sys_open_ta_bin(2c1a33c0-44cc-11e5-bc3b-0002a5d5c51b)
10-17 11:22:35.837 I/installd( 587): installd firing up
10-17 11:22:35.851 I/ ( 0): [2 T78 ..] [TEE] E/TC:? 00 ldelf_init_with_ldelf:131 ldelf failed with res: 0xffff0008
10-17 11:22:35.851 I/ ( 0): [2 T78 ..] [TEE] E/LD: init_elf:453 sys_open_ta_bin(2c1a33c0-44cc-11e5-bc3b-0002a5d5c51b)
10-17 11:22:35.853 I/ ( 0): [2 T78 ..] [TEE] E/TC:? 00 ldelf_init_with_ldelf:131 ldelf failed with res: 0xffff0008
10-17 11:22:35.855 I/ ( 0): [2 T78 ..] [TEE] E/LD: init_elf:453 sys_open_ta_bin(2c1a33c0-44cc-11e5-bc3b-0002a5d5c51b)
10-17 11:22:35.859 I/ ( 0): [2 T78 ..] [TEE] E/TC:? 00 ldelf_init_with_ldelf:131 ldelf failed with res: 0xffff0008
10-17 11:22:35.859 I/ ( 0): [2 T78 ..] [TEE] E/LD: init_elf:453 sys_open_ta_bin(2c1a33c0-44cc-11e5-bc3b-0002a5d5c51b)
10-17 11:22:35.861 I/ ( 0): [2 T78 ..] [TEE] E/TC:? 00 ldelf_init_with_ldelf:131 ldelf failed with res: 0xffff0008
10-17 11:22:35.862 I/ ( 0): [2 T78 ..] [TEE] E/LD: init_elf:453 sys_open_ta_bin(2c1a33c0-44cc-11e5-bc3b-0002a5d5c51b)
10-17 11:22:35.864 I/ ( 0): [2 T78 ..] [TEE] E/TC:? 00 ldelf_init_with_ldelf:131 ldelf failed with res: 0xffff0008
10-17 11:22:35.864 I/ ( 0): [2 T78 ..] [TEE] E/LD: init_elf:453 sys_open_ta_bin(2c1a33c0-44cc-11e5-bc3b-0002a5d5c51b)
10-17 11:22:35.865 I/ ( 0): [2 T78 ..] [TEE] E/TC:? 00 ldelf_init_with_ldelf:131 ldelf failed with res: 0xffff0008
10-17 11:22:35.866 I/ ( 0): [2 T78 ..] [TEE] E/LD: init_elf:453 sys_open_ta_bin(2c1a33c0-44cc-11e5-bc3b-0002a5d5c51b)
10-17 11:22:35.871 I/ ( 0): [2 T78 ..] [TEE] E/TC:? 00 ldelf_init_with_ldelf:131 ldelf failed with res: 0xffff0008
10-17 11:22:35.871 I/ ( 0): [2 T78 ..] [TEE] E/LD: init_elf:453 sys_open_ta_bin(2c1a33c0-44cc-11e5-bc3b-0002a5d5c51b)
10-17 11:22:35.873 I/ ( 0): [2 T78 ..] [TEE] E/TC:? 00 ldelf_init_with_ldelf:131 ldelf failed with res: 0xffff0008
10-17 11:22:35.943 I/[1 T604 ..] [DHP]( 0): [INFO]: [0]: dhp_daemon-ffffff8027074000 open aml_dhp_dev(v1.0.0) success.
10-17 11:22:36.022 I/wificond( 603): wificond is starting up...
10-17 11:22:36.039 E/HidlServiceManagement( 603): Service android.system.wifi.keystore@1.0::IKeystore/default must be in VINTF manifest in order to register/get.
10-17 11:22:36.039 I/wificond( 603): Did not register wifi keystore HIDL HAL service: -2147483648
10-17 11:22:36.133 W/storaged( 600): health: invalid battery status
10-17 11:22:36.210 I/[3 T630 ..] [hdmitx( 0): ] tee load hdcp key ready: 0x0
10-17 11:22:36.210 I/[3 T630 ..] [hdmitx( 0): ] hdmi ready but hdcp not enabled, enable now
10-17 11:22:36.389 V/Zygote32Timing( 449): PreloadResources took to complete: 473ms
10-17 11:22:36.558 I/[3 T233 ..] servicemanager( 0): Found android.frameworks.cameraservice.service.ICameraService/default in framework VINTF manifest.
10-17 11:22:36.560 I/[3 T233 ..] servicemanager( 0): Found android.frameworks.cameraservice.service.ICameraService/default in framework VINTF manifest.
10-17 11:22:36.725 V/Zygote32Timing( 449): BeginPreload took to complete: 176ms
10-17 11:22:36.903 I/ ( 0): [2 T10 ..] [TEE] E/TA: parse_keybox:1766 [PROVISION-TA] v1 keybox is no longer supported
10-17 11:22:36.903 I/ ( 0): [2 T10 ..] [TEE] E/TA: provision_key_store:1996 [PROVISION-TA] parse data failed, res = 0xFFFF000A
10-17 11:22:36.905 I/ ( 0): [2 T10 ..] [TEE] E/TC:? 00 tee_rpmb_verify_key_sync_counter:1008 Verify key returning 0xffff0008
10-17 11:22:36.906 I/ ( 0): [2 T10 ..] [TEE] E/TA: hdcp_load_key:962 [HDCP-TA] hdcp_load_key: read hdcp key(hdcp_tx22.bin) ret = 0xFFFF0008
10-17 11:22:36.907 I/ ( 0): [2 T10 ..] [TEE] E/TC:? 00 tee_rpmb_verify_key_sync_counter:1008 Verify key returning 0xffff0008
10-17 11:22:36.909 I/ ( 0): [2 T10 ..] [TEE] E/TA: hdcp_load_key:962 [HDCP-TA] hdcp_load_key: read hdcp key(hdcp_tx14.bin) ret = 0xFFFF0008
10-17 11:22:36.954 I/[2 T460 ..] [debug]( 0): audio_utils_ioctl SET_LIB_SIZE 4302208
10-17 11:22:36.954 I/[2 T460 ..] [debug]( 0): audio_utils_ioctl WRITE_LIB
10-17 11:22:37.004 I/[2 T661 ..] audio_ddr_mngr( 0): frddrs[0] registered by device fe330000.audiobus:tdm@2
10-17 11:22:37.005 I/[2 T661 ..] [snd-soc]( 0): aml_audio_reset, reg 0xa, shift 9, use_vadtop 0
10-17 11:22:37.006 I/[2 T661 ..] [snd-soc]( 0): aml_audio_reset, reg 0xa, shift 14, use_vadtop 0
10-17 11:22:37.007 I/[2 T661 ..] [snd-soc]( 0): hdmitx src switch to spdif 0
10-17 11:22:37.008 I/[2 T661 ..] [snd-soc]( 0): sharebuffer_spdifout_prepare get_hdmitx_audio_src(rtd->card):0 spdif_id:0
10-17 11:22:37.009 I/[2 T661 ..] [hdmitx( 0): ] hdmitx_audio_notify_callback[798] audio prepare
10-17 11:22:37.010 D/[2 T661 ..] [snd-soc]( 0): spdif_a fifo ctrl, frddr:0 type:1, 16 bits, chmask 0x3, swap 0x10
10-17 11:22:37.010 I/[2 T661 ..] [hdmitx( 0): ] hdmitx_audio_notify_callback[803] type:1 rate:3 size:1 chs:2 i2s_ch_mask:1 aud_src_if:0
10-17 11:22:37.011 I/[2 T661 ..] [hdmitx( 0): ] aout notify format CT_PCM
10-17 11:22:37.012 I/[2 T661 ..] [hdmitx( 0): ] set audio
10-17 11:22:37.012 I/[2 T661 ..] [hdmitx( 0): ] audio_param->chs = 1
10-17 11:22:37.013 I/[2 T661 ..] [hdmitx( 0): ] aud_src_if = 0
10-17 11:22:37.014 I/[2 T661 ..] [hdmitx( 0): ] aud_n_para = 11648
10-17 11:22:37.014 I/[2 T661 ..] [hdmitx( 0): ] audio state: AUDIO_UNMUTE
10-17 11:22:37.015 I/[2 T661 ..] [hdmitx( 0): ] set audio param
10-17 11:22:37.016 I/[2 T10 ..] [snd-codec-t9015]( 0): aml_T9015_audio_set_bias_level
10-17 11:22:37.019 I/[2 T10 ..] [snd-codec-t9015]( 0): aml_T9015_audio_set_bias_level
10-17 11:22:37.033 D/[2 T661 ..] [snd-soc]( 0): spdif_a is set to enable
10-17 11:22:37.038 I/[2 T661 ..] audio_ddr_mngr( 0): frddrs[1] registered by device fe330000.audiobus:tdm@1
10-17 11:22:37.039 I/[2 T661 ..] [hdmitx( 0): ] hdmitx_audio_notify_callback[798] audio prepare
10-17 11:22:37.043 I/[2 T661 ..] [snd-soc]( 0): aml_audio_reset, reg 0xa, shift 10, use_vadtop 0
10-17 11:22:37.043 I/[2 T661 ..] [snd-soc]( 0): aml_audio_reset, reg 0xa, shift 13, use_vadtop 0
10-17 11:22:37.044 I/[2 T661 ..] [hdmitx( 0): ] hdmitx_audio_notify_callback[803] type:12 rate:7 size:1 chs:8 i2s_ch_mask:15 aud_src_if:1
10-17 11:22:37.046 I/[2 T661 ..] [hdmitx( 0): ] aout notify format CT_MAT
10-17 11:22:37.046 I/[2 T661 ..] [hdmitx( 0): ] set audio
10-17 11:22:37.047 I/[2 T661 ..] [hdmitx( 0): ] audio_param->chs = 7
10-17 11:22:37.048 I/[2 T661 ..] [hdmitx( 0): ] aud_src_if = 1
10-17 11:22:37.048 I/[2 T661 ..] [hdmitx( 0): ] aud_n_para = 46592
10-17 11:22:37.049 I/[2 T661 ..] [hdmitx( 0): ] audio state: AUDIO_UNMUTE
10-17 11:22:37.049 I/[2 T661 ..] [hdmitx( 0): ] set audio param
10-17 11:22:37.987 V/Zygote32Timing( 449): PreloadClasses took to complete: 1262ms
10-17 11:22:38.006 V/Zygote32Timing( 449): CacheNonBootClasspathClassLoaders took to complete: 19ms
10-17 11:22:38.011 V/Zygote32Timing( 449): ZygotePreload took to complete: 1462ms
10-17 11:22:38.175 V/Zygote32Timing( 449): PostZygoteInitGC took to complete: 164ms
10-17 11:22:38.175 V/Zygote32Timing( 449): ZygoteInit took to complete: 2285ms
10-17 11:22:38.511 I/[1 T360 ..] [snd-soc]( 0): drc high cut scale set to 0%
10-17 11:22:38.512 I/[1 T360 ..] [snd-soc]( 0): drc low boost scale set to 0%
10-17 11:22:38.512 I/[1 T360 ..] [snd-soc]( 0): drc mode set to RF
10-17 11:22:38.596 E/[2 T693 ..] [snd-soc]( 0): aml_audio_set_spdif_mute(), no pinctrl
10-17 11:22:38.706 I/[1 T762 ..] [hdmitx( 0): ] hdmitx21_audio_mute_op: AUD_MUTE path=0x8000000
10-17 11:22:38.707 I/[1 T762 ..] [hdmitx( 0): ] audio state: AUDIO_MUTE
10-17 11:22:38.708 I/[1 T762 ..] [hdmitx( 0): ] hdmitx21_ext_set_audio_output enable:0
10-17 11:22:38.714 I/[3 T661 ..] audio_ddr_mngr( 0): frddrs[1] released by device fe330000.audiobus:tdm@1
10-17 11:22:38.715 D/[3 T661 ..] [snd-soc]( 0): spdif_a is set to disable
10-17 11:22:38.715 I/[3 T661 ..] [snd-soc]( 0): aml_audio_reset, reg 0xa, shift 9, use_vadtop 0
10-17 11:22:38.716 I/[3 T661 ..] [snd-soc]( 0): aml_audio_reset, reg 0xa, shift 14, use_vadtop 0
10-17 11:22:38.717 I/[3 T661 ..] [snd-soc]( 0): hdmitx src switch to spdif 0
10-17 11:22:38.717 I/[3 T661 ..] [snd-soc]( 0): sharebuffer_spdifout_prepare get_hdmitx_audio_src(rtd->card):0 spdif_id:0
10-17 11:22:38.719 I/[3 T661 ..] [hdmitx( 0): ] hdmitx_audio_notify_callback[798] audio prepare
10-17 11:22:38.719 D/[3 T661 ..] [snd-soc]( 0): spdif_a fifo ctrl, frddr:0 type:1, 16 bits, chmask 0x3, swap 0x10
10-17 11:22:38.720 I/[3 T661 ..] [hdmitx( 0): ] hdmitx_audio_notify_callback[803] type:1 rate:3 size:1 chs:2 i2s_ch_mask:1 aud_src_if:0
10-17 11:22:38.721 I/[3 T661 ..] [hdmitx( 0): ] aout notify format CT_PCM
10-17 11:22:38.722 I/[3 T661 ..] [hdmitx( 0): ] set audio
10-17 11:22:38.722 I/[3 T661 ..] [hdmitx( 0): ] audio_param->chs = 1
10-17 11:22:38.723 I/[3 T661 ..] [hdmitx( 0): ] aud_src_if = 0
10-17 11:22:38.723 I/[3 T661 ..] [hdmitx( 0): ] aud_n_para = 11648
10-17 11:22:38.724 I/[3 T661 ..] [hdmitx( 0): ] audio state: AUDIO_MUTE
10-17 11:22:38.725 I/[3 T661 ..] [hdmitx( 0): ] set audio param
10-17 11:22:38.728 D/[3 T661 ..] [snd-soc]( 0): spdif_a is set to enable
10-17 11:22:38.730 I/[2 T661 ..] audio_ddr_mngr( 0): frddrs[1] registered by device fe330000.audiobus:tdm@1
10-17 11:22:38.730 I/[2 T661 ..] [hdmitx( 0): ] hdmitx_audio_notify_callback[798] audio prepare
10-17 11:22:38.732 I/[2 T661 ..] [snd-soc]( 0): aml_audio_reset, reg 0xa, shift 10, use_vadtop 0
10-17 11:22:38.733 I/[2 T661 ..] [snd-soc]( 0): aml_audio_reset, reg 0xa, shift 13, use_vadtop 0
10-17 11:22:38.734 I/[2 T661 ..] [hdmitx( 0): ] hdmitx_audio_notify_callback[803] type:12 rate:7 size:1 chs:8 i2s_ch_mask:15 aud_src_if:1
10-17 11:22:38.735 I/[2 T661 ..] [hdmitx( 0): ] aout notify format CT_MAT
10-17 11:22:38.736 I/[2 T661 ..] [hdmitx( 0): ] set audio
10-17 11:22:38.736 I/[2 T661 ..] [hdmitx( 0): ] audio_param->chs = 7
10-17 11:22:38.737 I/[2 T661 ..] [hdmitx( 0): ] aud_src_if = 1
10-17 11:22:38.737 I/[2 T661 ..] [hdmitx( 0): ] aud_n_para = 46592
10-17 11:22:38.738 I/[2 T661 ..] [hdmitx( 0): ] audio state: AUDIO_MUTE
10-17 11:22:38.739 I/[2 T661 ..] [hdmitx( 0): ] set audio param
10-17 11:22:38.744 I/[3 T233 ..] servicemanager( 0): Found vendor.amlogic.hardware.droidaudio.IDroidAudio/default in framework VINTF manifest.
10-17 11:22:38.789 D/SystemServerTiming( 714): InitBeforeStartServices
10-17 11:22:38.801 I/SystemServer( 714): Entered the Android system server!
10-17 11:22:39.085 I/SystemServerInitThreadPool( 714): Creating instance with 4 threads
10-17 11:22:39.632 V/SystemServerTiming( 714): InitBeforeStartServices took to complete: 842ms
10-17 11:22:39.632 D/SystemServerTiming( 714): StartServices
10-17 11:22:39.632 D/SystemServerTiming( 714): startBootstrapServices
10-17 11:22:39.632 D/SystemServerTiming( 714): ArtModuleServiceInitializer
10-17 11:22:39.633 V/SystemServerTiming( 714): ArtModuleServiceInitializer took to complete: 2ms
10-17 11:22:39.633 D/SystemServerTiming( 714): StartWatchdog
10-17 11:22:39.639 V/SystemServerTiming( 714): StartWatchdog took to complete: 5ms
10-17 11:22:39.639 I/SystemServer( 714): Reading configuration...
10-17 11:22:39.639 D/SystemServerTiming( 714): ReadingSystemConfig
10-17 11:22:39.639 V/SystemServerTiming( 714): ReadingSystemConfig took to complete: 0ms
10-17 11:22:39.639 D/SystemServerTiming( 714): PlatformCompat
10-17 11:22:39.640 D/SystemServerTimingAsync( 714): InitThreadPoolExec:ReadingSystemConfig
10-17 11:22:39.640 D/SystemServerInitThreadPool( 714): Started executing ReadingSystemConfig
10-17 11:22:39.640 D/CompatConfig( 714): Found a config file: /system/etc/compatconfig/TeleService-platform-compat-config.xml
10-17 11:22:39.641 D/CompatConfig( 714): Adding: com.android.server.compat.config.Change@9abb696
10-17 11:22:39.641 D/CompatConfig( 714): Adding: com.android.server.compat.config.Change@e0c3604
10-17 11:22:39.641 I/SystemConfig( 714): Reading permissions from /system/etc/sysconfig/framework-sysconfig.xml
10-17 11:22:39.641 D/CompatConfig( 714): Adding: com.android.server.compat.config.Change@ec067ed
10-17 11:22:39.641 D/CompatConfig( 714): Adding: com.android.server.compat.config.Change@5e4a622
10-17 11:22:39.641 D/CompatConfig( 714): Adding: com.android.server.compat.config.Change@d4548b3
10-17 11:22:39.641 D/CompatConfig( 714): Adding: com.android.server.compat.config.Change@18ae70
10-17 11:22:39.644 D/CompatConfig( 714): Found a config file: /system/etc/compatconfig/calendar-provider-compat-config.xml
10-17 11:22:39.645 I/SystemConfig( 714): Reading permissions from /system/etc/sysconfig/hiddenapi-package-whitelist.xml
10-17 11:22:39.645 D/CompatConfig( 714): Adding: com.android.server.compat.config.Change@541bd0f
10-17 11:22:39.646 I/SystemConfig( 714): Reading permissions from /system/etc/sysconfig/initial-package-stopped-states.xml
10-17 11:22:39.647 D/CompatConfig( 714): Found a config file: /system/etc/compatconfig/contacts-provider-platform-compat-config.xml
10-17 11:22:39.649 D/CompatConfig( 714): Found a config file: /system/etc/compatconfig/documents-ui-compat-config.xml
10-17 11:22:39.649 I/SystemConfig( 714): Reading permissions from /system/etc/sysconfig/preinstalled-packages-asl-files.xml
10-17 11:22:39.649 D/CompatConfig( 714): Adding: com.android.server.compat.config.Change@6efdb88
10-17 11:22:39.650 I/SystemConfig( 714): Reading permissions from /system/etc/sysconfig/preinstalled-packages-com.android.providers.media.module.xml
10-17 11:22:39.650 D/CompatConfig( 714): Found a config file: /system/etc/compatconfig/framework-platform-compat-config.xml
10-17 11:22:39.650 I/SystemConfig( 714): Reading permissions from /system/etc/sysconfig/preinstalled-packages-platform.xml
10-17 11:22:39.652 I/SystemConfig( 714): Reading permissions from /system/etc/permissions/android.hardware.bluetooth.xml
10-17 11:22:39.654 I/SystemConfig( 714): Reading permissions from /system/etc/permissions/android.hardware.bluetooth_le.xml
10-17 11:22:39.654 I/SystemConfig( 714): Reading permissions from /system/etc/permissions/android.software.webview.xml
10-17 11:22:39.655 D/CompatConfig( 714): Adding: com.android.server.compat.config.Change@eac93a0
10-17 11:22:39.655 I/SystemConfig( 714): Reading permissions from /system/etc/permissions/android.test.base.xml
10-17 11:22:39.655 D/CompatConfig( 714): Adding: com.android.server.compat.config.Change@235cb59
10-17 11:22:39.655 D/CompatConfig( 714): Adding: com.android.server.compat.config.Change@4b2e31e
10-17 11:22:39.655 D/CompatConfig( 714): Adding: com.android.server.compat.config.Change@89207ff
10-17 11:22:39.655 D/CompatConfig( 714): Adding: com.android.server.compat.config.Change@2d749cc
10-17 11:22:39.655 D/CompatConfig( 714): Adding: com.android.server.compat.config.Change@deec415
10-17 11:22:39.655 D/CompatConfig( 714): Adding: com.android.server.compat.config.Change@ba6132a
10-17 11:22:39.655 D/CompatConfig( 714): Adding: com.android.server.compat.config.Change@c09251b
10-17 11:22:39.655 D/CompatConfig( 714): Adding: com.android.server.compat.config.Change@71536b8
10-17 11:22:39.655 D/CompatConfig( 714): Adding: com.android.server.compat.config.Change@5048c91
10-17 11:22:39.655 D/CompatConfig( 714): Adding: com.android.server.compat.config.Change@eea37f6
10-17 11:22:39.655 D/CompatConfig( 714): Adding: com.android.server.compat.config.Change@50af7f7
10-17 11:22:39.655 D/CompatConfig( 714): Adding: com.android.server.compat.config.Change@d430664
10-17 11:22:39.656 D/CompatConfig( 714): Adding: com.android.server.compat.config.Change@6d460cd
10-17 11:22:39.656 D/CompatConfig( 714): Adding: com.android.server.compat.config.Change@979dd82
10-17 11:22:39.656 D/CompatConfig( 714): Adding: com.android.server.compat.config.Change@eed1c93
10-17 11:22:39.656 D/CompatConfig( 714): Adding: com.android.server.compat.config.Change@65c24d0
10-17 11:22:39.656 D/CompatConfig( 714): Adding: com.android.server.compat.config.Change@1533cc9
10-17 11:22:39.656 D/CompatConfig( 714): Adding: com.android.server.compat.config.Change@96c4fce
10-17 11:22:39.656 D/CompatConfig( 714): Adding: com.android.server.compat.config.Change@ac2eeef
10-17 11:22:39.656 D/CompatConfig( 714): Adding: com.android.server.compat.config.Change@5a6bdfc
10-17 11:22:39.656 D/CompatConfig( 714): Adding: com.android.server.compat.config.Change@2c9dc85
10-17 11:22:39.656 D/CompatConfig( 714): Adding: com.android.server.compat.config.Change@5019ada
10-17 11:22:39.656 D/CompatConfig( 714): Adding: com.android.server.compat.config.Change@d798b0b
10-17 11:22:39.656 D/CompatConfig( 714): Adding: com.android.server.compat.config.Change@a9fbde8
10-17 11:22:39.656 D/CompatConfig( 714): Adding: com.android.server.compat.config.Change@b50bc01
10-17 11:22:39.656 D/CompatConfig( 714): Adding: com.android.server.compat.config.Change@46e8aa6
10-17 11:22:39.656 D/CompatConfig( 714): Adding: com.android.server.compat.config.Change@3b3cce7
10-17 11:22:39.656 D/CompatConfig( 714): Adding: com.android.server.compat.config.Change@da6d094
10-17 11:22:39.656 D/CompatConfig( 714): Adding: com.android.server.compat.config.Change@a0c173d
10-17 11:22:39.656 D/CompatConfig( 714): Adding: com.android.server.compat.config.Change@7665083
10-17 11:22:39.656 D/CompatConfig( 714): Adding: com.android.server.compat.config.Change@b6a6200
10-17 11:22:39.656 D/CompatConfig( 714): Adding: com.android.server.compat.config.Change@227ea39
10-17 11:22:39.656 D/CompatConfig( 714): Adding: com.android.server.compat.config.Change@572487e
10-17 11:22:39.656 D/CompatConfig( 714): Adding: com.android.server.compat.config.Change@33371df
10-17 11:22:39.656 I/SystemConfig( 714): Reading permissions from /system/etc/permissions/android.test.mock.xml
10-17 11:22:39.656 D/CompatConfig( 714): Adding: com.android.server.compat.config.Change@b139e2c
10-17 11:22:39.656 D/CompatConfig( 714): Adding: com.android.server.compat.config.Change@393f0f5
10-17 11:22:39.656 D/CompatConfig( 714): Adding: com.android.server.compat.config.Change@be66e8a
10-17 11:22:39.656 D/CompatConfig( 714): Adding: com.android.server.compat.config.Change@f874cfb
10-17 11:22:39.656 D/CompatConfig( 714): Adding: com.android.server.compat.config.Change@b327118
10-17 11:22:39.656 D/CompatConfig( 714): Adding: com.android.server.compat.config.Change@37fa771
10-17 11:22:39.656 D/CompatConfig( 714): Adding: com.android.server.compat.config.Change@4c4e956
10-17 11:22:39.656 D/CompatConfig( 714): Adding: com.android.server.compat.config.Change@573bdd7
10-17 11:22:39.656 D/CompatConfig( 714): Adding: com.android.server.compat.config.Change@16986c4
10-17 11:22:39.656 D/CompatConfig( 714): Adding: com.android.server.compat.config.Change@9649ad
10-17 11:22:39.656 D/CompatConfig( 714): Adding: com.android.server.compat.config.Change@33e44e2
10-17 11:22:39.656 D/CompatConfig( 714): Adding: com.android.server.compat.config.Change@34c6073
10-17 11:22:39.657 D/CompatConfig( 714): Adding: com.android.server.compat.config.Change@8da4b30
10-17 11:22:39.657 D/CompatConfig( 714): Adding: com.android.server.compat.config.Change@efad3a9
10-17 11:22:39.657 D/CompatConfig( 714): Adding: com.android.server.compat.config.Change@affcd2e
10-17 11:22:39.657 D/CompatConfig( 714): Adding: com.android.server.compat.config.Change@f0290cf
10-17 11:22:39.657 D/CompatConfig( 714): Adding: com.android.server.compat.config.Change@b50ea5c
10-17 11:22:39.657 D/CompatConfig( 714): Adding: com.android.server.compat.config.Change@8040165
10-17 11:22:39.657 D/CompatConfig( 714): Adding: com.android.server.compat.config.Change@b3f8e3a
10-17 11:22:39.657 D/CompatConfig( 714): Adding: com.android.server.compat.config.Change@2416aeb
10-17 11:22:39.657 D/CompatConfig( 714): Adding: com.android.server.compat.config.Change@1305048
10-17 11:22:39.657 D/CompatConfig( 714): Adding: com.android.server.compat.config.Change@9b84ee1
10-17 11:22:39.657 D/CompatConfig( 714): Adding: com.android.server.compat.config.Change@e885406
10-17 11:22:39.657 D/CompatConfig( 714): Adding: com.android.server.compat.config.Change@c49cac7
10-17 11:22:39.657 D/CompatConfig( 714): Adding: com.android.server.compat.config.Change@41e28f4
10-17 11:22:39.657 D/CompatConfig( 714): Adding: com.android.server.compat.config.Change@209f81d
10-17 11:22:39.657 D/CompatConfig( 714): Adding: com.android.server.compat.config.Change@b45aa92
10-17 11:22:39.657 D/CompatConfig( 714): Adding: com.android.server.compat.config.Change@58e4c63
10-17 11:22:39.657 D/CompatConfig( 714): Adding: com.android.server.compat.config.Change@6ee060
10-17 11:22:39.657 D/CompatConfig( 714): Adding: com.android.server.compat.config.Change@1d2f919
10-17 11:22:39.657 D/CompatConfig( 714): Adding: com.android.server.compat.config.Change@10fddde
10-17 11:22:39.657 D/CompatConfig( 714): Adding: com.android.server.compat.config.Change@10f4bbf
10-17 11:22:39.657 D/CompatConfig( 714): Adding: com.android.server.compat.config.Change@151a28c
10-17 11:22:39.657 D/CompatConfig( 714): Adding: com.android.server.compat.config.Change@3910dd5
10-17 11:22:39.657 D/CompatConfig( 714): Adding: com.android.server.compat.config.Change@eb7f9ea
10-17 11:22:39.657 D/CompatConfig( 714): Adding: com.android.server.compat.config.Change@776e4db
10-17 11:22:39.657 D/CompatConfig( 714): Adding: com.android.server.compat.config.Change@3bc5b78
10-17 11:22:39.657 D/CompatConfig( 714): Adding: com.android.server.compat.config.Change@1e1b251
10-17 11:22:39.657 D/CompatConfig( 714): Adding: com.android.server.compat.config.Change@d13cab6
10-17 11:22:39.657 D/CompatConfig( 714): Adding: com.android.server.compat.config.Change@7f4f3b7
10-17 11:22:39.657 D/CompatConfig( 714): Adding: com.android.server.compat.config.Change@c17b724
10-17 11:22:39.657 D/CompatConfig( 714): Adding: com.android.server.compat.config.Change@9be228d
10-17 11:22:39.657 D/CompatConfig( 714): Adding: com.android.server.compat.config.Change@a89dc42
10-17 11:22:39.657 D/CompatConfig( 714): Adding: com.android.server.compat.config.Change@adb1453
10-17 11:22:39.657 D/CompatConfig( 714): Adding: com.android.server.compat.config.Change@aab2190
10-17 11:22:39.657 D/CompatConfig( 714): Adding: com.android.server.compat.config.Change@4775a89
10-17 11:22:39.657 D/CompatConfig( 714): Adding: com.android.server.compat.config.Change@1f8a2af
10-17 11:22:39.657 D/CompatConfig( 714): Adding: com.android.server.compat.config.Change@ac8c6bc
10-17 11:22:39.657 D/CompatConfig( 714): Adding: com.android.server.compat.config.Change@5721645
10-17 11:22:39.657 D/CompatConfig( 714): Adding: com.android.server.compat.config.Change@2bab19a
10-17 11:22:39.657 D/CompatConfig( 714): Adding: com.android.server.compat.config.Change@2b6bacb
10-17 11:22:39.657 I/SystemConfig( 714): Reading permissions from /system/etc/permissions/android.test.runner.xml
10-17 11:22:39.657 D/CompatConfig( 714): Adding: com.android.server.compat.config.Change@8b992a8
10-17 11:22:39.657 D/CompatConfig( 714): Adding: com.android.server.compat.config.Change@7a2d1c1
10-17 11:22:39.658 D/CompatConfig( 714): Adding: com.android.server.compat.config.Change@8824d66
10-17 11:22:39.658 D/CompatConfig( 714): Adding: com.android.server.compat.config.Change@5f438a7
10-17 11:22:39.658 D/CompatConfig( 714): Adding: com.android.server.compat.config.Change@a693154
10-17 11:22:39.658 D/CompatConfig( 714): Adding: com.android.server.compat.config.Change@6c9c8fd
10-17 11:22:39.658 D/CompatConfig( 714): Adding: com.android.server.compat.config.Change@fd5d9f2
10-17 11:22:39.658 D/CompatConfig( 714): Adding: com.android.server.compat.config.Change@9a1b843
10-17 11:22:39.658 D/CompatConfig( 714): Adding: com.android.server.compat.config.Change@6d20ec0
10-17 11:22:39.658 D/CompatConfig( 714): Adding: com.android.server.compat.config.Change@6ef7f9
10-17 11:22:39.658 D/CompatConfig( 714): Adding: com.android.server.compat.config.Change@263a33e
10-17 11:22:39.658 D/CompatConfig( 714): Adding: com.android.server.compat.config.Change@1d959f
10-17 11:22:39.658 D/CompatConfig( 714): Adding: com.android.server.compat.config.Change@82956ec
10-17 11:22:39.658 D/CompatConfig( 714): Adding: com.android.server.compat.config.Change@89e1ab5
10-17 11:22:39.658 D/CompatConfig( 714): Adding: com.android.server.compat.config.Change@472b54a
10-17 11:22:39.658 D/CompatConfig( 714): Adding: com.android.server.compat.config.Change@94fecbb
10-17 11:22:39.658 D/CompatConfig( 714): Adding: com.android.server.compat.config.Change@4caf5d8
10-17 11:22:39.658 D/CompatConfig( 714): Adding: com.android.server.compat.config.Change@e62ad31
10-17 11:22:39.658 D/CompatConfig( 714): Adding: com.android.server.compat.config.Change@5aedc16
10-17 11:22:39.658 D/CompatConfig( 714): Adding: com.android.server.compat.config.Change@1869997
10-17 11:22:39.658 D/CompatConfig( 714): Adding: com.android.server.compat.config.Change@ae59784
10-17 11:22:39.658 D/CompatConfig( 714): Adding: com.android.server.compat.config.Change@c03eb6d
10-17 11:22:39.658 D/CompatConfig( 714): Adding: com.android.server.compat.config.Change@2b4a3a2
10-17 11:22:39.658 D/CompatConfig( 714): Adding: com.android.server.compat.config.Change@2113833
10-17 11:22:39.658 D/CompatConfig( 714): Adding: com.android.server.compat.config.Change@ae6a7f0
10-17 11:22:39.658 D/CompatConfig( 714): Adding: com.android.server.compat.config.Change@f00d169
10-17 11:22:39.658 D/CompatConfig( 714): Adding: com.android.server.compat.config.Change@35d57ee
10-17 11:22:39.658 D/CompatConfig( 714): Adding: com.android.server.compat.config.Change@f9d248f
10-17 11:22:39.658 D/CompatConfig( 714): Adding: com.android.server.compat.config.Change@ca6531c
10-17 11:22:39.659 D/CompatConfig( 714): Adding: com.android.server.compat.config.Change@3cc1b25
10-17 11:22:39.659 D/CompatConfig( 714): Adding: com.android.server.compat.config.Change@1cb04fa
10-17 11:22:39.659 D/CompatConfig( 714): Adding: com.android.server.compat.config.Change@2517aab
10-17 11:22:39.659 D/CompatConfig( 714): Adding: com.android.server.compat.config.Change@b538508
10-17 11:22:39.659 D/CompatConfig( 714): Adding: com.android.server.compat.config.Change@14844a1
10-17 11:22:39.659 D/CompatConfig( 714): Adding: com.android.server.compat.config.Change@63476c6
10-17 11:22:39.659 D/CompatConfig( 714): Adding: com.android.server.compat.config.Change@3ab1687
10-17 11:22:39.659 D/CompatConfig( 714): Adding: com.android.server.compat.config.Change@41fe9b4
10-17 11:22:39.659 D/CompatConfig( 714): Adding: com.android.server.compat.config.Change@389dd
10-17 11:22:39.659 D/CompatConfig( 714): Adding: com.android.server.compat.config.Change@3713952
10-17 11:22:39.659 D/CompatConfig( 714): Adding: com.android.server.compat.config.Change@e189423
10-17 11:22:39.659 D/CompatConfig( 714): Adding: com.android.server.compat.config.Change@3abed20
10-17 11:22:39.659 D/CompatConfig( 714): Adding: com.android.server.compat.config.Change@933e6d9
10-17 11:22:39.660 I/SystemConfig( 714): Reading permissions from /system/etc/permissions/com.android.adservices.sdksandbox.xml
10-17 11:22:39.660 D/CompatConfig( 714): Found a config file: /system/etc/compatconfig/icu4j-platform-compat-config.xml
10-17 11:22:39.661 I/SystemConfig( 714): Reading permissions from /system/etc/permissions/com.android.future.usb.accessory.xml
10-17 11:22:39.662 D/CompatConfig( 714): Adding: com.android.server.compat.config.Change@9731795
10-17 11:22:39.663 D/CompatConfig( 714): Found a config file: /system/etc/compatconfig/services-platform-compat-config.xml
10-17 11:22:39.663 I/SystemConfig( 714): Reading permissions from /system/etc/permissions/com.android.intentresolver.xml
10-17 11:22:39.665 I/SystemConfig( 714): Reading permissions from /system/etc/permissions/com.android.location.provider.xml
10-17 11:22:39.666 I/SystemConfig( 714): Reading permissions from /system/etc/permissions/com.android.media.remotedisplay.xml
10-17 11:22:39.666 D/CompatConfig( 714): Adding: com.android.server.compat.config.Change@86e1d76
10-17 11:22:39.666 D/CompatConfig( 714): Adding: com.android.server.compat.config.Change@320af77
10-17 11:22:39.666 D/CompatConfig( 714): Adding: com.android.server.compat.config.Change@76b27e4
10-17 11:22:39.666 D/CompatConfig( 714): Adding: com.android.server.compat.config.Change@d1fa44d
10-17 11:22:39.666 D/CompatConfig( 714): Adding: com.android.server.compat.config.Change@b169b02
10-17 11:22:39.666 D/CompatConfig( 714): Adding: com.android.server.compat.config.Change@166cc13
