10-17 11:22:54.663 D/DynamicSystemInstallationService( 1937): onStartCommand(): action=android.os.image.action.NOTIFY_IF_IN_USE
10-17 11:22:54.663 I/DynamicSystemService( 714): isInstalled(): false
10-17 11:22:54.687 I/MultiDex( 1904): VM with version 2.1.0 has multidex support
10-17 11:22:54.688 I/MultiDex( 1904): Installing application
10-17 11:22:54.688 I/MultiDex( 1904): VM has multidex support, MultiDex support library is disabled.
10-17 11:22:54.702 I/BackupManagerService( 714): [UserID:0] Stale backup journals: Scheduled 5 package(s) total
10-17 11:22:54.704 I/ActivityManager( 714): com.android.packageinstaller is exempt from freezer
10-17 11:22:54.705 D/CompatibilityChangeReporter( 714): Compat change id reported: 135634846; UID 10025; state: DISABLED
10-17 11:22:54.705 D/CompatibilityChangeReporter( 714): Compat change id reported: 177438394; UID 10025; state: DISABLED
10-17 11:22:54.705 D/CompatibilityChangeReporter( 714): Compat change id reported: 135772972; UID 10025; state: DISABLED
10-17 11:22:54.706 D/CompatibilityChangeReporter( 714): Compat change id reported: 135754954; UID 10025; state: ENABLED
10-17 11:22:54.707 D/CompatibilityChangeReporter( 714): Compat change id reported: 143937733; UID 10025; state: ENABLED
10-17 11:22:54.720 D/WindowTokenClient( 1904): Only apply configuration update to Resources because shouldReportConfigChange is false.
10-17 11:22:54.720 D/WindowTokenClient( 1904): android.window.WindowTokenClient.attachToDisplayArea:119 android.window.WindowContextController.attachToDisplayArea:107 android.window.WindowProviderService.attachBaseContext:219 android.app.Service.attach:982 android.app.ActivityThread.handleCreateService:4687
10-17 11:22:54.723 D/RockyApplication( 1887): init: false
10-17 11:22:54.730 W/ndroid.systemui( 972): Cleared Reference was only reachable from finalizer (only reported once)
10-17 11:22:54.743 I/ndroid.systemui( 972): Background concurrent copying GC freed 201494(9045KB) AllocSpace objects, 36(6008KB) LOS objects, 49% free, 7171KB/14MB, paused 3.692ms,79us total 607.943ms
10-17 11:22:54.744 E/SogouIME( 1904): setupInputSurface
10-17 11:22:54.747 W/System ( 972): A resource failed to call release.
10-17 11:22:54.748 W/System ( 972): A resource failed to call release.
10-17 11:22:54.748 W/System ( 972): A resource failed to call release.
10-17 11:22:54.756 D/RockyVoice( 1887): RestartReceiver onReceive
10-17 11:22:54.769 D/Zygote ( 449): Forked child process 1980
10-17 11:22:54.770 W/ActivityManager( 714): Slow operation: 65ms so far, now at startProcess: returned from zygote!
10-17 11:22:54.770 W/ActivityManager( 714): Slow operation: 66ms so far, now at startProcess: done updating battery stats
10-17 11:22:54.770 W/ActivityManager( 714): Slow operation: 66ms so far, now at startProcess: building log message
10-17 11:22:54.770 I/ActivityManager( 714): Start proc 1980:com.android.packageinstaller/u0a25 for broadcast {com.android.packageinstaller/com.android.packageinstaller.TemporaryFileManager}
10-17 11:22:54.770 W/ActivityManager( 714): Slow operation: 66ms so far, now at startProcess: starting to update pids map
10-17 11:22:54.770 W/ActivityManager( 714): Slow operation: 66ms so far, now at startProcess: done updating pids map
10-17 11:22:54.771 D/RockyManager( 1887): initFarWakeStatus isMainFarSwitch: false
10-17 11:22:54.776 I/Zygote ( 1980): seccomp disabled by setenforce 0
10-17 11:22:54.782 I/ackageinstaller( 1980): Using CollectorTypeCC GC.
10-17 11:22:54.786 I/RockyManager( 1887): isFarWake: false
10-17 11:22:54.788 E/ackageinstaller( 1980): Not starting debugger since process cannot load the jdwp agent.
10-17 11:22:54.800 I/DefaultIMS( 1904): DefaultIMS::onCreate()
10-17 11:22:54.801 I/DefaultIMS( 1904): DefaultIMS::onCreate() finish
10-17 11:22:54.801 W/ContextImpl( 1887): Calling a method in the system process without a qualified user: android.app.ContextImpl.startService:1899 android.content.ContextWrapper.startService:825 com.cvte.tv.api.TvApiSDKManager.:177 com.cvte.tv.api.TvApiSDKManager.init:217 com.dangbei.rocky.component.system.SystemControlUtils.initSystemAidl:82
10-17 11:22:54.802 D/CompatibilityChangeReporter( 714): Compat change id reported: 168419799; UID 10025; state: DISABLED
10-17 11:22:54.803 D/CompatibilityChangeReporter( 714): Compat change id reported: 273564678; UID 10025; state: DISABLED
10-17 11:22:54.810 D/CompatibilityChangeReporter( 1980): Compat change id reported: 171979766; UID 10025; state: ENABLED
10-17 11:22:54.810 D/CompatibilityChangeReporter( 1980): Compat change id reported: 242716250; UID 10025; state: ENABLED
10-17 11:22:54.814 D/CompatibilityChangeReporter( 714): Compat change id reported: 170503758; UID 10025; state: ENABLED
10-17 11:22:54.815 D/CompatibilityChangeReporter( 1904): Compat change id reported: 237531167; UID 10040; state: DISABLED
10-17 11:22:54.816 W/OpenGLRenderer( 1904): Unknown dataspace 0
10-17 11:22:54.818 W/ActivityManager( 714): Unable to start service Intent { act=com.cvte.tv.api.TV_API_SERVICE pkg=com.cvte.tv.api.impl } U=0: not found
10-17 11:22:54.819 D/CompatibilityChangeReporter( 714): Compat change id reported: 265195908; UID 10025; state: ENABLED
10-17 11:22:54.822 W/ContextImpl( 1887): Calling a method in the system process without a qualified user: android.app.ContextImpl.bindService:1988 android.content.ContextWrapper.bindService:861 com.cvte.tv.api.TvApiSDKManager.:178 com.cvte.tv.api.TvApiSDKManager.init:217 com.dangbei.rocky.component.system.SystemControlUtils.initSystemAidl:82
10-17 11:22:54.823 W/ActivityManager( 714): Unable to start service Intent { act=com.cvte.tv.api.TV_API_SERVICE pkg=com.cvte.tv.api.impl } U=0: not found
10-17 11:22:54.825 D/TvApiSDKManager( 1887): getTvApi getSystemService = false
10-17 11:22:54.825 D/TvApiSDKManager( 1887): getTvApi startService
10-17 11:22:54.825 W/WindowManager( 714): [addWindow] title:InputMethod
10-17 11:22:54.827 W/ContextImpl( 1887): Calling a method in the system process without a qualified user: android.app.ContextImpl.startService:1899 android.content.ContextWrapper.startService:825 com.cvte.tv.api.TvApiSDKManager.getTvApi:361 com.dangbei.rocky.component.system.SystemControlUtils.initSystemAidl:83 com.dangbei.rocky.component.system.SystemComponent.onAttached:38
10-17 11:22:54.828 W/ActivityManager( 714): Unable to start service Intent { act=com.cvte.tv.api.TV_API_SERVICE pkg=com.cvte.tv.api.impl } U=0: not found
10-17 11:22:54.828 W/ActivityTaskManager( 714): Current config: {1.0 ?mcc0mnc [zh_CN] ldltr sw720dp w1280dp h720dp 240dpi xlrg long land television -touch -keyb/v/h dpad/v winConfig={ mBounds=Rect(0, 0 - 1920, 1080) mAppBounds=Rect(0, 0 - 1920, 1080) mMaxBounds=Rect(0, 0 - 1920, 1080) mDisplayRotation=ROTATION_0 mWindowingMode=fullscreen mDisplayWindowingMode=fullscreen mActivityType=undefined mAlwaysOnTop=undefined mRotation=ROTATION_0} s.6 fontWeightAdjustment=0} unchanged for IME proc com.sohu.inputmethod.sogou.tv
10-17 11:22:54.829 W/ActivityTaskManager( 714): Current config: {1.0 ?mcc0mnc [zh_CN] ldltr sw720dp w1280dp h720dp 240dpi xlrg long land television -touch -keyb/v/h dpad/v winConfig={ mBounds=Rect(0, 0 - 1920, 1080) mAppBounds=Rect(0, 0 - 1920, 1080) mMaxBounds=Rect(0, 0 - 1920, 1080) mDisplayRotation=ROTATION_0 mWindowingMode=fullscreen mDisplayWindowingMode=fullscreen mActivityType=undefined mAlwaysOnTop=undefined mRotation=ROTATION_0} s.6 fontWeightAdjustment=0} unchanged for IME proc com.sohu.inputmethod.sogou.tv
10-17 11:22:54.830 W/ContextImpl( 1887): Calling a method in the system process without a qualified user: android.app.ContextImpl.bindService:1988 android.content.ContextWrapper.bindService:861 com.cvte.tv.api.TvApiSDKManager.getTvApi:362 com.dangbei.rocky.component.system.SystemControlUtils.initSystemAidl:83 com.dangbei.rocky.component.system.SystemComponent.onAttached:38
10-17 11:22:54.831 W/ActivityManager( 714): Unable to start service Intent { act=com.cvte.tv.api.TV_API_SERVICE pkg=com.cvte.tv.api.impl } U=0: not found
10-17 11:22:54.833 D/WindowTokenClient( 1904): Configuration not dispatch to IME because configuration is up to date. Current config={1.0 ?mcc0mnc [zh_CN] ldltr sw720dp w1280dp h720dp 240dpi xlrg long land television -touch -keyb/v/h dpad/v winConfig={ mBounds=Rect(0, 0 - 1920, 1080) mAppBounds=Rect(0, 0 - 1920, 1080) mMaxBounds=Rect(0, 0 - 1920, 1080) mDisplayRotation=ROTATION_0 mWindowingMode=fullscreen mDisplayWindowingMode=fullscreen mActivityType=undefined mAlwaysOnTop=undefined mRotation=ROTATION_0} s.6 fontWeightAdjustment=0}, reported config={1.0 ?mcc0mnc [zh_CN] ldltr sw720dp w1280dp h720dp 240dpi xlrg long land television -touch -keyb/v/h dpad/v winConfig={ mBounds=Rect(0, 0 - 1920, 1080) mAppBounds=Rect(0, 0 - 1920, 1080) mMaxBounds=Rect(0, 0 - 1920, 1080) mDisplayRotation=ROTATION_0 mWindowingMode=fullscreen mDisplayWindowingMode=fullscreen mActivityType=undefined mAlwaysOnTop=undefined mRotation=ROTATION_0} s.6 fontWeightAdjustment=0}, updated config={1.0 ?mcc0mnc [zh_CN] ldltr sw720dp w1280dp h720dp 240dpi xlrg long land television -touch -keyb/v/h dpad/v winConfig={ mBounds=Rect(0, 0 - 1920, 1080) mAppBounds=Rect(0, 0 - 1920, 1080) mMaxBounds=Rect(0, 0 - 1920, 1080) mDisplayRotation=ROTATION_0 mWindowingMode=fullscreen mDisplayWindowingMode=fullscreen mActivityType=undefined mAlwaysOnTop=undefined mRotation=ROTATION_0} s.6 fontWeightAdjustment=0}
10-17 11:22:54.844 W/OverlayManager( 714): service 'idmap' died
10-17 11:22:54.851 D/CoreBackPreview( 714): Window{20729a1 u0 InputMethod}: Setting back callback OnBackInvokedCallbackInfo{mCallback=android.window.IOnBackInvokedCallback$Stub$Proxy@655ca52, mPriority=0, mIsAnimationCallback=false}
10-17 11:22:54.860 D/CompatibilityChangeReporter( 714): Compat change id reported: 161145287; UID 10040; state: DISABLED
10-17 11:22:54.861 I/DefaultIMS( 1904): onInitializeInterface:
10-17 11:22:54.866 I/hq ( 1524): hq:::curl -X GET "https://ottdbui-tyapiqun7.yysh.mgtv.com/v1/agile/navData?id=npXG6XFsC68%3D&pageId=wlTE9dDRT%2Fs%3D&type=9iufia7Yzl8Znaq3teJVjA%3D%3D&rommodelnumber=AcRpJnmM0co%3D&cpuserial=PlZpqfc1JpxOOZ0anAV38AcloAYinsDQ&pattern=4Beei9NZNdo%3D&rommodel=yOjHVedNSYg5sKMTZcMv%2Bg%3D%3D&sn=kxGxhO562VQFs9XfoN5df8l2leD8vGAB&lang=vT%2FCsDI%2Fr10%3D&brand=yX9G3n%2BCRfo%3D&theme=L%2B%2FPU%2FFQgEY%3D&vcode=o%2BppAkqptlQ%3D&vname=oql4Ml1tHJc%3D&license=Hs4jp68qr9I%3D&channel=TIQ8TWTDuwcWDSToIpEIPg%3D%3D&packagename=qzBdBNULiCmiu3CIMurjL7PIryC36aZ2YdCJzQtyjcQ%3D&romvercode=BhA8%2F38Giec%3D&romvername=UDOuEwwco6o%3D&network=IGYWVa9OT%2Bk%3D&deviceEid=vekl%2BDoGXTb1yyOVx0nh49WD6BWcy3Xw1mLzhOpa2qIVnbRZvMQp2A%3D%3D&mac=iP4TVZLko9WOY1jHvhRZzQf86%2FjZ6UxK&userid=pctYUOG3RH0%3D"
10-17 11:22:54.867 W/ContextImpl( 1887): Calling a method in the system process without a qualified user: android.app.ContextImpl.startService:1899 android.content.ContextWrapper.startService:825 com.dangbei.phrike.core.DownloadManager.register:294 com.dangbei.component_appcontrol.phrike.XPhrikeAppCreator.register:47 com.dangbei.component_appcontrol.AppControlComponent.onAttached:65
10-17 11:22:54.886 I/resolv ( 448): GetAddrInfoHandler::run: {0 786432 0 983040 1000 0}
10-17 11:22:54.888 I/RockyManager( 1887): initSDKDelegate:
10-17 11:22:54.888 I/resolv ( 448): GetAddrInfoHandler::run: {0 786432 0 983040 1000 0}
10-17 11:22:54.902 I/InputModelManager( 1904): mLanguageId+0 mInputType=0mChInputType=2
10-17 11:22:54.903 I/nw ( 1904): loadKeyData: loadLanguageInfoSuccess ? true
10-17 11:22:54.904 I/InputModelManager( 1904): getCurrentLanguageBean inputMode languageId:0
10-17 11:22:54.904 I/nw ( 1904): onChanged: languageResStatusBean=Language load status:
10-17 11:22:54.904 I/nw ( 1904): {}
10-17 11:22:54.913 I/InputModelManager( 1904): getCurrentLanguageBean inputMode languageId:0
10-17 11:22:54.923 I/LanguageResManager( 1904): prepareResource onSuccess:
10-17 11:22:54.923 I/LanguageResManager( 1904): prepareResource onSuccess:
10-17 11:22:54.926 D/nativeloader( 1980): Configuring clns-shared-4 for other apk /system/priv-app/PackageInstaller_tv/PackageInstaller_tv.apk. target_sdk_version=34, uses_libraries=, library_path=/system/priv-app/PackageInstaller_tv/lib/arm:/system/lib:/system_ext/lib, permitted_path=/data:/mnt/expand:/data/user_de/0/com.android.packageinstaller:/system/priv-app/PackageInstaller_tv:/system/lib:/system_ext/lib
10-17 11:22:54.931 D/InputSurface( 1904): initView:
10-17 11:22:54.931 I/MainPresenter( 1904): initView:
10-17 11:22:54.931 D/MainLayer( 1904): initView:
10-17 11:22:54.932 D/BodyAreaPresenter( 1904): initView:
10-17 11:22:54.966 I/DefaultIMS( 1904): DefaultIMS::onInitializeInterface() finish
10-17 11:22:54.967 D/CompatibilityChangeReporter( 1904): Compat change id reported: 160794467; UID 10040; state: DISABLED
10-17 11:22:54.970 I/DefaultIMS( 1904): onStartInput attribute=android.view.inputmethod.EditorInfo@e5aa65b restarting=false inputType: 0
10-17 11:22:54.972 I/nw ( 1904): onChanged: languageResStatusBean=Language load status:
10-17 11:22:54.972 I/nw ( 1904): {zh=3}
10-17 11:22:54.973 I/DefaultIMS( 1904): initializedCallback: time tag1=1760671374972
10-17 11:22:54.973 I/nw ( 1904): initializeInputSession: inputMode=languageID=0
10-17 11:22:54.973 I/nw ( 1904): scriptID=2
10-17 11:22:54.973 I/nw ( 1904): layoutID=2
10-17 11:22:54.974 I/KeyEventTransfer( 1904): languageID=0
10-17 11:22:54.974 I/KeyEventTransfer( 1904): scriptID=2
10-17 11:22:54.974 I/KeyEventTransfer( 1904): layoutID=2
10-17 11:22:54.975 V/GraphicsEnvironment( 1980): Currently set values for:
10-17 11:22:54.976 V/GraphicsEnvironment( 1980): angle_gl_driver_selection_pkgs=[]
10-17 11:22:54.976 V/GraphicsEnvironment( 1980): angle_gl_driver_selection_values=[]
10-17 11:22:54.977 V/GraphicsEnvironment( 1980): ANGLE GameManagerService for com.android.packageinstaller: false
10-17 11:22:54.977 V/GraphicsEnvironment( 1980): com.android.packageinstaller is not listed in per-application setting
10-17 11:22:54.977 V/GraphicsEnvironment( 1980): Neither updatable production driver nor prerelease driver is supported.
10-17 11:22:55.024 D/CompatibilityChangeReporter( 714): Compat change id reported: 135634846; UID 10016; state: DISABLED
10-17 11:22:55.024 D/CompatibilityChangeReporter( 714): Compat change id reported: 177438394; UID 10016; state: DISABLED
10-17 11:22:55.024 D/CompatibilityChangeReporter( 714): Compat change id reported: 135772972; UID 10016; state: DISABLED
10-17 11:22:55.025 D/CompatibilityChangeReporter( 714): Compat change id reported: 135754954; UID 10016; state: ENABLED
10-17 11:22:55.026 D/CompatibilityChangeReporter( 714): Compat change id reported: 143937733; UID 10016; state: ENABLED
10-17 11:22:55.030 D/OomAdjuster( 714): Not killing cached processes
10-17 11:22:55.057 D/Zygote ( 449): Forked child process 2039
10-17 11:22:55.058 I/ActivityManager( 714): Start proc 2039:com.android.providers.calendar/u0a16 for broadcast {com.android.providers.calendar/com.android.providers.calendar.CalendarReceiver}
10-17 11:22:55.063 I/Zygote ( 2039): seccomp disabled by setenforce 0
10-17 11:22:55.070 I/viders.calendar( 2039): Using CollectorTypeCC GC.
10-17 11:22:55.075 E/viders.calendar( 2039): Not starting debugger since process cannot load the jdwp agent.
10-17 11:22:55.064 I/RxCachedThreadS( 1887): type=1400 audit(0.0:773): avc: denied { search } for name="net" dev="sysfs" ino=12631 scontext=u:r:system_app:s0 tcontext=u:object_r:sysfs_net:s0 tclass=dir permissive=1
10-17 11:22:55.118 D/CompatibilityChangeReporter( 714): Compat change id reported: 168419799; UID 10016; state: DISABLED
10-17 11:22:55.118 D/CompatibilityChangeReporter( 714): Compat change id reported: 273564678; UID 10016; state: DISABLED
10-17 11:22:55.121 D/CompatibilityChangeReporter( 714): Compat change id reported: 265195908; UID 10016; state: ENABLED
10-17 11:22:55.128 D/CompatibilityChangeReporter( 714): Compat change id reported: 149924527; UID 10040; state: ENABLED
10-17 11:22:55.129 D/CompatibilityChangeReporter( 714): Compat change id reported: 132649864; UID 10040; state: DISABLED
10-17 11:22:55.136 D/IpClient/wlan0( 1040): addressUpdated: fe80::2f22:2d:55f8:2594/64 on ifindex 16 flags 0x00000880 scope 253
10-17 11:22:55.146 W/ ( 0): [1 T1087 ..] [W2][ BA] [aml_rx_mm_ba_add_ind 100]ADDBA TX 10:7c:61:1a:4b:90[0] bufsz 32 ssn 5
10-17 11:22:55.147 W/ ( 0): [1 T1087 ..] [W2][ BA] [aml_rx_mm_ba_cfm 141]ADDBA -- 10:7c:61:1a:4b:90[0] status:0
10-17 11:22:55.148 W/ ( 0): [1 T1087 ..] [W2][ MSG_RX] [aml_rx_me_tx_credits_update_ind 937]>>> aml_rx_me_tx_credits_update_ind(937)
10-17 11:22:55.148 D/CompatibilityChangeReporter( 2039): Compat change id reported: 171979766; UID 10016; state: ENABLED
10-17 11:22:55.149 D/CompatibilityChangeReporter( 2039): Compat change id reported: 242716250; UID 10016; state: ENABLED
10-17 11:22:55.132 I/RxCachedThreadS( 1887): type=1400 audit(0.0:774): avc: denied { read } for name="u:object_r:serialno_prop:s0" dev="tmpfs" ino=324 scontext=u:r:system_app:s0 tcontext=u:object_r:serialno_prop:s0 tclass=file permissive=1
10-17 11:22:55.148 W/ ( 0): [1 T1087 ..] [W2][ TX] [aml_txq_credit_update 2460]sta_idx=0 vif_idx=0 tid=0 update=120 pkt pushed=2 credits=122 old_credits=2
10-17 11:22:55.154 D/CompatibilityChangeReporter( 714): Compat change id reported: 170503758; UID 10016; state: ENABLED
10-17 11:22:55.159 D/CompatibilityChangeReporter( 1887): Compat change id reported: 263076149; UID 1000; state: DISABLED
10-17 11:22:55.132 I/RxCachedThreadS( 1887): type=1400 audit(0.0:775): avc: denied { open } for path="/dev/__properties__/u:object_r:serialno_prop:s0" dev="tmpfs" ino=324 scontext=u:r:system_app:s0 tcontext=u:object_r:serialno_prop:s0 tclass=file permissive=1
10-17 11:22:55.179 W/[1 T571 ..] audit( 0): audit_lost=51 audit_rate_limit=5 audit_backlog_limit=64
10-17 11:22:55.136 I/RxCachedThreadS( 1887): type=1400 audit(0.0:776): avc: denied { getattr } for path="/dev/__properties__/u:object_r:serialno_prop:s0" dev="tmpfs" ino=324 scontext=u:r:system_app:s0 tcontext=u:object_r:serialno_prop:s0 tclass=file permissive=1
10-17 11:22:55.136 I/RxCachedThreadS( 1887): type=1400 audit(0.0:777): avc: denied { map } for path="/dev/__properties__/u:object_r:serialno_prop:s0" dev="tmpfs" ino=324 scontext=u:r:system_app:s0 tcontext=u:object_r:serialno_prop:s0 tclass=file permissive=1
10-17 11:22:55.180 E/[1 T571 ..] audit( 0): rate limit exceeded
10-17 11:22:55.182 W/System.err( 1887): java.lang.NoSuchMethodException: android.bluetooth.IBluetooth$Stub$Proxy.getAddress []
10-17 11:22:55.186 W/System.err( 1887): at java.lang.Class.getMethod(Class.java:2937)
10-17 11:22:55.186 W/System.err( 1887): at java.lang.Class.getMethod(Class.java:2449)
10-17 11:22:55.186 W/System.err( 1887): at com.dangbei.statistics.UtilCommon.getBluetoothAddressSdk23(UtilCommon.java:363)
10-17 11:22:55.186 W/System.err( 1887): at com.dangbei.statistics.UtilCommon.getBluetoothAddress(UtilCommon.java:333)
10-17 11:22:55.186 W/System.err( 1887): at com.dangbei.statistics.HttpBasicParamsInterceptor.lambda$create$26(HttpBasicParamsInterceptor.java:105)
10-17 11:22:55.186 W/System.err( 1887): at com.dangbei.statistics.-$$Lambda$HttpBasicParamsInterceptor$rmVfygJIBySIPZc0Bf7cpAPG2bY.call(Unknown Source:0)
10-17 11:22:55.186 W/System.err( 1887): at com.dangbei.statistics.library.Helper.callBackSelf(Helper.java:9)
10-17 11:22:55.186 W/System.err( 1887): at com.dangbei.statistics.HttpBasicParamsInterceptor.create(HttpBasicParamsInterceptor.java:105)
10-17 11:22:55.186 W/System.err( 1887): at com.dangbei.statistics.HttpBasicParamsInterceptor.lambda$init$0(HttpBasicParamsInterceptor.java:40)
10-17 11:22:55.186 W/System.err( 1887): at com.dangbei.statistics.-$$Lambda$HttpBasicParamsInterceptor$wo_01s0EQtjtRA0FDaKTO2uOKHM.accept(Unknown Source:2)
10-17 11:22:55.186 W/System.err( 1887): at io.reactivex.internal.operators.single.SingleDoOnSuccess$DoOnSuccess.onSuccess(SingleDoOnSuccess.java:54)
10-17 11:22:55.186 W/System.err( 1887): at io.reactivex.internal.operators.single.SingleObserveOn$ObserveOnSingleObserver.run(SingleObserveOn.java:81)
10-17 11:22:55.186 W/System.err( 1887): at io.reactivex.Scheduler$DisposeTask.run(Scheduler.java:578)
10-17 11:22:55.186 W/System.err( 1887): at io.reactivex.internal.schedulers.ScheduledRunnable.run(ScheduledRunnable.java:66)
10-17 11:22:55.186 W/System.err( 1887): at io.reactivex.internal.schedulers.ScheduledRunnable.call(ScheduledRunnable.java:57)
10-17 11:22:55.186 W/System.err( 1887): at java.util.concurrent.FutureTask.run(FutureTask.java:264)
10-17 11:22:55.186 W/System.err( 1887): at java.util.concurrent.ScheduledThreadPoolExecutor$ScheduledFutureTask.run(ScheduledThreadPoolExecutor.java:307)
10-17 11:22:55.186 W/System.err( 1887): at java.util.concurrent.ThreadPoolExecutor.runWorker(ThreadPoolExecutor.java:1145)
10-17 11:22:55.186 W/System.err( 1887): at java.util.concurrent.ThreadPoolExecutor$Worker.run(ThreadPoolExecutor.java:644)
10-17 11:22:55.186 W/System.err( 1887): at java.lang.Thread.run(Thread.java:1012)
10-17 11:22:55.190 I/UtilCommon( 1887): bluetoothMac=C0:E3:50:49:C1:09
10-17 11:22:55.198 D/nativeloader( 2039): Configuring clns-shared-4 for other apk /system/priv-app/CalendarProvider/CalendarProvider.apk. target_sdk_version=34, uses_libraries=, library_path=/system/priv-app/CalendarProvider/lib/arm:/system/lib:/system_ext/lib, permitted_path=/data:/mnt/expand:/data/user/0/com.android.providers.calendar:/system/priv-app/CalendarProvider:/system/lib:/system_ext/lib
10-17 11:22:55.211 I/AiuiEngine( 1887): create aiui agent
10-17 11:22:55.211 D/RockyVoice_AiUiDelegate( 1887): åˆå§‹åŒ–æˆåŠŸ
10-17 11:22:55.214 D/RockyNetMessageUtil( 1887): initTipsList tipEntity = null isRequestTipSuccess = false
10-17 11:22:55.213 I/resolv ( 448): GetAddrInfoHandler::run: {0 786432 0 983040 1000 0}
10-17 11:22:55.224 W/System.err( 1887): java.net.UnknownHostException: Unable to resolve host "tyapi.qun7.com": No address associated with hostname
10-17 11:22:55.224 W/System.err( 1887): at java.net.Inet6AddressImpl.lookupHostByName(Inet6AddressImpl.java:156)
10-17 11:22:55.224 W/System.err( 1887): at java.net.Inet6AddressImpl.lookupAllHostAddr(Inet6AddressImpl.java:103)
10-17 11:22:55.224 W/System.err( 1887): at java.net.InetAddress.getAllByName(InetAddress.java:1152)
10-17 11:22:55.224 W/System.err( 1887): at com.android.okhttp.Dns$1.lookup(Dns.java:41)
10-17 11:22:55.224 W/System.err( 1887): at com.android.okhttp.internal.http.RouteSelector.resetNextInetSocketAddress(RouteSelector.java:178)
10-17 11:22:55.224 W/System.err( 1887): at com.android.okhttp.internal.http.RouteSelector.nextProxy(RouteSelector.java:144)
10-17 11:22:55.224 W/System.err( 1887): at com.android.okhttp.internal.http.RouteSelector.next(RouteSelector.java:86)
10-17 11:22:55.224 W/System.err( 1887): at com.android.okhttp.internal.http.StreamAllocation.findConnection(StreamAllocation.java:176)
10-17 11:22:55.224 W/System.err( 1887): at com.android.okhttp.internal.http.StreamAllocation.findHealthyConnection(StreamAllocation.java:128)
10-17 11:22:55.225 W/System.err( 1887): at com.android.okhttp.internal.http.StreamAllocation.newStream(StreamAllocation.java:97)
10-17 11:22:55.225 W/System.err( 1887): at com.android.okhttp.internal.http.HttpEngine.connect(HttpEngine.java:289)
10-17 11:22:55.225 W/System.err( 1887): at com.android.okhttp.internal.http.HttpEngine.sendRequest(HttpEngine.java:232)
10-17 11:22:55.225 W/System.err( 1887): at com.android.okhttp.internal.huc.HttpURLConnectionImpl.execute(HttpURLConnectionImpl.java:465)
10-17 11:22:55.225 W/System.err( 1887): at com.android.okhttp.internal.huc.HttpURLConnectionImpl.getResponse(HttpURLConnectionImpl.java:411)
10-17 11:22:55.225 W/System.err( 1887): at com.android.okhttp.internal.huc.HttpURLConnectionImpl.getResponseCode(HttpURLConnectionImpl.java:542)
10-17 11:22:55.225 W/System.err( 1887): at com.dangbei.statistics.UtilCommon.networkGetIp(UtilCommon.java:826)
10-17 11:22:55.225 W/System.err( 1887): at com.dangbei.statistics.UtilCommon$1.accept(UtilCommon.java:807)
10-17 11:22:55.225 W/System.err( 1887): at com.dangbei.statistics.UtilCommon$1.accept(UtilCommon.java:803)
10-17 11:22:55.225 W/System.err( 1887): at io.reactivex.internal.operators.observable.ObservableDoOnEach$DoOnEachObserver.onNext(ObservableDoOnEach.java:93)
10-17 11:22:55.225 W/System.err( 1887): at io.reactivex.internal.operators.observable.ObservableObserveOn$ObserveOnObserver.drainNormal(ObservableObserveOn.java:201)
10-17 11:22:55.225 W/System.err( 1887): at io.reactivex.internal.operators.observable.ObservableObserveOn$ObserveOnObserver.run(ObservableObserveOn.java:255)
10-17 11:22:55.225 W/System.err( 1887): at io.reactivex.internal.schedulers.ScheduledRunnable.run(ScheduledRunnable.java:66)
10-17 11:22:55.225 W/System.err( 1887): at io.reactivex.internal.schedulers.ScheduledRunnable.call(ScheduledRunnable.java:57)
10-17 11:22:55.225 W/System.err( 1887): at java.util.concurrent.FutureTask.run(FutureTask.java:264)
10-17 11:22:55.225 W/System.err( 1887): at java.util.concurrent.ScheduledThreadPoolExecutor$ScheduledFutureTask.run(ScheduledThreadPoolExecutor.java:307)
10-17 11:22:55.225 W/System.err( 1887): at java.util.concurrent.ThreadPoolExecutor.runWorker(ThreadPoolExecutor.java:1145)
10-17 11:22:55.225 W/System.err( 1887): at java.util.concurrent.ThreadPoolExecutor$Worker.run(ThreadPoolExecutor.java:644)
10-17 11:22:55.225 W/System.err( 1887): at java.lang.Thread.run(Thread.java:1012)
10-17 11:22:55.229 V/GraphicsEnvironment( 2039): Currently set values for:
10-17 11:22:55.229 V/GraphicsEnvironment( 2039): angle_gl_driver_selection_pkgs=[]
10-17 11:22:55.229 V/GraphicsEnvironment( 2039): angle_gl_driver_selection_values=[]
10-17 11:22:55.230 V/GraphicsEnvironment( 2039): ANGLE GameManagerService for com.android.providers.calendar: false
10-17 11:22:55.230 V/GraphicsEnvironment( 2039): com.android.providers.calendar is not listed in per-application setting
10-17 11:22:55.230 V/GraphicsEnvironment( 2039): Neither updatable production driver nor prerelease driver is supported.
10-17 11:22:55.234 W/System.err( 1887): Caused by: android.system.GaiException: android_getaddrinfo failed: EAI_NODATA (No address associated with hostname)
10-17 11:22:55.234 W/System.err( 1887): at libcore.io.Linux.android_getaddrinfo(Native Method)
10-17 11:22:55.234 W/System.err( 1887): at libcore.io.ForwardingOs.android_getaddrinfo(ForwardingOs.java:133)
10-17 11:22:55.234 W/System.err( 1887): at libcore.io.BlockGuardOs.android_getaddrinfo(BlockGuardOs.java:222)
10-17 11:22:55.234 W/System.err( 1887): at libcore.io.ForwardingOs.android_getaddrinfo(ForwardingOs.java:133)
10-17 11:22:55.235 W/System.err( 1887): at java.net.Inet6AddressImpl.lookupHostByName(Inet6AddressImpl.java:135)
10-17 11:22:55.235 W/System.err( 1887): ... 27 more
10-17 11:22:55.264 I/MediaProvider( 1491): Scanned external_primary due to REASON_MOUNTED, found 47 items in 822ms, 0 inserts 11 updates 0 deletes
10-17 11:22:55.269 I/MediaProvider( 1491): End Intent { act=com.android.providers.media.action.SCAN_VOLUME (has extras) }
10-17 11:22:55.271 I/MediaProvider( 1491): Begin Intent { act=android.intent.action.MEDIA_MOUNTED dat=file:///... flg=0x5000010 cmp=com.android.providers.media.module/com.android.providers.media.MediaService (has extras) }
10-17 11:22:55.273 I/MediaProvider( 1491): Volume MediaVolume name: [external_primary] id: [emulated;0] user: [UserHandle{0}] path: [/storage/emulated/0] externallyManaged: [false] mPublicVolume: [false] already attached
10-17 11:22:55.277 D/RockyNetMessageUtil( 1887): initMediaControlPage pageEntity = null isRequestPageControlSuccess = false
10-17 11:22:55.283 D/CompatibilityChangeReporter( 714): Compat change id reported: 161145287; UID 10016; state: ENABLED
10-17 11:22:55.283 I/MediaProvider( 1491): End Intent { act=android.intent.action.MEDIA_MOUNTED dat=file:///... flg=0x5000010 cmp=com.android.providers.media.module/com.android.providers.media.MediaService (has extras) }
10-17 11:22:55.291 I/CalendarProvider2( 2039): Created com.android.providers.calendar.CalendarAlarmManager@e55a502(com.android.providers.calendar.CalendarProvider2@44a0e13)
10-17 11:22:55.301 D/CompatibilityChangeReporter( 714): Compat change id reported: 135634846; UID 10026; state: DISABLED
10-17 11:22:55.301 D/CompatibilityChangeReporter( 714): Compat change id reported: 177438394; UID 10026; state: DISABLED
10-17 11:22:55.301 D/CompatibilityChangeReporter( 714): Compat change id reported: 135772972; UID 10026; state: DISABLED
10-17 11:22:55.302 D/CompatibilityChangeReporter( 714): Compat change id reported: 135754954; UID 10026; state: ENABLED
10-17 11:22:55.303 D/CompatibilityChangeReporter( 714): Compat change id reported: 143937733; UID 10026; state: ENABLED
10-17 11:22:55.313 D/XHttpObservable( 1887): handleRequest: start https://tyapi.qun7.com/v1/voice/getsoundshowmsg ,,, isCache = false
10-17 11:22:55.326 D/Zygote ( 449): Forked child process 2069
10-17 11:22:55.327 I/ActivityManager( 714): Start proc 2069:com.android.providers.tv/u0a26 for broadcast {com.android.providers.tv/com.android.providers.tv.BootCompletedReceiver}
10-17 11:22:55.332 D/CompatibilityChangeReporter( 2039): Compat change id reported: 160794467; UID 10016; state: ENABLED
10-17 11:22:55.334 I/Zygote ( 2069): seccomp disabled by setenforce 0
10-17 11:22:55.340 I/id.providers.tv( 2069): Using CollectorTypeCC GC.
10-17 11:22:55.344 D/XHttpObservable( 1887): handleRequest: start https://tyapi.qun7.com/v1/voice/getResponseControlPage ,,, isCache = false
10-17 11:22:55.348 E/id.providers.tv( 2069): Not starting debugger since process cannot load the jdwp agent.
10-17 11:22:55.350 D/xm_audio( 460): socket_thread start
10-17 11:22:55.350 D/xm_audio( 460): create socket g_is_running4
10-17 11:22:55.350 D/xm_audio( 460): create socket g_is_running5
10-17 11:22:55.350 E/xm_audio( 460): socket connect fail fd
10-17 11:22:55.350 E/xm_audio( 460): Error no: 111,Connection refused
10-17 11:22:55.350 E/xm_audio( 460): close cret:0
10-17 11:22:55.368 D/CompatibilityChangeReporter( 714): Compat change id reported: 168419799; UID 10026; state: DISABLED
10-17 11:22:55.369 D/CompatibilityChangeReporter( 714): Compat change id reported: 273564678; UID 10026; state: DISABLED
10-17 11:22:55.370 D/CompatibilityChangeReporter( 2039): Compat change id reported: 183155436; UID 10016; state: ENABLED
10-17 11:22:55.372 D/CompatibilityChangeReporter( 714): Compat change id reported: 265195908; UID 10026; state: ENABLED
10-17 11:22:55.378 D/CompatibilityChangeReporter( 2069): Compat change id reported: 171979766; UID 10026; state: ENABLED
10-17 11:22:55.378 D/CompatibilityChangeReporter( 2069): Compat change id reported: 242716250; UID 10026; state: ENABLED
10-17 11:22:55.382 D/CompatibilityChangeReporter( 714): Compat change id reported: 170503758; UID 10026; state: ENABLED
10-17 11:22:55.391 W/SoundPool( 1887): Use of stream types is deprecated for operations other than volume control
10-17 11:22:55.391 W/SoundPool( 1887): See the documentation of SoundPool() for what to use instead with android.media.AudioAttributes to qualify your playback use case
10-17 11:22:55.394 D/CompatibilityChangeReporter( 714): Compat change id reported: 171306433; UID 10016; state: ENABLED
10-17 11:22:55.395 D/CompatibilityChangeReporter( 714): Compat change id reported: 218533173; UID 10016; state: ENABLED
10-17 11:22:55.423 D/nativeloader( 2069): Configuring clns-shared-4 for other apk /system/priv-app/TvProvider/TvProvider.apk. target_sdk_version=34, uses_libraries=, library_path=/system/priv-app/TvProvider/lib/arm:/system/lib:/system_ext/lib, permitted_path=/data:/mnt/expand:/data/user_de/0/com.android.providers.tv:/system/priv-app/TvProvider:/system/lib:/system_ext/lib
10-17 11:22:55.431 I/chromium( 1904): [1017/112255:INFO:config_service.cc(227)] Load config buffer. err_code = 3, err_msg = Line: 1, column: 1, Unexpected token.
10-17 11:22:55.437 D/RockyVoice( 1887): RestartReceiver onReceive
10-17 11:22:55.462 V/GraphicsEnvironment( 2069): Currently set values for:
10-17 11:22:55.464 V/GraphicsEnvironment( 2069): angle_gl_driver_selection_pkgs=[]
10-17 11:22:55.465 V/GraphicsEnvironment( 2069): angle_gl_driver_selection_values=[]
10-17 11:22:55.466 D/RockyReceiver( 1887): action: android.net.wifi.WIFI_STATE_CHANGED
10-17 11:22:55.466 V/GraphicsEnvironment( 2069): ANGLE GameManagerService for com.android.providers.tv: false
10-17 11:22:55.466 V/GraphicsEnvironment( 2069): com.android.providers.tv is not listed in per-application setting
10-17 11:22:55.468 V/GraphicsEnvironment( 2069): Neither updatable production driver nor prerelease driver is supported.
10-17 11:22:55.473 D/CompatibilityChangeReporter( 2069): Compat change id reported: 160794467; UID 10026; state: ENABLED
10-17 11:22:55.480 D/RockyReceiver( 1887): action: android.net.wifi.STATE_CHANGE
10-17 11:22:55.494 D/CompatibilityChangeReporter( 714): Compat change id reported: 135634846; UID 10065; state: DISABLED
10-17 11:22:55.494 D/CompatibilityChangeReporter( 714): Compat change id reported: 177438394; UID 10065; state: DISABLED
10-17 11:22:55.494 D/CompatibilityChangeReporter( 714): Compat change id reported: 135772972; UID 10065; state: DISABLED
10-17 11:22:55.495 D/CompatibilityChangeReporter( 714): Compat change id reported: 135754954; UID 10065; state: ENABLED
10-17 11:22:55.497 D/CompatibilityChangeReporter( 714): Compat change id reported: 143937733; UID 10065; state: ENABLED
10-17 11:22:55.502 I/CHInputSession( 1904): set engine mode: 2 layout: 2
10-17 11:22:55.507 E/hq ( 1524): CrashHandler:::图片加载异常 message=Failed to load resource
10-17 11:22:55.507 E/hq ( 1524): model=
10-17 11:22:55.507 E/hq ( 1524): target=Target for: com.dangbei.palaemon.layout.DBImageView{160443a V.ED..... ........ 0,0-410,580}
10-17 11:22:55.522 W/ ( 0): [1 T1248 ..] [W2][ TX] [aml_filter_sp_data_frame 1361][SP FRAME TX][0] DHCP
10-17 11:22:55.511 D/DhcpClient( 1040): Broadcasting DHCPREQUEST ciaddr=0.0.0.0 request=192.168.50.100 serverid=null
10-17 11:22:55.517 D/CHJNIDefault( 1904): setInputMode value=-1
10-17 11:22:55.532 W/ ( 0): [0 T2069 .s] [W2][ TX] [aml_filter_sp_data_frame 1361][SP FRAME RX][0] DHCP
10-17 11:22:55.532 W/ ( 0): [0 T2069 .s] [W2][ TX] [aml_filter_sp_data_frame 1361][SP FRAME RX][0] DHCP
10-17 11:22:55.546 W/ ( 0): [0 T1113 ..] [W2][ MAIN] [aml_cfg80211_set_power_mgmt 3288]>>> aml_cfg80211_set_power_mgmt(3288)
10-17 11:22:55.547 W/ ( 0): [0 T1113 ..] [W2][ MSG_TX] [aml_send_me_set_ps_mode 2177]set power save mode:2
10-17 11:22:55.547 W/ ( 0): [3 T1087 ..] [W2][ CMD] [cmd_complete 65]cmd tkn[30] flags:0002 result: -4 cmd:5139-ME_SET_PS_MODE_REQ - reqcfm(5140-ME_SET_PS_MODE_CFM)
10-17 11:22:55.552 W/ ( 0): [0 T1087 ..] [W2][ CMD] [cmd_complete 65]cmd tkn[31] flags:0000 result: -4 cmd: 105-MM_SUB_NOTIFY_IP - reqcfm( 0-none)
10-17 11:22:55.517 I/InputContext( 1904): onChanged: candidateWords=[]
10-17 11:22:55.517 I/InputContext( 1904): onChanged: candidateWordInfo.size=0 global offset: 0pausedCandidateData = false
10-17 11:22:55.518 I/InputContext( 1904): onChanged: composing=null
10-17 11:22:55.518 I/InputContext( 1904): onChanged: forCompose=false
10-17 11:22:55.520 D/Zygote ( 449): Forked child process 2100
10-17 11:22:55.521 I/ActivityManager( 714): Start proc 2100:com.android.rkpdapp/u0a65 for broadcast {com.android.rkpdapp/com.android.rkpdapp.BootReceiver}
10-17 11:22:55.525 D/DhcpClient( 1040): Received packet: c0:e3:50:49:c1:08 ACK: your new IP /192.168.50.100, netmask /255.255.255.0, gateways [/192.168.50.1] DNS servers: /192.168.50.1 , lease time 86400
10-17 11:22:55.528 D/DhcpClient( 1040): Confirmed lease: com.android.networkstack.android.net.DhcpResults@6b9437ec DHCP server /192.168.50.1 Vendor info null lease 86400 seconds Servername
10-17 11:22:55.528 I/nw ( 1904): onChanged: input mode:languageID=0
10-17 11:22:55.528 I/nw ( 1904): scriptID=2
10-17 11:22:55.528 I/nw ( 1904): layoutID=2
10-17 11:22:55.529 I/Zygote ( 2100): seccomp disabled by setenforce 0
10-17 11:22:55.535 I/android.rkpdapp( 2100): Using CollectorTypeCC GC.
10-17 11:22:55.542 I/wpa_supplicant( 1113): wpa_driver_nl80211_driver_cmd: wifi vendor: aml_w2_s
10-17 11:22:55.542 I/wpa_supplicant( 1113): wpa_driver_nl80211_driver_cmd: wlan0: private command: BTCOEXMODE 2
10-17 11:22:55.542 E/android.rkpdapp( 2100): Not starting debugger since process cannot load the jdwp agent.
10-17 11:22:55.544 I/netd ( 448): interfaceSetCfg(InterfaceConfigurationParcel{ifName: wlan0, hwAddr: , ipv4Addr: 192.168.50.100, prefixLength: 24, flags: []}) <4.38ms>
10-17 11:22:55.543 I/WifiClientModeImpl[19480:wlan0]( 714): Update current security type to 2
10-17 11:22:55.548 D/IpClient/wlan0( 1040): addressUpdated: 192.168.50.100/24 on ifindex 16 flags 0x00000080 scope 0
10-17 11:22:55.549 W/ContextImpl( 714): Calling a method in the system process without a qualified user: android.app.ContextImpl.sendStickyBroadcast:1626 com.android.server.wifi.ClientModeImpl.sendNetworkChangeBroadcast:3008 com.android.server.wifi.ClientModeImpl.lambda$sendNetworkChangeBroadcastWithCurrentState$14:2985 com.android.server.wifi.ClientModeImpl.$r8$lambda$q-j88Pjw4gROgoJFr8wBlBVbuJI:0 com.android.server.wifi.ClientModeImpl$$ExternalSyntheticLambda4.send:0
10-17 11:22:55.549 I/resolv ( 448): GetAddrInfoHandler::run: {0 786432 0 983040 1000 0}
10-17 11:22:55.550 I/resolv ( 448): res_nmkquery: (QUERY, IN, AAAA)
10-17 11:22:55.551 I/resolv ( 448): doQuery: rcode=0, ancount=0, return value=-3
10-17 11:22:55.552 D/RockyReceiver( 1887): action: android.net.wifi.STATE_CHANGE
10-17 11:22:55.552 D/QuickLifeImpl( 1506): onReceive intent : Intent { act=android.net.wifi.STATE_CHANGE flg=0x4000010 (has extras) }
10-17 11:22:55.554 E/Netd ( 448): no such netId 100
10-17 11:22:55.554 I/netd ( 448): networkAddRouteParcel(100, RouteInfoParcel{destination: 192.168.50.0/24, ifName: wlan0, nextHop: , mtu: 0}) -> ServiceSpecificException(64, "Machine is not on the network") <0.09ms>
10-17 11:22:55.555 E/ConnectivityService( 714): Exception in networkAddRouteParcel for non-gateway: android.os.ServiceSpecificException: Machine is not on the network (code 64)
10-17 11:22:55.555 E/Netd ( 448): no such netId 100
10-17 11:22:55.555 I/netd ( 448): networkAddRouteParcel(100, RouteInfoParcel{destination: 0.0.0.0/0, ifName: wlan0, nextHop: 192.168.50.1, mtu: 0}) -> ServiceSpecificException(64, "Machine is not on the network") <0.06ms>
10-17 11:22:55.556 E/ConnectivityService( 714): Exception in networkAddRouteParcel for gateway: android.os.ServiceSpecificException: Machine is not on the network (code 64)
10-17 11:22:55.560 D/DhcpClient( 1040): Scheduling renewal in 43199s
10-17 11:22:55.561 D/DhcpClient( 1040): Scheduling rebind in 75599s
10-17 11:22:55.561 D/DhcpClient( 1040): Scheduling expiry in 86399s
10-17 11:22:55.567 I/resolv ( 448): res_nmkquery: (QUERY, IN, A)
10-17 11:22:55.567 D/WifiHAL ( 477): Setting APF program, halHandle = 0xe7cc29e0
10-17 11:22:55.567 I/WifiHAL ( 477): createRequest: APF set program request
10-17 11:22:55.567 I/resolv ( 448): doQuery: rcode=0, ancount=0, return value=-3
10-17 11:22:55.567 D/WifiHAL ( 477): error code -95 mapped to -3
10-17 11:22:55.567 I/WifiHAL ( 477): Request Response failed for APF, result = -3
10-17 11:22:55.568 E/WifiStaIfaceAidlImpl( 714): installApfPacketFilter failed with service-specific exception: android.os.ServiceSpecificException: (code 4)
10-17 11:22:55.571 D/CompatibilityChangeReporter( 714): Compat change id reported: 168419799; UID 10065; state: DISABLED
10-17 11:22:55.571 D/CompatibilityChangeReporter( 714): Compat change id reported: 273564678; UID 10065; state: DISABLED
10-17 11:22:55.572 D/ConnectivityService( 714): Setting DNS servers for network 100 to [/192.168.50.1]
10-17 11:22:55.573 W/ContextImpl( 714): Calling a method in the system process without a qualified user: android.app.ContextImpl.sendStickyBroadcast:1626 com.android.server.wifi.ClientModeImpl.sendNetworkChangeBroadcast:3008 com.android.server.wifi.ClientModeImpl.lambda$sendNetworkChangeBroadcastWithCurrentState$14:2985 com.android.server.wifi.ClientModeImpl.$r8$lambda$q-j88Pjw4gROgoJFr8wBlBVbuJI:0 com.android.server.wifi.ClientModeImpl$$ExternalSyntheticLambda4.send:0
10-17 11:22:55.575 W/BroadcastLoopers( 714): Found previously unknown looper Thread[ConnectivityServiceThread,5,main]
10-17 11:22:55.576 D/ConnectivityService( 714): [100 WIFI] EVENT_NETWORK_INFO_CHANGED, going from CONNECTING to CONNECTED
10-17 11:22:55.579 D/CompatibilityChangeReporter( 714): Compat change id reported: 265195908; UID 10065; state: ENABLED
10-17 11:22:55.582 D/QuickLifeImpl( 1506): onReceive intent : Intent { act=android.net.wifi.STATE_CHANGE flg=0x4000010 (has extras) }
10-17 11:22:55.583 I/netd ( 448): networkCreate(NativeNetworkConfig{netId: 100, networkType: PHYSICAL, permission: 0, secure: false, vpnType: -1, excludeLocalRoutes: false}) <0.04ms>
10-17 11:22:55.585 I/netd ( 448): createNetworkCache(100) <0.26ms>
10-17 11:22:55.585 D/DnsManager( 714): sendDnsConfigurationForNetwork(100, [192.168.50.1], [], 1800, 25, 8, 64, 0, 0, , [])
10-17 11:22:55.586 W/WifiScoreReport( 714): Cannot start external scoring netId=100 currentNetId=100 currentNetCapabilities=[ Transports: WIFI Capabilities: NOT_METERED&INTERNET&NOT_RESTRICTED&TRUSTED&NOT_VPN&NOT_ROAMING&NOT_CONGESTED&NOT_SUSPENDED&NOT_VCN_MANAGED LinkUpBandwidth>=12000Kbps LinkDnBandwidth>=30000Kbps Specifier: TransportInfo: , Provider friendly name: , Requesting package name: "2.4G"wpa2-pskMLO Information: , Is TID-To-Link negotiation supported by the AP: false, AP MLD Address: , AP MLO Link Id: , AP MLO Affiliated links: > SignalStrength: -18 AllowedUids: <{10029}> OwnerUid: 10029 AdminUids: [10029] SSID: "2.4G" UnderlyingNetworks: Null] sessionId=1008
10-17 11:22:55.586 I/resolv ( 448): resolv_set_nameservers: netid = 100, addr = 192.168.50.1
10-17 11:22:55.586 I/netd ( 448): DnsResolverService::setResolverConfiguration(100, [192.168.50.1], [], 1800, 25, 8, 64, 0, 0, "", []) -> (0) (0.2ms)
10-17 11:22:55.586 I/netd ( 448): setResolverConfiguration(ResolverParamsParcel{netId: 100, sampleValiditySeconds: 1800, successThreshold: 25, minSamples: 8, maxSamples: 64, baseTimeoutMsec: 0, retryCount: 0, servers: [192.168.50.1], domains: [], tlsName: , tlsServers: [], tlsFingerprints: [], caCertificate: , tlsConnectTimeoutMs: 0, resolverOptions: (null), transportTypes: [1]}) <0.37ms>
10-17 11:22:55.588 I/netd ( 448): setNetworkAllowlist([NativeUidRangeConfig{netId: 100, uidRanges: [UidRangeParcel{start: 0, stop: 99999}], subPriority: 0}]) <0.02ms>
10-17 11:22:55.589 D/CompatibilityChangeReporter( 2100): Compat change id reported: 171979766; UID 10065; state: ENABLED
10-17 11:22:55.590 D/CompatibilityChangeReporter( 2100): Compat change id reported: 242716250; UID 10065; state: ENABLED
10-17 11:22:55.590 W/DnsManager( 714): updatePrivateDns(100, PrivateDnsConfig{true:/[]})
10-17 11:22:55.590 D/ConnectivityService( 714): Setting DNS servers for network 100 to [/192.168.50.1]
10-17 11:22:55.591 D/DnsManager( 714): sendDnsConfigurationForNetwork(100, [192.168.50.1], [], 1800, 25, 8, 64, 0, 0, , [192.168.50.1])
10-17 11:22:55.592 I/resolv ( 448): setDoh: No suitable DoH server found
10-17 11:22:55.592 I/netd ( 448): DnsResolverService::setResolverConfiguration(100, [192.168.50.1], [], 1800, 25, 8, 64, 0, 0, "", [192.168.50.1]) -> (0) (0.5ms)
10-17 11:22:55.592 I/netd ( 448): setResolverConfiguration(ResolverParamsParcel{netId: 100, sampleValiditySeconds: 1800, successThreshold: 25, minSamples: 8, maxSamples: 64, baseTimeoutMsec: 0, retryCount: 0, servers: [192.168.50.1], domains: [], tlsName: , tlsServers: [192.168.50.1], tlsFingerprints: [], caCertificate: , tlsConnectTimeoutMs: 0, resolverOptions: (null), transportTypes: [1]}) <0.64ms>
10-17 11:22:55.592 W/resolv ( 448): Validating DnsTlsServer 192.168.50.1 with mark 0xf0064
10-17 11:22:55.595 W/resolv ( 448): Socket failed to connect: Network is unreachable
10-17 11:22:55.596 D/CompatibilityChangeReporter( 714): Compat change id reported: 170503758; UID 10065; state: ENABLED
10-17 11:22:55.596 W/resolv ( 448): TCP Handshake failed: 101
10-17 11:22:55.596 D/ConnectivityService( 714): Adding iface wlan0 to network 100
10-17 11:22:55.599 W/resolv ( 448): query failed
10-17 11:22:55.599 W/resolv ( 448): validateDnsTlsServer returned 0 for 192.168.50.1
10-17 11:22:55.599 W/resolv ( 448): Validation failed
10-17 11:22:55.600 D/WifiMemoryStoreImpl( 714): Set cluster Gf27c613c033fbdfa for W983cbe9350c858c0: SUCCESS
10-17 11:22:55.602 I/netd ( 448): networkAddInterface(100, wlan0) <4.54ms>
10-17 11:22:55.605 I/netd ( 448): wakeupAddInterface(wlan0, 432902426637:wlan0, -2147483648, -2147483648) <2.02ms>
10-17 11:22:55.607 D/RockyReceiver( 1887): action: android.net.wifi.STATE_CHANGE
10-17 11:22:55.607 I/netd ( 448): networkAddRouteParcel(100, RouteInfoParcel{destination: fe80::/64, ifName: wlan0, nextHop: , mtu: 0}) <0.48ms>
10-17 11:22:55.611 I/netd ( 448): networkAddRouteParcel(100, RouteInfoParcel{destination: 192.168.50.0/24, ifName: wlan0, nextHop: , mtu: 0}) <1.46ms>
10-17 11:22:55.612 I/netd ( 448): networkAddRouteParcel(100, RouteInfoParcel{destination: 0.0.0.0/0, ifName: wlan0, nextHop: 192.168.50.1, mtu: 0}) <0.45ms>
10-17 11:22:55.613 D/ConnectivityService( 714): Setting DNS servers for network 100 to [/192.168.50.1]
10-17 11:22:55.613 D/DnsManager( 714): sendDnsConfigurationForNetwork(100, [192.168.50.1], [], 1800, 25, 8, 64, 0, 0, , [192.168.50.1])
10-17 11:22:55.614 I/resolv ( 448): setDoh: No suitable DoH server found
10-17 11:22:55.614 I/netd ( 448): DnsResolverService::setResolverConfiguration(100, [192.168.50.1], [], 1800, 25, 8, 64, 0, 0, "", [192.168.50.1]) -> (0) (0.6ms)
10-17 11:22:55.614 I/netd ( 448): setResolverConfiguration(ResolverParamsParcel{netId: 100, sampleValiditySeconds: 1800, successThreshold: 25, minSamples: 8, maxSamples: 64, baseTimeoutMsec: 0, retryCount: 0, servers: [192.168.50.1], domains: [], tlsName: , tlsServers: [192.168.50.1], tlsFingerprints: [], caCertificate: , tlsConnectTimeoutMs: 0, resolverOptions: (null), transportTypes: [1]}) <0.80ms>
10-17 11:22:55.617 D/WifiMemoryStoreImpl( 714): Set cluster Gf27c613c033fbdfa for Wf27c613c033fbdfa: SUCCESS
10-17 11:22:55.619 W/resolv ( 448): Validating DnsTlsServer 192.168.50.1 with mark 0xf0064
10-17 11:22:55.620 W/BestClock( 714): java.time.DateTimeException: Missing network time fix
10-17 11:22:55.553 W/ ( 0): [0 T517 ..] [W2][ MAIN] [aml_inetaddr_event 6830]dev wlan0 is up, comm:binder:448_1, pid:517, vif:0, ipv4:192.168.50.100
10-17 11:22:55.631 W/ ( 0): [1 T2121 ..] [W2][ TX] [aml_filter_sp_data_frame 1310][SP FRAME TX][0] ARP req(0x1) sender:[c0:e3:50:49:c1:08 192.168.50.100] receiver:[00:00:00:00:00:00 192.168.50.1]
10-17 11:22:55.639 W/ ( 0): [3 T0 d.] NOHZ tick-stop error: Non-RCU local softirq work is pending, handler #08!!!
10-17 11:22:55.640 W/ ( 0): [3 T0 d.] NOHZ tick-stop error: Non-RCU local softirq work is pending, handler #08!!!
10-17 11:22:55.641 W/ ( 0): [3 T0 .s] [W2][ TX] [aml_filter_sp_data_frame 1310][SP FRAME RX][0] ARP rsp(0x2) sender:[10:7c:61:1a:4b:90 192.168.50.1] receiver:[c0:e3:50:49:c1:08 192.168.50.100]
10-17 11:22:55.636 I/netd ( 448): setProcSysNet(4, 2, wlan0, retrans_time_ms, 1000) <0.27ms>
10-17 11:22:55.637 I/netd ( 448): setProcSysNet(4, 2, wlan0, ucast_solicit, 15) <0.10ms>
10-17 11:22:55.637 I/netd ( 448): setProcSysNet(6, 2, wlan0, retrans_time_ms, 1000) <0.12ms>
10-17 11:22:55.638 I/netd ( 448): tetherGetStats() -> {[]} <2.89ms>
10-17 11:22:55.638 I/netd ( 448): setProcSysNet(6, 2, wlan0, ucast_solicit, 15) <0.16ms>
10-17 11:22:55.638 D/nativeloader( 2100): Configuring clns-shared-4 for other apk /apex/com.android.rkpd/priv-app/rkpdapp@UD2A.240505.001.W1/rkpdapp.apk. target_sdk_version=34, uses_libraries=, library_path=/apex/com.android.rkpd/priv-app/rkpdapp@UD2A.240505.001.W1/lib/arm:/system/lib:/system_ext/lib, permitted_path=/data:/mnt/expand:/data/user/0/com.android.rkpdapp:/apex/com.android.rkpd/priv-app/rkpdapp@UD2A.240505.001.W1:/system/lib:/system_ext/lib
10-17 11:22:55.639 W/resolv ( 448): SSL_connect ssl error =5, mark 0xf0064: Connection refused
10-17 11:22:55.639 W/resolv ( 448): TLS Handshake failed
10-17 11:22:55.641 W/BestClock( 714): java.time.DateTimeException: Missing network time fix
10-17 11:22:55.641 W/resolv ( 448): query failed
10-17 11:22:55.641 W/resolv ( 448): validateDnsTlsServer returned 0 for 192.168.50.1
10-17 11:22:55.645 W/resolv ( 448): Validation failed
10-17 11:22:55.649 E/WifiStaIfaceAidlImpl( 714): stopRssiMonitoring failed with service-specific exception: android.os.ServiceSpecificException: (code 5)
