10-17 11:23:32.097 I/audio_hw_hal_primary( 460): [audiohal_get_latency:1044] io 13: out:0xf0b84a50 frames:1152 rate:48000 whole_latency:24 alsa_latency:24
10-17 11:23:32.097 I/audio_hw_hal_primary( 460): [audiohal_get_latency:1044] io 13: out:0xf0b84a50 frames:1152 rate:48000 whole_latency:24 alsa_latency:24
10-17 11:23:32.110 I/audio_hw_hal_primary( 460): [audiohal_get_latency:1044] io 13: out:0xf0b84a50 frames:1280 rate:48000 whole_latency:26 alsa_latency:26
10-17 11:23:32.110 I/audio_hw_hal_primary( 460): [audiohal_get_latency:1044] io 13: out:0xf0b84a50 frames:1280 rate:48000 whole_latency:26 alsa_latency:26
10-17 11:23:32.117 I/audio_hw_hal_primary( 460): [audiohal_get_latency:1044] io 13: out:0xf0b84a50 frames:1152 rate:48000 whole_latency:24 alsa_latency:24
10-17 11:23:32.117 I/audio_hw_hal_primary( 460): [audiohal_get_latency:1044] io 13: out:0xf0b84a50 frames:1152 rate:48000 whole_latency:24 alsa_latency:24
10-17 11:23:32.118 I/audio_hw_hal_primary( 460): out_update_source_metadata_v7() line 1751 usage:13 content_type:4
10-17 11:23:32.129 I/audio_hw_hal_primary( 460): [audiohal_get_latency:1044] io 13: out:0xf0b84a50 frames:1152 rate:48000 whole_latency:24 alsa_latency:24
10-17 11:23:32.137 I/audio_hw_hal_primary( 460): [audiohal_get_latency:1044] io 13: out:0xf0b84a50 frames:1280 rate:48000 whole_latency:26 alsa_latency:26
10-17 11:23:32.148 I/audio_hw_hal_primary( 460): [audiohal_get_latency:1044] io 13: out:0xf0b84a50 frames:1280 rate:48000 whole_latency:26 alsa_latency:26
10-17 11:23:32.157 I/audio_hw_hal_primary( 460): [audiohal_get_latency:1044] io 13: out:0xf0b84a50 frames:1024 rate:48000 whole_latency:21 alsa_latency:21
10-17 11:23:32.822 I/BLEAudioDrive_HV412( 460): fd:25 data len: 9 1
10-17 11:23:32.838 I/audio_hw_device_patchmgr( 460): [register_audio_patch:728] Patch 3:id:3 mix(io:13)->dev_0[OUT_HDMI(id:25)] found, register the same patch, do nothing.
10-17 11:23:32.838 I/audio_hw_device_patchmgr( 460): [patch_mgr_create_patch:871] Patch 3: MIX->DEVICE, num_src:1 num_sink:1 patch_src:INVAL
10-17 11:23:32.838 I/audio_hw_device_patchmgr( 460): [patch_mgr_create_patch:875] sink[0]: OUT_HDMI(id:25)
10-17 11:23:32.838 I/audio_hw_device_patchmgr( 460): [patch_mgr_create_patch:909] Patch 3: mix(io:13) -> dev[OUT_HDMI(id:25)]
10-17 11:23:32.838 D/UEventObserver( 1174): change@/devices/platform/auge_sound/sound/card0/controlC0À€ACTION=changeÀ€DEVPATH=/devices/platform/auge_sound/sound/card0/controlC0À€SUBSYSTEM=soundÀ€AUDIO_FORMAT=0À€MAJOR=116À€MINOR=18À€DEVNAME=snd/controlC0À€SEQNUM=3501À€
10-17 11:23:32.838 I/audio_hw_hal_primary( 460): [adev_create_audio_patch:7637] dev=0xf0cc1940 cur_out_device=0x400
10-17 11:23:32.842 D/ShowHdrAudioLogoService( 1174): receive broadcast, audio format:0
10-17 11:23:32.842 D/ShowHdrAudioLogoService( 1174): clearContent
10-17 11:23:32.848 I/SogouIME( 1904): onKeyDown: keyoCode=19
10-17 11:23:32.848 I/DefaultIMS( 1904): onKeyDown: keyoCode=19
10-17 11:23:32.858 I/audio_hw_hal_primary( 460): out_update_source_metadata_v7() line 1751 usage:1 content_type:2
10-17 11:23:32.878 I/audio_hw_device_patchmgr( 460): [register_audio_patch:728] Patch 3:id:3 mix(io:13)->dev_0[OUT_HDMI(id:25)] found, register the same patch, do nothing.
10-17 11:23:32.878 I/audio_hw_device_patchmgr( 460): [patch_mgr_create_patch:871] Patch 3: MIX->DEVICE, num_src:1 num_sink:1 patch_src:INVAL
10-17 11:23:32.878 I/audio_hw_device_patchmgr( 460): [patch_mgr_create_patch:875] sink[0]: OUT_HDMI(id:25)
10-17 11:23:32.878 I/audio_hw_device_patchmgr( 460): [patch_mgr_create_patch:909] Patch 3: mix(io:13) -> dev[OUT_HDMI(id:25)]
10-17 11:23:32.878 I/audio_hw_hal_primary( 460): [adev_create_audio_patch:7637] dev=0xf0cc1940 cur_out_device=0x400
10-17 11:23:32.878 D/UEventObserver( 1174): change@/devices/platform/auge_sound/sound/card0/controlC0À€ACTION=changeÀ€DEVPATH=/devices/platform/auge_sound/sound/card0/controlC0À€SUBSYSTEM=soundÀ€AUDIO_FORMAT=0À€MAJOR=116À€MINOR=18À€DEVNAME=snd/controlC0À€SEQNUM=3502À€
10-17 11:23:32.880 I/audio_hw_hal_primary( 460): out_update_source_metadata_v7() line 1751 usage:1 content_type:2
10-17 11:23:32.881 D/ShowHdrAudioLogoService( 1174): receive broadcast, audio format:0
10-17 11:23:32.881 D/ShowHdrAudioLogoService( 1174): clearContent
10-17 11:23:32.898 I/audio_hw_hal_primary( 460): out_update_source_metadata_v7() line 1751 usage:13 content_type:4
10-17 11:23:32.968 I/BLEAudioDrive_HV412( 460): fd:25 data len: 9 1
10-17 11:23:32.971 I/SogouIME( 1904): onKeyUp: keyoCode=19
10-17 11:23:32.971 I/DefaultIMS( 1904): onKeyUp: keyoCode=19
10-17 11:23:32.977 D/audio_hw_hal_stream( 460): update_audio_hal_info() audio hal format change to 1, atmos flag = 0, is_dolby_atmos = 0, dts_hp_x = 0, update_type = 0 is_dolby_atmos_off = 1 virtual_bass_enable 0
10-17 11:23:32.977 D/audio_hw_hal_stream( 460): update_audio_hal_info() cur_out_devices 0x400, dap_bypass_enable = 0, is_ms12_tuning_dat = 0, dolby_ms12_enable = 1, output_config = 0x28
10-17 11:23:32.977 D/UEventObserver( 1174): change@/devices/platform/auge_sound/sound/card0/controlC0À€ACTION=changeÀ€DEVPATH=/devices/platform/auge_sound/sound/card0/controlC0À€SUBSYSTEM=soundÀ€AUDIO_FORMAT=0À€MAJOR=116À€MINOR=18À€DEVNAME=snd/controlC0À€SEQNUM=3503À€
10-17 11:23:32.980 D/ShowHdrAudioLogoService( 1174): receive broadcast, audio format:0
10-17 11:23:32.980 D/ShowHdrAudioLogoService( 1174): clearContent
10-17 11:23:32.997 I/audio_hw_hal_primary( 460): [audiohal_get_latency:1044] io 13: out:0xf0b84a50 frames:1152 rate:48000 whole_latency:24 alsa_latency:24
10-17 11:23:33.017 I/audio_hw_hal_primary( 460): [audiohal_get_latency:1044] io 13: out:0xf0b84a50 frames:1280 rate:48000 whole_latency:26 alsa_latency:26
10-17 11:23:33.037 I/audio_hw_hal_primary( 460): [audiohal_get_latency:1044] io 13: out:0xf0b84a50 frames:1280 rate:48000 whole_latency:26 alsa_latency:26
10-17 11:23:33.057 I/audio_hw_hal_primary( 460): [audiohal_get_latency:1044] io 13: out:0xf0b84a50 frames:1152 rate:48000 whole_latency:24 alsa_latency:24
10-17 11:23:33.057 I/audio_hw_hal_primary( 460): [audiohal_get_latency:1044] io 13: out:0xf0b84a50 frames:1024 rate:48000 whole_latency:21 alsa_latency:21
10-17 11:23:33.058 W/ActivityManager( 714): pid 1506 com.dangbei.lerad.etna.haqu sent binder code 6 with flags 2 to frozen apps and got error -61
10-17 11:23:33.058 W/System.err( 1506): android.os.ParcelFormatException: Not enough data
10-17 11:23:33.058 D/ActivityManager( 714): Too many transaction errors, throttling freezer binder callback.
10-17 11:23:33.058 W/System.err( 1506): at android.os.BinderProxy.transactNative(Native Method)
10-17 11:23:33.058 W/System.err( 1506): at android.os.BinderProxy.transact(BinderProxy.java:584)
10-17 11:23:33.058 W/System.err( 1506): at vendor.amlogic.hardware.droidaudio.IDroidAudio$Stub$Proxy.getOutputDevices(IDroidAudio.java:407)
10-17 11:23:33.058 W/System.err( 1506): at com.droidlogic.app.DroidAudioManager.getOutputDevices(DroidAudioManager.java:1187)
10-17 11:23:33.058 W/System.err( 1506): at com.oranth.hdmilibrary.Y5AudioManager.getOutputDevice(Y5AudioManager.java:83)
10-17 11:23:33.058 W/System.err( 1506): at com.dangbei.etna.setting.function.custom.digitalsound.DigitalSoundHelper.current(DigitalSoundHelper.kt:42)
10-17 11:23:33.059 W/System.err( 1506): at com.dangbei.etna.setting.function.custom.CustomHelper.onMessage(CustomHelper.kt:52)
10-17 11:23:33.059 W/System.err( 1506): at com.dangbei.etna.setting.core.SettingHelper.onMessageReceived(SettingHelper.kt:132)
10-17 11:23:33.059 W/System.err( 1506): at com.dangbei.etna.setting.core.SettingEtnaClientListener.onMessageReceived(SettingEtnaClientListener.kt:25)
10-17 11:23:33.059 W/System.err( 1506): at com.dangbei.lerad.etna.lib.client.EtnaServerListener.onReceiverMessageHaqu(EtnaServerListener.java:31)
10-17 11:23:33.059 W/System.err( 1506): at com.dangbei.lerad.etna.core.EtnaManager.sendCommandHaqu(EtnaManager.java:95)
10-17 11:23:33.059 W/System.err( 1506): at com.dangbei.lerad.etna.core.EtnaService$2.sendCommandCallbackHaqu(EtnaService.java:51)
10-17 11:23:33.059 W/System.err( 1506): at com.dangbei.lerad.etna.aidl.IEtnaAidl$Stub.onTransact(IEtnaAidl.java:132)
10-17 11:23:33.059 W/System.err( 1506): at android.os.Binder.execTransactInternal(Binder.java:1358)
10-17 11:23:33.059 W/System.err( 1506): at android.os.Binder.execTransact(Binder.java:1304)
10-17 11:23:33.061 E/ccc ( 1506): cccccc led current is 100 标准
10-17 11:23:33.061 E/ccc ( 1506): cccccc led current is null
10-17 11:23:33.068 I/audio_hw_hal_primary( 460): [audiohal_get_latency:1044] io 13: out:0xf0b84a50 frames:1024 rate:48000 whole_latency:21 alsa_latency:21
10-17 11:23:33.068 I/audio_hw_hal_primary( 460): [audiohal_get_latency:1044] io 13: out:0xf0b84a50 frames:1024 rate:48000 whole_latency:21 alsa_latency:21
10-17 11:23:33.077 I/audio_hw_hal_primary( 460): [audiohal_get_latency:1044] io 13: out:0xf0b84a50 frames:1152 rate:48000 whole_latency:24 alsa_latency:24
10-17 11:23:33.078 I/audio_hw_hal_primary( 460): [audiohal_get_latency:1044] io 13: out:0xf0b84a50 frames:1152 rate:48000 whole_latency:24 alsa_latency:24
10-17 11:23:33.089 I/audio_hw_hal_primary( 460): [audiohal_get_latency:1044] io 13: out:0xf0b84a50 frames:1152 rate:48000 whole_latency:24 alsa_latency:24
10-17 11:23:33.089 I/audio_hw_hal_primary( 460): [audiohal_get_latency:1044] io 13: out:0xf0b84a50 frames:1152 rate:48000 whole_latency:24 alsa_latency:24
10-17 11:23:33.097 I/audio_hw_hal_primary( 460): [audiohal_get_latency:1044] io 13: out:0xf0b84a50 frames:1280 rate:48000 whole_latency:26 alsa_latency:26
10-17 11:23:33.097 I/audio_hw_hal_primary( 460): [audiohal_get_latency:1044] io 13: out:0xf0b84a50 frames:1152 rate:48000 whole_latency:24 alsa_latency:24
10-17 11:23:33.099 I/audio_hw_hal_primary( 460): out_update_source_metadata_v7() line 1751 usage:1 content_type:2
10-17 11:23:33.109 I/audio_hw_hal_primary( 460): [audiohal_get_latency:1044] io 13: out:0xf0b84a50 frames:1152 rate:48000 whole_latency:24 alsa_latency:24
10-17 11:23:33.117 I/audio_hw_hal_primary( 460): [audiohal_get_latency:1044] io 13: out:0xf0b84a50 frames:1280 rate:48000 whole_latency:26 alsa_latency:26
10-17 11:23:33.128 I/audio_hw_hal_primary( 460): [audiohal_get_latency:1044] io 13: out:0xf0b84a50 frames:1024 rate:48000 whole_latency:21 alsa_latency:21
10-17 11:23:33.137 I/audio_hw_hal_primary( 460): [audiohal_get_latency:1044] io 13: out:0xf0b84a50 frames:1152 rate:48000 whole_latency:24 alsa_latency:24
10-17 11:23:33.148 I/audio_hw_hal_primary( 460): [audiohal_get_latency:1044] io 13: out:0xf0b84a50 frames:1152 rate:48000 whole_latency:24 alsa_latency:24
10-17 11:23:33.157 I/audio_hw_hal_primary( 460): [audiohal_get_latency:1044] io 13: out:0xf0b84a50 frames:1152 rate:48000 whole_latency:24 alsa_latency:24
10-17 11:23:33.176 I/audio_hw_hal_alsamgr( 460): alsa format =0x1 delay frames =1024 total frames=2532352
10-17 11:23:33.636 I/WifiHAL ( 477): call wifi_get_link_stats handler
10-17 11:23:33.636 I/WifiHAL ( 477): Creating message to get link statistics; iface = 16
10-17 11:23:33.636 D/WifiHAL ( 477): error code -95 mapped to -3
10-17 11:23:33.637 E/WifiStaIfaceAidlImpl( 714): getLinkLayerStats failed with service-specific exception: android.os.ServiceSpecificException: (code 4)
10-17 11:23:33.726 D/BufferPoolAccessor2.0( 714): bufferpool2 0xb67dde48 : 0(0 size) total buffers - 0(0 size) used buffers - 2/7 (recycle/alloc) - 5/42 (fetch/transfer)
10-17 11:23:33.726 D/BufferPoolAccessor2.0( 714): evictor expired: 1, evicted: 1
10-17 11:23:33.727 D/BufferPoolAccessor2.0( 607): evictor expired: 6, evicted: 0
10-17 11:23:33.823 I/BLEAudioDrive_HV412( 460): fd:25 data len: 9 1
10-17 11:23:33.840 I/audio_hw_device_patchmgr( 460): [register_audio_patch:728] Patch 3:id:3 mix(io:13)->dev_0[OUT_HDMI(id:25)] found, register the same patch, do nothing.
10-17 11:23:33.840 I/audio_hw_device_patchmgr( 460): [patch_mgr_create_patch:871] Patch 3: MIX->DEVICE, num_src:1 num_sink:1 patch_src:INVAL
10-17 11:23:33.840 I/audio_hw_device_patchmgr( 460): [patch_mgr_create_patch:875] sink[0]: OUT_HDMI(id:25)
10-17 11:23:33.840 I/audio_hw_device_patchmgr( 460): [patch_mgr_create_patch:909] Patch 3: mix(io:13) -> dev[OUT_HDMI(id:25)]
10-17 11:23:33.837 I/xm_hidread( 2512): type=1400 audit(0.0:909): avc: denied { read } for scontext=u:r:init:s0 tcontext=u:r:init:s0 tclass=netlink_kobject_uevent_socket permissive=1
10-17 11:23:33.840 D/UEventObserver( 1174): change@/devices/platform/auge_sound/sound/card0/controlC0À€ACTION=changeÀ€DEVPATH=/devices/platform/auge_sound/sound/card0/controlC0À€SUBSYSTEM=soundÀ€AUDIO_FORMAT=0À€MAJOR=116À€MINOR=18À€DEVNAME=snd/controlC0À€SEQNUM=3504À€
10-17 11:23:33.840 I/audio_hw_hal_primary( 460): [adev_create_audio_patch:7637] dev=0xf0cc1940 cur_out_device=0x400
10-17 11:23:33.843 D/ShowHdrAudioLogoService( 1174): receive broadcast, audio format:0
10-17 11:23:33.844 D/ShowHdrAudioLogoService( 1174): clearContent
10-17 11:23:33.852 I/SogouIME( 1904): onKeyDown: keyoCode=4
10-17 11:23:33.852 I/DefaultIMS( 1904): onKeyDown: keyoCode=4
10-17 11:23:33.858 I/audio_hw_hal_primary( 460): out_update_source_metadata_v7() line 1751 usage:1 content_type:2
10-17 11:23:33.937 D/audio_hw_hal_stream( 460): update_audio_hal_info() audio hal format change to 1, atmos flag = 0, is_dolby_atmos = 0, dts_hp_x = 0, update_type = 0 is_dolby_atmos_off = 1 virtual_bass_enable 0
10-17 11:23:33.937 D/audio_hw_hal_stream( 460): update_audio_hal_info() cur_out_devices 0x400, dap_bypass_enable = 0, is_ms12_tuning_dat = 0, dolby_ms12_enable = 1, output_config = 0x28
10-17 11:23:33.937 D/UEventObserver( 1174): change@/devices/platform/auge_sound/sound/card0/controlC0À€ACTION=changeÀ€DEVPATH=/devices/platform/auge_sound/sound/card0/controlC0À€SUBSYSTEM=soundÀ€AUDIO_FORMAT=0À€MAJOR=116À€MINOR=18À€DEVNAME=snd/controlC0À€SEQNUM=3505À€
10-17 11:23:33.939 D/ShowHdrAudioLogoService( 1174): receive broadcast, audio format:0
10-17 11:23:33.940 D/ShowHdrAudioLogoService( 1174): clearContent
10-17 11:23:33.958 I/BLEAudioDrive_HV412( 460): fd:25 data len: 9 1
10-17 11:23:33.959 D/AutofillManagerService( 714): onBackKeyPressed()
10-17 11:23:33.960 D/AutofillManagerServiceImpl( 714): Reset component for user 0:null
10-17 11:23:33.961 D/AutofillUI( 714): destroySaveUiUiThread(): already destroyed
10-17 11:23:33.961 I/SogouIME( 1904): onKeyUp: keyoCode=4
10-17 11:23:33.961 I/DefaultIMS( 1904): onKeyUp: keyoCode=4
10-17 11:23:33.968 V/WindowManagerShell( 972): Transition requested: android.os.BinderProxy@8c77074 TransitionRequestInfo { type = 2, triggerTask = TaskInfo{userId=0 taskId=21 displayId=0 isRunning=false baseIntent=Intent { dat=haqu://setting:8080/... flg=0x10000000 pkg=com.dangbei.haqusetting cmp=com.dangbei.haqusetting/.ui.HomeActivity } baseActivity=null topActivity=null origActivity=null realActivity=ComponentInfo{com.dangbei.haqusetting/com.dangbei.haqusetting.ui.HomeActivity} numActivities=0 lastActiveTime=60202 supportsMultiWindow=true resizeMode=1 isResizeable=true minWidth=-1 minHeight=-1 defaultMinSize=220 token=WCT{android.window.IWindowContainerToken$Stub$Proxy@ee6699d} topActivityType=1 pictureInPictureParams=null shouldDockBigOverlays=false launchIntoPipHostTaskId=-1 lastParentTaskIdBeforePip=-1 displayCutoutSafeInsets=null topActivityInfo=null launchCookies=[] positionInParent=Point(0, 0) parentTaskId=-1 isFocused=true isVisible=true isVisibleRequested=true isSleeping=false topActivityInSizeCompat=false topActivityEligibleForLetterboxEducation= false isLetterboxDoubleTapEnabled= false topActivityEligibleForUserAspectRatioButton= false topActivityBoundsLetterboxed= false isFromLetterboxDoubleTap= false topActivityLetterboxVerticalPosition= -1 topActivityLetterboxHorizontalPosition= -1 topActivityLetterboxWidth=-1 topActivityLetterboxHeight=-1 isUserFullscreenOverrideEnabled=false isTopActivityTransparent=false locusId=null displayAreaFeatureId=1 cameraCompatControlState=hidden}, remoteTransition = null, displayChange = null, flags = 0 }
10-17 11:23:33.979 V/WindowManager( 714): app ------------- force_land :0
10-17 11:23:33.981 I/hq ( 1524): 当å°è´:::showMessage from=mActivityLifecycleCallbacks
10-17 11:23:33.983 I/hq ( 1524): 当å°è´:::showMessage 没有消æ¯éœ€è¦æ˜¾ç¤º
10-17 11:23:33.986 W/SQLiteLog( 1524): (28) double-quoted string literal: "0B61938E4FE3ED29DADEE75FFB12EC12"
10-17 11:23:33.989 V/WindowManagerShell( 972): onTransitionReady android.os.BinderProxy@8c77074: {id=3 t=CLOSE f=0x0 trk=0 r=[0@Point(0, 0)] c=[{WCT{android.window.IWindowContainerToken$Stub$Proxy@7251fe0} m=CLOSE f=TRANSLUCENT leash=Surface(name=Task=21)/@0x8b6fe12 sb=Rect(0, 0 - 1920, 1080) eb=Rect(0, 0 - 1920, 1080) d=0}]}
10-17 11:23:33.989 V/WindowManager( 714): Sent Transition #3 createdAt=10-17 11:23:33.964 via request=TransitionRequestInfo { type = 2, triggerTask = TaskInfo{userId=0 taskId=21 displayId=0 isRunning=false baseIntent=Intent { dat=haqu://setting:8080/... flg=0x10000000 pkg=com.dangbei.haqusetting cmp=com.dangbei.haqusetting/.ui.HomeActivity } baseActivity=null topActivity=null origActivity=null realActivity=ComponentInfo{com.dangbei.haqusetting/com.dangbei.haqusetting.ui.HomeActivity} numActivities=0 lastActiveTime=60202 supportsMultiWindow=true resizeMode=1 isResizeable=true minWidth=-1 minHeight=-1 defaultMinSize=220 token=WCT{RemoteToken{24a3404 Task{cd4b336 #21 type=standard A=1000:com.dangbei.haqusetting}}} topActivityType=1 pictureInPictureParams=null shouldDockBigOverlays=false launchIntoPipHostTaskId=-1 lastParentTaskIdBeforePip=-1 displayCutoutSafeInsets=null topActivityInfo=null launchCookies=[] positionInParent=Point(0, 0) parentTaskId=-1 isFocused=true isVisible=true isVisibleRequested=true isSleeping=false topActivityInSizeCompat=false topActivityEligibleForLetterboxEducation= false isLetterboxDoubleTapEnabled= false topActivityEligibleForUserAspectRatioButton= false topActivityBoundsLetterboxed= false isFromLetterboxDoubleTap= false topActivityLetterboxVerticalPosition= -1 topActivityLetterboxHorizontalPosition= -1 topActivityLetterboxWidth=-1 topActivityLetterboxHeight=-1 isUserFullscreenOverrideEnabled=false isTopActivityTransparent=false locusId=null displayAreaFeatureId=1 cameraCompatControlState=hidden}, remoteTransition = null, displayChange = null, flags = 0 }
10-17 11:23:33.993 V/WindowManagerShell( 972): Playing animation for (#3)android.os.BinderProxy@8c77074@0
10-17 11:23:33.993 V/WindowManagerShell( 972): try handler com.android.wm.shell.keyguard.KeyguardTransitionHandler@88a3eb2
10-17 11:23:33.993 V/WindowManagerShell( 972): try handler com.android.wm.shell.pip.tv.TvPipTransition@1a31e03
10-17 11:23:33.993 V/WindowManagerShell( 972): try handler com.android.wm.shell.activityembedding.ActivityEmbeddingController@eeae180
10-17 11:23:33.993 V/WindowManagerShell( 972): try handler com.android.wm.shell.transition.RemoteTransitionHandler@3b733b9
10-17 11:23:33.993 I/BpBinder( 262): onLastStrongRef automatically unlinking death recipients:
10-17 11:23:33.994 V/WindowManagerShell( 972): Transition doesn't have explicit remote, search filters for match for {id=3 t=CLOSE f=0x0 trk=0 r=[0@Point(0, 0)] c=[{WCT{android.window.IWindowContainerToken$Stub$Proxy@7251fe0} m=CLOSE f=TRANSLUCENT leash=Surface(name=Task=21)/@0x8b6fe12 sb=Rect(0, 0 - 1920, 1080) eb=Rect(0, 0 - 1920, 1080) d=0}]}
10-17 11:23:33.994 V/WindowManagerShell( 972): Delegate animation for #3 to null
10-17 11:23:33.994 V/WindowManagerShell( 972): try handler com.android.wm.shell.transition.DefaultTransitionHandler@d993fe
10-17 11:23:33.994 V/WindowManagerShell( 972): start default transition animation, info = {id=3 t=CLOSE f=0x0 trk=0 r=[0@Point(0, 0)] c=[{WCT{android.window.IWindowContainerToken$Stub$Proxy@7251fe0} m=CLOSE f=TRANSLUCENT leash=Surface(name=Task=21)/@0x8b6fe12 sb=Rect(0, 0 - 1920, 1080) eb=Rect(0, 0 - 1920, 1080) d=0}]}
10-17 11:23:33.995 V/WindowManagerShell( 972): loadAnimation: anim=android.view.animation.AlphaAnimation@80c313f animAttr=0x7 type=CLOSE isEntrance=false
10-17 11:23:33.997 I/MobclickAgent( 1524): Extend current session: 0B61938E4FE3ED29DADEE75FFB12EC12
10-17 11:23:33.997 W/ActivityTaskManager( 714): Finishing task with all activities already finished
10-17 11:23:33.998 W/ActivityTaskManager( 714): Duplicate finish request for r=ActivityRecord{b93eff8 u0 com.dangbei.haqusetting/.ui.HomeActivity t21 f}}
10-17 11:23:33.999 V/WindowManagerShell( 972): animated by com.android.wm.shell.transition.DefaultTransitionHandler@d993fe
10-17 11:23:34.000 W/SQLiteLog( 1524): (28) double-quoted string literal: "0B61938E4FE3ED29DADEE75FFB12EC12"
10-17 11:23:34.000 W/SQLiteLog( 1524): (28) double-quoted string literal: ""
10-17 11:23:34.000 W/SQLiteLog( 1524): (28) double-quoted string literal: "0B61938E4FE3ED29DADEE75FFB12EC12"
10-17 11:23:34.000 W/SQLiteLog( 1524): (28) double-quoted string literal: "-1"
10-17 11:23:34.001 D/UMLog ( 1524): 当å‰å‘é€ç­–略为:å¯åŠ¨æ—¶å‘é€ã€‚详è§é“¾æŽ¥ https://developer.umeng.com/docs/66632/detail/66976?um_channel=sdk
10-17 11:23:34.001 D/MobclickAgent( 1524): Report policy : ReportAtLaunch
10-17 11:23:34.006 V/WindowManager( 714): startWCT=WindowContainerTransaction { changes = {} hops = [] errorCallbackToken=null taskFragmentOrganizer=null }
10-17 11:23:34.006 V/WindowManager( 714): info={id=3 t=CLOSE f=0x0 trk=0 r=[0@Point(0, 0)] c=[{WCT{RemoteToken{24a3404 Task{cd4b336 #21 type=standard A=1000:com.dangbei.haqusetting}}} m=CLOSE f=TRANSLUCENT leash=Surface(name=Task=21)/@0xf9b27b1 sb=Rect(0, 0 - 1920, 1080) eb=Rect(0, 0 - 1920, 1080) d=0}]}
10-17 11:23:34.010 I/resolv ( 448): GetAddrInfoHandler::run: {100 786532 100 983140 1000 0}
10-17 11:23:34.015 I/resolv ( 448): res_nmkquery: (QUERY, IN, A)
10-17 11:23:34.015 I/ImeTracker( 714): com.dangbei.leard.leradlauncher:7d377d7a: onRequestHide at ORIGIN_SERVER_HIDE_INPUT reason HIDE_UNSPECIFIED_WINDOW
10-17 11:23:34.015 I/resolv ( 448): resolv_cache_lookup: FOUND IN CACHE entry=0xf4a40fd0
10-17 11:23:34.015 I/resolv ( 448): doQuery: rcode=0, ancount=9, return value=212
10-17 11:23:34.015 I/ImeTracker( 714): com.dangbei.leard.leradlauncher:7d377d7a: onCancelled at PHASE_SERVER_SHOULD_HIDE
10-17 11:23:34.009 I/rainbow_flow( 2539): type=1400 audit(0.0:910): avc: denied { ioctl } for path="/dev/spidev1.0" dev="tmpfs" ino=546 ioctlcmd=0x6b00 scontext=u:r:init:s0 tcontext=u:object_r:device:s0 tclass=chr_file permissive=1
10-17 11:23:34.020 D/TrafficStats( 1524): tagSocket(124) with statsTag=0xffffffff, statsUid=-1
10-17 11:23:34.021 I/resolv ( 448): GetAddrInfoHandler::run: {100 786532 100 983140 1000 0}
10-17 11:23:34.023 I/resolv ( 448): GetAddrInfoHandler::run: {100 786532 100 983140 1000 0}
10-17 11:23:34.024 I/resolv ( 448): res_nmkquery: (QUERY, IN, A)
10-17 11:23:34.025 I/resolv ( 448): resolv_cache_lookup: FOUND IN CACHE entry=0xf4a40fd0
10-17 11:23:34.025 I/resolv ( 448): doQuery: rcode=0, ancount=9, return value=212
10-17 11:23:34.025 I/resolv ( 448): res_nmkquery: (QUERY, IN, A)
10-17 11:23:34.025 I/resolv ( 448): resolv_cache_lookup: FOUND IN CACHE entry=0xf4a40fd0
10-17 11:23:34.025 I/resolv ( 448): doQuery: rcode=0, ancount=9, return value=212
10-17 11:23:34.026 D/TrafficStats( 1524): tagSocket(157) with statsTag=0xffffffff, statsUid=-1
10-17 11:23:34.030 D/TrafficStats( 1524): tagSocket(6) with statsTag=0xffffffff, statsUid=-1
10-17 11:23:34.037 I/audio_hw_hal_stream( 460): aml_stream_out_info_print: out:0xf0b84a50, stream_type:pcm, sync_mode:non tunnel, input_size:1259520 bytes
10-17 11:23:34.037 I/audio_hw_hal_stream( 460): aml_stream_out_info_print: last_time:63781 ms (sec:63, nsec:781827487), last_position:6442 ms (309232), cur_time:63804 ms (sec:63, nsec:804251570), cur_position:6463 ms (310256)
10-17 11:23:34.037 I/audio_hw_hal_stream( 460): aml_stream_out_info_print: time_gap:23 ms (thr:100 ms), position_gap:21 ms, delay:96 ms, jitter: Position gap is behind system time gap by 2 ms (thr:100 ms)
10-17 11:23:34.038 W/WindowOnBackDispatcher( 2778): sendCancelIfRunning: isInProgress=falsecallback=android.view.ViewRootImpl$$ExternalSyntheticLambda17@979ba0e
10-17 11:23:34.038 D/CoreBackPreview( 714): Window{9d855ca u0 com.dangbei.haqusetting/com.dangbei.haqusetting.ui.HomeActivity}: Setting back callback null
10-17 11:23:34.042 W/InputManager-JNI( 714): Input channel object '9d855ca com.dangbei.haqusetting/com.dangbei.haqusetting.ui.HomeActivity (client)' was disposed without first being removed with the input manager!
10-17 11:23:34.057 I/audio_hw_hal_primary( 460): [audiohal_get_latency:1044] io 13: out:0xf0b84a50 frames:1280 rate:48000 whole_latency:26 alsa_latency:26
10-17 11:23:34.068 I/audio_hw_hal_primary( 460): [audiohal_get_latency:1044] io 13: out:0xf0b84a50 frames:1280 rate:48000 whole_latency:26 alsa_latency:26
10-17 11:23:34.077 I/audio_hw_hal_primary( 460): [audiohal_get_latency:1044] io 13: out:0xf0b84a50 frames:1024 rate:48000 whole_latency:21 alsa_latency:21
10-17 11:23:34.079 W/ContextImpl( 714): Calling a method in the system process without a qualified user: android.app.ContextImpl.startService:1899 com.android.server.wm.DisplayPolicy.lambda$focusChangedLw$5:2126 com.android.server.wm.DisplayPolicy.$r8$lambda$Znxk63oh-WzVnzo_WQefN7uxV48:0 com.android.server.wm.DisplayPolicy$$ExternalSyntheticLambda13.run:0 android.os.Handler.handleCallback:958
10-17 11:23:34.082 D/aaa ( 1564): LedStatusService onStartCommand begin
10-17 11:23:34.084 D/WindowManagerShell( 972): TvPipController: onTaskStackChanged()
10-17 11:23:34.084 D/aaa ( 1564): topPkg is -------------- :com.dangbei.leard.leradlauncher
10-17 11:23:34.087 D/aaa ( 1564): WiFi is connect
10-17 11:23:34.088 I/audio_hw_hal_primary( 460): [audiohal_get_latency:1044] io 13: out:0xf0b84a50 frames:1024 rate:48000 whole_latency:21 alsa_latency:21
10-17 11:23:34.097 I/audio_hw_hal_primary( 460): [audiohal_get_latency:1044] io 13: out:0xf0b84a50 frames:1152 rate:48000 whole_latency:24 alsa_latency:24
10-17 11:23:34.107 I/audio_hw_hal_primary( 460): [audiohal_get_latency:1044] io 13: out:0xf0b84a50 frames:1152 rate:48000 whole_latency:24 alsa_latency:24
10-17 11:23:34.117 I/audio_hw_hal_primary( 460): [audiohal_get_latency:1044] io 13: out:0xf0b84a50 frames:1152 rate:48000 whole_latency:24 alsa_latency:24
10-17 11:23:34.128 I/audio_hw_hal_primary( 460): [audiohal_get_latency:1044] io 13: out:0xf0b84a50 frames:1152 rate:48000 whole_latency:24 alsa_latency:24
10-17 11:23:34.137 I/audio_hw_hal_primary( 460): [audiohal_get_latency:1044] io 13: out:0xf0b84a50 frames:1280 rate:48000 whole_latency:26 alsa_latency:26
10-17 11:23:34.148 I/audio_hw_hal_primary( 460): [audiohal_get_latency:1044] io 13: out:0xf0b84a50 frames:1280 rate:48000 whole_latency:26 alsa_latency:26
10-17 11:23:34.157 I/audio_hw_hal_primary( 460): [audiohal_get_latency:1044] io 13: out:0xf0b84a50 frames:1024 rate:48000 whole_latency:21 alsa_latency:21
10-17 11:23:34.240 E/TaskPersister( 714): File error accessing recents directory (directory doesn't exist?).
10-17 11:23:34.409 V/WindowManagerShell( 972): Transition animation finished (aborted=false), notifying core (#3)android.os.BinderProxy@8c77074@0
10-17 11:23:34.414 V/WindowManager( 714): Finish Transition #3: created at
10-17 11:23:33.964 collect-started=0.09ms request-sent=0.224ms started=5.536ms ready=16.811ms sent=23.03ms finished=449.194ms
10-17 11:23:34.423 V/WindowManagerShell( 972): Track 0 became idle
10-17 11:23:34.423 V/WindowManagerShell( 972): All active transition animations finished
10-17 11:23:34.726 D/BufferPoolAccessor2.0( 714): bufferpool2 0xb67c28a8 : 0(0 size) total buffers - 0(0 size) used buffers - 2/7 (recycle/alloc) - 5/50 (fetch/transfer)
10-17 11:23:34.726 D/BufferPoolAccessor2.0( 714): bufferpool2 0xb67f5848 : 0(0 size) total buffers - 0(0 size) used buffers - 2/7 (recycle/alloc) - 5/60 (fetch/transfer)
10-17 11:23:34.726 D/BufferPoolAccessor2.0( 714): evictor expired: 8, evicted: 2
10-17 11:23:34.727 D/BufferPoolAccessor2.0( 607): bufferpool2 0xeb6831a8 : 0(0 size) total buffers - 0(0 size) used buffers - 17/19 (recycle/alloc) - 2/18 (fetch/transfer)
10-17 11:23:34.727 D/BufferPoolAccessor2.0( 607): bufferpool2 0xeb681348 : 0(0 size) total buffers - 0(0 size) used buffers - 26/28 (recycle/alloc) - 2/27 (fetch/transfer)
10-17 11:23:34.727 D/BufferPoolAccessor2.0( 607): bufferpool2 0xeb681c48 : 0(0 size) total buffers - 0(0 size) used buffers - 20/23 (recycle/alloc) - 3/22 (fetch/transfer)
10-17 11:23:34.727 D/BufferPoolAccessor2.0( 607): evictor expired: 3, evicted: 3
10-17 11:23:34.785 I/cling--ap-1( 2302): type=1400 audit(0.0:911): avc: denied { search } for name="net" dev="sysfs" ino=12631 scontext=u:r:untrusted_app_27:s0:c44,c256,c512,c768 tcontext=u:object_r:sysfs_net:s0 tclass=dir permissive=1 app=com.dangbei.screencast
10-17 11:23:34.785 I/cling--ap-1( 2302): type=1400 audit(0.0:912): avc: denied { read } for name="address" dev="sysfs" ino=22413 scontext=u:r:untrusted_app_27:s0:c44,c256,c512,c768 tcontext=u:object_r:sysfs_net:s0 tclass=file permissive=1 app=com.dangbei.screencast
10-17 11:23:34.785 I/cling--ap-1( 2302): type=1400 audit(0.0:913): avc: denied { open } for path="/sys/devices/virtual/net/dummy0/address" dev="sysfs" ino=22413 scontext=u:r:untrusted_app_27:s0:c44,c256,c512,c768 tcontext=u:object_r:sysfs_net:s0 tclass=file permissive=1 app=com.dangbei.screencast
10-17 11:23:34.785 I/cling--ap-1( 2302): type=1400 audit(0.0:914): avc: denied { getattr } for path="/sys/devices/virtual/net/dummy0/address" dev="sysfs" ino=22413 scontext=u:r:untrusted_app_27:s0:c44,c256,c512,c768 tcontext=u:object_r:sysfs_net:s0 tclass=file permissive=1 app=com.dangbei.screencast
10-17 11:23:36.596 I/resolv ( 448): GetAddrInfoHandler::run: {100 100 100 983140 10044 0}
10-17 11:23:36.597 I/resolv ( 448): res_nmkquery: (QUERY, IN, A)
10-17 11:23:36.602 I/resolv ( 448): res_nsend: used send_dg 129 terrno: 0
10-17 11:23:36.603 I/resolv ( 448): doQuery: rcode=0, ancount=3, return value=129
10-17 11:23:36.604 D/TrafficStats( 2302): tagSocket(227) with statsTag=0xffffffff, statsUid=-1
10-17 11:23:36.643 I/WifiHAL ( 477): call wifi_get_link_stats handler
10-17 11:23:36.643 I/WifiHAL ( 477): Creating message to get link statistics; iface = 16
10-17 11:23:36.643 D/WifiHAL ( 477): error code -95 mapped to -3
10-17 11:23:36.645 E/WifiStaIfaceAidlImpl( 714): getLinkLayerStats failed with service-specific exception: android.os.ServiceSpecificException: (code 4)
10-17 11:23:37.028 E/WifiHealthMonitor( 714): Hit PackageManager exception
10-17 11:23:37.028 E/WifiHealthMonitor( 714): android.content.pm.PackageManager$NameNotFoundException: No module info for package: com.android.wifi
10-17 11:23:37.028 E/WifiHealthMonitor( 714): at android.app.ApplicationPackageManager.getModuleInfo(ApplicationPackageManager.java:1190)
10-17 11:23:37.028 E/WifiHealthMonitor( 714): at com.android.server.wifi.WifiHealthMonitor.getWifiStackVersion(WifiHealthMonitor.java:367)
10-17 11:23:37.028 E/WifiHealthMonitor( 714): at com.android.server.wifi.WifiHealthMonitor.extractCurrentSoftwareBuildInfo(WifiHealthMonitor.java:588)
10-17 11:23:37.028 E/WifiHealthMonitor( 714): at com.android.server.wifi.WifiHealthMonitor.postBootSwBuildCheck(WifiHealthMonitor.java:523)
10-17 11:23:37.028 E/WifiHealthMonitor( 714): at com.android.server.wifi.WifiHealthMonitor.postBootDetectionHandler(WifiHealthMonitor.java:514)
10-17 11:23:37.028 E/WifiHealthMonitor( 714): at com.android.server.wifi.WifiHealthMonitor.-$$Nest$mpostBootDetectionHandler(WifiHealthMonitor.java:0)
10-17 11:23:37.028 E/WifiHealthMonitor( 714): at com.android.server.wifi.WifiHealthMonitor$2.onAlarm(WifiHealthMonitor.java:190)
10-17 11:23:37.028 E/WifiHealthMonitor( 714): at android.app.AlarmManager$ListenerWrapper.run(AlarmManager.java:375)
10-17 11:23:37.028 E/WifiHealthMonitor( 714): at android.os.Handler.handleCallback(Handler.java:958)
10-17 11:23:37.028 E/WifiHealthMonitor( 714): at android.os.Handler.dispatchMessage(Handler.java:99)
10-17 11:23:37.028 E/WifiHealthMonitor( 714): at com.android.server.wifi.RunnerHandler.dispatchMessage(RunnerHandler.java:122)
10-17 11:23:37.028 E/WifiHealthMonitor( 714): at android.os.Looper.loopOnce(Looper.java:205)
10-17 11:23:37.028 E/WifiHealthMonitor( 714): at android.os.Looper.loop(Looper.java:294)
10-17 11:23:37.028 E/WifiHealthMonitor( 714): at android.os.HandlerThread.run(HandlerThread.java:67)
10-17 11:23:37.048 D/audio_hw_hal_primary( 460): [out_standby_new:5569] io 13: out:0xf0b84a50 streamType:PCM_NORMAL
10-17 11:23:37.048 I/audio_hw_hal_primary( 460): [do_output_standby_l:5489] io 13: out:0xf0b84a50, stream streamType:PCM_NORMAL, continuous:1
10-17 11:23:37.048 I/audio_hw_hal_streamMgr( 460): [aml_get_is_exist_active_stream:249] ptmp:0xf3b058d0 pStream:0xf0b84210, amlStream:0xf0b84210, streamCount:2 nodeIndex:2, retValue:0
10-17 11:23:37.048 I/audio_hw_hal_streamMgr( 460): [aml_get_is_exist_active_stream:249] ptmp:0xf3b058d0 pStream:0xf0b84210, amlStream:0xf0b84210, streamCount:2 nodeIndex:2, retValue:0
10-17 11:23:37.048 I/audio_hw_hal_ms12common( 460): aml_set_ms12_scheduler_state ms12_scheduler_state:1, sch_state:1 SCHEDULER_STANDBY is sent to ms12
10-17 11:23:37.048 D/audio_hw_hal_primary( 460): [out_standby_new:5621] io 13: out:0xf0b84a50 streamType:PCM_NORMAL exit
10-17 11:23:37.106 I/libdolbyms12( 460): continuous underrun 5
10-17 11:23:37.422 E/TaskPersister( 714): File error accessing recents directory (directory doesn't exist?).
10-17 11:23:38.510 I/audio_hw_hal_alsamgr( 460): alsa format =0x1 delay frames =1024 total frames=2788352
10-17 11:23:39.501 D/OomAdjuster( 714): Not killing cached processes
10-17 11:23:39.650 I/WifiHAL ( 477): call wifi_get_link_stats handler
10-17 11:23:39.651 I/WifiHAL ( 477): Creating message to get link statistics; iface = 16
10-17 11:23:39.651 D/WifiHAL ( 477): error code -95 mapped to -3
10-17 11:23:39.652 E/WifiStaIfaceAidlImpl( 714): getLinkLayerStats failed with service-specific exception: android.os.ServiceSpecificException: (code 4)
10-17 11:23:40.048 D/audio_hw_hal_ms12common( 460): func:ms12_timer_callback_handler sigv:0 ~~~~~~~~~~
10-17 11:23:40.048 D/audio_hw_hal_ms12v2( 460): set_dolby_ms12_continuous_state audio_continuous_standby_set status 1
10-17 11:23:40.048 D/audio_hw_hal_continuous_standby( 460): audio_continuous_standby_set, type 0, params 1
10-17 11:23:40.048 D/audio_hw_hal_ms12common( 460): aml_send_ms12_scheduler_state_2_ms12 adev:0xf0cc1940, sch_state:1(SCHEDULER_STANDBY)
10-17 11:23:40.666 D/ActivityManager( 714): freezing 1644 android.process.acore
10-17 11:23:40.667 D/ActivityManager( 714): freezing 1738 android.process.media
10-17 11:23:42.657 I/WifiHAL ( 477): call wifi_get_link_stats handler
10-17 11:23:42.657 I/WifiHAL ( 477): Creating message to get link statistics; iface = 16
10-17 11:23:42.657 D/WifiHAL ( 477): error code -95 mapped to -3
10-17 11:23:42.657 E/WifiStaIfaceAidlImpl( 714): getLinkLayerStats failed with service-specific exception: android.os.ServiceSpecificException: (code 4)
10-17 11:23:43.967 I/BLEAudioDrive_HV412( 460): select timeout!
10-17 11:23:43.968 D/audio_so_hv_309( 460): HBG remote is powerdown!
10-17 11:23:45.662 I/WifiHAL ( 477): call wifi_get_link_stats handler
10-17 11:23:45.663 I/WifiHAL ( 477): Creating message to get link statistics; iface = 16
10-17 11:23:45.663 D/WifiHAL ( 477): error code -95 mapped to -3
10-17 11:23:45.663 E/WifiStaIfaceAidlImpl( 714): getLinkLayerStats failed with service-specific exception: android.os.ServiceSpecificException: (code 4)
10-17 11:23:47.150 D/OomAdjuster( 714): Not killing cached processes
10-17 11:23:47.153 I/PermissionControllerServiceImpl( 1062): Updating user sensitive for user 0
10-17 11:23:48.667 I/WifiHAL ( 477): call wifi_get_link_stats handler
10-17 11:23:48.668 I/WifiHAL ( 477): Creating message to get link statistics; iface = 16
10-17 11:23:48.668 D/WifiHAL ( 477): error code -95 mapped to -3
10-17 11:23:48.668 E/WifiStaIfaceAidlImpl( 714): getLinkLayerStats failed with service-specific exception: android.os.ServiceSpecificException: (code 4)
10-17 11:23:49.057 W/ ( 0): [2 T329 ..] [W2][ MSG_TX] [aml_send_sync_trace 4626]sync token[50297] time[78816064494]
10-17 11:23:49.057 W/ ( 0): [1 T1087 ..] [W2][ CMD] [cmd_complete 65]cmd tkn[34] flags:0000 result: -4 cmd: 105-MM_SYNC_TRACE - reqcfm( 0-none)
10-17 11:23:49.555 D/ActivityManager( 714): freezing 2221 com.android.statementservice
10-17 11:23:49.556 D/ActivityManager( 714): freezing 2100 com.android.rkpdapp
10-17 11:23:51.182 D/DroidlogicApplication( 1174): end setCpusetsDefault
10-17 11:23:51.673 I/WifiHAL ( 477): call wifi_get_link_stats handler
10-17 11:23:51.673 I/WifiHAL ( 477): Creating message to get link statistics; iface = 16
10-17 11:23:51.673 D/WifiHAL ( 477): error code -95 mapped to -3
10-17 11:23:51.674 E/WifiStaIfaceAidlImpl( 714): getLinkLayerStats failed with service-specific exception: android.os.ServiceSpecificException: (code 4)
10-17 11:23:52.086 W/bei.haqusetting( 2778): Cleared Reference was only reachable from finalizer (only reported once)
10-17 11:23:52.201 D/OomAdjuster( 714): Not killing cached processes
10-17 11:23:52.205 D/bbb ( 1640): onStartCommand begin !!!!!!! data分区剩余 54787MB
10-17 11:23:52.207 D/CompatibilityChangeReporter( 714): Compat change id reported: 171306433; UID 1000; state: ENABLED
10-17 11:23:52.208 D/CompatibilityChangeReporter( 714): Compat change id reported: 218533173; UID 1000; state: ENABLED
10-17 11:23:53.969 I/BLEAudioDrive_HV412( 460): select timeout!
10-17 11:23:54.631 W/BatteryExternalStatsWorker( 714): error reading Bluetooth stats: 11
10-17 11:23:54.680 I/WifiHAL ( 477): call wifi_get_link_stats handler
10-17 11:23:54.680 I/WifiHAL ( 477): Creating message to get link statistics; iface = 16
10-17 11:23:54.680 D/WifiHAL ( 477): error code -95 mapped to -3
10-17 11:23:54.680 E/WifiStaIfaceAidlImpl( 714): getLinkLayerStats failed with service-specific exception: android.os.ServiceSpecificException: (code 4)
10-17 11:23:57.395 D/OomAdjuster( 714): Not killing cached processes
10-17 11:23:57.687 I/WifiHAL ( 477): call wifi_get_link_stats handler
10-17 11:23:57.687 I/WifiHAL ( 477): Creating message to get link statistics; iface = 16
10-17 11:23:57.687 D/WifiHAL ( 477): error code -95 mapped to -3
10-17 11:23:57.687 E/WifiStaIfaceAidlImpl( 714): getLinkLayerStats failed with service-specific exception: android.os.ServiceSpecificException: (code 4)
10-17 11:24:00.622 I/audio_hw_hal_alsamgr( 460): alsa format =0x1 delay frames =768 total frames=3850752
10-17 11:24:00.693 I/WifiHAL ( 477): call wifi_get_link_stats handler
10-17 11:24:00.693 I/WifiHAL ( 477): Creating message to get link statistics; iface = 16
10-17 11:24:00.693 D/WifiHAL ( 477): error code -95 mapped to -3
10-17 11:24:00.694 E/WifiStaIfaceAidlImpl( 714): getLinkLayerStats failed with service-specific exception: android.os.ServiceSpecificException: (code 4)
10-17 11:24:01.650 I/resolv ( 448): GetAddrInfoHandler::run: {100 100 100 983140 10044 0}
10-17 11:24:01.651 I/resolv ( 448): res_nmkquery: (QUERY, IN, A)
10-17 11:24:01.652 I/resolv ( 448): resolv_cache_lookup: FOUND IN CACHE entry=0xf43c2d10
10-17 11:24:01.652 I/resolv ( 448): doQuery: rcode=0, ancount=6, return value=183
10-17 11:24:01.653 D/TrafficStats( 2302): tagSocket(141) with statsTag=0xffffffff, statsUid=-1
10-17 11:24:01.683 I/ActivityManager( 714): Background started FGS: Allowed [callingPackage: com.dangbei.screencast; callingUid: 10044; uidState: FGS ; uidBFSL: [BFSL]; intent: Intent { cmp=com.dangbei.screencast/.startup.GuardService }; code:PROC_STATE_FGS; tempAllowListReason:; targetSdkVersion:28; callerTargetSdkVersion:28; startForegroundCount:0; bindFromPackage:null: isBindService:false]
10-17 11:24:01.685 D/CompatibilityChangeReporter( 714): Compat change id reported: 135634846; UID 10044; state: DISABLED
10-17 11:24:01.686 D/CompatibilityChangeReporter( 714): Compat change id reported: 143937733; UID 10044; state: DISABLED
10-17 11:24:01.703 I/serviceDiscovery( 714): [MdnsAdvertiser] Removing service with ID 4
10-17 11:24:01.704 I/serviceDiscovery( 714): [MdnsAdvertiser] Removing service with ID 5
10-17 11:24:01.704 I/serviceDiscovery( 714): [MdnsAdvertiser] Removing service with ID 3
10-17 11:24:01.704 W/System.err( 2302): java.net.SocketException: Socket closed
10-17 11:24:01.705 W/System.err( 2302): at java.net.PlainSocketImpl.socketAccept(PlainSocketImpl.java:213)
10-17 11:24:01.705 W/System.err( 2302): at java.net.AbstractPlainSocketImpl.accept(AbstractPlainSocketImpl.java:451)
10-17 11:24:01.705 W/System.err( 2302): at java.net.ServerSocket.implAccept(ServerSocket.java:569)
10-17 11:24:01.705 W/System.err( 2302): at java.net.ServerSocket.accept(ServerSocket.java:537)
10-17 11:24:01.705 W/System.err( 2302): at b.f.f.t.f.run(Unknown Source:40)
10-17 11:24:01.705 W/System.err( 2302): at java.lang.Thread.run(Thread.java:1012)
10-17 11:24:01.710 W/UpnpServiceImpl( 2302): >>> Shutting down UPnP service...
10-17 11:24:01.711 D/Zygote ( 449): Forked child process 2922
10-17 11:24:01.712 I/ActivityManager( 714): Start proc 2922:com.dangbei.screencast:bg_guard/u0a44 for service {com.dangbei.screencast/com.dangbei.screencast.startup.GuardService}
10-17 11:24:01.717 I/Zygote ( 2922): seccomp disabled by setenforce 0
10-17 11:24:01.720 W/AbstractChannel( 2302): Can't invoke task later as EventLoop rejected it
10-17 11:24:01.720 W/AbstractChannel( 2302): java.util.concurrent.RejectedExecutionException: event executor terminated
10-17 11:24:01.720 W/AbstractChannel( 2302): at io.netty.util.concurrent.SingleThreadEventExecutor.reject(Unknown Source:4)
10-17 11:24:01.720 W/AbstractChannel( 2302): at io.netty.util.concurrent.SingleThreadEventExecutor.offerTask(Unknown Source:6)
10-17 11:24:01.720 W/AbstractChannel( 2302): at io.netty.util.concurrent.SingleThreadEventExecutor.addTask(Unknown Source:5)
10-17 11:24:01.720 W/AbstractChannel( 2302): at io.netty.util.concurrent.SingleThreadEventExecutor.execute(Unknown Source:4)
10-17 11:24:01.720 W/AbstractChannel( 2302): at io.netty.util.concurrent.SingleThreadEventExecutor.execute(Unknown Source:18)
10-17 11:24:01.720 W/AbstractChannel( 2302): at io.netty.channel.AbstractChannel$AbstractUnsafe.invokeLater(Unknown Source:6)
10-17 11:24:01.720 W/AbstractChannel( 2302): at io.netty.channel.AbstractChannel$AbstractUnsafe.deregister(Unknown Source:24)
10-17 11:24:01.720 W/AbstractChannel( 2302): at io.netty.channel.AbstractChannel$AbstractUnsafe.fireChannelInactiveAndDeregister(Unknown Source:17)
10-17 11:24:01.720 W/AbstractChannel( 2302): at io.netty.channel.AbstractChannel$AbstractUnsafe.close(Unknown Source:112)
10-17 11:24:01.720 W/AbstractChannel( 2302): at io.netty.channel.AbstractChannel$AbstractUnsafe.close(Unknown Source:12)
10-17 11:24:01.720 W/AbstractChannel( 2302): at io.netty.channel.nio.NioEventLoop.closeAll(Unknown Source:86)
10-17 11:24:01.720 W/AbstractChannel( 2302): at io.netty.channel.nio.NioEventLoop.run(Unknown Source:202)
10-17 11:24:01.720 W/AbstractChannel( 2302): at io.netty.util.concurrent.SingleThreadEventExecutor$4.run(Unknown Source:41)
10-17 11:24:01.720 W/AbstractChannel( 2302): at io.netty.util.internal.ThreadExecutorMap$2.run(Unknown Source:8)
10-17 11:24:01.720 W/AbstractChannel( 2302): at io.netty.util.concurrent.FastThreadLocalRunnable.run(Unknown Source:2)
10-17 11:24:01.720 W/AbstractChannel( 2302): at java.lang.Thread.run(Thread.java:1012)
10-17 11:24:01.722 E/raop ( 2302): httpd_stop running 1 joined 0
10-17 11:24:01.722 E/raop ( 2302): httpd_stop connection->socket_fd=0
10-17 11:24:01.722 E/raop ( 2302): httpd_stop connection->socket_fd=0
10-17 11:24:01.723 E/raop ( 2302): httpd_stop connection->socket_fd=0
10-17 11:24:01.723 E/raop ( 2302): httpd_stop connection->socket_fd=0
10-17 11:24:01.723 E/raop ( 2302): httpd_stop connection->socket_fd=0
10-17 11:24:01.723 E/raop ( 2302): httpd_stop connection->socket_fd=0
10-17 11:24:01.723 E/raop ( 2302): httpd_stop connection->socket_fd=0
10-17 11:24:01.723 E/raop ( 2302): httpd_stop connection->socket_fd=0
10-17 11:24:01.723 E/raop ( 2302): httpd_stop connection->socket_fd=0
10-17 11:24:01.723 E/raop ( 2302): httpd_stop connection->socket_fd=0
10-17 11:24:01.723 I/encast:bg_guard( 2922): Using CollectorTypeCC GC.
10-17 11:24:01.729 E/raop ( 2302): httpd_stop running 0 joined 1
10-17 11:24:01.730 E/encast:bg_guard( 2922): Not starting debugger since process cannot load the jdwp agent.
10-17 11:24:01.741 D/CompatibilityChangeReporter( 714): Compat change id reported: 168419799; UID 10044; state: DISABLED
10-17 11:24:01.742 D/CompatibilityChangeReporter( 714): Compat change id reported: 273564678; UID 10044; state: DISABLED
10-17 11:24:01.745 D/CompatibilityChangeReporter( 2922): Compat change id reported: 171979766; UID 10044; state: DISABLED
10-17 11:24:01.745 D/CompatibilityChangeReporter( 2922): Compat change id reported: 242716250; UID 10044; state: DISABLED
10-17 11:24:01.749 D/CompatibilityChangeReporter( 714): Compat change id reported: 170503758; UID 10044; state: DISABLED
10-17 11:24:01.751 D/ApplicationLoaders( 2922): Returning zygote-cached class loader: /system/framework/android.test.base.jar
10-17 11:24:01.751 D/ApplicationLoaders( 2922): Returning zygote-cached class loader: /system/framework/android.hidl.manager-V1.0-java.jar
10-17 11:24:01.751 D/ApplicationLoaders( 2922): Returning zygote-cached class loader: /system/framework/android.hidl.base-V1.0-java.jar
10-17 11:24:01.761 D/nativeloader( 2922): Configuring clns-shared-4 for other apk /system/app/dangbei-screencast/dangbei-screencast.apk. target_sdk_version=28, uses_libraries=, library_path=/system/app/dangbei-screencast/lib/arm:/system/app/dangbei-screencast/dangbei-screencast.apk!/lib/armeabi-v7a:/system/lib:/system_ext/lib, permitted_path=/data:/mnt/expand:/data/user/0/com.dangbei.screencast:/system/app/dangbei-screencast:/system/lib:/system_ext/lib
10-17 11:24:01.782 V/GraphicsEnvironment( 2922): Currently set values for:
10-17 11:24:01.783 V/GraphicsEnvironment( 2922): angle_gl_driver_selection_pkgs=[]
10-17 11:24:01.783 V/GraphicsEnvironment( 2922): angle_gl_driver_selection_values=[]
10-17 11:24:01.783 V/GraphicsEnvironment( 2922): ANGLE GameManagerService for com.dangbei.screencast: false
10-17 11:24:01.783 V/GraphicsEnvironment( 2922): com.dangbei.screencast is not listed in per-application setting
10-17 11:24:01.784 V/GraphicsEnvironment( 2922): Neither updatable production driver nor prerelease driver is supported.
10-17 11:24:01.788 I/MultiDex( 2922): VM with version 2.1.0 has multidex support
10-17 11:24:01.788 I/MultiDex( 2922): Installing application
10-17 11:24:01.788 I/MultiDex( 2922): VM has multidex support, MultiDex support library is disabled.
10-17 11:24:01.789 D/CompatibilityChangeReporter( 2922): Compat change id reported: 247079863; UID 10044; state: DISABLED
10-17 11:24:01.797 D/CompatibilityChangeReporter( 714): Compat change id reported: 161145287; UID 10044; state: DISABLED
10-17 11:24:01.817 I/encast:bg_guard( 2922): type=1400 audit(0.0:915): avc: denied { search } for name="net" dev="sysfs" ino=12631 scontext=u:r:untrusted_app_27:s0:c44,c256,c512,c768 tcontext=u:object_r:sysfs_net:s0 tclass=dir permissive=1 app=com.dangbei.screencast
10-17 11:24:01.817 I/encast:bg_guard( 2922): type=1400 audit(0.0:916): avc: denied { read } for name="address" dev="sysfs" ino=22413 scontext=u:r:untrusted_app_27:s0:c44,c256,c512,c768 tcontext=u:object_r:sysfs_net:s0 tclass=file permissive=1 app=com.dangbei.screencast
10-17 11:24:01.817 I/encast:bg_guard( 2922): type=1400 audit(0.0:917): avc: denied { open } for path="/sys/devices/virtual/net/dummy0/address" dev="sysfs" ino=22413 scontext=u:r:untrusted_app_27:s0:c44,c256,c512,c768 tcontext=u:object_r:sysfs_net:s0 tclass=file permissive=1 app=com.dangbei.screencast
10-17 11:24:01.833 I/crashsdk( 2922): version unique build id: 6230cced
10-17 11:24:01.833 I/crashsdk( 2922): version unique build id: 6230cced
10-17 11:24:01.844 W/[2 T2956 ..] audit( 0): audit_lost=144 audit_rate_limit=5 audit_backlog_limit=64
10-17 11:24:01.846 E/[2 T2956 ..] audit( 0): rate limit exceeded
10-17 11:24:01.838 D/crashsdk( 2922): Native log stat thread 2969 setup, waiting
10-17 11:24:01.838 I/efs.base( 2302): wa upload succ, HttpResponse {succ=true, code=200, data='æš‚ä¸æ”¯æŒè¯¥æœåŠ¡', extra={req_url=https://errlog.umeng.com/api/crashsdk/logcollect}}
10-17 11:24:01.840 I/crashsdk( 2922): begin hack android.os.Process
10-17 11:24:01.840 I/crashsdk( 2922): end hack android.os.Process
10-17 11:24:01.817 I/encast:bg_guard( 2922): type=1400 audit(0.0:918): avc: denied { getattr } for path="/sys/devices/virtual/net/dummy0/address" dev="sysfs" ino=22413 scontext=u:r:untrusted_app_27:s0:c44,c256,c512,c768 tcontext=u:object_r:sysfs_net:s0 tclass=file permissive=1 app=com.dangbei.screencast
10-17 11:24:01.829 I/Thread-3( 2922): type=1400 audit(0.0:919): avc: denied { read } for name="version" dev="proc" ino=4026532005 scontext=u:r:untrusted_app_27:s0:c44,c256,c512,c768 tcontext=u:object_r:proc_version:s0 tclass=file permissive=1 app=com.dangbei.screencast
10-17 11:24:01.846 I/TDLog ( 2922): setReportUncaughtExceptions: true
10-17 11:24:01.847 E/Application( 2922): onCreate:Version:v2.8.3/20830/883432e
10-17 11:24:01.829 I/Thread-3( 2922): type=1400 audit(0.0:920): avc: denied { open } for path="/proc/version" dev="proc" ino=4026532005 scontext=u:r:untrusted_app_27:s0:c44,c256,c512,c768 tcontext=u:object_r:proc_version:s0 tclass=file permissive=1 app=com.dangbei.screencast
10-17 11:24:01.857 W/efs.send_log( 2922): tryFileLock start!
10-17 11:24:01.860 I/efs.config( 2922): --->>> 删除旧的é…置文件 false
