10-17 11:22:54.069 I/HibernationPolicy( 1062): scheduleHibernationJob with frequency 1296000000ms and threshold 7776000000ms
10-17 11:22:54.071 D/NetworkMonitor/100( 1040): checkAndRenewResourceConfig: update captive portal https urls to [https://www.google.com/generate_204]
10-17 11:22:54.071 D/NetworkMonitor/100( 1040): checkAndRenewResourceConfig: update captive portal http urls to [http://connectivitycheck.gstatic.com/generate_204]
10-17 11:22:54.074 D/NetworkMonitor/100( 1040): checkAndRenewResourceConfig: update captive portal fallback urls to[http://www.google.com/gen_204, http://play.googleapis.com/generate_204]
10-17 11:22:54.074 D/NetworkMonitor( 1040): Starting on network 100 with capport HTTPS URL [https://www.google.com/generate_204] and HTTP URL [http://connectivitycheck.gstatic.com/generate_204]
10-17 11:22:54.076 V/MediaProvider( 1491): onConfigure() for internal.db
10-17 11:22:54.080 W/ContextImpl( 1506): Calling a method in the system process without a qualified user: android.app.ContextImpl.sendBroadcast:1220 android.content.ContextWrapper.sendBroadcast:504 com.dangbei.etna.setting.core.SettingHelper.sendCycleToProjector:276 com.dangbei.etna.setting.core.SettingHelper.sendCycleCheckBroadcast:245 com.dangbei.etna.setting.core.SettingHelper.sendCycleCheckBootGuideStatusMessage:234
10-17 11:22:54.080 E/ccc ( 1506): cccccc etnaService addListener com.dangbei.lerad.etna.lib.client.EtnaServerListener@7fd6035 com.dangbei.lerad.etna.haqu.andes
10-17 11:22:54.081 W/ContextImpl( 1506): Calling a method in the system process without a qualified user: android.app.ContextImpl.sendBroadcast:1220 android.content.ContextWrapper.sendBroadcast:504 com.dangbei.etna.setting.core.SettingHelper.sendCycleToVoice:261 com.dangbei.etna.setting.core.SettingHelper.sendCycleCheckBroadcast:246 com.dangbei.etna.setting.core.SettingHelper.sendCycleCheckBootGuideStatusMessage:234
10-17 11:22:54.082 I/WifiClientModeImpl[19480:wlan0]( 714): Update current security type to 2
10-17 11:22:54.087 D/CompatibilityChangeReporter( 1506): Compat change id reported: 270306772; UID 1000; state: DISABLED
10-17 11:22:54.091 I/HibernationPolicy( 1062): user 0 is a profileowner. Running hibernation job.
10-17 11:22:54.091 D/CompatibilityChangeReporter( 1506): Compat change id reported: 235355681; UID 1000; state: DISABLED
10-17 11:22:54.093 I/HibernationPolicy( 1062): Job already scheduled.
10-17 11:22:54.097 D/nativeloader( 1738): Configuring clns-shared-6 for other apk /system/priv-app/MediaProviderLegacy/MediaProviderLegacy.apk. target_sdk_version=34, uses_libraries=, library_path=/system/priv-app/MediaProviderLegacy/lib/arm:/system/lib:/system_ext/lib, permitted_path=/data:/mnt/expand:/data/user/0/com.android.providers.media:/system/priv-app/MediaProviderLegacy:/system/lib:/system_ext/lib
10-17 11:22:54.130 W/ ( 0): [1 T517 ..] [W2][ MAIN] [aml_inetaddr6_event 6886]dev wlan0 is up, comm:binder:448_1, pid:517 vif:0, ipv6:fe80:0000:0000:0000:2f22:002d:55f8:2594
10-17 11:22:54.130 W/ ( 0): [0 T1087 ..] [W2][ CMD] [cmd_complete 65]cmd tkn[28] flags:0000 result: -4 cmd: 105-MM_SUB_NOTIFY_IP - reqcfm( 0-none)
10-17 11:22:54.104 E/MDnsDS ( 448): Failed to start: Service already running
10-17 11:22:54.106 E/MDnsManager( 714): Start mdns failed.
10-17 11:22:54.106 E/MDnsManager( 714): android.os.ServiceSpecificException: Device or resource busy (code 16)
10-17 11:22:54.106 E/MDnsManager( 714): at android.os.Parcel.createExceptionOrNull(Parcel.java:3093)
10-17 11:22:54.106 E/MDnsManager( 714): at android.os.Parcel.createException(Parcel.java:3063)
10-17 11:22:54.106 E/MDnsManager( 714): at android.os.Parcel.readException(Parcel.java:3046)
10-17 11:22:54.106 E/MDnsManager( 714): at android.os.Parcel.readException(Parcel.java:2988)
10-17 11:22:54.106 E/MDnsManager( 714): at android.net.connectivity.android.net.mdns.aidl.IMDns$Stub$Proxy.startDaemon(IMDns.java:216)
10-17 11:22:54.106 E/MDnsManager( 714): at android.net.connectivity.android.net.nsd.MDnsManager.startDaemon(MDnsManager.java:53)
10-17 11:22:54.106 E/MDnsManager( 714): at android.net.connectivity.com.android.server.NsdService$NsdStateMachine.maybeStartDaemon(NsdService.java:332)
10-17 11:22:54.106 E/MDnsManager( 714): at android.net.connectivity.com.android.server.NsdService$NsdStateMachine.-$$Nest$mmaybeStartDaemon(NsdService.java:0)
10-17 11:22:54.106 E/MDnsManager( 714): at android.net.connectivity.com.android.server.NsdService$NsdStateMachine$DefaultState.processMessage(NsdService.java:486)
10-17 11:22:54.106 E/MDnsManager( 714): at android.net.connectivity.com.android.internal.util.StateMachine$SmHandler.processMsg(StateMachine.java:993)
10-17 11:22:54.106 E/MDnsManager( 714): at android.net.connectivity.com.android.internal.util.StateMachine$SmHandler.handleMessage(StateMachine.java:810)
10-17 11:22:54.106 E/MDnsManager( 714): at android.os.Handler.dispatchMessage(Handler.java:106)
10-17 11:22:54.106 E/MDnsManager( 714): at android.os.Looper.loopOnce(Looper.java:205)
10-17 11:22:54.106 E/MDnsManager( 714): at android.os.Looper.loop(Looper.java:294)
10-17 11:22:54.106 E/MDnsManager( 714): at android.os.HandlerThread.run(HandlerThread.java:67)
10-17 11:22:54.110 I/netd ( 448): setProcSysNet(6, 1, wlan0, accept_ra, 2) <0.30ms>
10-17 11:22:54.111 I/netd ( 448): interfaceGetCfg(wlan0) -> {InterfaceConfigurationParcel{ifName: wlan0, hwAddr: c0:e3:50:49:c1:08, ipv4Addr: 0.0.0.0, prefixLength: 0, flags: [up, broadcast, running, multicast]}} <0.63ms>
10-17 11:22:54.111 I/netd ( 448): interfaceSetIPv6PrivacyExtensions(wlan0, true) <0.42ms>
10-17 11:22:54.111 D/WifiService( 714): updateInterfaceIpState: ifaceName=wlan0 mode=-1 previous LOHS mode= -1
10-17 11:22:54.112 I/netd ( 448): interfaceGetCfg(wlan0) -> {InterfaceConfigurationParcel{ifName: wlan0, hwAddr: c0:e3:50:49:c1:08, ipv4Addr: 0.0.0.0, prefixLength: 0, flags: [up, broadcast, running, multicast]}} <0.29ms>
10-17 11:22:54.114 D/CompatibilityChangeReporter( 1835): Compat change id reported: 171979766; UID 1000; state: ENABLED
10-17 11:22:54.114 I/WifiHAL ( 477): call wifi_get_link_stats handler
10-17 11:22:54.114 I/WifiHAL ( 477): Creating message to get link statistics; iface = 16
10-17 11:22:54.114 D/CompatibilityChangeReporter( 1835): Compat change id reported: 242716250; UID 1000; state: ENABLED
10-17 11:22:54.114 D/WifiHAL ( 477): error code -95 mapped to -3
10-17 11:22:54.115 E/WifiStaIfaceAidlImpl( 714): getLinkLayerStats failed with service-specific exception: android.os.ServiceSpecificException: (code 4)
10-17 11:22:54.115 D/CompatibilityChangeReporter( 714): Compat change id reported: 171306433; UID 1000; state: ENABLED
10-17 11:22:54.117 I/netd ( 448): setIPv6AddrGenMode(wlan0, 2) <0.37ms>
10-17 11:22:54.120 I/netd ( 448): interfaceSetEnableIPv6(wlan0, true) <0.37ms>
10-17 11:22:54.125 V/MediaProvider( 1491): onOpen() for internal.db
10-17 11:22:54.126 D/CompatibilityChangeReporter( 1438): Compat change id reported: 160794467; UID 10053; state: ENABLED
10-17 11:22:54.128 V/MediaProvider( 1491): onOpen() finished for internal.db
10-17 11:22:54.128 I/ConnectivityService( 714): Update score for net 100 : +TRANSPORT_PRIMARY
10-17 11:22:54.129 D/ConnectivityService( 714): NetReassign [no changes] [c 0] [a 0] [i 0]
10-17 11:22:54.131 D/ConnectivityService( 714): NetReassign [no changes] [c 0] [a 0] [i 1]
10-17 11:22:54.134 D/WifiHAL ( 477): Setting APF program, halHandle = 0xe7cc29e0
10-17 11:22:54.134 I/WifiHAL ( 477): createRequest: APF set program request
10-17 11:22:54.135 D/WifiHAL ( 477): error code -95 mapped to -3
10-17 11:22:54.135 I/WifiHAL ( 477): Request Response failed for APF, result = -3
10-17 11:22:54.135 E/WifiStaIfaceAidlImpl( 714): installApfPacketFilter failed with service-specific exception: android.os.ServiceSpecificException: (code 4)
10-17 11:22:54.136 D/WifiHAL ( 477): Setting APF program, halHandle = 0xe7cc29e0
10-17 11:22:54.136 I/WifiHAL ( 477): createRequest: APF set program request
10-17 11:22:54.136 D/WifiHAL ( 477): error code -95 mapped to -3
10-17 11:22:54.136 I/WifiHAL ( 477): Request Response failed for APF, result = -3
10-17 11:22:54.137 E/WifiStaIfaceAidlImpl( 714): installApfPacketFilter failed with service-specific exception: android.os.ServiceSpecificException: (code 4)
10-17 11:22:54.143 I/netd ( 448): setProcSysNet(4, 2, wlan0, retrans_time_ms, 750) <0.24ms>
10-17 11:22:54.144 I/netd ( 448): setProcSysNet(4, 2, wlan0, ucast_solicit, 5) <0.19ms>
10-17 11:22:54.146 I/netd ( 448): setProcSysNet(4, 2, wlan0, mcast_resolicit, 3) <0.22ms>
10-17 11:22:54.146 I/netd ( 448): setProcSysNet(6, 2, wlan0, retrans_time_ms, 750) <0.26ms>
10-17 11:22:54.147 I/netd ( 448): setProcSysNet(6, 2, wlan0, ucast_solicit, 5) <0.18ms>
10-17 11:22:54.148 I/netd ( 448): setProcSysNet(6, 2, wlan0, mcast_resolicit, 3) <0.21ms>
10-17 11:22:54.149 D/CompatibilityChangeReporter( 714): Compat change id reported: 182734110; UID 10064; state: ENABLED
10-17 11:22:54.150 D/WanCommander( 1506): handleConnection:
10-17 11:22:54.154 I/netd ( 448): setProcSysNet(4, 2, wlan0, retrans_time_ms, 1000) <0.17ms>
10-17 11:22:54.154 D/PackageManager( 714): Instant App installer not found with android.intent.action.INSTALL_INSTANT_APP_PACKAGE
10-17 11:22:54.154 D/PackageManager( 714): Clear ephemeral installer activity
10-17 11:22:54.154 I/netd ( 448): setProcSysNet(4, 2, wlan0, ucast_solicit, 15) <0.11ms>
10-17 11:22:54.155 I/netd ( 448): setProcSysNet(6, 2, wlan0, retrans_time_ms, 1000) <0.13ms>
10-17 11:22:54.155 I/netd ( 448): setProcSysNet(6, 2, wlan0, ucast_solicit, 15) <0.08ms>
10-17 11:22:54.161 D/IpClient/wlan0( 1040): routeUpdated: fe80::/64 -> :: wlan0 mtu 0
10-17 11:22:54.163 D/IpClient/wlan0( 1040): addressUpdated: fe80::2f22:2d:55f8:2594/64 on ifindex 16 flags 0x000008C4 scope 253
10-17 11:22:54.170 E/DiskReceiver( 1360): Missing fsUuid, not launching activity.
10-17 11:22:54.173 I/UMConfigure( 1524): current appkey is 5bc71fa4b465f5845d0001b8, last appkey is 5bc71fa4b465f5845d0001b8
10-17 11:22:54.174 V/SafetyCenterBackgroundR( 1062): Received a android.intent.action.BOOT_COMPLETED broadcast, but safety center is currently disabled. Cancelling any existing job.
10-17 11:22:54.176 E/EtnaListener( 1506): onServerConnected
10-17 11:22:54.176 D/QuickLifeImpl( 1506): onReceive intent : Intent { act=android.net.wifi.STATE_CHANGE flg=0x4000010 (has extras) }
10-17 11:22:54.180 D/SafetyLabelChangesJobService( 1062): Received broadcast with intent action 'android.intent.action.BOOT_COMPLETED'
10-17 11:22:54.182 I/SafetyLabelChangesJobService( 1062): onReceive: Safety label change notifications are not enabled.
10-17 11:22:54.184 D/DiskReceiver( 1360): Scanning volume: VolumeInfo{emulated;0}:
10-17 11:22:54.184 D/DiskReceiver( 1360): type=EMULATED diskId=null partGuid= mountFlags=PRIMARY|VISIBLE_FOR_WRITE
10-17 11:22:54.184 D/DiskReceiver( 1360): mountUserId=0 state=MOUNTED
10-17 11:22:54.184 D/DiskReceiver( 1360): fsType=null fsUuid=null fsLabel=null
10-17 11:22:54.184 D/DiskReceiver( 1360): path=/storage/emulated internalPath=/data/media
10-17 11:22:54.186 D/Zygote ( 449): Forked child process 1861
10-17 11:22:54.186 W/ActivityManager( 714): Slow operation: 334ms so far, now at startProcess: returned from zygote!
10-17 11:22:54.187 W/ActivityManager( 714): Slow operation: 334ms so far, now at startProcess: done updating battery stats
10-17 11:22:54.187 W/ActivityManager( 714): Slow operation: 334ms so far, now at startProcess: building log message
10-17 11:22:54.187 I/ActivityManager( 714): Start proc 1861:com.android.localtransport/1000 for service {com.android.localtransport/com.android.localtransport.LocalTransportService}
10-17 11:22:54.187 W/ActivityManager( 714): Slow operation: 334ms so far, now at startProcess: starting to update pids map
10-17 11:22:54.187 W/ActivityManager( 714): Slow operation: 335ms so far, now at startProcess: done updating pids map
10-17 11:22:54.187 W/ActivityManager( 714): Slow operation: 134ms so far, now at startProcess: asking zygote to start proc
10-17 11:22:54.190 D/CompatibilityChangeReporter( 1438): Compat change id reported: 194532703; UID 10053; state: ENABLED
10-17 11:22:54.190 D/ConnectivityService( 714): requestNetwork for uid/pid:1000/1524 activeRequest: null callbackRequest: 37 [NetworkRequest [ REQUEST id=38, [ Capabilities: INTERNET&NOT_RESTRICTED&TRUSTED&NOT_VCN_MANAGED Uid: 1000 RequestorUid: 1000 RequestorPkg: com.dangbei.leard.leradlauncher UnderlyingNetworks: Null] ]] callback flags: 0 order: 2147483647
10-17 11:22:54.191 D/CompatibilityChangeReporter( 1438): Compat change id reported: 253665015; UID 10053; state: ENABLED
10-17 11:22:54.192 D/ConnectivityService( 714): NetReassign [no changes] [c 0] [a 0] [i 1]
10-17 11:22:54.192 D/WifiNetworkFactory( 714): got request NetworkRequest [ REQUEST id=38, [ Capabilities: INTERNET&NOT_RESTRICTED&TRUSTED&NOT_VCN_MANAGED Uid: 1000 RequestorUid: 1000 RequestorPkg: com.dangbei.leard.leradlauncher UnderlyingNetworks: Null] ]
10-17 11:22:54.193 D/UntrustedWifiNetworkFactory( 714): got request NetworkRequest [ REQUEST id=38, [ Capabilities: INTERNET&NOT_RESTRICTED&TRUSTED&NOT_VCN_MANAGED Uid: 1000 RequestorUid: 1000 RequestorPkg: com.dangbei.leard.leradlauncher UnderlyingNetworks: Null] ]
10-17 11:22:54.194 D/OemPaidWifiNetworkFactory( 714): got request NetworkRequest [ REQUEST id=38, [ Capabilities: INTERNET&NOT_RESTRICTED&TRUSTED&NOT_VCN_MANAGED Uid: 1000 RequestorUid: 1000 RequestorPkg: com.dangbei.leard.leradlauncher UnderlyingNetworks: Null] ]
10-17 11:22:54.194 D/MultiInternetWifiNetworkFactory( 714): got request NetworkRequest [ REQUEST id=38, [ Capabilities: INTERNET&NOT_RESTRICTED&TRUSTED&NOT_VCN_MANAGED Uid: 1000 RequestorUid: 1000 RequestorPkg: com.dangbei.leard.leradlauncher UnderlyingNetworks: Null] ]
10-17 11:22:54.196 D/CompatibilityChangeReporter( 714): Compat change id reported: 271850009; UID 10053; state: ENABLED
10-17 11:22:54.196 D/CompatibilityChangeReporter( 714): Compat change id reported: 253665015; UID 10053; state: ENABLED
10-17 11:22:54.196 D/CompatibilityChangeReporter( 714): Compat change id reported: 194532703; UID 10053; state: ENABLED
10-17 11:22:54.197 D/OsInitLaunch( 1524): send cache: launchAd, playAd, complete, null
10-17 11:22:54.197 E/Trigger ( 1524): ContinuousTrigger current:AdCallback next: null 队列name: launcer
10-17 11:22:54.197 E/Trigger ( 1524): ContinuousTrigger clear 队列name: launcer
10-17 11:22:54.198 I/Choreographer( 1524): Skipped 39 frames! The application may be doing too much work on its main thread.
10-17 11:22:54.200 D/ConnectivityService( 714): requestNetwork for uid/pid:1000/714 asUid: 10053 activeRequest: null callbackRequest: 39 [NetworkRequest [ REQUEST id=40, [ Capabilities: INTERNET&NOT_RESTRICTED&TRUSTED&NOT_VCN_MANAGED Uid: 10053 RequestorUid: 1000 RequestorPkg: android UnderlyingNetworks: Null] ]] callback flags: 0 order: 2147483647
10-17 11:22:54.201 D/ConnectivityService( 714): NetReassign [no changes] [c 0] [a 0] [i 1]
10-17 11:22:54.202 D/WifiNetworkFactory( 714): got request NetworkRequest [ REQUEST id=40, [ Capabilities: INTERNET&NOT_RESTRICTED&TRUSTED&NOT_VCN_MANAGED Uid: 10053 RequestorUid: 1000 RequestorPkg: android UnderlyingNetworks: Null] ]
10-17 11:22:54.202 D/UntrustedWifiNetworkFactory( 714): got request NetworkRequest [ REQUEST id=40, [ Capabilities: INTERNET&NOT_RESTRICTED&TRUSTED&NOT_VCN_MANAGED Uid: 10053 RequestorUid: 1000 RequestorPkg: android UnderlyingNetworks: Null] ]
10-17 11:22:54.202 D/OemPaidWifiNetworkFactory( 714): got request NetworkRequest [ REQUEST id=40, [ Capabilities: INTERNET&NOT_RESTRICTED&TRUSTED&NOT_VCN_MANAGED Uid: 10053 RequestorUid: 1000 RequestorPkg: android UnderlyingNetworks: Null] ]
10-17 11:22:54.202 D/MultiInternetWifiNetworkFactory( 714): got request NetworkRequest [ REQUEST id=40, [ Capabilities: INTERNET&NOT_RESTRICTED&TRUSTED&NOT_VCN_MANAGED Uid: 10053 RequestorUid: 1000 RequestorPkg: android UnderlyingNetworks: Null] ]
10-17 11:22:54.208 D/CompatibilityChangeReporter( 714): Compat change id reported: 161145287; UID 10019; state: ENABLED
10-17 11:22:54.211 D/TrafficStats( 1040): tagSocket(101) with statsTag=0xfffffe01, statsUid=-1
10-17 11:22:54.216 E/ccc ( 1506): cccccc etnaService addListener com.dangbei.lerad.etna.aidl.IEtnaAidlListener$Stub$Proxy@eca7304 com.dangbei.leard.leradlauncher
10-17 11:22:54.217 E/hq ( 1524): Etna:::etnaClient connectState=true
10-17 11:22:54.217 E/getHdmiStatus( 1524): sourceInputStatus=null mEtnaAdapter=com.dangbei.launcher.etna.EtnaAdapter@a0c173d
10-17 11:22:54.219 E/hq ( 1524): USBReceiver:::USBReceiver onReceive: action=android.intent.action.MEDIA_MOUNTED
10-17 11:22:54.221 W/ContextImpl( 1524): Calling a method in the system process without a qualified user: android.app.ContextImpl.bindService:1988 android.content.ContextWrapper.bindService:861 ve.b.h:57 ve.b$c.call:3 xe.c$a.run:5
10-17 11:22:54.226 D/CompatibilityChangeReporter( 714): Compat change id reported: 214016041; UID 1000; state: ENABLED
10-17 11:22:54.226 D/CompatibilityChangeReporter( 714): Compat change id reported: 214016041; UID 1000; state: DISABLED
10-17 11:22:54.228 I/ImeTracker( 714): com.dangbei.leard.leradlauncher:496bccfe: onRequestHide at ORIGIN_SERVER_HIDE_INPUT reason HIDE_UNSPECIFIED_WINDOW
10-17 11:22:54.228 I/Zygote ( 1861): seccomp disabled by setenforce 0
10-17 11:22:54.228 I/ImeTracker( 714): com.dangbei.leard.leradlauncher:496bccfe: onCancelled at PHASE_SERVER_SHOULD_HIDE
10-17 11:22:54.229 D/nativeloader( 1835): Configuring clns-shared-4 for other apk /system/priv-app/DynamicSystemInstallationService/DynamicSystemInstallationService.apk. target_sdk_version=34, uses_libraries=, library_path=/system/priv-app/DynamicSystemInstallationService/lib/arm:/system/priv-app/DynamicSystemInstallationService/DynamicSystemInstallationService.apk!/lib/armeabi-v7a:/system/lib:/system_ext/lib, permitted_path=/data:/mnt/expand:/data/user/0/com.android.dynsystem:/system/priv-app/DynamicSystemInstallationService:/system/lib:/system_ext/lib
10-17 11:22:54.232 I/hq ( 1524): hq:::curl -X GET "https://ottdbui-tyapiqun7.yysh.mgtv.com/v1/agile/navList?rommodelnumber=AcRpJnmM0co%3D&cpuserial=PlZpqfc1JpxOOZ0anAV38AcloAYinsDQ&pattern=4Beei9NZNdo%3D&rommodel=yOjHVedNSYg5sKMTZcMv%2Bg%3D%3D&sn=kxGxhO562VQFs9XfoN5df8l2leD8vGAB&lang=vT%2FCsDI%2Fr10%3D&brand=yX9G3n%2BCRfo%3D&theme=L%2B%2FPU%2FFQgEY%3D&vcode=o%2BppAkqptlQ%3D&vname=oql4Ml1tHJc%3D&license=Hs4jp68qr9I%3D&channel=TIQ8TWTDuwcWDSToIpEIPg%3D%3D&packagename=qzBdBNULiCmiu3CIMurjL7PIryC36aZ2YdCJzQtyjcQ%3D&romvercode=BhA8%2F38Giec%3D&romvername=UDOuEwwco6o%3D&network=IGYWVa9OT%2Bk%3D&deviceEid=vekl%2BDoGXTb1yyOVx0nh49WD6BWcy3Xw1mLzhOpa2qIVnbRZvMQp2A%3D%3D&mac=iP4TVZLko9WOY1jHvhRZzQf86%2FjZ6UxK&userid=pctYUOG3RH0%3D"
10-17 11:22:54.233 D/CompatibilityChangeReporter( 714): Compat change id reported: 135634846; UID 10040; state: DISABLED
10-17 11:22:54.233 V/WindowManagerShell( 972): Transition animation finished (aborted=false), notifying core (#1)android.os.BinderProxy@e1bb4e@0
10-17 11:22:54.237 W/System.err( 1524): com.dangbei.leard.base.proider.error.ApiException: java.net.UnknownHostException: Unable to resolve host "ottdbui-tyapiqun7.yysh.mgtv.com": No address associated with hostname
10-17 11:22:54.237 W/System.err( 1524): at com.dangbei.leard.base.proider.error.ErrorExtKt.handleException(SourceFile:286)
10-17 11:22:54.237 W/System.err( 1524): at com.dangbei.leard.base.ext.FlowExtKt.runHttpTry2Data(SourceFile:224)
10-17 11:22:54.238 W/System.err( 1524): at com.dangbei.leard.base.ext.FlowExtKt$runHttpTry2Data$1.invokeSuspend(Unknown Source:15)
10-17 11:22:54.238 W/System.err( 1524): at kotlin.coroutines.jvm.internal.BaseContinuationImpl.resumeWith(SourceFile:12)
10-17 11:22:54.238 W/System.err( 1524): at kotlinx.coroutines.internal.ScopeCoroutine.afterResume(Unknown Source:6)
10-17 11:22:54.238 W/System.err( 1524): at kotlinx.coroutines.AbstractCoroutine.resumeWith(SourceFile:16)
10-17 11:22:54.238 W/System.err( 1524): at kotlin.coroutines.jvm.internal.BaseContinuationImpl.resumeWith(SourceFile:50)
10-17 11:22:54.238 W/System.err( 1524): at kotlinx.coroutines.DispatchedTask.run(SourceFile:105)
10-17 11:22:54.238 W/System.err( 1524): at kotlinx.coroutines.internal.LimitedDispatcher.run(SourceFile:13)
10-17 11:22:54.238 W/System.err( 1524): at kotlinx.coroutines.scheduling.TaskImpl.run(SourceFile:3)
10-17 11:22:54.238 W/System.err( 1524): at kotlinx.coroutines.scheduling.CoroutineScheduler.runSafely(SourceFile:1)
10-17 11:22:54.238 W/System.err( 1524): at kotlinx.coroutines.scheduling.CoroutineScheduler$Worker.executeTask(SourceFile:15)
10-17 11:22:54.238 W/System.err( 1524): at kotlinx.coroutines.scheduling.CoroutineScheduler$Worker.runWorker(SourceFile:29)
10-17 11:22:54.238 W/System.err( 1524): at kotlinx.coroutines.scheduling.CoroutineScheduler$Worker.run(Unknown Source:0)
10-17 11:22:54.238 W/System.err( 1524): Caused by: java.net.UnknownHostException: Unable to resolve host "ottdbui-tyapiqun7.yysh.mgtv.com": No address associated with hostname
10-17 11:22:54.238 W/System.err( 1524): at java.net.Inet6AddressImpl.lookupHostByName(Inet6AddressImpl.java:124)
10-17 11:22:54.238 W/System.err( 1524): at java.net.Inet6AddressImpl.lookupAllHostAddr(Inet6AddressImpl.java:103)
10-17 11:22:54.238 W/System.err( 1524): at java.net.InetAddress.getAllByName(InetAddress.java:1152)
10-17 11:22:54.238 W/System.err( 1524): at okhttp3.Dns$Companion$DnsSystem.lookup(SourceFile:6)
10-17 11:22:54.238 W/System.err( 1524): at okhttp3.internal.connection.RouteSelector.resetNextInetSocketAddress(SourceFile:153)
10-17 11:22:54.238 W/System.err( 1524): at okhttp3.internal.connection.RouteSelector.nextProxy(SourceFile:21)
10-17 11:22:54.238 W/System.err( 1524): at okhttp3.internal.connection.RouteSelector.next(SourceFile:18)
10-17 11:22:54.238 W/System.err( 1524): at okhttp3.internal.connection.ExchangeFinder.findConnection(SourceFile:197)
10-17 11:22:54.238 W/System.err( 1524): at okhttp3.internal.connection.ExchangeFinder.findHealthyConnection(SourceFile:1)
10-17 11:22:54.238 W/System.err( 1524): at okhttp3.internal.connection.ExchangeFinder.find(SourceFile:52)
10-17 11:22:54.238 W/System.err( 1524): at okhttp3.internal.connection.RealCall.initExchange$okhttp(SourceFile:32)
10-17 11:22:54.238 W/System.err( 1524): at okhttp3.internal.connection.ConnectInterceptor.intercept(SourceFile:12)
10-17 11:22:54.238 W/System.err( 1524): at okhttp3.internal.http.RealInterceptorChain.proceed(SourceFile:155)
10-17 11:22:54.238 W/System.err( 1524): at okhttp3.internal.cache.CacheInterceptor.intercept(SourceFile:190)
10-17 11:22:54.238 W/System.err( 1524): at okhttp3.internal.http.RealInterceptorChain.proceed(SourceFile:155)
10-17 11:22:54.238 W/System.err( 1524): at okhttp3.internal.http.BridgeInterceptor.intercept(SourceFile:168)
10-17 11:22:54.238 W/System.err( 1524): at okhttp3.internal.http.RealInterceptorChain.proceed(SourceFile:155)
10-17 11:22:54.238 W/System.err( 1524): at okhttp3.internal.http.RetryAndFollowUpInterceptor.intercept(SourceFile:35)
10-17 11:22:54.238 W/System.err( 1524): at okhttp3.internal.http.RealInterceptorChain.proceed(SourceFile:155)
10-17 11:22:54.238 W/System.err( 1524): at com.monster.ok2curl.CurlInterceptor.intercept(SourceFile:26)
10-17 11:22:54.238 W/System.err( 1524): at okhttp3.internal.http.RealInterceptorChain.proceed(SourceFile:155)
10-17 11:22:54.238 W/System.err( 1524): at com.dangbei.leard.base.proider.net.interceptor.DomainSwitchInterceptor.intercept(SourceFile:72)
10-17 11:22:54.238 W/System.err( 1524): at okhttp3.internal.http.RealInterceptorChain.proceed(SourceFile:155)
10-17 11:22:54.238 W/System.err( 1524): at com.dangbei.leard.base.proider.net.interceptor.RequestSignAndEncryptInterceptor.intercept(SourceFile:240)
10-17 11:22:54.238 W/System.err( 1524): at okhttp3.internal.http.RealInterceptorChain.proceed(SourceFile:155)
10-17 11:22:54.239 W/System.err( 1524): at com.dangbei.leard.base.proider.net.interceptor.RequestExtraParamsInterceptor.intercept(SourceFile:241)
10-17 11:22:54.239 W/System.err( 1524): at okhttp3.internal.http.RealInterceptorChain.proceed(SourceFile:155)
10-17 11:22:54.239 W/System.err( 1524): at okhttp3.internal.connection.RealCall.getResponseWithInterceptorChain$okhttp(SourceFile:114)
10-17 11:22:54.239 W/System.err( 1524): at okhttp3.internal.connection.RealCall$AsyncCall.run(SourceFile:41)
10-17 11:22:54.239 W/System.err( 1524): at java.util.concurrent.ThreadPoolExecutor.runWorker(ThreadPoolExecutor.java:1145)
10-17 11:22:54.240 W/System.err( 1524): at java.util.concurrent.ThreadPoolExecutor$Worker.run(ThreadPoolExecutor.java:644)
10-17 11:22:54.240 W/System.err( 1524): at java.lang.Thread.run(Thread.java:1012)
10-17 11:22:54.240 E/hq ( 1524): ErrorCoroutineExceptionHandler:::runTry error:java.net.UnknownHostException: Unable to resolve host "ottdbui-tyapiqun7.yysh.mgtv.com": No address associated with hostname from=requestAppBarData_loadData
10-17 11:22:54.243 V/WindowManager( 714): Finish Transition #1: created at
10-17 11:22:50.888 collect-started=0.148ms request-sent=0.815ms started=12.097ms ready=598.868ms sent=2879.442ms finished=3353.441ms
10-17 11:22:54.252 I/MediaProvider( 1491): Scanned internal due to REASON_MOUNTED, found 4 items in 120ms, 0 inserts 0 updates 0 deletes
10-17 11:22:54.256 W/ModernMediaScanner( 1491): Failed to visit /oem/media: java.nio.file.NoSuchFileException: /oem/media
10-17 11:22:54.257 D/CompatibilityChangeReporter( 1524): Compat change id reported: 147600208; UID 1000; state: DISABLED
10-17 11:22:54.263 I/.localtransport( 1861): Using CollectorTypeCC GC.
10-17 11:22:54.265 V/WindowManagerShell( 972): Track 0 became idle
10-17 11:22:54.265 V/WindowManagerShell( 972): All active transition animations finished
10-17 11:22:54.265 W/Looper ( 972): Slow dispatch took 71ms wmshell.main h=android.os.Handler c=com.android.wm.shell.transition.DefaultTransitionHandler$$ExternalSyntheticLambda10@b69ee44 m=0
10-17 11:22:54.267 I/PermissionEventCleanupJobService( 1062): Job already scheduled.
10-17 11:22:54.269 D/ConnectivityService( 714): requestNetwork for uid/pid:10053/1438 activeRequest: null callbackRequest: 41 [NetworkRequest [ REQUEST id=42, [ Capabilities: INTERNET&NOT_RESTRICTED&TRUSTED&NOT_VCN_MANAGED Uid: 10053 RequestorUid: 10053 RequestorPkg: com.android.devicelockcontroller UnderlyingNetworks: Null] ]] callback flags: 0 order: 2147483647
10-17 11:22:54.270 D/WifiNetworkFactory( 714): got request NetworkRequest [ REQUEST id=42, [ Capabilities: INTERNET&NOT_RESTRICTED&TRUSTED&NOT_VCN_MANAGED Uid: 10053 RequestorUid: 10053 RequestorPkg: com.android.devicelockcontroller UnderlyingNetworks: Null] ]
10-17 11:22:54.270 D/UntrustedWifiNetworkFactory( 714): got request NetworkRequest [ REQUEST id=42, [ Capabilities: INTERNET&NOT_RESTRICTED&TRUSTED&NOT_VCN_MANAGED Uid: 10053 RequestorUid: 10053 RequestorPkg: com.android.devicelockcontroller UnderlyingNetworks: Null] ]
10-17 11:22:54.270 D/OemPaidWifiNetworkFactory( 714): got request NetworkRequest [ REQUEST id=42, [ Capabilities: INTERNET&NOT_RESTRICTED&TRUSTED&NOT_VCN_MANAGED Uid: 10053 RequestorUid: 10053 RequestorPkg: com.android.devicelockcontroller UnderlyingNetworks: Null] ]
10-17 11:22:54.270 D/ConnectivityService( 714): NetReassign [no changes] [c 0] [a 0] [i 1]
10-17 11:22:54.270 D/MultiInternetWifiNetworkFactory( 714): got request NetworkRequest [ REQUEST id=42, [ Capabilities: INTERNET&NOT_RESTRICTED&TRUSTED&NOT_VCN_MANAGED Uid: 10053 RequestorUid: 10053 RequestorPkg: com.android.devicelockcontroller UnderlyingNetworks: Null] ]
10-17 11:22:54.272 D/IpClient.wlan0( 1040): set max DTIM multiplier to 1
10-17 11:22:54.273 E/.localtransport( 1861): Not starting debugger since process cannot load the jdwp agent.
10-17 11:22:54.273 D/PermissionStorageTimeChangeReceiver( 1062): systemTimeSnapshot set to 1760671374273
10-17 11:22:54.274 D/PermissionStorageTimeChangeReceiver( 1062): realtimeSnapshot set to 27488
10-17 11:22:54.280 E/ccc ( 1506): cccccc etnaService addListener com.dangbei.lerad.etna.aidl.IEtnaAidlListener$Stub$Proxy@45660ed com.dangbei.leard.leradlauncher
10-17 11:22:54.280 E/hq ( 1524): Etna:::etnaClient connectState=true
10-17 11:22:54.283 I/MediaProvider( 1491): Scanned internal due to REASON_MOUNTED, found 0 items in 28ms, 0 inserts 0 updates 0 deletes
10-17 11:22:54.283 D/CompatibilityChangeReporter( 1524): Compat change id reported: 263076149; UID 1000; state: DISABLED
10-17 11:22:54.298 I/OpenGLRenderer( 1524): Davey! duration=737ms; Flags=0, FrameTimelineVsyncId=1007, IntendedVsync=26755740334, Vsync=27406377334, InputEventId=0, HandleInputStart=27413428095, AnimationStart=27413430178, PerformTraversalsStart=27413431012, DrawStart=27422092220, FrameDeadline=26774423667, FrameInterval=27412906678, FrameStartTime=16683000, SyncQueued=27424254553, SyncStart=27424325387, IssueDrawCommandsStart=27426420637, SwapBuffers=27459118303, FrameCompleted=27493048762, DequeueBufferDuration=26375, QueueBufferDuration=32567459, GpuCompleted=27465843387, SwapBuffersCompleted=27493048762, DisplayPresentTime=0, CommandSubmissionCompleted=27459118303,
10-17 11:22:54.304 D/UMLog ( 1524): 当å‰å‘é€ç­–略为:å¯åŠ¨æ—¶å‘é€ã€‚详è§é“¾æŽ¥ https://developer.umeng.com/docs/66632/detail/66976?um_channel=sdk
10-17 11:22:54.304 D/MobclickAgent( 1524): Report policy : ReportAtLaunch
10-17 11:22:54.306 V/GraphicsEnvironment( 1835): Currently set values for:
10-17 11:22:54.306 V/GraphicsEnvironment( 1835): angle_gl_driver_selection_pkgs=[]
10-17 11:22:54.306 V/GraphicsEnvironment( 1835): angle_gl_driver_selection_values=[]
10-17 11:22:54.307 V/GraphicsEnvironment( 1835): ANGLE GameManagerService for com.android.dynsystem: false
10-17 11:22:54.307 V/GraphicsEnvironment( 1835): com.android.dynsystem is not listed in per-application setting
10-17 11:22:54.307 V/GraphicsEnvironment( 1835): Neither updatable production driver nor prerelease driver is supported.
10-17 11:22:54.315 I/ActivityManager( 714): com.android.managedprovisioning is exempt from freezer
10-17 11:22:54.315 D/CompatibilityChangeReporter( 714): Compat change id reported: 135634846; UID 10022; state: DISABLED
10-17 11:22:54.315 D/CompatibilityChangeReporter( 714): Compat change id reported: 177438394; UID 10022; state: DISABLED
10-17 11:22:54.316 D/CompatibilityChangeReporter( 714): Compat change id reported: 135772972; UID 10022; state: DISABLED
10-17 11:22:54.316 D/CompatibilityChangeReporter( 714): Compat change id reported: 135754954; UID 10022; state: ENABLED
10-17 11:22:54.325 I/MediaProvider( 1491): Scanned internal due to REASON_MOUNTED, found 10 items in 37ms, 0 inserts 0 updates 0 deletes
10-17 11:22:54.332 I/ActivityManager( 714): com.android.dynsystem is exempt from freezer
10-17 11:22:54.333 D/CompatibilityChangeReporter( 714): Compat change id reported: 135634846; UID 1000; state: DISABLED
10-17 11:22:54.342 D/Zygote ( 449): Forked child process 1887
10-17 11:22:54.342 W/ActivityManager( 714): Slow operation: 289ms so far, now at startProcess: returned from zygote!
10-17 11:22:54.343 W/ActivityManager( 714): Slow operation: 289ms so far, now at startProcess: done updating battery stats
10-17 11:22:54.343 W/ActivityManager( 714): Slow operation: 289ms so far, now at startProcess: building log message
10-17 11:22:54.343 I/ActivityManager( 714): Start proc 1887:com.dangbei.lerad.rocky/1000 for service {com.dangbei.lerad.rocky/com.dangbei.rocky.RockyService}
10-17 11:22:54.343 W/ActivityManager( 714): Slow operation: 290ms so far, now at startProcess: starting to update pids map
10-17 11:22:54.343 W/ActivityManager( 714): Slow operation: 290ms so far, now at startProcess: done updating pids map
10-17 11:22:54.343 W/ActivityManager( 714): Slow operation: 111ms so far, now at startProcess: asking zygote to start proc
10-17 11:22:54.343 D/CompatibilityChangeReporter( 714): Compat change id reported: 143937733; UID 10040; state: DISABLED
10-17 11:22:54.344 D/ConnectivityService( 714): Adding iface wlan0 to network 100
10-17 11:22:54.345 E/Netd ( 448): no such netId 100
10-17 11:22:54.345 I/netd ( 448): networkAddInterface(100, wlan0) -> ServiceSpecificException(64, "Machine is not on the network") <0.13ms>
10-17 11:22:54.345 W/ConnectivityService( 714): Exception adding interface: android.os.ServiceSpecificException: Machine is not on the network (code 64)
10-17 11:22:54.346 D/CompatibilityChangeReporter( 714): Compat change id reported: 186082280; UID 1000; state: ENABLED
10-17 11:22:54.348 E/Netd ( 448): no such netId 100
10-17 11:22:54.348 I/netd ( 448): networkAddRouteParcel(100, RouteInfoParcel{destination: fe80::/64, ifName: wlan0, nextHop: , mtu: 0}) -> ServiceSpecificException(64, "Machine is not on the network") <0.10ms>
10-17 11:22:54.350 D/WifiHAL ( 477): Setting DTIM config , halHandle = 0xe7cc29e0 Multiplier = 1
10-17 11:22:54.351 I/Zygote ( 1887): seccomp disabled by setenforce 0
10-17 11:22:54.351 I/WifiHAL ( 477): Successfully configured dtim multiplier 1
10-17 11:22:54.351 D/WifiHAL ( 477): error code -95 mapped to -3
10-17 11:22:54.352 E/WifiStaIfaceAidlImpl( 714): setDtimMultiplier failed with service-specific exception: android.os.ServiceSpecificException: (code 4)
10-17 11:22:54.353 I/wpa_supplicant( 1113): wpa_driver_nl80211_driver_cmd: wifi vendor: aml_w2_s
10-17 11:22:54.353 I/wpa_supplicant( 1113): wpa_driver_nl80211_driver_cmd: wlan0: private command: SETSUSPENDMODE 0
10-17 11:22:54.354 D/ExifInterface( 1524): No image meets the size requirements of a thumbnail image.
10-17 11:22:54.357 I/bei.lerad.rocky( 1887): Using CollectorTypeCC GC.
10-17 11:22:54.363 W/ ( 0): [1 T1113 ..] [W2][ GENERIC] [aml_android_set_suspend_mode 78]set google_cast 0
10-17 11:22:54.370 W/ ( 0): [0 T1113 ..] [W2][ MAIN] [aml_cfg80211_set_power_mgmt 3288]>>> aml_cfg80211_set_power_mgmt(3288)
10-17 11:22:54.368 I/WifiHAL ( 477): call wifi_get_link_stats handler
10-17 11:22:54.368 I/WifiHAL ( 477): Creating message to get link statistics; iface = 16
10-17 11:22:54.368 D/WifiHAL ( 477): error code -95 mapped to -3
10-17 11:22:54.368 E/WifiStaIfaceAidlImpl( 714): getLinkLayerStats failed with service-specific exception: android.os.ServiceSpecificException: (code 4)
10-17 11:22:54.374 W/BestClock( 714): java.time.DateTimeException: Missing network time fix
10-17 11:22:54.377 E/bei.lerad.rocky( 1887): Not starting debugger since process cannot load the jdwp agent.
10-17 11:22:54.377 D/CompatibilityChangeReporter( 714): Compat change id reported: 168419799; UID 1000; state: DISABLED
10-17 11:22:54.378 D/CompatibilityChangeReporter( 714): Compat change id reported: 273564678; UID 1000; state: DISABLED
10-17 11:22:54.385 D/CompatibilityChangeReporter( 1861): Compat change id reported: 171979766; UID 1000; state: ENABLED
10-17 11:22:54.385 D/CompatibilityChangeReporter( 1861): Compat change id reported: 242716250; UID 1000; state: ENABLED
10-17 11:22:54.395 D/CompatibilityChangeReporter( 714): Compat change id reported: 168419799; UID 1000; state: DISABLED
10-17 11:22:54.396 D/CompatibilityChangeReporter( 714): Compat change id reported: 273564678; UID 1000; state: DISABLED
10-17 11:22:54.401 D/Zygote ( 449): Forked child process 1904
10-17 11:22:54.370 W/ ( 0): [0 T1113 ..] [W2][ MSG_TX] [aml_send_me_set_ps_mode 2177]set power save mode:0
10-17 11:22:54.401 W/ActivityManager( 714): Slow operation: 168ms so far, now at startProcess: returned from zygote!
10-17 11:22:54.371 W/ ( 0): [3 T1087 ..] [W2][ CMD] [cmd_complete 65]cmd tkn[29] flags:0002 result: -4 cmd:5139-ME_SET_PS_MODE_REQ - reqcfm(5140-ME_SET_PS_MODE_CFM)
10-17 11:22:54.401 W/ActivityManager( 714): Slow operation: 169ms so far, now at startProcess: done updating battery stats
10-17 11:22:54.401 W/ActivityManager( 714): Slow operation: 169ms so far, now at startProcess: building log message
10-17 11:22:54.401 I/ActivityManager( 714): Start proc 1904:com.sohu.inputmethod.sogou.tv/u0a40 for service {com.sohu.inputmethod.sogou.tv/com.sohu.inputmethod.sogou.tv.SogouIME}
10-17 11:22:54.401 W/ActivityManager( 714): Slow operation: 169ms so far, now at startProcess: starting to update pids map
10-17 11:22:54.402 W/ActivityManager( 714): Slow operation: 169ms so far, now at startProcess: done updating pids map
10-17 11:22:54.402 W/ActivityManager( 714): Slow operation: 87ms so far, now at startProcess: asking zygote to start proc
10-17 11:22:54.402 D/CompatibilityChangeReporter( 714): Compat change id reported: 143937733; UID 10022; state: ENABLED
10-17 11:22:54.407 D/CompatibilityChangeReporter( 1887): Compat change id reported: 171979766; UID 1000; state: DISABLED
10-17 11:22:54.407 D/CompatibilityChangeReporter( 1887): Compat change id reported: 242716250; UID 1000; state: DISABLED
10-17 11:22:54.422 D/CompatibilityChangeReporter( 1738): Compat change id reported: 194532703; UID 10019; state: ENABLED
10-17 11:22:54.422 D/CompatibilityChangeReporter( 1738): Compat change id reported: 253665015; UID 10019; state: ENABLED
10-17 11:22:54.423 I/netd ( 448): tetherGetStats() -> {[]} <1.53ms>
10-17 11:22:54.424 D/CompatibilityChangeReporter( 714): Compat change id reported: 253665015; UID 10019; state: ENABLED
10-17 11:22:54.425 D/CompatibilityChangeReporter( 714): Compat change id reported: 194532703; UID 10019; state: ENABLED
10-17 11:22:54.425 W/BestClock( 714): java.time.DateTimeException: Missing network time fix
10-17 11:22:54.434 D/ApplicationLoaders( 1887): Returning zygote-cached class loader: /system/framework/android.test.base.jar
10-17 11:22:54.438 D/ApplicationLoaders( 1887): Returning zygote-cached class loader: /system/framework/android.hidl.manager-V1.0-java.jar
10-17 11:22:54.438 D/ApplicationLoaders( 1887): Returning zygote-cached class loader: /system/framework/android.hidl.base-V1.0-java.jar
10-17 11:22:54.439 D/DhcpClient( 1040): l2key: W983cbe9350c858c0 lease address: /192.168.50.100 lease expiry: 1760757685078 current time: 1760671374438
10-17 11:22:54.442 D/Zygote ( 449): Forked child process 1908
10-17 11:22:54.443 W/ActivityManager( 714): Slow operation: 129ms so far, now at startProcess: returned from zygote!
10-17 11:22:54.444 W/ActivityManager( 714): Slow operation: 129ms so far, now at startProcess: done updating battery stats
10-17 11:22:54.444 W/ActivityManager( 714): Slow operation: 129ms so far, now at startProcess: building log message
10-17 11:22:54.444 I/ActivityManager( 714): Start proc 1908:com.android.managedprovisioning/u0a22 for broadcast {com.android.managedprovisioning/com.android.managedprovisioning.BootReminder}
10-17 11:22:54.444 W/ActivityManager( 714): Slow operation: 130ms so far, now at startProcess: starting to update pids map
10-17 11:22:54.444 W/ActivityManager( 714): Slow operation: 130ms so far, now at startProcess: done updating pids map
10-17 11:22:54.444 W/ActivityManager( 714): Slow operation: 112ms so far, now at startProcess: asking zygote to start proc
10-17 11:22:54.458 W/ ( 0): [3 T1248 ..] [W2][ TX] [aml_filter_sp_data_frame 1361][SP FRAME TX][0] DHCP
10-17 11:22:54.448 D/DhcpClient( 1040): Broadcasting DHCPREQUEST ciaddr=0.0.0.0 request=192.168.50.100 serverid=null
10-17 11:22:54.451 I/Zygote ( 1908): seccomp disabled by setenforce 0
10-17 11:22:54.457 I/gedprovisioning( 1908): Using CollectorTypeCC GC.
10-17 11:22:54.467 W/ ( 0): [3 T1087 ..] [W2][ BA] [aml_rx_mm_ba_add_ind 100]ADDBA RX 10:7c:61:1a:4b:90[6] bufsz 64 ssn 1
10-17 11:22:54.467 W/ ( 0): [3 T1087 ..] [W2][ MSG_RX] [aml_sdio_usb_host_reo_detected 220]=== enable host reorder ===
10-17 11:22:54.469 W/ ( 0): [3 T1087 ..] [W2][ BA] [aml_rx_mm_ba_cfm 141]ADDBA -- 10:7c:61:1a:4b:90[6] status:0
10-17 11:22:54.474 W/ ( 0): [1 T1087 ..] [W2][ BA] [aml_rx_mm_ba_add_ind 100]ADDBA RX 10:7c:61:1a:4b:90[0] bufsz 64 ssn 1
10-17 11:22:54.475 W/ ( 0): [1 T1087 ..] [W2][ BA] [aml_rx_mm_ba_cfm 141]ADDBA -- 10:7c:61:1a:4b:90[0] status:0
10-17 11:22:54.467 E/gedprovisioning( 1908): Not starting debugger since process cannot load the jdwp agent.
10-17 11:22:54.474 I/Zygote ( 1904): seccomp disabled by setenforce 0
10-17 11:22:54.485 I/method.sogou.tv( 1904): Using CollectorTypeCC GC.
10-17 11:22:54.486 D/CompatibilityChangeReporter( 714): Compat change id reported: 168419799; UID 10022; state: DISABLED
10-17 11:22:54.486 D/CompatibilityChangeReporter( 714): Compat change id reported: 273564678; UID 10022; state: DISABLED
10-17 11:22:54.493 D/CompatibilityChangeReporter( 714): Compat change id reported: 265195908; UID 10022; state: ENABLED
10-17 11:22:54.495 D/nativeloader( 1861): Configuring clns-shared-4 for other apk /system/priv-app/LocalTransport/LocalTransport.apk. target_sdk_version=34, uses_libraries=, library_path=/system/priv-app/LocalTransport/lib/arm:/system/priv-app/LocalTransport/LocalTransport.apk!/lib/armeabi-v7a:/system/lib:/system_ext/lib, permitted_path=/data:/mnt/expand:/data/user/0/com.android.localtransport:/system/priv-app/LocalTransport:/system/lib:/system_ext/lib
10-17 11:22:54.496 D/StatisticParamUtil( 1524): getBluetoothAddressSdk23: error
10-17 11:22:54.501 I/UtilCommon( 1524): bluetoothMac=C0:E3:50:49:C1:09
10-17 11:22:54.502 E/wangli ( 1524): env: 0_true
10-17 11:22:54.504 E/method.sogou.tv( 1904): Not starting debugger since process cannot load the jdwp agent.
10-17 11:22:54.508 D/CompatibilityChangeReporter( 1908): Compat change id reported: 171979766; UID 10022; state: ENABLED
10-17 11:22:54.508 D/CompatibilityChangeReporter( 1908): Compat change id reported: 242716250; UID 10022; state: ENABLED
10-17 11:22:54.513 D/CompatibilityChangeReporter( 714): Compat change id reported: 170503758; UID 10022; state: ENABLED
10-17 11:22:54.527 E/hq ( 1524): USBReceiver:::USBReceiver onReceive: list=1
10-17 11:22:54.534 V/GraphicsEnvironment( 1861): Currently set values for:
10-17 11:22:54.534 D/Zygote ( 449): Forked child process 1937
10-17 11:22:54.534 V/GraphicsEnvironment( 1861): angle_gl_driver_selection_pkgs=[]
10-17 11:22:54.535 V/GraphicsEnvironment( 1861): angle_gl_driver_selection_values=[]
10-17 11:22:54.535 V/GraphicsEnvironment( 1861): ANGLE GameManagerService for com.android.localtransport: false
10-17 11:22:54.535 V/GraphicsEnvironment( 1861): com.android.localtransport is not listed in per-application setting
10-17 11:22:54.536 V/GraphicsEnvironment( 1861): Neither updatable production driver nor prerelease driver is supported.
10-17 11:22:54.536 D/nativeloader( 1887): Configuring clns-shared-4 for other apk /system/app/Rocky/Rocky.apk. target_sdk_version=28, uses_libraries=, library_path=/system/app/Rocky/lib/arm:/system/app/Rocky/Rocky.apk!/lib/armeabi-v7a:/system/lib:/system_ext/lib, permitted_path=/data:/mnt/expand:/data/user/0/com.dangbei.lerad.rocky:/system/app/Rocky:/system/lib:/system_ext/lib
10-17 11:22:54.536 D/CompatibilityChangeReporter( 714): Compat change id reported: 168419799; UID 10040; state: DISABLED
10-17 11:22:54.536 W/ActivityManager( 714): Slow operation: 204ms so far, now at startProcess: returned from zygote!
10-17 11:22:54.536 D/CompatibilityChangeReporter( 714): Compat change id reported: 273564678; UID 10040; state: DISABLED
10-17 11:22:54.539 W/ActivityManager( 714): Slow operation: 206ms so far, now at startProcess: done updating battery stats
10-17 11:22:54.539 W/ActivityManager( 714): Slow operation: 206ms so far, now at startProcess: building log message
10-17 11:22:54.539 I/ActivityManager( 714): Start proc 1937:com.android.dynsystem:dynsystem/1000 for service {com.android.dynsystem/com.android.dynsystem.DynamicSystemInstallationService}
10-17 11:22:54.539 W/ActivityManager( 714): Slow operation: 207ms so far, now at startProcess: starting to update pids map
10-17 11:22:54.539 W/ActivityManager( 714): Slow operation: 207ms so far, now at startProcess: done updating pids map
10-17 11:22:54.541 I/Zygote ( 1937): seccomp disabled by setenforce 0
10-17 11:22:54.542 D/CompatibilityChangeReporter( 714): Compat change id reported: 265195908; UID 10040; state: ENABLED
10-17 11:22:54.553 D/CompatibilityChangeReporter( 1904): Compat change id reported: 171979766; UID 10040; state: DISABLED
10-17 11:22:54.554 D/CompatibilityChangeReporter( 1904): Compat change id reported: 242716250; UID 10040; state: DISABLED
10-17 11:22:54.555 W/gedprovisioning( 1908): ClassLoaderContext shared library size mismatch. Expected=2, found=0 (PCL[]{PCL[/system_ext/framework/androidx.window.extensions.jar*3899424839]#PCL[/system_ext/framework/androidx.window.sidecar.jar*1628888021]} | PCL[])
10-17 11:22:54.557 I/ystem:dynsystem( 1937): Using CollectorTypeCC GC.
10-17 11:22:54.560 D/CompatibilityChangeReporter( 714): Compat change id reported: 170503758; UID 10040; state: DISABLED
10-17 11:22:54.567 D/ApplicationLoaders( 1904): Returning zygote-cached class loader: /system/framework/android.test.base.jar
10-17 11:22:54.567 D/ApplicationLoaders( 1904): Returning zygote-cached class loader: /system/framework/android.hidl.manager-V1.0-java.jar
10-17 11:22:54.567 D/ApplicationLoaders( 1904): Returning zygote-cached class loader: /system/framework/android.hidl.base-V1.0-java.jar
10-17 11:22:54.567 I/TransportConnection( 714): LocalTransportService#0: Notifying [TransportManager.registerTransport()] transport = BackupTransportClient
10-17 11:22:54.569 E/ystem:dynsystem( 1937): Not starting debugger since process cannot load the jdwp agent.
10-17 11:22:54.580 D/nativeloader( 1908): Configuring clns-shared-4 for other apk /system/priv-app/ManagedProvisioning/ManagedProvisioning.apk. target_sdk_version=34, uses_libraries=, library_path=/system/priv-app/ManagedProvisioning/lib/arm:/system/lib:/system_ext/lib, permitted_path=/data:/mnt/expand:/data/user/0/com.android.managedprovisioning:/system/priv-app/ManagedProvisioning:/system/lib:/system_ext/lib
10-17 11:22:54.588 D/CompatibilityChangeReporter( 1937): Compat change id reported: 171979766; UID 1000; state: ENABLED
10-17 11:22:54.588 D/CompatibilityChangeReporter( 1937): Compat change id reported: 242716250; UID 1000; state: ENABLED
10-17 11:22:54.602 D/nativeloader( 1904): Configuring clns-shared-4 for other apk /system/app/com.sohu.inputmethod.sogou.tv/com.sohu.inputmethod.sogou.tv.apk. target_sdk_version=28, uses_libraries=, library_path=/system/app/com.sohu.inputmethod.sogou.tv/lib/arm:/system/app/com.sohu.inputmethod.sogou.tv/com.sohu.inputmethod.sogou.tv.apk!/lib/armeabi-v7a:/system/lib:/system_ext/lib, permitted_path=/data:/mnt/expand:/data/user_de/0/com.sohu.inputmethod.sogou.tv:/system/app/com.sohu.inputmethod.sogou.tv:/system/lib:/system_ext/lib
10-17 11:22:54.612 V/GraphicsEnvironment( 1887): Currently set values for:
10-17 11:22:54.614 D/nativeloader( 1937): Configuring clns-shared-4 for other apk /system/priv-app/DynamicSystemInstallationService/DynamicSystemInstallationService.apk. target_sdk_version=34, uses_libraries=, library_path=/system/priv-app/DynamicSystemInstallationService/lib/arm:/system/priv-app/DynamicSystemInstallationService/DynamicSystemInstallationService.apk!/lib/armeabi-v7a:/system/lib:/system_ext/lib, permitted_path=/data:/mnt/expand:/data/user/0/com.android.dynsystem:/system/priv-app/DynamicSystemInstallationService:/system/lib:/system_ext/lib
10-17 11:22:54.614 V/GraphicsEnvironment( 1887): angle_gl_driver_selection_pkgs=[]
10-17 11:22:54.614 V/GraphicsEnvironment( 1887): angle_gl_driver_selection_values=[]
10-17 11:22:54.615 V/GraphicsEnvironment( 1887): ANGLE GameManagerService for com.dangbei.lerad.rocky: false
10-17 11:22:54.615 V/GraphicsEnvironment( 1887): com.dangbei.lerad.rocky is not listed in per-application setting
10-17 11:22:54.620 V/GraphicsEnvironment( 1887): Neither updatable production driver nor prerelease driver is supported.
10-17 11:22:54.639 I/MultiDex( 1887): VM with version 2.1.0 has multidex support
10-17 11:22:54.639 I/MultiDex( 1887): Installing application
10-17 11:22:54.639 I/MultiDex( 1887): VM has multidex support, MultiDex support library is disabled.
10-17 11:22:54.646 V/GraphicsEnvironment( 1937): Currently set values for:
10-17 11:22:54.646 V/GraphicsEnvironment( 1937): angle_gl_driver_selection_pkgs=[]
10-17 11:22:54.646 V/GraphicsEnvironment( 1908): Currently set values for:
10-17 11:22:54.646 V/GraphicsEnvironment( 1937): angle_gl_driver_selection_values=[]
10-17 11:22:54.647 V/GraphicsEnvironment( 1908): angle_gl_driver_selection_pkgs=[]
10-17 11:22:54.647 V/GraphicsEnvironment( 1908): angle_gl_driver_selection_values=[]
10-17 11:22:54.647 V/GraphicsEnvironment( 1937): ANGLE GameManagerService for com.android.dynsystem: false
10-17 11:22:54.647 V/GraphicsEnvironment( 1937): com.android.dynsystem is not listed in per-application setting
10-17 11:22:54.647 V/GraphicsEnvironment( 1937): Neither updatable production driver nor prerelease driver is supported.
10-17 11:22:54.647 V/GraphicsEnvironment( 1908): ANGLE GameManagerService for com.android.managedprovisioning: false
10-17 11:22:54.648 V/GraphicsEnvironment( 1908): com.android.managedprovisioning is not listed in per-application setting
10-17 11:22:54.648 V/GraphicsEnvironment( 1908): Neither updatable production driver nor prerelease driver is supported.
10-17 11:22:54.653 D/BackupTransportManager( 714): [UserID:0] Transport com.android.localtransport/.LocalTransportService registered
10-17 11:22:54.653 D/BackupManagerService( 714): [UserID:0] Transport com.android.localtransport/.LocalTransport registered 3812ms after first request (delay = 3000ms)
10-17 11:22:54.659 V/GraphicsEnvironment( 1904): Currently set values for:
10-17 11:22:54.660 V/GraphicsEnvironment( 1904): angle_gl_driver_selection_pkgs=[]
10-17 11:22:54.660 V/GraphicsEnvironment( 1904): angle_gl_driver_selection_values=[]
10-17 11:22:54.660 V/GraphicsEnvironment( 1904): ANGLE GameManagerService for com.sohu.inputmethod.sogou.tv: false
10-17 11:22:54.660 I/BackupManagerService( 714): [UserID:0] Found 7 stale backup journal(s), scheduling.
10-17 11:22:54.660 V/GraphicsEnvironment( 1904): com.sohu.inputmethod.sogou.tv is not listed in per-application setting
10-17 11:22:54.660 V/GraphicsEnvironment( 1904): Neither updatable production driver nor prerelease driver is supported.
