11-03 16:43:38.641 D/StrictMode( 2895): at okhttp3.internal.http.RealInterceptorChain.proceed(RealInterceptorChain.java:67)
11-03 16:43:38.641 D/StrictMode( 2895): at okhttp3.RealCall.getResponseWithInterceptorChain(RealCall.java:170)
11-03 16:43:38.641 D/StrictMode( 2895): at okhttp3.RealCall.execute(RealCall.java:60)
11-03 16:43:38.641 D/StrictMode( 2895): at com.wangjiegulu.dal.request.XHttpObservable$3.subscribe(XHttpObservable.java:126)
11-03 16:43:38.641 D/StrictMode( 2895): at io.reactivex.internal.operators.observable.ObservableCreate.subscribeActual(ObservableCreate.java:40)
11-03 16:43:38.641 D/StrictMode( 2895): at io.reactivex.Observable.subscribe(Observable.java:12267)
11-03 16:43:38.641 D/StrictMode( 2895): at io.reactivex.internal.operators.observable.ObservableTimeoutTimed.subscribeActual(ObservableTimeoutTimed.java:47)
11-03 16:43:38.641 D/StrictMode( 2895): at io.reactivex.Observable.subscribe(Observable.java:12267)
11-03 16:43:38.641 D/StrictMode( 2895): at io.reactivex.internal.operators.observable.ObservableRetryBiPredicate$RetryBiObserver.subscribeNext(ObservableRetryBiPredicate.java:101)
11-03 16:43:38.641 D/StrictMode( 2895): at io.reactivex.internal.operators.observable.ObservableRetryBiPredicate.subscribeActual(ObservableRetryBiPredicate.java:39)
11-03 16:43:38.641 D/StrictMode( 2895): at io.reactivex.Observable.subscribe(Observable.java:12267)
11-03 16:43:38.641 D/StrictMode( 2895): at io.reactivex.internal.operators.observable.ObservableMap.subscribeActual(ObservableMap.java:32)
11-03 16:43:38.641 D/StrictMode( 2895): at io.reactivex.Observable.subscribe(Observable.java:12267)
11-03 16:43:38.641 D/StrictMode( 2895): at io.reactivex.internal.operators.observable.ObservableSubscribeOn$SubscribeTask.run(ObservableSubscribeOn.java:96)
11-03 16:43:38.641 D/StrictMode( 2895): at io.reactivex.internal.schedulers.ScheduledDirectTask.call(ScheduledDirectTask.java:38)
11-03 16:43:38.641 D/StrictMode( 2895): at io.reactivex.internal.schedulers.ScheduledDirectTask.call(ScheduledDirectTask.java:26)
11-03 16:43:38.641 D/StrictMode( 2895): at java.util.concurrent.FutureTask.run(FutureTask.java:264)
11-03 16:43:38.641 D/StrictMode( 2895): at java.util.concurrent.ThreadPoolExecutor.runWorker(ThreadPoolExecutor.java:1145)
11-03 16:43:38.641 D/StrictMode( 2895): at java.util.concurrent.ThreadPoolExecutor$Worker.run(ThreadPoolExecutor.java:644)
11-03 16:43:38.641 D/StrictMode( 2895): at java.lang.Thread.run(Thread.java:1012)
11-03 16:43:38.645 I/audio_hw_hal_primary( 469): [audiohal_get_latency:1036] io 13: out:0xe4580010 frames:1152 rate:48000 whole_latency:24 alsa_latency:24
11-03 16:43:38.645 I/audio_hw_hal_primary( 469): [audiohal_get_latency:1036] io 13: out:0xe4580010 frames:1152 rate:48000 whole_latency:24 alsa_latency:24
11-03 16:43:38.648 W/View ( 2895): requestLayout() improperly called by com.dangbei.lerad.libui.control.layout.FitLinearLayout{df8bea6 VFE...C.. .F....ID 104,0-357,54} during layout: running second layout pass
11-03 16:43:38.648 W/View ( 2895): requestLayout() improperly called by com.dangbei.lerad.libui.control.widget.FitTextView{763f0e7 V.ED..... ......ID 0,-23-252,77 #7f0a0123 app:id/disk_title_name} during layout: running second layout pass
11-03 16:43:38.656 I/audio_hw_hal_primary( 469): [audiohal_get_latency:1036] io 13: out:0xe4580010 frames:1152 rate:48000 whole_latency:24 alsa_latency:24
11-03 16:43:38.656 I/audio_hw_hal_primary( 469): [audiohal_get_latency:1036] io 13: out:0xe4580010 frames:1152 rate:48000 whole_latency:24 alsa_latency:24
11-03 16:43:38.663 I/WifiHAL ( 493): call wifi_get_link_stats handler
11-03 16:43:38.663 I/WifiHAL ( 493): Creating message to get link statistics; iface = 16
11-03 16:43:38.664 D/WifiHAL ( 493): error code -95 mapped to -3
11-03 16:43:38.664 E/WifiStaIfaceAidlImpl( 705): getLinkLayerStats failed with service-specific exception: android.os.ServiceSpecificException: (code 4)
11-03 16:43:38.665 I/audio_hw_hal_primary( 469): [audiohal_get_latency:1036] io 13: out:0xe4580010 frames:1280 rate:48000 whole_latency:26 alsa_latency:26
11-03 16:43:38.665 I/audio_hw_hal_primary( 469): [audiohal_get_latency:1036] io 13: out:0xe4580010 frames:1280 rate:48000 whole_latency:26 alsa_latency:26
11-03 16:43:38.673 V/WindowManagerShell( 985): onTransitionReady android.os.BinderProxy@50e5585: {id=5 t=OPEN f=0x0 trk=0 r=[0@Point(0, 0)] c=[{null m=OPEN f=FILLS_TASK leash=Surface(name=ActivityRecord{e313faf u0 com.tv.filemanager.os/com.dangbei.lerad.filemanager.ui.info.ManagerDiskInfoActivity)/@0x2e54ae8 sb=Rect(0, 0 - 0, 0) eb=Rect(0, 0 - 1920, 1080) d=-1->0 r=-1->0:-1},{null m=TO_BACK f=FILLS_TASK leash=Surface(name=ActivityRecord{decf9fb u0 com.tv.filemanager.os/com.dangbei.lerad.filemanager.ui.home.ManagerHomeActivity)/@0xfe3c501 sb=Rect(0, 0 - 1920, 1080) eb=Rect(0, 0 - 1920, 1080) d=0}]}
11-03 16:43:38.673 V/WindowManagerShell( 985): Playing animation for (#5)android.os.BinderProxy@50e5585@0
11-03 16:43:38.674 V/WindowManagerShell( 985): try handler com.android.wm.shell.keyguard.KeyguardTransitionHandler@4334782
11-03 16:43:38.674 V/WindowManagerShell( 985): try handler com.android.wm.shell.pip.tv.TvPipTransition@a2b3e93
11-03 16:43:38.674 V/WindowManagerShell( 985): try handler com.android.wm.shell.activityembedding.ActivityEmbeddingController@a2c9ed0
11-03 16:43:38.674 V/WindowManagerShell( 985): try handler com.android.wm.shell.transition.RemoteTransitionHandler@2432ec9
11-03 16:43:38.674 V/WindowManagerShell( 985): Transition doesn't have explicit remote, search filters for match for {id=5 t=OPEN f=0x0 trk=0 r=[0@Point(0, 0)] c=[{null m=OPEN f=FILLS_TASK leash=Surface(name=ActivityRecord{e313faf u0 com.tv.filemanager.os/com.dangbei.lerad.filemanager.ui.info.ManagerDiskInfoActivity)/@0x2e54ae8 sb=Rect(0, 0 - 0, 0) eb=Rect(0, 0 - 1920, 1080) d=-1->0 r=-1->0:-1},{null m=TO_BACK f=FILLS_TASK leash=Surface(name=ActivityRecord{decf9fb u0 com.tv.filemanager.os/com.dangbei.lerad.filemanager.ui.home.ManagerHomeActivity)/@0xfe3c501 sb=Rect(0, 0 - 1920, 1080) eb=Rect(0, 0 - 1920, 1080) d=0}]}
11-03 16:43:38.674 V/WindowManagerShell( 985): Delegate animation for #5 to null
11-03 16:43:38.674 V/WindowManagerShell( 985): try handler com.android.wm.shell.transition.DefaultTransitionHandler@75259ce
11-03 16:43:38.674 V/WindowManagerShell( 985): start default transition animation, info = {id=5 t=OPEN f=0x0 trk=0 r=[0@Point(0, 0)] c=[{null m=OPEN f=FILLS_TASK leash=Surface(name=ActivityRecord{e313faf u0 com.tv.filemanager.os/com.dangbei.lerad.filemanager.ui.info.ManagerDiskInfoActivity)/@0x2e54ae8 sb=Rect(0, 0 - 0, 0) eb=Rect(0, 0 - 1920, 1080) d=-1->0 r=-1->0:-1},{null m=TO_BACK f=FILLS_TASK leash=Surface(name=ActivityRecord{decf9fb u0 com.tv.filemanager.os/com.dangbei.lerad.filemanager.ui.home.ManagerHomeActivity)/@0xfe3c501 sb=Rect(0, 0 - 1920, 1080) eb=Rect(0, 0 - 1920, 1080) d=0}]}
11-03 16:43:38.675 I/ActivityTaskManager( 705): Displayed com.tv.filemanager.os/com.dangbei.lerad.filemanager.ui.info.ManagerDiskInfoActivity for user 0: +160ms
11-03 16:43:38.675 V/WindowManager( 705): Sent Transition #5 createdAt=11-03 16:43:38.509 via request=TransitionRequestInfo { type = 1, triggerTask = TaskInfo{userId=0 taskId=198 displayId=0 isRunning=true baseIntent=Intent { act=android.intent.action.MAIN cat=[android.intent.category.LAUNCHER] flg=0x10000000 pkg=com.tv.filemanager.os cmp=com.tv.filemanager.os/com.dangbei.lerad.filemanager.ui.home.ManagerHomeActivity } baseActivity=ComponentInfo{com.tv.filemanager.os/com.dangbei.lerad.filemanager.ui.home.ManagerHomeActivity} topActivity=ComponentInfo{com.tv.filemanager.os/com.dangbei.lerad.filemanager.ui.info.ManagerDiskInfoActivity} origActivity=null realActivity=ComponentInfo{com.tv.filemanager.os/com.dangbei.lerad.filemanager.ui.home.ManagerHomeActivity} numActivities=2 lastActiveTime=180271 supportsMultiWindow=true resizeMode=1 isResizeable=true minWidth=-1 minHeight=-1 defaultMinSize=220 token=WCT{RemoteToken{52d3948 Task{5331a18 #198 type=standard A=10041:com.tv.filemanager.os}}} topActivityType=1 pictureInPictureParams=null shouldDockBigOverlays=true launchIntoPipHostTaskId=-1 lastParentTaskIdBeforePip=-1 displayCutoutSafeInsets=null topActivityInfo=ActivityInfo{576d43e com.dangbei.lerad.filemanager.ui.info.ManagerDiskInfoActivity} launchCookies=[] positionInParent=Point(0, 0) parentTaskId=-1 isFocused=true isVisible=true isVisibleRequested=true isSleeping=false topActivityInSizeCompat=false topActivityEligibleForLetterboxEducation= false isLetterboxDoubleTapEnabled= false topActivityEligibleForUserAspectRatioButton= false topActivityBoundsLetterboxed= false isFromLetterboxDoubleTap= false topActivityLetterboxVerticalPosition= -1 topActivityLetterboxHorizontalPosition= -1 topActivityLetterboxWidth=-1 topActivityLetterboxHeight=-1 isUserFullscreenOverrideEnabled=false isTopActivityTransparent=false locusId=null displayAreaFeatureId=1 cameraCompatControlState=hidden}, remoteTransition = null, displayChange = null, flags = 0 }
11-03 16:43:38.675 V/WindowManager( 705): startWCT=WindowContainerTransaction { changes = {} hops = [] errorCallbackToken=null taskFragmentOrganizer=null }
11-03 16:43:38.675 V/WindowManager( 705): info={id=5 t=OPEN f=0x0 trk=0 r=[0@Point(0, 0)] c=[{null m=OPEN f=FILLS_TASK leash=Surface(name=ActivityRecord{e313faf u0 com.tv.filemanager.os/com.dangbei.lerad.filemanager.ui.info.ManagerDiskInfoActivity)/@0x99b97c0 sb=Rect(0, 0 - 0, 0) eb=Rect(0, 0 - 1920, 1080) d=-1->0 r=-1->0:-1},{null m=TO_BACK f=FILLS_TASK leash=Surface(name=ActivityRecord{decf9fb u0 com.tv.filemanager.os/com.dangbei.lerad.filemanager.ui.home.ManagerHomeActivity)/@0x4e7c543 sb=Rect(0, 0 - 1920, 1080) eb=Rect(0, 0 - 1920, 1080) d=0}]}
11-03 16:43:38.677 V/WindowManagerShell( 985): Transition animation finished (aborted=false), notifying core (#5)android.os.BinderProxy@50e5585@0
11-03 16:43:38.678 I/audio_hw_hal_primary( 469): [audiohal_get_latency:1036] io 13: out:0xe4580010 frames:1152 rate:48000 whole_latency:24 alsa_latency:24
11-03 16:43:38.678 I/audio_hw_hal_primary( 469): [audiohal_get_latency:1036] io 13: out:0xe4580010 frames:1152 rate:48000 whole_latency:24 alsa_latency:24
11-03 16:43:38.678 V/WindowManager( 705): Finish Transition #5: created at
11-03 16:43:38.509 collect-started=0.078ms request-sent=8.898ms started=11.129ms ready=21.399ms sent=161.948ms finished=168.935ms
11-03 16:43:38.681 V/WindowManagerShell( 985): Track 0 became idle
11-03 16:43:38.681 V/WindowManagerShell( 985): All active transition animations finished
11-03 16:43:38.681 V/WindowManagerShell( 985): animated by com.android.wm.shell.transition.DefaultTransitionHandler@75259ce
11-03 16:43:38.681 V/WindowManagerShell( 985): Track 0 became idle
11-03 16:43:38.681 V/WindowManagerShell( 985): All active transition animations finished
11-03 16:43:38.685 I/audio_hw_hal_primary( 469): [audiohal_get_latency:1036] io 13: out:0xe4580010 frames:1024 rate:48000 whole_latency:21 alsa_latency:21
11-03 16:43:38.685 I/audio_hw_hal_primary( 469): [audiohal_get_latency:1036] io 13: out:0xe4580010 frames:1024 rate:48000 whole_latency:21 alsa_latency:21
11-03 16:43:38.696 I/audio_hw_hal_primary( 469): [audiohal_get_latency:1036] io 13: out:0xe4580010 frames:1024 rate:48000 whole_latency:21 alsa_latency:21
11-03 16:43:38.696 I/audio_hw_hal_primary( 469): [audiohal_get_latency:1036] io 13: out:0xe4580010 frames:1024 rate:48000 whole_latency:21 alsa_latency:21
11-03 16:43:38.689 I//apex/com.android.adbd/bin/adbd( 1395): type=1400 audit(0.0:1445): avc: denied { dac_read_search } for comm=75736220666673206F70656E capability=2 scontext=u:r:su:s0 tcontext=u:r:su:s0 tclass=capability permissive=1
11-03 16:43:38.699 W/ContextImpl( 705): Calling a method in the system process without a qualified user: android.app.ContextImpl.startService:1899 com.android.server.wm.DisplayPolicy.lambda$focusChangedLw$5:2126 com.android.server.wm.DisplayPolicy.$r8$lambda$Znxk63oh-WzVnzo_WQefN7uxV48:0 com.android.server.wm.DisplayPolicy$$ExternalSyntheticLambda13.run:0 android.os.Handler.handleCallback:958
11-03 16:43:38.689 I//apex/com.android.adbd/bin/adbd( 1395): type=1400 audit(0.0:1446): avc: denied { dac_override } for comm=75736220666673206F70656E capability=1 scontext=u:r:su:s0 tcontext=u:r:su:s0 tclass=capability permissive=1
11-03 16:43:38.707 I/audio_hw_hal_primary( 469): [audiohal_get_latency:1036] io 13: out:0xe4580010 frames:1280 rate:48000 whole_latency:26 alsa_latency:26
11-03 16:43:38.709 I/audio_hw_hal_primary( 469): [audiohal_get_latency:1036] io 13: out:0xe4580010 frames:1152 rate:48000 whole_latency:24 alsa_latency:24
11-03 16:43:38.712 D/aaa ( 1525): LedStatusService onStartCommand begin
11-03 16:43:38.713 I/ImeTracker( 705): com.tv.filemanager.os:275ddf7e: onRequestHide at ORIGIN_SERVER_HIDE_INPUT reason HIDE_STATE_HIDDEN_FORWARD_NAV
11-03 16:43:38.714 I/ImeTracker( 705): com.tv.filemanager.os:275ddf7e: onCancelled at PHASE_SERVER_SHOULD_HIDE
11-03 16:43:38.716 I/DefaultIMS( 1940): onStartInput attribute=android.view.inputmethod.EditorInfo@f809583 restarting=false inputType: 0
11-03 16:43:38.720 I/audio_hw_hal_primary( 469): [audiohal_get_latency:1036] io 13: out:0xe4580010 frames:1152 rate:48000 whole_latency:24 alsa_latency:24
11-03 16:43:38.720 I/audio_hw_hal_primary( 469): [audiohal_get_latency:1036] io 13: out:0xe4580010 frames:1152 rate:48000 whole_latency:24 alsa_latency:24
11-03 16:43:38.724 D/aaa ( 1525): topPkg is -------------- :com.tv.filemanager.os
11-03 16:43:38.729 I/audio_hw_hal_primary( 469): [audiohal_get_latency:1036] io 13: out:0xe4580010 frames:1024 rate:48000 whole_latency:21 alsa_latency:21
11-03 16:43:38.729 I/audio_hw_hal_primary( 469): [audiohal_get_latency:1036] io 13: out:0xe4580010 frames:1024 rate:48000 whole_latency:21 alsa_latency:21
11-03 16:43:38.741 I/audio_hw_hal_primary( 469): [audiohal_get_latency:1036] io 13: out:0xe4580010 frames:1152 rate:48000 whole_latency:24 alsa_latency:24
11-03 16:43:38.741 I/audio_hw_hal_primary( 469): [audiohal_get_latency:1036] io 13: out:0xe4580010 frames:1152 rate:48000 whole_latency:24 alsa_latency:24
11-03 16:43:38.744 I/BaseRequest( 2895): complete
11-03 16:43:38.744 I/BaseRequest( 2895): success!=nulltrue
11-03 16:43:38.747 I/audio_hw_hal_primary( 469): [audiohal_get_latency:1036] io 13: out:0xe4580010 frames:1152 rate:48000 whole_latency:24 alsa_latency:24
11-03 16:43:38.747 I/audio_hw_hal_primary( 469): [audiohal_get_latency:1036] io 13: out:0xe4580010 frames:1152 rate:48000 whole_latency:24 alsa_latency:24
11-03 16:43:38.757 I/audio_hw_hal_primary( 469): [audiohal_get_latency:1036] io 13: out:0xe4580010 frames:1152 rate:48000 whole_latency:24 alsa_latency:24
11-03 16:43:38.758 I/audio_hw_hal_primary( 469): [audiohal_get_latency:1036] io 13: out:0xe4580010 frames:1152 rate:48000 whole_latency:24 alsa_latency:24
11-03 16:43:38.765 I/audio_hw_hal_primary( 469): [audiohal_get_latency:1036] io 13: out:0xe4580010 frames:1024 rate:48000 whole_latency:21 alsa_latency:21
11-03 16:43:38.766 I/audio_hw_hal_primary( 469): [audiohal_get_latency:1036] io 13: out:0xe4580010 frames:1280 rate:48000 whole_latency:26 alsa_latency:26
11-03 16:43:38.767 D/audioserver( 501): logFgsApiEnd: FGS Logger Transaction failed, -129
11-03 16:43:38.769 I/audio_hw_hal_primary( 469): out_update_source_metadata_v7() line 1743 usage:13 content_type:4
11-03 16:43:38.779 I/audio_hw_hal_primary( 469): [audiohal_get_latency:1036] io 13: out:0xe4580010 frames:1152 rate:48000 whole_latency:24 alsa_latency:24
11-03 16:43:38.785 I/audio_hw_hal_primary( 469): [audiohal_get_latency:1036] io 13: out:0xe4580010 frames:1152 rate:48000 whole_latency:24 alsa_latency:24
11-03 16:43:38.796 I/audio_hw_hal_primary( 469): [audiohal_get_latency:1036] io 13: out:0xe4580010 frames:1152 rate:48000 whole_latency:24 alsa_latency:24
11-03 16:43:38.805 I/audio_hw_hal_primary( 469): [audiohal_get_latency:1036] io 13: out:0xe4580010 frames:1152 rate:48000 whole_latency:24 alsa_latency:24
11-03 16:43:38.806 D/audioserver( 501): logFgsApiEnd: FGS Logger Transaction failed, -129
11-03 16:43:38.921 I/audio_hw_hal_alsamgr( 469): alsa format =0x1 delay frames =1024 total frames=8068480
11-03 16:43:39.610 I/BLEAudioDrive_HV412( 469): fd:26 data len: 9 1
11-03 16:43:39.627 I/audio_hw_device_patchmgr( 469): [register_audio_patch:728] Patch 4:id:4 mix(io:13)->dev_0[OUT_HDMI(id:39)] found, register the same patch, do nothing.
11-03 16:43:39.627 I/audio_hw_device_patchmgr( 469): [patch_mgr_create_patch:871] Patch 4: MIX->DEVICE, num_src:1 num_sink:1 patch_src:INVAL
11-03 16:43:39.627 I/audio_hw_device_patchmgr( 469): [patch_mgr_create_patch:875] sink[0]: OUT_HDMI(id:39)
11-03 16:43:39.627 I/audio_hw_device_patchmgr( 469): [patch_mgr_create_patch:909] Patch 4: mix(io:13) -> dev[OUT_HDMI(id:39)]
11-03 16:43:39.627 I/audio_hw_hal_primary( 469): [adev_create_audio_patch:7558] dev=0xe46c0010 cur_out_device=0x400
11-03 16:43:39.630 D/UEventObserver( 997): change@/devices/platform/auge_sound/sound/card0/controlC0ACTION=changeDEVPATH=/devices/platform/auge_sound/sound/card0/controlC0SUBSYSTEM=soundAUDIO_FORMAT=0MAJOR=116MINOR=13DEVNAME=snd/controlC0SEQNUM=3720
11-03 16:43:39.634 D/ShowHdrAudioLogoService( 997): receive broadcast, audio format:0
11-03 16:43:39.635 D/ShowHdrAudioLogoService( 997): clearContent
11-03 16:43:39.640 D/audioserver( 501): logFgsApiBegin: FGS Logger Transaction failed, -129
11-03 16:43:39.644 I/SogouIME( 1940): onKeyDown: keyoCode=20
11-03 16:43:39.644 I/DefaultIMS( 1940): onKeyDown: keyoCode=20
11-03 16:43:39.646 I/audio_hw_hal_primary( 469): out_update_source_metadata_v7() line 1743 usage:1 content_type:2
11-03 16:43:39.666 I/DefaultIMS( 1940): onStartInput attribute=android.view.inputmethod.EditorInfo@1c8c78a restarting=false inputType: 0
11-03 16:43:39.685 I/audio_hw_device_patchmgr( 469): [register_audio_patch:728] Patch 4:id:4 mix(io:13)->dev_0[OUT_HDMI(id:39)] found, register the same patch, do nothing.
11-03 16:43:39.685 I/audio_hw_device_patchmgr( 469): [patch_mgr_create_patch:871] Patch 4: MIX->DEVICE, num_src:1 num_sink:1 patch_src:INVAL
11-03 16:43:39.685 I/audio_hw_device_patchmgr( 469): [patch_mgr_create_patch:875] sink[0]: OUT_HDMI(id:39)
11-03 16:43:39.685 I/audio_hw_device_patchmgr( 469): [patch_mgr_create_patch:909] Patch 4: mix(io:13) -> dev[OUT_HDMI(id:39)]
11-03 16:43:39.685 I/audio_hw_hal_primary( 469): [adev_create_audio_patch:7558] dev=0xe46c0010 cur_out_device=0x400
11-03 16:43:39.686 D/audioserver( 501): logFgsApiEnd: FGS Logger Transaction failed, -129
11-03 16:43:39.686 D/audioserver( 501): logFgsApiBegin: FGS Logger Transaction failed, -129
11-03 16:43:39.687 I/audio_hw_hal_primary( 469): out_update_source_metadata_v7() line 1743 usage:1 content_type:2
11-03 16:43:39.691 D/audioserver( 501): logFgsApiBegin: FGS Logger Transaction failed, -129
11-03 16:43:39.696 D/UEventObserver( 997): change@/devices/platform/auge_sound/sound/card0/controlC0ACTION=changeDEVPATH=/devices/platform/auge_sound/sound/card0/controlC0SUBSYSTEM=soundAUDIO_FORMAT=0MAJOR=116MINOR=13DEVNAME=snd/controlC0SEQNUM=3721
11-03 16:43:39.698 D/ShowHdrAudioLogoService( 997): receive broadcast, audio format:0
11-03 16:43:39.699 D/ShowHdrAudioLogoService( 997): clearContent
11-03 16:43:39.705 I/audio_hw_hal_primary( 469): out_update_source_metadata_v7() line 1743 usage:13 content_type:4
11-03 16:43:39.749 I//apex/com.android.adbd/bin/adbd( 1395): type=1400 audit(0.0:1449): avc: denied { read write } for comm=75736220666673206F70656E name="ep0" dev="functionfs" ino=24092 scontext=u:r:su:s0 tcontext=u:object_r:functionfs:s0 tclass=file permissive=1
11-03 16:43:39.749 I//apex/com.android.adbd/bin/adbd( 1395): type=1400 audit(0.0:1450): avc: denied { open } for comm=75736220666673206F70656E path="/dev/usb-ffs/adb/ep0" dev="functionfs" ino=24092 scontext=u:r:su:s0 tcontext=u:object_r:functionfs:s0 tclass=file permissive=1
11-03 16:43:39.784 D/audio_hw_hal_stream( 469): update_audio_hal_info() audio hal format change to 1, atmos flag = 0, is_dolby_atmos = 0, dts_hp_x = 0, update_type = 0 is_dolby_atmos_off = 1 virtual_bass_enable 0
11-03 16:43:39.784 D/audio_hw_hal_stream( 469): update_audio_hal_info() cur_out_devices 0x400, dap_bypass_enable = 0, is_ms12_tuning_dat = 0, dolby_ms12_enable = 1, output_config = 0xc
11-03 16:43:39.785 D/UEventObserver( 997): change@/devices/platform/auge_sound/sound/card0/controlC0ACTION=changeDEVPATH=/devices/platform/auge_sound/sound/card0/controlC0SUBSYSTEM=soundAUDIO_FORMAT=0MAJOR=116MINOR=13DEVNAME=snd/controlC0SEQNUM=3722
11-03 16:43:39.793 D/ShowHdrAudioLogoService( 997): receive broadcast, audio format:0
11-03 16:43:39.795 D/ShowHdrAudioLogoService( 997): clearContent
11-03 16:43:39.805 I/audio_hw_hal_primary( 469): [audiohal_get_latency:1036] io 13: out:0xe4580010 frames:1024 rate:48000 whole_latency:21 alsa_latency:21
11-03 16:43:39.820 I/BLEAudioDrive_HV412( 469): fd:26 data len: 9 1
11-03 16:43:39.821 I/SogouIME( 1940): onKeyUp: keyoCode=20
11-03 16:43:39.822 I/DefaultIMS( 1940): onKeyUp: keyoCode=20
11-03 16:43:39.825 I/audio_hw_hal_primary( 469): [audiohal_get_latency:1036] io 13: out:0xe4580010 frames:1152 rate:48000 whole_latency:24 alsa_latency:24
11-03 16:43:39.845 I/audio_hw_hal_primary( 469): [audiohal_get_latency:1036] io 13: out:0xe4580010 frames:1152 rate:48000 whole_latency:24 alsa_latency:24
11-03 16:43:39.845 I/audio_hw_hal_primary( 469): [audiohal_get_latency:1036] io 13: out:0xe4580010 frames:1152 rate:48000 whole_latency:24 alsa_latency:24
11-03 16:43:39.855 I/audio_hw_hal_primary( 469): [audiohal_get_latency:1036] io 13: out:0xe4580010 frames:1152 rate:48000 whole_latency:24 alsa_latency:24
11-03 16:43:39.855 I/audio_hw_hal_primary( 469): [audiohal_get_latency:1036] io 13: out:0xe4580010 frames:1152 rate:48000 whole_latency:24 alsa_latency:24
11-03 16:43:39.865 I/audio_hw_hal_primary( 469): [audiohal_get_latency:1036] io 13: out:0xe4580010 frames:1024 rate:48000 whole_latency:21 alsa_latency:21
11-03 16:43:39.865 I/audio_hw_hal_primary( 469): [audiohal_get_latency:1036] io 13: out:0xe4580010 frames:1280 rate:48000 whole_latency:26 alsa_latency:26
11-03 16:43:39.875 I/audio_hw_hal_primary( 469): [audiohal_get_latency:1036] io 13: out:0xe4580010 frames:1024 rate:48000 whole_latency:21 alsa_latency:21
11-03 16:43:39.876 I/audio_hw_hal_primary( 469): [audiohal_get_latency:1036] io 13: out:0xe4580010 frames:1024 rate:48000 whole_latency:21 alsa_latency:21
11-03 16:43:39.885 I/audio_hw_hal_primary( 469): [audiohal_get_latency:1036] io 13: out:0xe4580010 frames:1024 rate:48000 whole_latency:21 alsa_latency:21
11-03 16:43:39.885 I/audio_hw_hal_primary( 469): [audiohal_get_latency:1036] io 13: out:0xe4580010 frames:1024 rate:48000 whole_latency:21 alsa_latency:21
11-03 16:43:39.895 I/audio_hw_hal_primary( 469): [audiohal_get_latency:1036] io 13: out:0xe4580010 frames:1024 rate:48000 whole_latency:21 alsa_latency:21
11-03 16:43:39.896 I/audio_hw_hal_primary( 469): [audiohal_get_latency:1036] io 13: out:0xe4580010 frames:1024 rate:48000 whole_latency:21 alsa_latency:21
11-03 16:43:39.905 I/audio_hw_hal_primary( 469): [audiohal_get_latency:1036] io 13: out:0xe4580010 frames:1152 rate:48000 whole_latency:24 alsa_latency:24
11-03 16:43:39.905 I/audio_hw_hal_primary( 469): [audiohal_get_latency:1036] io 13: out:0xe4580010 frames:1152 rate:48000 whole_latency:24 alsa_latency:24
11-03 16:43:39.915 I/audio_hw_hal_primary( 469): [audiohal_get_latency:1036] io 13: out:0xe4580010 frames:1152 rate:48000 whole_latency:24 alsa_latency:24
11-03 16:43:39.915 I/audio_hw_hal_primary( 469): [audiohal_get_latency:1036] io 13: out:0xe4580010 frames:1152 rate:48000 whole_latency:24 alsa_latency:24
11-03 16:43:39.925 I/audio_hw_hal_primary( 469): [audiohal_get_latency:1036] io 13: out:0xe4580010 frames:1152 rate:48000 whole_latency:24 alsa_latency:24
11-03 16:43:39.925 I/audio_hw_hal_primary( 469): [audiohal_get_latency:1036] io 13: out:0xe4580010 frames:1152 rate:48000 whole_latency:24 alsa_latency:24
11-03 16:43:39.936 I/audio_hw_hal_primary( 469): [audiohal_get_latency:1036] io 13: out:0xe4580010 frames:1152 rate:48000 whole_latency:24 alsa_latency:24
11-03 16:43:39.936 I/audio_hw_hal_primary( 469): [audiohal_get_latency:1036] io 13: out:0xe4580010 frames:1152 rate:48000 whole_latency:24 alsa_latency:24
11-03 16:43:39.945 I/audio_hw_hal_primary( 469): [audiohal_get_latency:1036] io 13: out:0xe4580010 frames:1280 rate:48000 whole_latency:26 alsa_latency:26
11-03 16:43:39.945 I/audio_hw_hal_primary( 469): [audiohal_get_latency:1036] io 13: out:0xe4580010 frames:1280 rate:48000 whole_latency:26 alsa_latency:26
11-03 16:43:39.955 I/audio_hw_hal_primary( 469): [audiohal_get_latency:1036] io 13: out:0xe4580010 frames:1280 rate:48000 whole_latency:26 alsa_latency:26
11-03 16:43:39.956 I/audio_hw_hal_primary( 469): [audiohal_get_latency:1036] io 13: out:0xe4580010 frames:1280 rate:48000 whole_latency:26 alsa_latency:26
11-03 16:43:39.965 I/audio_hw_hal_primary( 469): [audiohal_get_latency:1036] io 13: out:0xe4580010 frames:1024 rate:48000 whole_latency:21 alsa_latency:21
11-03 16:43:39.965 I/audio_hw_hal_primary( 469): [audiohal_get_latency:1036] io 13: out:0xe4580010 frames:1024 rate:48000 whole_latency:21 alsa_latency:21
11-03 16:43:39.975 I/audio_hw_hal_primary( 469): [audiohal_get_latency:1036] io 13: out:0xe4580010 frames:1024 rate:48000 whole_latency:21 alsa_latency:21
11-03 16:43:39.975 I/audio_hw_hal_primary( 469): [audiohal_get_latency:1036] io 13: out:0xe4580010 frames:1024 rate:48000 whole_latency:21 alsa_latency:21
11-03 16:43:39.985 I/audio_hw_hal_primary( 469): [audiohal_get_latency:1036] io 13: out:0xe4580010 frames:1152 rate:48000 whole_latency:24 alsa_latency:24
11-03 16:43:39.985 I/audio_hw_hal_primary( 469): [audiohal_get_latency:1036] io 13: out:0xe4580010 frames:1152 rate:48000 whole_latency:24 alsa_latency:24
11-03 16:43:39.995 I/audio_hw_hal_primary( 469): [audiohal_get_latency:1036] io 13: out:0xe4580010 frames:1152 rate:48000 whole_latency:24 alsa_latency:24
11-03 16:43:39.996 I/audio_hw_hal_primary( 469): [audiohal_get_latency:1036] io 13: out:0xe4580010 frames:1152 rate:48000 whole_latency:24 alsa_latency:24
11-03 16:43:40.005 I/audio_hw_hal_primary( 469): [audiohal_get_latency:1036] io 13: out:0xe4580010 frames:1152 rate:48000 whole_latency:24 alsa_latency:24
11-03 16:43:40.005 I/audio_hw_hal_primary( 469): [audiohal_get_latency:1036] io 13: out:0xe4580010 frames:1152 rate:48000 whole_latency:24 alsa_latency:24
11-03 16:43:40.005 D/audioserver( 501): logFgsApiEnd: FGS Logger Transaction failed, -129
11-03 16:43:40.006 I/audio_hw_hal_primary( 469): out_update_source_metadata_v7() line 1743 usage:1 content_type:2
11-03 16:43:40.017 I/audio_hw_hal_primary( 469): [audiohal_get_latency:1036] io 13: out:0xe4580010 frames:1152 rate:48000 whole_latency:24 alsa_latency:24
11-03 16:43:40.025 I/audio_hw_hal_primary( 469): [audiohal_get_latency:1036] io 13: out:0xe4580010 frames:1280 rate:48000 whole_latency:26 alsa_latency:26
11-03 16:43:40.035 I/audio_hw_hal_primary( 469): [audiohal_get_latency:1036] io 13: out:0xe4580010 frames:1024 rate:48000 whole_latency:21 alsa_latency:21
11-03 16:43:40.045 I/audio_hw_hal_primary( 469): [audiohal_get_latency:1036] io 13: out:0xe4580010 frames:1024 rate:48000 whole_latency:21 alsa_latency:21
11-03 16:43:40.046 D/audioserver( 501): logFgsApiEnd: FGS Logger Transaction failed, -129
11-03 16:43:40.170 I/BLEAudioDrive_HV412( 469): fd:26 data len: 9 1
11-03 16:43:40.185 I/audio_hw_device_patchmgr( 469): [register_audio_patch:728] Patch 4:id:4 mix(io:13)->dev_0[OUT_HDMI(id:39)] found, register the same patch, do nothing.
11-03 16:43:40.185 I/audio_hw_device_patchmgr( 469): [patch_mgr_create_patch:871] Patch 4: MIX->DEVICE, num_src:1 num_sink:1 patch_src:INVAL
11-03 16:43:40.185 I/audio_hw_device_patchmgr( 469): [patch_mgr_create_patch:875] sink[0]: OUT_HDMI(id:39)
11-03 16:43:40.185 I/audio_hw_device_patchmgr( 469): [patch_mgr_create_patch:909] Patch 4: mix(io:13) -> dev[OUT_HDMI(id:39)]
11-03 16:43:40.185 I/audio_hw_hal_primary( 469): [adev_create_audio_patch:7558] dev=0xe46c0010 cur_out_device=0x400
11-03 16:43:40.187 D/UEventObserver( 997): change@/devices/platform/auge_sound/sound/card0/controlC0ACTION=changeDEVPATH=/devices/platform/auge_sound/sound/card0/controlC0SUBSYSTEM=soundAUDIO_FORMAT=0MAJOR=116MINOR=13DEVNAME=snd/controlC0SEQNUM=3723
11-03 16:43:40.191 D/ShowHdrAudioLogoService( 997): receive broadcast, audio format:0
11-03 16:43:40.192 D/ShowHdrAudioLogoService( 997): clearContent
11-03 16:43:40.194 D/audioserver( 501): logFgsApiBegin: FGS Logger Transaction failed, -129
11-03 16:43:40.195 I/audio_hw_hal_primary( 469): out_update_source_metadata_v7() line 1743 usage:1 content_type:2
11-03 16:43:40.196 I/SogouIME( 1940): onKeyDown: keyoCode=20
11-03 16:43:40.196 I/DefaultIMS( 1940): onKeyDown: keyoCode=20
11-03 16:43:40.226 I/audio_hw_device_patchmgr( 469): [register_audio_patch:728] Patch 4:id:4 mix(io:13)->dev_0[OUT_HDMI(id:39)] found, register the same patch, do nothing.
11-03 16:43:40.226 I/audio_hw_device_patchmgr( 469): [patch_mgr_create_patch:871] Patch 4: MIX->DEVICE, num_src:1 num_sink:1 patch_src:INVAL
11-03 16:43:40.226 I/audio_hw_device_patchmgr( 469): [patch_mgr_create_patch:875] sink[0]: OUT_HDMI(id:39)
11-03 16:43:40.226 I/audio_hw_device_patchmgr( 469): [patch_mgr_create_patch:909] Patch 4: mix(io:13) -> dev[OUT_HDMI(id:39)]
11-03 16:43:40.226 I/audio_hw_hal_primary( 469): [adev_create_audio_patch:7558] dev=0xe46c0010 cur_out_device=0x400
11-03 16:43:40.227 D/audioserver( 501): logFgsApiEnd: FGS Logger Transaction failed, -129
11-03 16:43:40.227 D/audioserver( 501): logFgsApiBegin: FGS Logger Transaction failed, -129
11-03 16:43:40.228 I/audio_hw_hal_primary( 469): out_update_source_metadata_v7() line 1743 usage:1 content_type:2
11-03 16:43:40.229 D/UEventObserver( 997): change@/devices/platform/auge_sound/sound/card0/controlC0ACTION=changeDEVPATH=/devices/platform/auge_sound/sound/card0/controlC0SUBSYSTEM=soundAUDIO_FORMAT=0MAJOR=116MINOR=13DEVNAME=snd/controlC0SEQNUM=3724
11-03 16:43:40.232 D/audioserver( 501): logFgsApiBegin: FGS Logger Transaction failed, -129
11-03 16:43:40.237 D/ShowHdrAudioLogoService( 997): receive broadcast, audio format:0
11-03 16:43:40.238 D/ShowHdrAudioLogoService( 997): clearContent
11-03 16:43:40.245 I/audio_hw_hal_primary( 469): out_update_source_metadata_v7() line 1743 usage:13 content_type:4
11-03 16:43:40.320 I/BLEAudioDrive_HV412( 469): fd:26 data len: 9 1
11-03 16:43:40.322 I/SogouIME( 1940): onKeyUp: keyoCode=20
11-03 16:43:40.322 I/DefaultIMS( 1940): onKeyUp: keyoCode=20
11-03 16:43:40.324 D/audio_hw_hal_stream( 469): update_audio_hal_info() audio hal format change to 1, atmos flag = 0, is_dolby_atmos = 0, dts_hp_x = 0, update_type = 0 is_dolby_atmos_off = 1 virtual_bass_enable 0
11-03 16:43:40.324 D/audio_hw_hal_stream( 469): update_audio_hal_info() cur_out_devices 0x400, dap_bypass_enable = 0, is_ms12_tuning_dat = 0, dolby_ms12_enable = 1, output_config = 0xc
11-03 16:43:40.325 D/UEventObserver( 997): change@/devices/platform/auge_sound/sound/card0/controlC0ACTION=changeDEVPATH=/devices/platform/auge_sound/sound/card0/controlC0SUBSYSTEM=soundAUDIO_FORMAT=0MAJOR=116MINOR=13DEVNAME=snd/controlC0SEQNUM=3725
11-03 16:43:40.327 D/ShowHdrAudioLogoService( 997): receive broadcast, audio format:0
11-03 16:43:40.327 D/ShowHdrAudioLogoService( 997): clearContent
11-03 16:43:40.345 I/audio_hw_hal_primary( 469): [audiohal_get_latency:1036] io 13: out:0xe4580010 frames:1024 rate:48000 whole_latency:21 alsa_latency:21
11-03 16:43:40.365 I/audio_hw_hal_primary( 469): [audiohal_get_latency:1036] io 13: out:0xe4580010 frames:1024 rate:48000 whole_latency:21 alsa_latency:21
11-03 16:43:40.385 I/audio_hw_hal_primary( 469): [audiohal_get_latency:1036] io 13: out:0xe4580010 frames:1152 rate:48000 whole_latency:24 alsa_latency:24
11-03 16:43:40.385 I/audio_hw_hal_primary( 469): [audiohal_get_latency:1036] io 13: out:0xe4580010 frames:1152 rate:48000 whole_latency:24 alsa_latency:24
11-03 16:43:40.396 I/audio_hw_hal_primary( 469): [audiohal_get_latency:1036] io 13: out:0xe4580010 frames:1152 rate:48000 whole_latency:24 alsa_latency:24
11-03 16:43:40.396 I/audio_hw_hal_primary( 469): [audiohal_get_latency:1036] io 13: out:0xe4580010 frames:1152 rate:48000 whole_latency:24 alsa_latency:24
11-03 16:43:40.405 I/audio_hw_hal_primary( 469): [audiohal_get_latency:1036] io 13: out:0xe4580010 frames:1152 rate:48000 whole_latency:24 alsa_latency:24
11-03 16:43:40.405 I/audio_hw_hal_primary( 469): [audiohal_get_latency:1036] io 13: out:0xe4580010 frames:1152 rate:48000 whole_latency:24 alsa_latency:24
11-03 16:43:40.416 I/audio_hw_hal_primary( 469): [audiohal_get_latency:1036] io 13: out:0xe4580010 frames:1152 rate:48000 whole_latency:24 alsa_latency:24
11-03 16:43:40.416 I/audio_hw_hal_primary( 469): [audiohal_get_latency:1036] io 13: out:0xe4580010 frames:1152 rate:48000 whole_latency:24 alsa_latency:24
11-03 16:43:40.425 I/audio_hw_hal_primary( 469): [audiohal_get_latency:1036] io 13: out:0xe4580010 frames:1280 rate:48000 whole_latency:26 alsa_latency:26
11-03 16:43:40.425 I/audio_hw_hal_primary( 469): [audiohal_get_latency:1036] io 13: out:0xe4580010 frames:1280 rate:48000 whole_latency:26 alsa_latency:26
11-03 16:43:40.436 I/audio_hw_hal_primary( 469): [audiohal_get_latency:1036] io 13: out:0xe4580010 frames:1280 rate:48000 whole_latency:26 alsa_latency:26
11-03 16:43:40.436 I/audio_hw_hal_primary( 469): [audiohal_get_latency:1036] io 13: out:0xe4580010 frames:1280 rate:48000 whole_latency:26 alsa_latency:26
11-03 16:43:40.445 I/audio_hw_hal_primary( 469): [audiohal_get_latency:1036] io 13: out:0xe4580010 frames:1024 rate:48000 whole_latency:21 alsa_latency:21
11-03 16:43:40.445 I/audio_hw_hal_primary( 469): [audiohal_get_latency:1036] io 13: out:0xe4580010 frames:1024 rate:48000 whole_latency:21 alsa_latency:21
11-03 16:43:40.456 I/audio_hw_hal_primary( 469): [audiohal_get_latency:1036] io 13: out:0xe4580010 frames:1024 rate:48000 whole_latency:21 alsa_latency:21
11-03 16:43:40.456 I/audio_hw_hal_primary( 469): [audiohal_get_latency:1036] io 13: out:0xe4580010 frames:1024 rate:48000 whole_latency:21 alsa_latency:21
11-03 16:43:40.465 I/audio_hw_hal_primary( 469): [audiohal_get_latency:1036] io 13: out:0xe4580010 frames:1152 rate:48000 whole_latency:24 alsa_latency:24
11-03 16:43:40.465 I/audio_hw_hal_primary( 469): [audiohal_get_latency:1036] io 13: out:0xe4580010 frames:1152 rate:48000 whole_latency:24 alsa_latency:24
11-03 16:43:40.476 I/audio_hw_hal_primary( 469): [audiohal_get_latency:1036] io 13: out:0xe4580010 frames:1152 rate:48000 whole_latency:24 alsa_latency:24
11-03 16:43:40.476 I/audio_hw_hal_primary( 469): [audiohal_get_latency:1036] io 13: out:0xe4580010 frames:1152 rate:48000 whole_latency:24 alsa_latency:24
11-03 16:43:40.485 I/audio_hw_hal_primary( 469): [audiohal_get_latency:1036] io 13: out:0xe4580010 frames:1152 rate:48000 whole_latency:24 alsa_latency:24
11-03 16:43:40.485 I/audio_hw_hal_primary( 469): [audiohal_get_latency:1036] io 13: out:0xe4580010 frames:1152 rate:48000 whole_latency:24 alsa_latency:24
11-03 16:43:40.496 I/audio_hw_hal_primary( 469): [audiohal_get_latency:1036] io 13: out:0xe4580010 frames:1152 rate:48000 whole_latency:24 alsa_latency:24
11-03 16:43:40.496 I/audio_hw_hal_primary( 469): [audiohal_get_latency:1036] io 13: out:0xe4580010 frames:1152 rate:48000 whole_latency:24 alsa_latency:24
11-03 16:43:40.505 I/audio_hw_hal_primary( 469): [audiohal_get_latency:1036] io 13: out:0xe4580010 frames:1280 rate:48000 whole_latency:26 alsa_latency:26
11-03 16:43:40.505 I/audio_hw_hal_primary( 469): [audiohal_get_latency:1036] io 13: out:0xe4580010 frames:1280 rate:48000 whole_latency:26 alsa_latency:26
11-03 16:43:40.515 I/audio_hw_hal_primary( 469): [audiohal_get_latency:1036] io 13: out:0xe4580010 frames:1024 rate:48000 whole_latency:21 alsa_latency:21
11-03 16:43:40.516 I/audio_hw_hal_primary( 469): [audiohal_get_latency:1036] io 13: out:0xe4580010 frames:1024 rate:48000 whole_latency:21 alsa_latency:21
11-03 16:43:40.525 I/audio_hw_hal_primary( 469): [audiohal_get_latency:1036] io 13: out:0xe4580010 frames:1024 rate:48000 whole_latency:21 alsa_latency:21
11-03 16:43:40.525 I/audio_hw_hal_primary( 469): [audiohal_get_latency:1036] io 13: out:0xe4580010 frames:1024 rate:48000 whole_latency:21 alsa_latency:21
11-03 16:43:40.535 I/audio_hw_hal_primary( 469): [audiohal_get_latency:1036] io 13: out:0xe4580010 frames:1024 rate:48000 whole_latency:21 alsa_latency:21
11-03 16:43:40.536 I/audio_hw_hal_primary( 469): [audiohal_get_latency:1036] io 13: out:0xe4580010 frames:1024 rate:48000 whole_latency:21 alsa_latency:21
11-03 16:43:40.545 I/audio_hw_hal_primary( 469): [audiohal_get_latency:1036] io 13: out:0xe4580010 frames:1152 rate:48000 whole_latency:24 alsa_latency:24
11-03 16:43:40.545 I/audio_hw_hal_primary( 469): [audiohal_get_latency:1036] io 13: out:0xe4580010 frames:1152 rate:48000 whole_latency:24 alsa_latency:24
11-03 16:43:40.545 D/audioserver( 501): logFgsApiEnd: FGS Logger Transaction failed, -129
11-03 16:43:40.546 I/audio_hw_hal_primary( 469): out_update_source_metadata_v7() line 1743 usage:1 content_type:2
11-03 16:43:40.557 I/audio_hw_hal_primary( 469): [audiohal_get_latency:1036] io 13: out:0xe4580010 frames:1024 rate:48000 whole_latency:21 alsa_latency:21
11-03 16:43:40.565 I/audio_hw_hal_primary( 469): [audiohal_get_latency:1036] io 13: out:0xe4580010 frames:1152 rate:48000 whole_latency:24 alsa_latency:24
11-03 16:43:40.575 I/audio_hw_hal_primary( 469): [audiohal_get_latency:1036] io 13: out:0xe4580010 frames:1152 rate:48000 whole_latency:24 alsa_latency:24
11-03 16:43:40.585 I/audio_hw_hal_primary( 469): [audiohal_get_latency:1036] io 13: out:0xe4580010 frames:1280 rate:48000 whole_latency:26 alsa_latency:26
11-03 16:43:40.586 D/audioserver( 501): logFgsApiEnd: FGS Logger Transaction failed, -129
11-03 16:43:41.060 I/BLEAudioDrive_HV412( 469): fd:26 data len: 9 1
11-03 16:43:41.075 I/audio_hw_device_patchmgr( 469): [register_audio_patch:728] Patch 4:id:4 mix(io:13)->dev_0[OUT_HDMI(id:39)] found, register the same patch, do nothing.
11-03 16:43:41.075 I/audio_hw_device_patchmgr( 469): [patch_mgr_create_patch:871] Patch 4: MIX->DEVICE, num_src:1 num_sink:1 patch_src:INVAL
11-03 16:43:41.075 I/audio_hw_device_patchmgr( 469): [patch_mgr_create_patch:875] sink[0]: OUT_HDMI(id:39)
11-03 16:43:41.075 I/audio_hw_device_patchmgr( 469): [patch_mgr_create_patch:909] Patch 4: mix(io:13) -> dev[OUT_HDMI(id:39)]
11-03 16:43:41.076 D/UEventObserver( 997): change@/devices/platform/auge_sound/sound/card0/controlC0ACTION=changeDEVPATH=/devices/platform/auge_sound/sound/card0/controlC0SUBSYSTEM=soundAUDIO_FORMAT=0MAJOR=116MINOR=13DEVNAME=snd/controlC0SEQNUM=3726
11-03 16:43:41.076 I/audio_hw_hal_primary( 469): [adev_create_audio_patch:7558] dev=0xe46c0010 cur_out_device=0x400
11-03 16:43:41.080 D/ShowHdrAudioLogoService( 997): receive broadcast, audio format:0
11-03 16:43:41.081 D/ShowHdrAudioLogoService( 997): clearContent
11-03 16:43:41.084 D/audioserver( 501): logFgsApiBegin: FGS Logger Transaction failed, -129
11-03 16:43:41.086 I/audio_hw_hal_primary( 469): out_update_source_metadata_v7() line 1743 usage:1 content_type:2
11-03 16:43:41.088 I/SogouIME( 1940): onKeyDown: keyoCode=23
11-03 16:43:41.088 I/DefaultIMS( 1940): onKeyDown: keyoCode=23
11-03 16:43:41.164 D/audio_hw_hal_stream( 469): update_audio_hal_info() audio hal format change to 1, atmos flag = 0, is_dolby_atmos = 0, dts_hp_x = 0, update_type = 0 is_dolby_atmos_off = 1 virtual_bass_enable 0
11-03 16:43:41.164 D/audio_hw_hal_stream( 469): update_audio_hal_info() cur_out_devices 0x400, dap_bypass_enable = 0, is_ms12_tuning_dat = 0, dolby_ms12_enable = 1, output_config = 0xc
11-03 16:43:41.165 D/UEventObserver( 997): change@/devices/platform/auge_sound/sound/card0/controlC0ACTION=changeDEVPATH=/devices/platform/auge_sound/sound/card0/controlC0SUBSYSTEM=soundAUDIO_FORMAT=0MAJOR=116MINOR=13DEVNAME=snd/controlC0SEQNUM=3727
11-03 16:43:41.168 D/ShowHdrAudioLogoService( 997): receive broadcast, audio format:0
11-03 16:43:41.170 D/ShowHdrAudioLogoService( 997): clearContent
11-03 16:43:41.230 I/BLEAudioDrive_HV412( 469): fd:26 data len: 9 1
11-03 16:43:41.232 I/SogouIME( 1940): onKeyUp: keyoCode=23
11-03 16:43:41.232 I/DefaultIMS( 1940): onKeyUp: keyoCode=23
11-03 16:43:41.242 E/CellBroadcastUtils( 705): getDefaultCellBroadcastReceiverPackageName: no package found
11-03 16:43:41.247 E/Transition( 705): Trying to add a ready-group twice: Display{#0 state=ON size=1920x1080 ROTATION_0}
11-03 16:43:41.250 I/ActivityTaskManager( 705): START u0 {cmp=com.tv.filemanager.os/com.dangbei.lerad.filemanager.ui.info.ManagerFileListActivity (has extras)} with LAUNCH_MULTIPLE from uid 10041 (BAL_ALLOW_VISIBLE_WINDOW) result code=0
11-03 16:43:41.255 V/WindowManagerShell( 985): Transition requested: android.os.BinderProxy@9382d94 TransitionRequestInfo { type = 1, triggerTask = TaskInfo{userId=0 taskId=198 displayId=0 isRunning=true baseIntent=Intent { act=android.intent.action.MAIN cat=[android.intent.category.LAUNCHER] flg=0x10000000 pkg=com.tv.filemanager.os cmp=com.tv.filemanager.os/com.dangbei.lerad.filemanager.ui.home.ManagerHomeActivity } baseActivity=ComponentInfo{com.tv.filemanager.os/com.dangbei.lerad.filemanager.ui.home.ManagerHomeActivity} topActivity=ComponentInfo{com.tv.filemanager.os/com.dangbei.lerad.filemanager.ui.info.ManagerFileListActivity} origActivity=null realActivity=ComponentInfo{com.tv.filemanager.os/com.dangbei.lerad.filemanager.ui.home.ManagerHomeActivity} numActivities=3 lastActiveTime=183002 supportsMultiWindow=true resizeMode=1 isResizeable=true minWidth=-1 minHeight=-1 defaultMinSize=220 token=WCT{android.window.IWindowContainerToken$Stub$Proxy@f46b03d} topActivityType=1 pictureInPictureParams=null shouldDockBigOverlays=true launchIntoPipHostTaskId=-1 lastParentTaskIdBeforePip=-1 displayCutoutSafeInsets=null topActivityInfo=ActivityInfo{6f9d032 com.dangbei.lerad.filemanager.ui.info.ManagerFileListActivity} launchCookies=[] positionInParent=Point(0, 0) parentTaskId=-1 isFocused=true isVisible=true isVisibleRequested=true isSleeping=false topActivityInSizeCompat=false topActivityEligibleForLetterboxEducation= false isLetterboxDoubleTapEnabled= false topActivityEligibleForUserAspectRatioButton= false topActivityBoundsLetterboxed= false isFromLetterboxDoubleTap= false topActivityLetterboxVerticalPosition= -1 topActivityLetterboxHorizontalPosition= -1 topActivityLetterboxWidth=-1 topActivityLetterboxHeight=-1 isUserFullscreenOverrideEnabled=false isTopActivityTransparent=false locusId=null displayAreaFeatureId=1 cameraCompatControlState=hidden}, remoteTransition = null, displayChange = null, flags = 0 }
11-03 16:43:41.256 V/WindowManager( 705): app ------------- force_land :0
11-03 16:43:41.256 V/WindowManager( 705): app ------------- force_land :0
11-03 16:43:41.257 V/WindowManager( 705): app ------------- force_land :0
11-03 16:43:41.267 I/audio_hw_device_patchmgr( 469): [register_audio_patch:728] Patch 4:id:4 mix(io:13)->dev_0[OUT_HDMI(id:39)] found, register the same patch, do nothing.
11-03 16:43:41.267 I/audio_hw_device_patchmgr( 469): [patch_mgr_create_patch:871] Patch 4: MIX->DEVICE, num_src:1 num_sink:1 patch_src:INVAL
11-03 16:43:41.267 I/audio_hw_device_patchmgr( 469): [patch_mgr_create_patch:875] sink[0]: OUT_HDMI(id:39)
11-03 16:43:41.267 I/audio_hw_device_patchmgr( 469): [patch_mgr_create_patch:909] Patch 4: mix(io:13) -> dev[OUT_HDMI(id:39)]
11-03 16:43:41.267 I/audio_hw_hal_primary( 469): [adev_create_audio_patch:7558] dev=0xe46c0010 cur_out_device=0x400
11-03 16:43:41.268 D/audioserver( 501): logFgsApiEnd: FGS Logger Transaction failed, -129
11-03 16:43:41.268 D/audioserver( 501): logFgsApiBegin: FGS Logger Transaction failed, -129
11-03 16:43:41.272 I/audio_hw_hal_primary( 469): out_update_source_metadata_v7() line 1743 usage:1 content_type:2
11-03 16:43:41.274 D/UEventObserver( 997): change@/devices/platform/auge_sound/sound/card0/controlC0ACTION=changeDEVPATH=/devices/platform/auge_sound/sound/card0/controlC0SUBSYSTEM=soundAUDIO_FORMAT=0MAJOR=116MINOR=13DEVNAME=snd/controlC0SEQNUM=3728
11-03 16:43:41.274 V/WindowManager( 705): app ------------- force_land :0
11-03 16:43:41.274 I/BpBinder( 276): onLastStrongRef automatically unlinking death recipients:
11-03 16:43:41.280 D/audioserver( 501): logFgsApiBegin: FGS Logger Transaction failed, -129
11-03 16:43:41.286 I/audio_hw_hal_primary( 469): [audiohal_get_latency:1036] io 13: out:0xe4580010 frames:1152 rate:48000 whole_latency:24 alsa_latency:24
11-03 16:43:41.286 I/audio_hw_hal_primary( 469): out_update_source_metadata_v7() line 1743 usage:13 content_type:4
11-03 16:43:41.290 D/ShowHdrAudioLogoService( 997): receive broadcast, audio format:0
11-03 16:43:41.298 D/ShowHdrAudioLogoService( 997): clearContent
11-03 16:43:41.305 I/audio_hw_hal_primary( 469): [audiohal_get_latency:1036] io 13: out:0xe4580010 frames:1024 rate:48000 whole_latency:21 alsa_latency:21
11-03 16:43:41.317 I/binder:456_5( 456): type=1400 audit(0.0:1451): avc: denied { add_name } for name="globalAlert" scontext=u:r:netd:s0 tcontext=u:object_r:proc_net:s0 tclass=dir permissive=1
11-03 16:43:41.325 I/audio_hw_hal_primary( 469): [audiohal_get_latency:1036] io 13: out:0xe4580010 frames:1024 rate:48000 whole_latency:21 alsa_latency:21
11-03 16:43:41.345 I/audio_hw_hal_primary( 469): [audiohal_get_latency:1036] io 13: out:0xe4580010 frames:1152 rate:48000 whole_latency:24 alsa_latency:24
11-03 16:43:41.361 D/WindowManagerShell( 985): TvPipController: onTaskStackChanged()
11-03 16:43:41.364 D/audio_hw_hal_stream( 469): update_audio_hal_info() audio hal format change to 1, atmos flag = 0, is_dolby_atmos = 0, dts_hp_x = 0, update_type = 0 is_dolby_atmos_off = 1 virtual_bass_enable 0
11-03 16:43:41.364 D/audio_hw_hal_stream( 469): update_audio_hal_info() cur_out_devices 0x400, dap_bypass_enable = 0, is_ms12_tuning_dat = 0, dolby_ms12_enable = 1, output_config = 0xc
11-03 16:43:41.365 I/audio_hw_hal_primary( 469): [audiohal_get_latency:1036] io 13: out:0xe4580010 frames:1152 rate:48000 whole_latency:24 alsa_latency:24
11-03 16:43:41.365 D/UEventObserver( 997): change@/devices/platform/auge_sound/sound/card0/controlC0ACTION=changeDEVPATH=/devices/platform/auge_sound/sound/card0/controlC0SUBSYSTEM=soundAUDIO_FORMAT=0MAJOR=116MINOR=13DEVNAME=snd/controlC0SEQNUM=3729
11-03 16:43:41.373 D/ShowHdrAudioLogoService( 997): receive broadcast, audio format:0
11-03 16:43:41.374 D/ShowHdrAudioLogoService( 997): clearContent
11-03 16:43:41.385 I/audio_hw_hal_primary( 469): [audiohal_get_latency:1036] io 13: out:0xe4580010 frames:1280 rate:48000 whole_latency:26 alsa_latency:26
11-03 16:43:41.385 I/audio_hw_hal_primary( 469): [audiohal_get_latency:1036] io 13: out:0xe4580010 frames:1280 rate:48000 whole_latency:26 alsa_latency:26
11-03 16:43:41.396 I/audio_hw_hal_primary( 469): [audiohal_get_latency:1036] io 13: out:0xe4580010 frames:1280 rate:48000 whole_latency:26 alsa_latency:26
11-03 16:43:41.396 I/audio_hw_hal_primary( 469): [audiohal_get_latency:1036] io 13: out:0xe4580010 frames:1280 rate:48000 whole_latency:26 alsa_latency:26
11-03 16:43:41.404 W/WindowManager( 705): [addWindow] title:com.tv.filemanager.os/com.dangbei.lerad.filemanager.ui.info.ManagerFileListActivity
11-03 16:43:41.404 W/WindowManager( 705): Failed looking up window session=Session{5535dc5 2895:u0a10041} callers=com.android.server.wm.WindowManagerService.windowForClientLocked:6077 com.android.server.wm.Session.updateRequestedVisibleTypes:695 android.view.IWindowSession$Stub.onTransact:1034
11-03 16:43:41.406 I/audio_hw_hal_primary( 469): [audiohal_get_latency:1036] io 13: out:0xe4580010 frames:1024 rate:48000 whole_latency:21 alsa_latency:21
11-03 16:43:41.407 I/audio_hw_hal_primary( 469): [audiohal_get_latency:1036] io 13: out:0xe4580010 frames:1280 rate:48000 whole_latency:26 alsa_latency:26
11-03 16:43:41.412 D/CoreBackPreview( 705): Window{f1cd387 u0 com.tv.filemanager.os/com.dangbei.lerad.filemanager.ui.info.ManagerFileListActivity}: Setting back callback OnBackInvokedCallbackInfo{mCallback=android.window.IOnBackInvokedCallback$Stub$Proxy@75c0edd, mPriority=0, mIsAnimationCallback=false}
11-03 16:43:41.417 I/audio_hw_hal_primary( 469): [audiohal_get_latency:1036] io 13: out:0xe4580010 frames:1280 rate:48000 whole_latency:26 alsa_latency:26
11-03 16:43:41.418 I/audio_hw_hal_primary( 469): [audiohal_get_latency:1036] io 13: out:0xe4580010 frames:1280 rate:48000 whole_latency:26 alsa_latency:26
11-03 16:43:41.426 I/audio_hw_hal_primary( 469): [audiohal_get_latency:1036] io 13: out:0xe4580010 frames:1024 rate:48000 whole_latency:21 alsa_latency:21
11-03 16:43:41.426 I/audio_hw_hal_primary( 469): [audiohal_get_latency:1036] io 13: out:0xe4580010 frames:1024 rate:48000 whole_latency:21 alsa_latency:21
11-03 16:43:41.432 E/OpenGLRenderer( 2895): Unable to match the desired swap behavior.
11-03 16:43:41.438 I/audio_hw_hal_primary( 469): [audiohal_get_latency:1036] io 13: out:0xe4580010 frames:1280 rate:48000 whole_latency:26 alsa_latency:26
11-03 16:43:41.439 I/audio_hw_hal_primary( 469): [audiohal_get_latency:1036] io 13: out:0xe4580010 frames:1280 rate:48000 whole_latency:26 alsa_latency:26
11-03 16:43:41.447 I/audio_hw_hal_primary( 469): [audiohal_get_latency:1036] io 13: out:0xe4580010 frames:1152 rate:48000 whole_latency:24 alsa_latency:24
11-03 16:43:41.448 I/audio_hw_hal_primary( 469): [audiohal_get_latency:1036] io 13: out:0xe4580010 frames:1024 rate:48000 whole_latency:21 alsa_latency:21
11-03 16:43:41.458 I/audio_hw_hal_primary( 469): [audiohal_get_latency:1036] io 13: out:0xe4580010 frames:1024 rate:48000 whole_latency:21 alsa_latency:21
11-03 16:43:41.458 I/audio_hw_hal_primary( 469): [audiohal_get_latency:1036] io 13: out:0xe4580010 frames:1280 rate:48000 whole_latency:26 alsa_latency:26
11-03 16:43:41.461 I/BaseRequest( 2895): complete
11-03 16:43:41.461 I/BaseRequest( 2895): success!=nulltrue
