10-30 10:40:32.125 W/bei.lerad.rocky( 1894): ApkAssets: Deleting an ApkAssets object ' and /system/app/UsbOpenFT/UsbOpenFT.apk' with 1 weak references
10-30 10:40:32.125 W/bei.lerad.rocky( 1894): ApkAssets: Deleting an ApkAssets object ' and /system/priv-app/SoundPicker/SoundPicker.apk' with 1 weak references
10-30 10:40:32.125 W/bei.lerad.rocky( 1894): ApkAssets: Deleting an ApkAssets object ' and /system/app/dangbei-etna-service/dangbei-etna-service.apk' with 1 weak references
10-30 10:40:32.126 W/bei.lerad.rocky( 1894): ApkAssets: Deleting an ApkAssets object ' and /product/app/Miracast/Miracast.apk' with 1 weak references
10-30 10:40:32.126 W/bei.lerad.rocky( 1894): ApkAssets: Deleting an ApkAssets object ' and /system/app/dangbei-file-manager/dangbei-file-manager.apk' with 1 weak references
10-30 10:40:32.126 W/bei.lerad.rocky( 1894): ApkAssets: Deleting an ApkAssets object ' and /system/app/PowerUI/PowerUI.apk' with 1 weak references
10-30 10:40:32.126 W/bei.lerad.rocky( 1894): ApkAssets: Deleting an ApkAssets object ' and /data/app/~~fP3sPoClhw8NolYeIImy9g==/com.changba.sd-ehN3mCYWN59D1uN1ILawbA==/base.apk' with 1 weak references
10-30 10:40:32.126 W/bei.lerad.rocky( 1894): ApkAssets: Deleting an ApkAssets object ' and /system/app/dangbei-screensaver/dangbei-screensaver.apk' with 1 weak references
10-30 10:40:32.126 W/bei.lerad.rocky( 1894): ApkAssets: Deleting an ApkAssets object ' and /product/app/Music/Music.apk' with 1 weak references
10-30 10:40:32.127 W/bei.lerad.rocky( 1894): ApkAssets: Deleting an ApkAssets object ' and /system/priv-app/Shell/Shell.apk' with 1 weak references
10-30 10:40:32.127 W/bei.lerad.rocky( 1894): ApkAssets: Deleting an ApkAssets object ' and /system/priv-app/UserDictionaryProvider/UserDictionaryProvider.apk' with 1 weak references
10-30 10:40:32.127 W/bei.lerad.rocky( 1894): ApkAssets: Deleting an ApkAssets object ' and /apex/com.android.mediaprovider/priv-app/MediaProvider@UD2A.240505.001.W1/MediaProvider.apk' with 1 weak references
10-30 10:40:32.127 W/bei.lerad.rocky( 1894): ApkAssets: Deleting an ApkAssets object ' and /system/app/Low_storage_dialog/Low_storage_dialog.apk' with 1 weak references
10-30 10:40:32.127 W/bei.lerad.rocky( 1894): ApkAssets: Deleting an ApkAssets object ' and /data/app/~~zlEzJif1V7M0K8lPybhLAw==/com.tvbc.mddtv-UOjd9-LxHnYPqCnifKlMUw==/base.apk' with 1 weak references
10-30 10:40:32.128 W/bei.lerad.rocky( 1894): ApkAssets: Deleting an ApkAssets object ' and /apex/com.android.wifi/app/OsuLogin@UD2A.240505.001.W1/OsuLogin.apk' with 1 weak references
10-30 10:40:32.128 W/bei.lerad.rocky( 1894): ApkAssets: Deleting an ApkAssets object ' and /system/priv-app/FusedLocation/FusedLocation.apk' with 1 weak references
10-30 10:40:32.128 W/bei.lerad.rocky( 1894): ApkAssets: Deleting an ApkAssets object ' and /product/app/DeskClock/DeskClock.apk' with 1 weak references
10-30 10:40:32.128 W/bei.lerad.rocky( 1894): ApkAssets: Deleting an ApkAssets object ' and /system_ext/priv-app/TvSystemUI/TvSystemUI.apk' with 1 weak references
10-30 10:40:32.129 W/bei.lerad.rocky( 1894): ApkAssets: Deleting an ApkAssets object '/vendor/overlay/TvSystemUI__auto_generated_rro_vendor.apk' with 1 weak references
10-30 10:40:32.129 W/bei.lerad.rocky( 1894): ApkAssets: Deleting an ApkAssets object '/product/overlay/SystemUIOverlay.apk' with 1 weak references
10-30 10:40:32.129 W/bei.lerad.rocky( 1894): ApkAssets: Deleting an ApkAssets object ' and /system/app/dangbei-setting/dangbei-setting.apk' with 1 weak references
10-30 10:40:32.129 W/bei.lerad.rocky( 1894): ApkAssets: Deleting an ApkAssets object ' and /apex/com.android.permission/priv-app/PermissionController@UD2A.240505.001.W1/PermissionController.apk' with 1 weak references
10-30 10:40:32.130 W/bei.lerad.rocky( 1894): ApkAssets: Deleting an ApkAssets object ' and /vendor/priv-app/AppInstaller/AppInstaller.apk' with 1 weak references
10-30 10:40:32.130 W/bei.lerad.rocky( 1894): ApkAssets: Deleting an ApkAssets object ' and /data/app/~~8YAGfaY68KrNCfCHnoZLKg==/com.netease.cloudmusic.tv-SAEjGzFCTV_Fek2Iot6sZw==/base.apk' with 1 weak references
10-30 10:40:32.130 W/bei.lerad.rocky( 1894): ApkAssets: Deleting an ApkAssets object ' and /apex/com.android.btservices/app/Bluetooth@UD2A.240505.001.W1/Bluetooth.apk' with 1 weak references
10-30 10:40:32.130 W/bei.lerad.rocky( 1894): ApkAssets: Deleting an ApkAssets object ' and /system/priv-app/ContactsProvider/ContactsProvider.apk' with 1 weak references
10-30 10:40:32.130 W/bei.lerad.rocky( 1894): ApkAssets: Deleting an ApkAssets object ' and /system/app/CaptivePortalLogin/CaptivePortalLogin.apk' with 1 weak references
10-30 10:40:32.130 W/bei.lerad.rocky( 1894): ApkAssets: Deleting an ApkAssets object ' and /apex/com.android.devicelock/priv-app/DeviceLockController@UD2A.240505.001.W1/DeviceLockController.apk' with 1 weak references
10-30 10:40:32.131 W/bei.lerad.rocky( 1894): ApkAssets: Deleting an ApkAssets object ' and /data/app/~~0Y4kyB4VhB02w61sTU4znQ==/com.cibn.tv-NmmegCmiotmYhmMq9cSlmg==/base.apk' with 1 weak references
10-30 10:40:32.131 W/bei.lerad.rocky( 1894): ApkAssets: Deleting an ApkAssets object ' and /apex/com.android.extservices/priv-app/AdExtServicesApk@UD2A.240505.001.W1/AdExtServicesApk.apk' with 1 weak references
10-30 10:40:32.149 W/odianshi.tv.yst( 1515): ApkAssets: Deleting an ApkAssets object ' and /product/app/webview/webview.apk' with 1 weak references
10-30 10:40:32.232 E/KOOM ( 1515): [koom] koom start failed, check result: OS_VERSION_NO_COMPATIBILITY
10-30 10:40:32.572 W/System ( 1108): A resource failed to call close.
10-30 10:40:32.599 D/SntpClient( 705): request time failed: java.net.SocketTimeoutException: Poll timed out
10-30 10:40:32.600 D/TrafficStats( 705): tagSocket(435) with statsTag=0xffffff41, statsUid=-1
10-30 10:40:32.627 E/dangbei111( 1470): cccccc 检测到网络 准备请求遥控器ota信息
10-30 10:40:32.633 W/ContextImpl( 1470): Calling a method in the system process without a qualified user: android.app.ContextImpl.sendBroadcast:1220 android.content.ContextWrapper.sendBroadcast:504 com.dangbei.remotecontroller.RemoteControllerReceiver.sendMessageToUpdateHelper:123 com.dangbei.remotecontroller.RemoteControllerReceiver.access$100:28 com.dangbei.remotecontroller.RemoteControllerReceiver$1.handleMessage:41
10-30 10:40:32.636 E/dangbei111( 1470): 读出来的遥控器版本不是空 CSH251028
10-30 10:40:32.637 E/dangbei111( 1470): cccccc requestRemoteInfoInner factory BK version CSH251028
10-30 10:40:32.645 I/okhttp.OkHttpClient( 1470): --> POST http://tymsgapi.qun7.com/v1/core/ykota (620-byte body)
10-30 10:40:32.694 I/okhttp.OkHttpClient( 1470): <-- 200 OK http://tymsgapi.qun7.com/v1/core/ykota (48ms, unknown-length body)
10-30 10:40:32.698 E/dangbei111( 1470): cccccc requestRemoteInfoInner BaseResponse{message='success', data=RemoteUpdateBean{downloadId='114', name='H5Pro', rommodel='DBBOX-A2,DBBOX-A3', versionName='CSH1000000', downUrl='http://dl.qun7.com/YKQ/CSH/20251028_CSH251028/HB9261_BT016G-CS-002_OTA_1028CSH999999_APP_1.3.12850.231102_169CA5F4.dat', reUrl='http://dl.v5tv.com/YKQ/CSH/20251028_CSH251028/HB9261_BT016G-CS-002_OTA_1028CSH999999_APP_1.3.12850.231102_169CA5F4.dat', reUrl2='http://dl.tymcdn.com/YKQ/CSH/20251028_CSH251028/HB9261_BT016G-CS-002_OTA_1028CSH999999_APP_1.3.12850.231102_169CA5F4.dat', contentLength=277300, md5v='d8eb76dd9965a467fe8800ddddbf225e', tempUrl='null', desc='null', status=idle, progress=0.0, isPaused=false, cancelled=false, extraInfo='null', localPath='null', current=0, create_time=0, remark='H5/H5Pro橙视遥控器OTA测试
10-30 10:40:32.698 E/dangbei111( 1470):
10-30 10:40:32.698 E/dangbei111( 1470): 20251028:CSH251028'}, code=0}
10-30 10:40:32.700 I/lerad.etna.haqu( 1470): type=1400 audit(0.0:1097): avc: denied { read } for name="114.dat" dev="dm-58" ino=18250 scontext=u:r:system_app:s0 tcontext=u:object_r:system_data_root_file:s0 tclass=file permissive=1
10-30 10:40:32.700 I/lerad.etna.haqu( 1470): type=1400 audit(0.0:1098): avc: denied { open } for path="/data/etna_download/remote/114.dat" dev="dm-58" ino=18250 scontext=u:r:system_app:s0 tcontext=u:object_r:system_data_root_file:s0 tclass=file permissive=1
10-30 10:40:32.700 I/lerad.etna.haqu( 1470): type=1400 audit(0.0:1099): avc: denied { getattr } for path="/data/etna_download/remote/114.dat" dev="dm-58" ino=18250 scontext=u:r:system_app:s0 tcontext=u:object_r:system_data_root_file:s0 tclass=file permissive=1
10-30 10:40:32.711 E/dangbei111( 1470): cccccc hmm 确定遥控器是有更新的 --------------------------
10-30 10:40:32.714 E/ccc ( 1470): cccccc com.dangbei.haqusetting not connect
10-30 10:40:32.714 E/ccc ( 1470): cccccc updateHelper 通知更新
10-30 10:40:32.714 E/ccc ( 1470): cccccc 有更新 且存在文件 RemoteUpdateBean{downloadId='114', name='H5Pro', rommodel='DBBOX-A2,DBBOX-A3', versionName='CSH1000000', downUrl='http://dl.qun7.com/YKQ/CSH/20251028_CSH251028/HB9261_BT016G-CS-002_OTA_1028CSH999999_APP_1.3.12850.231102_169CA5F4.dat', reUrl='http://dl.v5tv.com/YKQ/CSH/20251028_CSH251028/HB9261_BT016G-CS-002_OTA_1028CSH999999_APP_1.3.12850.231102_169CA5F4.dat', reUrl2='http://dl.tymcdn.com/YKQ/CSH/20251028_CSH251028/HB9261_BT016G-CS-002_OTA_1028CSH999999_APP_1.3.12850.231102_169CA5F4.dat', contentLength=277300, md5v='d8eb76dd9965a467fe8800ddddbf225e', tempUrl='http://dl.qun7.com/YKQ/CSH/20251028_CSH251028/HB9261_BT016G-CS-002_OTA_1028CSH999999_APP_1.3.12850.231102_169CA5F4.dat', desc='null', status=completed, progress=100.0, isPaused=false, cancelled=true, extraInfo='null', localPath='/data/etna_download/remote/114.dat', current=277300, create_time=0, remark='H5/H5Pro橙视遥控器OTA测试
10-30 10:40:32.714 E/ccc ( 1470):
10-30 10:40:32.714 E/ccc ( 1470): 20251028:CSH251028'}
10-30 10:40:32.731 W/System ( 1470): A resource failed to call close.
10-30 10:40:32.731 W/System ( 1470): A resource failed to call close.
10-30 10:40:32.731 W/System ( 1470): A resource failed to call close.
10-30 10:40:32.980 W/NotificationHistory( 705): Attempted to add notif for locked/gone/disabled user 0
10-30 10:40:33.057 I/BLEAudioDrive_HV412( 469): fd:26 data len: 9 1
10-30 10:40:33.061 W/SoundPool( 705): Use of stream types is deprecated for operations other than volume control
10-30 10:40:33.061 W/SoundPool( 705): See the documentation of SoundPool() for what to use instead with android.media.AudioAttributes to qualify your playback use case
10-30 10:40:33.063 W/SoundPool( 705): play soundID 1 not READY
10-30 10:40:33.065 I/SogouIME( 1940): onKeyDown: keyoCode=22
10-30 10:40:33.066 I/DefaultIMS( 1940): onKeyDown: keyoCode=22
10-30 10:40:33.072 I/vold ( 260): Configuring read_ahead of /mnt/user/0/02E24445E2443EE3 fuse filesystem to 256kb
10-30 10:40:33.072 I/vold ( 260): Writing 256 to /sys/class/bdi/0:111/read_ahead_kb
10-30 10:40:33.072 I/vold ( 260): Configuring max_ratio of /mnt/user/0/02E24445E2443EE3 fuse filesystem to 40
10-30 10:40:33.072 I/AmFFmpegByteIOAdapter( 596): File size : 12971
10-30 10:40:33.072 I/vold ( 260): Writing 40 to /sys/class/bdi/0:111/max_ratio
10-30 10:40:33.073 W/exFFmpeg( 596): Invalid return value 0 for stream protocol
10-30 10:40:33.074 I/StorageManagerService( 705): Mounted volume VolumeInfo{public:8,1}:
10-30 10:40:33.074 I/StorageManagerService( 705): type=PUBLIC diskId=disk:8,0 partGuid= mountFlags=VISIBLE_FOR_WRITE
10-30 10:40:33.074 I/StorageManagerService( 705): mountUserId=0 state=MOUNTED
10-30 10:40:33.074 I/StorageManagerService( 705): fsType=ntfs fsUuid=02E24445E2443EE3 fsLabel=meida
10-30 10:40:33.074 I/StorageManagerService( 705): path=/storage/02E24445E2443EE3 internalPath=/mnt/media_rw/02E24445E2443EE3
10-30 10:40:33.075 I/StorageSessionController( 705): Notifying volume state changed for session with id: public:8,1
10-30 10:40:33.076 I/AmFFmpegByteIOAdapter( 596): File size : 13195
10-30 10:40:33.076 W/exFFmpeg( 596): Invalid return value 0 for stream protocol
10-30 10:40:33.076 I/AmFFmpegExtractor( 596): checkInList: iswhite:0, mime:audio/ogg, type:1, id:86021 tag:0
10-30 10:40:33.076 I/AmFFmpegExtractor( 596): checkInList: iswhite:1, mime:audio/ogg, type:1, id:86021 tag:0
10-30 10:40:33.076 E/AmFFmpegExtractor( 596): codec_ctx->properties: 0
10-30 10:40:33.076 I/AmFFmpegExtractor( 596): checkSupportInList ret 1
10-30 10:40:33.077 W/exFFmpeg( 596): Invalid return value 0 for stream protocol
10-30 10:40:33.077 W/exFFmpeg( 596): Invalid return value 0 for stream protocol
10-30 10:40:33.079 I/AmFFmpegExtractor( 596): checkInList: iswhite:0, mime:audio/ogg, type:1, id:86021 tag:0
10-30 10:40:33.079 I/AmFFmpegExtractor( 596): checkInList: iswhite:1, mime:audio/ogg, type:1, id:86021 tag:0
10-30 10:40:33.079 E/AmFFmpegExtractor( 596): codec_ctx->properties: 0
10-30 10:40:33.079 I/AmFFmpegExtractor( 596): checkSupportInList ret 1
10-30 10:40:33.081 E/StorageManagerService( 705): Failed to notify volume state changed to the Storage Service
10-30 10:40:33.081 E/StorageManagerService( 705): com.android.server.storage.StorageSessionController$ExternalStorageServiceException: Failed to notify volume state changed for vol : StorageVolume: TOSHIBA U 盘
10-30 10:40:33.081 E/StorageManagerService( 705): at com.android.server.storage.StorageUserConnection$ActiveConnection.notifyVolumeStateChanged(StorageUserConnection.java:420)
10-30 10:40:33.081 E/StorageManagerService( 705): at com.android.server.storage.StorageUserConnection.notifyVolumeStateChanged(StorageUserConnection.java:131)
10-30 10:40:33.081 E/StorageManagerService( 705): at com.android.server.storage.StorageSessionController.notifyVolumeStateChanged(StorageSessionController.java:158)
10-30 10:40:33.081 E/StorageManagerService( 705): at com.android.server.StorageManagerService.onVolumeStateChangedAsync(StorageManagerService.java:1683)
10-30 10:40:33.081 E/StorageManagerService( 705): at com.android.server.StorageManagerService.-$$Nest$monVolumeStateChangedAsync(StorageManagerService.java:0)
10-30 10:40:33.081 E/StorageManagerService( 705): at com.android.server.StorageManagerService$StorageManagerServiceHandler.handleMessage(StorageManagerService.java:806)
10-30 10:40:33.081 E/StorageManagerService( 705): at android.os.Handler.dispatchMessage(Handler.java:106)
10-30 10:40:33.081 E/StorageManagerService( 705): at android.os.Looper.loopOnce(Looper.java:205)
10-30 10:40:33.081 E/StorageManagerService( 705): at android.os.Looper.loop(Looper.java:294)
10-30 10:40:33.081 E/StorageManagerService( 705): at android.os.HandlerThread.run(HandlerThread.java:67)
10-30 10:40:33.081 E/StorageManagerService( 705): Caused by: java.util.concurrent.ExecutionException: android.os.ParcelableException: java.lang.IllegalArgumentException
10-30 10:40:33.081 E/StorageManagerService( 705): at java.util.concurrent.CompletableFuture.reportGet(CompletableFuture.java:372)
10-30 10:40:33.081 E/StorageManagerService( 705): at java.util.concurrent.CompletableFuture.get(CompletableFuture.java:2072)
10-30 10:40:33.081 E/StorageManagerService( 705): at com.android.server.storage.StorageUserConnection$ActiveConnection.waitForAsync(StorageUserConnection.java:379)
10-30 10:40:33.081 E/StorageManagerService( 705): at com.android.server.storage.StorageUserConnection$ActiveConnection.waitForAsyncVoid(StorageUserConnection.java:358)
10-30 10:40:33.081 E/StorageManagerService( 705): at com.android.server.storage.StorageUserConnection$ActiveConnection.notifyVolumeStateChanged(StorageUserConnection.java:417)
10-30 10:40:33.081 E/StorageManagerService( 705): ... 9 more
10-30 10:40:33.081 E/StorageManagerService( 705): Caused by: android.os.ParcelableException: java.lang.IllegalArgumentException
10-30 10:40:33.081 E/StorageManagerService( 705): at android.os.ParcelableException$1.createFromParcel(ParcelableException.java:82)
10-30 10:40:33.081 E/StorageManagerService( 705): at android.os.ParcelableException$1.createFromParcel(ParcelableException.java:79)
10-30 10:40:33.081 E/StorageManagerService( 705): at android.os.Parcel.readParcelableInternal(Parcel.java:4892)
10-30 10:40:33.081 E/StorageManagerService( 705): at android.os.Parcel.readValue(Parcel.java:4643)
10-30 10:40:33.081 E/StorageManagerService( 705): at android.os.Parcel.readValue(Parcel.java:4412)
10-30 10:40:33.081 E/StorageManagerService( 705): at android.os.Parcel.-$$Nest$mreadValue(Unknown Source:0)
10-30 10:40:33.081 E/StorageManagerService( 705): at android.os.Parcel$LazyValue.apply(Parcel.java:4510)
10-30 10:40:33.081 E/StorageManagerService( 705): at android.os.Parcel$LazyValue.apply(Parcel.java:4469)
10-30 10:40:33.081 E/StorageManagerService( 705): at android.os.BaseBundle.unwrapLazyValueFromMapLocked(BaseBundle.java:415)
10-30 10:40:33.081 E/StorageManagerService( 705): at android.os.BaseBundle.getValueAt(BaseBundle.java:401)
10-30 10:40:33.081 E/StorageManagerService( 705): at android.os.BaseBundle.getValue(BaseBundle.java:381)
10-30 10:40:33.081 E/StorageManagerService( 705): at android.os.BaseBundle.getValue(BaseBundle.java:364)
10-30 10:40:33.081 E/StorageManagerService( 705): at android.os.BaseBundle.get(BaseBundle.java:737)
10-30 10:40:33.081 E/StorageManagerService( 705): at android.os.Bundle.getParcelable(Bundle.java:953)
10-30 10:40:33.081 E/StorageManagerService( 705): at com.android.server.storage.StorageUserConnection$ActiveConnection.setResult(StorageUserConnection.java:448)
10-30 10:40:33.081 E/StorageManagerService( 705): at com.android.server.storage.StorageUserConnection$ActiveConnection.lambda$waitForAsyncVoid$0(StorageUserConnection.java:356)
10-30 10:40:33.081 E/StorageManagerService( 705): at com.android.server.storage.StorageUserConnection$ActiveConnection.$r8$lambda$FEark3qKXdf7J4q76s47jPohPig(StorageUserConnection.java:0)
10-30 10:40:33.081 E/StorageManagerService( 705): at com.android.server.storage.StorageUserConnection$ActiveConnection$$ExternalSyntheticLambda3.onResult(R8$$SyntheticClass:0)
10-30 10:40:33.081 E/StorageManagerService( 705): at android.os.RemoteCallback.sendResult(RemoteCallback.java:75)
10-30 10:40:33.081 E/StorageManagerService( 705): at android.os.RemoteCallback$1.sendResult(RemoteCallback.java:52)
10-30 10:40:33.081 E/StorageManagerService( 705): at android.os.IRemoteCallback$Stub.onTransact(IRemoteCallback.java:87)
10-30 10:40:33.081 E/StorageManagerService( 705): at android.os.Binder.execTransactInternal(Binder.java:1363)
10-30 10:40:33.081 E/StorageManagerService( 705): at android.os.Binder.execTransact(Binder.java:1304)
10-30 10:40:33.081 E/StorageManagerService( 705): Caused by: java.lang.IllegalArgumentException
10-30 10:40:33.081 E/StorageManagerService( 705): at java.lang.reflect.Constructor.newInstance0(Native Method)
10-30 10:40:33.081 E/StorageManagerService( 705): at java.lang.reflect.Constructor.newInstance(Constructor.java:343)
10-30 10:40:33.081 E/StorageManagerService( 705): at android.os.ParcelableException.readFromParcel(ParcelableException.java:56)
10-30 10:40:33.081 E/StorageManagerService( 705): ... 23 more
10-30 10:40:33.081 I/AmFFmpegExtractor( 596): checkInList: iswhite:0, mime:audio/ogg, type:1, id:86021 tag:0
10-30 10:40:33.081 I/AmFFmpegExtractor( 596): checkInList: iswhite:1, mime:audio/ogg, type:1, id:86021 tag:0
10-30 10:40:33.081 E/AmFFmpegExtractor( 596): codec_ctx->properties: 0
10-30 10:40:33.081 I/AmFFmpegExtractor( 596): checkSupportInList ret 0
10-30 10:40:33.081 E/AmFFmpegExtractor( 596): vendor do not support
10-30 10:40:33.083 D/StorageNotification( 985): Notifying about public volume: VolumeInfo{public:8,1}:
10-30 10:40:33.083 D/StorageNotification( 985): type=PUBLIC diskId=disk:8,0 partGuid= mountFlags=VISIBLE_FOR_WRITE
10-30 10:40:33.083 D/StorageNotification( 985): mountUserId=0 state=UNMOUNTED
10-30 10:40:33.083 D/StorageNotification( 985): fsType=null fsUuid=null fsLabel=null
10-30 10:40:33.083 D/StorageNotification( 985): path=null internalPath=null
10-30 10:40:33.083 I/StorageSessionController( 705): Notifying volume state changed for session with id: public:8,1
10-30 10:40:33.083 I/AmFFmpegExtractor( 596): checkInList: iswhite:0, mime:audio/ogg, type:1, id:86021 tag:0
10-30 10:40:33.083 I/AmFFmpegExtractor( 596): checkInList: iswhite:1, mime:audio/ogg, type:1, id:86021 tag:0
10-30 10:40:33.083 E/AmFFmpegExtractor( 596): codec_ctx->properties: 0
10-30 10:40:33.083 I/AmFFmpegExtractor( 596): checkSupportInList ret 0
10-30 10:40:33.083 E/AmFFmpegExtractor( 596): vendor do not support
10-30 10:40:33.084 I/ExternalStorageServiceImpl( 1450): Ignoring volume state for vol:null. State: checking
10-30 10:40:33.086 W/AudioFlinger( 501): createTrack_l(): mismatch between requested flags (00000004) and output flags (00000002)
10-30 10:40:33.088 V/MediaStore( 1450): Examining volume emulated;0 with name external_primary and state mounted
10-30 10:40:33.088 V/MediaStore( 1450): Examining volume public:8,1 with name 02e24445e2443ee3 and state mounted
10-30 10:40:33.089 I/audio_hw_hal_primary( 469): [audiohal_get_latency:1036] io 13: out:0xe4580010 frames:1536 rate:48000 whole_latency:32 alsa_latency:32
10-30 10:40:33.096 D/StorageNotification( 985): Notifying about public volume: VolumeInfo{public:8,1}:
10-30 10:40:33.096 D/StorageNotification( 985): type=PUBLIC diskId=disk:8,0 partGuid= mountFlags=VISIBLE_FOR_WRITE
10-30 10:40:33.096 D/StorageNotification( 985): mountUserId=0 state=CHECKING
10-30 10:40:33.096 D/StorageNotification( 985): fsType=null fsUuid=null fsLabel=null
10-30 10:40:33.096 D/StorageNotification( 985): path=null internalPath=null
10-30 10:40:33.102 D/MediaCodecList( 705): codecHandlesFormat: no format, so no extra checks
10-30 10:40:33.103 D/MediaCodecList( 705): codecHandlesFormat: no format, so no extra checks
10-30 10:40:33.105 I/StorageSessionController( 705): Notifying volume state changed for session with id: public:8,1
10-30 10:40:33.107 D/CCodec ( 705): allocate(c2.android.vorbis.decoder)
10-30 10:40:33.110 I/CCodec ( 705): setting up 'default' as default (vendor) store
10-30 10:40:33.114 I/CCodec ( 705): Created component [c2.android.vorbis.decoder]
10-30 10:40:33.114 D/CCodecConfig( 705): read media type: audio/vorbis
10-30 10:40:33.115 D/CCodec ( 705): allocate(c2.android.vorbis.decoder)
10-30 10:40:33.116 I/audio_hw_device_patchmgr( 469): [register_audio_patch:728] Patch 3:id:3 mix(io:13)->dev_0[OUT_HDMI(id:25)] found, register the same patch, do nothing.
10-30 10:40:33.116 I/audio_hw_device_patchmgr( 469): [patch_mgr_create_patch:871] Patch 3: MIX->DEVICE, num_src:1 num_sink:1 patch_src:INVAL
10-30 10:40:33.116 I/audio_hw_device_patchmgr( 469): [patch_mgr_create_patch:875] sink[0]: OUT_HDMI(id:25)
10-30 10:40:33.116 I/audio_hw_device_patchmgr( 469): [patch_mgr_create_patch:909] Patch 3: mix(io:13) -> dev[OUT_HDMI(id:25)]
10-30 10:40:33.117 D/UEventObserver( 997): change@/devices/platform/auge_sound/sound/card0/controlC0ACTION=changeDEVPATH=/devices/platform/auge_sound/sound/card0/controlC0SUBSYSTEM=soundAUDIO_FORMAT=0MAJOR=116MINOR=13DEVNAME=snd/controlC0SEQNUM=3586
10-30 10:40:33.117 I/audio_hw_hal_primary( 469): [adev_create_audio_patch:7558] dev=0xe46c0010 cur_out_device=0x400
10-30 10:40:33.118 I/CCodec ( 705): setting up 'default' as default (vendor) store
10-30 10:40:33.122 D/audioserver( 501): logFgsApiBegin: FGS Logger Transaction failed, -129
10-30 10:40:33.123 I/audio_hw_hal_primary( 469): out_update_source_metadata_v7() line 1743 usage:13 content_type:4
10-30 10:40:33.123 I/audio_hw_hal_primary( 469): [out_write_new:7049] io 13: out:0xe4580010 streamType:PCM_NORMAL, standby
10-30 10:40:33.123 D/audio_hw_hal_ms12v2( 469): set_dolby_ms12_continuous_state audio_continuous_standby_set status 0
10-30 10:40:33.123 D/audio_hw_hal_continuous_standby( 469): audio_continuous_standby_set, type 0, params 0
10-30 10:40:33.123 I/audio_hw_hal_ms12common( 469): aml_set_ms12_scheduler_state ms12_scheduler_state:0, sch_state:0 SCHEDULER_RUNNING is sent to ms12
10-30 10:40:33.123 I/audio_hw_hal_stream( 469): mixer_aux_buffer_write_wrap in_frames 960, input_cache_frames 960
10-30 10:40:33.123 D/AudioFlinger( 501): mixer(0xf2db0de0) throttle end: throttle time(2)
10-30 10:40:33.124 I/audio_hw_hal_primary( 469): [out_write_new:7049] io 13: out:0xe4580010 streamType:PCM_NORMAL, standby
10-30 10:40:33.124 I/audio_hw_hal_primary( 469): [mixer_aux_buffer_write:6391] io 13: out:0xe4580010 streamType:PCM_NORMAL standby to unstandby
10-30 10:40:33.124 D/ReflectedParamUpdater( 705): extent() != 1 for single value type: algo.buffers.max-count.values
10-30 10:40:33.124 E/audio_hw_hal_virtualbuf( 469): ms12 system input underrun happens read=17701542592 write=2600000000 diff=15101542592
10-30 10:40:33.125 D/ReflectedParamUpdater( 705): extent() != 1 for single value type: output.subscribed-indices.values
10-30 10:40:33.125 D/ReflectedParamUpdater( 705): extent() != 1 for single value type: input.buffers.allocator-ids.values
10-30 10:40:33.125 D/ReflectedParamUpdater( 705): extent() != 1 for single value type: output.buffers.allocator-ids.values
10-30 10:40:33.125 D/ReflectedParamUpdater( 705): extent() != 1 for single value type: algo.buffers.allocator-ids.values
10-30 10:40:33.125 D/ReflectedParamUpdater( 705): extent() != 1 for single value type: output.buffers.pool-ids.values
10-30 10:40:33.126 D/ReflectedParamUpdater( 705): extent() != 1 for single value type: algo.buffers.pool-ids.values
10-30 10:40:33.126 I/libdolbyms12( 469): handle=0xe48832f0 continuous fade mute begin duration=32, incnt 5
10-30 10:40:33.126 I/libdolbyms12( 469): eTagContinuousState 0, eCurContinuousState 6, s32InCnt 5
10-30 10:40:33.127 I/CCodecConfig( 705): query failed after returning 7 values (BAD_INDEX)
10-30 10:40:33.127 D/CCodecConfig( 705): c2 config diff is Dict {
10-30 10:40:33.127 D/CCodecConfig( 705): c2::u32 coded.bitrate.value = 64000
10-30 10:40:33.127 D/CCodecConfig( 705): c2::u32 input.buffers.max-size.value = 32768
10-30 10:40:33.127 D/CCodecConfig( 705): c2::u32 input.delay.value = 0
10-30 10:40:33.127 D/CCodecConfig( 705): string input.media-type.value = "audio/vorbis"
10-30 10:40:33.127 D/CCodecConfig( 705): string output.media-type.value = "audio/raw"
10-30 10:40:33.127 D/CCodecConfig( 705): c2::u32 raw.channel-count.value = 1
10-30 10:40:33.127 D/CCodecConfig( 705): c2::u32 raw.sample-rate.value = 48000
10-30 10:40:33.127 D/CCodecConfig( 705): }
10-30 10:40:33.129 I/CCodec ( 705): Created component [c2.android.vorbis.decoder]
10-30 10:40:33.130 D/CCodecConfig( 705): read media type: audio/vorbis
10-30 10:40:33.131 D/CompatibilityChangeReporter( 705): Compat change id reported: 261072174; UID 1000; state: ENABLED
10-30 10:40:33.132 D/MediaCodec( 705): flushMediametrics
10-30 10:40:33.132 D/CCodec ( 705): [c2.android.vorbis.decoder] buffers are bound to CCodec for this session
10-30 10:40:33.133 D/CCodecConfig( 705): no c2 equivalents for durationUs
10-30 10:40:33.133 D/CCodecConfig( 705): no c2 equivalents for track-id
10-30 10:40:33.133 D/CCodecConfig( 705): no c2 equivalents for csd-1
10-30 10:40:33.133 D/CCodecConfig( 705): no c2 equivalents for flags
10-30 10:40:33.133 D/CCodecConfig( 705): c2 config diff is c2::u32 coded.bitrate.value = 112000
10-30 10:40:33.133 D/CCodecConfig( 705): c2::u32 raw.channel-count.value = 2
10-30 10:40:33.133 D/CCodecConfig( 705): c2::u32 raw.sample-rate.value = 44100
10-30 10:40:33.134 I/audio_hw_hal_stream( 469): aml_stream_out_info_print: out:0xe4580010, stream_type:pcm, sync_mode:non tunnel, input_size:625920 bytes
10-30 10:40:33.134 I/audio_hw_hal_stream( 469): aml_stream_out_info_print: last_time:26279 ms (sec:26, nsec:279466470), last_position:3094 ms (148528), cur_time:41427 ms (sec:41, nsec:427915561), cur_position:3106 ms (149104)
10-30 10:40:33.134 I/audio_hw_hal_stream( 469): aml_stream_out_info_print: time_gap:15148 ms (thr:100 ms), position_gap:12 ms, delay:153 ms, jitter: Position gap is behind system time gap by 15136 ms (thr:100 ms)
10-30 10:40:33.135 W/Codec2Client( 705): query -- param skipped: index = 1107298332.
10-30 10:40:33.135 D/CCodec ( 705): encoding statistics level = 0
10-30 10:40:33.135 D/CCodec ( 705): setup formats input: AMessage(what = 0x00000000) = {
10-30 10:40:33.135 D/CCodec ( 705): int32_t bitrate = 112000
10-30 10:40:33.135 D/CCodec ( 705): int32_t channel-count = 2
10-30 10:40:33.135 D/CCodec ( 705): int32_t max-input-size = 32768
10-30 10:40:33.135 D/CCodec ( 705): string mime = "audio/vorbis"
10-30 10:40:33.135 D/CCodec ( 705): int32_t sample-rate = 44100
10-30 10:40:33.135 D/CCodec ( 705): }
10-30 10:40:33.135 D/CCodec ( 705): setup formats output: AMessage(what = 0x00000000) = {
10-30 10:40:33.135 D/CCodec ( 705): int32_t channel-count = 2
10-30 10:40:33.135 D/CCodec ( 705): string mime = "audio/raw"
10-30 10:40:33.135 D/CCodec ( 705): int32_t sample-rate = 44100
10-30 10:40:33.135 D/CCodec ( 705): int32_t channel-mask = 3
10-30 10:40:33.135 D/CCodec ( 705): int32_t android._config-pcm-encoding = 2
10-30 10:40:33.135 D/CCodec ( 705): }
10-30 10:40:33.135 I/CCodecConfig( 705): query failed after returning 7 values (BAD_INDEX)
10-30 10:40:33.136 W/Codec2Client( 705): query -- param skipped: index = 1342179345.
10-30 10:40:33.136 W/Codec2Client( 705): query -- param skipped: index = 2415921170.
10-30 10:40:33.138 D/CCodecBufferChannel( 705): [c2.android.vorbis.decoder#137] Created input block pool with allocatorID 16 => poolID 23 - OK (0)
10-30 10:40:33.138 D/BufferPoolAccessor2.0( 607): bufferpool2 0xf48c0b68 : 0(0 size) total buffers - 0(0 size) used buffers - 7/10 (recycle/alloc) - 3/9 (fetch/transfer)
10-30 10:40:33.138 D/BufferPoolAccessor2.0( 607): Destruction - bufferpool2 0xf48c0b68 cached: 0/0M, 0/0% in use; allocs: 10, 70% recycled; transfers: 9, 67% unfetched
10-30 10:40:33.138 D/BufferPoolAccessor2.0( 607): bufferpool2 0xf48c1468 : 0(0 size) total buffers - 0(0 size) used buffers - 11/15 (recycle/alloc) - 4/14 (fetch/transfer)
10-30 10:40:33.138 D/BufferPoolAccessor2.0( 607): Destruction - bufferpool2 0xf48c1468 cached: 0/0M, 0/0% in use; allocs: 15, 73% recycled; transfers: 14, 71% unfetched
10-30 10:40:33.139 D/BufferPoolAccessor2.0( 607): bufferpool2 0xf48c31a8 : 0(0 size) total buffers - 0(0 size) used buffers - 6/10 (recycle/alloc) - 4/9 (fetch/transfer)
10-30 10:40:33.139 D/BufferPoolAccessor2.0( 607): Destruction - bufferpool2 0xf48c31a8 cached: 0/0M, 0/0% in use; allocs: 10, 60% recycled; transfers: 9, 56% unfetched
10-30 10:40:33.140 D/BufferPoolAccessor2.0( 607): bufferpool2 0xf48c1e88 : 0(0 size) total buffers - 0(0 size) used buffers - 5/7 (recycle/alloc) - 2/6 (fetch/transfer)
10-30 10:40:33.140 D/BufferPoolAccessor2.0( 607): Destruction - bufferpool2 0xf48c1e88 cached: 0/0M, 0/0% in use; allocs: 7, 71% recycled; transfers: 6, 67% unfetched
10-30 10:40:33.140 D/BufferPoolAccessor2.0( 705): bufferpool2 0xb6a03088 : 0(0 size) total buffers - 0(0 size) used buffers - 2/7 (recycle/alloc) - 5/18 (fetch/transfer)
10-30 10:40:33.141 D/BufferPoolAccessor2.0( 705): Destruction - bufferpool2 0xb6a03088 cached: 0/0M, 0/0% in use; allocs: 7, 29% recycled; transfers: 18, 72% unfetched
10-30 10:40:33.142 D/BufferPoolAccessor2.0( 607): bufferpool2 0xf48c0c88 : 0(0 size) total buffers - 0(0 size) used buffers - 12/15 (recycle/alloc) - 3/14 (fetch/transfer)
10-30 10:40:33.142 D/BufferPoolAccessor2.0( 607): Destruction - bufferpool2 0xf48c0c88 cached: 0/0M, 0/0% in use; allocs: 15, 80% recycled; transfers: 14, 79% unfetched
10-30 10:40:33.142 D/ShowHdrAudioLogoService( 997): receive broadcast, audio format:0
10-30 10:40:33.142 D/BufferPoolAccessor2.0( 607): bufferpool2 0xf48c1fa8 : 0(0 size) total buffers - 0(0 size) used buffers - 7/11 (recycle/alloc) - 4/10 (fetch/transfer)
10-30 10:40:33.142 D/BufferPoolAccessor2.0( 607): Destruction - bufferpool2 0xf48c1fa8 cached: 0/0M, 0/0% in use; allocs: 11, 64% recycled; transfers: 10, 60% unfetched
10-30 10:40:33.142 D/BufferPoolAccessor2.0( 705): bufferpool2 0xb6a029c8 : 0(0 size) total buffers - 0(0 size) used buffers - 2/7 (recycle/alloc) - 5/24 (fetch/transfer)
10-30 10:40:33.142 D/BufferPoolAccessor2.0( 705): Destruction - bufferpool2 0xb6a029c8 cached: 0/0M, 0/0% in use; allocs: 7, 29% recycled; transfers: 24, 79% unfetched
10-30 10:40:33.143 D/BufferPoolAccessor2.0( 705): bufferpool2 0xbf988188 : 0(0 size) total buffers - 0(0 size) used buffers - 1/7 (recycle/alloc) - 9/26 (fetch/transfer)
10-30 10:40:33.143 D/BufferPoolAccessor2.0( 705): Destruction - bufferpool2 0xbf988188 cached: 0/0M, 0/0% in use; allocs: 7, 14% recycled; transfers: 26, 65% unfetched
10-30 10:40:33.143 D/BufferPoolAccessor2.0( 705): bufferpool2 0xb6a00388 : 0(0 size) total buffers - 0(0 size) used buffers - 2/7 (recycle/alloc) - 5/24 (fetch/transfer)
10-30 10:40:33.143 D/BufferPoolAccessor2.0( 705): Destruction - bufferpool2 0xb6a00388 cached: 0/0M, 0/0% in use; allocs: 7, 29% recycled; transfers: 24, 79% unfetched
10-30 10:40:33.143 I/CCodecBufferChannel( 705): [c2.android.vorbis.decoder#137] Created output block pool with allocatorID 16 => poolID 23 - OK
10-30 10:40:33.143 D/BufferPoolAccessor2.0( 705): bufferpool2 0xb6a06e68 : 0(0 size) total buffers - 0(0 size) used buffers - 2/7 (recycle/alloc) - 5/34 (fetch/transfer)
10-30 10:40:33.143 D/BufferPoolAccessor2.0( 705): Destruction - bufferpool2 0xb6a06e68 cached: 0/0M, 0/0% in use; allocs: 7, 29% recycled; transfers: 34, 85% unfetched
10-30 10:40:33.143 D/BufferPoolAccessor2.0( 705): bufferpool2 0xbf9894a8 : 0(0 size) total buffers - 0(0 size) used buffers - 2/7 (recycle/alloc) - 5/34 (fetch/transfer)
10-30 10:40:33.143 D/BufferPoolAccessor2.0( 705): Destruction - bufferpool2 0xbf9894a8 cached: 0/0M, 0/0% in use; allocs: 7, 29% recycled; transfers: 34, 85% unfetched
10-30 10:40:33.143 D/ShowHdrAudioLogoService( 997): clearContent
10-30 10:40:33.144 D/ReflectedParamUpdater( 705): extent() != 1 for single value type: algo.buffers.max-count.values
10-30 10:40:33.144 D/CCodecBufferChannel( 705): [c2.android.vorbis.decoder#137] Configured output block pool ids 23 => OK
10-30 10:40:33.144 I/C2VendorComponentStore( 478): setDmaBufUsage 5
10-30 10:40:33.145 D/ReflectedParamUpdater( 705): extent() != 1 for single value type: output.subscribed-indices.values
10-30 10:40:33.145 D/ReflectedParamUpdater( 705): extent() != 1 for single value type: input.buffers.allocator-ids.values
10-30 10:40:33.145 D/ReflectedParamUpdater( 705): extent() != 1 for single value type: output.buffers.allocator-ids.values
10-30 10:40:33.146 D/SimpleC2Component( 607): Using output block pool with poolID 23 => got 23 - 0
10-30 10:40:33.146 D/ReflectedParamUpdater( 705): extent() != 1 for single value type: algo.buffers.allocator-ids.values
10-30 10:40:33.147 D/ReflectedParamUpdater( 705): extent() != 1 for single value type: output.buffers.pool-ids.values
10-30 10:40:33.147 I/MediaProvider( 1450): Begin Intent { act=com.android.providers.media.action.SCAN_VOLUME (has extras) }
10-30 10:40:33.147 D/ReflectedParamUpdater( 705): extent() != 1 for single value type: algo.buffers.pool-ids.values
10-30 10:40:33.151 I/CCodecConfig( 705): query failed after returning 7 values (BAD_INDEX)
10-30 10:40:33.151 D/CCodecConfig( 705): c2 config diff is Dict {
10-30 10:40:33.151 D/CCodecConfig( 705): c2::u32 coded.bitrate.value = 64000
10-30 10:40:33.151 D/CCodecConfig( 705): c2::u32 input.buffers.max-size.value = 32768
10-30 10:40:33.151 D/CCodecConfig( 705): c2::u32 input.delay.value = 0
10-30 10:40:33.151 D/CCodecConfig( 705): string input.media-type.value = "audio/vorbis"
10-30 10:40:33.151 D/CCodecConfig( 705): string output.media-type.value = "audio/raw"
10-30 10:40:33.151 D/CCodecConfig( 705): c2::u32 raw.channel-count.value = 1
10-30 10:40:33.151 D/CCodecConfig( 705): c2::u32 raw.sample-rate.value = 48000
10-30 10:40:33.151 D/CCodecConfig( 705): }
10-30 10:40:33.152 D/AudioFlinger( 501): mixer(0xf2db0de0) throttle end: throttle time(2)
10-30 10:40:33.154 D/MediaCodec( 705): flushMediametrics
10-30 10:40:33.155 D/CCodec ( 705): [c2.android.vorbis.decoder] buffers are bound to CCodec for this session
10-30 10:40:33.155 D/CCodecConfig( 705): no c2 equivalents for durationUs
10-30 10:40:33.155 D/CCodecConfig( 705): no c2 equivalents for track-id
10-30 10:40:33.155 D/CCodecConfig( 705): no c2 equivalents for csd-1
10-30 10:40:33.155 D/CCodecConfig( 705): no c2 equivalents for flags
10-30 10:40:33.155 I/C2VendorComponentStore( 478): setDmaBufUsage 5
10-30 10:40:33.156 D/CCodecConfig( 705): c2 config diff is c2::u32 coded.bitrate.value = 112000
10-30 10:40:33.156 D/CCodecConfig( 705): c2::u32 raw.channel-count.value = 2
10-30 10:40:33.156 D/CCodecConfig( 705): c2::u32 raw.sample-rate.value = 44100
10-30 10:40:33.158 W/Codec2Client( 705): query -- param skipped: index = 1107298332.
10-30 10:40:33.159 I/libdolbyms12( 469): handle=0xe48832f0 continuous fade in begin duration=32, incnt 5
10-30 10:40:33.159 D/CCodec ( 705): encoding statistics level = 0
10-30 10:40:33.159 I/libdolbyms12( 469): eTagContinuousState 0, eCurContinuousState 5, s32InCnt 5
10-30 10:40:33.159 D/CCodec ( 705): setup formats input: AMessage(what = 0x00000000) = {
10-30 10:40:33.159 D/CCodec ( 705): int32_t bitrate = 112000
10-30 10:40:33.159 D/CCodec ( 705): int32_t channel-count = 2
10-30 10:40:33.159 D/CCodec ( 705): int32_t max-input-size = 32768
10-30 10:40:33.159 D/CCodec ( 705): string mime = "audio/vorbis"
10-30 10:40:33.159 D/CCodec ( 705): int32_t sample-rate = 44100
10-30 10:40:33.159 D/CCodec ( 705): }
10-30 10:40:33.159 D/CCodec ( 705): setup formats output: AMessage(what = 0x00000000) = {
10-30 10:40:33.159 D/CCodec ( 705): int32_t channel-count = 2
10-30 10:40:33.159 D/CCodec ( 705): string mime = "audio/raw"
10-30 10:40:33.159 D/CCodec ( 705): int32_t sample-rate = 44100
10-30 10:40:33.159 D/CCodec ( 705): int32_t channel-mask = 3
10-30 10:40:33.159 D/CCodec ( 705): int32_t android._config-pcm-encoding = 2
10-30 10:40:33.159 D/CCodec ( 705): }
10-30 10:40:33.159 I/CCodecConfig( 705): query failed after returning 7 values (BAD_INDEX)
10-30 10:40:33.160 W/Codec2Client( 705): query -- param skipped: index = 1342179345.
10-30 10:40:33.160 W/Codec2Client( 705): query -- param skipped: index = 2415921170.
10-30 10:40:33.161 D/CCodecBufferChannel( 705): [c2.android.vorbis.decoder#311] Created input block pool with allocatorID 16 => poolID 24 - OK (0)
10-30 10:40:33.163 I/CCodecBufferChannel( 705): [c2.android.vorbis.decoder#311] Created output block pool with allocatorID 16 => poolID 24 - OK
10-30 10:40:33.164 D/CCodecBufferChannel( 705): [c2.android.vorbis.decoder#311] Configured output block pool ids 24 => OK
10-30 10:40:33.164 I/C2VendorComponentStore( 478): setDmaBufUsage 5
10-30 10:40:33.165 V/MediaStore( 1450): Examining volume emulated;0 with name external_primary and state mounted
10-30 10:40:33.165 V/MediaStore( 1450): Examining volume public:8,1 with name 02e24445e2443ee3 and state mounted
10-30 10:40:33.165 I/C2VendorComponentStore( 478): setDmaBufUsage 5
10-30 10:40:33.173 D/StorageNotification( 985): Notifying about public volume: VolumeInfo{public:8,1}:
10-30 10:40:33.173 D/StorageNotification( 985): type=PUBLIC diskId=disk:8,0 partGuid= mountFlags=VISIBLE_FOR_WRITE
10-30 10:40:33.173 D/StorageNotification( 985): mountUserId=0 state=MOUNTED
10-30 10:40:33.173 D/StorageNotification( 985): fsType=ntfs fsUuid=02E24445E2443EE3 fsLabel=meida
10-30 10:40:33.173 D/StorageNotification( 985): path=/storage/02E24445E2443EE3 internalPath=/mnt/media_rw/02E24445E2443EE3
10-30 10:40:33.174 D/StorageManagerService( 705): Volume public:8,1 broadcasting checking to UserHandle{0}
10-30 10:40:33.174 D/installd( 595): Found quota mount /dev/block/by-name/metadata at /metadata
10-30 10:40:33.174 I/MediaProvider( 1450): Scanned internal due to REASON_MOUNTED, found 4 items in 18ms, 0 inserts 0 updates 0 deletes
10-30 10:40:33.174 D/installd( 595): Found quota mount /dev/block/dm-58 at /data
10-30 10:40:33.174 D/StorageManagerService( 705): Volume public:8,1 broadcasting mounted to UserHandle{0}
10-30 10:40:33.175 D/installd( 595): Found quota mount /dev/block/dm-58 at /data/user/0
10-30 10:40:33.175 D/installd( 595): Found quota mount /dev/block/dm-58 at /mnt/pass_through/0/emulated
10-30 10:40:33.177 D/installd( 595): Found storage mount /dev/block/dm-58 at /mnt/pass_through/0/emulated
10-30 10:40:33.177 D/installd( 595): Found storage mount /dev/block/vold/public:8,1 at /mnt/pass_through/0/02E24445E2443EE3
10-30 10:40:33.177 D/installd( 595): Found storage mount at /mnt/pass_through/0/02E24445E2443EE3
10-30 10:40:33.178 W/ModernMediaScanner( 1450): Failed to visit /oem/media: java.nio.file.NoSuchFileException: /oem/media
10-30 10:40:33.179 V/MediaStore( 1450): Examining volume emulated;0 with name external_primary and state mounted
10-30 10:40:33.179 V/MediaStore( 1450): Examining volume public:8,1 with name 02e24445e2443ee3 and state mounted
10-30 10:40:33.182 I/MediaProvider( 1450): Scanned internal due to REASON_MOUNTED, found 0 items in 6ms, 0 inserts 0 updates 0 deletes
10-30 10:40:33.189 D/SimpleC2Component( 607): Using output block pool with poolID 24 => got 24 - 0
10-30 10:40:33.190 V/MediaStore( 1450): Examining volume emulated;0 with name external_primary and state mounted
10-30 10:40:33.191 V/MediaStore( 1450): Examining volume public:8,1 with name 02e24445e2443ee3 and state mounted
10-30 10:40:33.191 D/audio_hw_hal_stream( 469): update_audio_hal_info() audio hal format change to 1, atmos flag = 0, is_dolby_atmos = 0, dts_hp_x = 0, update_type = 0 is_dolby_atmos_off = 1 virtual_bass_enable 0
10-30 10:40:33.191 D/audio_hw_hal_stream( 469): update_audio_hal_info() cur_out_devices 0x400, dap_bypass_enable = 0, is_ms12_tuning_dat = 0, dolby_ms12_enable = 1, output_config = 0xc
10-30 10:40:33.192 I/audio_hw_hal_primary( 469): [audiohal_get_latency:1036] io 13: out:0xe4580010 frames:1088 rate:48000 whole_latency:22 alsa_latency:22
10-30 10:40:33.193 D/UEventObserver( 997): change@/devices/platform/auge_sound/sound/card0/controlC0ACTION=changeDEVPATH=/devices/platform/auge_sound/sound/card0/controlC0SUBSYSTEM=soundAUDIO_FORMAT=0MAJOR=116MINOR=13DEVNAME=snd/controlC0SEQNUM=3587
10-30 10:40:33.195 D/ShowHdrAudioLogoService( 997): receive broadcast, audio format:0
10-30 10:40:33.196 I/libdolbyms12( 469): eTagContinuousState 0, eCurContinuousState 0, s32InCnt 5
10-30 10:40:33.196 D/ShowHdrAudioLogoService( 997): clearContent
10-30 10:40:33.198 E/DiskReceiver( 1323): Missing fsUuid, not launching activity.
10-30 10:40:33.203 I/audio_hw_hal_primary( 469): [audiohal_get_latency:1036] io 13: out:0xe4580010 frames:1088 rate:48000 whole_latency:22 alsa_latency:22
10-30 10:40:33.204 I/C2VendorComponentStore( 478): setDmaBufUsage 5
10-30 10:40:33.210 I/audio_hw_hal_primary( 469): [audiohal_get_latency:1036] io 13: out:0xe4580010 frames:1088 rate:48000 whole_latency:22 alsa_latency:22
10-30 10:40:33.217 I/BLEAudioDrive_HV412( 469): fd:26 data len: 9 1
10-30 10:40:33.218 I/MMKV ( 2536): loading [client_scene_easter_eggs_cfg] with 0 actual size, file size 4096, InterProcess 0, meta info version:1
10-30 10:40:33.218 I/MMKV ( 2536): loaded [client_scene_easter_eggs_cfg] with 0 key-values
10-30 10:40:33.219 I/SogouIME( 1940): onKeyUp: keyoCode=22
10-30 10:40:33.219 I/DefaultIMS( 1940): onKeyUp: keyoCode=22
10-30 10:40:33.221 I/audio_hw_hal_primary( 469): [audiohal_get_latency:1036] io 13: out:0xe4580010 frames:1088 rate:48000 whole_latency:22 alsa_latency:22
10-30 10:40:33.223 D/DiskReceiver( 1323): Scanning volume: VolumeInfo{public:8,1}:
10-30 10:40:33.223 D/DiskReceiver( 1323): type=PUBLIC diskId=disk:8,0 partGuid= mountFlags=VISIBLE_FOR_WRITE
10-30 10:40:33.223 D/DiskReceiver( 1323): mountUserId=0 state=MOUNTED
10-30 10:40:33.223 D/DiskReceiver( 1323): fsType=ntfs fsUuid=02E24445E2443EE3 fsLabel=meida
10-30 10:40:33.223 D/DiskReceiver( 1323): path=/storage/02E24445E2443EE3 internalPath=/mnt/media_rw/02E24445E2443EE3
10-30 10:40:33.230 I/audio_hw_hal_primary( 469): [audiohal_get_latency:1036] io 13: out:0xe4580010 frames:1088 rate:48000 whole_latency:22 alsa_latency:22
10-30 10:40:33.238 W/System.err( 2122): java.lang.NoSuchFieldException: No field mHiddenApiWarningShown in class Landroid/app/ActivityThread; (declaration of 'android.app.ActivityThread' appears in /system/framework/framework.jar)
10-30 10:40:33.238 W/System.err( 2122): at java.lang.Class.getDeclaredField(Native Method)
10-30 10:40:33.238 W/System.err( 2122): at com.xiaodianshi.tv.yst.startup.StartupTaskHelper.closeAndroidAPIWarningDialog(StartupTaskHelper.kt:10)
10-30 10:40:33.238 W/System.err( 2122): at com.xiaodianshi.tv.yst.startup.StartupTaskHelper.serialInitial(StartupTaskHelper.kt:62)
10-30 10:40:33.238 W/System.err( 2122): at com.xiaodianshi.tv.yst.startup.StartupTaskHelper.onCreate(StartupTaskHelper.kt:12)
10-30 10:40:33.238 W/System.err( 2122): at com.xiaodianshi.tv.yst.MainApplication.onCreate(MainApplication.java:6)
10-30 10:40:33.238 W/System.err( 2122): at android.app.Instrumentation.callApplicationOnCreate(Instrumentation.java:1316)
10-30 10:40:33.238 W/System.err( 2122): at android.app.ActivityThread.handleBindApplication(ActivityThread.java:7061)
10-30 10:40:33.238 W/System.err( 2122): at android.app.ActivityThread.-$$Nest$mhandleBindApplication(Unknown Source:0)
10-30 10:40:33.238 W/System.err( 2122): at android.app.ActivityThread$H.handleMessage(ActivityThread.java:2265)
10-30 10:40:33.238 W/System.err( 2122): at android.os.Handler.dispatchMessage(Handler.java:106)
10-30 10:40:33.238 W/System.err( 2122): at android.os.Looper.loopOnce(Looper.java:205)
10-30 10:40:33.238 W/System.err( 2122): at android.os.Looper.loop(Looper.java:294)
10-30 10:40:33.238 W/System.err( 2122): at android.app.ActivityThread.main(ActivityThread.java:8255)
10-30 10:40:33.238 W/System.err( 2122): at java.lang.reflect.Method.invoke(Native Method)
10-30 10:40:33.238 W/System.err( 2122): at com.android.internal.os.RuntimeInit$MethodAndArgsCaller.run(RuntimeInit.java:552)
10-30 10:40:33.238 W/System.err( 2122): at com.android.internal.os.ZygoteInit.main(ZygoteInit.java:978)
10-30 10:40:33.241 I/audio_hw_hal_primary( 469): [audiohal_get_latency:1036] io 13: out:0xe4580010 frames:1088 rate:48000 whole_latency:22 alsa_latency:22
10-30 10:40:33.248 E/CrashReport( 2122): CrashReport has not been initialed! pls to call method 'initCrashReport' first!
10-30 10:40:33.249 I/audio_hw_hal_primary( 469): [audiohal_get_latency:1036] io 13: out:0xe4580010 frames:960 rate:48000 whole_latency:20 alsa_latency:20
10-30 10:40:33.259 I/audio_hw_hal_primary( 469): [audiohal_get_latency:1036] io 13: out:0xe4580010 frames:960 rate:48000 whole_latency:20 alsa_latency:20
10-30 10:40:33.260 W/Looper ( 2122): Slow dispatch took 10238ms main h=android.app.ActivityThread$H c=null m=110
10-30 10:40:33.264 W/oid.tv.settings( 1323): Cleared Reference was only reachable from finalizer (only reported once)
10-30 10:40:33.268 I/audio_hw_hal_primary( 469): [audiohal_get_latency:1036] io 13: out:0xe4580010 frames:1088 rate:48000 whole_latency:22 alsa_latency:22
10-30 10:40:33.270 W/Looper ( 2122): Slow delivery took 9284ms main h=android.app.ActivityThread$H c=null m=164
10-30 10:40:33.271 W/chromium( 2122): [1030/104033.271621:WARNING:record_cache.cc(53)] Cache on network changed cache_policy {disable_clear=1, enable_multi_caches=1}
10-30 10:40:33.274 D/CCodecBufferChannel( 705): [c2.android.vorbis.decoder#137] MediaCodec discarded an unknown buffer
10-30 10:40:33.275 D/CCodecBufferChannel( 705): [c2.android.vorbis.decoder#137] MediaCodec discarded an unknown buffer
10-30 10:40:33.279 I/audio_hw_hal_primary( 469): [audiohal_get_latency:1036] io 13: out:0xe4580010 frames:1088 rate:48000 whole_latency:22 alsa_latency:22
10-30 10:40:33.282 I/hw-BpHwBinder( 705): onLastStrongRef automatically unlinking death recipients
10-30 10:40:33.284 D/MediaCodec( 705): flushMediametrics
10-30 10:40:33.284 I/hw-BpHwBinder( 607): onLastStrongRef automatically unlinking death recipients
10-30 10:40:33.285 D/CompatibilityChangeReporter( 705): Compat change id reported: 161145287; UID 10077; state: DISABLED
10-30 10:40:33.288 I/audio_hw_hal_primary( 469): [audiohal_get_latency:1036] io 13: out:0xe4580010 frames:1216 rate:48000 whole_latency:25 alsa_latency:25
10-30 10:40:33.291 I/FileLockLib( 2536): lock file path=/data/user/0/com.ktcp.video/files/Rightly.tds
10-30 10:40:33.292 I/FileLockLib( 2536): lock file FD=99
10-30 10:40:33.292 I/FileLockLib( 2536): init fg native, result=99
10-30 10:40:33.293 I/FileLockLib( 2536): lock file path=/data/user/0/com.ktcp.video/files/App.Observer
10-30 10:40:33.294 I/FileLockLib( 2536): lock file FD=100
10-30 10:40:33.294 I/FileLockLib( 2536): init fg native, result=100
10-30 10:40:33.295 I/FileLockLib( 2536): [2536]file 100 unlocked. fl.pid=0
10-30 10:40:33.295 I/FileLockLib( 2536): [2536]get 100 lock success
10-30 10:40:33.296 I/MMKV ( 2536): root dir: /data/user/0/com.ktcp.video/files/mmkv
10-30 10:40:33.298 I/audio_hw_hal_primary( 469): [audiohal_get_latency:1036] io 13: out:0xe4580010 frames:1216 rate:48000 whole_latency:25 alsa_latency:25
10-30 10:40:33.299 W/Tribe ( 2122): Can't ensureLatest on non-main Thread
10-30 10:40:33.308 I/audio_hw_hal_primary( 469): [audiohal_get_latency:1036] io 13: out:0xe4580010 frames:960 rate:48000 whole_latency:20 alsa_latency:20
10-30 10:40:33.310 W/NotificationHistory( 705): Attempted to add notif for locked/gone/disabled user 0
10-30 10:40:33.314 I/AmFFmpegByteIOAdapter( 596): File size : 13299
10-30 10:40:33.315 D/TvNotificationHandler( 985): Notification added
10-30 10:40:33.316 W/exFFmpeg( 596): Invalid return value 0 for stream protocol
10-30 10:40:33.316 W/exFFmpeg( 596): Invalid return value 0 for stream protocol
10-30 10:40:33.317 I/AmFFmpegExtractor( 596): checkInList: iswhite:0, mime:audio/ogg, type:1, id:86021 tag:0
10-30 10:40:33.317 I/AmFFmpegExtractor( 596): checkInList: iswhite:1, mime:audio/ogg, type:1, id:86021 tag:0
10-30 10:40:33.317 E/AmFFmpegExtractor( 596): codec_ctx->properties: 0
10-30 10:40:33.317 I/AmFFmpegExtractor( 596): checkSupportInList ret 1
10-30 10:40:33.319 I/audio_hw_hal_primary( 469): [audiohal_get_latency:1036] io 13: out:0xe4580010 frames:1216 rate:48000 whole_latency:25 alsa_latency:25
