10-30 10:40:25.361 D/nativeloader( 2396): InitVndkspLibrariesProduct: android.hardware.common-V2-ndk.so:android.hardware.common.fmq-V1-ndk.so:android.hardware.graphics.allocator-V2-ndk.so:android.hardware.graphics.common-V4-ndk.so:android.hardware.graphics.common@1.0.so:android.hardware.graphics.common@1.1.so:android.hardware.graphics.common@1.2.so:android.hardware.graphics.composer3-V1-ndk.so:android.hardware.graphics.mapper@2.0.so:android.hardware.graphics.mapper@2.1.so:android.hardware.graphics.mapper@3.0.so:android.hardware.graphics.mapper@4.0.so:android.hardware.renderscript@1.0.so:android.hidl.memory.token@1.0.so:android.hidl.memory@1.0-impl.so:android.hidl.memory@1.0.so:android.hidl.safe_union@1.0.so:libRSCpuRef.so:libRSDriver.so:libRS_internal.so:libbase.so:libbcinfo.so:libblas.so:libc++.so:libcompiler_rt.so:libcutils.so:libdmabufheap.so:libgralloctypes.so:libhardware.so:libhidlbase.so:libhidlmemory.so:libion.so:libjsoncpp.so:liblzma.so:libprocessgroup.so:libunwindstack.so:libutils.so:libutilscallstack.so:libz.so
10-30 10:40:25.362 D/PermissionStorageTimeChangeReceiver( 2176): systemTimeSnapshot set to 1761792025361
10-30 10:40:25.362 D/PermissionStorageTimeChangeReceiver( 2176): realtimeSnapshot set to 33657
10-30 10:40:25.368 D/Zygote ( 457): Forked child process 2418
10-30 10:40:25.369 I/ActivityManager( 705): Start proc 2418:com.android.providers.tv/u0a27 for broadcast {com.android.providers.tv/com.android.providers.tv.BootCompletedReceiver}
10-30 10:40:25.378 I/Zygote ( 2418): seccomp disabled by setenforce 0
10-30 10:40:25.385 I/id.providers.tv( 2418): Using CollectorTypeCC GC.
10-30 10:40:25.399 I/serviceDiscovery( 705): [MdnsAdvertiser.wlan0] Probing finished for service 2
10-30 10:40:25.401 E/id.providers.tv( 2418): Not starting debugger since process cannot load the jdwp agent.
10-30 10:40:25.408 D/LanCommander( 1470): com.dangbei.andes.bean.RegistrationData@a82f600----------------onServiceRegistered
10-30 10:40:25.419 D/CompatibilityChangeReporter( 705): Compat change id reported: 168419799; UID 10027; state: DISABLED
10-30 10:40:25.420 D/CompatibilityChangeReporter( 705): Compat change id reported: 273564678; UID 10027; state: DISABLED
10-30 10:40:25.424 D/CompatibilityChangeReporter( 705): Compat change id reported: 265195908; UID 10027; state: ENABLED
10-30 10:40:25.429 V/GraphicsEnvironment( 2396): Currently set values for:
10-30 10:40:25.429 V/GraphicsEnvironment( 2396): angle_gl_driver_selection_pkgs=[]
10-30 10:40:25.430 V/GraphicsEnvironment( 2396): angle_gl_driver_selection_values=[]
10-30 10:40:25.430 D/CompatibilityChangeReporter( 2365): Compat change id reported: 160794467; UID 10016; state: ENABLED
10-30 10:40:25.432 V/GraphicsEnvironment( 2396): ANGLE GameManagerService for com.android.webview: false
10-30 10:40:25.433 V/GraphicsEnvironment( 2396): com.android.webview is not listed in per-application setting
10-30 10:40:25.412 I/com.dangbei.lerad.rocky( 1894): type=1400 audit(0.0:1050): avc: denied { search } for comm=5278546872656164204E4554202331 name="net" dev="sysfs" ino=12361 scontext=u:r:system_app:s0 tcontext=u:object_r:sysfs_net:s0 tclass=dir permissive=1
10-30 10:40:25.420 I/com.dangbei.lerad.rocky( 1894): type=1400 audit(0.0:1051): avc: denied { read } for comm=5278546872656164204E4554202331 name="address" dev="sysfs" ino=22143 scontext=u:r:system_app:s0 tcontext=u:object_r:sysfs_net:s0 tclass=file permissive=1
10-30 10:40:25.420 I/com.dangbei.lerad.rocky( 1894): type=1400 audit(0.0:1052): avc: denied { open } for comm=5278546872656164204E4554202331 path="/sys/devices/virtual/net/dummy0/address" dev="sysfs" ino=22143 scontext=u:r:system_app:s0 tcontext=u:object_r:sysfs_net:s0 tclass=file permissive=1
10-30 10:40:25.420 I/com.dangbei.lerad.rocky( 1894): type=1400 audit(0.0:1053): avc: denied { getattr } for comm=5278546872656164204E4554202331 path="/sys/devices/virtual/net/dummy0/address" dev="sysfs" ino=22143 scontext=u:r:system_app:s0 tcontext=u:object_r:sysfs_net:s0 tclass=file permissive=1
10-30 10:40:25.433 V/GraphicsEnvironment( 2396): Neither updatable production driver nor prerelease driver is supported.
10-30 10:40:25.449 D/CompatibilityChangeReporter( 2365): Compat change id reported: 183155436; UID 10016; state: ENABLED
10-30 10:40:25.452 I/cr_WebViewApkApp( 2396): Launched version=116.0.5845.195 minSdkVersion=1 isBundle=false processName=com.android.webview:webview_service
10-30 10:40:25.457 D/CompatibilityChangeReporter( 2418): Compat change id reported: 171979766; UID 10027; state: ENABLED
10-30 10:40:25.457 D/CompatibilityChangeReporter( 2418): Compat change id reported: 242716250; UID 10027; state: ENABLED
10-30 10:40:25.462 D/CompatibilityChangeReporter( 705): Compat change id reported: 170503758; UID 10027; state: ENABLED
10-30 10:40:25.471 D/CompatibilityChangeReporter( 705): Compat change id reported: 171306433; UID 10016; state: ENABLED
10-30 10:40:25.471 D/CompatibilityChangeReporter( 705): Compat change id reported: 218533173; UID 10016; state: ENABLED
10-30 10:40:25.517 D/nativeloader( 2418): Configuring clns-shared-4 for other apk /system/priv-app/TvProvider/TvProvider.apk. target_sdk_version=34, uses_libraries=, library_path=/system/priv-app/TvProvider/lib/arm:/system/lib:/system_ext/lib, permitted_path=/data:/mnt/expand:/data/user_de/0/com.android.providers.tv:/system/priv-app/TvProvider:/system/lib:/system_ext/lib
10-30 10:40:25.528 D/CompatibilityChangeReporter( 705): Compat change id reported: 261072174; UID 10051; state: ENABLED
10-30 10:40:25.532 I/d.leradlauncher( 1486): NativeAlloc concurrent copying GC freed 733053(32MB) AllocSpace objects, 224(20MB) LOS objects, 49% free, 11MB/22MB, paused 184us,103us total 498.024ms
10-30 10:40:25.553 I/bluetooth( 1108): packages/modules/Bluetooth/system/gd/metrics/metrics_state.cc:177 AddStateChangedEvent: LEConnectionMetricsRemoteDevice: Transaction State 0x00000002, Connection Type 0x00000001, Origin Type 0x00000001
10-30 10:40:25.553 I/bluetooth( 1108): packages/modules/Bluetooth/system/gd/metrics/metrics_state.cc:58 AddStateChangedEvent: LEConnectionMetricState: Origin Type: 0x00000001, Connection Type: 0x00000001, Transaction State: 0x00000002
10-30 10:40:25.553 I/bluetooth( 1108): packages/modules/Bluetooth/system/gd/metrics/metrics_state.cc:161 UploadLEConnectionSession: LEConnectionMetricsRemoteDevice: The session is uploaded for xx:xx:xx:xx:e3:d3
10-30 10:40:25.553 I/bluetooth( 1108): packages/modules/Bluetooth/system/gd/hci/le_address_manager.cc:265 ack_pause: Client already in paused state
10-30 10:40:25.553 I/bluetooth( 1108): packages/modules/Bluetooth/system/stack/gatt/connection_manager.cc:438 on_connection_complete: Le connection completed to device:xx:xx:xx:xx:e3:d3
10-30 10:40:25.553 I/bluetooth( 1108): packages/modules/Bluetooth/system/stack/gatt/connection_manager.cc:438 on_connection_complete: Le connection completed to device:xx:xx:xx:xx:e3:d3
10-30 10:40:25.553 I/bt_btm_ble( 1108): packages/modules/Bluetooth/system/stack/btm/btm_ble.cc:1730 btm_ble_connected: Updating device record timestamp for existing ble connection
10-30 10:40:25.554 I/bluetooth( 1108): packages/modules/Bluetooth/system/gd/hci/le_address_manager.cc:265 ack_pause: Client already in paused state
10-30 10:40:25.554 I/bluetooth( 1108): packages/modules/Bluetooth/system/gd/hci/le_address_manager.cc:265 ack_pause: Client already in paused state
10-30 10:40:25.558 E/bt_btm ( 1108): packages/modules/Bluetooth/system/main/bte_logmsg.cc:105 LogMsg: no pending resolving list operation
10-30 10:40:25.559 V/GraphicsEnvironment( 2418): Currently set values for:
10-30 10:40:25.560 V/GraphicsEnvironment( 2418): angle_gl_driver_selection_pkgs=[]
10-30 10:40:25.560 V/GraphicsEnvironment( 2418): angle_gl_driver_selection_values=[]
10-30 10:40:25.560 V/GraphicsEnvironment( 2418): ANGLE GameManagerService for com.android.providers.tv: false
10-30 10:40:25.565 E/AppListVm( 1486): LIVE_DATA_APP_LIST change this@=com.dangbei.launcher.home.view.vm.AppListVm@6931f07
10-30 10:40:25.565 E/AppListVm( 1486): LIVE_DATA_APP_LIST change this@=com.dangbei.launcher.home.view.vm.AppListVm@6828834
10-30 10:40:25.565 I/bluetooth( 1108): packages/modules/Bluetooth/system/gd/hci/le_address_manager.cc:596 OnCommandComplete: Received command complete with op_code LE_REMOVE_DEVICE_FROM_FILTER_ACCEPT_LIST
10-30 10:40:25.565 I/bluetooth( 1108): packages/modules/Bluetooth/system/gd/hci/le_address_manager.cc:294 resume_registered_clients: Resuming registered clients
10-30 10:40:25.567 D/AppManager( 1486): checkLocalAppsIsValid:
10-30 10:40:25.568 D/AppManager( 1486): checkLocalAppsIsValid:
10-30 10:40:25.570 V/GraphicsEnvironment( 2418): com.android.providers.tv is not listed in per-application setting
10-30 10:40:25.571 V/GraphicsEnvironment( 2418): Neither updatable production driver nor prerelease driver is supported.
10-30 10:40:25.575 D/CompatibilityChangeReporter( 2418): Compat change id reported: 160794467; UID 10027; state: ENABLED
10-30 10:40:25.595 D/CompatibilityChangeReporter( 705): Compat change id reported: 135634846; UID 10070; state: DISABLED
10-30 10:40:25.595 D/CompatibilityChangeReporter( 705): Compat change id reported: 177438394; UID 10070; state: DISABLED
10-30 10:40:25.596 D/CompatibilityChangeReporter( 705): Compat change id reported: 135772972; UID 10070; state: DISABLED
10-30 10:40:25.596 D/CompatibilityChangeReporter( 705): Compat change id reported: 135754954; UID 10070; state: ENABLED
10-30 10:40:25.597 D/CompatibilityChangeReporter( 705): Compat change id reported: 143937733; UID 10070; state: ENABLED
10-30 10:40:25.609 W/Looper ( 1515): Drained
10-30 10:40:25.622 I/bluetooth( 1108): packages/modules/Bluetooth/system/gd/hci/acl_manager/le_impl.h:673 on_le_disconnect: re-add device to connect list
10-30 10:40:25.622 E/btm_sco ( 1108): packages/modules/Bluetooth/system/stack/btm/btm_sco.cc:1137 btm_sco_on_disconnected: Unable to find sco connection
10-30 10:40:25.622 I/btm_acl ( 1108): packages/modules/Bluetooth/system/stack/acl/btm_acl.cc:2751 btm_acl_iso_disconnected: ISO disconnection from GD, handle: 0x10, reason: 0x3e
10-30 10:40:25.622 I/bluetooth( 1108): packages/modules/Bluetooth/system/gd/hci/le_address_manager.cc:265 ack_pause: Client already in paused state
10-30 10:40:25.622 E/gatt_utils( 1108): packages/modules/Bluetooth/system/stack/gatt/gatt_utils.cc:1690 gatt_cleanup_upon_disc: Disconnect for unknown connection bd_addr:xx:xx:xx:xx:e3:d3 reason:GATT_CONN_FAILED_ESTABLISHMENT transport:BT_TRANSPORT_LE
10-30 10:40:25.622 W/bt_btm_sec( 1108): packages/modules/Bluetooth/system/stack/btm/btm_sec.cc:3966 btm_sec_disconnected: Got uncommon disconnection reason:HCI_ERR_CONN_FAILED_ESTABLISHMENT handle:0x0010 comment:stack::acl::btm_acl::btm_acl_disconnected
10-30 10:40:25.623 I/bluetooth( 1108): packages/modules/Bluetooth/system/gd/hci/le_address_manager.cc:265 ack_pause: Client already in paused state
10-30 10:40:25.623 I/bluetooth( 1108): packages/modules/Bluetooth/system/gd/hci/le_address_manager.cc:265 ack_pause: Client already in paused state
10-30 10:40:25.630 I/bluetooth( 1108): packages/modules/Bluetooth/system/gd/hci/le_address_manager.cc:596 OnCommandComplete: Received command complete with op_code LE_ADD_DEVICE_TO_FILTER_ACCEPT_LIST
10-30 10:40:25.630 I/bluetooth( 1108): packages/modules/Bluetooth/system/gd/hci/le_address_manager.cc:294 resume_registered_clients: Resuming registered clients
10-30 10:40:25.634 I/bluetooth( 1108): packages/modules/Bluetooth/system/gd/hci/acl_manager/le_impl.h:878 update_connectability_state_after_armed: Le connection state machine armed state:ConnectabilityState::ARMED status:SUCCESS
10-30 10:40:25.649 D/Zygote ( 457): Forked child process 2452
10-30 10:40:25.650 W/ActivityManager( 705): Slow operation: 54ms so far, now at startProcess: returned from zygote!
10-30 10:40:25.650 W/ActivityManager( 705): Slow operation: 55ms so far, now at startProcess: done updating battery stats
10-30 10:40:25.650 W/ActivityManager( 705): Slow operation: 55ms so far, now at startProcess: building log message
10-30 10:40:25.650 I/ActivityManager( 705): Start proc 2452:com.android.rkpdapp/u0a70 for broadcast {com.android.rkpdapp/com.android.rkpdapp.BootReceiver}
10-30 10:40:25.650 W/ActivityManager( 705): Slow operation: 55ms so far, now at startProcess: starting to update pids map
10-30 10:40:25.650 W/ActivityManager( 705): Slow operation: 55ms so far, now at startProcess: done updating pids map
10-30 10:40:25.662 I/Zygote ( 2452): seccomp disabled by setenforce 0
10-30 10:40:25.669 I/android.rkpdapp( 2452): Using CollectorTypeCC GC.
10-30 10:40:25.674 D/TrafficStats( 1894): tagSocket(132) with statsTag=0xffffffff, statsUid=-1
10-30 10:40:25.675 E/android.rkpdapp( 2452): Not starting debugger since process cannot load the jdwp agent.
10-30 10:40:25.688 D/XHttpObservable( 1894): createNetWorkObservable subscribe: MediaControlEntity{code=0, data=PageEntity{list=[ContentEntity{packageName='com.dangbei.leard.leradlauncher', activityName='FilmDetailActivity'}, ContentEntity{packageName='com.dangbei.leard.leradlauncher', activityName='FullScreenDetailActivity'}, ContentEntity{packageName='com.dangbei.leard.leradlauncher', activityName='TencentSportActivity'}, ContentEntity{packageName='com.dangbei.leradVideoPlugins', activityName='FilmDetailActivity'}, ContentEntity{packageName='com.dangbei.leradVideoPlugins', activityName='FullScreenDetailActivity'}, ContentEntity{packageName='com.dangbei.leradVideoPlugins', activityName='TencentSportActivity'}, ContentEntity{packageName='com.dangbei.leradVideoPlugins', activityName='ShortPlayActivity'}, ContentEntity{packageName='com.dangbei.hqmedia', activityName='FilmDetailActivity'}, ContentEntity{packageName='com.dangbei.hqmedia', activityName='FullScreenDetailActivity'}, ContentEntity{packageName='com.dangbei.leradVideoPlugins', activityName='MangoMediaActivity'}, ContentEntity{packageName='com.dangbei.leradVideoPlugins', activityName='VcinemaActivity'}]}, message='success'} ,,, isDisposed = false
10-30 10:40:25.694 D/CompatibilityChangeReporter( 705): Compat change id reported: 168419799; UID 10070; state: DISABLED
10-30 10:40:25.695 D/CompatibilityChangeReporter( 705): Compat change id reported: 273564678; UID 10070; state: DISABLED
10-30 10:40:25.706 D/CompatibilityChangeReporter( 705): Compat change id reported: 265195908; UID 10070; state: ENABLED
10-30 10:40:25.712 D/CompatibilityChangeReporter( 705): Compat change id reported: 143231523; UID 10016; state: DISABLED
10-30 10:40:25.718 D/CompatibilityChangeReporter( 2452): Compat change id reported: 171979766; UID 10070; state: ENABLED
10-30 10:40:25.729 D/CompatibilityChangeReporter( 2452): Compat change id reported: 242716250; UID 10070; state: ENABLED
10-30 10:40:25.733 D/RockyManager( 1894): switchWakeIsAllow isQuitBootGuide: true isBtMode: false
10-30 10:40:25.733 D/RockyManager( 1894): switchWakeIsAllow isAllowFarWake: true
10-30 10:40:25.743 D/CompatibilityChangeReporter( 705): Compat change id reported: 170503758; UID 10070; state: ENABLED
10-30 10:40:25.777 D/nativeloader( 2452): Configuring clns-shared-4 for other apk /apex/com.android.rkpd/priv-app/rkpdapp@UD2A.240505.001.W1/rkpdapp.apk. target_sdk_version=34, uses_libraries=, library_path=/apex/com.android.rkpd/priv-app/rkpdapp@UD2A.240505.001.W1/lib/arm:/system/lib:/system_ext/lib, permitted_path=/data:/mnt/expand:/data/user/0/com.android.rkpdapp:/apex/com.android.rkpd/priv-app/rkpdapp@UD2A.240505.001.W1:/system/lib:/system_ext/lib
10-30 10:40:25.780 D/nativeloader( 2452): InitApexLibraries:
10-30 10:40:25.780 D/nativeloader( 2452): com_android_adservices: libhpke_jni.so:libtflite_support_classifiers_native.so
10-30 10:40:25.780 D/nativeloader( 2452): com_android_appsearch: libicing.so
10-30 10:40:25.780 D/nativeloader( 2452): com_android_art: libartservice.so
10-30 10:40:25.780 D/nativeloader( 2452): com_android_btservices: libbluetooth_jni.so
10-30 10:40:25.780 D/nativeloader( 2452): com_android_conscrypt: libjavacrypto.so
10-30 10:40:25.780 D/nativeloader( 2452): com_android_extservices: libhpke_jni.so:libtflite_support_classifiers_native.so
10-30 10:40:25.780 D/nativeloader( 2452): com_android_os_statsd: libstats_jni.so
10-30 10:40:25.780 D/nativeloader( 2452): com_android_tethering: libandroid_net_connectivity_com_android_net_module_util_jni.so:libcronet.114.0.5735.84.so:libframework-connectivity-jni.so:libframework-connectivity-tiramisu-jni.so:libservice-connectivity.so
10-30 10:40:25.780 D/nativeloader( 2452): com_android_uwb: libuwb_uci_jni_rust.so
10-30 10:40:25.780 D/nativeloader( 2452): com_android_virt: libvirtualizationservice_jni.so:libvirtualmachine_jni.so
10-30 10:40:25.788 D/XHttpObservable( 1894): createNetWorkObservable subscribe: ShowMessageEntity{code=0, data=TipEntity{movieType=[我想看喜剧片, 动作片, 枪战片], movie=[庆余年, 误杀, 美丽人生, 爆笑虫子, 哪吒, 小猪佩奇, 胡歌的电视剧, 张艺谋导演的电影, 切换到1080P, 收藏], appController=[打开当贝市场, 下载哈趣影视, 爱奇艺, 卸载腾讯视频], weather=[今天的天气, 未来五天的天气, 杭州天气怎么样, 明天下不下雨], music=[我要听歌, 周杰伦的歌, 上一首, 下一首, 快进一分钟, 暂停], liveAppDownload='非常抱歉,根据监管部门政策管理要求,暂不提供相应服务。', subscreen=null, wakeUpVoiceResponse=[ProbabilityEntity{word='在呢', probability=30}, ProbabilityEntity{word='我在', probability=35}, ProbabilityEntity{word='你说', probability=15}, ProbabilityEntity{word='来啦', probability=20}], unrecognizedVoiceResponse=[ProbabilityEntity{word='可以再说一遍么', probability=45}, ProbabilityEntity{word='可以说的详细一点么', probability=30}, ProbabilityEntity{word='请问有什么可以帮您', probability=25}], notUnderstandVoiceResponse=[ProbabilityEntity{word='换个说法试试吧', probability=100}]}, message='success'} ,,, isDisposed = false
10-30 10:40:25.830 V/GraphicsEnvironment( 2452): Currently set values for:
10-30 10:40:25.830 V/GraphicsEnvironment( 2452): angle_gl_driver_selection_pkgs=[]
10-30 10:40:25.830 V/GraphicsEnvironment( 2452): angle_gl_driver_selection_values=[]
10-30 10:40:25.831 V/GraphicsEnvironment( 2452): ANGLE GameManagerService for com.android.rkpdapp: false
10-30 10:40:25.831 V/GraphicsEnvironment( 2452): com.android.rkpdapp is not listed in per-application setting
10-30 10:40:25.831 V/GraphicsEnvironment( 2452): Neither updatable production driver nor prerelease driver is supported.
10-30 10:40:25.842 E/hq ( 1486): ErrorCoroutineExceptionHandler:::runTry error:com.dangbei.leard.base.proider.error.EmptyApiException: 数据为空 from=requestMessageDialog from=requestMessageDialog
10-30 10:40:25.853 D/WM-WrkMgrInitializer( 2452): Initializing WorkManager with default configuration.
10-30 10:40:25.863 D/WM-PackageManagerHelper( 2452): androidx.work.impl.background.systemjob.SystemJobService enabled
10-30 10:40:25.863 D/WM-Schedulers( 2452): Created SystemJobScheduler and enabled SystemJobService
10-30 10:40:25.873 I/ActivityManager( 705): com.android.shell is exempt from freezer
10-30 10:40:25.874 D/CompatibilityChangeReporter( 705): Compat change id reported: 135634846; UID 2000; state: DISABLED
10-30 10:40:25.874 D/CompatibilityChangeReporter( 705): Compat change id reported: 177438394; UID 2000; state: DISABLED
10-30 10:40:25.874 D/CompatibilityChangeReporter( 705): Compat change id reported: 135772972; UID 2000; state: DISABLED
10-30 10:40:25.874 D/CompatibilityChangeReporter( 705): Compat change id reported: 135754954; UID 2000; state: ENABLED
10-30 10:40:25.878 I/RkpdBootReceiver( 2452): Caught boot intent, waking up.
10-30 10:40:25.899 E/hq ( 1486): Etna:::sendInspectLauncherUpdate
10-30 10:40:25.902 E/ccc ( 1470): cccccc SystemUpdateHelper launcherUpdate {"launcherCodeLocal":102944,"launcherCodeNet":0,"launcherVersionLocal":"2.9.4.4","launcherVersionNet":"","otaCodeLocal":0,"otaCodeNet":0,"remoteNeedUpdate":false,"updateType":""}
10-30 10:40:25.911 I/RkpdBootReceiver( 2452): Queueing a one-time provisioning job for widevine provisioning.
10-30 10:40:25.912 D/etnaManager( 1486): 不需要更新桌面
10-30 10:40:25.937 D/Zygote ( 457): Forked child process 2480
10-30 10:40:25.938 W/ActivityManager( 705): Slow operation: 65ms so far, now at startProcess: returned from zygote!
10-30 10:40:25.938 W/ActivityManager( 705): Slow operation: 65ms so far, now at startProcess: done updating battery stats
10-30 10:40:25.938 W/ActivityManager( 705): Slow operation: 65ms so far, now at startProcess: building log message
10-30 10:40:25.938 I/ActivityManager( 705): Start proc 2480:com.android.shell/2000 for broadcast {com.android.shell/com.android.shell.HeapDumpReceiver}
10-30 10:40:25.938 W/ActivityManager( 705): Slow operation: 65ms so far, now at startProcess: starting to update pids map
10-30 10:40:25.938 W/ActivityManager( 705): Slow operation: 65ms so far, now at startProcess: done updating pids map
10-30 10:40:25.963 I/Zygote ( 2480): seccomp disabled by setenforce 0
10-30 10:40:25.965 E/AppListVm( 1486): LIVE_DATA_APP_LIST change this@=com.dangbei.launcher.home.view.vm.AppListVm@6931f07
10-30 10:40:25.965 E/AppListVm( 1486): LIVE_DATA_APP_LIST change this@=com.dangbei.launcher.home.view.vm.AppListVm@6828834
10-30 10:40:25.966 D/AppManager( 1486): checkLocalAppsIsValid:
10-30 10:40:25.973 D/AppManager( 1486): checkLocalAppsIsValid:
10-30 10:40:25.974 D/ProfileInstaller( 1486): Installing profile for com.dangbei.leard.leradlauncher
10-30 10:40:25.996 I/m.android.shell( 2480): Using CollectorTypeCC GC.
10-30 10:40:26.003 E/m.android.shell( 2480): Not starting debugger since process cannot load the jdwp agent.
10-30 10:40:26.038 D/CompatibilityChangeReporter( 705): Compat change id reported: 168419799; UID 2000; state: DISABLED
10-30 10:40:26.038 D/CompatibilityChangeReporter( 705): Compat change id reported: 273564678; UID 2000; state: DISABLED
10-30 10:40:26.049 D/CompatibilityChangeReporter( 705): Compat change id reported: 265195908; UID 2000; state: ENABLED
10-30 10:40:26.054 D/CompatibilityChangeReporter( 2480): Compat change id reported: 171979766; UID 2000; state: ENABLED
10-30 10:40:26.055 D/CompatibilityChangeReporter( 2480): Compat change id reported: 242716250; UID 2000; state: ENABLED
10-30 10:40:26.083 D/CompatibilityChangeReporter( 2452): Compat change id reported: 160794467; UID 10070; state: ENABLED
10-30 10:40:26.112 D/CompatibilityChangeReporter( 2452): Compat change id reported: 194532703; UID 10070; state: ENABLED
10-30 10:40:26.112 D/CompatibilityChangeReporter( 2452): Compat change id reported: 253665015; UID 10070; state: ENABLED
10-30 10:40:26.125 D/CompatibilityChangeReporter( 705): Compat change id reported: 271850009; UID 10070; state: ENABLED
10-30 10:40:26.126 D/CompatibilityChangeReporter( 705): Compat change id reported: 253665015; UID 10070; state: ENABLED
10-30 10:40:26.127 D/CompatibilityChangeReporter( 705): Compat change id reported: 194532703; UID 10070; state: ENABLED
10-30 10:40:26.128 D/ConnectivityService( 705): requestNetwork for uid/pid:1000/705 asUid: 10070 activeRequest: null callbackRequest: 52 [NetworkRequest [ REQUEST id=53, [ Capabilities: INTERNET&NOT_RESTRICTED&TRUSTED&NOT_VCN_MANAGED Uid: 10070 RequestorUid: 1000 RequestorPkg: android UnderlyingNetworks: Null] ]] callback flags: 0 order: 2147483647
10-30 10:40:26.130 D/ConnectivityService( 705): NetReassign [53 : null → 100] [c 0] [a 0] [i 1]
10-30 10:40:26.131 D/WifiNetworkFactory( 705): got request NetworkRequest [ REQUEST id=53, [ Capabilities: INTERNET&NOT_RESTRICTED&TRUSTED&NOT_VCN_MANAGED Uid: 10070 RequestorUid: 1000 RequestorPkg: android UnderlyingNetworks: Null] ]
10-30 10:40:26.131 D/UntrustedWifiNetworkFactory( 705): got request NetworkRequest [ REQUEST id=53, [ Capabilities: INTERNET&NOT_RESTRICTED&TRUSTED&NOT_VCN_MANAGED Uid: 10070 RequestorUid: 1000 RequestorPkg: android UnderlyingNetworks: Null] ]
10-30 10:40:26.132 D/OemPaidWifiNetworkFactory( 705): got request NetworkRequest [ REQUEST id=53, [ Capabilities: INTERNET&NOT_RESTRICTED&TRUSTED&NOT_VCN_MANAGED Uid: 10070 RequestorUid: 1000 RequestorPkg: android UnderlyingNetworks: Null] ]
10-30 10:40:26.132 D/MultiInternetWifiNetworkFactory( 705): got request NetworkRequest [ REQUEST id=53, [ Capabilities: INTERNET&NOT_RESTRICTED&TRUSTED&NOT_VCN_MANAGED Uid: 10070 RequestorUid: 1000 RequestorPkg: android UnderlyingNetworks: Null] ]
10-30 10:40:26.149 D/TrafficStats( 1486): tagSocket(5) with statsTag=0xffffffff, statsUid=-1
10-30 10:40:26.149 D/nativeloader( 2480): Configuring clns-shared-4 for other apk /system/priv-app/Shell/Shell.apk. target_sdk_version=34, uses_libraries=, library_path=/system/priv-app/Shell/lib/arm:/system/lib:/system_ext/lib, permitted_path=/data:/mnt/expand:/data/user_de/0/com.android.shell:/system/priv-app/Shell:/system/lib:/system_ext/lib
10-30 10:40:26.159 D/TrafficStats( 1486): tagSocket(120) with statsTag=0xffffffff, statsUid=-1
10-30 10:40:26.196 V/GraphicsEnvironment( 2480): Currently set values for:
10-30 10:40:26.196 V/GraphicsEnvironment( 2480): angle_gl_driver_selection_pkgs=[]
10-30 10:40:26.196 V/GraphicsEnvironment( 2480): angle_gl_driver_selection_values=[]
10-30 10:40:26.197 V/GraphicsEnvironment( 2480): ANGLE GameManagerService for com.android.shell: false
10-30 10:40:26.197 V/GraphicsEnvironment( 2480): com.android.shell is not listed in per-application setting
10-30 10:40:26.197 V/GraphicsEnvironment( 2480): Neither updatable production driver nor prerelease driver is supported.
10-30 10:40:26.223 D/CompatibilityChangeReporter( 705): Compat change id reported: 135634846; UID 10026; state: DISABLED
10-30 10:40:26.223 D/HeapDumpReceiver( 2480): onReceive(): Intent { act=android.intent.action.BOOT_COMPLETED flg=0x89000010 cmp=com.android.shell/.HeapDumpReceiver (has extras) }
10-30 10:40:26.223 D/CompatibilityChangeReporter( 705): Compat change id reported: 177438394; UID 10026; state: DISABLED
10-30 10:40:26.223 D/CompatibilityChangeReporter( 705): Compat change id reported: 135772972; UID 10026; state: DISABLED
10-30 10:40:26.223 D/CompatibilityChangeReporter( 705): Compat change id reported: 135754954; UID 10026; state: DISABLED
10-30 10:40:26.224 D/CompatibilityChangeReporter( 705): Compat change id reported: 143937733; UID 10026; state: DISABLED
10-30 10:40:26.241 D/HeapDumpReceiver( 2480): Deleting from /data/user_de/0/com.android.shell/files/heapdumps
10-30 10:40:26.245 D/Zygote ( 457): Forked child process 2509
10-30 10:40:26.247 I/ActivityManager( 705): Start proc 2509:com.android.statementservice/u0a26 for broadcast {com.android.statementservice/com.android.statementservice.domain.BootCompletedReceiver}
10-30 10:40:26.281 I/Zygote ( 2509): seccomp disabled by setenforce 0
10-30 10:40:26.289 I/tatementservice( 2509): Using CollectorTypeCC GC.
10-30 10:40:26.297 E/tatementservice( 2509): Not starting debugger since process cannot load the jdwp agent.
10-30 10:40:26.312 D/CompatibilityChangeReporter( 705): Compat change id reported: 168419799; UID 10026; state: DISABLED
10-30 10:40:26.313 D/CompatibilityChangeReporter( 705): Compat change id reported: 273564678; UID 10026; state: DISABLED
10-30 10:40:26.317 D/CompatibilityChangeReporter( 705): Compat change id reported: 265195908; UID 10026; state: ENABLED
10-30 10:40:26.322 D/CompatibilityChangeReporter( 2509): Compat change id reported: 171979766; UID 10026; state: DISABLED
10-30 10:40:26.322 D/CompatibilityChangeReporter( 2509): Compat change id reported: 242716250; UID 10026; state: DISABLED
10-30 10:40:26.327 D/CompatibilityChangeReporter( 705): Compat change id reported: 170503758; UID 10026; state: DISABLED
10-30 10:40:26.333 D/ApplicationLoaders( 2509): Returning zygote-cached class loader: /system/framework/android.test.base.jar
10-30 10:40:26.364 D/AppManager( 1486): checkLocalAppsIsValid: success
10-30 10:40:26.379 D/nativeloader( 2509): Configuring clns-shared-4 for other apk /system/priv-app/StatementService/StatementService.apk. target_sdk_version=29, uses_libraries=, library_path=/system/priv-app/StatementService/lib/arm:/system/lib:/system_ext/lib, permitted_path=/data:/mnt/expand:/data/user/0/com.android.statementservice:/system/priv-app/StatementService:/system/lib:/system_ext/lib
10-30 10:40:26.422 D/ConnectivityService( 705): requestNetwork for uid/pid:10070/2452 activeRequest: null callbackRequest: 54 [NetworkRequest [ REQUEST id=55, [ Capabilities: INTERNET&NOT_RESTRICTED&TRUSTED&NOT_VCN_MANAGED Uid: 10070 RequestorUid: 10070 RequestorPkg: com.android.rkpdapp UnderlyingNetworks: Null] ]] callback flags: 0 order: 2147483647
10-30 10:40:26.427 D/ConnectivityService( 705): NetReassign [55 : null → 100] [c 1] [a 1] [i 3]
10-30 10:40:26.428 D/WifiNetworkFactory( 705): got request NetworkRequest [ REQUEST id=55, [ Capabilities: INTERNET&NOT_RESTRICTED&TRUSTED&NOT_VCN_MANAGED Uid: 10070 RequestorUid: 10070 RequestorPkg: com.android.rkpdapp UnderlyingNetworks: Null] ]
10-30 10:40:26.428 D/UntrustedWifiNetworkFactory( 705): got request NetworkRequest [ REQUEST id=55, [ Capabilities: INTERNET&NOT_RESTRICTED&TRUSTED&NOT_VCN_MANAGED Uid: 10070 RequestorUid: 10070 RequestorPkg: com.android.rkpdapp UnderlyingNetworks: Null] ]
10-30 10:40:26.428 D/OemPaidWifiNetworkFactory( 705): got request NetworkRequest [ REQUEST id=55, [ Capabilities: INTERNET&NOT_RESTRICTED&TRUSTED&NOT_VCN_MANAGED Uid: 10070 RequestorUid: 10070 RequestorPkg: com.android.rkpdapp UnderlyingNetworks: Null] ]
10-30 10:40:26.428 D/MultiInternetWifiNetworkFactory( 705): got request NetworkRequest [ REQUEST id=55, [ Capabilities: INTERNET&NOT_RESTRICTED&TRUSTED&NOT_VCN_MANAGED Uid: 10070 RequestorUid: 10070 RequestorPkg: com.android.rkpdapp UnderlyingNetworks: Null] ]
10-30 10:40:26.456 D/CompatibilityChangeReporter( 2452): Compat change id reported: 263076149; UID 10070; state: ENABLED
10-30 10:40:26.465 E/hq ( 1486): 当小贝:::message list add complete data.messageList:[]
10-30 10:40:26.465 E/hq ( 1486): data.tabList=[{"id":3032615, "date":1856597262, "innerType":0, "isForce":1, "img":"https://zmimg.dangbei.net/tyos/2023-06-01/647886d4c29ac.png", "title":"将“酷喵TV”添加到导航栏,下次使用更方便", "subTitle":"null", "userId":"null", "createTime":"1760371200", "jumpConfig":JumpConfig{type=21, link='', param=null, limitVipId=null, appInfo=null}, "status":0, "category":"null", "msgPosition":"HOME_PAGE", "userGroupId":"null", "ruleId":"null", "groupTagId":"null", "messageType":2, "isShowJumpButton":false, "jumpButtonText":"是", "coverImg":"", "jumpImage":"null"}]
10-30 10:40:26.465 I/hq ( 1486): 当小贝:::showMessage from=requestAllMessage
10-30 10:40:26.465 I/hq ( 1486): 当小贝:::showMessage 没有消息需要显示
10-30 10:40:26.466 D/TrafficStats( 1486): tagSocket(127) with statsTag=0xffffffff, statsUid=-1
10-30 10:40:26.468 D/TrafficStats( 1486): tagSocket(178) with statsTag=0xffffffff, statsUid=-1
10-30 10:40:26.484 V/GraphicsEnvironment( 2509): Currently set values for:
10-30 10:40:26.485 V/GraphicsEnvironment( 2509): angle_gl_driver_selection_pkgs=[]
10-30 10:40:26.485 V/GraphicsEnvironment( 2509): angle_gl_driver_selection_values=[]
10-30 10:40:26.490 V/GraphicsEnvironment( 2509): ANGLE GameManagerService for com.android.statementservice: false
10-30 10:40:26.490 V/GraphicsEnvironment( 2509): com.android.statementservice is not listed in per-application setting
10-30 10:40:26.490 V/GraphicsEnvironment( 2509): Neither updatable production driver nor prerelease driver is supported.
10-30 10:40:26.508 D/WM-WrkMgrInitializer( 2509): Initializing WorkManager with default configuration.
10-30 10:40:26.513 I/DrmHalHidl( 2452): No hidl drm factories found
10-30 10:40:26.514 I/hwservicemanager( 247): getTransport: Cannot find entry android.hardware.drm@1.0::IDrmFactory/default in either framework or device VINTF manifest.
10-30 10:40:26.515 E/DrmHalHidl( 2452): Failed to find passthrough drm factories
10-30 10:40:26.516 D/WM-PackageManagerHelper( 2509): androidx.work.impl.background.systemjob.SystemJobService enabled
10-30 10:40:26.516 D/WM-Schedulers( 2509): Created SystemJobScheduler and enabled SystemJobService
10-30 10:40:26.518 I/DrmUtils( 2452): found IDrmFactory. Instance name:[android.hardware.drm.IDrmFactory/clearkey]
10-30 10:40:26.520 D/CompatibilityChangeReporter( 2509): Compat change id reported: 183155436; UID 10026; state: DISABLED
10-30 10:40:26.520 I/DrmUtils( 2452): found IDrmFactory. Instance name:[android.hardware.drm.IDrmFactory/widevine]
10-30 10:40:26.522 I/WVCdm-DrmFactory( 500): [app][com.android.rkpdapp] calling virtual ::ndk::ScopedAStatus wvdrm::hardware::drm::widevine::WVDrmFactory::createDrmPlugin(const Uuid &, const string &, std::shared_ptr< ::aidl::android::hardware::drm::IDrmPlugin> *)
10-30 10:40:26.522 D/WVCdm ( 500): Instantiating CDM.
10-30 10:40:26.525 D/WVCdm ( 500): [cdm_engine.cpp(581):QueryStatus] security_level = Default, query_token = WidevineCdmVersion
10-30 10:40:26.525 I/WVCdm ( 500): [file_utils.cpp(38):Exists] stat failed: ENOENT
10-30 10:40:26.525 I/WVCdm ( 500): [oemcrypto_adapter_dynamic.cpp(783):Initialize] Level 3 Build Info (v18): {"soc_vendor":"L3_34136","soc_model":"ARM 32 bit","ta_ver":"18.1.0+May 15 2024_23:17:25_","uses_opk":false,"tee_os":"none","tee_os_ver":"0.0.0","form_factor":"L3","implementer":"Widevine","fused":false}
10-30 10:40:26.535 I/WVCdm ( 500): [(0):] Level3 Library 34136 May 15 2024 23:17:25
10-30 10:40:26.540 D/CompatibilityChangeReporter( 705): Compat change id reported: 135634846; UID 10089; state: DISABLED
10-30 10:40:26.541 D/CompatibilityChangeReporter( 705): Compat change id reported: 143937733; UID 10089; state: DISABLED
10-30 10:40:26.551 I/WVCdm ( 500): [oemcrypto_adapter_dynamic.cpp(797):Initialize] L3 Initialized. Trying L1.
10-30 10:40:26.552 W/WVCdm ( 500): [oemcrypto_adapter_dynamic.cpp(810):Initialize] Could not load oemcrypto from path liboemcrypto.so. dlopen failed: library "liboemcrypto.so" not found
10-30 10:40:26.552 W/WVCdm ( 500): [oemcrypto_adapter_dynamic.cpp(814):Initialize] Could not load oemcrypto. Falling back to L3.
10-30 10:40:26.552 E/WVCdm ( 500): [oemcrypto_adapter_dynamic.cpp(1271):ValidateOrInstallL1KeyboxOrCert] L1 not initialized. Falling back to L3
10-30 10:40:26.552 I/WVCdm ( 500): [file_utils.cpp(38):Exists] stat failed: ENOENT
10-30 10:40:26.552 W/WVCdm ( 500): [oemcrypto_adapter_dynamic.cpp(1470):OEMCrypto_InitializeAndCheckKeybox] Keybox error: 25. Falling back to L3.
10-30 10:40:26.552 I/WVCdm ( 500): [oemcrypto_adapter_dynamic.cpp(846):Level1Terminate] L1 Terminate not needed
10-30 10:40:26.552 D/WVCdm ( 500): [crypto_session.cpp(472):CacheVersion] OEMCrypto version (default security level): 18.1
10-30 10:40:26.552 D/WVCdm ( 500): [crypto_session.cpp(481):CacheVersion] OEMCrypto version (L3 security level): 18.1
10-30 10:40:26.554 D/WVCdm ( 500): [cdm_engine.cpp(581):QueryStatus] security_level = Default, query_token = ProvisioningModel
10-30 10:40:26.555 I/RkpdWidevine( 2452): Not a WV provisioning 4.0 device. No provisioning required.
10-30 10:40:26.562 D/statsd_drm( 597): statsd_mediadrm skipping empty entry
10-30 10:40:26.565 I/WVCdm ( 500): [(0):] L3 Terminate.
10-30 10:40:26.566 I/WM-WorkerWrapper( 2452): Worker result SUCCESS for Work [ id=a5f82248-f345-43f6-b921-b55e537c2dfa, tags={ com.android.rkpdapp.provisioner.WidevineProvisioner, WidevineProvisioner } ]
10-30 10:40:26.581 D/Zygote ( 457): Forked child process 2536
10-30 10:40:26.582 I/ActivityManager( 705): Start proc 2536:com.ktcp.video/u0a89 for broadcast {com.ktcp.video/com.ktcp.msg.lib.BootCompletedReceiver}
10-30 10:40:26.588 I/Zygote ( 2536): seccomp disabled by setenforce 0
10-30 10:40:26.595 I/com.ktcp.video( 2536): Using CollectorTypeCC GC.
10-30 10:40:26.592 I/rainbow_flow( 2350): type=1400 audit(0.0:1067): avc: denied { ioctl } for path="/dev/spidev1.0" dev="tmpfs" ino=533 ioctlcmd=0x6b00 scontext=u:r:init:s0 tcontext=u:object_r:device:s0 tclass=chr_file permissive=1
10-30 10:40:26.602 E/com.ktcp.video( 2536): Not starting debugger since process cannot load the jdwp agent.
10-30 10:40:26.600 I/UsbFfs-monitor( 1395): type=1400 audit(0.0:1068): avc: denied { use } for path="anon_inode:[eventfd]" dev="anon_inodefs" ino=10206 scontext=u:r:su:s0 tcontext=u:r:adbd:s0 tclass=fd permissive=1
10-30 10:40:26.618 D/AppManager( 1486): checkLocalAppsIsValid: success
10-30 10:40:26.600 I/adbd ( 1395): type=1400 audit(0.0:1069): avc: denied { write } for path="socket:[34432]" dev="sockfs" ino=34432 scontext=u:r:su:s0 tcontext=u:r:adbd:s0 tclass=unix_stream_socket permissive=1
10-30 10:40:26.600 I/adbd ( 1395): type=1400 audit(0.0:1070): avc: denied { read } for path="socket:[34433]" dev="sockfs" ino=34433 scontext=u:r:su:s0 tcontext=u:r:adbd:s0 tclass=unix_stream_socket permissive=1
10-30 10:40:26.631 D/CompatibilityChangeReporter( 705): Compat change id reported: 168419799; UID 10089; state: DISABLED
10-30 10:40:26.631 D/CompatibilityChangeReporter( 705): Compat change id reported: 273564678; UID 10089; state: DISABLED
10-30 10:40:26.637 D/CompatibilityChangeReporter( 2536): Compat change id reported: 171979766; UID 10089; state: DISABLED
10-30 10:40:26.638 D/CompatibilityChangeReporter( 2536): Compat change id reported: 242716250; UID 10089; state: DISABLED
10-30 10:40:26.639 D/CompatibilityChangeReporter( 705): Compat change id reported: 265195908; UID 10089; state: ENABLED
10-30 10:40:26.647 I/system_server( 705): Background young concurrent copying GC freed 529741(20MB) AllocSpace objects, 45(1732KB) LOS objects, 56% free, 16MB/38MB, paused 1.183ms,427us total 301.801ms
10-30 10:40:26.651 D/CompatibilityChangeReporter( 705): Compat change id reported: 170503758; UID 10089; state: DISABLED
10-30 10:40:26.640 I//apex/com.android.adbd/bin/adbd( 1395): type=1400 audit(0.0:1071): avc: denied { dac_read_search } for comm=75736220666673206F70656E capability=2 scontext=u:r:su:s0 tcontext=u:r:su:s0 tclass=capability permissive=1
10-30 10:40:26.654 D/ApplicationLoaders( 2536): Returning zygote-cached class loader: /system/framework/android.test.base.jar
10-30 10:40:26.659 D/nativeloader( 2536): Configuring clns-4 for other apk /system/framework/org.apache.http.legacy.jar. target_sdk_version=23, uses_libraries=ALL, library_path=/data/app/~~sk4uWtgvTFQzsCs-GOu9iA==/com.ktcp.video-bidA6yo3kCLSfWvJonh1pQ==/lib/arm:/system/fake-libs:/data/app/~~sk4uWtgvTFQzsCs-GOu9iA==/com.ktcp.video-bidA6yo3kCLSfWvJonh1pQ==/base.apk!/lib/armeabi, permitted_path=/data:/mnt/expand:/data/user/0/com.ktcp.video
10-30 10:40:26.704 D/CompatibilityChangeReporter( 2509): Compat change id reported: 160794467; UID 10026; state: DISABLED
10-30 10:40:26.755 D/nativeloader( 2536): Configuring clns-5 for other apk /data/app/~~sk4uWtgvTFQzsCs-GOu9iA==/com.ktcp.video-bidA6yo3kCLSfWvJonh1pQ==/base.apk. target_sdk_version=23, uses_libraries=, library_path=/data/app/~~sk4uWtgvTFQzsCs-GOu9iA==/com.ktcp.video-bidA6yo3kCLSfWvJonh1pQ==/lib/arm:/system/fake-libs:/data/app/~~sk4uWtgvTFQzsCs-GOu9iA==/com.ktcp.video-bidA6yo3kCLSfWvJonh1pQ==/base.apk!/lib/armeabi, permitted_path=/data:/mnt/expand:/data/user/0/com.ktcp.video
10-30 10:40:26.757 D/CompatibilityChangeReporter( 2509): Compat change id reported: 194532703; UID 10026; state: DISABLED
10-30 10:40:26.758 D/CompatibilityChangeReporter( 2509): Compat change id reported: 253665015; UID 10026; state: DISABLED
10-30 10:40:26.759 D/CompatibilityChangeReporter( 705): Compat change id reported: 271850009; UID 10026; state: DISABLED
10-30 10:40:26.760 D/CompatibilityChangeReporter( 705): Compat change id reported: 253665015; UID 10026; state: DISABLED
10-30 10:40:26.760 D/CompatibilityChangeReporter( 705): Compat change id reported: 194532703; UID 10026; state: DISABLED
10-30 10:40:26.761 D/ConnectivityService( 705): requestNetwork for uid/pid:1000/705 asUid: 10026 activeRequest: null callbackRequest: 56 [NetworkRequest [ REQUEST id=57, [ Capabilities: INTERNET&NOT_RESTRICTED&TRUSTED&NOT_VCN_MANAGED Uid: 10026 RequestorUid: 1000 RequestorPkg: android UnderlyingNetworks: Null] ]] callback flags: 0 order: 2147483647
10-30 10:40:26.763 D/WifiNetworkFactory( 705): got request NetworkRequest [ REQUEST id=57, [ Capabilities: INTERNET&NOT_RESTRICTED&TRUSTED&NOT_VCN_MANAGED Uid: 10026 RequestorUid: 1000 RequestorPkg: android UnderlyingNetworks: Null] ]
10-30 10:40:26.763 D/UntrustedWifiNetworkFactory( 705): got request NetworkRequest [ REQUEST id=57, [ Capabilities: INTERNET&NOT_RESTRICTED&TRUSTED&NOT_VCN_MANAGED Uid: 10026 RequestorUid: 1000 RequestorPkg: android UnderlyingNetworks: Null] ]
10-30 10:40:26.764 D/ConnectivityService( 705): NetReassign [57 : null → 100] [c 0] [a 0] [i 1]
10-30 10:40:26.764 D/OemPaidWifiNetworkFactory( 705): got request NetworkRequest [ REQUEST id=57, [ Capabilities: INTERNET&NOT_RESTRICTED&TRUSTED&NOT_VCN_MANAGED Uid: 10026 RequestorUid: 1000 RequestorPkg: android UnderlyingNetworks: Null] ]
10-30 10:40:26.764 D/MultiInternetWifiNetworkFactory( 705): got request NetworkRequest [ REQUEST id=57, [ Capabilities: INTERNET&NOT_RESTRICTED&TRUSTED&NOT_VCN_MANAGED Uid: 10026 RequestorUid: 1000 RequestorPkg: android UnderlyingNetworks: Null] ]
10-30 10:40:26.769 D/ModernMediaScanner( 1450): Skipping preVisitDirectory /storage/emulated/0/tad
10-30 10:40:26.787 D/AppManager( 1486): checkLocalAppsIsValid: success
10-30 10:40:26.805 V/GraphicsEnvironment( 2536): Currently set values for:
10-30 10:40:26.805 V/GraphicsEnvironment( 2536): angle_gl_driver_selection_pkgs=[]
10-30 10:40:26.805 V/GraphicsEnvironment( 2536): angle_gl_driver_selection_values=[]
10-30 10:40:26.806 V/GraphicsEnvironment( 2536): ANGLE GameManagerService for com.ktcp.video: false
10-30 10:40:26.806 V/GraphicsEnvironment( 2536): com.ktcp.video is not listed in per-application setting
10-30 10:40:26.806 V/GraphicsEnvironment( 2536): Neither updatable production driver nor prerelease driver is supported.
10-30 10:40:26.860 D/ConnectivityService( 705): requestNetwork for uid/pid:10026/2509 activeRequest: null callbackRequest: 58 [NetworkRequest [ REQUEST id=59, [ Capabilities: INTERNET&NOT_RESTRICTED&TRUSTED&NOT_VCN_MANAGED Uid: 10026 RequestorUid: 10026 RequestorPkg: com.android.statementservice UnderlyingNetworks: Null] ]] callback flags: 0 order: 2147483647
10-30 10:40:26.863 D/WifiNetworkFactory( 705): got request NetworkRequest [ REQUEST id=59, [ Capabilities: INTERNET&NOT_RESTRICTED&TRUSTED&NOT_VCN_MANAGED Uid: 10026 RequestorUid: 10026 RequestorPkg: com.android.statementservice UnderlyingNetworks: Null] ]
10-30 10:40:26.863 D/UntrustedWifiNetworkFactory( 705): got request NetworkRequest [ REQUEST id=59, [ Capabilities: INTERNET&NOT_RESTRICTED&TRUSTED&NOT_VCN_MANAGED Uid: 10026 RequestorUid: 10026 RequestorPkg: com.android.statementservice UnderlyingNetworks: Null] ]
10-30 10:40:26.864 D/OemPaidWifiNetworkFactory( 705): got request NetworkRequest [ REQUEST id=59, [ Capabilities: INTERNET&NOT_RESTRICTED&TRUSTED&NOT_VCN_MANAGED Uid: 10026 RequestorUid: 10026 RequestorPkg: com.android.statementservice UnderlyingNetworks: Null] ]
10-30 10:40:26.865 D/MultiInternetWifiNetworkFactory( 705): got request NetworkRequest [ REQUEST id=59, [ Capabilities: INTERNET&NOT_RESTRICTED&TRUSTED&NOT_VCN_MANAGED Uid: 10026 RequestorUid: 10026 RequestorPkg: com.android.statementservice UnderlyingNetworks: Null] ]
10-30 10:40:26.865 D/ConnectivityService( 705): NetReassign [59 : null → 100] [c 0] [a 1] [i 1]
10-30 10:40:26.883 D/CompatibilityChangeReporter( 2509): Compat change id reported: 263076149; UID 10026; state: DISABLED
10-30 10:40:26.898 W/Looper ( 985): Drained
10-30 10:40:26.907 I/MMKV ( 2536): current API level = 34
10-30 10:40:26.907 I/MMKV ( 2536): version v1.2.8 page size:4096
10-30 10:40:26.908 I/MMKV ( 2536): root dir: /data/user/0/com.ktcp.video/files/mmkv
10-30 10:40:26.915 I/MMKV ( 2536): loading [common_config] with 90009 actual size, file size 262144, InterProcess 1, meta info version:3
10-30 10:40:26.915 I/MMKV ( 2536): loading [common_config] with crc 3149687962 sequence 7 version 3
10-30 10:40:26.916 I/MMKV ( 2536): loaded [common_config] with 637 key-values
10-30 10:40:26.918 I/WM-WorkerWrapper( 2509): Worker result SUCCESS for Work [ id=e8024db0-caa2-44cf-9375-4fb938079cb0, tags={ com.android.statementservice.domain.worker.RetryRequestWorker } ]
10-30 10:40:26.926 D/AppManager( 1486): checkLocalAppsIsValid: success
10-30 10:40:26.935 D/CompatibilityChangeReporter( 705): Compat change id reported: 149924527; UID 10089; state: ENABLED
10-30 10:40:26.935 D/CompatibilityChangeReporter( 705): Compat change id reported: 132649864; UID 10089; state: DISABLED
10-30 10:40:26.946 I/MMKV ( 2536): loading [mmkv.default] with 171556 actual size, file size 262144, InterProcess 1, meta info version:3
10-30 10:40:26.946 I/MMKV ( 2536): loading [mmkv.default] with crc 2354834710 sequence 3 version 3
10-30 10:40:26.946 I/MMKV ( 2536): loaded [mmkv.default] with 148 key-values
10-30 10:40:26.965 D/CompatibilityChangeReporter( 2536): Compat change id reported: 247079863; UID 10089; state: DISABLED
10-30 10:40:26.995 D/xlog-library( 2536): max_size=1310720,_max_files=6
10-30 10:40:26.996 D/xlog-library( 2536): appender_open _dir=/storage/emulated/0/ktcp_video/dailylog/video_comktcpvideo/dailylognew/com.ktcp.video,_nameprefix=log
10-30 10:40:26.997 D/xlog-library( 2536): appender_open logdir already exists.
10-30 10:40:27.004 W/XLOGReport( 2536): OtherSize: 13, MainSize: 13
10-30 10:40:27.006 D/xlog-library( 2536): FELIX ~~~~~ begin of mmap ~~~~~
10-30 10:40:27.009 D/xlog-library( 2536): FELIX ~~~~~ end of mmap ~~~~~
10-30 10:40:27.011 D/CompatibilityChangeReporter( 705): Compat change id reported: 161145287; UID 10089; state: DISABLED
10-30 10:40:27.013 I/MMKV ( 2536): loading [new_app_ktcp_vmultidex_sp] with 28 actual size, file size 4096, InterProcess 1, meta info version:3
10-30 10:40:27.013 I/MMKV ( 2536): loading [new_app_ktcp_vmultidex_sp] with crc 1633027645 sequence 1 version 3
10-30 10:40:27.013 I/MMKV ( 2536): loaded [new_app_ktcp_vmultidex_sp] with 1 key-values
10-30 10:40:27.028 D/MultiDex( 2536): VM with version 2.1.0 has multidex support
10-30 10:40:27.030 I/MMKV ( 2536): loading [ktcp_vmultidex_sp] with 488 actual size, file size 4096, InterProcess 1, meta info version:3
10-30 10:40:27.030 I/MMKV ( 2536): loading [ktcp_vmultidex_sp] with crc 2285437415 sequence 1 version 3
10-30 10:40:27.030 I/MMKV ( 2536): loaded [ktcp_vmultidex_sp] with 1 key-values
10-30 10:40:27.031 I/MultiDex( 2536): VM with version 2.1.0 has multidex support
10-30 10:40:27.033 I/MMKV ( 2536): loading [host_app_setting] with 614 actual size, file size 4096, InterProcess 1, meta info version:3
10-30 10:40:27.033 I/MMKV ( 2536): loading [host_app_setting] with crc 2574399371 sequence 1 version 3
10-30 10:40:27.033 I/MMKV ( 2536): loaded [host_app_setting] with 3 key-values
10-30 10:40:27.048 W/System ( 2536): ClassLoader referenced unknown path:
10-30 10:40:27.048 W/com.ktcp.video( 2536): Unsupported class loader
10-30 10:40:27.066 I/MMKV ( 2536): loading [sp_video_recovery] with 254 actual size, file size 4096, InterProcess 1, meta info version:3
10-30 10:40:27.066 I/MMKV ( 2536): loading [sp_video_recovery] with crc 4031165922 sequence 1 version 3
10-30 10:40:27.066 I/MMKV ( 2536): loaded [sp_video_recovery] with 6 key-values
10-30 10:40:27.140 I/MMKV ( 2536): root dir: /data/user/0/com.ktcp.video/files/mmkv
10-30 10:40:27.143 I/MMKV ( 2536): loading [migrated_sp] with 36 actual size, file size 4096, InterProcess 1, meta info version:3
10-30 10:40:27.143 I/MMKV ( 2536): loading [migrated_sp] with crc 3979557828 sequence 1 version 3
10-30 10:40:27.143 I/MMKV ( 2536): loaded [migrated_sp] with 1 key-values
10-30 10:40:27.145 I/MMKV ( 2536): loading [mmkvwrapper_Cocos2dxPrefsFile] with 6199 actual size, file size 8192, InterProcess 1, meta info version:3
10-30 10:40:27.145 I/MMKV ( 2536): loading [mmkvwrapper_Cocos2dxPrefsFile] with crc 1881902024 sequence 2 version 3
10-30 10:40:27.145 I/MMKV ( 2536): loaded [mmkvwrapper_Cocos2dxPrefsFile] with 42 key-values
10-30 10:40:27.161 I/MMKV ( 2536): loading [ClientSceneOperate] with 2442 actual size, file size 32768, InterProcess 0, meta info version:3
10-30 10:40:27.161 I/MMKV ( 2536): loading [ClientSceneOperate] with crc 673162305 sequence 1 version 3
10-30 10:40:27.161 I/MMKV ( 2536): loaded [ClientSceneOperate] with 1 key-values
10-30 10:40:27.190 W/BroadcastLoopers( 705): Found previously unknown looper Thread[appscheduling.default,5,main]
10-30 10:40:27.218 I/ktcp_fw ( 2536): JNI_OnLoad enter
10-30 10:40:27.218 I/ktcp_fw ( 2536): InitHook end222 144 12
10-30 10:40:27.218 I/ktcp_fw ( 2536): initTracer
10-30 10:40:27.224 I/ktcp_fw ( 2536): JNI_OnLoad exit
10-30 10:40:27.224 I/ktcp_fw ( 2536): disableVerifyClass
10-30 10:40:27.224 I/ktcp_fw ( 2536): [disableVerifier] version:34
10-30 10:40:27.233 I/ktcp_fw ( 2536): found counts:10, tid:2544
10-30 10:40:27.233 I/ktcp_fw ( 2536): Jit tid:2544, origin prio:9
10-30 10:40:27.239 I/ktcp_fw ( 2536): myCutStack enable:1
10-30 10:40:27.239 D/ktcp_fw ( 2536): init stackConfig configs:d
10-30 10:40:27.239 D/ktcp_fw ( 2536): init stackConfig key:#defaultJava#, size:409600
10-30 10:40:27.239 D/ktcp_fw ( 2536): init stackConfig key:#defaultNative#, size:307200
10-30 10:40:27.245 W/bytehook_tag( 2536): bytehook init, mode 0, debug 0, return 0
10-30 10:40:27.245 I/ktcp_fw ( 2536): Android OS not support, version:34
10-30 10:40:27.245 W/bytehook_tag( 2536): bytehook already inited, return 0
10-30 10:40:27.273 I/ktcp_fw ( 2536): hook pthread create cost: 28 ms
10-30 10:40:27.279 E/dangbei111( 1470): cccccc 准备开始进行 startScanInner
10-30 10:40:27.279 I/vbhook ( 2536): try to backup getNativeMethodCount, osVer:34
10-30 10:40:27.279 E/dangbei111( 1470): cccccc 小于10s 由于之前已经开始扫描了 不在开启新的扫描
10-30 10:40:27.284 I/vbhook ( 2536): try to backup getNativeMethods, osVer:34
10-30 10:40:27.303 I/MMKV ( 2536): loading [app_start_info_mmkv_key] with 286 actual size, file size 4096, InterProcess 0, meta info version:3
10-30 10:40:27.303 I/MMKV ( 2536): loading [app_start_info_mmkv_key] with crc 4105450931 sequence 1 version 3
10-30 10:40:27.303 I/MMKV ( 2536): loaded [app_start_info_mmkv_key] with 9 key-values
10-30 10:40:27.326 I/MMKV ( 2536): loading [capability_info] with 249 actual size, file size 4096, InterProcess 1, meta info version:3
10-30 10:40:27.326 I/MMKV ( 2536): loading [capability_info] with crc 4244782524 sequence 1 version 3
