10-30 10:40:33.319 I/MediaProvider( 1450): Scanned internal due to REASON_MOUNTED, found 10 items in 136ms, 0 inserts 0 updates 0 deletes
10-30 10:40:33.321 I/AmFFmpegExtractor( 596): checkInList: iswhite:0, mime:audio/ogg, type:1, id:86021 tag:0
10-30 10:40:33.321 I/AmFFmpegExtractor( 596): checkInList: iswhite:1, mime:audio/ogg, type:1, id:86021 tag:0
10-30 10:40:33.321 E/AmFFmpegExtractor( 596): codec_ctx->properties: 0
10-30 10:40:33.321 I/AmFFmpegExtractor( 596): checkSupportInList ret 0
10-30 10:40:33.321 E/AmFFmpegExtractor( 596): vendor do not support
10-30 10:40:33.326 I/audio_hw_hal_primary( 469): [audiohal_get_latency:1036] io 13: out:0xe4580010 frames:1088 rate:48000 whole_latency:22 alsa_latency:22
10-30 10:40:33.329 I/FileLockLib( 2536): [2536]file 99 unlocked. fl.pid=0
10-30 10:40:33.333 E/ActivityThread( 2536): Failed to find provider info for com.tcl.xian.StartandroidService.MyContentProvider
10-30 10:40:33.334 W/System.err( 2536): org.json.JSONException: No value for ch_mta
10-30 10:40:33.335 I/FileLockLib( 2536): [2536]file 99 unlocked. fl.pid=0
10-30 10:40:33.337 I/audio_hw_hal_primary( 469): [audiohal_get_latency:1036] io 13: out:0xe4580010 frames:1088 rate:48000 whole_latency:22 alsa_latency:22
10-30 10:40:33.340 W/System.err( 2536): at org.json.JSONObject.get(JSONObject.java:398)
10-30 10:40:33.340 W/System.err( 2536): at org.json.JSONObject.getJSONObject(JSONObject.java:618)
10-30 10:40:33.340 W/System.err( 2536): at zd.y.a(SourceFile:1)
10-30 10:40:33.340 W/System.err( 2536): at qr.c0.I(SourceFile:1)
10-30 10:40:33.340 W/System.err( 2536): at qr.c0.R(SourceFile:4)
10-30 10:40:33.340 W/System.err( 2536): at qr.c0.l(SourceFile:2)
10-30 10:40:33.340 W/System.err( 2536): at qr.c0.(SourceFile:27)
10-30 10:40:33.340 W/System.err( 2536): at qr.c0.(SourceFile:1)
10-30 10:40:33.340 W/System.err( 2536): at qr.c0$b.(SourceFile:1)
10-30 10:40:33.340 W/System.err( 2536): at qr.c0.h(SourceFile:1)
10-30 10:40:33.340 W/System.err( 2536): at mt.k.n0(SourceFile:10)
10-30 10:40:33.340 W/System.err( 2536): at mt.k.(SourceFile:21)
10-30 10:40:33.340 W/System.err( 2536): at com.tencent.qqlivetv.model.user.UserAccountInfoServer.b(SourceFile:2)
10-30 10:40:33.340 W/System.err( 2536): at com.tencent.qqlivetv.model.user.UserAccountInfoServer.(SourceFile:3)
10-30 10:40:33.340 W/System.err( 2536): at com.tencent.qqlivetv.model.user.UserAccountInfoServer.(SourceFile:1)
10-30 10:40:33.340 W/System.err( 2536): at com.tencent.qqlivetv.model.user.UserAccountInfoServer$c.(SourceFile:1)
10-30 10:40:33.340 W/System.err( 2536): at com.tencent.qqlivetv.model.user.UserAccountInfoServer.a(SourceFile:1)
10-30 10:40:33.340 W/System.err( 2536): at w7.b.d(SourceFile:3)
10-30 10:40:33.340 W/System.err( 2536): at vs.a.d(SourceFile:2)
10-30 10:40:33.341 W/System.err( 2536): at com.tencent.qqlivetv.model.record.utils.w0.p0(SourceFile:5)
10-30 10:40:33.341 W/System.err( 2536): at com.tencent.qqlivetv.model.record.utils.w0.a(Unknown Source:0)
10-30 10:40:33.341 W/System.err( 2536): at com.tencent.qqlivetv.model.record.utils.t0.run(Unknown Source:2)
10-30 10:40:33.341 W/System.err( 2536): at qs.k.k(SourceFile:3)
10-30 10:40:33.341 W/System.err( 2536): at qs.k.b(Unknown Source:0)
10-30 10:40:33.341 W/System.err( 2536): at qs.i.a(Unknown Source:10)
10-30 10:40:33.341 W/System.err( 2536): at us.h.g(SourceFile:3)
10-30 10:40:33.341 W/System.err( 2536): at us.h.a(Unknown Source:0)
10-30 10:40:33.341 W/System.err( 2536): at us.g.run(Unknown Source:4)
10-30 10:40:33.341 W/System.err( 2536): at android.os.Handler.handleCallback(Handler.java:958)
10-30 10:40:33.341 W/System.err( 2536): at android.os.Handler.dispatchMessage(Handler.java:99)
10-30 10:40:33.341 W/System.err( 2536): at android.os.Looper.loopOnce(Looper.java:205)
10-30 10:40:33.341 W/System.err( 2536): at android.os.Looper.loop(Looper.java:294)
10-30 10:40:33.341 W/System.err( 2536): at android.os.HandlerThread.run(HandlerThread.java:67)
10-30 10:40:33.343 I/FileLockLib( 2536): [2536]get 99 lock success
10-30 10:40:33.345 D/CCodecBufferChannel( 705): [c2.android.vorbis.decoder#311] MediaCodec discarded an unknown buffer
10-30 10:40:33.345 D/CCodecBufferChannel( 705): [c2.android.vorbis.decoder#311] MediaCodec discarded an unknown buffer
10-30 10:40:33.345 D/CCodecBufferChannel( 705): [c2.android.vorbis.decoder#311] MediaCodec discarded an unknown buffer
10-30 10:40:33.346 I/audio_hw_hal_primary( 469): [audiohal_get_latency:1036] io 13: out:0xe4580010 frames:1216 rate:48000 whole_latency:25 alsa_latency:25
10-30 10:40:33.347 W/System.err( 2536): org.json.JSONException: No value for common_query
10-30 10:40:33.348 W/System.err( 2536): at org.json.JSONObject.get(JSONObject.java:398)
10-30 10:40:33.348 W/System.err( 2536): at org.json.JSONObject.getJSONObject(JSONObject.java:618)
10-30 10:40:33.348 W/System.err( 2536): at zd.y.a(SourceFile:1)
10-30 10:40:33.348 W/System.err( 2536): at qr.c0.J(SourceFile:1)
10-30 10:40:33.348 W/System.err( 2536): at qr.c0.R(SourceFile:8)
10-30 10:40:33.348 W/System.err( 2536): at qr.c0.l(SourceFile:2)
10-30 10:40:33.348 W/System.err( 2536): at qr.c0.(SourceFile:27)
10-30 10:40:33.348 W/System.err( 2536): at qr.c0.(SourceFile:1)
10-30 10:40:33.348 W/System.err( 2536): at qr.c0$b.(SourceFile:1)
10-30 10:40:33.348 W/System.err( 2536): at qr.c0.h(SourceFile:1)
10-30 10:40:33.348 W/System.err( 2536): at mt.k.n0(SourceFile:10)
10-30 10:40:33.348 W/System.err( 2536): at mt.k.(SourceFile:21)
10-30 10:40:33.348 W/System.err( 2536): at com.tencent.qqlivetv.model.user.UserAccountInfoServer.b(SourceFile:2)
10-30 10:40:33.348 W/System.err( 2536): at com.tencent.qqlivetv.model.user.UserAccountInfoServer.(SourceFile:3)
10-30 10:40:33.348 W/System.err( 2536): at com.tencent.qqlivetv.model.user.UserAccountInfoServer.(SourceFile:1)
10-30 10:40:33.348 W/System.err( 2536): at com.tencent.qqlivetv.model.user.UserAccountInfoServer$c.(SourceFile:1)
10-30 10:40:33.348 W/System.err( 2536): at com.tencent.qqlivetv.model.user.UserAccountInfoServer.a(SourceFile:1)
10-30 10:40:33.348 W/System.err( 2536): at w7.b.d(SourceFile:3)
10-30 10:40:33.348 W/System.err( 2536): at vs.a.d(SourceFile:2)
10-30 10:40:33.348 W/System.err( 2536): at com.tencent.qqlivetv.model.record.utils.w0.p0(SourceFile:5)
10-30 10:40:33.348 W/System.err( 2536): at com.tencent.qqlivetv.model.record.utils.w0.a(Unknown Source:0)
10-30 10:40:33.348 W/System.err( 2536): at com.tencent.qqlivetv.model.record.utils.t0.run(Unknown Source:2)
10-30 10:40:33.348 W/System.err( 2536): at qs.k.k(SourceFile:3)
10-30 10:40:33.348 W/System.err( 2536): at qs.k.b(Unknown Source:0)
10-30 10:40:33.348 W/System.err( 2536): at qs.i.a(Unknown Source:10)
10-30 10:40:33.348 W/System.err( 2536): at us.h.g(SourceFile:3)
10-30 10:40:33.348 W/System.err( 2536): at us.h.a(Unknown Source:0)
10-30 10:40:33.348 W/System.err( 2536): at us.g.run(Unknown Source:4)
10-30 10:40:33.348 W/System.err( 2536): at android.os.Handler.handleCallback(Handler.java:958)
10-30 10:40:33.348 W/System.err( 2536): at android.os.Handler.dispatchMessage(Handler.java:99)
10-30 10:40:33.348 W/System.err( 2536): at android.os.Looper.loopOnce(Looper.java:205)
10-30 10:40:33.349 W/System.err( 2536): at android.os.Looper.loop(Looper.java:294)
10-30 10:40:33.349 W/System.err( 2536): at android.os.HandlerThread.run(HandlerThread.java:67)
10-30 10:40:33.349 W/System.err( 2536): org.json.JSONException: No value for play_status
10-30 10:40:33.349 W/System.err( 2536): at org.json.JSONObject.get(JSONObject.java:398)
10-30 10:40:33.349 W/System.err( 2536): at org.json.JSONObject.getJSONObject(JSONObject.java:618)
10-30 10:40:33.349 W/System.err( 2536): at zd.y.a(SourceFile:1)
10-30 10:40:33.349 W/System.err( 2536): at qr.c0.L(SourceFile:1)
10-30 10:40:33.349 W/System.err( 2536): at qr.c0.R(SourceFile:9)
10-30 10:40:33.349 W/System.err( 2536): at qr.c0.l(SourceFile:2)
10-30 10:40:33.349 W/System.err( 2536): at qr.c0.(SourceFile:27)
10-30 10:40:33.349 W/System.err( 2536): at qr.c0.(SourceFile:1)
10-30 10:40:33.349 W/System.err( 2536): at qr.c0$b.(SourceFile:1)
10-30 10:40:33.349 W/System.err( 2536): at qr.c0.h(SourceFile:1)
10-30 10:40:33.349 W/System.err( 2536): at mt.k.n0(SourceFile:10)
10-30 10:40:33.349 W/System.err( 2536): at mt.k.(SourceFile:21)
10-30 10:40:33.349 W/System.err( 2536): at com.tencent.qqlivetv.model.user.UserAccountInfoServer.b(SourceFile:2)
10-30 10:40:33.349 W/System.err( 2536): at com.tencent.qqlivetv.model.user.UserAccountInfoServer.(SourceFile:3)
10-30 10:40:33.349 W/System.err( 2536): at com.tencent.qqlivetv.model.user.UserAccountInfoServer.(SourceFile:1)
10-30 10:40:33.349 W/System.err( 2536): at com.tencent.qqlivetv.model.user.UserAccountInfoServer$c.(SourceFile:1)
10-30 10:40:33.349 W/System.err( 2536): at com.tencent.qqlivetv.model.user.UserAccountInfoServer.a(SourceFile:1)
10-30 10:40:33.349 W/System.err( 2536): at w7.b.d(SourceFile:3)
10-30 10:40:33.349 W/System.err( 2536): at vs.a.d(SourceFile:2)
10-30 10:40:33.349 W/System.err( 2536): at com.tencent.qqlivetv.model.record.utils.w0.p0(SourceFile:5)
10-30 10:40:33.349 W/System.err( 2536): at com.tencent.qqlivetv.model.record.utils.w0.a(Unknown Source:0)
10-30 10:40:33.349 W/System.err( 2536): at com.tencent.qqlivetv.model.record.utils.t0.run(Unknown Source:2)
10-30 10:40:33.349 W/System.err( 2536): at qs.k.k(SourceFile:3)
10-30 10:40:33.349 W/System.err( 2536): at qs.k.b(Unknown Source:0)
10-30 10:40:33.349 W/System.err( 2536): at qs.i.a(Unknown Source:10)
10-30 10:40:33.349 W/System.err( 2536): at us.h.g(SourceFile:3)
10-30 10:40:33.349 W/System.err( 2536): at us.h.a(Unknown Source:0)
10-30 10:40:33.349 W/System.err( 2536): at us.g.run(Unknown Source:4)
10-30 10:40:33.349 W/System.err( 2536): at android.os.Handler.handleCallback(Handler.java:958)
10-30 10:40:33.349 W/System.err( 2536): at android.os.Handler.dispatchMessage(Handler.java:99)
10-30 10:40:33.349 W/System.err( 2536): at android.os.Looper.loopOnce(Looper.java:205)
10-30 10:40:33.349 W/System.err( 2536): at android.os.Looper.loop(Looper.java:294)
10-30 10:40:33.349 W/System.err( 2536): at android.os.HandlerThread.run(HandlerThread.java:67)
10-30 10:40:33.350 W/System.err( 2536): org.json.JSONException: No value for mode_status
10-30 10:40:33.350 W/System.err( 2536): at org.json.JSONObject.get(JSONObject.java:398)
10-30 10:40:33.350 W/System.err( 2536): at org.json.JSONObject.getJSONObject(JSONObject.java:618)
10-30 10:40:33.350 W/System.err( 2536): at zd.y.a(SourceFile:1)
10-30 10:40:33.350 W/System.err( 2536): at qr.c0.M(SourceFile:1)
10-30 10:40:33.350 W/System.err( 2536): at qr.c0.R(SourceFile:12)
10-30 10:40:33.350 W/System.err( 2536): at qr.c0.l(SourceFile:2)
10-30 10:40:33.350 W/System.err( 2536): at qr.c0.(SourceFile:27)
10-30 10:40:33.350 W/System.err( 2536): at qr.c0.(SourceFile:1)
10-30 10:40:33.350 W/System.err( 2536): at qr.c0$b.(SourceFile:1)
10-30 10:40:33.350 W/System.err( 2536): at qr.c0.h(SourceFile:1)
10-30 10:40:33.350 W/System.err( 2536): at mt.k.n0(SourceFile:10)
10-30 10:40:33.350 W/System.err( 2536): at mt.k.(SourceFile:21)
10-30 10:40:33.350 W/System.err( 2536): at com.tencent.qqlivetv.model.user.UserAccountInfoServer.b(SourceFile:2)
10-30 10:40:33.350 W/System.err( 2536): at com.tencent.qqlivetv.model.user.UserAccountInfoServer.(SourceFile:3)
10-30 10:40:33.350 W/System.err( 2536): at com.tencent.qqlivetv.model.user.UserAccountInfoServer.(SourceFile:1)
10-30 10:40:33.350 W/System.err( 2536): at com.tencent.qqlivetv.model.user.UserAccountInfoServer$c.(SourceFile:1)
10-30 10:40:33.350 W/System.err( 2536): at com.tencent.qqlivetv.model.user.UserAccountInfoServer.a(SourceFile:1)
10-30 10:40:33.350 W/System.err( 2536): at w7.b.d(SourceFile:3)
10-30 10:40:33.350 W/System.err( 2536): at vs.a.d(SourceFile:2)
10-30 10:40:33.350 W/System.err( 2536): at com.tencent.qqlivetv.model.record.utils.w0.p0(SourceFile:5)
10-30 10:40:33.350 W/System.err( 2536): at com.tencent.qqlivetv.model.record.utils.w0.a(Unknown Source:0)
10-30 10:40:33.350 W/System.err( 2536): at com.tencent.qqlivetv.model.record.utils.t0.run(Unknown Source:2)
10-30 10:40:33.350 W/System.err( 2536): at qs.k.k(SourceFile:3)
10-30 10:40:33.350 W/System.err( 2536): at qs.k.b(Unknown Source:0)
10-30 10:40:33.350 W/System.err( 2536): at qs.i.a(Unknown Source:10)
10-30 10:40:33.350 W/System.err( 2536): at us.h.g(SourceFile:3)
10-30 10:40:33.350 W/System.err( 2536): at us.h.a(Unknown Source:0)
10-30 10:40:33.350 W/System.err( 2536): at us.g.run(Unknown Source:4)
10-30 10:40:33.350 W/System.err( 2536): at android.os.Handler.handleCallback(Handler.java:958)
10-30 10:40:33.350 W/System.err( 2536): at android.os.Handler.dispatchMessage(Handler.java:99)
10-30 10:40:33.350 W/System.err( 2536): at android.os.Looper.loopOnce(Looper.java:205)
10-30 10:40:33.350 W/System.err( 2536): at android.os.Looper.loop(Looper.java:294)
10-30 10:40:33.350 W/System.err( 2536): at android.os.HandlerThread.run(HandlerThread.java:67)
10-30 10:40:33.350 W/System.err( 2536): org.json.JSONException: No value for account_sync
10-30 10:40:33.351 W/System.err( 2536): at org.json.JSONObject.get(JSONObject.java:398)
10-30 10:40:33.351 W/System.err( 2536): at org.json.JSONObject.getJSONObject(JSONObject.java:618)
10-30 10:40:33.351 W/System.err( 2536): at zd.y.a(SourceFile:1)
10-30 10:40:33.351 W/System.err( 2536): at qr.c0.E(SourceFile:1)
10-30 10:40:33.351 W/System.err( 2536): at qr.c0.R(SourceFile:13)
10-30 10:40:33.351 W/System.err( 2536): at qr.c0.l(SourceFile:2)
10-30 10:40:33.351 W/System.err( 2536): at qr.c0.(SourceFile:27)
10-30 10:40:33.351 W/System.err( 2536): at qr.c0.(SourceFile:1)
10-30 10:40:33.351 W/System.err( 2536): at qr.c0$b.(SourceFile:1)
10-30 10:40:33.351 W/System.err( 2536): at qr.c0.h(SourceFile:1)
10-30 10:40:33.351 W/System.err( 2536): at mt.k.n0(SourceFile:10)
10-30 10:40:33.351 W/System.err( 2536): at mt.k.(SourceFile:21)
10-30 10:40:33.351 W/System.err( 2536): at com.tencent.qqlivetv.model.user.UserAccountInfoServer.b(SourceFile:2)
10-30 10:40:33.351 W/System.err( 2536): at com.tencent.qqlivetv.model.user.UserAccountInfoServer.(SourceFile:3)
10-30 10:40:33.351 W/System.err( 2536): at com.tencent.qqlivetv.model.user.UserAccountInfoServer.(SourceFile:1)
10-30 10:40:33.351 W/System.err( 2536): at com.tencent.qqlivetv.model.user.UserAccountInfoServer$c.(SourceFile:1)
10-30 10:40:33.351 W/System.err( 2536): at com.tencent.qqlivetv.model.user.UserAccountInfoServer.a(SourceFile:1)
10-30 10:40:33.351 W/System.err( 2536): at w7.b.d(SourceFile:3)
10-30 10:40:33.351 W/System.err( 2536): at vs.a.d(SourceFile:2)
10-30 10:40:33.351 W/System.err( 2536): at com.tencent.qqlivetv.model.record.utils.w0.p0(SourceFile:5)
10-30 10:40:33.351 W/System.err( 2536): at com.tencent.qqlivetv.model.record.utils.w0.a(Unknown Source:0)
10-30 10:40:33.351 W/System.err( 2536): at com.tencent.qqlivetv.model.record.utils.t0.run(Unknown Source:2)
10-30 10:40:33.351 W/System.err( 2536): at qs.k.k(SourceFile:3)
10-30 10:40:33.351 W/System.err( 2536): at qs.k.b(Unknown Source:0)
10-30 10:40:33.351 W/System.err( 2536): at qs.i.a(Unknown Source:10)
10-30 10:40:33.351 W/System.err( 2536): at us.h.g(SourceFile:3)
10-30 10:40:33.351 W/System.err( 2536): at us.h.a(Unknown Source:0)
10-30 10:40:33.351 W/System.err( 2536): at us.g.run(Unknown Source:4)
10-30 10:40:33.351 W/System.err( 2536): at android.os.Handler.handleCallback(Handler.java:958)
10-30 10:40:33.351 W/System.err( 2536): at android.os.Handler.dispatchMessage(Handler.java:99)
10-30 10:40:33.351 W/System.err( 2536): at android.os.Looper.loopOnce(Looper.java:205)
10-30 10:40:33.351 W/System.err( 2536): at android.os.Looper.loop(Looper.java:294)
10-30 10:40:33.351 W/System.err( 2536): at android.os.HandlerThread.run(HandlerThread.java:67)
10-30 10:40:33.352 I/hw-BpHwBinder( 705): onLastStrongRef automatically unlinking death recipients
10-30 10:40:33.352 I/hw-BpHwBinder( 607): onLastStrongRef automatically unlinking death recipients
10-30 10:40:33.352 I/hw-BpHwBinder( 607): onLastStrongRef automatically unlinking death recipients
10-30 10:40:33.353 D/MediaCodec( 705): flushMediametrics
10-30 10:40:33.354 W/System.err( 2536): org.json.JSONException: No value for req_limit
10-30 10:40:33.354 W/System.err( 2536): at org.json.JSONObject.get(JSONObject.java:398)
10-30 10:40:33.354 W/System.err( 2536): at org.json.JSONObject.getJSONObject(JSONObject.java:618)
10-30 10:40:33.354 W/System.err( 2536): at zd.y.a(SourceFile:1)
10-30 10:40:33.354 W/System.err( 2536): at qr.c0.N(SourceFile:1)
10-30 10:40:33.354 W/System.err( 2536): at qr.c0.R(SourceFile:14)
10-30 10:40:33.354 W/System.err( 2536): at qr.c0.l(SourceFile:2)
10-30 10:40:33.355 W/System.err( 2536): at qr.c0.(SourceFile:27)
10-30 10:40:33.355 W/System.err( 2536): at qr.c0.(SourceFile:1)
10-30 10:40:33.355 W/System.err( 2536): at qr.c0$b.(SourceFile:1)
10-30 10:40:33.355 W/System.err( 2536): at qr.c0.h(SourceFile:1)
10-30 10:40:33.355 W/System.err( 2536): at mt.k.n0(SourceFile:10)
10-30 10:40:33.355 W/System.err( 2536): at mt.k.(SourceFile:21)
10-30 10:40:33.355 W/System.err( 2536): at com.tencent.qqlivetv.model.user.UserAccountInfoServer.b(SourceFile:2)
10-30 10:40:33.355 W/System.err( 2536): at com.tencent.qqlivetv.model.user.UserAccountInfoServer.(SourceFile:3)
10-30 10:40:33.355 W/System.err( 2536): at com.tencent.qqlivetv.model.user.UserAccountInfoServer.(SourceFile:1)
10-30 10:40:33.355 W/System.err( 2536): at com.tencent.qqlivetv.model.user.UserAccountInfoServer$c.(SourceFile:1)
10-30 10:40:33.355 W/System.err( 2536): at com.tencent.qqlivetv.model.user.UserAccountInfoServer.a(SourceFile:1)
10-30 10:40:33.355 W/System.err( 2536): at w7.b.d(SourceFile:3)
10-30 10:40:33.355 W/System.err( 2536): at vs.a.d(SourceFile:2)
10-30 10:40:33.355 W/System.err( 2536): at com.tencent.qqlivetv.model.record.utils.w0.p0(SourceFile:5)
10-30 10:40:33.355 W/System.err( 2536): at com.tencent.qqlivetv.model.record.utils.w0.a(Unknown Source:0)
10-30 10:40:33.355 W/System.err( 2536): at com.tencent.qqlivetv.model.record.utils.t0.run(Unknown Source:2)
10-30 10:40:33.355 W/System.err( 2536): at qs.k.k(SourceFile:3)
10-30 10:40:33.355 W/System.err( 2536): at qs.k.b(Unknown Source:0)
10-30 10:40:33.355 W/System.err( 2536): at qs.i.a(Unknown Source:10)
10-30 10:40:33.355 W/System.err( 2536): at us.h.g(SourceFile:3)
10-30 10:40:33.355 W/System.err( 2536): at us.h.a(Unknown Source:0)
10-30 10:40:33.355 W/System.err( 2536): at us.g.run(Unknown Source:4)
10-30 10:40:33.355 W/System.err( 2536): at android.os.Handler.handleCallback(Handler.java:958)
10-30 10:40:33.355 W/System.err( 2536): at android.os.Handler.dispatchMessage(Handler.java:99)
10-30 10:40:33.355 W/System.err( 2536): at android.os.Looper.loopOnce(Looper.java:205)
10-30 10:40:33.355 W/System.err( 2536): at android.os.Looper.loop(Looper.java:294)
10-30 10:40:33.355 W/System.err( 2536): at android.os.HandlerThread.run(HandlerThread.java:67)
10-30 10:40:33.357 I/audio_hw_hal_primary( 469): [audiohal_get_latency:1036] io 13: out:0xe4580010 frames:960 rate:48000 whole_latency:20 alsa_latency:20
10-30 10:40:33.358 D/audioserver( 501): logFgsApiEnd: FGS Logger Transaction failed, -129
10-30 10:40:33.371 D/MediaCodecList( 705): codecHandlesFormat: no format, so no extra checks
10-30 10:40:33.373 I/PluginLoader( 2536): loadDexPlugin: pluginName=ultimatefix
10-30 10:40:33.376 D/CCodec ( 705): allocate(c2.android.vorbis.decoder)
10-30 10:40:33.380 I/CCodec ( 705): setting up 'default' as default (vendor) store
10-30 10:40:33.385 I/CCodec ( 705): Created component [c2.android.vorbis.decoder]
10-30 10:40:33.385 D/CCodecConfig( 705): read media type: audio/vorbis
10-30 10:40:33.388 D/ReflectedParamUpdater( 705): extent() != 1 for single value type: algo.buffers.max-count.values
10-30 10:40:33.388 D/ReflectedParamUpdater( 705): extent() != 1 for single value type: output.subscribed-indices.values
10-30 10:40:33.389 D/ReflectedParamUpdater( 705): extent() != 1 for single value type: input.buffers.allocator-ids.values
10-30 10:40:33.389 D/ReflectedParamUpdater( 705): extent() != 1 for single value type: output.buffers.allocator-ids.values
10-30 10:40:33.389 D/ReflectedParamUpdater( 705): extent() != 1 for single value type: algo.buffers.allocator-ids.values
10-30 10:40:33.389 D/ReflectedParamUpdater( 705): extent() != 1 for single value type: output.buffers.pool-ids.values
10-30 10:40:33.389 D/ReflectedParamUpdater( 705): extent() != 1 for single value type: algo.buffers.pool-ids.values
10-30 10:40:33.391 I/PluginItem( 2536): checkAndUpdateDefaultInfo defaultItem = null
10-30 10:40:33.391 I/PluginItem( 2536): checkAndUpdateDefaultInfo defaultItem = null
10-30 10:40:33.392 I/PluginItem( 2536): checkAndUpdateDefaultInfo defaultItem = null
10-30 10:40:33.392 I/CCodecConfig( 705): query failed after returning 7 values (BAD_INDEX)
10-30 10:40:33.392 D/CCodecConfig( 705): c2 config diff is Dict {
10-30 10:40:33.392 D/CCodecConfig( 705): c2::u32 coded.bitrate.value = 64000
10-30 10:40:33.392 D/CCodecConfig( 705): c2::u32 input.buffers.max-size.value = 32768
10-30 10:40:33.392 D/CCodecConfig( 705): c2::u32 input.delay.value = 0
10-30 10:40:33.392 D/CCodecConfig( 705): string input.media-type.value = "audio/vorbis"
10-30 10:40:33.392 D/CCodecConfig( 705): string output.media-type.value = "audio/raw"
10-30 10:40:33.392 D/CCodecConfig( 705): c2::u32 raw.channel-count.value = 1
10-30 10:40:33.392 D/CCodecConfig( 705): c2::u32 raw.sample-rate.value = 48000
10-30 10:40:33.392 D/CCodecConfig( 705): }
10-30 10:40:33.396 I/PluginItem( 2536): checkAndUpdateDefaultInfo defaultItem = null
10-30 10:40:33.397 D/MediaCodec( 705): flushMediametrics
10-30 10:40:33.397 I/PluginItem( 2536): checkAndUpdateDefaultInfo defaultItem = null
10-30 10:40:33.397 D/CCodec ( 705): [c2.android.vorbis.decoder] buffers are bound to CCodec for this session
10-30 10:40:33.397 D/CCodecConfig( 705): no c2 equivalents for durationUs
10-30 10:40:33.397 D/CCodecConfig( 705): no c2 equivalents for track-id
10-30 10:40:33.397 D/CCodecConfig( 705): no c2 equivalents for csd-1
10-30 10:40:33.397 D/CCodecConfig( 705): no c2 equivalents for flags
10-30 10:40:33.397 I/PluginItem( 2536): checkAndUpdateDefaultInfo defaultItem = null
10-30 10:40:33.398 D/CCodecConfig( 705): c2 config diff is c2::u32 coded.bitrate.value = 112000
10-30 10:40:33.398 D/CCodecConfig( 705): c2::u32 raw.channel-count.value = 2
10-30 10:40:33.398 D/CCodecConfig( 705): c2::u32 raw.sample-rate.value = 44100
10-30 10:40:33.399 I/NewPluginUpgradeHelper( 2536): helperInit succeed on /data/user/0/com.ktcp.video/files
10-30 10:40:33.399 I/PluginLoader( 2536): recordLoadPlugin pluginName=ultimatefix isSuccess=false
10-30 10:40:33.399 W/Codec2Client( 705): query -- param skipped: index = 1107298332.
10-30 10:40:33.399 D/CCodec ( 705): encoding statistics level = 0
10-30 10:40:33.399 D/CCodec ( 705): setup formats input: AMessage(what = 0x00000000) = {
10-30 10:40:33.399 D/CCodec ( 705): int32_t bitrate = 112000
10-30 10:40:33.399 D/CCodec ( 705): int32_t channel-count = 2
10-30 10:40:33.399 D/CCodec ( 705): int32_t max-input-size = 32768
10-30 10:40:33.399 D/CCodec ( 705): string mime = "audio/vorbis"
10-30 10:40:33.399 D/CCodec ( 705): int32_t sample-rate = 44100
10-30 10:40:33.399 D/CCodec ( 705): }
10-30 10:40:33.399 D/CCodec ( 705): setup formats output: AMessage(what = 0x00000000) = {
10-30 10:40:33.399 D/CCodec ( 705): int32_t channel-count = 2
10-30 10:40:33.399 D/CCodec ( 705): string mime = "audio/raw"
10-30 10:40:33.399 D/CCodec ( 705): int32_t sample-rate = 44100
10-30 10:40:33.399 D/CCodec ( 705): int32_t channel-mask = 3
10-30 10:40:33.399 D/CCodec ( 705): int32_t android._config-pcm-encoding = 2
10-30 10:40:33.399 D/CCodec ( 705): }
10-30 10:40:33.399 I/CCodecConfig( 705): query failed after returning 7 values (BAD_INDEX)
10-30 10:40:33.400 W/Codec2Client( 705): query -- param skipped: index = 1342179345.
10-30 10:40:33.400 W/Codec2Client( 705): query -- param skipped: index = 2415921170.
10-30 10:40:33.402 D/CCodecBufferChannel( 705): [c2.android.vorbis.decoder#967] Created input block pool with allocatorID 16 => poolID 25 - OK (0)
10-30 10:40:33.403 I/CCodecBufferChannel( 705): [c2.android.vorbis.decoder#967] Created output block pool with allocatorID 16 => poolID 25 - OK
10-30 10:40:33.404 D/CCodecBufferChannel( 705): [c2.android.vorbis.decoder#967] Configured output block pool ids 25 => OK
10-30 10:40:33.404 I/C2VendorComponentStore( 478): setDmaBufUsage 5
10-30 10:40:33.406 D/SimpleC2Component( 607): Using output block pool with poolID 25 => got 25 - 0
10-30 10:40:33.415 D/TvNotificationHandler( 985): Notification added
10-30 10:40:33.421 I/C2VendorComponentStore( 478): setDmaBufUsage 5
10-30 10:40:33.498 D/CCodecBufferChannel( 705): [c2.android.vorbis.decoder#967] MediaCodec discarded an unknown buffer
10-30 10:40:33.498 D/CCodecBufferChannel( 705): [c2.android.vorbis.decoder#967] MediaCodec discarded an unknown buffer
10-30 10:40:33.498 D/CCodecBufferChannel( 705): [c2.android.vorbis.decoder#967] MediaCodec discarded an unknown buffer
10-30 10:40:33.501 I/hw-BpHwBinder( 705): onLastStrongRef automatically unlinking death recipients
10-30 10:40:33.501 I/hw-BpHwBinder( 607): onLastStrongRef automatically unlinking death recipients
10-30 10:40:33.501 I/hw-BpHwBinder( 607): onLastStrongRef automatically unlinking death recipients
10-30 10:40:33.502 D/MediaCodec( 705): flushMediametrics
10-30 10:40:33.503 I/FileLockLib( 2536): [2536]file 99 unlocked. fl.pid=0
10-30 10:40:33.554 D/TrafficStats( 2536): tagSocket(132) with statsTag=0x48a1b223, statsUid=-1
10-30 10:40:33.592 D/TrafficStats( 1486): tagSocket(5) with statsTag=0xffffffff, statsUid=-1
10-30 10:40:33.612 D/TrafficStats( 1486): tagSocket(125) with statsTag=0xffffffff, statsUid=-1
10-30 10:40:33.613 I/FileLockLib( 2536): [2536]file 99 unlocked. fl.pid=0
10-30 10:40:33.615 I/FileLockLib( 2536): [2536]file 99 unlocked. fl.pid=0
10-30 10:40:33.630 D/TrafficStats( 2536): tagSocket(135) with statsTag=0xffffffff, statsUid=-1
10-30 10:40:33.702 W/WindowOnBackDispatcher( 1486): OnBackInvokedCallback is not enabled for the application.
10-30 10:40:33.702 W/WindowOnBackDispatcher( 1486): Set 'android:enableOnBackInvokedCallback="true"' in the application manifest.
10-30 10:40:33.728 W/AD-ImmediateThr( 2536): type=1400 audit(0.0:1100): avc: granted { execute } for path="/data/user/0/com.ktcp.video/files/tad_cache/mosaic_so/libquickjs-android/194c6dae8788080d2451ee572660da3f.so" dev="dm-58" ino=28008 scontext=u:r:untrusted_app_25:s0:c512,c768 tcontext=u:object_r:app_data_file:s0:c512,c768 tclass=file app=com.ktcp.video
10-30 10:40:33.775 I/TvQQVideoNative( 2536): TvQQVideoNative RegisterNative RegisterNativeMethods_QQlivetvurls_All begin
10-30 10:40:33.775 I/TvQQVideoNative( 2536): TvQQVideoNative RegisterNative RegisterNativeMethods_QQlivetvurls_All end!
10-30 10:40:33.792 I/FileLockLib( 2536): [2536]file 99 unlocked. fl.pid=0
10-30 10:40:33.796 I/rainbow_flow( 2350): type=1400 audit(0.0:1101): avc: denied { ioctl } for path="/dev/spidev1.0" dev="tmpfs" ino=533 ioctlcmd=0x6b00 scontext=u:r:init:s0 tcontext=u:object_r:device:s0 tclass=chr_file permissive=1
10-30 10:40:33.806 I/FileLockLib( 2536): [2536]file 99 unlocked. fl.pid=0
10-30 10:40:33.807 I/FileLockLib( 2536): [2536]file 99 unlocked. fl.pid=0
10-30 10:40:33.809 I/com.ktcp.video( 2536): Thread[1,tid=2536,Native,Thread*=0xeaa04610,peer=0x72d51058,"main"] recursive attempt to load library "/data/app/~~sk4uWtgvTFQzsCs-GOu9iA==/com.ktcp.video-bidA6yo3kCLSfWvJonh1pQ==/lib/arm/libglide-native.so"
10-30 10:40:33.827 D/TrafficStats( 1486): tagSocket(114) with statsTag=0xffffffff, statsUid=-1
10-30 10:40:33.827 D/TrafficStats( 1486): tagSocket(5) with statsTag=0xffffffff, statsUid=-1
10-30 10:40:33.830 D/TrafficStats( 1486): tagSocket(153) with statsTag=0xffffffff, statsUid=-1
10-30 10:40:33.832 D/TrafficStats( 1486): tagSocket(120) with statsTag=0xffffffff, statsUid=-1
10-30 10:40:33.840 D/CompatibilityChangeReporter( 705): Compat change id reported: 261072174; UID 10089; state: DISABLED
10-30 10:40:33.845 D/CompatibilityChangeReporter( 705): Compat change id reported: 135634846; UID 10043; state: DISABLED
10-30 10:40:33.846 D/CompatibilityChangeReporter( 705): Compat change id reported: 143937733; UID 10043; state: DISABLED
10-30 10:40:33.848 I/BLEAudioDrive_HV412( 469): fd:26 data len: 9 1
10-30 10:40:33.856 W/AudioFlinger( 501): createTrack_l(): mismatch between requested flags (00000004) and output flags (00000002)
10-30 10:40:33.860 W/Looper ( 2536): Slow dispatch took 7222ms main h=android.app.ActivityThread$H c=null m=110
10-30 10:40:33.861 W/Looper ( 2536): Slow delivery took 6799ms main h=android.os.Handler c=com.ave.rogers.vplugin.b$b@7e601b2 m=0
10-30 10:40:33.862 I/audio_hw_hal_primary( 469): [audiohal_get_latency:1036] io 13: out:0xe4580010 frames:960 rate:48000 whole_latency:20 alsa_latency:20
10-30 10:40:33.871 I/WifiHAL ( 493): call wifi_get_link_stats handler
10-30 10:40:33.871 I/WifiHAL ( 493): Creating message to get link statistics; iface = 16
10-30 10:40:33.871 D/WifiHAL ( 493): error code -95 mapped to -3
10-30 10:40:33.873 E/WifiStaIfaceAidlImpl( 705): getLinkLayerStats failed with service-specific exception: android.os.ServiceSpecificException: (code 4)
10-30 10:40:33.879 I/BLEAudioDrive_HV412( 469): fd:26 data len: 9 1
10-30 10:40:33.892 I/xm_hidread( 1758): type=1400 audit(0.0:1102): avc: denied { read } for scontext=u:r:init:s0 tcontext=u:r:init:s0 tclass=netlink_kobject_uevent_socket permissive=1
10-30 10:40:33.889 I/audio_hw_device_patchmgr( 469): [register_audio_patch:728] Patch 3:id:3 mix(io:13)->dev_0[OUT_HDMI(id:25)] found, register the same patch, do nothing.
10-30 10:40:33.889 I/audio_hw_device_patchmgr( 469): [patch_mgr_create_patch:871] Patch 3: MIX->DEVICE, num_src:1 num_sink:1 patch_src:INVAL
10-30 10:40:33.889 I/audio_hw_device_patchmgr( 469): [patch_mgr_create_patch:875] sink[0]: OUT_HDMI(id:25)
10-30 10:40:33.889 I/audio_hw_device_patchmgr( 469): [patch_mgr_create_patch:909] Patch 3: mix(io:13) -> dev[OUT_HDMI(id:25)]
10-30 10:40:33.889 I/audio_hw_hal_primary( 469): [adev_create_audio_patch:7558] dev=0xe46c0010 cur_out_device=0x400
10-30 10:40:33.890 D/UEventObserver( 997): change@/devices/platform/auge_sound/sound/card0/controlC0ACTION=changeDEVPATH=/devices/platform/auge_sound/sound/card0/controlC0SUBSYSTEM=soundAUDIO_FORMAT=0MAJOR=116MINOR=13DEVNAME=snd/controlC0SEQNUM=3588
10-30 10:40:33.898 D/ShowHdrAudioLogoService( 997): receive broadcast, audio format:0
10-30 10:40:33.898 D/audioserver( 501): logFgsApiBegin: FGS Logger Transaction failed, -129
10-30 10:40:33.899 I/audio_hw_hal_primary( 469): out_update_source_metadata_v7() line 1743 usage:1 content_type:2
10-30 10:40:33.900 I/SogouIME( 1940): onKeyDown: keyoCode=19
10-30 10:40:33.900 I/DefaultIMS( 1940): onKeyDown: keyoCode=19
10-30 10:40:33.901 D/ShowHdrAudioLogoService( 997): clearContent
10-30 10:40:33.917 I/SogouIME( 1940): onKeyUp: keyoCode=19
10-30 10:40:33.917 I/DefaultIMS( 1940): onKeyUp: keyoCode=19
10-30 10:40:33.924 D/Zygote ( 457): Forked child process 2717
10-30 10:40:33.926 W/ActivityManager( 705): Slow operation: 82ms so far, now at startProcess: returned from zygote!
10-30 10:40:33.927 W/ActivityManager( 705): Slow operation: 82ms so far, now at startProcess: done updating battery stats
10-30 10:40:33.927 W/ActivityManager( 705): Slow operation: 83ms so far, now at startProcess: building log message
10-30 10:40:33.927 I/ActivityManager( 705): Start proc 2717:com.dangbei.screencast/u0a43 for broadcast {com.dangbei.screencast/com.dangbei.screencast.startup.BootReceiver}
10-30 10:40:33.927 W/ActivityManager( 705): Slow operation: 83ms so far, now at startProcess: starting to update pids map
10-30 10:40:33.927 W/ActivityManager( 705): Slow operation: 83ms so far, now at startProcess: done updating pids map
10-30 10:40:33.937 I/audio_hw_hal_alsamgr( 469): alsa format =0x1 delay frames =960 total frames=1437248
10-30 10:40:33.944 I/Zygote ( 2717): seccomp disabled by setenforce 0
10-30 10:40:33.948 I/UsbFfs-monitor( 1395): type=1400 audit(0.0:1103): avc: denied { use } for path="anon_inode:[eventfd]" dev="anon_inodefs" ino=10206 scontext=u:r:su:s0 tcontext=u:r:adbd:s0 tclass=fd permissive=1
10-30 10:40:33.952 I/adbd ( 1395): type=1400 audit(0.0:1104): avc: denied { write } for path="socket:[34432]" dev="sockfs" ino=34432 scontext=u:r:su:s0 tcontext=u:r:adbd:s0 tclass=unix_stream_socket permissive=1
10-30 10:40:33.952 I/adbd ( 1395): type=1400 audit(0.0:1105): avc: denied { read } for path="socket:[34433]" dev="sockfs" ino=34433 scontext=u:r:su:s0 tcontext=u:r:adbd:s0 tclass=unix_stream_socket permissive=1
10-30 10:40:33.952 I/gbei.screencast( 2717): Using CollectorTypeCC GC.
10-30 10:40:33.962 E/gbei.screencast( 2717): Not starting debugger since process cannot load the jdwp agent.
10-30 10:40:33.966 I/BLEAudioDrive_HV412( 469): fd:26 data len: 9 1
10-30 10:40:33.973 W/AudioFlinger( 501): createTrack_l(): mismatch between requested flags (00000004) and output flags (00000002)
10-30 10:40:33.982 I/audio_hw_hal_primary( 469): [audiohal_get_latency:1036] io 13: out:0xe4580010 frames:1088 rate:48000 whole_latency:22 alsa_latency:22
10-30 10:40:33.985 D/audioserver( 501): logFgsApiBegin: FGS Logger Transaction failed, -129
10-30 10:40:33.986 D/audio_hw_hal_stream( 469): update_audio_hal_info() audio hal format change to 1, atmos flag = 0, is_dolby_atmos = 0, dts_hp_x = 0, update_type = 0 is_dolby_atmos_off = 1 virtual_bass_enable 0
10-30 10:40:33.986 D/audio_hw_hal_stream( 469): update_audio_hal_info() cur_out_devices 0x400, dap_bypass_enable = 0, is_ms12_tuning_dat = 0, dolby_ms12_enable = 1, output_config = 0xc
10-30 10:40:33.986 I/SogouIME( 1940): onKeyDown: keyoCode=19
10-30 10:40:33.987 I/DefaultIMS( 1940): onKeyDown: keyoCode=19
10-30 10:40:33.987 I/audio_hw_hal_primary( 469): out_update_source_metadata_v7() line 1743 usage:1 content_type:2
10-30 10:40:33.990 D/UEventObserver( 997): change@/devices/platform/auge_sound/sound/card0/controlC0ACTION=changeDEVPATH=/devices/platform/auge_sound/sound/card0/controlC0SUBSYSTEM=soundAUDIO_FORMAT=0MAJOR=116MINOR=13DEVNAME=snd/controlC0SEQNUM=3589
10-30 10:40:33.998 I/FileLockLib( 2536): [2536]file 99 unlocked. fl.pid=0
10-30 10:40:34.001 D/ShowHdrAudioLogoService( 997): receive broadcast, audio format:0
10-30 10:40:34.002 D/ShowHdrAudioLogoService( 997): clearContent
10-30 10:40:34.007 D/CompatibilityChangeReporter( 705): Compat change id reported: 168419799; UID 10043; state: DISABLED
10-30 10:40:34.008 D/CompatibilityChangeReporter( 705): Compat change id reported: 273564678; UID 10043; state: DISABLED
10-30 10:40:34.015 D/CompatibilityChangeReporter( 705): Compat change id reported: 265195908; UID 10043; state: ENABLED
10-30 10:40:34.041 D/CompatibilityChangeReporter( 2717): Compat change id reported: 171979766; UID 10043; state: DISABLED
10-30 10:40:34.042 D/CompatibilityChangeReporter( 2717): Compat change id reported: 242716250; UID 10043; state: DISABLED
10-30 10:40:34.048 D/CompatibilityChangeReporter( 705): Compat change id reported: 170503758; UID 10043; state: DISABLED
10-30 10:40:34.052 D/ApplicationLoaders( 2717): Returning zygote-cached class loader: /system/framework/android.test.base.jar
10-30 10:40:34.053 D/ApplicationLoaders( 2717): Returning zygote-cached class loader: /system/framework/android.hidl.manager-V1.0-java.jar
10-30 10:40:34.053 D/ApplicationLoaders( 2717): Returning zygote-cached class loader: /system/framework/android.hidl.base-V1.0-java.jar
10-30 10:40:34.059 I/FileLockLib( 2536): [2536]file 99 unlocked. fl.pid=0
10-30 10:40:34.065 I/FileLockLib( 2536): [2536]file 99 unlocked. fl.pid=0
10-30 10:40:34.066 I/FileLockLib( 2536): [2536]file 99 unlocked. fl.pid=0
10-30 10:40:34.071 I/BootReceiver( 2536): onReceive, action=android.intent.action.BOOT_COMPLETED
10-30 10:40:34.073 I/DaemonService( 2536): start GuardService
10-30 10:40:34.083 D/CompatibilityChangeReporter( 705): Compat change id reported: 135634846; UID 10089; state: DISABLED
10-30 10:40:34.083 I/audio_hw_hal_primary( 469): [audiohal_get_latency:1036] io 13: out:0xe4580010 frames:1088 rate:48000 whole_latency:22 alsa_latency:22
10-30 10:40:34.084 D/CompatibilityChangeReporter( 705): Compat change id reported: 143937733; UID 10089; state: DISABLED
10-30 10:40:34.098 W/Looper ( 2536): Drained
10-30 10:40:34.101 I/BroadcastQueue( 705): BOOT_COMPLETED_BROADCAST_COMPLETION_LATENCY_REPORTED action:android.intent.action.BOOT_COMPLETED dispatchLatency:-26026 completeLatency:16371 dispatchRealLatency:-26026 completeRealLatency:16371 receiversSize:44 userId:0 userType:android.os.usertype.full.SYSTEM
10-30 10:40:34.102 I/audio_hw_hal_primary( 469): [audiohal_get_latency:1036] io 13: out:0xe4580010 frames:960 rate:48000 whole_latency:20 alsa_latency:20
10-30 10:40:34.102 I/ActivityManager( 705): Finished processing BOOT_COMPLETED for u0
10-30 10:40:34.121 I/audio_hw_hal_primary( 469): [audiohal_get_latency:1036] io 13: out:0xe4580010 frames:1088 rate:48000 whole_latency:22 alsa_latency:22
10-30 10:40:34.127 I/BLEAudioDrive_HV412( 469): fd:26 data len: 9 1
10-30 10:40:34.132 D/nativeloader( 2717): Configuring clns-shared-4 for other apk /system/app/dangbei-screencast/dangbei-screencast.apk. target_sdk_version=28, uses_libraries=, library_path=/system/app/dangbei-screencast/lib/arm:/system/app/dangbei-screencast/dangbei-screencast.apk!/lib/armeabi-v7a:/system/lib:/system_ext/lib, permitted_path=/data:/mnt/expand:/data/user/0/com.dangbei.screencast:/system/app/dangbei-screencast:/system/lib:/system_ext/lib
10-30 10:40:34.133 W/Settings( 2536): Setting airplane_mode_on has moved from android.provider.Settings.System to android.provider.Settings.Global, returning read-only value.
10-30 10:40:34.141 I/audio_hw_hal_primary( 469): [audiohal_get_latency:1036] io 13: out:0xe4580010 frames:1216 rate:48000 whole_latency:25 alsa_latency:25
10-30 10:40:34.142 I/SogouIME( 1940): onKeyUp: keyoCode=19
10-30 10:40:34.142 I/DefaultIMS( 1940): onKeyUp: keyoCode=19
10-30 10:40:34.143 D/Zygote ( 457): Forked child process 2743
10-30 10:40:34.144 W/ActivityManager( 705): Slow operation: 64ms so far, now at startProcess: returned from zygote!
10-30 10:40:34.144 W/ActivityManager( 705): Slow operation: 64ms so far, now at startProcess: done updating battery stats
10-30 10:40:34.144 W/ActivityManager( 705): Slow operation: 64ms so far, now at startProcess: building log message
10-30 10:40:34.144 I/ActivityManager( 705): Start proc 2743:com.ktcp.video:daemon/u0a89 for service {com.ktcp.video/com.tencent.qqlivetv.keeplive.proc.DaemonService}
10-30 10:40:34.144 W/ActivityManager( 705): Slow operation: 64ms so far, now at startProcess: starting to update pids map
10-30 10:40:34.144 W/ActivityManager( 705): Slow operation: 64ms so far, now at startProcess: done updating pids map
10-30 10:40:34.153 I/FileLockLib( 2536): [2536]file 99 unlocked. fl.pid=0
10-30 10:40:34.155 I/Zygote ( 2743): seccomp disabled by setenforce 0
10-30 10:40:34.163 I/audio_hw_hal_primary( 469): [audiohal_get_latency:1036] io 13: out:0xe4580010 frames:1088 rate:48000 whole_latency:22 alsa_latency:22
10-30 10:40:34.166 I/cp.video:daemon( 2743): Using CollectorTypeCC GC.
10-30 10:40:34.174 E/cp.video:daemon( 2743): Not starting debugger since process cannot load the jdwp agent.
10-30 10:40:34.181 I/audio_hw_hal_primary( 469): [audiohal_get_latency:1036] io 13: out:0xe4580010 frames:960 rate:48000 whole_latency:20 alsa_latency:20
10-30 10:40:34.181 I/audio_hw_hal_primary( 469): [audiohal_get_latency:1036] io 13: out:0xe4580010 frames:960 rate:48000 whole_latency:20 alsa_latency:20
10-30 10:40:34.194 D/CompatibilityChangeReporter( 705): Compat change id reported: 168419799; UID 10089; state: DISABLED
10-30 10:40:34.194 D/CompatibilityChangeReporter( 705): Compat change id reported: 273564678; UID 10089; state: DISABLED
10-30 10:40:34.196 I/audio_hw_hal_primary( 469): [audiohal_get_latency:1036] io 13: out:0xe4580010 frames:1088 rate:48000 whole_latency:22 alsa_latency:22
10-30 10:40:34.198 I/audio_hw_hal_primary( 469): [audiohal_get_latency:1036] io 13: out:0xe4580010 frames:1216 rate:48000 whole_latency:25 alsa_latency:25
10-30 10:40:34.200 V/GraphicsEnvironment( 2717): Currently set values for:
10-30 10:40:34.200 V/GraphicsEnvironment( 2717): angle_gl_driver_selection_pkgs=[]
10-30 10:40:34.200 V/GraphicsEnvironment( 2717): angle_gl_driver_selection_values=[]
10-30 10:40:34.201 V/GraphicsEnvironment( 2717): ANGLE GameManagerService for com.dangbei.screencast: false
10-30 10:40:34.201 V/GraphicsEnvironment( 2717): com.dangbei.screencast is not listed in per-application setting
10-30 10:40:34.201 V/GraphicsEnvironment( 2717): Neither updatable production driver nor prerelease driver is supported.
10-30 10:40:34.208 I/audio_hw_hal_primary( 469): [audiohal_get_latency:1036] io 13: out:0xe4580010 frames:960 rate:48000 whole_latency:20 alsa_latency:20
10-30 10:40:34.208 I/audio_hw_hal_primary( 469): [audiohal_get_latency:1036] io 13: out:0xe4580010 frames:960 rate:48000 whole_latency:20 alsa_latency:20
10-30 10:40:34.217 D/CompatibilityChangeReporter( 2743): Compat change id reported: 171979766; UID 10089; state: DISABLED
10-30 10:40:34.218 D/CompatibilityChangeReporter( 2743): Compat change id reported: 242716250; UID 10089; state: DISABLED
10-30 10:40:34.220 I/audio_hw_hal_primary( 469): [audiohal_get_latency:1036] io 13: out:0xe4580010 frames:1216 rate:48000 whole_latency:25 alsa_latency:25
10-30 10:40:34.220 I/audio_hw_hal_primary( 469): [audiohal_get_latency:1036] io 13: out:0xe4580010 frames:1216 rate:48000 whole_latency:25 alsa_latency:25
10-30 10:40:34.222 D/CompatibilityChangeReporter( 705): Compat change id reported: 170503758; UID 10089; state: DISABLED
10-30 10:40:34.225 D/ApplicationLoaders( 2743): Returning zygote-cached class loader: /system/framework/android.test.base.jar
10-30 10:40:34.226 I/audio_hw_hal_primary( 469): [audiohal_get_latency:1036] io 13: out:0xe4580010 frames:1216 rate:48000 whole_latency:25 alsa_latency:25
10-30 10:40:34.226 I/audio_hw_hal_primary( 469): [audiohal_get_latency:1036] io 13: out:0xe4580010 frames:1216 rate:48000 whole_latency:25 alsa_latency:25
10-30 10:40:34.234 D/nativeloader( 2743): Configuring clns-4 for other apk /system/framework/org.apache.http.legacy.jar. target_sdk_version=23, uses_libraries=ALL, library_path=/data/app/~~sk4uWtgvTFQzsCs-GOu9iA==/com.ktcp.video-bidA6yo3kCLSfWvJonh1pQ==/lib/arm:/system/fake-libs:/data/app/~~sk4uWtgvTFQzsCs-GOu9iA==/com.ktcp.video-bidA6yo3kCLSfWvJonh1pQ==/base.apk!/lib/armeabi, permitted_path=/data:/mnt/expand:/data/user/0/com.ktcp.video
10-30 10:40:34.237 I/audio_hw_hal_primary( 469): [audiohal_get_latency:1036] io 13: out:0xe4580010 frames:1216 rate:48000 whole_latency:25 alsa_latency:25
10-30 10:40:34.237 I/audio_hw_hal_primary( 469): [audiohal_get_latency:1036] io 13: out:0xe4580010 frames:1216 rate:48000 whole_latency:25 alsa_latency:25
10-30 10:40:34.243 I/audio_hw_hal_primary( 469): [audiohal_get_latency:1036] io 13: out:0xe4580010 frames:1088 rate:48000 whole_latency:22 alsa_latency:22
10-30 10:40:34.243 I/audio_hw_hal_primary( 469): [audiohal_get_latency:1036] io 13: out:0xe4580010 frames:1088 rate:48000 whole_latency:22 alsa_latency:22
10-30 10:40:34.254 I/audio_hw_hal_primary( 469): [audiohal_get_latency:1036] io 13: out:0xe4580010 frames:1088 rate:48000 whole_latency:22 alsa_latency:22
10-30 10:40:34.254 I/audio_hw_hal_primary( 469): [audiohal_get_latency:1036] io 13: out:0xe4580010 frames:1088 rate:48000 whole_latency:22 alsa_latency:22
10-30 10:40:34.256 I/MultiDex( 2717): VM with version 2.1.0 has multidex support
10-30 10:40:34.257 I/MultiDex( 2717): Installing application
10-30 10:40:34.257 I/MultiDex( 2717): VM has multidex support, MultiDex support library is disabled.
10-30 10:40:34.263 I/audio_hw_hal_primary( 469): [audiohal_get_latency:1036] io 13: out:0xe4580010 frames:1216 rate:48000 whole_latency:25 alsa_latency:25
10-30 10:40:34.263 I/audio_hw_hal_primary( 469): [audiohal_get_latency:1036] io 13: out:0xe4580010 frames:1216 rate:48000 whole_latency:25 alsa_latency:25
10-30 10:40:34.274 I/audio_hw_hal_primary( 469): [audiohal_get_latency:1036] io 13: out:0xe4580010 frames:1216 rate:48000 whole_latency:25 alsa_latency:25
10-30 10:40:34.274 I/audio_hw_hal_primary( 469): [audiohal_get_latency:1036] io 13: out:0xe4580010 frames:1216 rate:48000 whole_latency:25 alsa_latency:25
10-30 10:40:34.275 D/audioserver( 501): logFgsApiEnd: FGS Logger Transaction failed, -129
10-30 10:40:34.277 I/audio_hw_hal_primary( 469): out_update_source_metadata_v7() line 1743 usage:1 content_type:2
10-30 10:40:34.283 D/nativeloader( 2743): Configuring clns-5 for other apk /data/app/~~sk4uWtgvTFQzsCs-GOu9iA==/com.ktcp.video-bidA6yo3kCLSfWvJonh1pQ==/base.apk. target_sdk_version=23, uses_libraries=, library_path=/data/app/~~sk4uWtgvTFQzsCs-GOu9iA==/com.ktcp.video-bidA6yo3kCLSfWvJonh1pQ==/lib/arm:/system/fake-libs:/data/app/~~sk4uWtgvTFQzsCs-GOu9iA==/com.ktcp.video-bidA6yo3kCLSfWvJonh1pQ==/base.apk!/lib/armeabi, permitted_path=/data:/mnt/expand:/data/user/0/com.ktcp.video
10-30 10:40:34.283 I/audio_hw_hal_primary( 469): [audiohal_get_latency:1036] io 13: out:0xe4580010 frames:960 rate:48000 whole_latency:20 alsa_latency:20
10-30 10:40:34.283 E/PartsInfoProvider( 2717): onCreate:
10-30 10:40:34.286 W/ActivityManager( 705): Background start not allowed: service Intent { act=com.dangbei.screencast.STARTUP pkg=com.dangbei.screencast } to com.dangbei.screencast/.startup.StartupService from pid=2717 uid=10043 pkg=com.dangbei.screencast startFg?=false
10-30 10:40:34.292 W/System.err( 2717): android.app.BackgroundServiceStartNotAllowedException: Not allowed to start service Intent { act=com.dangbei.screencast.STARTUP pkg=com.dangbei.screencast }: app is in background uid UidRecord{eb63f6b u0a43 CEM idle change:idle|cached|procstate procs:0 seq(465,465)} caps=------
10-30 10:40:34.292 W/System.err( 2717): at android.app.ContextImpl.startServiceCommon(ContextImpl.java:1945)
10-30 10:40:34.293 W/System.err( 2717): at android.app.ContextImpl.startService(ContextImpl.java:1900)
10-30 10:40:34.293 W/System.err( 2717): at android.content.ContextWrapper.startService(ContextWrapper.java:825)
10-30 10:40:34.293 W/System.err( 2717): at b.f.f.h.g.k.a(Unknown Source:20)
10-30 10:40:34.293 W/System.err( 2717): at com.dangbei.screencast.provider.PartsInfoProvider.onCreate(:2)
10-30 10:40:34.293 W/System.err( 2717): at android.content.ContentProvider.attachInfo(ContentProvider.java:2619)
10-30 10:40:34.293 W/System.err( 2717): at android.content.ContentProvider.attachInfo(ContentProvider.java:2589)
10-30 10:40:34.293 W/System.err( 2717): at android.app.ActivityThread.installProvider(ActivityThread.java:7840)
10-30 10:40:34.293 W/System.err( 2717): at android.app.ActivityThread.installContentProviders(ActivityThread.java:7351)
10-30 10:40:34.293 W/System.err( 2717): at android.app.ActivityThread.handleBindApplication(ActivityThread.java:7046)
10-30 10:40:34.293 W/System.err( 2717): at android.app.ActivityThread.-$$Nest$mhandleBindApplication(Unknown Source:0)
10-30 10:40:34.293 W/System.err( 2717): at android.app.ActivityThread$H.handleMessage(ActivityThread.java:2265)
10-30 10:40:34.293 W/System.err( 2717): at android.os.Handler.dispatchMessage(Handler.java:106)
10-30 10:40:34.293 W/System.err( 2717): at android.os.Looper.loopOnce(Looper.java:205)
10-30 10:40:34.293 W/System.err( 2717): at android.os.Looper.loop(Looper.java:294)
10-30 10:40:34.293 W/System.err( 2717): at android.app.ActivityThread.main(ActivityThread.java:8255)
10-30 10:40:34.293 W/System.err( 2717): at java.lang.reflect.Method.invoke(Native Method)
10-30 10:40:34.293 W/System.err( 2717): at com.android.internal.os.RuntimeInit$MethodAndArgsCaller.run(RuntimeInit.java:552)
10-30 10:40:34.293 W/System.err( 2717): at com.android.internal.os.ZygoteInit.main(ZygoteInit.java:978)
10-30 10:40:34.294 I/audio_hw_hal_primary( 469): [audiohal_get_latency:1036] io 13: out:0xe4580010 frames:1216 rate:48000 whole_latency:25 alsa_latency:25
10-30 10:40:34.298 W/ActivityManager( 705): Background start not allowed: service Intent { act=com.dangbei.screencast.STARTUP pkg=com.dangbei.screencast } to com.dangbei.screencast/.startup.StartupService from pid=2717 uid=10043 pkg=com.dangbei.screencast startFg?=false
10-30 10:40:34.299 W/System.err( 2717): android.app.BackgroundServiceStartNotAllowedException: Not allowed to start service Intent { act=com.dangbei.screencast.STARTUP pkg=com.dangbei.screencast }: app is in background uid UidRecord{eb63f6b u0a43 CEM idle change:idle|cached|procstate procs:0 seq(465,465)} caps=------
10-30 10:40:34.299 W/System.err( 2717): at android.app.ContextImpl.startServiceCommon(ContextImpl.java:1945)
10-30 10:40:34.299 W/System.err( 2717): at android.app.ContextImpl.startService(ContextImpl.java:1900)
10-30 10:40:34.299 W/System.err( 2717): at android.content.ContextWrapper.startService(ContextWrapper.java:825)
10-30 10:40:34.299 W/System.err( 2717): at b.f.f.h.g.k.a(Unknown Source:20)
10-30 10:40:34.299 W/System.err( 2717): at com.dangbei.screencast.common.utils.remotepreferences.ScreenCastPreferenceProvider.onCreate(Unknown Source:11)
10-30 10:40:34.299 W/System.err( 2717): at android.content.ContentProvider.attachInfo(ContentProvider.java:2619)
10-30 10:40:34.299 W/System.err( 2717): at android.content.ContentProvider.attachInfo(ContentProvider.java:2589)
10-30 10:40:34.299 W/System.err( 2717): at android.app.ActivityThread.installProvider(ActivityThread.java:7840)
10-30 10:40:34.299 W/System.err( 2717): at android.app.ActivityThread.installContentProviders(ActivityThread.java:7351)
10-30 10:40:34.299 W/System.err( 2717): at android.app.ActivityThread.handleBindApplication(ActivityThread.java:7046)
10-30 10:40:34.299 W/System.err( 2717): at android.app.ActivityThread.-$$Nest$mhandleBindApplication(Unknown Source:0)
10-30 10:40:34.299 W/System.err( 2717): at android.app.ActivityThread$H.handleMessage(ActivityThread.java:2265)
