11-03 16:43:45.585 I/audio_hw_hal_primary( 469): [audiohal_get_latency:1036] io 13: out:0xe4580010 frames:1152 rate:48000 whole_latency:24 alsa_latency:24
11-03 16:43:45.585 I/audio_hw_hal_primary( 469): [audiohal_get_latency:1036] io 13: out:0xe4580010 frames:1152 rate:48000 whole_latency:24 alsa_latency:24
11-03 16:43:45.595 I/audio_hw_hal_primary( 469): [audiohal_get_latency:1036] io 13: out:0xe4580010 frames:1152 rate:48000 whole_latency:24 alsa_latency:24
11-03 16:43:45.596 I/audio_hw_hal_primary( 469): [audiohal_get_latency:1036] io 13: out:0xe4580010 frames:1152 rate:48000 whole_latency:24 alsa_latency:24
11-03 16:43:45.605 I/audio_hw_hal_primary( 469): [audiohal_get_latency:1036] io 13: out:0xe4580010 frames:1152 rate:48000 whole_latency:24 alsa_latency:24
11-03 16:43:45.605 I/audio_hw_hal_primary( 469): [audiohal_get_latency:1036] io 13: out:0xe4580010 frames:1152 rate:48000 whole_latency:24 alsa_latency:24
11-03 16:43:45.615 I/audio_hw_hal_primary( 469): [audiohal_get_latency:1036] io 13: out:0xe4580010 frames:1152 rate:48000 whole_latency:24 alsa_latency:24
11-03 16:43:45.616 I/audio_hw_hal_primary( 469): [audiohal_get_latency:1036] io 13: out:0xe4580010 frames:1152 rate:48000 whole_latency:24 alsa_latency:24
11-03 16:43:45.625 I/audio_hw_hal_primary( 469): [audiohal_get_latency:1036] io 13: out:0xe4580010 frames:1280 rate:48000 whole_latency:26 alsa_latency:26
11-03 16:43:45.625 I/audio_hw_hal_primary( 469): [audiohal_get_latency:1036] io 13: out:0xe4580010 frames:1280 rate:48000 whole_latency:26 alsa_latency:26
11-03 16:43:45.636 I/audio_hw_hal_primary( 469): [audiohal_get_latency:1036] io 13: out:0xe4580010 frames:1280 rate:48000 whole_latency:26 alsa_latency:26
11-03 16:43:45.637 I/audio_hw_hal_primary( 469): [audiohal_get_latency:1036] io 13: out:0xe4580010 frames:1152 rate:48000 whole_latency:24 alsa_latency:24
11-03 16:43:45.645 I/audio_hw_hal_primary( 469): [audiohal_get_latency:1036] io 13: out:0xe4580010 frames:1024 rate:48000 whole_latency:21 alsa_latency:21
11-03 16:43:45.645 I/audio_hw_hal_primary( 469): [audiohal_get_latency:1036] io 13: out:0xe4580010 frames:1280 rate:48000 whole_latency:26 alsa_latency:26
11-03 16:43:45.656 I/audio_hw_hal_primary( 469): [audiohal_get_latency:1036] io 13: out:0xe4580010 frames:1024 rate:48000 whole_latency:21 alsa_latency:21
11-03 16:43:45.657 I/audio_hw_hal_primary( 469): [audiohal_get_latency:1036] io 13: out:0xe4580010 frames:1024 rate:48000 whole_latency:21 alsa_latency:21
11-03 16:43:45.665 I/audio_hw_hal_primary( 469): [audiohal_get_latency:1036] io 13: out:0xe4580010 frames:1152 rate:48000 whole_latency:24 alsa_latency:24
11-03 16:43:45.665 I/audio_hw_hal_primary( 469): [audiohal_get_latency:1036] io 13: out:0xe4580010 frames:1152 rate:48000 whole_latency:24 alsa_latency:24
11-03 16:43:45.676 I/audio_hw_hal_primary( 469): [audiohal_get_latency:1036] io 13: out:0xe4580010 frames:1152 rate:48000 whole_latency:24 alsa_latency:24
11-03 16:43:45.676 I/audio_hw_hal_primary( 469): [audiohal_get_latency:1036] io 13: out:0xe4580010 frames:1152 rate:48000 whole_latency:24 alsa_latency:24
11-03 16:43:45.685 I/audio_hw_hal_primary( 469): [audiohal_get_latency:1036] io 13: out:0xe4580010 frames:1152 rate:48000 whole_latency:24 alsa_latency:24
11-03 16:43:45.685 I/audio_hw_hal_primary( 469): [audiohal_get_latency:1036] io 13: out:0xe4580010 frames:1152 rate:48000 whole_latency:24 alsa_latency:24
11-03 16:43:45.685 D/audioserver( 501): logFgsApiEnd: FGS Logger Transaction failed, -129
11-03 16:43:45.687 I/audio_hw_hal_primary( 469): out_update_source_metadata_v7() line 1743 usage:1 content_type:2
11-03 16:43:45.697 I/audio_hw_hal_primary( 469): [audiohal_get_latency:1036] io 13: out:0xe4580010 frames:1152 rate:48000 whole_latency:24 alsa_latency:24
11-03 16:43:45.705 I/audio_hw_hal_primary( 469): [audiohal_get_latency:1036] io 13: out:0xe4580010 frames:1024 rate:48000 whole_latency:21 alsa_latency:21
11-03 16:43:45.715 I/audio_hw_hal_primary( 469): [audiohal_get_latency:1036] io 13: out:0xe4580010 frames:1280 rate:48000 whole_latency:26 alsa_latency:26
11-03 16:43:45.720 I/BLEAudioDrive_HV412( 469): fd:26 data len: 9 1
11-03 16:43:45.723 I/SogouIME( 1940): onKeyDown: keyoCode=22
11-03 16:43:45.723 I/DefaultIMS( 1940): onKeyDown: keyoCode=22
11-03 16:43:45.745 I/audio_hw_device_patchmgr( 469): [register_audio_patch:728] Patch 4:id:4 mix(io:13)->dev_0[OUT_HDMI(id:39)] found, register the same patch, do nothing.
11-03 16:43:45.745 I/audio_hw_device_patchmgr( 469): [patch_mgr_create_patch:871] Patch 4: MIX->DEVICE, num_src:1 num_sink:1 patch_src:INVAL
11-03 16:43:45.745 I/audio_hw_device_patchmgr( 469): [patch_mgr_create_patch:875] sink[0]: OUT_HDMI(id:39)
11-03 16:43:45.745 I/audio_hw_device_patchmgr( 469): [patch_mgr_create_patch:909] Patch 4: mix(io:13) -> dev[OUT_HDMI(id:39)]
11-03 16:43:45.745 I/audio_hw_hal_primary( 469): [adev_create_audio_patch:7558] dev=0xe46c0010 cur_out_device=0x400
11-03 16:43:45.746 D/audioserver( 501): logFgsApiEnd: FGS Logger Transaction failed, -129
11-03 16:43:45.746 D/audioserver( 501): logFgsApiBegin: FGS Logger Transaction failed, -129
11-03 16:43:45.746 D/UEventObserver( 997): change@/devices/platform/auge_sound/sound/card0/controlC0ACTION=changeDEVPATH=/devices/platform/auge_sound/sound/card0/controlC0SUBSYSTEM=soundAUDIO_FORMAT=0MAJOR=116MINOR=13DEVNAME=snd/controlC0SEQNUM=3741
11-03 16:43:45.747 I/audio_hw_hal_primary( 469): out_update_source_metadata_v7() line 1743 usage:1 content_type:2
11-03 16:43:45.749 D/ShowHdrAudioLogoService( 997): receive broadcast, audio format:0
11-03 16:43:45.750 D/ShowHdrAudioLogoService( 997): clearContent
11-03 16:43:45.752 D/audioserver( 501): logFgsApiBegin: FGS Logger Transaction failed, -129
11-03 16:43:45.765 I/audio_hw_hal_primary( 469): out_update_source_metadata_v7() line 1743 usage:13 content_type:4
11-03 16:43:45.840 I/BLEAudioDrive_HV412( 469): fd:26 data len: 9 1
11-03 16:43:45.842 I/SogouIME( 1940): onKeyUp: keyoCode=22
11-03 16:43:45.842 I/DefaultIMS( 1940): onKeyUp: keyoCode=22
11-03 16:43:45.844 D/audio_hw_hal_stream( 469): update_audio_hal_info() audio hal format change to 1, atmos flag = 0, is_dolby_atmos = 0, dts_hp_x = 0, update_type = 0 is_dolby_atmos_off = 1 virtual_bass_enable 0
11-03 16:43:45.844 D/audio_hw_hal_stream( 469): update_audio_hal_info() cur_out_devices 0x400, dap_bypass_enable = 0, is_ms12_tuning_dat = 0, dolby_ms12_enable = 1, output_config = 0xc
11-03 16:43:45.845 D/UEventObserver( 997): change@/devices/platform/auge_sound/sound/card0/controlC0ACTION=changeDEVPATH=/devices/platform/auge_sound/sound/card0/controlC0SUBSYSTEM=soundAUDIO_FORMAT=0MAJOR=116MINOR=13DEVNAME=snd/controlC0SEQNUM=3742
11-03 16:43:45.847 D/ShowHdrAudioLogoService( 997): receive broadcast, audio format:0
11-03 16:43:45.848 D/ShowHdrAudioLogoService( 997): clearContent
11-03 16:43:45.865 I/audio_hw_hal_primary( 469): [audiohal_get_latency:1036] io 13: out:0xe4580010 frames:1024 rate:48000 whole_latency:21 alsa_latency:21
11-03 16:43:45.885 I/audio_hw_hal_primary( 469): [audiohal_get_latency:1036] io 13: out:0xe4580010 frames:1024 rate:48000 whole_latency:21 alsa_latency:21
11-03 16:43:45.905 I/audio_hw_hal_primary( 469): [audiohal_get_latency:1036] io 13: out:0xe4580010 frames:1152 rate:48000 whole_latency:24 alsa_latency:24
11-03 16:43:45.925 I/audio_hw_hal_primary( 469): [audiohal_get_latency:1036] io 13: out:0xe4580010 frames:1152 rate:48000 whole_latency:24 alsa_latency:24
11-03 16:43:45.925 I/audio_hw_hal_primary( 469): [audiohal_get_latency:1036] io 13: out:0xe4580010 frames:1152 rate:48000 whole_latency:24 alsa_latency:24
11-03 16:43:45.936 I/audio_hw_hal_primary( 469): [audiohal_get_latency:1036] io 13: out:0xe4580010 frames:1152 rate:48000 whole_latency:24 alsa_latency:24
11-03 16:43:45.936 I/audio_hw_hal_primary( 469): [audiohal_get_latency:1036] io 13: out:0xe4580010 frames:1152 rate:48000 whole_latency:24 alsa_latency:24
11-03 16:43:45.945 I/audio_hw_hal_primary( 469): [audiohal_get_latency:1036] io 13: out:0xe4580010 frames:1024 rate:48000 whole_latency:21 alsa_latency:21
11-03 16:43:45.945 I/audio_hw_hal_primary( 469): [audiohal_get_latency:1036] io 13: out:0xe4580010 frames:1024 rate:48000 whole_latency:21 alsa_latency:21
11-03 16:43:45.955 I/audio_hw_hal_primary( 469): [audiohal_get_latency:1036] io 13: out:0xe4580010 frames:1280 rate:48000 whole_latency:26 alsa_latency:26
11-03 16:43:45.956 I/audio_hw_hal_primary( 469): [audiohal_get_latency:1036] io 13: out:0xe4580010 frames:1280 rate:48000 whole_latency:26 alsa_latency:26
11-03 16:43:45.965 I/audio_hw_hal_primary( 469): [audiohal_get_latency:1036] io 13: out:0xe4580010 frames:1024 rate:48000 whole_latency:21 alsa_latency:21
11-03 16:43:45.965 I/audio_hw_hal_primary( 469): [audiohal_get_latency:1036] io 13: out:0xe4580010 frames:1024 rate:48000 whole_latency:21 alsa_latency:21
11-03 16:43:45.975 I/audio_hw_hal_primary( 469): [audiohal_get_latency:1036] io 13: out:0xe4580010 frames:1024 rate:48000 whole_latency:21 alsa_latency:21
11-03 16:43:45.976 I/audio_hw_hal_primary( 469): [audiohal_get_latency:1036] io 13: out:0xe4580010 frames:1024 rate:48000 whole_latency:21 alsa_latency:21
11-03 16:43:45.985 I/audio_hw_hal_primary( 469): [audiohal_get_latency:1036] io 13: out:0xe4580010 frames:1152 rate:48000 whole_latency:24 alsa_latency:24
11-03 16:43:45.985 I/audio_hw_hal_primary( 469): [audiohal_get_latency:1036] io 13: out:0xe4580010 frames:1152 rate:48000 whole_latency:24 alsa_latency:24
11-03 16:43:45.996 I/audio_hw_hal_primary( 469): [audiohal_get_latency:1036] io 13: out:0xe4580010 frames:1152 rate:48000 whole_latency:24 alsa_latency:24
11-03 16:43:45.996 I/audio_hw_hal_primary( 469): [audiohal_get_latency:1036] io 13: out:0xe4580010 frames:1152 rate:48000 whole_latency:24 alsa_latency:24
11-03 16:43:46.005 I/audio_hw_hal_primary( 469): [audiohal_get_latency:1036] io 13: out:0xe4580010 frames:1152 rate:48000 whole_latency:24 alsa_latency:24
11-03 16:43:46.005 I/audio_hw_hal_primary( 469): [audiohal_get_latency:1036] io 13: out:0xe4580010 frames:1152 rate:48000 whole_latency:24 alsa_latency:24
11-03 16:43:46.015 I/audio_hw_hal_primary( 469): [audiohal_get_latency:1036] io 13: out:0xe4580010 frames:1152 rate:48000 whole_latency:24 alsa_latency:24
11-03 16:43:46.015 I/audio_hw_hal_primary( 469): [audiohal_get_latency:1036] io 13: out:0xe4580010 frames:1152 rate:48000 whole_latency:24 alsa_latency:24
11-03 16:43:46.020 I/BLEAudioDrive_HV412( 469): fd:26 data len: 9 1
11-03 16:43:46.024 I/SogouIME( 1940): onKeyDown: keyoCode=23
11-03 16:43:46.024 I/DefaultIMS( 1940): onKeyDown: keyoCode=23
11-03 16:43:46.026 I/audio_hw_hal_primary( 469): [audiohal_get_latency:1036] io 13: out:0xe4580010 frames:1280 rate:48000 whole_latency:26 alsa_latency:26
11-03 16:43:46.045 I/audio_hw_hal_primary( 469): [audiohal_get_latency:1036] io 13: out:0xe4580010 frames:1024 rate:48000 whole_latency:21 alsa_latency:21
11-03 16:43:46.065 I/audio_hw_hal_primary( 469): [audiohal_get_latency:1036] io 13: out:0xe4580010 frames:1152 rate:48000 whole_latency:24 alsa_latency:24
11-03 16:43:46.065 D/audioserver( 501): logFgsApiEnd: FGS Logger Transaction failed, -129
11-03 16:43:46.067 I/audio_hw_hal_primary( 469): out_update_source_metadata_v7() line 1743 usage:1 content_type:2
11-03 16:43:46.170 I/BLEAudioDrive_HV412( 469): fd:26 data len: 9 1
11-03 16:43:46.172 I/SogouIME( 1940): onKeyUp: keyoCode=23
11-03 16:43:46.172 I/DefaultIMS( 1940): onKeyUp: keyoCode=23
11-03 16:43:46.177 E/CellBroadcastUtils( 705): getDefaultCellBroadcastReceiverPackageName: no package found
11-03 16:43:46.183 E/Transition( 705): Trying to add a ready-group twice: Display{#0 state=ON size=1920x1080 ROTATION_0}
11-03 16:43:46.185 I/ActivityTaskManager( 705): START u0 {cmp=com.tv.filemanager.os/com.dangbei.lerad.filemanager.ui.info.ManagerFileListActivity (has extras)} with LAUNCH_MULTIPLE from uid 10041 (BAL_ALLOW_VISIBLE_WINDOW) result code=0
11-03 16:43:46.186 V/WindowManagerShell( 985): Transition requested: android.os.BinderProxy@f3142df TransitionRequestInfo { type = 1, triggerTask = TaskInfo{userId=0 taskId=198 displayId=0 isRunning=true baseIntent=Intent { act=android.intent.action.MAIN cat=[android.intent.category.LAUNCHER] flg=0x10000000 pkg=com.tv.filemanager.os cmp=com.tv.filemanager.os/com.dangbei.lerad.filemanager.ui.home.ManagerHomeActivity } baseActivity=ComponentInfo{com.tv.filemanager.os/com.dangbei.lerad.filemanager.ui.home.ManagerHomeActivity} topActivity=ComponentInfo{com.tv.filemanager.os/com.dangbei.lerad.filemanager.ui.info.ManagerFileListActivity} origActivity=null realActivity=ComponentInfo{com.tv.filemanager.os/com.dangbei.lerad.filemanager.ui.home.ManagerHomeActivity} numActivities=4 lastActiveTime=187938 supportsMultiWindow=true resizeMode=1 isResizeable=true minWidth=-1 minHeight=-1 defaultMinSize=220 token=WCT{android.window.IWindowContainerToken$Stub$Proxy@1d39b2c} topActivityType=1 pictureInPictureParams=null shouldDockBigOverlays=true launchIntoPipHostTaskId=-1 lastParentTaskIdBeforePip=-1 displayCutoutSafeInsets=null topActivityInfo=ActivityInfo{68a9f5 com.dangbei.lerad.filemanager.ui.info.ManagerFileListActivity} launchCookies=[] positionInParent=Point(0, 0) parentTaskId=-1 isFocused=true isVisible=true isVisibleRequested=true isSleeping=false topActivityInSizeCompat=false topActivityEligibleForLetterboxEducation= false isLetterboxDoubleTapEnabled= false topActivityEligibleForUserAspectRatioButton= false topActivityBoundsLetterboxed= false isFromLetterboxDoubleTap= false topActivityLetterboxVerticalPosition= -1 topActivityLetterboxHorizontalPosition= -1 topActivityLetterboxWidth=-1 topActivityLetterboxHeight=-1 isUserFullscreenOverrideEnabled=false isTopActivityTransparent=false locusId=null displayAreaFeatureId=1 cameraCompatControlState=hidden}, remoteTransition = null, displayChange = null, flags = 0 }
11-03 16:43:46.193 V/WindowManager( 705): app ------------- force_land :0
11-03 16:43:46.193 V/WindowManager( 705): app ------------- force_land :0
11-03 16:43:46.193 V/WindowManager( 705): app ------------- force_land :0
11-03 16:43:46.201 W/ProcessStats( 705): Tracking association SourceState{811a585 com.ktcp.video:daemon/10089 Fgs #626} whose proc state 3 is better than process ProcessState{952ff9a com.ktcp.video/10089 pkg=com.ktcp.video} proc state 10 (10 skipped)
11-03 16:43:46.207 I/audio_hw_device_patchmgr( 469): [register_audio_patch:728] Patch 4:id:4 mix(io:13)->dev_0[OUT_HDMI(id:39)] found, register the same patch, do nothing.
11-03 16:43:46.207 I/audio_hw_device_patchmgr( 469): [patch_mgr_create_patch:871] Patch 4: MIX->DEVICE, num_src:1 num_sink:1 patch_src:INVAL
11-03 16:43:46.207 I/audio_hw_device_patchmgr( 469): [patch_mgr_create_patch:875] sink[0]: OUT_HDMI(id:39)
11-03 16:43:46.207 I/audio_hw_device_patchmgr( 469): [patch_mgr_create_patch:909] Patch 4: mix(io:13) -> dev[OUT_HDMI(id:39)]
11-03 16:43:46.208 I/audio_hw_hal_primary( 469): [adev_create_audio_patch:7558] dev=0xe46c0010 cur_out_device=0x400
11-03 16:43:46.208 D/audioserver( 501): logFgsApiEnd: FGS Logger Transaction failed, -129
11-03 16:43:46.208 D/audioserver( 501): logFgsApiBegin: FGS Logger Transaction failed, -129
11-03 16:43:46.209 V/WindowManager( 705): app ------------- force_land :0
11-03 16:43:46.209 D/UEventObserver( 997): change@/devices/platform/auge_sound/sound/card0/controlC0ACTION=changeDEVPATH=/devices/platform/auge_sound/sound/card0/controlC0SUBSYSTEM=soundAUDIO_FORMAT=0MAJOR=116MINOR=13DEVNAME=snd/controlC0SEQNUM=3743
11-03 16:43:46.209 I/audio_hw_hal_primary( 469): out_update_source_metadata_v7() line 1743 usage:1 content_type:2
11-03 16:43:46.213 I/BpBinder( 276): onLastStrongRef automatically unlinking death recipients:
11-03 16:43:46.216 D/audioserver( 501): logFgsApiBegin: FGS Logger Transaction failed, -129
11-03 16:43:46.217 D/ShowHdrAudioLogoService( 997): receive broadcast, audio format:0
11-03 16:43:46.220 D/ShowHdrAudioLogoService( 997): clearContent
11-03 16:43:46.225 I/audio_hw_hal_primary( 469): [audiohal_get_latency:1036] io 13: out:0xe4580010 frames:1152 rate:48000 whole_latency:24 alsa_latency:24
11-03 16:43:46.226 I/audio_hw_hal_primary( 469): out_update_source_metadata_v7() line 1743 usage:13 content_type:4
11-03 16:43:46.245 I/audio_hw_hal_primary( 469): [audiohal_get_latency:1036] io 13: out:0xe4580010 frames:1152 rate:48000 whole_latency:24 alsa_latency:24
11-03 16:43:46.265 I/audio_hw_hal_primary( 469): [audiohal_get_latency:1036] io 13: out:0xe4580010 frames:1024 rate:48000 whole_latency:21 alsa_latency:21
11-03 16:43:46.285 I/audio_hw_hal_primary( 469): [audiohal_get_latency:1036] io 13: out:0xe4580010 frames:1024 rate:48000 whole_latency:21 alsa_latency:21
11-03 16:43:46.298 D/WindowManagerShell( 985): TvPipController: onTaskStackChanged()
11-03 16:43:46.304 D/audio_hw_hal_stream( 469): update_audio_hal_info() audio hal format change to 1, atmos flag = 0, is_dolby_atmos = 0, dts_hp_x = 0, update_type = 0 is_dolby_atmos_off = 1 virtual_bass_enable 0
11-03 16:43:46.304 D/audio_hw_hal_stream( 469): update_audio_hal_info() cur_out_devices 0x400, dap_bypass_enable = 0, is_ms12_tuning_dat = 0, dolby_ms12_enable = 1, output_config = 0xc
11-03 16:43:46.305 I/audio_hw_hal_primary( 469): [audiohal_get_latency:1036] io 13: out:0xe4580010 frames:1152 rate:48000 whole_latency:24 alsa_latency:24
11-03 16:43:46.305 D/UEventObserver( 997): change@/devices/platform/auge_sound/sound/card0/controlC0ACTION=changeDEVPATH=/devices/platform/auge_sound/sound/card0/controlC0SUBSYSTEM=soundAUDIO_FORMAT=0MAJOR=116MINOR=13DEVNAME=snd/controlC0SEQNUM=3744
11-03 16:43:46.316 D/ShowHdrAudioLogoService( 997): receive broadcast, audio format:0
11-03 16:43:46.316 D/ShowHdrAudioLogoService( 997): clearContent
11-03 16:43:46.325 I/audio_hw_hal_primary( 469): [audiohal_get_latency:1036] io 13: out:0xe4580010 frames:1152 rate:48000 whole_latency:24 alsa_latency:24
11-03 16:43:46.325 I/audio_hw_hal_primary( 469): [audiohal_get_latency:1036] io 13: out:0xe4580010 frames:1152 rate:48000 whole_latency:24 alsa_latency:24
11-03 16:43:46.328 W/WindowManager( 705): [addWindow] title:com.tv.filemanager.os/com.dangbei.lerad.filemanager.ui.info.ManagerFileListActivity
11-03 16:43:46.335 D/CoreBackPreview( 705): Window{40f0480 u0 com.tv.filemanager.os/com.dangbei.lerad.filemanager.ui.info.ManagerFileListActivity}: Setting back callback OnBackInvokedCallbackInfo{mCallback=android.window.IOnBackInvokedCallback$Stub$Proxy@fb9eefe, mPriority=0, mIsAnimationCallback=false}
11-03 16:43:46.336 I/audio_hw_hal_primary( 469): [audiohal_get_latency:1036] io 13: out:0xe4580010 frames:1152 rate:48000 whole_latency:24 alsa_latency:24
11-03 16:43:46.336 I/audio_hw_hal_primary( 469): [audiohal_get_latency:1036] io 13: out:0xe4580010 frames:1152 rate:48000 whole_latency:24 alsa_latency:24
11-03 16:43:46.345 I/audio_hw_hal_primary( 469): [audiohal_get_latency:1036] io 13: out:0xe4580010 frames:1280 rate:48000 whole_latency:26 alsa_latency:26
11-03 16:43:46.345 I/audio_hw_hal_primary( 469): [audiohal_get_latency:1036] io 13: out:0xe4580010 frames:1280 rate:48000 whole_latency:26 alsa_latency:26
11-03 16:43:46.353 E/OpenGLRenderer( 2895): Unable to match the desired swap behavior.
11-03 16:43:46.356 I/audio_hw_hal_primary( 469): [audiohal_get_latency:1036] io 13: out:0xe4580010 frames:1280 rate:48000 whole_latency:26 alsa_latency:26
11-03 16:43:46.356 I/audio_hw_hal_primary( 469): [audiohal_get_latency:1036] io 13: out:0xe4580010 frames:1280 rate:48000 whole_latency:26 alsa_latency:26
11-03 16:43:46.365 I/audio_hw_hal_primary( 469): [audiohal_get_latency:1036] io 13: out:0xe4580010 frames:1024 rate:48000 whole_latency:21 alsa_latency:21
11-03 16:43:46.365 I/audio_hw_hal_primary( 469): [audiohal_get_latency:1036] io 13: out:0xe4580010 frames:1024 rate:48000 whole_latency:21 alsa_latency:21
11-03 16:43:46.377 I/audio_hw_hal_primary( 469): [audiohal_get_latency:1036] io 13: out:0xe4580010 frames:1280 rate:48000 whole_latency:26 alsa_latency:26
11-03 16:43:46.377 I/BaseRequest( 2895): complete
11-03 16:43:46.377 I/BaseRequest( 2895): success!=nulltrue
11-03 16:43:46.379 I/audio_hw_hal_primary( 469): [audiohal_get_latency:1036] io 13: out:0xe4580010 frames:1152 rate:48000 whole_latency:24 alsa_latency:24
11-03 16:43:46.385 V/WindowManagerShell( 985): onTransitionReady android.os.BinderProxy@f3142df: {id=7 t=OPEN f=0x0 trk=0 r=[0@Point(0, 0)] c=[{null m=OPEN f=FILLS_TASK leash=Surface(name=ActivityRecord{17aa167 u0 com.tv.filemanager.os/com.dangbei.lerad.filemanager.ui.info.ManagerFileListActivity)/@0x8d7338a sb=Rect(0, 0 - 0, 0) eb=Rect(0, 0 - 1920, 1080) d=-1->0 r=-1->0:-1},{null m=TO_BACK f=FILLS_TASK leash=Surface(name=ActivityRecord{e1ec8ee u0 com.tv.filemanager.os/com.dangbei.lerad.filemanager.ui.info.ManagerFileListActivity)/@0xc112dfb sb=Rect(0, 0 - 1920, 1080) eb=Rect(0, 0 - 1920, 1080) d=0}]}
11-03 16:43:46.385 V/WindowManagerShell( 985): Playing animation for (#7)android.os.BinderProxy@f3142df@0
11-03 16:43:46.386 V/WindowManagerShell( 985): try handler com.android.wm.shell.keyguard.KeyguardTransitionHandler@4334782
11-03 16:43:46.387 V/WindowManagerShell( 985): try handler com.android.wm.shell.pip.tv.TvPipTransition@a2b3e93
11-03 16:43:46.387 V/WindowManagerShell( 985): try handler com.android.wm.shell.activityembedding.ActivityEmbeddingController@a2c9ed0
11-03 16:43:46.387 V/WindowManagerShell( 985): try handler com.android.wm.shell.transition.RemoteTransitionHandler@2432ec9
11-03 16:43:46.387 V/WindowManagerShell( 985): Transition doesn't have explicit remote, search filters for match for {id=7 t=OPEN f=0x0 trk=0 r=[0@Point(0, 0)] c=[{null m=OPEN f=FILLS_TASK leash=Surface(name=ActivityRecord{17aa167 u0 com.tv.filemanager.os/com.dangbei.lerad.filemanager.ui.info.ManagerFileListActivity)/@0x8d7338a sb=Rect(0, 0 - 0, 0) eb=Rect(0, 0 - 1920, 1080) d=-1->0 r=-1->0:-1},{null m=TO_BACK f=FILLS_TASK leash=Surface(name=ActivityRecord{e1ec8ee u0 com.tv.filemanager.os/com.dangbei.lerad.filemanager.ui.info.ManagerFileListActivity)/@0xc112dfb sb=Rect(0, 0 - 1920, 1080) eb=Rect(0, 0 - 1920, 1080) d=0}]}
11-03 16:43:46.387 V/WindowManagerShell( 985): Delegate animation for #7 to null
11-03 16:43:46.387 V/WindowManagerShell( 985): try handler com.android.wm.shell.transition.DefaultTransitionHandler@75259ce
11-03 16:43:46.387 V/WindowManagerShell( 985): start default transition animation, info = {id=7 t=OPEN f=0x0 trk=0 r=[0@Point(0, 0)] c=[{null m=OPEN f=FILLS_TASK leash=Surface(name=ActivityRecord{17aa167 u0 com.tv.filemanager.os/com.dangbei.lerad.filemanager.ui.info.ManagerFileListActivity)/@0x8d7338a sb=Rect(0, 0 - 0, 0) eb=Rect(0, 0 - 1920, 1080) d=-1->0 r=-1->0:-1},{null m=TO_BACK f=FILLS_TASK leash=Surface(name=ActivityRecord{e1ec8ee u0 com.tv.filemanager.os/com.dangbei.lerad.filemanager.ui.info.ManagerFileListActivity)/@0xc112dfb sb=Rect(0, 0 - 1920, 1080) eb=Rect(0, 0 - 1920, 1080) d=0}]}
11-03 16:43:46.388 I/audio_hw_hal_primary( 469): [audiohal_get_latency:1036] io 13: out:0xe4580010 frames:1280 rate:48000 whole_latency:26 alsa_latency:26
11-03 16:43:46.388 I/audio_hw_hal_primary( 469): [audiohal_get_latency:1036] io 13: out:0xe4580010 frames:1280 rate:48000 whole_latency:26 alsa_latency:26
11-03 16:43:46.390 V/WindowManagerShell( 985): Transition animation finished (aborted=false), notifying core (#7)android.os.BinderProxy@f3142df@0
11-03 16:43:46.384 I/ActivityTaskManager( 705): Displayed com.tv.filemanager.os/com.dangbei.lerad.filemanager.ui.info.ManagerFileListActivity for user 0: +203ms
11-03 16:43:46.392 V/WindowManager( 705): Sent Transition #7 createdAt=11-03 16:43:46.176 via request=TransitionRequestInfo { type = 1, triggerTask = TaskInfo{userId=0 taskId=198 displayId=0 isRunning=true baseIntent=Intent { act=android.intent.action.MAIN cat=[android.intent.category.LAUNCHER] flg=0x10000000 pkg=com.tv.filemanager.os cmp=com.tv.filemanager.os/com.dangbei.lerad.filemanager.ui.home.ManagerHomeActivity } baseActivity=ComponentInfo{com.tv.filemanager.os/com.dangbei.lerad.filemanager.ui.home.ManagerHomeActivity} topActivity=ComponentInfo{com.tv.filemanager.os/com.dangbei.lerad.filemanager.ui.info.ManagerFileListActivity} origActivity=null realActivity=ComponentInfo{com.tv.filemanager.os/com.dangbei.lerad.filemanager.ui.home.ManagerHomeActivity} numActivities=4 lastActiveTime=187938 supportsMultiWindow=true resizeMode=1 isResizeable=true minWidth=-1 minHeight=-1 defaultMinSize=220 token=WCT{RemoteToken{52d3948 Task{5331a18 #198 type=standard A=10041:com.tv.filemanager.os}}} topActivityType=1 pictureInPictureParams=null shouldDockBigOverlays=true launchIntoPipHostTaskId=-1 lastParentTaskIdBeforePip=-1 displayCutoutSafeInsets=null topActivityInfo=ActivityInfo{302a975 com.dangbei.lerad.filemanager.ui.info.ManagerFileListActivity} launchCookies=[] positionInParent=Point(0, 0) parentTaskId=-1 isFocused=true isVisible=true isVisibleRequested=true isSleeping=false topActivityInSizeCompat=false topActivityEligibleForLetterboxEducation= false isLetterboxDoubleTapEnabled= false topActivityEligibleForUserAspectRatioButton= false topActivityBoundsLetterboxed= false isFromLetterboxDoubleTap= false topActivityLetterboxVerticalPosition= -1 topActivityLetterboxHorizontalPosition= -1 topActivityLetterboxWidth=-1 topActivityLetterboxHeight=-1 isUserFullscreenOverrideEnabled=false isTopActivityTransparent=false locusId=null displayAreaFeatureId=1 cameraCompatControlState=hidden}, remoteTransition = null, displayChange = null, flags = 0 }
11-03 16:43:46.393 V/WindowManager( 705): startWCT=WindowContainerTransaction { changes = {} hops = [] errorCallbackToken=null taskFragmentOrganizer=null }
11-03 16:43:46.393 V/WindowManager( 705): info={id=7 t=OPEN f=0x0 trk=0 r=[0@Point(0, 0)] c=[{null m=OPEN f=FILLS_TASK leash=Surface(name=ActivityRecord{17aa167 u0 com.tv.filemanager.os/com.dangbei.lerad.filemanager.ui.info.ManagerFileListActivity)/@0xf70565f sb=Rect(0, 0 - 0, 0) eb=Rect(0, 0 - 1920, 1080) d=-1->0 r=-1->0:-1},{null m=TO_BACK f=FILLS_TASK leash=Surface(name=ActivityRecord{e1ec8ee u0 com.tv.filemanager.os/com.dangbei.lerad.filemanager.ui.info.ManagerFileListActivity)/@0xaa7da52 sb=Rect(0, 0 - 1920, 1080) eb=Rect(0, 0 - 1920, 1080) d=0}]}
11-03 16:43:46.395 V/WindowManager( 705): Finish Transition #7: created at
11-03 16:43:46.176 collect-started=0.089ms request-sent=7.111ms started=11.437ms ready=21.115ms sent=206.379ms finished=218.066ms
11-03 16:43:46.399 V/WindowManagerShell( 985): Track 0 became idle
11-03 16:43:46.399 V/WindowManagerShell( 985): All active transition animations finished
11-03 16:43:46.399 V/WindowManagerShell( 985): animated by com.android.wm.shell.transition.DefaultTransitionHandler@75259ce
11-03 16:43:46.399 V/WindowManagerShell( 985): Track 0 became idle
11-03 16:43:46.399 V/WindowManagerShell( 985): All active transition animations finished
11-03 16:43:46.400 I/audio_hw_hal_primary( 469): [audiohal_get_latency:1036] io 13: out:0xe4580010 frames:1152 rate:48000 whole_latency:24 alsa_latency:24
11-03 16:43:46.401 I/audio_hw_hal_primary( 469): [audiohal_get_latency:1036] io 13: out:0xe4580010 frames:1152 rate:48000 whole_latency:24 alsa_latency:24
11-03 16:43:46.407 I/audio_hw_hal_primary( 469): [audiohal_get_latency:1036] io 13: out:0xe4580010 frames:1152 rate:48000 whole_latency:24 alsa_latency:24
11-03 16:43:46.407 I/audio_hw_hal_primary( 469): [audiohal_get_latency:1036] io 13: out:0xe4580010 frames:1152 rate:48000 whole_latency:24 alsa_latency:24
11-03 16:43:46.418 I/audio_hw_hal_primary( 469): [audiohal_get_latency:1036] io 13: out:0xe4580010 frames:1152 rate:48000 whole_latency:24 alsa_latency:24
11-03 16:43:46.418 I/audio_hw_hal_primary( 469): [audiohal_get_latency:1036] io 13: out:0xe4580010 frames:1152 rate:48000 whole_latency:24 alsa_latency:24
11-03 16:43:46.425 I/audio_hw_hal_primary( 469): [audiohal_get_latency:1036] io 13: out:0xe4580010 frames:1280 rate:48000 whole_latency:26 alsa_latency:26
11-03 16:43:46.425 I/audio_hw_hal_primary( 469): [audiohal_get_latency:1036] io 13: out:0xe4580010 frames:1280 rate:48000 whole_latency:26 alsa_latency:26
11-03 16:43:46.425 D/audioserver( 501): logFgsApiEnd: FGS Logger Transaction failed, -129
11-03 16:43:46.426 I/audio_hw_hal_primary( 469): out_update_source_metadata_v7() line 1743 usage:13 content_type:4
11-03 16:43:46.437 I/audio_hw_hal_primary( 469): [audiohal_get_latency:1036] io 13: out:0xe4580010 frames:1152 rate:48000 whole_latency:24 alsa_latency:24
11-03 16:43:46.442 W/View ( 2895): requestLayout() improperly called by com.dangbei.lerad.libui.control.layout.FitFrameLayout{bfcdcab V.E...... ......ID 0,0-255,250 #7f0a02ee app:id/view_file_item_ll} during layout: running second layout pass
11-03 16:43:46.445 I/audio_hw_hal_primary( 469): [audiohal_get_latency:1036] io 13: out:0xe4580010 frames:1024 rate:48000 whole_latency:21 alsa_latency:21
11-03 16:43:46.451 W/ContextImpl( 705): Calling a method in the system process without a qualified user: android.app.ContextImpl.startService:1899 com.android.server.wm.DisplayPolicy.lambda$focusChangedLw$5:2126 com.android.server.wm.DisplayPolicy.$r8$lambda$Znxk63oh-WzVnzo_WQefN7uxV48:0 com.android.server.wm.DisplayPolicy$$ExternalSyntheticLambda13.run:0 android.os.Handler.handleCallback:958
11-03 16:43:46.456 I/audio_hw_hal_primary( 469): [audiohal_get_latency:1036] io 13: out:0xe4580010 frames:1024 rate:48000 whole_latency:21 alsa_latency:21
11-03 16:43:46.459 D/aaa ( 1525): LedStatusService onStartCommand begin
11-03 16:43:46.461 D/aaa ( 1525): topPkg is -------------- :com.tv.filemanager.os
11-03 16:43:46.462 I/ImeTracker( 705): com.tv.filemanager.os:6273671e: onRequestHide at ORIGIN_SERVER_HIDE_INPUT reason HIDE_STATE_HIDDEN_FORWARD_NAV
11-03 16:43:46.462 I/ImeTracker( 705): com.tv.filemanager.os:6273671e: onCancelled at PHASE_SERVER_SHOULD_HIDE
11-03 16:43:46.464 I/DefaultIMS( 1940): onStartInput attribute=android.view.inputmethod.EditorInfo@f8337b5 restarting=false inputType: 0
11-03 16:43:46.465 I/audio_hw_hal_primary( 469): [audiohal_get_latency:1036] io 13: out:0xe4580010 frames:1152 rate:48000 whole_latency:24 alsa_latency:24
11-03 16:43:46.476 I/audio_hw_hal_primary( 469): [audiohal_get_latency:1036] io 13: out:0xe4580010 frames:1152 rate:48000 whole_latency:24 alsa_latency:24
11-03 16:43:46.485 I/audio_hw_hal_primary( 469): [audiohal_get_latency:1036] io 13: out:0xe4580010 frames:1152 rate:48000 whole_latency:24 alsa_latency:24
11-03 16:43:46.487 W/View ( 2895): requestLayout() improperly called by com.dangbei.lerad.libui.control.layout.FitFrameLayout{bfcdcab V.E...... ......ID 0,0-255,250 #7f0a02ee app:id/view_file_item_ll} during layout: running second layout pass
11-03 16:43:46.496 I/audio_hw_hal_primary( 469): [audiohal_get_latency:1036] io 13: out:0xe4580010 frames:1152 rate:48000 whole_latency:24 alsa_latency:24
11-03 16:43:46.505 I/audio_hw_hal_primary( 469): [audiohal_get_latency:1036] io 13: out:0xe4580010 frames:1280 rate:48000 whole_latency:26 alsa_latency:26
11-03 16:43:46.516 I/audio_hw_hal_primary( 469): [audiohal_get_latency:1036] io 13: out:0xe4580010 frames:1280 rate:48000 whole_latency:26 alsa_latency:26
11-03 16:43:46.525 I/audio_hw_hal_primary( 469): [audiohal_get_latency:1036] io 13: out:0xe4580010 frames:1024 rate:48000 whole_latency:21 alsa_latency:21
11-03 16:43:46.526 D/audioserver( 501): logFgsApiEnd: FGS Logger Transaction failed, -129
11-03 16:43:46.800 I/BLEAudioDrive_HV412( 469): fd:26 data len: 9 1
11-03 16:43:46.825 I/audio_hw_device_patchmgr( 469): [register_audio_patch:728] Patch 4:id:4 mix(io:13)->dev_0[OUT_HDMI(id:39)] found, register the same patch, do nothing.
11-03 16:43:46.825 I/audio_hw_device_patchmgr( 469): [patch_mgr_create_patch:871] Patch 4: MIX->DEVICE, num_src:1 num_sink:1 patch_src:INVAL
11-03 16:43:46.825 I/audio_hw_device_patchmgr( 469): [patch_mgr_create_patch:875] sink[0]: OUT_HDMI(id:39)
11-03 16:43:46.825 I/audio_hw_device_patchmgr( 469): [patch_mgr_create_patch:909] Patch 4: mix(io:13) -> dev[OUT_HDMI(id:39)]
11-03 16:43:46.825 I/audio_hw_hal_primary( 469): [adev_create_audio_patch:7558] dev=0xe46c0010 cur_out_device=0x400
11-03 16:43:46.828 D/UEventObserver( 997): change@/devices/platform/auge_sound/sound/card0/controlC0ACTION=changeDEVPATH=/devices/platform/auge_sound/sound/card0/controlC0SUBSYSTEM=soundAUDIO_FORMAT=0MAJOR=116MINOR=13DEVNAME=snd/controlC0SEQNUM=3745
11-03 16:43:46.832 D/ShowHdrAudioLogoService( 997): receive broadcast, audio format:0
11-03 16:43:46.834 D/audioserver( 501): logFgsApiBegin: FGS Logger Transaction failed, -129
11-03 16:43:46.834 D/ShowHdrAudioLogoService( 997): clearContent
11-03 16:43:46.835 I/audio_hw_hal_primary( 469): out_update_source_metadata_v7() line 1743 usage:1 content_type:2
11-03 16:43:46.838 I/SogouIME( 1940): onKeyDown: keyoCode=22
11-03 16:43:46.838 I/DefaultIMS( 1940): onKeyDown: keyoCode=22
11-03 16:43:46.853 I/DefaultIMS( 1940): onStartInput attribute=android.view.inputmethod.EditorInfo@6c62884 restarting=false inputType: 0
11-03 16:43:46.885 I/audio_hw_device_patchmgr( 469): [register_audio_patch:728] Patch 4:id:4 mix(io:13)->dev_0[OUT_HDMI(id:39)] found, register the same patch, do nothing.
11-03 16:43:46.885 I/audio_hw_device_patchmgr( 469): [patch_mgr_create_patch:871] Patch 4: MIX->DEVICE, num_src:1 num_sink:1 patch_src:INVAL
11-03 16:43:46.885 I/audio_hw_device_patchmgr( 469): [patch_mgr_create_patch:875] sink[0]: OUT_HDMI(id:39)
11-03 16:43:46.885 I/audio_hw_device_patchmgr( 469): [patch_mgr_create_patch:909] Patch 4: mix(io:13) -> dev[OUT_HDMI(id:39)]
11-03 16:43:46.885 I/audio_hw_hal_primary( 469): [adev_create_audio_patch:7558] dev=0xe46c0010 cur_out_device=0x400
11-03 16:43:46.886 D/audioserver( 501): logFgsApiEnd: FGS Logger Transaction failed, -129
11-03 16:43:46.886 D/audioserver( 501): logFgsApiBegin: FGS Logger Transaction failed, -129
11-03 16:43:46.887 I/audio_hw_hal_primary( 469): out_update_source_metadata_v7() line 1743 usage:1 content_type:2
11-03 16:43:46.889 D/UEventObserver( 997): change@/devices/platform/auge_sound/sound/card0/controlC0ACTION=changeDEVPATH=/devices/platform/auge_sound/sound/card0/controlC0SUBSYSTEM=soundAUDIO_FORMAT=0MAJOR=116MINOR=13DEVNAME=snd/controlC0SEQNUM=3746
11-03 16:43:46.890 D/audioserver( 501): logFgsApiBegin: FGS Logger Transaction failed, -129
11-03 16:43:46.893 D/ShowHdrAudioLogoService( 997): receive broadcast, audio format:0
11-03 16:43:46.894 D/ShowHdrAudioLogoService( 997): clearContent
11-03 16:43:46.905 I/audio_hw_hal_primary( 469): out_update_source_metadata_v7() line 1743 usage:13 content_type:4
11-03 16:43:46.950 I/BLEAudioDrive_HV412( 469): fd:26 data len: 9 1
11-03 16:43:46.952 I/SogouIME( 1940): onKeyUp: keyoCode=22
11-03 16:43:46.952 I/DefaultIMS( 1940): onKeyUp: keyoCode=22
11-03 16:43:46.984 D/audio_hw_hal_stream( 469): update_audio_hal_info() audio hal format change to 1, atmos flag = 0, is_dolby_atmos = 0, dts_hp_x = 0, update_type = 0 is_dolby_atmos_off = 1 virtual_bass_enable 0
11-03 16:43:46.984 D/audio_hw_hal_stream( 469): update_audio_hal_info() cur_out_devices 0x400, dap_bypass_enable = 0, is_ms12_tuning_dat = 0, dolby_ms12_enable = 1, output_config = 0xc
11-03 16:43:46.985 D/UEventObserver( 997): change@/devices/platform/auge_sound/sound/card0/controlC0ACTION=changeDEVPATH=/devices/platform/auge_sound/sound/card0/controlC0SUBSYSTEM=soundAUDIO_FORMAT=0MAJOR=116MINOR=13DEVNAME=snd/controlC0SEQNUM=3747
11-03 16:43:46.986 D/ShowHdrAudioLogoService( 997): receive broadcast, audio format:0
11-03 16:43:46.987 D/ShowHdrAudioLogoService( 997): clearContent
11-03 16:43:47.005 I/audio_hw_hal_primary( 469): [audiohal_get_latency:1036] io 13: out:0xe4580010 frames:1024 rate:48000 whole_latency:21 alsa_latency:21
11-03 16:43:47.025 I/audio_hw_hal_primary( 469): [audiohal_get_latency:1036] io 13: out:0xe4580010 frames:1152 rate:48000 whole_latency:24 alsa_latency:24
11-03 16:43:47.025 I/audio_hw_hal_primary( 469): [audiohal_get_latency:1036] io 13: out:0xe4580010 frames:1152 rate:48000 whole_latency:24 alsa_latency:24
11-03 16:43:47.035 I/audio_hw_hal_primary( 469): [audiohal_get_latency:1036] io 13: out:0xe4580010 frames:1152 rate:48000 whole_latency:24 alsa_latency:24
11-03 16:43:47.035 I/audio_hw_hal_primary( 469): [audiohal_get_latency:1036] io 13: out:0xe4580010 frames:1152 rate:48000 whole_latency:24 alsa_latency:24
11-03 16:43:47.045 I/audio_hw_hal_primary( 469): [audiohal_get_latency:1036] io 13: out:0xe4580010 frames:1152 rate:48000 whole_latency:24 alsa_latency:24
11-03 16:43:47.045 I/audio_hw_hal_primary( 469): [audiohal_get_latency:1036] io 13: out:0xe4580010 frames:1152 rate:48000 whole_latency:24 alsa_latency:24
11-03 16:43:47.055 I/audio_hw_hal_primary( 469): [audiohal_get_latency:1036] io 13: out:0xe4580010 frames:1152 rate:48000 whole_latency:24 alsa_latency:24
11-03 16:43:47.056 I/audio_hw_hal_primary( 469): [audiohal_get_latency:1036] io 13: out:0xe4580010 frames:1152 rate:48000 whole_latency:24 alsa_latency:24
11-03 16:43:47.065 I/audio_hw_hal_primary( 469): [audiohal_get_latency:1036] io 13: out:0xe4580010 frames:1280 rate:48000 whole_latency:26 alsa_latency:26
11-03 16:43:47.065 I/audio_hw_hal_primary( 469): [audiohal_get_latency:1036] io 13: out:0xe4580010 frames:1280 rate:48000 whole_latency:26 alsa_latency:26
11-03 16:43:47.075 I/audio_hw_hal_primary( 469): [audiohal_get_latency:1036] io 13: out:0xe4580010 frames:1024 rate:48000 whole_latency:21 alsa_latency:21
11-03 16:43:47.075 I/audio_hw_hal_primary( 469): [audiohal_get_latency:1036] io 13: out:0xe4580010 frames:1024 rate:48000 whole_latency:21 alsa_latency:21
11-03 16:43:47.085 I/audio_hw_hal_primary( 469): [audiohal_get_latency:1036] io 13: out:0xe4580010 frames:1024 rate:48000 whole_latency:21 alsa_latency:21
11-03 16:43:47.085 I/audio_hw_hal_primary( 469): [audiohal_get_latency:1036] io 13: out:0xe4580010 frames:1280 rate:48000 whole_latency:26 alsa_latency:26
11-03 16:43:47.097 I/audio_hw_hal_primary( 469): [audiohal_get_latency:1036] io 13: out:0xe4580010 frames:1280 rate:48000 whole_latency:26 alsa_latency:26
11-03 16:43:47.097 I/audio_hw_hal_primary( 469): [audiohal_get_latency:1036] io 13: out:0xe4580010 frames:1280 rate:48000 whole_latency:26 alsa_latency:26
11-03 16:43:47.100 I/BLEAudioDrive_HV412( 469): fd:26 data len: 9 1
11-03 16:43:47.102 I/SogouIME( 1940): onKeyDown: keyoCode=23
11-03 16:43:47.102 I/DefaultIMS( 1940): onKeyDown: keyoCode=23
11-03 16:43:47.105 I/audio_hw_hal_primary( 469): [audiohal_get_latency:1036] io 13: out:0xe4580010 frames:1152 rate:48000 whole_latency:24 alsa_latency:24
11-03 16:43:47.125 I/audio_hw_hal_primary( 469): [audiohal_get_latency:1036] io 13: out:0xe4580010 frames:1152 rate:48000 whole_latency:24 alsa_latency:24
11-03 16:43:47.145 I/audio_hw_hal_primary( 469): [audiohal_get_latency:1036] io 13: out:0xe4580010 frames:1280 rate:48000 whole_latency:26 alsa_latency:26
11-03 16:43:47.165 I/audio_hw_hal_primary( 469): [audiohal_get_latency:1036] io 13: out:0xe4580010 frames:1024 rate:48000 whole_latency:21 alsa_latency:21
11-03 16:43:47.185 I/audio_hw_hal_primary( 469): [audiohal_get_latency:1036] io 13: out:0xe4580010 frames:1152 rate:48000 whole_latency:24 alsa_latency:24
11-03 16:43:47.205 I/audio_hw_hal_primary( 469): [audiohal_get_latency:1036] io 13: out:0xe4580010 frames:1152 rate:48000 whole_latency:24 alsa_latency:24
11-03 16:43:47.205 D/audioserver( 501): logFgsApiEnd: FGS Logger Transaction failed, -129
11-03 16:43:47.208 I/audio_hw_hal_primary( 469): out_update_source_metadata_v7() line 1743 usage:1 content_type:2
11-03 16:43:47.260 I/BLEAudioDrive_HV412( 469): fd:26 data len: 9 1
11-03 16:43:47.263 I/SogouIME( 1940): onKeyUp: keyoCode=23
11-03 16:43:47.263 I/DefaultIMS( 1940): onKeyUp: keyoCode=23
11-03 16:43:47.285 I/audio_hw_device_patchmgr( 469): [register_audio_patch:728] Patch 4:id:4 mix(io:13)->dev_0[OUT_HDMI(id:39)] found, register the same patch, do nothing.
11-03 16:43:47.285 I/audio_hw_device_patchmgr( 469): [patch_mgr_create_patch:871] Patch 4: MIX->DEVICE, num_src:1 num_sink:1 patch_src:INVAL
11-03 16:43:47.285 I/audio_hw_device_patchmgr( 469): [patch_mgr_create_patch:875] sink[0]: OUT_HDMI(id:39)
11-03 16:43:47.285 I/audio_hw_device_patchmgr( 469): [patch_mgr_create_patch:909] Patch 4: mix(io:13) -> dev[OUT_HDMI(id:39)]
11-03 16:43:47.285 I/audio_hw_hal_primary( 469): [adev_create_audio_patch:7558] dev=0xe46c0010 cur_out_device=0x400
11-03 16:43:47.286 D/audioserver( 501): logFgsApiEnd: FGS Logger Transaction failed, -129
11-03 16:43:47.286 D/audioserver( 501): logFgsApiBegin: FGS Logger Transaction failed, -129
11-03 16:43:47.287 I/audio_hw_hal_primary( 469): out_update_source_metadata_v7() line 1743 usage:1 content_type:2
11-03 16:43:47.291 D/audioserver( 501): logFgsApiBegin: FGS Logger Transaction failed, -129
11-03 16:43:47.291 D/StrictMode( 2895): StrictMode policy violation: android.os.strictmode.FileUriExposedViolation: file:///storage/02E24445E2443EE3/000%E9%9F%B3%E9%A2%91%E7%BC%96%E7%A0%81%E6%A0%BC%E5%BC%8F%E6%B5%8B%E8%AF%95/Dolby%20TureHD/Dolby%20TureHD%207.1.mkv exposed beyond app through Intent.getData()
11-03 16:43:47.291 D/StrictMode( 2895): at android.os.StrictMode.onFileUriExposed(StrictMode.java:2247)
11-03 16:43:47.291 D/StrictMode( 2895): at android.net.Uri.checkFileUriExposed(Uri.java:2411)
11-03 16:43:47.291 D/StrictMode( 2895): at android.content.Intent.prepareToLeaveProcess(Intent.java:12132)
11-03 16:43:47.291 D/StrictMode( 2895): at android.content.Intent.prepareToLeaveProcess(Intent.java:12081)
11-03 16:43:47.291 D/StrictMode( 2895): at android.app.Instrumentation.execStartActivity(Instrumentation.java:1872)
11-03 16:43:47.291 D/StrictMode( 2895): at android.app.ContextImpl.startActivity(ContextImpl.java:1132)
11-03 16:43:47.291 D/StrictMode( 2895): at android.app.ContextImpl.startActivity(ContextImpl.java:1103)
11-03 16:43:47.291 D/StrictMode( 2895): at android.content.ContextWrapper.startActivity(ContextWrapper.java:436)
11-03 16:43:47.291 D/StrictMode( 2895): at com.dangbei.lerad.filemanager.impl.open.FileTypePlayer.directlyOpen(FileTypePlayer.java:254)
11-03 16:43:47.291 D/StrictMode( 2895): at com.dangbei.lerad.filemanager.impl.open.FileTypePlayer.play(FileTypePlayer.java:116)
11-03 16:43:47.291 D/StrictMode( 2895): at com.dangbei.lerad.filemanager.impl.open.OpenFilterChain.run(OpenFilterChain.java:63)
11-03 16:43:47.291 D/StrictMode( 2895): at com.dangbei.lerad.filemanager.impl.open.OpenFilterChain.execute(OpenFilterChain.java:35)
11-03 16:43:47.291 D/StrictMode( 2895): at com.dangbei.lerad.filemanager.impl.open.OpenManager$1.onNext(OpenManager.java:109)
11-03 16:43:47.291 D/StrictMode( 2895): at com.dangbei.lerad.filemanager.impl.open.OpenManager$1.onNext(OpenManager.java:101)
11-03 16:43:47.291 D/StrictMode( 2895): at io.reactivex.internal.operators.observable.ObservableObserveOn$ObserveOnObserver.drainNormal(ObservableObserveOn.java:201)
11-03 16:43:47.291 D/StrictMode( 2895): at io.reactivex.internal.operators.observable.ObservableObserveOn$ObserveOnObserver.run(ObservableObserveOn.java:255)
11-03 16:43:47.291 D/StrictMode( 2895): at io.reactivex.android.schedulers.HandlerScheduler$ScheduledRunnable.run(HandlerScheduler.java:119)
11-03 16:43:47.291 D/StrictMode( 2895): at android.os.Handler.handleCallback(Handler.java:958)
11-03 16:43:47.291 D/StrictMode( 2895): at android.os.Handler.dispatchMessage(Handler.java:99)
11-03 16:43:47.291 D/StrictMode( 2895): at android.os.Looper.loopOnce(Looper.java:205)
11-03 16:43:47.291 D/StrictMode( 2895): at android.os.Looper.loop(Looper.java:294)
11-03 16:43:47.291 D/StrictMode( 2895): at android.app.ActivityThread.main(ActivityThread.java:8255)
11-03 16:43:47.291 D/StrictMode( 2895): at java.lang.reflect.Method.invoke(Native Method)
11-03 16:43:47.291 D/StrictMode( 2895): at com.android.internal.os.RuntimeInit$MethodAndArgsCaller.run(RuntimeInit.java:552)
11-03 16:43:47.291 D/StrictMode( 2895): at com.android.internal.os.ZygoteInit.main(ZygoteInit.java:978)
11-03 16:43:47.293 D/CompatibilityChangeReporter( 705): Compat change id reported: 161252188; UID 10042; state: DISABLED
11-03 16:43:47.295 D/CompatibilityChangeReporter( 705): Compat change id reported: 265464455; UID 10042; state: DISABLED
11-03 16:43:47.296 D/CompatibilityChangeReporter( 705): Compat change id reported: 265452344; UID 10042; state: DISABLED
11-03 16:43:47.296 D/CompatibilityChangeReporter( 705): Compat change id reported: 266124927; UID 10042; state: DISABLED
11-03 16:43:47.296 D/CompatibilityChangeReporter( 705): Compat change id reported: 265451093; UID 10042; state: DISABLED
11-03 16:43:47.297 D/CompatibilityChangeReporter( 705): Compat change id reported: 265456536; UID 10042; state: DISABLED
11-03 16:43:47.297 D/CompatibilityChangeReporter( 705): Compat change id reported: 255940284; UID 10042; state: DISABLED
11-03 16:43:47.298 D/CompatibilityChangeReporter( 705): Compat change id reported: 236283604; UID 10042; state: DISABLED
11-03 16:43:47.298 D/CompatibilityChangeReporter( 705): Compat change id reported: 263959004; UID 10042; state: DISABLED
11-03 16:43:47.298 D/CompatibilityChangeReporter( 705): Compat change id reported: 264304459; UID 10042; state: DISABLED
11-03 16:43:47.299 D/CompatibilityChangeReporter( 705): Compat change id reported: 264301586; UID 10042; state: DISABLED
11-03 16:43:47.299 D/CompatibilityChangeReporter( 705): Compat change id reported: 254631730; UID 10042; state: DISABLED
11-03 16:43:47.299 D/CompatibilityChangeReporter( 705): Compat change id reported: 273509367; UID 10042; state: DISABLED
11-03 16:43:47.299 D/CompatibilityChangeReporter( 705): Compat change id reported: 263259275; UID 10042; state: DISABLED
11-03 16:43:47.300 D/CompatibilityChangeReporter( 705): Compat change id reported: 174042980; UID 10042; state: DISABLED
11-03 16:43:47.300 D/CompatibilityChangeReporter( 705): Compat change id reported: 174042936; UID 10042; state: DISABLED
11-03 16:43:47.301 D/CompatibilityChangeReporter( 705): Compat change id reported: 181136395; UID 10042; state: DISABLED
11-03 16:43:47.305 I/audio_hw_hal_primary( 469): [audiohal_get_latency:1036] io 13: out:0xe4580010 frames:1280 rate:48000 whole_latency:26 alsa_latency:26
11-03 16:43:47.306 I/audio_hw_hal_primary( 469): out_update_source_metadata_v7() line 1743 usage:13 content_type:4
11-03 16:43:47.308 D/UEventObserver( 997): change@/devices/platform/auge_sound/sound/card0/controlC0ACTION=changeDEVPATH=/devices/platform/auge_sound/sound/card0/controlC0SUBSYSTEM=soundAUDIO_FORMAT=0MAJOR=116MINOR=13DEVNAME=snd/controlC0SEQNUM=3748
11-03 16:43:47.308 D/CompatibilityChangeReporter( 705): Compat change id reported: 194480991; UID 10042; state: ENABLED
11-03 16:43:47.310 E/CellBroadcastUtils( 705): getDefaultCellBroadcastReceiverPackageName: no package found
11-03 16:43:47.312 D/ShowHdrAudioLogoService( 997): receive broadcast, audio format:0
11-03 16:43:47.312 D/ShowHdrAudioLogoService( 997): clearContent
11-03 16:43:47.316 D/CompatibilityChangeReporter( 705): Compat change id reported: 184838306; UID 10042; state: DISABLED
11-03 16:43:47.317 D/CompatibilityChangeReporter( 705): Compat change id reported: 185004937; UID 10042; state: DISABLED
11-03 16:43:47.319 D/CompatibilityChangeReporter( 705): Compat change id reported: 197654537; UID 10042; state: DISABLED
11-03 16:43:47.322 D/CompatibilityChangeReporter( 705): Compat change id reported: 205907456; UID 10042; state: DISABLED
11-03 16:43:47.325 I/audio_hw_hal_primary( 469): [audiohal_get_latency:1036] io 13: out:0xe4580010 frames:1024 rate:48000 whole_latency:21 alsa_latency:21
11-03 16:43:47.327 I/ActivityTaskManager( 705): START u0 {act=android.intent.action.VIEW dat=file:///... typ=video/* flg=0x10000001 cmp=com.dangbei.lerad.videoposter/com.dangbei.leradplayer.activity.PlayerActivity} with LAUNCH_SINGLE_TASK from uid 10041 (BAL_ALLOW_VISIBLE_WINDOW) result code=0
11-03 16:43:47.329 V/WindowManagerShell( 985): Transition requested: android.os.BinderProxy@7cfe56 TransitionRequestInfo { type = 1, triggerTask = TaskInfo{userId=0 taskId=199 displayId=0 isRunning=true baseIntent=Intent { act=android.intent.action.VIEW dat=file:///... typ=video/* flg=0x10000001 cmp=com.dangbei.lerad.videoposter/com.dangbei.leradplayer.activity.PlayerActivity } baseActivity=ComponentInfo{com.dangbei.lerad.videoposter/com.dangbei.leradplayer.activity.PlayerActivity} topActivity=ComponentInfo{com.dangbei.lerad.videoposter/com.dangbei.leradplayer.activity.PlayerActivity} origActivity=null realActivity=ComponentInfo{com.dangbei.lerad.videoposter/com.dangbei.leradplayer.activity.PlayerActivity} numActivities=1 lastActiveTime=189081 supportsMultiWindow=true resizeMode=1 isResizeable=true minWidth=-1 minHeight=-1 defaultMinSize=220 token=WCT{android.window.IWindowContainerToken$Stub$Proxy@73aaed7} topActivityType=1 pictureInPictureParams=null shouldDockBigOverlays=true launchIntoPipHostTaskId=-1 lastParentTaskIdBeforePip=-1 displayCutoutSafeInsets=null topActivityInfo=ActivityInfo{68c23c4 com.dangbei.leradplayer.activity.PlayerActivity} launchCookies=[] positionInParent=Point(0, 0) parentTaskId=-1 isFocused=false isVisible=false isVisibleRequested=false isSleeping=false topActivityInSizeCompat=false topActivityEligibleForLetterboxEducation= false isLetterboxDoubleTapEnabled= false topActivityEligibleForUserAspectRatioButton= false topActivityBoundsLetterboxed= false isFromLetterboxDoubleTap= false topActivityLetterboxVerticalPosition= -1 topActivityLetterboxHorizontalPosition= -1 topActivityLetterboxWidth=-1 topActivityLetterboxHeight=-1 isUserFullscreenOverrideEnabled=false isTopActivityTransparent=false locusId=null displayAreaFeatureId=1 cameraCompatControlState=hidden}, remoteTransition = null, displayChange = null, flags = 0 }
11-03 16:43:47.329 I/ActivityManager( 705): com.dangbei.lerad.videoposter is exempt from freezer
11-03 16:43:47.330 D/CompatibilityChangeReporter( 705): Compat change id reported: 135634846; UID 10042; state: DISABLED
11-03 16:43:47.332 D/CompatibilityChangeReporter( 705): Compat change id reported: 143937733; UID 10042; state: DISABLED
