10-30 10:40:24.058 W/System.err( 2122): at android.content.ContentResolver.registerContentObserver(ContentResolver.java:2728)
10-30 10:40:24.058 W/System.err( 2122): at android.content.ContentResolver.registerContentObserver(ContentResolver.java:2676)
10-30 10:40:24.058 W/System.err( 2122): at bl.rh.a(BiliRemoteDeviceInfoHelper.kt:4)
10-30 10:40:24.058 W/System.err( 2122): at com.bilibili.lib.biliid.internal.buvid.refactor.CustomizedBuvidHelper.setObserver(CustomizedBuvidHelper.kt:3)
10-30 10:40:24.058 W/System.err( 2122): at com.xiaodianshi.tv.yst.support.TvUtils.getBuvid(TvUtils.kt:1)
10-30 10:40:24.058 W/System.err( 2122): at com.xiaodianshi.tv.yst.support.b$c.invoke(BiliInitHelper.kt:2)
10-30 10:40:24.058 W/System.err( 2122): at com.xiaodianshi.tv.yst.support.b$c.invoke(BiliInitHelper.kt:1)
10-30 10:40:24.058 W/System.err( 2122): at com.bilibili.lib.blconfig.internal.c.c(Unknown Source:2)
10-30 10:40:24.058 W/System.err( 2122): at com.bilibili.lib.blconfig.internal.f.c(AB.kt:17)
10-30 10:40:24.058 W/System.err( 2122): at com.bilibili.lib.blconfig.internal.a$a$b.invoke(AB.kt:2)
10-30 10:40:24.058 W/System.err( 2122): at com.bilibili.lib.blconfig.internal.a$a$b.invoke(AB.kt:1)
10-30 10:40:24.058 W/System.err( 2122): at kotlin.SynchronizedLazyImpl.getValue(LazyJVM.kt:5)
10-30 10:40:24.058 W/System.err( 2122): at com.bilibili.lib.blconfig.internal.a$a.a(Unknown Source:7)
10-30 10:40:24.058 W/System.err( 2122): at com.bilibili.lib.blconfig.internal.a$a.b(AB.kt:2)
10-30 10:40:24.058 W/System.err( 2122): at com.bilibili.lib.blconfig.internal.a$a.invoke(Unknown Source:0)
10-30 10:40:24.058 W/System.err( 2122): at com.bilibili.lib.blconfig.internal.b.f(AB.kt:7)
10-30 10:40:24.063 I/fb-UnpackingSoSource( 2122): dso store is up-to-date: /data/user/0/com.xiaodianshi.tv.yst/lib-main
10-30 10:40:24.074 W/System.err( 2122): at com.bilibili.lib.blconfig.internal.b.invoke(Unknown Source:4)
10-30 10:40:24.074 W/System.err( 2122): at bl.nv3.get(Unknown Source:7)
10-30 10:40:24.074 W/System.err( 2122): at bl.l62.p(Unknown Source:10)
10-30 10:40:24.074 W/System.err( 2122): at com.xiaodianshi.tv.yst.startup.StartupTaskHelper$thinConfig$2.invoke(StartupTaskHelper.kt:1)
10-30 10:40:24.074 W/System.err( 2122): at com.xiaodianshi.tv.yst.startup.StartupTaskHelper$thinConfig$2.invoke(StartupTaskHelper.kt:2)
10-30 10:40:24.074 W/System.err( 2122): at kotlin.SynchronizedLazyImpl.getValue(LazyJVM.kt:5)
10-30 10:40:24.074 W/System.err( 2122): at com.xiaodianshi.tv.yst.startup.StartupTaskHelper.getThinConfig(Unknown Source:2)
10-30 10:40:24.074 W/System.err( 2122): at com.xiaodianshi.tv.yst.support.a.a(BThreadPoolHelper.kt:1)
10-30 10:40:24.074 W/System.err( 2122): at com.xiaodianshi.tv.yst.startup.StartupTaskHelper.serialInitial(StartupTaskHelper.kt:3)
10-30 10:40:24.074 W/System.err( 2122): at com.xiaodianshi.tv.yst.startup.StartupTaskHelper.onCreate(StartupTaskHelper.kt:12)
10-30 10:40:24.074 W/System.err( 2122): at com.xiaodianshi.tv.yst.MainApplication.onCreate(MainApplication.java:6)
10-30 10:40:24.074 W/System.err( 2122): at android.app.Instrumentation.callApplicationOnCreate(Instrumentation.java:1316)
10-30 10:40:24.075 W/System.err( 2122): at android.app.ActivityThread.handleBindApplication(ActivityThread.java:7061)
10-30 10:40:24.075 W/System.err( 2122): at android.app.ActivityThread.-$$Nest$mhandleBindApplication(Unknown Source:0)
10-30 10:40:24.075 W/System.err( 2122): at android.app.ActivityThread$H.handleMessage(ActivityThread.java:2265)
10-30 10:40:24.075 W/System.err( 2122): at android.os.Handler.dispatchMessage(Handler.java:106)
10-30 10:40:24.075 W/System.err( 2122): at android.os.Looper.loopOnce(Looper.java:205)
10-30 10:40:24.075 W/System.err( 2122): at android.os.Looper.loop(Looper.java:294)
10-30 10:40:24.075 W/System.err( 2122): at android.app.ActivityThread.main(ActivityThread.java:8255)
10-30 10:40:24.075 W/System.err( 2122): at java.lang.reflect.Method.invoke(Native Method)
10-30 10:40:24.075 W/System.err( 2122): at com.android.internal.os.RuntimeInit$MethodAndArgsCaller.run(RuntimeInit.java:552)
10-30 10:40:24.075 W/System.err( 2122): at com.android.internal.os.ZygoteInit.main(ZygoteInit.java:978)
10-30 10:40:24.075 W/System.err( 2122): Caused by: android.os.RemoteException: Remote stack trace:
10-30 10:40:24.075 W/System.err( 2122): at com.android.server.content.ContentService.registerContentObserver(ContentService.java:379)
10-30 10:40:24.075 W/System.err( 2122): at android.content.IContentService$Stub.onTransact(IContentService.java:486)
10-30 10:40:24.075 W/System.err( 2122): at android.os.Binder.execTransactInternal(Binder.java:1358)
10-30 10:40:24.075 W/System.err( 2122): at android.os.Binder.execTransact(Binder.java:1304)
10-30 10:40:24.075 I/buvid ( 2122): Buvid get from blkv:com.xiaodianshi.tv.yst:stats,sid:XY26A082BE8608B256A305A7C4FA61F46F72E
10-30 10:40:24.080 I/dangbei ad sdk( 1486): AdSplashView::show offline ad
10-30 10:40:24.085 D/TrafficStats( 1486): tagSocket(135) with statsTag=0xffffffff, statsUid=-1
10-30 10:40:24.109 I/okhttp.OkHttpClient( 1470): --> POST http://tymsgapi.qun7.com/v1/core/ykota (618-byte body)
10-30 10:40:24.137 I/okhttp.OkHttpClient( 1470): --> POST http://tyapi.qun7.com/v1/core/launcherota (549-byte body)
10-30 10:40:24.141 E/HigherBroadcastServer( 1470): {"bluetoothBoot":false,"bluetoothController":false,"bluetoothMac":"C0:E3:50:49:A6:6F","deviceModel":"DBBOX-A3","deviceModelNumber":"H5P464","deviceName":"办公室的当贝盒子","findController":1,"hostName":"192.168.3.201","inetAddress":"192.168.3.201","mac":"20:02:FE:1A:3F:37","port":6689,"romCode":5021,"romVersion":"5.0.2.1","wifiMac":"C0:E3:50:49:A6:6E","deviceId":"c4d7b3cac61ca3d40b1549272721544c","sn":"DOH5PRO8252185408"}
10-30 10:40:24.143 D/TrafficStats( 1486): tagSocket(121) with statsTag=0xffffffff, statsUid=-1
10-30 10:40:24.147 W/NsdServiceInfo( 1470): Key lengths > 9 are discouraged: deviceModel
10-30 10:40:24.147 W/NsdServiceInfo( 1470): Key lengths > 9 are discouraged: deviceModelNumber
10-30 10:40:24.147 W/NsdServiceInfo( 1470): Key lengths > 9 are discouraged: deviceName
10-30 10:40:24.147 W/NsdServiceInfo( 1470): Key lengths > 9 are discouraged: romVersion
10-30 10:40:24.147 W/NsdServiceInfo( 1470): Key lengths > 9 are discouraged: findController
10-30 10:40:24.150 I/okhttp.OkHttpClient( 1470): --> POST http://tymsgapi.qun7.com/v1/core/rom (549-byte body)
10-30 10:40:24.164 D/TrafficStats( 1486): tagSocket(143) with statsTag=0xffffffff, statsUid=-1
10-30 10:40:24.164 E/ActivityThread( 2122): Failed to find provider info for com.bili.xds.sdk.bilidev.provider
10-30 10:40:24.164 I/getBuvid( 2122): use cached buvid
10-30 10:40:24.189 I/serviceDiscovery( 705): [MdnsSocketProvider] Start monitoring sockets.
10-30 10:40:24.190 I/TetheringManager( 705): registerTetheringEventCallback caller:android
10-30 10:40:24.191 I/serviceDiscovery( 705): [MdnsAdvertiser] Adding service name: 192.168.3.201, type: _db_controller._tcp, hostAddresses: /192.168.3.201, port: 6689, network: null, txtRecord: deviceModel=DBBOX-A3romVersion=5.0.2.1findController=1sn=DOH5PRO8252185408mac=20:02:FE:1A:3F:37#deviceName=办公室的当贝盒子)deviceId=c4d7b3cac61ca3d40b1549272721544cdeviceModelNumber=H5P464 romCode=5021 with ID 2 and subtype null
10-30 10:40:24.192 I/okhttp.OkHttpClient( 1470): --> POST http://tymsgapi.qun7.com/v1/core/logip (616-byte body)
10-30 10:40:24.197 I/okhttp.OkHttpClient( 1470): --> POST http://tymsgapi.qun7.com/v1/core/appupdate (3364-byte body)
10-30 10:40:24.207 D/ConnectivityService( 705): NetReassign [no changes] [c 7] [a 0] [i 1]
10-30 10:40:24.207 D/BiliDeviceInfoProvider( 1515): insert uri=content://com.bili.xds.bilidev.provider | values=xds@buvid=XY26A082BE8608B256A305A7C4FA61F46F72E xds@buvid_update=1
10-30 10:40:24.208 W/bei.lerad.rocky( 1894): Method com.iflytek.aiui.AIUIAgent com.iflytek.aiui.AIUIAgent.createAgent(android.content.Context, java.lang.String, com.iflytek.aiui.AIUIListener) failed lock verification and will run slower.
10-30 10:40:24.208 W/bei.lerad.rocky( 1894): Common causes for lock verification issues are non-optimized dex code
10-30 10:40:24.208 W/bei.lerad.rocky( 1894): and incorrect proguard optimizations.
10-30 10:40:24.212 I/getBuvid( 2122): start5
10-30 10:40:24.220 D/CompatibilityChangeReporter( 1894): Compat change id reported: 263076149; UID 1000; state: DISABLED
10-30 10:40:24.224 D/TrafficStats( 1470): tagSocket(99) with statsTag=0xffffffff, statsUid=-1
10-30 10:40:24.225 E/dangbei111( 1470): cccccc 准备开始进行 startScanInner
10-30 10:40:24.225 E/dangbei111( 1470): cccccc 真正开始进入扫描流程啦
10-30 10:40:24.227 I/AiuiEngine( 1894): create aiui agent
10-30 10:40:24.227 D/RockyVoice_AiUiDelegate( 1894): 初始化成功
10-30 10:40:24.230 D/TrafficStats( 1470): tagSocket(100) with statsTag=0xffffffff, statsUid=-1
10-30 10:40:24.230 D/RockyNetMessageUtil( 1894): initTipsList tipEntity = null isRequestTipSuccess = false
10-30 10:40:24.231 D/TrafficStats( 1470): tagSocket(104) with statsTag=0xffffffff, statsUid=-1
10-30 10:40:24.253 D/TrafficStats( 1486): tagSocket(193) with statsTag=0xffffffff, statsUid=-1
10-30 10:40:24.255 D/TrafficStats( 1486): tagSocket(195) with statsTag=0xffffffff, statsUid=-1
10-30 10:40:24.258 W/System.err( 1894): java.lang.NoSuchMethodException: android.bluetooth.IBluetooth$Stub$Proxy.getAddress []
10-30 10:40:24.258 W/bei.lerad.rocky( 1894): Method com.iflytek.aiui.pro.o0 com.iflytek.aiui.utils.c.c(android.content.Context) failed lock verification and will run slower.
10-30 10:40:24.269 E/dangbei111( 1470): cccccc 检查遥控器是否连接: Dangbei C9:B5:96:5C:E3:D3
10-30 10:40:24.271 D/TrafficStats( 1486): tagSocket(120) with statsTag=0xffffffff, statsUid=-1
10-30 10:40:24.275 E/dangbei111( 1470): cccccc 检查遥控器是否连接: 蓝牙的结果 Dangbei C9:B5:96:5C:E3:D3 false
10-30 10:40:24.275 E/dangbei111( 1470): cccccc input中没有遥控器存在
10-30 10:40:24.275 E/dangbei111( 1470): cccccc 蓝牙状态连接 不是连接状态 啥都不干
10-30 10:40:24.277 E/dangbei111( 1470): cccccc 蓝牙状态连接 配对状态 啥都不做
10-30 10:40:24.277 E/dangbei111( 1470): 开始扫描 com.dangbei.remotecontroller.RCHelper$3@a124ab8
10-30 10:40:24.277 D/BluetoothAdapter( 1470): isLeEnabled(): ON
10-30 10:40:24.278 I/cr_WebViewApkApp( 2244): Launched version=116.0.5845.195 minSdkVersion=1 isBundle=false processName=com.android.webview:sandboxed_process0:org.chromium.content.app.SandboxedProcessService0:0
10-30 10:40:24.306 I/bt_stack( 1108): [INFO:le_scanning_manager.cc(155)] RegisterScanner in shim layer
10-30 10:40:24.306 D/CompatibilityChangeReporter( 1515): Compat change id reported: 183155436; UID 10077; state: DISABLED
10-30 10:40:24.310 I/okhttp.OkHttpClient( 1470): <-- 200 OK http://tymsgapi.qun7.com/v1/core/ykota (201ms, unknown-length body)
10-30 10:40:24.312 D/TrafficStats( 1486): tagSocket(203) with statsTag=0xffffffff, statsUid=-1
10-30 10:40:24.313 W/System.err( 1894): at java.lang.Class.getMethod(Class.java:2937)
10-30 10:40:24.314 W/System.err( 1894): at java.lang.Class.getMethod(Class.java:2449)
10-30 10:40:24.314 W/System.err( 1894): at com.dangbei.statistics.UtilCommon.getBluetoothAddressSdk23(UtilCommon.java:363)
10-30 10:40:24.314 W/System.err( 1894): at com.dangbei.statistics.UtilCommon.getBluetoothAddress(UtilCommon.java:333)
10-30 10:40:24.314 W/System.err( 1894): at com.dangbei.statistics.HttpBasicParamsInterceptor.lambda$create$26(HttpBasicParamsInterceptor.java:105)
10-30 10:40:24.314 W/System.err( 1894): at com.dangbei.statistics.-$$Lambda$HttpBasicParamsInterceptor$rmVfygJIBySIPZc0Bf7cpAPG2bY.call(Unknown Source:0)
10-30 10:40:24.314 W/System.err( 1894): at com.dangbei.statistics.library.Helper.callBackSelf(Helper.java:9)
10-30 10:40:24.314 W/System.err( 1894): at com.dangbei.statistics.HttpBasicParamsInterceptor.create(HttpBasicParamsInterceptor.java:105)
10-30 10:40:24.315 W/System.err( 1894): at com.dangbei.statistics.HttpBasicParamsInterceptor.lambda$init$0(HttpBasicParamsInterceptor.java:40)
10-30 10:40:24.315 W/System.err( 1894): at com.dangbei.statistics.-$$Lambda$HttpBasicParamsInterceptor$wo_01s0EQtjtRA0FDaKTO2uOKHM.accept(Unknown Source:2)
10-30 10:40:24.315 W/System.err( 1894): at io.reactivex.internal.operators.single.SingleDoOnSuccess$DoOnSuccess.onSuccess(SingleDoOnSuccess.java:54)
10-30 10:40:24.315 W/System.err( 1894): at io.reactivex.internal.operators.single.SingleObserveOn$ObserveOnSingleObserver.run(SingleObserveOn.java:81)
10-30 10:40:24.315 W/System.err( 1894): at io.reactivex.Scheduler$DisposeTask.run(Scheduler.java:578)
10-30 10:40:24.316 W/System.err( 1894): at io.reactivex.internal.schedulers.ScheduledRunnable.run(ScheduledRunnable.java:66)
10-30 10:40:24.316 W/System.err( 1894): at io.reactivex.internal.schedulers.ScheduledRunnable.call(ScheduledRunnable.java:57)
10-30 10:40:24.316 W/System.err( 1894): at java.util.concurrent.FutureTask.run(FutureTask.java:264)
10-30 10:40:24.316 W/System.err( 1894): at java.util.concurrent.ScheduledThreadPoolExecutor$ScheduledFutureTask.run(ScheduledThreadPoolExecutor.java:307)
10-30 10:40:24.316 W/System.err( 1894): at java.util.concurrent.ThreadPoolExecutor.runWorker(ThreadPoolExecutor.java:1145)
10-30 10:40:24.316 W/System.err( 1894): at java.util.concurrent.ThreadPoolExecutor$Worker.run(ThreadPoolExecutor.java:644)
10-30 10:40:24.317 W/System.err( 1894): at java.lang.Thread.run(Thread.java:1012)
10-30 10:40:24.317 D/BluetoothLeScanner( 1470): onScannerRegistered() - status=0 scannerId=1 mScannerId=0
10-30 10:40:24.317 I/okhttp.OkHttpClient( 1470): <-- 200 OK http://tymsgapi.qun7.com/v1/core/logip (124ms, 81-byte body)
10-30 10:40:24.327 I/UtilCommon( 1894): bluetoothMac=C0:E3:50:49:A6:6F
10-30 10:40:24.329 I/HttpUtil( 1470): success
10-30 10:40:24.330 I/cr_ChildProcessService( 2244): Creating new ChildProcessService pid=2244
10-30 10:40:24.335 D/TrafficStats( 1486): tagSocket(128) with statsTag=0xffffffff, statsUid=-1
10-30 10:40:24.340 V/GraphicsEnvironment( 2176): Currently set values for:
10-30 10:40:24.341 I/DrmHalHidl( 2122): No hidl drm factories found
10-30 10:40:24.340 V/GraphicsEnvironment( 2176): angle_gl_driver_selection_pkgs=[]
10-30 10:40:24.341 V/GraphicsEnvironment( 2176): angle_gl_driver_selection_values=[]
10-30 10:40:24.341 I/hwservicemanager( 247): getTransport: Cannot find entry android.hardware.drm@1.0::IDrmFactory/default in either framework or device VINTF manifest.
10-30 10:40:24.342 E/DrmHalHidl( 2122): Failed to find passthrough drm factories
10-30 10:40:24.342 V/GraphicsEnvironment( 2176): ANGLE GameManagerService for com.android.permissioncontroller: false
10-30 10:40:24.342 V/GraphicsEnvironment( 2176): com.android.permissioncontroller is not listed in per-application setting
10-30 10:40:24.342 W/bei.lerad.rocky( 1894): Method java.lang.String com.iflytek.aiui.utils.l.o(android.content.Context) failed lock verification and will run slower.
10-30 10:40:24.342 V/GraphicsEnvironment( 2176): Neither updatable production driver nor prerelease driver is supported.
10-30 10:40:24.344 I/DrmUtils( 2122): found IDrmFactory. Instance name:[android.hardware.drm.IDrmFactory/clearkey]
10-30 10:40:24.353 D/TrafficStats( 1470): tagSocket(101) with statsTag=0xffffffff, statsUid=-1
10-30 10:40:24.356 I/DrmUtils( 2122): found IDrmFactory. Instance name:[android.hardware.drm.IDrmFactory/widevine]
10-30 10:40:24.359 I/WVCdm ( 500): [cdm_engine.cpp(1089):IsSecurityLevelSupported] level = L1
10-30 10:40:24.359 I/WVCdm ( 500): [file_utils.cpp(38):Exists] stat failed: ENOENT
10-30 10:40:24.359 I/WVCdm ( 500): [oemcrypto_adapter_dynamic.cpp(783):Initialize] Level 3 Build Info (v18): {"soc_vendor":"L3_34136","soc_model":"ARM 32 bit","ta_ver":"18.1.0+May 15 2024_23:17:25_","uses_opk":false,"tee_os":"none","tee_os_ver":"0.0.0","form_factor":"L3","implementer":"Widevine","fused":false}
10-30 10:40:24.377 I/okhttp.OkHttpClient( 1470): <-- 200 OK http://tymsgapi.qun7.com/v1/core/appupdate (180ms, unknown-length body)
10-30 10:40:24.379 I/okhttp.OkHttpClient( 1470): <-- 200 OK http://tymsgapi.qun7.com/v1/core/rom (229ms, unknown-length body)
10-30 10:40:24.393 I/WVCdm ( 500): [(0):] Level3 Library 34136 May 15 2024 23:17:25
10-30 10:40:24.418 I/bt_stack( 1108): [INFO:le_scanning_manager.cc(168)] Scan in shim layer started
10-30 10:40:24.418 I/bluetooth( 1108): packages/modules/Bluetooth/system/gd/hci/le_scanning_manager.cc:588 stop_scan: Scanning already stopped, return!
10-30 10:40:24.418 D/bt_vendor( 470): op for 7
10-30 10:40:24.418 D/bt_upio ( 470): upio_set : pio 0 action 2, polarity 1
10-30 10:40:24.418 D/bt_upio ( 470): begin open btwrite.
10-30 10:40:24.419 E/bt_upio ( 470): upio_set : open(/proc/bluetooth/sleep/btwrite) for write failed: No such file or directory (2)
10-30 10:40:24.419 I/bluetooth( 1108): packages/modules/Bluetooth/system/gd/hci/le_address_manager.cc:178 register_client: Client registered
10-30 10:40:24.422 I/bt_stack( 1108): [INFO:le_scanning_manager.cc(168)] Scan in shim layer stopped
10-30 10:40:24.422 I/bluetooth( 1108): packages/modules/Bluetooth/system/gd/hci/le_address_manager.cc:193 unregister_client: Client unregistered
10-30 10:40:24.422 I/bt_stack( 1108): [INFO:le_scanning_manager.cc(346)] SetScanParameters in shim layer
10-30 10:40:24.422 I/bt_stack( 1108): [INFO:le_scanning_manager.cc(168)] Scan in shim layer started
10-30 10:40:24.422 I/bluetooth( 1108): packages/modules/Bluetooth/system/gd/hci/le_scanning_manager.cc:588 stop_scan: Scanning already stopped, return!
10-30 10:40:24.422 I/bluetooth( 1108): packages/modules/Bluetooth/system/gd/hci/le_address_manager.cc:178 register_client: Client registered
10-30 10:40:24.423 D/ActivityAttributionService( 1108): notifyActivityAttributionInfo UID=1002 packageName=com.android.bluetooth deviceAddress=no_active_device_address
10-30 10:40:24.424 I/bt_btif ( 1108): packages/modules/Bluetooth/system/btif/src/bluetooth.cc:829 get_profile_interface: get_profile_interface: id = activity_attribution
10-30 10:40:24.425 E/dangbei111( 1470): cccccc requestRemoteInfoInner BaseResponse{message='success', data=null, code=0}
10-30 10:40:24.425 W/System.err( 1470): java.lang.NullPointerException: Attempt to invoke virtual method 'java.lang.String com.etna.haqu.model.business.bean.db.remote.RemoteUpdateBean.getDownloadId()' on a null object reference
10-30 10:40:24.426 W/System.err( 1470): at com.dangbei.etna.update.remote.RemoteUpdateHelper$requestRemoteInfoInner$1$2.invoke(RemoteUpdateHelper.kt:199)
10-30 10:40:24.426 W/System.err( 1470): at com.dangbei.etna.update.remote.RemoteUpdateHelper$requestRemoteInfoInner$1$2.invoke(RemoteUpdateHelper.kt:188)
10-30 10:40:24.426 W/System.err( 1470): at com.etna.haqu.support.ext.FlowExtKt$safeCollect$3.emit(FlowExt.kt:52)
10-30 10:40:24.426 W/System.err( 1470): at kotlinx.coroutines.flow.FlowKt__ErrorsKt$catchImpl$2.emit(Errors.kt:158)
10-30 10:40:24.426 W/System.err( 1470): at kotlinx.coroutines.flow.FlowKt__ChannelsKt.emitAllImpl$FlowKt__ChannelsKt(Channels.kt:62)
10-30 10:40:24.426 W/System.err( 1470): at kotlinx.coroutines.flow.FlowKt__ChannelsKt.access$emitAllImpl$FlowKt__ChannelsKt(Channels.kt:1)
10-30 10:40:24.426 W/System.err( 1470): at kotlinx.coroutines.flow.FlowKt__ChannelsKt$emitAllImpl$1.invokeSuspend(Unknown Source:14)
10-30 10:40:24.426 W/System.err( 1470): at kotlin.coroutines.jvm.internal.BaseContinuationImpl.resumeWith(ContinuationImpl.kt:33)
10-30 10:40:24.426 W/System.err( 1470): at kotlinx.coroutines.DispatchedTask.run(DispatchedTask.kt:106)
10-30 10:40:24.426 W/System.err( 1470): at android.os.Handler.handleCallback(Handler.java:958)
10-30 10:40:24.426 W/System.err( 1470): at android.os.Handler.dispatchMessage(Handler.java:99)
10-30 10:40:24.426 W/System.err( 1470): at android.os.Looper.loopOnce(Looper.java:205)
10-30 10:40:24.426 W/System.err( 1470): at android.os.Looper.loop(Looper.java:294)
10-30 10:40:24.426 W/System.err( 1470): at android.app.ActivityThread.main(ActivityThread.java:8255)
10-30 10:40:24.426 W/System.err( 1470): at java.lang.reflect.Method.invoke(Native Method)
10-30 10:40:24.426 W/System.err( 1470): at com.android.internal.os.RuntimeInit$MethodAndArgsCaller.run(RuntimeInit.java:552)
10-30 10:40:24.426 W/System.err( 1470): at com.android.internal.os.ZygoteInit.main(ZygoteInit.java:978)
10-30 10:40:24.429 E/ccc ( 1470): cccccc com.dangbei.haqusetting not connect
10-30 10:40:24.430 E/ccc ( 1470): cccccc updateHelper 通知更新
10-30 10:40:24.430 E/dangbei111( 1470): cccccc requestRemoteInfoInner 出现异常 Attempt to invoke virtual method 'java.lang.String com.etna.haqu.model.business.bean.db.remote.RemoteUpdateBean.getDownloadId()' on a null object reference
10-30 10:40:24.431 I/cr_BiliCrLibraryLoader( 2122): BiliCr version: 88.0.4324.188, arch: armv8l
10-30 10:40:24.432 I/WVCdm ( 500): [oemcrypto_adapter_dynamic.cpp(797):Initialize] L3 Initialized. Trying L1.
10-30 10:40:24.432 D/TrafficStats( 705): tagSocket(392) with statsTag=0xffffffff, statsUid=-1
10-30 10:40:24.432 W/WVCdm ( 500): [oemcrypto_adapter_dynamic.cpp(810):Initialize] Could not load oemcrypto from path liboemcrypto.so. dlopen failed: library "liboemcrypto.so" not found
10-30 10:40:24.433 W/WVCdm ( 500): [oemcrypto_adapter_dynamic.cpp(814):Initialize] Could not load oemcrypto. Falling back to L3.
10-30 10:40:24.433 E/WVCdm ( 500): [oemcrypto_adapter_dynamic.cpp(1271):ValidateOrInstallL1KeyboxOrCert] L1 not initialized. Falling back to L3
10-30 10:40:24.433 I/WVCdm ( 500): [file_utils.cpp(38):Exists] stat failed: ENOENT
10-30 10:40:24.433 W/WVCdm ( 500): [oemcrypto_adapter_dynamic.cpp(1470):OEMCrypto_InitializeAndCheckKeybox] Keybox error: 25. Falling back to L3.
10-30 10:40:24.433 I/WVCdm ( 500): [oemcrypto_adapter_dynamic.cpp(846):Level1Terminate] L1 Terminate not needed
10-30 10:40:24.433 D/WVCdm ( 500): [crypto_session.cpp(472):CacheVersion] OEMCrypto version (default security level): 18.1
10-30 10:40:24.433 D/WVCdm ( 500): [crypto_session.cpp(481):CacheVersion] OEMCrypto version (L3 security level): 18.1
10-30 10:40:24.433 I/DrmHalHidl( 2122): No hidl drm factories found
10-30 10:40:24.434 I/hwservicemanager( 247): getTransport: Cannot find entry android.hardware.drm@1.0::IDrmFactory/default in either framework or device VINTF manifest.
10-30 10:40:24.435 E/DrmHalHidl( 2122): Failed to find passthrough drm factories
10-30 10:40:24.435 I/okhttp.OkHttpClient( 1470): <-- 200 OK http://tyapi.qun7.com/v1/core/launcherota (297ms, unknown-length body)
10-30 10:40:24.437 I/DrmUtils( 2122): found IDrmFactory. Instance name:[android.hardware.drm.IDrmFactory/clearkey]
10-30 10:40:24.438 D/RockyNetMessageUtil( 1894): initMediaControlPage pageEntity = null isRequestPageControlSuccess = false
10-30 10:40:24.441 D/TrafficStats( 1486): tagSocket(120) with statsTag=0xffffffff, statsUid=-1
10-30 10:40:24.443 D/ConnectivityService( 705): requestNetwork for uid/pid:10077/2122 activeRequest: null callbackRequest: 49 [NetworkRequest [ REQUEST id=50, [ Capabilities: INTERNET&NOT_RESTRICTED&TRUSTED&NOT_VCN_MANAGED Uid: 10077 RequestorUid: 10077 RequestorPkg: com.xiaodianshi.tv.yst UnderlyingNetworks: Null] ]] callback flags: 0 order: 2147483647
10-30 10:40:24.445 I/DrmUtils( 2122): found IDrmFactory. Instance name:[android.hardware.drm.IDrmFactory/widevine]
10-30 10:40:24.447 W/chromium( 2122): [1030/104024.446824:WARNING:httpdns_adapter.cc(320)] HttpDns init
10-30 10:40:24.445 D/WifiNetworkFactory( 705): got request NetworkRequest [ REQUEST id=50, [ Capabilities: INTERNET&NOT_RESTRICTED&TRUSTED&NOT_VCN_MANAGED Uid: 10077 RequestorUid: 10077 RequestorPkg: com.xiaodianshi.tv.yst UnderlyingNetworks: Null] ]
10-30 10:40:24.448 D/UntrustedWifiNetworkFactory( 705): got request NetworkRequest [ REQUEST id=50, [ Capabilities: INTERNET&NOT_RESTRICTED&TRUSTED&NOT_VCN_MANAGED Uid: 10077 RequestorUid: 10077 RequestorPkg: com.xiaodianshi.tv.yst UnderlyingNetworks: Null] ]
10-30 10:40:24.450 I/WVCdm-DrmFactory( 500): [app][com.xiaodianshi.tv.yst] calling virtual ::ndk::ScopedAStatus wvdrm::hardware::drm::widevine::WVDrmFactory::createDrmPlugin(const Uuid &, const string &, std::shared_ptr< ::aidl::android::hardware::drm::IDrmPlugin> *)
10-30 10:40:24.450 D/WVCdm ( 500): Instantiating CDM.
10-30 10:40:24.448 D/OemPaidWifiNetworkFactory( 705): got request NetworkRequest [ REQUEST id=50, [ Capabilities: INTERNET&NOT_RESTRICTED&TRUSTED&NOT_VCN_MANAGED Uid: 10077 RequestorUid: 10077 RequestorPkg: com.xiaodianshi.tv.yst UnderlyingNetworks: Null] ]
10-30 10:40:24.451 D/MultiInternetWifiNetworkFactory( 705): got request NetworkRequest [ REQUEST id=50, [ Capabilities: INTERNET&NOT_RESTRICTED&TRUSTED&NOT_VCN_MANAGED Uid: 10077 RequestorUid: 10077 RequestorPkg: com.xiaodianshi.tv.yst UnderlyingNetworks: Null] ]
10-30 10:40:24.452 D/WVCdm ( 500): [cdm_engine.cpp(581):QueryStatus] security_level = Default, query_token = WidevineCdmVersion
10-30 10:40:24.453 D/WVCdm ( 500): [cdm_engine.cpp(581):QueryStatus] security_level = Default, query_token = DeviceID
10-30 10:40:24.453 D/WVCdm ( 500): [crypto_session.cpp(924):Open] Opening crypto session: requested_security_level = Default
10-30 10:40:24.453 D/WVCdm ( 500): [cdm_usage_table.cpp(162):Init] security_level = L3
10-30 10:40:24.453 D/WVCdm ( 500): [cdm_usage_table.cpp(511):DetermineTableCapacity] capacity = unlimited, security_level = L3
10-30 10:40:24.453 I/WVCdm ( 500): [cdm_usage_table.cpp(203):RestoreTable] Found usage table to restore: entry_count = 0
10-30 10:40:24.455 I/WVCdm ( 500): [file_utils.cpp(38):Exists] stat failed: ENOENT
10-30 10:40:24.457 D/WVCdm ( 500): [cdm_engine.cpp(581):QueryStatus] security_level = Default, query_token = SecurityLevel
10-30 10:40:24.457 D/ConnectivityService( 705): NetReassign [50 : null → 100] [c 1] [a 1] [i 1]
10-30 10:40:24.460 D/TrafficStats( 1486): tagSocket(137) with statsTag=0xffffffff, statsUid=-1
10-30 10:40:24.462 E/ccc ( 1470): cccccc requestOtaInfo result BaseResponse{message='success', data=OtaUpdateBean{downloadId='3859', updateType=1, romVersionName='5.0.2.1', romCode=5555, current=0, romMd5v='76d6f84e5015ee4daa2fa8eceeb17521', romLength=1116567817, romSize='1.0 GB', downUrl='http://dl.qun7.com/H5/H5Pro/5.0.2.1_20251030_OTA_release/new_H5P-905X5M-20251030-ota.zip', reUrl='http://dl.v5tv.com/H5/H5Pro/5.0.2.1_20251030_OTA_release/new_H5P-905X5M-20251030-ota.zip', reUrl2='http://dl.tymcdn.com/H5/H5Pro/5.0.2.1_20251030_OTA_release/new_H5P-905X5M-20251030-ota.zip', tempUrl='null', remark='20251031冒烟测试', status=idle, progress=0.0, filterMac=[], localPath='null', popup=1, isPaused=false, cancelled=false, extraInfo='null'}, code=0}
10-30 10:40:24.464 E/ccc ( 1470): cccccc com.dangbei.haqusetting not connect
10-30 10:40:24.464 E/ccc ( 1470): cccccc updateHelper 通知更新
10-30 10:40:24.464 E/ccc ( 1470): cccccc OtaUpdateHelper 普通更新 1
10-30 10:40:24.465 E/WVCdm ( 500): [wv_content_decryption_module.cpp(563):GetCurrentMetricsInternal] Cdm Identifier not found
10-30 10:40:24.475 D/ConnectivityService( 705): NetReassign [no changes] [c 0] [a 5] [i 1]
10-30 10:40:24.477 I/TribeFawkes( 2122): CheckSystemTimeHelper.check()false
10-30 10:40:24.478 D/XHttpObservable( 1894): handleRequest: start https://tyapi.qun7.com/v1/voice/getsoundshowmsg ,,, isCache = false
10-30 10:40:24.478 E/WVCdm ( 500): [wv_content_decryption_module.cpp(646):CloseCdm] Cdm Identifier not found
10-30 10:40:24.478 E/WVCdm ( 500): Failed to close cdm. status 12
10-30 10:40:24.480 W/Looper ( 985): Slow dispatch took 1203ms SysUiBg h=android.os.Handler c=android.app.LoadedApk$ReceiverDispatcher$Args$$ExternalSyntheticLambda0@2f982f5 m=0
10-30 10:40:24.492 E/ccc ( 1470): cccccc launcher ota response is BaseResponse{message='success', data=UpgradeInfoEntity{contentLength=32258786, versionName='2.9.4.4', versionCode=102944, remark='桌面支持模式切换,新增加长辈模式,老人内容浏览更便捷', list=[LauncherUpdateBean{downloadId='1', packName='com.dangbei.leard.leradlauncher', versionName='2.9.4.4', versionCode=102944, downUrl='http://dl.qun7.com/tyapp/2025-07-23/68808d385cbb2.apk', reUrl='http://dl.v5tv.com/tyapp/2025-07-23/68808d385cbb2.apk', reUrl2='http://dl.qun7.com/tyapp/2025-07-23/68808d385cbb2.apk', contentLength=32258786, md5v='5ae28b4c818de18a92f919ea30701c77', tempUrl='null', desc='null', status=idle, progress=0.0, isPaused=false, cancelled=false, extraInfo='null', localPath='null', current=0, create_time=0, remark='null', upType=0}, LauncherUpdateBean{downloadId='2', packName='', versionName='2.9.4.4', versionCode=102944, downUrl='', reUrl='', reUrl2='', contentLength=0, md5v='', tempUrl='null', desc='null', status=idle, progress=0.0, isPaused=false, cancelled=false, extraInfo='null', localPath='null', current=0, create_time=0, remark='null', upType=0}, LauncherUpdateBean{downloadId='3', packName='', versionName='2.9.4.4', versionCode=102944, downUrl='', reUrl='', reUrl2='', contentLength=0, md5v='', tempUrl='null', desc='null', status=idle, progress=0.0, isPaused=false, cancelled=false, extraInfo='null', localPath='null', current=0, create_time=0, remark='null', upType=0}]}, code=0}
10-30 10:40:24.493 E/ccc ( 1470): cccccc local code is 102944 net code is 102944
10-30 10:40:24.495 W/Looper ( 985): Slow delivery took 2005ms SysUiBg h=android.net.ConnectivityManager$CallbackHandler c=null m=2
10-30 10:40:24.498 D/BLogHelper( 2122): level=4
10-30 10:40:24.504 E/ccc ( 1470): cccccc requestLauncherUpdateInfo BaseResponse{message='success', data=UpgradeInfoEntity{contentLength=32258786, versionName='2.9.4.4', versionCode=102944, remark='桌面支持模式切换,新增加长辈模式,老人内容浏览更便捷', list=[LauncherUpdateBean{downloadId='1', packName='com.dangbei.leard.leradlauncher', versionName='2.9.4.4', versionCode=102944, downUrl='http://dl.qun7.com/tyapp/2025-07-23/68808d385cbb2.apk', reUrl='http://dl.v5tv.com/tyapp/2025-07-23/68808d385cbb2.apk', reUrl2='http://dl.qun7.com/tyapp/2025-07-23/68808d385cbb2.apk', contentLength=32258786, md5v='5ae28b4c818de18a92f919ea30701c77', tempUrl='null', desc='null', status=idle, progress=0.0, isPaused=false, cancelled=false, extraInfo='null', localPath='null', current=0, create_time=0, remark='null', upType=0}, LauncherUpdateBean{downloadId='2', packName='', versionName='2.9.4.4', versionCode=102944, downUrl='', reUrl='', reUrl2='', contentLength=0, md5v='', tempUrl='null', desc='null', status=idle, progress=0.0, isPaused=false, cancelled=false, extraInfo='null', localPath='null', current=0, create_time=0, remark='null', upType=0}, LauncherUpdateBean{downloadId='3', packName='', versionName='2.9.4.4', versionCode=102944, downUrl='', reUrl='', reUrl2='', contentLength=0, md5v='', tempUrl='null', desc='null', status=idle, progress=0.0, isPaused=false, cancelled=false, extraInfo='null', localPath='null', current=0, create_time=0, remark='null', upType=0}]}, code=0}
10-30 10:40:24.510 D/TrafficStats( 1486): tagSocket(133) with statsTag=0xffffffff, statsUid=-1
10-30 10:40:24.516 E/NeuronEventScanner( 1515): [thread_report] release called.
10-30 10:40:24.517 I/WVCdm ( 500): [(0):] L3 Terminate.
10-30 10:40:24.517 D/TrafficStats( 1486): tagSocket(135) with statsTag=0xffffffff, statsUid=-1
10-30 10:40:24.517 E/NeuronEventChecker( 1515): [thread_report] release called.
10-30 10:40:24.520 D/BLOG-EVENT-Network( 2122): network changed: 3=>1
10-30 10:40:24.546 I/carui ( 2176): CarUi plugin is disabled
10-30 10:40:24.556 D/XHttpObservable( 1894): handleRequest: start https://tyapi.qun7.com/v1/voice/getResponseControlPage ,,, isCache = false
10-30 10:40:24.558 D/TrafficStats( 1894): tagSocket(84) with statsTag=0xffffffff, statsUid=-1
10-30 10:40:24.579 D/TrafficStats( 1486): tagSocket(137) with statsTag=0xffffffff, statsUid=-1
10-30 10:40:24.588 I/chromium( 2122): [1030/104024.588388:INFO:httpdns.cc(381)] OnEffectiveConnectionTypeChanged called by httpdns context networks 5
10-30 10:40:24.602 W/SoundPool( 1894): Use of stream types is deprecated for operations other than volume control
10-30 10:40:24.603 W/SoundPool( 1894): See the documentation of SoundPool() for what to use instead with android.media.AudioAttributes to qualify your playback use case
10-30 10:40:24.612 D/TrafficStats( 1486): tagSocket(131) with statsTag=0xffffffff, statsUid=-1
10-30 10:40:24.642 W/Looper ( 1894): Slow delivery took 2044ms main h=android.app.ActivityThread$H c=null m=115
10-30 10:40:24.643 D/RockyVoice( 1894): RestartReceiver onReceive
10-30 10:40:24.685 D/RockyReceiver( 1894): action: android.net.wifi.WIFI_STATE_CHANGED
10-30 10:40:24.689 I/Receiver( 1894): 网络连接成功
10-30 10:40:24.690 D/RockyReceiver( 1894): action: android.net.conn.CONNECTIVITY_CHANGE
10-30 10:40:24.692 I/Receiver( 1894): 网络连接成功
10-30 10:40:24.692 D/RockyReceiver( 1894): action: android.net.wifi.STATE_CHANGE
10-30 10:40:24.697 I/Receiver( 1894): 网络连接成功
10-30 10:40:24.730 W/Role ( 2176): Cannot get ApplicationInfo for default holder: com.android.messaging
10-30 10:40:24.811 D/CompatibilityChangeReporter( 705): Compat change id reported: 135634846; UID 10016; state: DISABLED
10-30 10:40:24.811 D/CompatibilityChangeReporter( 705): Compat change id reported: 177438394; UID 10016; state: DISABLED
10-30 10:40:24.811 D/CompatibilityChangeReporter( 705): Compat change id reported: 135772972; UID 10016; state: DISABLED
10-30 10:40:24.811 D/CompatibilityChangeReporter( 705): Compat change id reported: 135754954; UID 10016; state: ENABLED
10-30 10:40:24.812 D/CompatibilityChangeReporter( 705): Compat change id reported: 143937733; UID 10016; state: ENABLED
10-30 10:40:24.852 I/WifiHAL ( 493): call wifi_get_link_stats handler
10-30 10:40:24.852 I/WifiHAL ( 493): Creating message to get link statistics; iface = 16
10-30 10:40:24.852 D/WifiHAL ( 493): error code -95 mapped to -3
10-30 10:40:24.856 E/WifiStaIfaceAidlImpl( 705): getLinkLayerStats failed with service-specific exception: android.os.ServiceSpecificException: (code 4)
10-30 10:40:24.871 D/InstantWifi( 705): Receive Wifi is connected, freq = 5745 and currentNetworkId : 0, wifiinfo = SSID: , BSSID: 02:00:00:00:00:00, MAC: 02:00:00:00:00:00, IP: /192.168.3.201, Security type: 2, Supplicant state: COMPLETED, Wi-Fi standard: 6, RSSI: -48, Link speed: 1200Mbps, Tx Link speed: 1200Mbps, Max Supported Tx Link speed: 1200Mbps, Rx Link speed: 6Mbps, Max Supported Rx Link speed: 1200Mbps, Frequency: 5745MHz, Net ID: -1, Metered hint: false, score: 60, isUsable: true, CarrierMerged: false, SubscriptionId: -1, IsPrimary: 1, Trusted: true, Restricted: false, Ephemeral: false, OEM paid: false, OEM private: false, OSU AP: false, FQDN: , Provider friendly name: , Requesting package name: MLO Information: , Is TID-To-Link negotiation supported by the AP: false, AP MLD Address: , AP MLO Link Id: , AP MLO Affiliated links:
10-30 10:40:24.875 D/CompatibilityChangeReporter( 2176): Compat change id reported: 194532703; UID 10067; state: ENABLED
10-30 10:40:24.875 D/CompatibilityChangeReporter( 2176): Compat change id reported: 253665015; UID 10067; state: ENABLED
10-30 10:40:24.879 D/Zygote ( 457): Forked child process 2365
10-30 10:40:24.880 W/ActivityManager( 705): Slow operation: 69ms so far, now at startProcess: returned from zygote!
10-30 10:40:24.880 W/ActivityManager( 705): Slow operation: 70ms so far, now at startProcess: done updating battery stats
10-30 10:40:24.880 W/ActivityManager( 705): Slow operation: 70ms so far, now at startProcess: building log message
10-30 10:40:24.880 I/ActivityManager( 705): Start proc 2365:com.android.providers.calendar/u0a16 for broadcast {com.android.providers.calendar/com.android.providers.calendar.CalendarReceiver}
10-30 10:40:24.880 W/ActivityManager( 705): Slow operation: 70ms so far, now at startProcess: starting to update pids map
10-30 10:40:24.880 W/ActivityManager( 705): Slow operation: 70ms so far, now at startProcess: done updating pids map
10-30 10:40:24.880 W/Looper ( 1894): Drained
10-30 10:40:24.884 D/CompatibilityChangeReporter( 705): Compat change id reported: 253665015; UID 10067; state: ENABLED
10-30 10:40:24.885 D/CompatibilityChangeReporter( 705): Compat change id reported: 194532703; UID 10067; state: ENABLED
10-30 10:40:24.903 I/Zygote ( 2365): seccomp disabled by setenforce 0
10-30 10:40:24.909 I/viders.calendar( 2365): Using CollectorTypeCC GC.
10-30 10:40:24.915 E/viders.calendar( 2365): Not starting debugger since process cannot load the jdwp agent.
10-30 10:40:24.927 D/CompatibilityChangeReporter( 705): Compat change id reported: 168419799; UID 10016; state: DISABLED
10-30 10:40:24.927 D/CompatibilityChangeReporter( 705): Compat change id reported: 273564678; UID 10016; state: DISABLED
10-30 10:40:24.941 D/CompatibilityChangeReporter( 705): Compat change id reported: 265195908; UID 10016; state: ENABLED
10-30 10:40:24.949 D/TrafficStats( 1894): tagSocket(115) with statsTag=0xffffffff, statsUid=-1
10-30 10:40:24.954 D/TrafficStats( 1894): tagSocket(116) with statsTag=0xffffffff, statsUid=-1
10-30 10:40:24.974 I/HibernationPolicy( 2176): scheduleHibernationJob with frequency 1296000000ms and threshold 7776000000ms
10-30 10:40:24.999 D/CompatibilityChangeReporter( 2365): Compat change id reported: 171979766; UID 10016; state: ENABLED
10-30 10:40:24.999 D/CompatibilityChangeReporter( 2365): Compat change id reported: 242716250; UID 10016; state: ENABLED
10-30 10:40:25.003 D/CompatibilityChangeReporter( 985): Compat change id reported: 186082280; UID 10052; state: ENABLED
10-30 10:40:25.003 D/CompatibilityChangeReporter( 705): Compat change id reported: 170503758; UID 10016; state: ENABLED
10-30 10:40:25.006 I/HibernationPolicy( 2176): user 0 is a profileowner. Running hibernation job.
10-30 10:40:25.021 I/HibernationPolicy( 2176): Job already scheduled.
10-30 10:40:25.105 D/nativeloader( 2365): Configuring clns-shared-4 for other apk /system/priv-app/CalendarProvider/CalendarProvider.apk. target_sdk_version=34, uses_libraries=, library_path=/system/priv-app/CalendarProvider/lib/arm:/system/lib:/system_ext/lib, permitted_path=/data:/mnt/expand:/data/user/0/com.android.providers.calendar:/system/priv-app/CalendarProvider:/system/lib:/system_ext/lib
10-30 10:40:25.152 D/CompatibilityChangeReporter( 705): Compat change id reported: 143937733; UID 10051; state: ENABLED
10-30 10:40:25.176 D/CompatibilityChangeReporter( 1515): Compat change id reported: 214741472; UID 10077; state: DISABLED
10-30 10:40:25.199 W/Looper ( 1515): Slow delivery took 2024ms main h=android.app.ActivityThread$H c=android.app.LoadedApk$ReceiverDispatcher$Args$$ExternalSyntheticLambda0@ec224cd m=0
10-30 10:40:25.201 D/BLOG-EVENT-Network( 1515): network changed: 3=>1
10-30 10:40:25.201 D/BLOG-EVENT-Network( 1515): network changed: 3=>1
10-30 10:40:25.202 I/Receiver( 1894): ----------netConnectInitSDK--------------
10-30 10:40:25.203 D/RockyNetMessageUtil( 1894): initTipsList tipEntity = TipEntity{movieType=[我想看喜剧片, 动作片, 枪战片], movie=[庆余年, 误杀, 美丽人生, 爆笑虫子, 哪吒, 小猪佩奇, 胡歌的电视剧, 张艺谋导演的电影, 切换到1080P, 收藏], appController=[打开当贝市场, 下载哈趣影视, 爱奇艺, 卸载腾讯视频], weather=[今天的天气, 未来五天的天气, 杭州天气怎么样, 明天下不下雨], music=[我要听歌, 周杰伦的歌, 上一首, 下一首, 快进一分钟, 暂停], liveAppDownload='非常抱歉,根据监管部门政策管理要求,暂不提供相应服务。', subscreen=null, wakeUpVoiceResponse=[ProbabilityEntity{word='在呢', probability=30}, ProbabilityEntity{word='我在', probability=35}, ProbabilityEntity{word='你说', probability=15}, ProbabilityEntity{word='来啦', probability=20}], unrecognizedVoiceResponse=[ProbabilityEntity{word='可以再说一遍么', probability=45}, ProbabilityEntity{word='可以说的详细一点么', probability=30}, ProbabilityEntity{word='请问有什么可以帮您', probability=25}], notUnderstandVoiceResponse=[ProbabilityEntity{word='换个说法试试吧', probability=100}]} isRequestTipSuccess = false
10-30 10:40:25.203 V/GraphicsEnvironment( 2365): Currently set values for:
10-30 10:40:25.203 V/GraphicsEnvironment( 2365): angle_gl_driver_selection_pkgs=[]
10-30 10:40:25.203 V/GraphicsEnvironment( 2365): angle_gl_driver_selection_values=[]
10-30 10:40:25.204 V/GraphicsEnvironment( 2365): ANGLE GameManagerService for com.android.providers.calendar: false
10-30 10:40:25.204 V/GraphicsEnvironment( 2365): com.android.providers.calendar is not listed in per-application setting
10-30 10:40:25.204 V/GraphicsEnvironment( 2365): Neither updatable production driver nor prerelease driver is supported.
10-30 10:40:25.205 D/RockyNetMessageUtil( 1894): initMediaControlPage pageEntity = PageEntity{list=[ContentEntity{packageName='com.dangbei.leard.leradlauncher', activityName='FilmDetailActivity'}, ContentEntity{packageName='com.dangbei.leard.leradlauncher', activityName='FullScreenDetailActivity'}, ContentEntity{packageName='com.dangbei.leard.leradlauncher', activityName='TencentSportActivity'}, ContentEntity{packageName='com.dangbei.leradVideoPlugins', activityName='FilmDetailActivity'}, ContentEntity{packageName='com.dangbei.leradVideoPlugins', activityName='FullScreenDetailActivity'}, ContentEntity{packageName='com.dangbei.leradVideoPlugins', activityName='TencentSportActivity'}, ContentEntity{packageName='com.dangbei.leradVideoPlugins', activityName='ShortPlayActivity'}, ContentEntity{packageName='com.dangbei.hqmedia', activityName='FilmDetailActivity'}, ContentEntity{packageName='com.dangbei.hqmedia', activityName='FullScreenDetailActivity'}, ContentEntity{packageName='com.dangbei.leradVideoPlugins', activityName='MangoMediaActivity'}, ContentEntity{packageName='com.dangbei.leradVideoPlugins', activityName='VcinemaActivity'}]} isRequestPageControlSuccess = false
10-30 10:40:25.218 W/chromium( 1515): [1030/104025.218610:WARNING:record_cache.cc(53)] Cache on network changed cache_policy {disable_clear=1, enable_multi_caches=1}
10-30 10:40:25.221 D/EventBus( 1515): No subscribers registered for event class com.xiaodianshi.tv.yst.util.MessageEvent
10-30 10:40:25.221 D/EventBus( 1515): No subscribers registered for event class org.greenrobot.eventbus.NoSubscriberEvent
10-30 10:40:25.235 V/SafetyCenterBackgroundR( 2176): Received a android.intent.action.BOOT_COMPLETED broadcast, but safety center is currently disabled. Cancelling any existing job.
10-30 10:40:25.251 D/TrafficStats( 1515): tagSocket(185) with statsTag=0xffffffff, statsUid=-1
10-30 10:40:25.258 V/MediaPlayerList( 1108): onActiveSessionsChanged: number of controllers: 0
10-30 10:40:25.258 D/AvrcpTargetJni( 1108): sendPlayerSettingsNative
10-30 10:40:25.258 I/bt_stack( 1108): [INFO:avrcp_service.cc(551)] virtual void bluetooth::avrcp::AvrcpService::SendPlayerSettingsChanged(std::vector, std::vector)
10-30 10:40:25.258 I/bt_stack( 1108): [INFO:avrcp_service.cc(565)] attribute=PlayerAttribute::REPEAT : value=PlayerRepeatValue::OFF
10-30 10:40:25.258 I/bt_stack( 1108): attribute=PlayerAttribute::SHUFFLE : value=PlayerShuffleValue::OFF
10-30 10:40:25.258 I/bt_stack( 1108):
10-30 10:40:25.259 I/MediaSessionStack( 705): removeSession | record: com.xiaodianshi.tv.yst/YstMediaService (userId=0)
10-30 10:40:25.262 V/MediaPlayerList( 1108): onActiveSessionsChanged: number of controllers: 0
10-30 10:40:25.262 D/AvrcpTargetJni( 1108): sendPlayerSettingsNative
10-30 10:40:25.262 I/bt_stack( 1108): [INFO:avrcp_service.cc(551)] virtual void bluetooth::avrcp::AvrcpService::SendPlayerSettingsChanged(std::vector, std::vector)
10-30 10:40:25.262 I/bt_stack( 1108): [INFO:avrcp_service.cc(565)] attribute=PlayerAttribute::REPEAT : value=PlayerRepeatValue::OFF
10-30 10:40:25.262 I/bt_stack( 1108): attribute=PlayerAttribute::SHUFFLE : value=PlayerShuffleValue::OFF
10-30 10:40:25.262 I/bt_stack( 1108):
10-30 10:40:25.266 D/Zygote ( 457): Forked child process 2396
10-30 10:40:25.267 W/ActivityManager( 705): Slow operation: 117ms so far, now at startProcess: returned from zygote!
10-30 10:40:25.267 W/ActivityManager( 705): Slow operation: 117ms so far, now at startProcess: done updating battery stats
10-30 10:40:25.267 W/ActivityManager( 705): Slow operation: 117ms so far, now at startProcess: building log message
10-30 10:40:25.267 I/ActivityManager( 705): Start proc 2396:com.android.webview:webview_service/u0a51 for service {com.android.webview/org.chromium.android_webview.services.ComponentsProviderService}
10-30 10:40:25.267 W/ActivityManager( 705): Slow operation: 117ms so far, now at startProcess: starting to update pids map
10-30 10:40:25.267 W/ActivityManager( 705): Slow operation: 117ms so far, now at startProcess: done updating pids map
10-30 10:40:25.279 I/Zygote ( 2396): seccomp disabled by setenforce 0
10-30 10:40:25.280 D/CompatibilityChangeReporter( 705): Compat change id reported: 161145287; UID 10016; state: ENABLED
10-30 10:40:25.285 I/webview_service( 2396): Using CollectorTypeCC GC.
10-30 10:40:25.288 D/SafetyLabelChangesJobService( 2176): Received broadcast with intent action 'android.intent.action.BOOT_COMPLETED'
10-30 10:40:25.289 I/SafetyLabelChangesJobService( 2176): onReceive: Safety label change notifications are not enabled.
10-30 10:40:25.306 E/webview_service( 2396): Not starting debugger since process cannot load the jdwp agent.
10-30 10:40:25.313 I/CalendarProvider2( 2365): Created com.android.providers.calendar.CalendarAlarmManager@4dd8524(com.android.providers.calendar.CalendarProvider2@ebad88d)
10-30 10:40:25.316 D/AppManager( 1486): checkLocalAppsIsValid: size
10-30 10:40:25.316 D/AppManager( 1486): AppManager resetData:
10-30 10:40:25.320 D/CompatibilityChangeReporter( 705): Compat change id reported: 168419799; UID 10051; state: DISABLED
10-30 10:40:25.320 D/XHttpObservable( 1894): createNetWorkObservable subscribe: MediaControlEntity{code=0, data=PageEntity{list=[ContentEntity{packageName='com.dangbei.leard.leradlauncher', activityName='FilmDetailActivity'}, ContentEntity{packageName='com.dangbei.leard.leradlauncher', activityName='FullScreenDetailActivity'}, ContentEntity{packageName='com.dangbei.leard.leradlauncher', activityName='TencentSportActivity'}, ContentEntity{packageName='com.dangbei.leradVideoPlugins', activityName='FilmDetailActivity'}, ContentEntity{packageName='com.dangbei.leradVideoPlugins', activityName='FullScreenDetailActivity'}, ContentEntity{packageName='com.dangbei.leradVideoPlugins', activityName='TencentSportActivity'}, ContentEntity{packageName='com.dangbei.leradVideoPlugins', activityName='ShortPlayActivity'}, ContentEntity{packageName='com.dangbei.hqmedia', activityName='FilmDetailActivity'}, ContentEntity{packageName='com.dangbei.hqmedia', activityName='FullScreenDetailActivity'}, ContentEntity{packageName='com.dangbei.leradVideoPlugins', activityName='MangoMediaActivity'}, ContentEntity{packageName='com.dangbei.leradVideoPlugins', activityName='VcinemaActivity'}]}, message='success'} ,,, isDisposed = false
10-30 10:40:25.321 D/CompatibilityChangeReporter( 705): Compat change id reported: 273564678; UID 10051; state: DISABLED
10-30 10:40:25.324 D/XHttpObservable( 1894): handleRequest: start https://tyapi.qun7.com/v1/voice/getsoundshowmsg ,,, isCache = false
10-30 10:40:25.325 D/CompatibilityChangeReporter( 705): Compat change id reported: 265195908; UID 10051; state: ENABLED
10-30 10:40:25.333 D/XHttpObservable( 1894): createNetWorkObservable subscribe: ShowMessageEntity{code=0, data=TipEntity{movieType=[我想看喜剧片, 动作片, 枪战片], movie=[庆余年, 误杀, 美丽人生, 爆笑虫子, 哪吒, 小猪佩奇, 胡歌的电视剧, 张艺谋导演的电影, 切换到1080P, 收藏], appController=[打开当贝市场, 下载哈趣影视, 爱奇艺, 卸载腾讯视频], weather=[今天的天气, 未来五天的天气, 杭州天气怎么样, 明天下不下雨], music=[我要听歌, 周杰伦的歌, 上一首, 下一首, 快进一分钟, 暂停], liveAppDownload='非常抱歉,根据监管部门政策管理要求,暂不提供相应服务。', subscreen=null, wakeUpVoiceResponse=[ProbabilityEntity{word='在呢', probability=30}, ProbabilityEntity{word='我在', probability=35}, ProbabilityEntity{word='你说', probability=15}, ProbabilityEntity{word='来啦', probability=20}], unrecognizedVoiceResponse=[ProbabilityEntity{word='可以再说一遍么', probability=45}, ProbabilityEntity{word='可以说的详细一点么', probability=30}, ProbabilityEntity{word='请问有什么可以帮您', probability=25}], notUnderstandVoiceResponse=[ProbabilityEntity{word='换个说法试试吧', probability=100}]}, message='success'} ,,, isDisposed = false
10-30 10:40:25.347 D/CompatibilityChangeReporter( 2396): Compat change id reported: 171979766; UID 10051; state: ENABLED
10-30 10:40:25.347 D/CompatibilityChangeReporter( 2396): Compat change id reported: 242716250; UID 10051; state: ENABLED
10-30 10:40:25.348 D/CompatibilityChangeReporter( 705): Compat change id reported: 135634846; UID 10027; state: DISABLED
10-30 10:40:25.349 D/CompatibilityChangeReporter( 705): Compat change id reported: 177438394; UID 10027; state: DISABLED
10-30 10:40:25.349 D/CompatibilityChangeReporter( 705): Compat change id reported: 135772972; UID 10027; state: DISABLED
10-30 10:40:25.349 D/CompatibilityChangeReporter( 705): Compat change id reported: 135754954; UID 10027; state: ENABLED
10-30 10:40:25.350 D/CompatibilityChangeReporter( 705): Compat change id reported: 170503758; UID 10051; state: ENABLED
10-30 10:40:25.351 D/CompatibilityChangeReporter( 705): Compat change id reported: 143937733; UID 10027; state: ENABLED
10-30 10:40:25.388 I/rainbow_flow( 2350): type=1400 audit(0.0:1049): avc: denied { ioctl } for path="/dev/spidev1.0" dev="tmpfs" ino=533 ioctlcmd=0x6b00 scontext=u:r:init:s0 tcontext=u:object_r:device:s0 tclass=chr_file permissive=1
10-30 10:40:25.353 D/XHttpObservable( 1894): handleRequest: start https://tyapi.qun7.com/v1/voice/getResponseControlPage ,,, isCache = false
10-30 10:40:25.357 I/PermissionEventCleanupJobService( 2176): Job already scheduled.
10-30 10:40:25.360 D/nativeloader( 2396): InitLlndkLibrariesProduct: libEGL.so:libGLESv1_CM.so:libGLESv2.so:libGLESv3.so:libRS.so:libandroid_net.so:libbinder_ndk.so:libc.so:libcgrouprc.so:libclang_rt.asan-arm-android.so:libcom.android.tethering.connectivity_native.so:libdl.so:libft2.so:liblog.so:libm.so:libmediandk.so:libnativewindow.so:libneuralnetworks.so:libselinux.so:libsync.so:libvndksupport.so:libvulkan.so
10-30 10:40:25.360 D/nativeloader( 2396): Configuring product-clns-4 for unbundled product apk /product/app/webview/webview.apk. target_sdk_version=34, uses_libraries=, library_path=/product/app/webview/lib/arm:/product/app/webview/webview.apk!/lib/armeabi-v7a:/product/lib:/system/product/lib, permitted_path=/data:/mnt/expand:/data/user/0/com.android.webview:/product/lib:/system/product/lib
