10-30 10:40:35.399 D/CompatibilityChangeReporter( 705): Compat change id reported: 174042980; UID 1000; state: DISABLED
10-30 10:40:35.399 D/CompatibilityChangeReporter( 705): Compat change id reported: 174042936; UID 1000; state: DISABLED
10-30 10:40:35.400 D/CompatibilityChangeReporter( 705): Compat change id reported: 181136395; UID 1000; state: DISABLED
10-30 10:40:35.404 D/CompatibilityChangeReporter( 705): Compat change id reported: 194480991; UID 1000; state: ENABLED
10-30 10:40:35.407 E/CellBroadcastUtils( 705): getDefaultCellBroadcastReceiverPackageName: no package found
10-30 10:40:35.413 D/CompatibilityChangeReporter( 705): Compat change id reported: 197654537; UID 1000; state: ENABLED
10-30 10:40:35.418 D/CompatibilityChangeReporter( 705): Compat change id reported: 205907456; UID 1000; state: DISABLED
10-30 10:40:35.418 W/TelephonyPermissions( 705): reportAccessDeniedToReadIdentifiers:com.dangbei.screencast:getSerial:-1
10-30 10:40:35.421 I/audio_hw_device_patchmgr( 469): [register_audio_patch:728] Patch 3:id:3 mix(io:13)->dev_0[OUT_HDMI(id:25)] found, register the same patch, do nothing.
10-30 10:40:35.421 I/audio_hw_device_patchmgr( 469): [patch_mgr_create_patch:871] Patch 3: MIX->DEVICE, num_src:1 num_sink:1 patch_src:INVAL
10-30 10:40:35.421 I/audio_hw_device_patchmgr( 469): [patch_mgr_create_patch:875] sink[0]: OUT_HDMI(id:25)
10-30 10:40:35.421 I/audio_hw_device_patchmgr( 469): [patch_mgr_create_patch:909] Patch 3: mix(io:13) -> dev[OUT_HDMI(id:25)]
10-30 10:40:35.421 I/audio_hw_hal_primary( 469): [adev_create_audio_patch:7558] dev=0xe46c0010 cur_out_device=0x400
10-30 10:40:35.422 D/audioserver( 501): logFgsApiEnd: FGS Logger Transaction failed, -129
10-30 10:40:35.422 I/ActivityTaskManager( 705): START u0 {dat=haqu://setting:8080/... flg=0x10000000 pkg=com.dangbei.haqusetting cmp=com.dangbei.haqusetting/.ui.HomeActivity} with LAUNCH_MULTIPLE from uid 1000 (BAL_ALLOW_ALLOWLISTED_UID) result code=0
10-30 10:40:35.422 D/audioserver( 501): logFgsApiBegin: FGS Logger Transaction failed, -129
10-30 10:40:35.423 V/WindowManagerShell( 985): Transition requested: android.os.BinderProxy@4438273 TransitionRequestInfo { type = 1, triggerTask = TaskInfo{userId=0 taskId=197 displayId=0 isRunning=true baseIntent=Intent { dat=haqu://setting:8080/... flg=0x10000000 pkg=com.dangbei.haqusetting cmp=com.dangbei.haqusetting/.ui.HomeActivity } baseActivity=ComponentInfo{com.dangbei.haqusetting/com.dangbei.haqusetting.ui.HomeActivity} topActivity=ComponentInfo{com.dangbei.haqusetting/com.dangbei.haqusetting.ui.HomeActivity} origActivity=null realActivity=ComponentInfo{com.dangbei.haqusetting/com.dangbei.haqusetting.ui.HomeActivity} numActivities=1 lastActiveTime=43716 supportsMultiWindow=true resizeMode=1 isResizeable=true minWidth=-1 minHeight=-1 defaultMinSize=220 token=WCT{android.window.IWindowContainerToken$Stub$Proxy@a6fc530} topActivityType=1 pictureInPictureParams=null shouldDockBigOverlays=true launchIntoPipHostTaskId=-1 lastParentTaskIdBeforePip=-1 displayCutoutSafeInsets=null topActivityInfo=ActivityInfo{2cbc5a9 com.dangbei.haqusetting.ui.HomeActivity} launchCookies=[] positionInParent=Point(0, 0) parentTaskId=-1 isFocused=false isVisible=false isVisibleRequested=false isSleeping=false topActivityInSizeCompat=false topActivityEligibleForLetterboxEducation= false isLetterboxDoubleTapEnabled= false topActivityEligibleForUserAspectRatioButton= false topActivityBoundsLetterboxed= false isFromLetterboxDoubleTap= false topActivityLetterboxVerticalPosition= -1 topActivityLetterboxHorizontalPosition= -1 topActivityLetterboxWidth=-1 topActivityLetterboxHeight=-1 isUserFullscreenOverrideEnabled=false isTopActivityTransparent=true locusId=null displayAreaFeatureId=1 cameraCompatControlState=hidden}, remoteTransition = null, displayChange = null, flags = 0 }
10-30 10:40:35.424 I/ActivityManager( 705): com.dangbei.haqusetting is exempt from freezer
10-30 10:40:35.425 D/CompatibilityChangeReporter( 705): Compat change id reported: 135634846; UID 1000; state: DISABLED
10-30 10:40:35.425 I/audio_hw_hal_primary( 469): out_update_source_metadata_v7() line 1743 usage:1 content_type:2
10-30 10:40:35.430 D/UEventObserver( 997): change@/devices/platform/auge_sound/sound/card0/controlC0ACTION=changeDEVPATH=/devices/platform/auge_sound/sound/card0/controlC0SUBSYSTEM=soundAUDIO_FORMAT=0MAJOR=116MINOR=13DEVNAME=snd/controlC0SEQNUM=3593
10-30 10:40:35.431 D/audioserver( 501): logFgsApiBegin: FGS Logger Transaction failed, -129
10-30 10:40:35.438 D/TrafficStats( 1486): tagSocket(5) with statsTag=0xffffffff, statsUid=-1
10-30 10:40:35.442 I/audio_hw_hal_primary( 469): [audiohal_get_latency:1036] io 13: out:0xe4580010 frames:1216 rate:48000 whole_latency:25 alsa_latency:25
10-30 10:40:35.442 I/audio_hw_hal_primary( 469): out_update_source_metadata_v7() line 1743 usage:13 content_type:4
10-30 10:40:35.445 I/BpBinder( 276): onLastStrongRef automatically unlinking death recipients:
10-30 10:40:35.455 D/ShowHdrAudioLogoService( 997): receive broadcast, audio format:0
10-30 10:40:35.456 D/ShowHdrAudioLogoService( 997): clearContent
10-30 10:40:35.463 I/audio_hw_hal_primary( 469): [audiohal_get_latency:1036] io 13: out:0xe4580010 frames:960 rate:48000 whole_latency:20 alsa_latency:20
10-30 10:40:35.469 I/MultiDex( 2895): Installing application
10-30 10:40:35.470 I/MultiDex( 2895): VM has multidex support, MultiDex support library is disabled.
10-30 10:40:35.470 D/ModernMediaScanner( 1450): Skipping preVisitDirectory /storage/02E24445E2443EE3/FAT32 音图/Android/data
10-30 10:40:35.476 D/ModernMediaScanner( 1450): Skipping preVisitDirectory /storage/02E24445E2443EE3/FAT32 音图/Android/obb
10-30 10:40:35.481 I/audio_hw_hal_primary( 469): [audiohal_get_latency:1036] io 13: out:0xe4580010 frames:1088 rate:48000 whole_latency:22 alsa_latency:22
10-30 10:40:35.482 D/Zygote ( 457): Forked child process 2975
10-30 10:40:35.483 W/System.err( 2895): java.lang.NoSuchFieldException: No field mHiddenApiWarningShown in class Landroid/app/ActivityThread; (declaration of 'android.app.ActivityThread' appears in /system/framework/framework.jar)
10-30 10:40:35.483 W/System.err( 2895): at java.lang.Class.getDeclaredField(Native Method)
10-30 10:40:35.483 W/System.err( 2895): at com.dangbei.lerad.filemanager.application.App.disableAPIDialog(App.java:166)
10-30 10:40:35.483 W/System.err( 2895): at com.dangbei.lerad.filemanager.application.App.onCreate(App.java:95)
10-30 10:40:35.483 W/System.err( 2895): at android.app.Instrumentation.callApplicationOnCreate(Instrumentation.java:1316)
10-30 10:40:35.483 W/System.err( 2895): at android.app.ActivityThread.handleBindApplication(ActivityThread.java:7061)
10-30 10:40:35.483 W/System.err( 2895): at android.app.ActivityThread.-$$Nest$mhandleBindApplication(Unknown Source:0)
10-30 10:40:35.483 W/System.err( 2895): at android.app.ActivityThread$H.handleMessage(ActivityThread.java:2265)
10-30 10:40:35.483 W/System.err( 2895): at android.os.Handler.dispatchMessage(Handler.java:106)
10-30 10:40:35.483 W/System.err( 2895): at android.os.Looper.loopOnce(Looper.java:205)
10-30 10:40:35.483 W/System.err( 2895): at android.os.Looper.loop(Looper.java:294)
10-30 10:40:35.484 W/System.err( 2895): at android.app.ActivityThread.main(ActivityThread.java:8255)
10-30 10:40:35.484 W/System.err( 2895): at java.lang.reflect.Method.invoke(Native Method)
10-30 10:40:35.487 W/ActivityManager( 705): Slow operation: 63ms so far, now at startProcess: returned from zygote!
10-30 10:40:35.487 W/ActivityManager( 705): Slow operation: 64ms so far, now at startProcess: done updating battery stats
10-30 10:40:35.487 W/ActivityManager( 705): Slow operation: 64ms so far, now at startProcess: building log message
10-30 10:40:35.487 I/ActivityManager( 705): Start proc 2975:com.dangbei.haqusetting/1000 for next-top-activity {com.dangbei.haqusetting/com.dangbei.haqusetting.ui.HomeActivity}
10-30 10:40:35.487 W/ActivityManager( 705): Slow operation: 64ms so far, now at startProcess: starting to update pids map
10-30 10:40:35.487 W/ActivityManager( 705): Slow operation: 64ms so far, now at startProcess: done updating pids map
10-30 10:40:35.488 I/Zygote ( 2975): seccomp disabled by setenforce 0
10-30 10:40:35.490 W/System.err( 2895): at com.android.internal.os.RuntimeInit$MethodAndArgsCaller.run(RuntimeInit.java:552)
10-30 10:40:35.490 W/System.err( 2895): at com.android.internal.os.ZygoteInit.main(ZygoteInit.java:978)
10-30 10:40:35.494 I/bei.haqusetting( 2975): Using CollectorTypeCC GC.
10-30 10:40:35.500 D/CompatibilityChangeReporter( 705): Compat change id reported: 161145287; UID 10041; state: DISABLED
10-30 10:40:35.501 I/audio_hw_hal_primary( 469): [audiohal_get_latency:1036] io 13: out:0xe4580010 frames:1216 rate:48000 whole_latency:25 alsa_latency:25
10-30 10:40:35.503 E/bei.haqusetting( 2975): Not starting debugger since process cannot load the jdwp agent.
10-30 10:40:35.505 V/NFC ( 2717): this device does not have NFC support
10-30 10:40:35.505 D/ModernMediaScanner( 1450): Skipping preVisitDirectory /storage/02E24445E2443EE3/FAT32 音图/Movies/.thumbnails
10-30 10:40:35.513 D/ModernMediaScanner( 1450): Skipping preVisitDirectory /storage/02E24445E2443EE3/FAT32 音图/Music/.thumbnails
10-30 10:40:35.520 D/audio_hw_hal_stream( 469): update_audio_hal_info() audio hal format change to 1, atmos flag = 0, is_dolby_atmos = 0, dts_hp_x = 0, update_type = 0 is_dolby_atmos_off = 1 virtual_bass_enable 0
10-30 10:40:35.520 D/audio_hw_hal_stream( 469): update_audio_hal_info() cur_out_devices 0x400, dap_bypass_enable = 0, is_ms12_tuning_dat = 0, dolby_ms12_enable = 1, output_config = 0xc
10-30 10:40:35.520 D/UEventObserver( 997): change@/devices/platform/auge_sound/sound/card0/controlC0ACTION=changeDEVPATH=/devices/platform/auge_sound/sound/card0/controlC0SUBSYSTEM=soundAUDIO_FORMAT=0MAJOR=116MINOR=13DEVNAME=snd/controlC0SEQNUM=3594
10-30 10:40:35.521 I/audio_hw_hal_primary( 469): [audiohal_get_latency:1036] io 13: out:0xe4580010 frames:960 rate:48000 whole_latency:20 alsa_latency:20
10-30 10:40:35.522 D/CompatibilityChangeReporter( 705): Compat change id reported: 168419799; UID 1000; state: DISABLED
10-30 10:40:35.523 D/CompatibilityChangeReporter( 705): Compat change id reported: 273564678; UID 1000; state: DISABLED
10-30 10:40:35.528 D/ShowHdrAudioLogoService( 997): receive broadcast, audio format:0
10-30 10:40:35.529 D/ShowHdrAudioLogoService( 997): clearContent
10-30 10:40:35.534 D/CompatibilityChangeReporter( 2975): Compat change id reported: 171979766; UID 1000; state: ENABLED
10-30 10:40:35.534 D/CompatibilityChangeReporter( 2975): Compat change id reported: 242716250; UID 1000; state: DISABLED
10-30 10:40:35.539 D/WindowManagerShell( 985): TvPipController: onTaskStackChanged()
10-30 10:40:35.540 I/audio_hw_hal_primary( 469): [audiohal_get_latency:1036] io 13: out:0xe4580010 frames:1088 rate:48000 whole_latency:22 alsa_latency:22
10-30 10:40:35.541 I/audio_hw_hal_primary( 469): [audiohal_get_latency:1036] io 13: out:0xe4580010 frames:1088 rate:48000 whole_latency:22 alsa_latency:22
10-30 10:40:35.543 D/ModernMediaScanner( 1450): Skipping preVisitDirectory /storage/02E24445E2443EE3/FAT32 音图/Pictures/.thumbnails
10-30 10:40:35.546 E/ActivityThread( 2895): Failed to find provider info for lerad.provider.etna
10-30 10:40:35.551 I/audio_hw_hal_primary( 469): [audiohal_get_latency:1036] io 13: out:0xe4580010 frames:1088 rate:48000 whole_latency:22 alsa_latency:22
10-30 10:40:35.551 I/audio_hw_hal_primary( 469): [audiohal_get_latency:1036] io 13: out:0xe4580010 frames:1088 rate:48000 whole_latency:22 alsa_latency:22
10-30 10:40:35.561 I/audio_hw_hal_primary( 469): [audiohal_get_latency:1036] io 13: out:0xe4580010 frames:1088 rate:48000 whole_latency:22 alsa_latency:22
10-30 10:40:35.561 I/audio_hw_hal_primary( 469): [audiohal_get_latency:1036] io 13: out:0xe4580010 frames:1088 rate:48000 whole_latency:22 alsa_latency:22
10-30 10:40:35.571 I/audio_hw_hal_primary( 469): [audiohal_get_latency:1036] io 13: out:0xe4580010 frames:1088 rate:48000 whole_latency:22 alsa_latency:22
10-30 10:40:35.572 I/audio_hw_hal_primary( 469): [audiohal_get_latency:1036] io 13: out:0xe4580010 frames:1088 rate:48000 whole_latency:22 alsa_latency:22
10-30 10:40:35.572 V/WindowManager( 705): app ------------- force_land :0
10-30 10:40:35.581 I/audio_hw_hal_primary( 469): [audiohal_get_latency:1036] io 13: out:0xe4580010 frames:1088 rate:48000 whole_latency:22 alsa_latency:22
10-30 10:40:35.582 I/audio_hw_hal_primary( 469): [audiohal_get_latency:1036] io 13: out:0xe4580010 frames:1088 rate:48000 whole_latency:22 alsa_latency:22
10-30 10:40:35.583 D/ModernMediaScanner( 1450): Skipping preVisitDirectory /storage/02E24445E2443EE3/FAT32 音图/Pictures/FAT32特殊 (O)/Android/data
10-30 10:40:35.586 D/CompatibilityChangeReporter( 705): Compat change id reported: 197654537; UID 1000; state: DISABLED
10-30 10:40:35.592 I/audio_hw_hal_primary( 469): [audiohal_get_latency:1036] io 13: out:0xe4580010 frames:1088 rate:48000 whole_latency:22 alsa_latency:22
10-30 10:40:35.592 I/audio_hw_hal_primary( 469): [audiohal_get_latency:1036] io 13: out:0xe4580010 frames:1088 rate:48000 whole_latency:22 alsa_latency:22
10-30 10:40:35.594 D/ModernMediaScanner( 1450): Skipping preVisitDirectory /storage/02E24445E2443EE3/FAT32 音图/Pictures/FAT32特殊 (O)/Android/obb
10-30 10:40:35.600 D/TrafficStats( 1486): tagSocket(165) with statsTag=0xffffffff, statsUid=-1
10-30 10:40:35.602 D/CompatibilityChangeReporter( 705): Compat change id reported: 171306433; UID 1000; state: ENABLED
10-30 10:40:35.603 I/audio_hw_hal_primary( 469): [audiohal_get_latency:1036] io 13: out:0xe4580010 frames:1088 rate:48000 whole_latency:22 alsa_latency:22
10-30 10:40:35.603 I/audio_hw_hal_primary( 469): [audiohal_get_latency:1036] io 13: out:0xe4580010 frames:1088 rate:48000 whole_latency:22 alsa_latency:22
10-30 10:40:35.610 D/USBReceiver( 2895): usb > onReceive: action = android.intent.action.MEDIA_MOUNTED
10-30 10:40:35.614 I/audio_hw_hal_primary( 469): [audiohal_get_latency:1036] io 13: out:0xe4580010 frames:1088 rate:48000 whole_latency:22 alsa_latency:22
10-30 10:40:35.614 I/audio_hw_hal_primary( 469): [audiohal_get_latency:1036] io 13: out:0xe4580010 frames:1088 rate:48000 whole_latency:22 alsa_latency:22
10-30 10:40:35.615 D/USBReceiver( 2895): usb > onReceive: action = android.intent.action.MEDIA_MOUNTED
10-30 10:40:35.615 E/hq ( 1486): USBReceiver:::USBReceiver onReceive: action=android.intent.action.MEDIA_MOUNTED
10-30 10:40:35.619 I/ActivityManager( 705): com.oranth.usbopenft is exempt from freezer
10-30 10:40:35.619 D/CompatibilityChangeReporter( 705): Compat change id reported: 135634846; UID 1000; state: DISABLED
10-30 10:40:35.622 I/audio_hw_hal_primary( 469): [audiohal_get_latency:1036] io 13: out:0xe4580010 frames:960 rate:48000 whole_latency:20 alsa_latency:20
10-30 10:40:35.622 I/audio_hw_hal_primary( 469): [audiohal_get_latency:1036] io 13: out:0xe4580010 frames:960 rate:48000 whole_latency:20 alsa_latency:20
10-30 10:40:35.622 D/ModernMediaScanner( 1450): Skipping preVisitDirectory /storage/02E24445E2443EE3/FAT32 音图/Pictures/FAT32特殊 (O)/Movies/.thumbnails
10-30 10:40:35.625 D/USBReceiver( 2895): usb > onReceive: action = android.intent.action.MEDIA_MOUNTED
10-30 10:40:35.626 W/.filemanager.os( 2895): Accessing hidden method Landroid/os/storage/VolumeInfo;->getDescriptionComparator()Ljava/util/Comparator; (max-target-o, reflection, denied)
10-30 10:40:35.626 W/System.err( 2895): java.lang.NoSuchMethodException: android.os.storage.VolumeInfo.getDescriptionComparator []
10-30 10:40:35.632 E/hq ( 1486): USBReceiver:::USBReceiver onReceive: action=android.intent.action.MEDIA_MOUNTED
10-30 10:40:35.633 I/audio_hw_hal_primary( 469): [audiohal_get_latency:1036] io 13: out:0xe4580010 frames:1216 rate:48000 whole_latency:25 alsa_latency:25
10-30 10:40:35.633 I/audio_hw_hal_primary( 469): [audiohal_get_latency:1036] io 13: out:0xe4580010 frames:1216 rate:48000 whole_latency:25 alsa_latency:25
10-30 10:40:35.633 D/audioserver( 501): logFgsApiEnd: FGS Logger Transaction failed, -129
10-30 10:40:35.635 I/audio_hw_hal_primary( 469): out_update_source_metadata_v7() line 1743 usage:13 content_type:4
10-30 10:40:35.639 W/System.err( 2895): at java.lang.Class.getMethod(Class.java:2937)
10-30 10:40:35.639 E/hq ( 1486): NetWorkStateReceiver:::NetWorkStateReceiver onReceive: 网络变化广播 >>>> intent.action=android.net.conn.CONNECTIVITY_CHANGE
10-30 10:40:35.639 W/System.err( 2895): at java.lang.Class.getMethod(Class.java:2449)
10-30 10:40:35.639 W/System.err( 2895): at com.monster.godzilla.utlis.FileManagerSdcardUtils.getAllSDPath(FileManagerSdcardUtils.java:126)
10-30 10:40:35.639 W/System.err( 2895): at com.dangbei.lerad.filemanager.receives.USBReceiver.onReceive(USBReceiver.java:43)
10-30 10:40:35.639 W/System.err( 2895): at android.app.ActivityThread.handleReceiver(ActivityThread.java:4494)
10-30 10:40:35.639 W/System.err( 2895): at android.app.ActivityThread.-$$Nest$mhandleReceiver(Unknown Source:0)
10-30 10:40:35.639 W/System.err( 2895): at android.app.ActivityThread$H.handleMessage(ActivityThread.java:2285)
10-30 10:40:35.639 W/System.err( 2895): at android.os.Handler.dispatchMessage(Handler.java:106)
10-30 10:40:35.639 W/System.err( 2895): at android.os.Looper.loopOnce(Looper.java:205)
10-30 10:40:35.639 W/System.err( 2895): at android.os.Looper.loop(Looper.java:294)
10-30 10:40:35.639 W/System.err( 2895): at android.app.ActivityThread.main(ActivityThread.java:8255)
10-30 10:40:35.639 W/System.err( 2895): at java.lang.reflect.Method.invoke(Native Method)
10-30 10:40:35.639 W/System.err( 2895): at com.android.internal.os.RuntimeInit$MethodAndArgsCaller.run(RuntimeInit.java:552)
10-30 10:40:35.640 E/hq ( 1486): NetWorkStateReceiver:::Network is available. isConnect=true 是否频次过快=false t=1761792035640
10-30 10:40:35.640 W/eventbuscore( 1486): post Event:com.dangbei.leard.base.entity.event.NetChangeEvent
10-30 10:40:35.641 W/System.err( 2895): at com.android.internal.os.ZygoteInit.main(ZygoteInit.java:978)
10-30 10:40:35.643 I/audio_hw_hal_primary( 469): [audiohal_get_latency:1036] io 13: out:0xe4580010 frames:960 rate:48000 whole_latency:20 alsa_latency:20
10-30 10:40:35.654 I/audio_hw_hal_primary( 469): [audiohal_get_latency:1036] io 13: out:0xe4580010 frames:1216 rate:48000 whole_latency:25 alsa_latency:25
10-30 10:40:35.661 I/audio_hw_hal_primary( 469): [audiohal_get_latency:1036] io 13: out:0xe4580010 frames:1216 rate:48000 whole_latency:25 alsa_latency:25
10-30 10:40:35.673 I/audio_hw_hal_primary( 469): [audiohal_get_latency:1036] io 13: out:0xe4580010 frames:1088 rate:48000 whole_latency:22 alsa_latency:22
10-30 10:40:35.676 I/System.out( 1486): true
10-30 10:40:35.680 D/nativeloader( 2975): Configuring clns-shared-4 for other apk /system/app/dangbei-setting/dangbei-setting.apk. target_sdk_version=31, uses_libraries=, library_path=/system/app/dangbei-setting/lib/arm:/system/app/dangbei-setting/dangbei-setting.apk!/lib/armeabi-v7a:/system/lib:/system_ext/lib, permitted_path=/data:/mnt/expand:/data/user/0/com.dangbei.haqusetting:/system/app/dangbei-setting:/system/lib:/system_ext/lib
10-30 10:40:35.681 I/audio_hw_hal_primary( 469): [audiohal_get_latency:1036] io 13: out:0xe4580010 frames:960 rate:48000 whole_latency:20 alsa_latency:20
10-30 10:40:35.692 I/audio_hw_hal_primary( 469): [audiohal_get_latency:1036] io 13: out:0xe4580010 frames:960 rate:48000 whole_latency:20 alsa_latency:20
10-30 10:40:35.697 D/ModernMediaScanner( 1450): Skipping preVisitDirectory /storage/02E24445E2443EE3/FAT32 音图/Pictures/FAT32特殊 (O)/Music/.thumbnails
10-30 10:40:35.700 I/audio_hw_hal_primary( 469): [audiohal_get_latency:1036] io 13: out:0xe4580010 frames:1088 rate:48000 whole_latency:22 alsa_latency:22
10-30 10:40:35.711 I/audio_hw_hal_primary( 469): [audiohal_get_latency:1036] io 13: out:0xe4580010 frames:1088 rate:48000 whole_latency:22 alsa_latency:22
10-30 10:40:35.712 D/sss ( 2895): 发现USB设备------------------>>2>/storage/02E24445E2443EE3
10-30 10:40:35.715 D/USBReceiver( 2895): onReceive: rootPaths size = 1
10-30 10:40:35.716 D/TrafficStats( 1486): tagSocket(5) with statsTag=0xffffffff, statsUid=-1
10-30 10:40:35.722 I/audio_hw_hal_primary( 469): [audiohal_get_latency:1036] io 13: out:0xe4580010 frames:1088 rate:48000 whole_latency:22 alsa_latency:22
10-30 10:40:35.731 V/GraphicsEnvironment( 2975): Currently set values for:
10-30 10:40:35.732 V/GraphicsEnvironment( 2975): angle_gl_driver_selection_pkgs=[]
10-30 10:40:35.732 V/GraphicsEnvironment( 2975): angle_gl_driver_selection_values=[]
10-30 10:40:35.732 V/GraphicsEnvironment( 2975): ANGLE GameManagerService for com.dangbei.haqusetting: false
10-30 10:40:35.732 V/GraphicsEnvironment( 2975): com.dangbei.haqusetting is not listed in per-application setting
10-30 10:40:35.733 V/GraphicsEnvironment( 2975): Neither updatable production driver nor prerelease driver is supported.
10-30 10:40:35.734 I/audio_hw_hal_primary( 469): [audiohal_get_latency:1036] io 13: out:0xe4580010 frames:960 rate:48000 whole_latency:20 alsa_latency:20
10-30 10:40:35.734 D/audioserver( 501): logFgsApiEnd: FGS Logger Transaction failed, -129
10-30 10:40:35.738 I/MultiDex( 2975): VM with version 2.1.0 has multidex support
10-30 10:40:35.738 I/MultiDex( 2975): Installing application
10-30 10:40:35.738 I/MultiDex( 2975): VM has multidex support, MultiDex support library is disabled.
10-30 10:40:35.745 D/CompatibilityChangeReporter( 2895): Compat change id reported: 210923482; UID 10041; state: DISABLED
10-30 10:40:35.746 D/CompatibilityChangeReporter( 2895): Compat change id reported: 37756858; UID 10041; state: ENABLED
10-30 10:40:35.748 D/ModernMediaScanner( 1450): Skipping preVisitDirectory /storage/02E24445E2443EE3/FAT32 音图/Pictures/FAT32特殊 (O)/Pictures/.thumbnails
10-30 10:40:35.742 D/Zygote ( 457): Forked child process 3009
10-30 10:40:35.752 W/ActivityManager( 705): Slow operation: 134ms so far, now at startProcess: returned from zygote!
10-30 10:40:35.752 W/ActivityManager( 705): Slow operation: 134ms so far, now at startProcess: done updating battery stats
10-30 10:40:35.753 W/ActivityManager( 705): Slow operation: 134ms so far, now at startProcess: building log message
10-30 10:40:35.753 I/ActivityManager( 705): Start proc 3009:com.oranth.usbopenft/1000 for broadcast {com.oranth.usbopenft/com.oranth.usbopenft.UsbReceiver}
10-30 10:40:35.753 W/ActivityManager( 705): Slow operation: 135ms so far, now at startProcess: starting to update pids map
10-30 10:40:35.753 W/ActivityManager( 705): Slow operation: 135ms so far, now at startProcess: done updating pids map
10-30 10:40:35.765 I/Zygote ( 3009): seccomp disabled by setenforce 0
10-30 10:40:35.772 I/ranth.usbopenft( 3009): Using CollectorTypeCC GC.
10-30 10:40:35.779 E/ranth.usbopenft( 3009): Not starting debugger since process cannot load the jdwp agent.
10-30 10:40:35.790 D/CompatibilityChangeReporter( 705): Compat change id reported: 168419799; UID 1000; state: DISABLED
10-30 10:40:35.790 D/CompatibilityChangeReporter( 705): Compat change id reported: 273564678; UID 1000; state: DISABLED
10-30 10:40:35.794 D/CompatibilityChangeReporter( 3009): Compat change id reported: 171979766; UID 1000; state: ENABLED
10-30 10:40:35.794 D/CompatibilityChangeReporter( 3009): Compat change id reported: 242716250; UID 1000; state: ENABLED
10-30 10:40:35.795 D/USBDialogUtils( 2895): show >>>
10-30 10:40:35.806 D/CompatibilityChangeReporter( 2895): Compat change id reported: 237531167; UID 10041; state: DISABLED
10-30 10:40:35.809 E/StorageManagerService( 705): Asked to fixup an app dir without a userId: /storage/02E24445E2443EE3/Android/data/com.dangbei.haqusetting/files
10-30 10:40:35.810 W/OpenGLRenderer( 2895): Unknown dataspace 0
10-30 10:40:35.824 W/WindowManager( 705): [addWindow] title:
10-30 10:40:35.825 E/StorageManagerService( 705): Asked to fixup an app dir without a userId: /storage/02E24445E2443EE3/Android/data/com.dangbei.haqusetting/cache
10-30 10:40:35.827 E/ccc ( 2975): cccccc HaquSettingApplication app onCreate start
10-30 10:40:35.831 E/ccc ( 2975): cccccc HaquSettingApplication app onCreate end
10-30 10:40:35.834 D/CompatibilityChangeReporter( 705): Compat change id reported: 161145287; UID 1000; state: ENABLED
10-30 10:40:35.834 D/CompatibilityChangeReporter( 705): Compat change id reported: 161145287; UID 1000; state: DISABLED
10-30 10:40:35.835 I/d.leradlauncher( 1486): Background young concurrent copying GC freed 136126(8748KB) AllocSpace objects, 16(420KB) LOS objects, 42% free, 12MB/22MB, paused 203us,115us total 107.045ms
10-30 10:40:35.840 D/CoreBackPreview( 705): Window{5111141 u0 com.tv.filemanager.os}: Setting back callback OnBackInvokedCallbackInfo{mCallback=android.window.IOnBackInvokedCallback$Stub$Proxy@17e16d4, mPriority=0, mIsAnimationCallback=false}
10-30 10:40:35.842 E/hq ( 1486): USBReceiver:::USBReceiver onReceive: action=android.intent.action.MEDIA_MOUNTED
10-30 10:40:35.843 D/wenhc ( 1486): getScreenInfo uri = content://com.dangbei.screencast.parts.info/screen_cast
10-30 10:40:35.843 D/wenhc ( 1486): getScreenInfo uri = content://com.dangbei.screencast.parts.info/screen_cast
10-30 10:40:35.870 W/ContextImpl( 2975): Calling a method in the system process without a qualified user: android.app.ContextImpl.bindService:1988 android.content.ContextWrapper.bindService:861 com.dangbei.lerad.etna.lib.client.EtnaClient.bindServer:138 com.dangbei.lerad.etna.lib.client.EtnaClient.access$600:29 com.dangbei.lerad.etna.lib.client.EtnaClient$3.call:205
10-30 10:40:35.872 D/CompatibilityChangeReporter( 705): Compat change id reported: 261072174; UID 1000; state: DISABLED
10-30 10:40:35.876 W/ServiceManagerCppClient( 276): Permission failure: android.permission.ROTATE_SURFACE_FLINGER from uid=10041 pid=0
10-30 10:40:35.876 D/PermissionCache( 276): checking android.permission.ROTATE_SURFACE_FLINGER for uid=10041 => denied (475 us)
10-30 10:40:35.877 W/ServiceManagerCppClient( 276): Permission failure: android.permission.INTERNAL_SYSTEM_WINDOW from uid=10041 pid=0
10-30 10:40:35.877 D/PermissionCache( 276): checking android.permission.INTERNAL_SYSTEM_WINDOW for uid=10041 => denied (564 us)
10-30 10:40:35.877 W/ServiceManagerCppClient( 276): Permission failure: android.permission.INTERNAL_SYSTEM_WINDOW from uid=10041 pid=2895
10-30 10:40:35.877 D/PermissionCache( 276): checking android.permission.INTERNAL_SYSTEM_WINDOW for uid=10041 => denied (301 us)
10-30 10:40:35.877 W/ServiceManagerCppClient( 276): Permission failure: android.permission.ACCESS_SURFACE_FLINGER from uid=10041 pid=0
10-30 10:40:35.877 D/PermissionCache( 276): checking android.permission.ACCESS_SURFACE_FLINGER for uid=10041 => denied (282 us)
10-30 10:40:35.877 W/ServiceManagerCppClient( 276): Permission failure: android.permission.ACCESS_SURFACE_FLINGER from uid=10041 pid=2895
10-30 10:40:35.877 D/PermissionCache( 276): checking android.permission.ACCESS_SURFACE_FLINGER for uid=10041 => denied (274 us)
10-30 10:40:35.880 I/mali ( 2895): Successfully parsed 1 environment variable(s) from /vendor/etc/mali_platform.config.
10-30 10:40:35.882 I/mali ( 2895): Successfully parsed 1 environment variable(s) from /vendor/etc/mali_platform.config.
10-30 10:40:35.892 D/nativeloader( 3009): Configuring clns-shared-4 for other apk /system/app/UsbOpenFT/UsbOpenFT.apk. target_sdk_version=35, uses_libraries=, library_path=/system/app/UsbOpenFT/lib/arm:/system/app/UsbOpenFT/UsbOpenFT.apk!/lib/armeabi-v7a:/system/lib:/system_ext/lib, permitted_path=/data:/mnt/expand:/data/user/0/com.oranth.usbopenft:/system/app/UsbOpenFT:/system/lib:/system_ext/lib
10-30 10:40:35.906 I/hwservicemanager( 247): getTransport: Cannot find entry android.hardware.configstore@1.0::ISurfaceFlingerConfigs/default in either framework or device VINTF manifest.
10-30 10:40:35.917 D/CompatibilityChangeReporter( 2975): Compat change id reported: 237531167; UID 1000; state: DISABLED
10-30 10:40:35.919 W/OpenGLRenderer( 2975): Unknown dataspace 0
10-30 10:40:35.923 W/WindowManager( 705): [addWindow] title:com.dangbei.haqusetting/com.dangbei.haqusetting.ui.HomeActivity
10-30 10:40:35.931 W/ContextImpl( 705): Calling a method in the system process without a qualified user: android.app.ContextImpl.startService:1899 com.android.server.wm.DisplayPolicy.lambda$focusChangedLw$5:2126 com.android.server.wm.DisplayPolicy.$r8$lambda$Znxk63oh-WzVnzo_WQefN7uxV48:0 com.android.server.wm.DisplayPolicy$$ExternalSyntheticLambda13.run:0 android.os.Handler.handleCallback:958
10-30 10:40:35.932 E/ccc ( 1470): cccccc etnaService addListener com.dangbei.lerad.etna.aidl.IEtnaAidlListener$Stub$Proxy@e346448 com.dangbei.haqusetting
10-30 10:40:35.934 E/ccc ( 2975): cccccc etna-haqu-connected
10-30 10:40:35.936 D/aaa ( 1525): LedStatusService onStartCommand begin
10-30 10:40:35.955 D/CoreBackPreview( 705): Window{9ea8e2b u0 com.dangbei.haqusetting/com.dangbei.haqusetting.ui.HomeActivity}: Setting back callback OnBackInvokedCallbackInfo{mCallback=android.window.IOnBackInvokedCallback$Stub$Proxy@bcc4421, mPriority=0, mIsAnimationCallback=false}
10-30 10:40:35.955 I/mali ( 2975): Successfully parsed 1 environment variable(s) from /vendor/etc/mali_platform.config.
10-30 10:40:35.956 I/mali ( 2975): Successfully parsed 1 environment variable(s) from /vendor/etc/mali_platform.config.
10-30 10:40:35.960 V/GraphicsEnvironment( 3009): Currently set values for:
10-30 10:40:35.961 V/GraphicsEnvironment( 3009): angle_gl_driver_selection_pkgs=[]
10-30 10:40:35.961 V/GraphicsEnvironment( 3009): angle_gl_driver_selection_values=[]
10-30 10:40:35.961 V/GraphicsEnvironment( 3009): ANGLE GameManagerService for com.oranth.usbopenft: false
10-30 10:40:35.964 V/GraphicsEnvironment( 3009): com.oranth.usbopenft is not listed in per-application setting
10-30 10:40:35.965 V/GraphicsEnvironment( 3009): Neither updatable production driver nor prerelease driver is supported.
10-30 10:40:35.974 I/hwservicemanager( 247): getTransport: Cannot find entry android.hardware.configstore@1.0::ISurfaceFlingerConfigs/default in either framework or device VINTF manifest.
10-30 10:40:36.005 I/MesonDisplay( 299): [/mode_policy.c, meson_mode_set_policy, 1177] connector:0 to policy:0
10-30 10:40:36.005 I/MesonDisplay( 299): [/mode_policy.c, is_dv_prefer, 66] not prefer dv, hdr_priority:10000010
10-30 10:40:36.005 I/MesonDisplay( 299): [/mode_policy.c, is_dv_prefer, 66] not prefer dv, hdr_priority:10000010
10-30 10:40:36.005 I/MesonDisplay( 299): [/mode_policy.c, hdr_scene_process, 724] policy:0 is_bestcolorspace:1 state:0
10-30 10:40:36.005 I/MesonDisplay( 299): [/mode_policy_parser.c, is_support_hdmimode, 110] is_support_hdmimode mode: 2160p60hz
10-30 10:40:36.005 I/MesonDisplay( 299): [/mode_policy_parser.c, is_support_hdmimode, 110] is_support_hdmimode mode: 2160p60hz
10-30 10:40:36.005 D/MesonDisplay( 299): meson_write /sys/class/amhdmitx/amhdmitx0/valid_mode, outputmode:2160p60hz420,10bit
10-30 10:40:36.005 D/MesonDisplay( 299): valid mode is true!
10-30 10:40:36.005 I/MesonDisplay( 299): [/mode_policy.c, is_support_4kHDR, 499] is_support_4kHDR mode:[420,10bit], deep color:[2160p60hz]
10-30 10:40:36.005 I/MesonDisplay( 299): [/mode_policy.c, meson_mode_get_policy_output, 1289] final_displaymode:2160p60hz, final_deepcolor:420,10bit, amdv_type:0
10-30 10:40:36.005 I/MesonDisplay( 299): [/mode_policy.c, meson_mode_set_policy, 1177] connector:0 to policy:0
10-30 10:40:36.021 E/OpenGLRenderer( 2975): Unable to match the desired swap behavior.
10-30 10:40:36.032 I/rainbow_flow( 2350): type=1400 audit(0.0:1169): avc: denied { ioctl } for path="/dev/spidev1.0" dev="tmpfs" ino=533 ioctlcmd=0x6b00 scontext=u:r:init:s0 tcontext=u:object_r:device:s0 tclass=chr_file permissive=1
10-30 10:40:36.061 W/RecyclerView( 2975): No adapter attached; skipping layout
10-30 10:40:36.070 V/WindowManagerShell( 985): onTransitionReady android.os.BinderProxy@4438273: {id=2 t=OPEN f=0x0 trk=0 r=[0@Point(0, 0)] c=[{WCT{android.window.IWindowContainerToken$Stub$Proxy@9c4045c} m=OPEN f=TRANSLUCENT leash=Surface(name=Task=197)/@0xb2d72e sb=Rect(0, 0 - 1920, 1080) eb=Rect(0, 0 - 1920, 1080) d=0}]}
10-30 10:40:36.070 V/WindowManagerShell( 985): Playing animation for (#2)android.os.BinderProxy@4438273@0
10-30 10:40:36.070 V/WindowManagerShell( 985): try handler com.android.wm.shell.keyguard.KeyguardTransitionHandler@4334782
10-30 10:40:36.070 V/WindowManagerShell( 985): try handler com.android.wm.shell.pip.tv.TvPipTransition@a2b3e93
10-30 10:40:36.070 V/WindowManagerShell( 985): try handler com.android.wm.shell.activityembedding.ActivityEmbeddingController@a2c9ed0
10-30 10:40:36.070 V/WindowManagerShell( 985): try handler com.android.wm.shell.transition.RemoteTransitionHandler@2432ec9
10-30 10:40:36.071 V/WindowManagerShell( 985): Transition doesn't have explicit remote, search filters for match for {id=2 t=OPEN f=0x0 trk=0 r=[0@Point(0, 0)] c=[{WCT{android.window.IWindowContainerToken$Stub$Proxy@9c4045c} m=OPEN f=TRANSLUCENT leash=Surface(name=Task=197)/@0xb2d72e sb=Rect(0, 0 - 1920, 1080) eb=Rect(0, 0 - 1920, 1080) d=0}]}
10-30 10:40:36.071 V/WindowManagerShell( 985): Delegate animation for #2 to null
10-30 10:40:36.071 V/WindowManagerShell( 985): try handler com.android.wm.shell.transition.DefaultTransitionHandler@75259ce
10-30 10:40:36.071 V/WindowManagerShell( 985): start default transition animation, info = {id=2 t=OPEN f=0x0 trk=0 r=[0@Point(0, 0)] c=[{WCT{android.window.IWindowContainerToken$Stub$Proxy@9c4045c} m=OPEN f=TRANSLUCENT leash=Surface(name=Task=197)/@0xb2d72e sb=Rect(0, 0 - 1920, 1080) eb=Rect(0, 0 - 1920, 1080) d=0}]}
10-30 10:40:36.071 V/WindowManagerShell( 985): loadAnimation: anim=android.view.animation.AlphaAnimation@cf21365 animAttr=0x4 type=OPEN isEntrance=true
10-30 10:40:36.071 D/aaa ( 1525): topPkg is -------------- :com.tv.filemanager.os
10-30 10:40:36.073 V/WindowManagerShell( 985): animated by com.android.wm.shell.transition.DefaultTransitionHandler@75259ce
10-30 10:40:36.073 I/ActivityTaskManager( 705): Displayed com.dangbei.haqusetting/.ui.HomeActivity for user 0: +662ms
10-30 10:40:36.074 V/WindowManager( 705): Sent Transition #2 createdAt=10-30 10:40:35.405 via request=TransitionRequestInfo { type = 1, triggerTask = TaskInfo{userId=0 taskId=197 displayId=0 isRunning=true baseIntent=Intent { dat=haqu://setting:8080/... flg=0x10000000 pkg=com.dangbei.haqusetting cmp=com.dangbei.haqusetting/.ui.HomeActivity } baseActivity=ComponentInfo{com.dangbei.haqusetting/com.dangbei.haqusetting.ui.HomeActivity} topActivity=ComponentInfo{com.dangbei.haqusetting/com.dangbei.haqusetting.ui.HomeActivity} origActivity=null realActivity=ComponentInfo{com.dangbei.haqusetting/com.dangbei.haqusetting.ui.HomeActivity} numActivities=1 lastActiveTime=43716 supportsMultiWindow=true resizeMode=1 isResizeable=true minWidth=-1 minHeight=-1 defaultMinSize=220 token=WCT{RemoteToken{4411ad2 Task{b91912e #197 type=standard A=1000:com.dangbei.haqusetting}}} topActivityType=1 pictureInPictureParams=null shouldDockBigOverlays=true launchIntoPipHostTaskId=-1 lastParentTaskIdBeforePip=-1 displayCutoutSafeInsets=null topActivityInfo=ActivityInfo{65097a3 com.dangbei.haqusetting.ui.HomeActivity} launchCookies=[] positionInParent=Point(0, 0) parentTaskId=-1 isFocused=false isVisible=false isVisibleRequested=false isSleeping=false topActivityInSizeCompat=false topActivityEligibleForLetterboxEducation= false isLetterboxDoubleTapEnabled= false topActivityEligibleForUserAspectRatioButton= false topActivityBoundsLetterboxed= false isFromLetterboxDoubleTap= false topActivityLetterboxVerticalPosition= -1 topActivityLetterboxHorizontalPosition= -1 topActivityLetterboxWidth=-1 topActivityLetterboxHeight=-1 isUserFullscreenOverrideEnabled=false isTopActivityTransparent=true locusId=null displayAreaFeatureId=1 cameraCompatControlState=hidden}, remoteTransition = null, displayChange = null, flags = 0 }
10-30 10:40:36.074 V/WindowManager( 705): startWCT=WindowContainerTransaction { changes = {} hops = [] errorCallbackToken=null taskFragmentOrganizer=null }
10-30 10:40:36.074 V/WindowManager( 705): info={id=2 t=OPEN f=0x0 trk=0 r=[0@Point(0, 0)] c=[{WCT{RemoteToken{4411ad2 Task{b91912e #197 type=standard A=1000:com.dangbei.haqusetting}}} m=OPEN f=TRANSLUCENT leash=Surface(name=Task=197)/@0xa81e207 sb=Rect(0, 0 - 1920, 1080) eb=Rect(0, 0 - 1920, 1080) d=0}]}
10-30 10:40:36.113 I/MesonDisplay( 299): [/mode_policy.c, meson_mode_set_policy, 1177] connector:0 to policy:0
10-30 10:40:36.113 I/MesonDisplay( 299): [/mode_policy.c, is_dv_prefer, 66] not prefer dv, hdr_priority:10000010
10-30 10:40:36.113 I/MesonDisplay( 299): [/mode_policy.c, is_dv_prefer, 66] not prefer dv, hdr_priority:10000010
10-30 10:40:36.113 I/MesonDisplay( 299): [/mode_policy.c, hdr_scene_process, 724] policy:0 is_bestcolorspace:1 state:0
10-30 10:40:36.113 I/MesonDisplay( 299): [/mode_policy_parser.c, is_support_hdmimode, 110] is_support_hdmimode mode: 2160p60hz
10-30 10:40:36.113 I/MesonDisplay( 299): [/mode_policy_parser.c, is_support_hdmimode, 110] is_support_hdmimode mode: 2160p60hz
10-30 10:40:36.113 D/MesonDisplay( 299): meson_write /sys/class/amhdmitx/amhdmitx0/valid_mode, outputmode:2160p60hz420,10bit
10-30 10:40:36.113 D/MesonDisplay( 299): valid mode is true!
10-30 10:40:36.113 I/MesonDisplay( 299): [/mode_policy.c, is_support_4kHDR, 499] is_support_4kHDR mode:[420,10bit], deep color:[2160p60hz]
10-30 10:40:36.113 I/MesonDisplay( 299): [/mode_policy.c, meson_mode_get_policy_output, 1289] final_displaymode:2160p60hz, final_deepcolor:420,10bit, amdv_type:0
10-30 10:40:36.113 I/MesonDisplay( 299): [/mode_policy.c, meson_mode_set_policy, 1177] connector:0 to policy:0
10-30 10:40:36.118 E/OpenGLRenderer( 2895): Unable to match the desired swap behavior.
10-30 10:40:36.116 I/UsbFfs-monitor( 1395): type=1400 audit(0.0:1170): avc: denied { use } for path="anon_inode:[eventfd]" dev="anon_inodefs" ino=10206 scontext=u:r:su:s0 tcontext=u:r:adbd:s0 tclass=fd permissive=1
10-30 10:40:36.116 I/adbd ( 1395): type=1400 audit(0.0:1171): avc: denied { write } for path="socket:[34432]" dev="sockfs" ino=34432 scontext=u:r:su:s0 tcontext=u:r:adbd:s0 tclass=unix_stream_socket permissive=1
10-30 10:40:36.116 I/adbd ( 1395): type=1400 audit(0.0:1172): avc: denied { read } for path="socket:[34433]" dev="sockfs" ino=34433 scontext=u:r:su:s0 tcontext=u:r:adbd:s0 tclass=unix_stream_socket permissive=1
10-30 10:40:36.140 D/UsbDialogItem( 2895): usb name > meida
10-30 10:40:36.143 E/hq ( 1486): USBReceiver:::USBReceiver onReceive: list=2
10-30 10:40:36.152 I//apex/com.android.adbd/bin/adbd( 1395): type=1400 audit(0.0:1173): avc: denied { dac_read_search } for comm=75736220666673206F70656E capability=2 scontext=u:r:su:s0 tcontext=u:r:su:s0 tclass=capability permissive=1
10-30 10:40:36.261 E/USBDialogUtils( 2895): usbdisk alert found
10-30 10:40:36.264 W/ServiceManagerCppClient( 705): Permission failure: android.permission.ROTATE_SURFACE_FLINGER from uid=10041 pid=0
10-30 10:40:36.264 D/PermissionCache( 705): checking android.permission.ROTATE_SURFACE_FLINGER for uid=10041 => denied (218 us)
10-30 10:40:36.264 W/ServiceManagerCppClient( 705): Permission failure: android.permission.INTERNAL_SYSTEM_WINDOW from uid=10041 pid=0
10-30 10:40:36.264 D/PermissionCache( 705): checking android.permission.INTERNAL_SYSTEM_WINDOW for uid=10041 => denied (138 us)
10-30 10:40:36.264 W/ServiceManagerCppClient( 705): Permission failure: android.permission.ACCESS_SURFACE_FLINGER from uid=10041 pid=0
10-30 10:40:36.264 D/PermissionCache( 705): checking android.permission.ACCESS_SURFACE_FLINGER for uid=10041 => denied (76 us)
10-30 10:40:36.271 D/CompatibilityChangeReporter( 2975): Compat change id reported: 210923482; UID 1000; state: DISABLED
10-30 10:40:36.271 D/CompatibilityChangeReporter( 2975): Compat change id reported: 37756858; UID 1000; state: ENABLED
10-30 10:40:36.284 I/audio_hw_device_patchmgr( 469): [register_audio_patch:728] Patch 3:id:3 mix(io:13)->dev_0[OUT_HDMI(id:25)] found, register the same patch, do nothing.
10-30 10:40:36.284 I/audio_hw_device_patchmgr( 469): [patch_mgr_create_patch:871] Patch 3: MIX->DEVICE, num_src:1 num_sink:1 patch_src:INVAL
10-30 10:40:36.284 I/audio_hw_device_patchmgr( 469): [patch_mgr_create_patch:875] sink[0]: OUT_HDMI(id:25)
10-30 10:40:36.284 I/audio_hw_device_patchmgr( 469): [patch_mgr_create_patch:909] Patch 3: mix(io:13) -> dev[OUT_HDMI(id:25)]
10-30 10:40:36.284 I/audio_hw_hal_primary( 469): [adev_create_audio_patch:7558] dev=0xe46c0010 cur_out_device=0x400
10-30 10:40:36.291 D/audioserver( 501): logFgsApiBegin: FGS Logger Transaction failed, -129
10-30 10:40:36.295 D/UEventObserver( 997): change@/devices/platform/auge_sound/sound/card0/controlC0ACTION=changeDEVPATH=/devices/platform/auge_sound/sound/card0/controlC0SUBSYSTEM=soundAUDIO_FORMAT=0MAJOR=116MINOR=13DEVNAME=snd/controlC0SEQNUM=3595
10-30 10:40:36.297 W/InputDispatcher( 705): Waiting because no window has focus but ActivityRecord{b6927a9 u0 com.dangbei.haqusetting/.ui.HomeActivity t197} may eventually add a window when it finishes starting up. Will wait for 5000ms
10-30 10:40:36.302 I/audio_hw_hal_primary( 469): out_update_source_metadata_v7() line 1743 usage:1 content_type:2
10-30 10:40:36.326 D/CompatibilityChangeReporter( 705): Compat change id reported: 214016041; UID 10041; state: DISABLED
10-30 10:40:36.326 I/ImeTracker( 705): com.tv.filemanager.os:fd29a2ca: onRequestHide at ORIGIN_SERVER_HIDE_INPUT reason HIDE_UNSPECIFIED_WINDOW
10-30 10:40:36.326 I/ImeTracker( 705): com.tv.filemanager.os:fd29a2ca: onCancelled at PHASE_SERVER_SHOULD_HIDE
10-30 10:40:36.349 D/ShowHdrAudioLogoService( 997): receive broadcast, audio format:0
10-30 10:40:36.350 D/ShowHdrAudioLogoService( 997): clearContent
10-30 10:40:36.367 I/DefaultIMS( 1940): onStartInput attribute=android.view.inputmethod.EditorInfo@20109dc restarting=false inputType: 0
10-30 10:40:36.380 D/audio_hw_hal_stream( 469): update_audio_hal_info() audio hal format change to 1, atmos flag = 0, is_dolby_atmos = 0, dts_hp_x = 0, update_type = 0 is_dolby_atmos_off = 1 virtual_bass_enable 0
10-30 10:40:36.380 D/audio_hw_hal_stream( 469): update_audio_hal_info() cur_out_devices 0x400, dap_bypass_enable = 0, is_ms12_tuning_dat = 0, dolby_ms12_enable = 1, output_config = 0xc
10-30 10:40:36.384 D/UEventObserver( 997): change@/devices/platform/auge_sound/sound/card0/controlC0ACTION=changeDEVPATH=/devices/platform/auge_sound/sound/card0/controlC0SUBSYSTEM=soundAUDIO_FORMAT=0MAJOR=116MINOR=13DEVNAME=snd/controlC0SEQNUM=3596
10-30 10:40:36.391 D/ShowHdrAudioLogoService( 997): receive broadcast, audio format:0
10-30 10:40:36.392 D/ShowHdrAudioLogoService( 997): clearContent
10-30 10:40:36.410 D/ConnectivityService( 705): requestNetwork for uid/pid:1000/2975 activeRequest: null callbackRequest: 62 [NetworkRequest [ REQUEST id=63, [ Capabilities: INTERNET&NOT_RESTRICTED&TRUSTED&NOT_VCN_MANAGED Uid: 1000 RequestorUid: 1000 RequestorPkg: com.dangbei.haqusetting UnderlyingNetworks: Null] ]] callback flags: 0 order: 2147483647
10-30 10:40:36.414 D/WifiNetworkFactory( 705): got request NetworkRequest [ REQUEST id=63, [ Capabilities: INTERNET&NOT_RESTRICTED&TRUSTED&NOT_VCN_MANAGED Uid: 1000 RequestorUid: 1000 RequestorPkg: com.dangbei.haqusetting UnderlyingNetworks: Null] ]
10-30 10:40:36.414 D/UntrustedWifiNetworkFactory( 705): got request NetworkRequest [ REQUEST id=63, [ Capabilities: INTERNET&NOT_RESTRICTED&TRUSTED&NOT_VCN_MANAGED Uid: 1000 RequestorUid: 1000 RequestorPkg: com.dangbei.haqusetting UnderlyingNetworks: Null] ]
10-30 10:40:36.414 D/OemPaidWifiNetworkFactory( 705): got request NetworkRequest [ REQUEST id=63, [ Capabilities: INTERNET&NOT_RESTRICTED&TRUSTED&NOT_VCN_MANAGED Uid: 1000 RequestorUid: 1000 RequestorPkg: com.dangbei.haqusetting UnderlyingNetworks: Null] ]
10-30 10:40:36.414 D/ConnectivityService( 705): NetReassign [63 : null → 100] [c 0] [a 3] [i 1]
10-30 10:40:36.419 D/MultiInternetWifiNetworkFactory( 705): got request NetworkRequest [ REQUEST id=63, [ Capabilities: INTERNET&NOT_RESTRICTED&TRUSTED&NOT_VCN_MANAGED Uid: 1000 RequestorUid: 1000 RequestorPkg: com.dangbei.haqusetting UnderlyingNetworks: Null] ]
10-30 10:40:36.462 E/ActivityThread( 2122): Failed to find provider info for com.tcl.xian.StartandroidService.MyContentProvider
10-30 10:40:36.481 V/WindowManagerShell( 985): Transition animation finished (aborted=false), notifying core (#2)android.os.BinderProxy@4438273@0
10-30 10:40:36.485 V/WindowManager( 705): Finish Transition #2: created at
10-30 10:40:35.405 collect-started=0.097ms request-sent=14.923ms started=18.502ms ready=177.687ms sent=657.084ms finished=1079.245ms
10-30 10:40:36.488 V/WindowManagerShell( 985): Track 0 became idle
10-30 10:40:36.488 V/WindowManagerShell( 985): All active transition animations finished
10-30 10:40:36.499 W/NotificationHistory( 705): Attempted to add notif for locked/gone/disabled user 0
10-30 10:40:36.501 I/audio_hw_hal_primary( 469): [audiohal_get_latency:1036] io 13: out:0xe4580010 frames:960 rate:48000 whole_latency:20 alsa_latency:20
10-30 10:40:36.510 I/SystemControl( 329): [CPQControl]:GetAiSrMode, data = 3
10-30 10:40:36.511 E/ccc ( 1470): cccccc settingHelper resetManager
10-30 10:40:36.512 I/audio_hw_hal_primary( 469): [audiohal_get_latency:1036] io 13: out:0xe4580010 frames:960 rate:48000 whole_latency:20 alsa_latency:20
10-30 10:40:36.512 V/HdmiDisplayManager( 1470): Amlogic Y5
10-30 10:40:36.522 I/audio_hw_hal_primary( 469): [audiohal_get_latency:1036] io 13: out:0xe4580010 frames:1088 rate:48000 whole_latency:22 alsa_latency:22
10-30 10:40:36.530 E/ccc ( 1470): cccccc current is 4k (59.94 Hz)
10-30 10:40:36.535 I/audio_hw_hal_primary( 469): [audiohal_get_latency:1036] io 13: out:0xe4580010 frames:1216 rate:48000 whole_latency:25 alsa_latency:25
10-30 10:40:36.541 I/audio_hw_hal_primary( 469): [audiohal_get_latency:1036] io 13: out:0xe4580010 frames:1216 rate:48000 whole_latency:25 alsa_latency:25
10-30 10:40:36.546 E/ccc ( 1470): cccccc ColorFormatManager reset --------------
10-30 10:40:36.548 V/MesonDisplayServer( 299): GetDisplayMode:2160p60hz
10-30 10:40:36.549 V/MesonDisplayServer( 299): GetDisplayMode:2160p60hz
10-30 10:40:36.549 D/MesonDisplay( 299): meson_write /sys/class/amhdmitx/amhdmitx0/valid_mode, outputmode:2160p60hz420,12bit
10-30 10:40:36.550 D/MesonDisplay( 299): valid mode is true!
10-30 10:40:36.550 D/MesonDisplay( 299): meson_write /sys/class/amhdmitx/amhdmitx0/valid_mode, outputmode:2160p60hz420,10bit
10-30 10:40:36.550 D/MesonDisplay( 299): valid mode is true!
10-30 10:40:36.550 D/MesonDisplay( 299): meson_write /sys/class/amhdmitx/amhdmitx0/valid_mode, outputmode:2160p60hz420,8bit
10-30 10:40:36.550 D/MesonDisplay( 299): valid mode is true!
10-30 10:40:36.550 D/MesonDisplay( 299): meson_write /sys/class/amhdmitx/amhdmitx0/valid_mode, outputmode:2160p60hz444,12bit
10-30 10:40:36.550 D/MesonDisplay( 299): valid mode is false!
10-30 10:40:36.550 D/MesonDisplay( 299): meson_write /sys/class/amhdmitx/amhdmitx0/valid_mode, outputmode:2160p60hz444,10bit
10-30 10:40:36.550 D/MesonDisplay( 299): valid mode is false!
10-30 10:40:36.550 D/MesonDisplay( 299): meson_write /sys/class/amhdmitx/amhdmitx0/valid_mode, outputmode:2160p60hz444,8bit
10-30 10:40:36.550 D/MesonDisplay( 299): valid mode is true!
10-30 10:40:36.550 D/MesonDisplay( 299): meson_write /sys/class/amhdmitx/amhdmitx0/valid_mode, outputmode:2160p60hz422,12bit
10-30 10:40:36.550 D/MesonDisplay( 299): valid mode is true!
10-30 10:40:36.550 D/MesonDisplay( 299): meson_write /sys/class/amhdmitx/amhdmitx0/valid_mode, outputmode:2160p60hzrgb,12bit
10-30 10:40:36.550 D/MesonDisplay( 299): valid mode is false!
10-30 10:40:36.550 D/MesonDisplay( 299): meson_write /sys/class/amhdmitx/amhdmitx0/valid_mode, outputmode:2160p60hzrgb,10bit
10-30 10:40:36.550 D/MesonDisplay( 299): valid mode is false!
10-30 10:40:36.550 D/MesonDisplay( 299): meson_write /sys/class/amhdmitx/amhdmitx0/valid_mode, outputmode:2160p60hzrgb,8bit
10-30 10:40:36.550 D/MesonDisplay( 299): valid mode is true!
10-30 10:40:36.550 I/MesonHwc( 299): [/ModePolicy.cpp, getCurrentSupportDeepColor, 751] getCurrentSupportDeepColor current mode: 2160p60hz supported color: 420,12bit
10-30 10:40:36.550 I/MesonHwc( 299): 420,10bit
10-30 10:40:36.550 I/MesonHwc( 299): 420,8bit
10-30 10:40:36.550 I/MesonHwc( 299): 444,8bit
10-30 10:40:36.550 I/MesonHwc( 299): 422,12bit
10-30 10:40:36.550 I/MesonHwc( 299): rgb,8bit
10-30 10:40:36.552 I/audio_hw_hal_primary( 469): [audiohal_get_latency:1036] io 13: out:0xe4580010 frames:1088 rate:48000 whole_latency:22 alsa_latency:22
10-30 10:40:36.553 D/MesonDisplayServer( 299): use connector getDisplayAttribute "HDR Priority": "268435472"
10-30 10:40:36.554 I/SystemControl( 329): [/DisplayMode.cpp, getCurrentHdrPriority, 2840] getCurrentHdrPriority is [0x10000010]
10-30 10:40:36.554 V/MesonDisplayServer( 299): GetDisplayMode:2160p60hz
10-30 10:40:36.556 D/MesonDisplayServer( 299): use connector getDisplayAttribute "HDR Priority": "268435472"
10-30 10:40:36.556 D/TrafficStats( 2122): tagSocket(105) with statsTag=0xffffffff, statsUid=-1
10-30 10:40:36.556 I/SystemControl( 329): [/DisplayMode.cpp, getCurrentHdrPriority, 2840] getCurrentHdrPriority is [0x10000010]
10-30 10:40:36.559 V/MesonDisplayServer( 299): GetDisplayMode:2160p60hz
10-30 10:40:36.559 D/MesonDisplay( 299): meson_write /sys/class/amhdmitx/amhdmitx0/valid_mode, outputmode:2160p60hz420,12bit
10-30 10:40:36.559 D/MesonDisplay( 299): valid mode is true!
10-30 10:40:36.559 D/MesonDisplay( 299): meson_write /sys/class/amhdmitx/amhdmitx0/valid_mode, outputmode:2160p60hz420,10bit
10-30 10:40:36.559 D/MesonDisplay( 299): valid mode is true!
10-30 10:40:36.559 D/MesonDisplay( 299): meson_write /sys/class/amhdmitx/amhdmitx0/valid_mode, outputmode:2160p60hz420,8bit
10-30 10:40:36.559 D/MesonDisplay( 299): valid mode is true!
10-30 10:40:36.559 D/MesonDisplay( 299): meson_write /sys/class/amhdmitx/amhdmitx0/valid_mode, outputmode:2160p60hz444,12bit
10-30 10:40:36.559 D/MesonDisplay( 299): valid mode is false!
