11-03 16:43:49.916 D/hwc_di ( 299): DiProcessor
11-03 16:43:49.916 D/hwc_di ( 299): DiProcessor: mHandler=50
11-03 16:43:49.916 D/hwc_di ( 299): setup___
11-03 16:43:49.919 I/mali_gralloc( 275): am_gralloc_get_uvm_decoder_para: parameters:[slot_id=0,w*h(16*16),w_align=64,h_align=64,size=0,compress=0]
11-03 16:43:49.919 I/mali_gralloc( 275): am_gralloc_get_uvm_decoder_para: parameters:[slot_id=0,w*h(16*16),w_align=64,h_align=64,size=0,compress=0]
11-03 16:43:49.919 I/SystemControl( 329): [frameRateDisplay] +++
11-03 16:43:49.920 I/SystemControl( 329): SystemControlHal frameRateDisplay 1,[0 0 3840 2160]
11-03 16:43:49.920 I/SystemControl( 329): [/SysWrite.cpp, getKernelReleaseVersion, 701] getKernelReleaseVersion: 5.15
11-03 16:43:49.920 D/SystemControl( 329): axis is 3840x2160
11-03 16:43:49.920 E/SystemControl( 329): inScreen 3840 2160 [ 0 0 3840 2160]
11-03 16:43:49.920 D/SystemControl( 329): SystemControlHal frect.inscreen() 1
11-03 16:43:49.920 I/SystemControl( 329): [/SysWrite.cpp, getKernelReleaseVersion, 701] getKernelReleaseVersion: 5.15
11-03 16:43:49.920 D/SystemControl( 329): axis is 3840x2160
11-03 16:43:49.920 E/SystemControl( 329): inScreen 3840 2160 [ 0 0 3840 2160]
11-03 16:43:49.920 I/SystemControl-FRA( 329): [/FrameRateAutoAdaption.cpp, isFrameRateOn, 176] hdmi frame rate is on
11-03 16:43:49.920 V/MesonDisplayServer( 299): GetDisplayMode:2160p60hz
11-03 16:43:49.921 V/MesonDisplayServer( 299): GetDisplayMode:2160p60hz
11-03 16:43:49.921 I/SystemControl( 329): [frameRateDisplay] ---
11-03 16:43:49.922 I/C2VdecBlockPoolUtil( 478): Fetch the new block(ino:210 fd:198 dup fd:201 id:19) and append.
11-03 16:43:49.922 I/mali_gralloc( 275): am_gralloc_get_uvm_decoder_para: parameters:[slot_id=0,w*h(16*16),w_align=64,h_align=64,size=0,compress=0]
11-03 16:43:49.922 I/mali_gralloc( 275): am_gralloc_get_uvm_decoder_para: parameters:[slot_id=0,w*h(16*16),w_align=64,h_align=64,size=0,compress=0]
11-03 16:43:49.923 D/hwc_di ( 299): use org:is_repeat=0, omx_index=1,bypass=1, tvp=0, mFirstI=0
11-03 16:43:49.932 D/hwc_di ( 299): use org:is_repeat=0, omx_index=3,bypass=1, tvp=0, mFirstI=0
11-03 16:43:49.933 I/C2VdecBlockPoolUtil( 478): Fetch the new block(ino:212 fd:203 dup fd:206 id:20) and append.
11-03 16:43:49.934 I/mali_gralloc( 275): am_gralloc_get_uvm_decoder_para: parameters:[slot_id=0,w*h(16*16),w_align=64,h_align=64,size=0,compress=0]
11-03 16:43:49.934 I/mali_gralloc( 275): am_gralloc_get_uvm_decoder_para: parameters:[slot_id=0,w*h(16*16),w_align=64,h_align=64,size=0,compress=0]
11-03 16:43:49.947 D/SystemControl( 329): [CPQControl]:onVframeSizeChange: event value = 23(0x17)
11-03 16:43:49.947 D/SystemControl( 329): [CPQControl]:isBootvideoStopped: bootvideo enable value is 0050!
11-03 16:43:49.947 D/SystemControl( 329): [CPQControl]:isBootvideoStopped: bootvideo don't enable!
11-03 16:43:49.947 D/SystemControl( 329): [CPQControl]:onVframeSizeChange: sig_fmt = 0x40a(1034)
11-03 16:43:49.947 D/SystemControl( 329): [CPQControl]:SetCurrentSourceInputInfo: param_check_source_enable = 0
11-03 16:43:49.947 D/SystemControl( 329): [CPQControl]:SetCurrentSourceInputInfo:new source info: source=10,sigFmt=1034(0x40a)
11-03 16:43:49.947 D/SystemControl( 329): [CPQControl]:Cpq_GetSourceHDRType: newHdrType:6, source_input:10
11-03 16:43:49.947 D/SystemControl( 329): [CPQControl]:SetCurrentSourceInputInfo: send hdr event, info is 6
11-03 16:43:49.947 I/V4l2Adaptor( 478): importBufferForPicture pictureBufferId 19, dmabufFd 172, metaFd -1
11-03 16:43:49.947 I/SystemControlClient( 481): notifyHdrInfoChangedCallback: listener is NULL.
11-03 16:43:49.947 I/V4l2Adaptor( 478): importBufferForPicture pictureBufferId 20, dmabufFd 181, metaFd -1
11-03 16:43:49.947 I/SystemControlClient( 480): notifyHdrInfoChangedCallback: listener is NULL.
11-03 16:43:49.947 I/V4l2Adaptor( 478): onImportBufferForPicture pictureBufferId 19, dmabufFd 172, metaFd -1, plane size 1
11-03 16:43:49.948 I/V4l2Adaptor( 478): onImportBufferForPicture addr 0x0, stride 0, offset 0, size 0
11-03 16:43:49.948 I/V4l2Adaptor( 478): onImportBufferForPicture pictureBufferId 20, dmabufFd 181, metaFd -1, plane size 1
11-03 16:43:49.948 D/SystemControl( 329): [CPQControl]:SetCurrentSourceInputInfo: mCurrentHdrType is 6, hdrStatus is 0!
11-03 16:43:49.948 I/V4l2Adaptor( 478): onImportBufferForPicture addr 0x0, stride 0, offset 0, size 0
11-03 16:43:49.948 D/SystemControl( 329): [CPQControl]:SetCurrentSourceInputInfo:PqSrcTim.pq_source_input is 11 PqSrcTim.pq_sig_fmt is 1
11-03 16:43:49.948 D/SystemControl( 329): [CPQControl]:CheckOutPutMode: current output mode:2160p60hz
11-03 16:43:49.948 D/SystemControl( 329): [CPQControl]:CheckOutPutMode: outputFrameHeight:2160 mDisplayMode120_100Hz:0
11-03 16:43:49.948 I/SystemControl( 329): [CPQControl]:Cpq_GetInputVideoFrameHeight: inputFrameHeight is 1080!
11-03 16:43:49.948 D/SystemControl( 329): [CPQControl]:MapDbTvoutWithIOResolution inputFrameHeight 1080 outputFrameHeight 2160
11-03 16:43:49.948 D/SystemControl( 329): [CPQControl]:MapDbTvoutWithIOResolution table_type 0 index_in 3 index_out 4
11-03 16:43:49.948 D/SystemControl( 329): [CPQControl]:MapDbTvoutWithIOResolution OutPutType 21
11-03 16:43:49.948 D/SystemControl( 329): [CPQControl]:CheckOutPutMode: output mode is 21!
11-03 16:43:49.948 D/SystemControl( 329): [CPQControl]:getHdrPolicy ret 2 hdr_policy 0
11-03 16:43:49.948 D/SystemControl( 329): [CPQControl]:getHdrPolicy always Hdr
11-03 16:43:49.948 D/SystemControl( 329): [CPQControl]:SetCurrentSourceInputInfo:CurSource is 11 CurTimming is 1
11-03 16:43:49.948 D/SystemControl( 329): [CPQControl]:IsDongleLowPowerPqOff: Prop [vendor.media.video.donglelowpower.pqoff]=on
11-03 16:43:49.948 I/SystemControl( 329): [CPQControl]:source_input: 10, sig_fmt: 0x40a(1034), trans_fmt: 0x0
11-03 16:43:49.948 I/SystemControl( 329): [CPQControl]:pq_source_input: 11, timming: 1,
11-03 16:43:49.948 D/SystemControl( 329): [CPQControl]:setPQModeByTvService: gameStatus: 0, pcStatus: 0!
11-03 16:43:49.948 D/SystemControl( 329): [CPQControl]:setPQModeByTvService: don't support tvservice!
11-03 16:43:49.948 D/SystemControl( 329): [CPQControl]:setPQModeByTvService success!
11-03 16:43:49.948 D/SystemControl( 329): [CPQdb]:GetTableName: mDbMatchType 6
11-03 16:43:49.949 D/SystemControl( 329): [CPQdb]:GetTableName table name is Sharpness_0_1080to4K_Variable!
11-03 16:43:49.949 I/VDA ( 478): [0##3]"ImportDynamicCaptureBufferForPictureTask fd=172, index=19\n"" {IN=0/8, OUT=7/20[kAtAccelerator(1) kAtDevice(12) kAtClient(7)]}"
11-03 16:43:49.949 I/C2VdecBlockPoolUtil( 478): Fetch the new block(ino:214 fd:222 dup fd:225 id:21) and append.
11-03 16:43:49.949 I/VDA ( 478): [0##3]"ImportDynamicCaptureBufferForPictureTask fd=181, index=20\n"" {IN=0/8, OUT=7/21[kAtAccelerator(1) kAtDevice(13) kAtClient(7)]}"
11-03 16:43:49.949 I/V4l2Adaptor( 478): importBufferForPicture pictureBufferId 21, dmabufFd 216, metaFd -1
11-03 16:43:49.949 I/V4l2Adaptor( 478): onImportBufferForPicture pictureBufferId 21, dmabufFd 216, metaFd -1, plane size 1
11-03 16:43:49.949 I/V4l2Adaptor( 478): onImportBufferForPicture addr 0x0, stride 0, offset 0, size 0
11-03 16:43:49.950 D/ShowHdrAudioLogoService( 997): onHdrInfoChange: hdr info is: 6
11-03 16:43:49.951 I/VDA ( 478): [0##3]"ImportDynamicCaptureBufferForPictureTask fd=216, index=21\n"" {IN=5/8, OUT=6/22[kAtAccelerator(1) kAtDevice(15) kAtClient(6)]}"
11-03 16:43:49.953 I/SystemControlClient( 256): notifyHdrInfoChangedCallback: listener is NULL.
11-03 16:43:49.954 D/SystemControl( 329): [CPQControl]:Cpq_SetSharpness0VariableParam success!
11-03 16:43:49.954 D/SystemControl( 329): [CPQControl]:Cpq_SetSharpness1VariableParam: sharpness1 module disabled!
11-03 16:43:49.954 D/SystemControl( 329): [CPQControl]:Cpq_SetSharpnessPiVariableParam: sharpnesspi module disabled!
11-03 16:43:49.954 D/SystemControl( 329): [CPQControl]:SetFacColorParams success!
11-03 16:43:49.955 I/SystemControlClient( 478): notifyHdrInfoChangedCallback: listener is NULL.
11-03 16:43:49.959 I/SystemControl( 329): [CPQControl]:SetPQPictureMode:
11-03 16:43:49.959 I/SystemControl( 329): PictureMode: 0.
11-03 16:43:49.959 I/SystemControl( 329): Brightness: 50, Contrast: 50, Saturation: 50, Hue: 50,
11-03 16:43:49.959 I/SystemControl( 329): Sharpness: 50, Backlight: -1, Nr: 2, DynamicContrast: 2,
11-03 16:43:49.959 I/SystemControl( 329): DynamicBacklight 0, ColorGamut: 0, ColorTemperature: 0, LocalContrast: 2,
11-03 16:43:49.959 I/SystemControl( 329): BlackStretch: 0, BlueStretch: 0, MpegNr: 1, ChromaCoring: 1,
11-03 16:43:49.959 I/SystemControl( 329): Memc 3, SmoothPlus: 1, SuperResolution 0, Gamma 6,
11-03 16:43:49.959 I/SystemControl( 329): hdr_tone_mapping: -1, DvMode: -1, DvDarkDetail: -1, DvLightSensor: -1,
11-03 16:43:49.959 I/SystemControl( 329): AmDolbyPrcision: -1, Deblock: 1, DeMoSquito: 1
11-03 16:43:49.959 D/SystemControl( 329): [CPQControl]:Cpq_SetVideoBrightness brightness : 128
11-03 16:43:49.959 D/SystemControl( 329): [CPQControl]:to Driver brightness : 0
11-03 16:43:49.960 D/SystemControl( 329): [CPQControl]:Cpq_SetVideoContrast: 128
11-03 16:43:49.960 D/SystemControl( 329): [CPQControl]:to Driver Contrast: 0
11-03 16:43:49.960 D/SystemControl( 329): [CPQControl]:GetHue, source: 11, timming: 1 value = 50
11-03 16:43:49.960 D/SystemControl( 329): [CPQControl]:Cpq_SetVideoSaturationHue, Cpq_SetVideoSaturationHue: 128 128
11-03 16:43:49.960 D/SystemControl( 329): [CPQControl]:Cpq_SetVideoSaturationHue: to Driver Saturation = 0, Hue = 0
11-03 16:43:49.960 D/SystemControl( 329): [CPQControl]:GetSaturation, source: 11, timming: 1, value = 50
11-03 16:43:49.960 D/SystemControl( 329): [CPQControl]:Cpq_SetVideoSaturationHue, Cpq_SetVideoSaturationHue: 128 128
11-03 16:43:49.960 D/SystemControl( 329): [CPQControl]:Cpq_SetVideoSaturationHue: to Driver Saturation = 0, Hue = 0
11-03 16:43:49.960 D/SystemControl( 329): [CPQControl]:Cpq_SetSharpness0Level success!
11-03 16:43:49.960 D/SystemControl( 329): [CPQControl]:Cpq_SetSharpness1Level: sharpness1 module disabled!
11-03 16:43:49.960 D/SystemControl( 329): [CPQControl]:Cpq_SetSharpnessPiLevel: sharpnesspi module disabled!
11-03 16:43:49.960 D/SystemControl( 329): [CPQControl]:Cpq_SetSharpness success!
11-03 16:43:49.960 D/SystemControl( 329): [CPQControl]:Cpq_SetNoiseReductionMode: NoiseReduction module disabled!
11-03 16:43:49.960 D/SystemControl( 329): [CPQControl]:DNLP module disabled!
11-03 16:43:49.961 D/SystemControl( 329): [CPQControl]:Cpq_SetLocalContrastMode: local contrast module disabled!
11-03 16:43:49.961 D/SystemControl( 329): [CPQControl]:Cpq_SetBlackStretch: BlackStretch disabled!
11-03 16:43:49.961 D/SystemControl( 329): [CPQControl]:Cpq_SetBlueStretch: BlueStretch disabled!
11-03 16:43:49.961 D/SystemControl( 329): [CPQControl]:Cpq_SetChromaCoring: ChromaCoring disabled!
11-03 16:43:49.961 D/SystemControl( 329): [CPQdb]:GetTableName: mDbMatchType 6
11-03 16:43:49.961 D/SystemControl( 329): [CPQdb]:GetTableName table name is DEBLOCK_MPEG!
11-03 16:43:49.961 D/ShowHdrAudioLogoService( 997): onHdrInfoChange: clear hdr info
11-03 16:43:49.961 I/SystemControl( 329): [CPQdb]:getDIRegValuesByValue, length = 17
11-03 16:43:49.961 D/ShowHdrAudioLogoService( 997): clearContent
11-03 16:43:49.961 D/HdrAudioView( 997): setHdrLogoText:
11-03 16:43:49.961 D/SystemControl( 329): [CPQControl]:Cpq_SetDeblockMode success!
11-03 16:43:49.961 D/SystemControl( 329): [CPQdb]:GetTableName: mDbMatchType 6
11-03 16:43:49.962 D/HdrAudioView( 997): setHdrLogoTextViewVisibility:false
11-03 16:43:49.963 D/SystemControl( 329): [CPQdb]:GetTableName table name is Demosquito_MPEG!
11-03 16:43:49.963 I/SystemControl( 329): [CPQdb]:getDIRegValuesByValue, length = 32
11-03 16:43:49.964 D/SystemControl( 329): [CPQControl]:Cpq_SetDemoSquitoMode success!
11-03 16:43:49.964 I/SystemControl( 329): [CPQControl]:Smooth Plus disabled
11-03 16:43:49.964 D/SystemControl( 329): [CPQControl]:Cpq_SetMemcMode memc Disabled!
11-03 16:43:49.964 D/SystemControl( 329): [CPQdb]:GetTableName: mDbMatchType 6
11-03 16:43:49.965 D/SystemControl( 329): [CPQdb]:GetTableName table name is Sharpness_0_1080to4K_Fixed!
11-03 16:43:49.965 D/SystemControl( 329): [CPQdb]:getRegValues, table_name_copy=Sharpness_0_1080to4K_Fixed
11-03 16:43:49.965 D/SystemControl( 329): [CPQdb]:getRegValues, table_name_split=Sharpness
11-03 16:43:49.965 D/SystemControl( 329): [CPQdb]:getRegValues, node_number=2
11-03 16:43:49.968 D/SystemControl( 329): [CPQControl]:Cpq_SetSharpness0FixedParam success!
11-03 16:43:49.968 D/SystemControl( 329): [CPQControl]:Cpq_SetSharpness1FixedParam: sharpness1 module disabled!
11-03 16:43:49.968 D/hwc_di ( 299): use org:is_repeat=0, omx_index=5,bypass=0, tvp=0, mFirstI=1
11-03 16:43:49.968 D/SystemControl( 329): [CPQControl]:Cpq_SetSharpnessPiFixedParam: sharpnesspi module disabled!
11-03 16:43:49.968 D/SystemControl( 329): [CPQControl]:Cpq_SetSuperResolution success!
11-03 16:43:49.968 D/SystemControl( 329): [CPQControl]:Cpq_SetColorTemperature ColorTemperature disabled!
11-03 16:43:49.968 D/SystemControl( 329): [CPQControl]:Gamma module disabled!
11-03 16:43:49.968 D/SystemControl( 329): [CPQControl]:Cpq_SetHDRTMOMode HDRTMO disable!
11-03 16:43:49.968 D/SystemControl( 329): [CPQControl]:Cpq_SetAmDolbyPQMode skip AmDolbyPQMode!
11-03 16:43:49.968 D/SystemControl( 329): [CPQControl]:Cpq_SetDolbyDarkDetail skip DarkDetail!
11-03 16:43:49.968 D/SystemControl( 329): [CPQControl]:Cpq_SetAMDolbyLightSensor skip LightSensor!
11-03 16:43:49.968 D/SystemControl( 329): [CPQControl]:Cpq_SetAmDolbyPecisionDetail skip Pecision Detail!
11-03 16:43:49.968 D/SystemControl( 329): [CPQControl]:SetPQPictureMode Done!
11-03 16:43:49.968 D/SystemControl( 329): [CPQControl]:Set_PictureMode success!
11-03 16:43:49.968 D/SystemControl( 329): [CPQControl]:XVYCC module disabled!
11-03 16:43:49.968 D/SystemControl( 329): [CPQdb]:GetTableName: mDbMatchType 6
11-03 16:43:49.968 D/SystemControl( 329): [CPQdb]:GetTableName table name is DI_MPEG!
11-03 16:43:49.969 I/SystemControl( 329): [CPQdb]:getDIRegValuesByValue, length = 16
11-03 16:43:49.969 D/SystemControl( 329): [CPQControl]:Cpq_SetDIModuleParam success!
11-03 16:43:49.970 D/SystemControl( 329): [CPQdb]:GetTableName: mDbMatchType 6
11-03 16:43:49.970 D/SystemControl( 329): [CPQdb]:GetTableName table name is MCDI_MPEG_HD!
11-03 16:43:49.971 I/SystemControl( 329): [CPQdb]:getDIRegValuesByValue, length = 98
11-03 16:43:49.971 D/SystemControl( 329): [CPQControl]:Cpq_SetMcDiMode success!
11-03 16:43:49.971 D/SystemControl( 329): [CPQControl]:SetDisplayMode, source: 10, value = 0
11-03 16:43:49.971 D/SystemControl( 329): [CPQControl]:source_input:10, adapted_mode:0, AFDFlag:0,screen mode:3
11-03 16:43:49.971 D/SystemControl( 329): [CPQControl]:Cpq_SetDisplayModeAllTiming success!
11-03 16:43:49.971 D/SystemControl( 329): [CPQControl]:Cpq_SetDisplayModeOneTiming: Overscan module disabled!
11-03 16:43:49.971 D/SystemControl( 329): [CPQControl]:Cpq_SetDisplayModeOneTiming: screenmode:1 hs:0 he:0 vs:0 ve:0
11-03 16:43:49.971 D/SystemControl( 329): [CPQControl]:Cpq_SetVideoCrop: 0 0 0 0
11-03 16:43:49.971 D/SystemControl( 329): [CPQControl]:Cpq_SetVideoScreenMode: 1
11-03 16:43:49.971 E/SystemControl( 329): [/SysWrite.cpp, writeSys, 280] writeSysFs, open /sys/class/afd_module/aspect_mode fail.
11-03 16:43:49.971 D/SystemControl( 329): [CPQControl]:Cpq_SetLocalDimming: LocalDimming disabled!
11-03 16:43:49.971 D/SystemControl( 329): [CPQControl]:CM module disabled!
11-03 16:43:49.972 I/SystemControl( 329): [CPQControl]:hasAisrFunc, has aisr or not:1
11-03 16:43:49.972 I/SystemControl( 329): [CPQControl]:Cpq_SetAiSrMode mode = 3
11-03 16:43:49.972 D/SystemControl( 329): [CPQdb]:GetTableName: mDbMatchType 6
11-03 16:43:49.972 D/SystemControl( 329): [CPQdb]:GetTableName table name is PI_X2!
11-03 16:43:49.973 I/SystemControl( 329): [CPQdb]:getRegValuesByValue, length = 43
11-03 16:43:49.973 I/SystemControl( 329): [CPQControl]:SetAiSrEnable isEnable = 1
11-03 16:43:49.980 D/SystemControl( 329): [CPQControl]:SaveAiSrEnable success!
11-03 16:43:49.991 I/SystemControl( 329): [CPQControl]:SetAiSrEnable success
11-03 16:43:49.991 I/SystemControl( 329): [CPQControl]:Cpq_SetAiSrMode success!
11-03 16:43:49.991 I/SystemControl( 329): [CPQControl]:Cpq_SetAipqMode mode = 0
11-03 16:43:49.991 E/SystemControl( 329): [CPQControl]:Cpq_SetAipqMode: ai is disable
11-03 16:43:49.991 I/SystemControl( 329): [CPQControl]:Cpq_SetAiColor value = 0
11-03 16:43:49.991 I/SystemControl( 329): [CPQControl]:hasAiColorFunc, has aicolor or not:0
11-03 16:43:49.991 D/SystemControl( 329): [CPQControl]:Cpq_SetAiColor: AiColor disabled!
11-03 16:43:49.991 E/SystemControl( 329): [CPQControl]:Cpq_SetSDR2HDR AMVECM_IOC_S_SDR2HDR_CTRL failed!
11-03 16:43:49.991 D/SystemControl( 329): [CPQControl]:Cpq_SetColorCustomize cm_9_color_md = 0, cm_14_color_md = 14, color_value = 127.
11-03 16:43:49.991 D/SystemControl( 329): [CPQControl]:Cpq_SetColorCustomize cm_9_color_md = 0, cm_14_color_md = 14, color_value = 127.
11-03 16:43:49.991 D/SystemControl( 329): [CPQControl]:Cpq_SetColorCustomize cm_9_color_md = 0, cm_14_color_md = 14, color_value = 0.
11-03 16:43:49.991 D/SystemControl( 329): [CPQControl]:Cpq_SetColorCustomize cm_9_color_md = 1, cm_14_color_md = 14, color_value = 0.
11-03 16:43:49.991 D/SystemControl( 329): [CPQControl]:Cpq_SetColorCustomize cm_9_color_md = 1, cm_14_color_md = 14, color_value = 0.
11-03 16:43:49.991 D/SystemControl( 329): [CPQControl]:Cpq_SetColorCustomize cm_9_color_md = 1, cm_14_color_md = 14, color_value = 0.
11-03 16:43:49.991 D/SystemControl( 329): [CPQControl]:Cpq_SetColorCustomize cm_9_color_md = 2, cm_14_color_md = 14, color_value = 2.
11-03 16:43:49.991 D/SystemControl( 329): [CPQControl]:Cpq_SetColorCustomize cm_9_color_md = 2, cm_14_color_md = 14, color_value = 0.
11-03 16:43:49.991 D/SystemControl( 329): [CPQControl]:Cpq_SetColorCustomize cm_9_color_md = 2, cm_14_color_md = 14, color_value = 0.
11-03 16:43:49.991 D/SystemControl( 329): [CPQControl]:Cpq_SetColorCustomize cm_9_color_md = 3, cm_14_color_md = 14, color_value = 0.
11-03 16:43:49.991 D/SystemControl( 329): [CPQControl]:Cpq_SetColorCustomize cm_9_color_md = 3, cm_14_color_md = 14, color_value = 0.
11-03 16:43:49.991 D/SystemControl( 329): [CPQControl]:Cpq_SetColorCustomize cm_9_color_md = 3, cm_14_color_md = 14, color_value = 0.
11-03 16:43:49.991 D/SystemControl( 329): [CPQControl]:Cpq_SetColorCustomize cm_9_color_md = 4, cm_14_color_md = 14, color_value = 0.
11-03 16:43:49.991 D/SystemControl( 329): [CPQControl]:Cpq_SetColorCustomize cm_9_color_md = 4, cm_14_color_md = 14, color_value = 0.
11-03 16:43:49.991 D/SystemControl( 329): [CPQControl]:Cpq_SetColorCustomize cm_9_color_md = 4, cm_14_color_md = 14, color_value = 0.
11-03 16:43:49.991 D/SystemControl( 329): [CPQControl]:Cpq_SetColorCustomize cm_9_color_md = 5, cm_14_color_md = 14, color_value = 0.
11-03 16:43:49.991 D/SystemControl( 329): [CPQControl]:Cpq_SetColorCustomize cm_9_color_md = 5, cm_14_color_md = 14, color_value = 0.
11-03 16:43:49.991 D/SystemControl( 329): [CPQControl]:Cpq_SetColorCustomize cm_9_color_md = 5, cm_14_color_md = 14, color_value = 0.
11-03 16:43:49.991 D/SystemControl( 329): [CPQControl]:Cpq_SetColorCustomize cm_9_color_md = 6, cm_14_color_md = 14, color_value = 0.
11-03 16:43:49.995 D/SystemControl( 329): [CPQControl]:Cpq_SetColorCustomize cm_9_color_md = 6, cm_14_color_md = 14, color_value = 0.
11-03 16:43:49.995 D/SystemControl( 329): [CPQControl]:Cpq_SetColorCustomize cm_9_color_md = 6, cm_14_color_md = 14, color_value = 0.
11-03 16:43:49.995 D/SystemControl( 329): [CPQControl]:Cpq_SetColorCustomize cm_9_color_md = 7, cm_14_color_md = 14, color_value = 0.
11-03 16:43:49.995 D/SystemControl( 329): [CPQControl]:Cpq_SetColorCustomize cm_9_color_md = 7, cm_14_color_md = 14, color_value = 0.
11-03 16:43:49.995 D/SystemControl( 329): [CPQControl]:Cpq_SetColorCustomize cm_9_color_md = 7, cm_14_color_md = 14, color_value = 0.
11-03 16:43:49.995 D/SystemControl( 329): [CPQControl]:Cpq_SetColorCustomize cm_9_color_md = 8, cm_14_color_md = 14, color_value = 0.
11-03 16:43:49.995 D/SystemControl( 329): [CPQControl]:Cpq_SetColorCustomize cm_9_color_md = 8, cm_14_color_md = 14, color_value = 0.
11-03 16:43:49.995 D/SystemControl( 329): [CPQControl]:Cpq_SetColorCustomize cm_9_color_md = 8, cm_14_color_md = 14, color_value = 0.
11-03 16:43:49.995 E/SystemControl( 329): [CPQControl]:LoadPQTableSettings Some modules failed to set in PQTableSettings, please check!
11-03 16:43:49.995 D/SystemControl( 329): [CPQControl]:LoadPQTableSettings Done!
11-03 16:43:49.996 D/SystemControl( 329): [CPQControl]:Cpq_GetSourceHDRType: newHdrType:6, source_input:10
11-03 16:43:50.080 I/mali_gralloc( 275): am_gralloc_get_uvm_decoder_para: parameters:[slot_id=0,w*h(16*16),w_align=64,h_align=64,size=0,compress=0]
11-03 16:43:50.080 I/mali_gralloc( 275): am_gralloc_get_uvm_decoder_para: parameters:[slot_id=0,w*h(16*16),w_align=64,h_align=64,size=0,compress=0]
11-03 16:43:50.082 I/C2VdecBlockPoolUtil( 478): Fetch the new block(ino:232 fd:274 dup fd:277 id:22) and append.
11-03 16:43:50.083 I/V4l2Adaptor( 478): importBufferForPicture pictureBufferId 22, dmabufFd 278, metaFd -1
11-03 16:43:50.083 I/V4l2Adaptor( 478): onImportBufferForPicture pictureBufferId 22, dmabufFd 278, metaFd -1, plane size 1
11-03 16:43:50.083 I/V4l2Adaptor( 478): onImportBufferForPicture addr 0x0, stride 0, offset 0, size 0
11-03 16:43:50.083 I/VDA ( 478): [0##3]"ImportDynamicCaptureBufferForPictureTask fd=278, index=22\n"" {IN=7/8, OUT=3/23[kAtAccelerator(1) kAtDevice(19) kAtClient(3)]}"
11-03 16:43:50.085 I/mali_gralloc( 275): am_gralloc_get_uvm_decoder_para: parameters:[slot_id=0,w*h(16*16),w_align=64,h_align=64,size=0,compress=0]
11-03 16:43:50.085 I/mali_gralloc( 275): am_gralloc_get_uvm_decoder_para: parameters:[slot_id=0,w*h(16*16),w_align=64,h_align=64,size=0,compress=0]
11-03 16:43:50.087 I/C2VdecBlockPoolUtil( 478): Fetch the new block(ino:234 fd:212 dup fd:282 id:23) and append.
11-03 16:43:50.091 I/V4l2Adaptor( 478): importBufferForPicture pictureBufferId 23, dmabufFd 226, metaFd -1
11-03 16:43:50.091 I/V4l2Adaptor( 478): onImportBufferForPicture pictureBufferId 23, dmabufFd 226, metaFd -1, plane size 1
11-03 16:43:50.091 I/V4l2Adaptor( 478): onImportBufferForPicture addr 0x0, stride 0, offset 0, size 0
11-03 16:43:50.092 I/VDA ( 478): [0##3]"ImportDynamicCaptureBufferForPictureTask fd=226, index=23\n"" {IN=4/8, OUT=7/24[kAtAccelerator(1) kAtDevice(16) kAtClient(7)]}"
11-03 16:43:50.203 E/TaskPersister( 705): File error accessing recents directory (directory doesn't exist?).
11-03 16:43:50.329 I//apex/com.android.adbd/bin/adbd( 1395): type=1400 audit(0.0:1482): avc: denied { write } for comm=75736220666673206F70656E name="property_service" dev="tmpfs" ino=411 scontext=u:r:su:s0 tcontext=u:object_r:property_socket:s0 tclass=sock_file permissive=1
11-03 16:43:50.329 I//apex/com.android.adbd/bin/adbd( 1395): type=1400 audit(0.0:1483): avc: denied { connectto } for comm=75736220666673206F70656E path="/dev/socket/property_service" scontext=u:r:su:s0 tcontext=u:r:init:s0 tclass=unix_stream_socket permissive=1
11-03 16:43:50.391 D/PipelineWatcher( 4330): onInputBufferReleased: frameIndex not found (50); ignored
11-03 16:43:50.690 I/WifiHAL ( 493): call wifi_get_link_stats handler
11-03 16:43:50.690 I/WifiHAL ( 493): Creating message to get link statistics; iface = 16
11-03 16:43:50.690 D/WifiHAL ( 493): error code -95 mapped to -3
11-03 16:43:50.691 E/WifiStaIfaceAidlImpl( 705): getLinkLayerStats failed with service-specific exception: android.os.ServiceSpecificException: (code 4)
11-03 16:43:50.705 I/VDA ( 478): [0##3]"ServiceDeviceTask INs=66/73, OUTs=64/80"" {IN=7/8, OUT=8/24[kAtAccelerator(0) kAtDevice(16) kAtClient(8)]}"
11-03 16:43:50.845 I/audio_hw_hal_alsamgr( 469): alsa format =0x24000000 delay frames =2464 total frames=34560000
11-03 16:43:51.122 D/PipelineWatcher( 4330): onInputBufferReleased: frameIndex not found (94); ignored
11-03 16:43:51.365 I//apex/com.android.adbd/bin/adbd( 1395): type=1400 audit(0.0:1484): avc: denied { dac_read_search } for comm=75736220666673206F70656E capability=2 scontext=u:r:su:s0 tcontext=u:r:su:s0 tclass=capability permissive=1
11-03 16:43:51.365 I//apex/com.android.adbd/bin/adbd( 1395): type=1400 audit(0.0:1485): avc: denied { dac_override } for comm=75736220666673206F70656E capability=1 scontext=u:r:su:s0 tcontext=u:r:su:s0 tclass=capability permissive=1
11-03 16:43:51.730 I/VDA ( 478): [0##3]"ServiceDeviceTask INs=127/134, OUTs=126/141"" {IN=7/8, OUT=9/24[kAtAccelerator(0) kAtDevice(15) kAtClient(9)]}"
11-03 16:43:52.545 I/audio_hw_hal_stream( 469): aml_stream_out_info_print: out:0xe4580010, stream_type:pcm, sync_mode:non tunnel, input_size:6359040 bytes
11-03 16:43:52.545 I/audio_hw_hal_stream( 469): aml_stream_out_info_print: last_time:194277 ms (sec:194, nsec:277915425), last_position:32902 ms (1579312), cur_time:194297 ms (sec:194, nsec:297726925), cur_position:32923 ms (1580336)
11-03 16:43:52.545 I/audio_hw_hal_stream( 469): aml_stream_out_info_print: time_gap:20 ms (thr:100 ms), position_gap:21 ms, delay:196 ms, jitter: Position gap is ahead of system time gap by 1 ms (thr:100 ms)
11-03 16:43:52.733 I/VDA ( 478): [0##3]"ServiceDeviceTask INs=189/197, OUTs=190/201"" {IN=8/8, OUT=13/24[kAtAccelerator(0) kAtDevice(11) kAtClient(13)]}"
11-03 16:43:53.698 I/WifiHAL ( 493): call wifi_get_link_stats handler
11-03 16:43:53.698 I/WifiHAL ( 493): Creating message to get link statistics; iface = 16
11-03 16:43:53.698 D/WifiHAL ( 493): error code -95 mapped to -3
11-03 16:43:53.699 E/WifiStaIfaceAidlImpl( 705): getLinkLayerStats failed with service-specific exception: android.os.ServiceSpecificException: (code 4)
11-03 16:43:53.736 I/VDA ( 478): [0##3]"ServiceDeviceTask INs=248/255, OUTs=246/262"" {IN=7/8, OUT=8/24[kAtAccelerator(0) kAtDevice(16) kAtClient(8)]}"
11-03 16:43:54.479 I/com.ktcp.video( 2536): Background concurrent copying GC freed 185967(6910KB) AllocSpace objects, 16(320KB) LOS objects, 49% free, 6579KB/12MB, paused 144us,235us total 187.725ms
11-03 16:43:54.721 I/DebugUtil( 478): [0##3]in/out status {INS/OUTS=317(1)/308(0)}, pipeline status {IN=8/8, OUT=13/24[Component(0) Accelerator(11) Client(13)]}
11-03 16:43:54.740 I/VDA ( 478): [0##3]"ServiceDeviceTask INs=309/316, OUTs=308/322"" {IN=7/8, OUT=10/24[kAtAccelerator(0) kAtDevice(14) kAtClient(10)]}"
11-03 16:43:54.846 D/BufferPoolAccessor2.0( 4330): bufferpool2 0xeac05b48 : 9(14155776 size) total buffers - 9(14155776 size) used buffers - 317/326 (recycle/alloc) - 9/325 (fetch/transfer)
11-03 16:43:54.920 I/audio_hw_hal_alsamgr( 469): alsa format =0x1 delay frames =1024 total frames=8836480
11-03 16:43:54.960 I/BLEAudioDrive_HV412( 469): fd:26 data len: 4 3
11-03 16:43:54.963 D/CompatibilityChangeReporter( 705): Compat change id reported: 173031413; UID 1000; state: ENABLED
11-03 16:43:54.964 D/CompatibilityChangeReporter( 705): Compat change id reported: 173031413; UID 1000; state: DISABLED
11-03 16:43:55.111 D/WindowManager( 705): handleVolumeKeyInArc KeyEvent { action=ACTION_DOWN, keyCode=KEYCODE_VOLUME_UP, scanCode=115, metaState=0, flags=0x8, repeatCount=0, eventTime=196716632000, downTime=196716632000, deviceId=10, source=0x301, displayId=-1 }
11-03 16:43:55.111 D/WindowManager( 705): dispatchDirectAudioEvent KeyEvent { action=ACTION_DOWN, keyCode=KEYCODE_VOLUME_UP, scanCode=115, metaState=0, flags=0x8, repeatCount=0, eventTime=196716632000, downTime=196716632000, deviceId=10, source=0x301, displayId=-1 }
11-03 16:43:55.112 D/AudioService( 705): adjustSuggestedStreamVolume() stream=-2147483648, flags=4101, caller=WindowManager, volControlStream=-1, userSelect=false
11-03 16:43:55.114 D/AudioService( 705): adjustStreamVolume() stream=3, dir=1, flags=4097, caller=WindowManager
11-03 16:43:55.116 D/xm_audio( 469): adev_get_parameters
11-03 16:43:55.118 D/AudioService( 705): updateVolumeGroupIndex for stream 11, muted=false, device=1024, index=400, group system Muted=false, Index=40, forceMuteState=false
11-03 16:43:55.119 D/AudioService( 705): updateVolumeGroupIndex for stream 10, muted=false, device=1024, index=400, group accessibility Muted=false, Index=40, forceMuteState=false
11-03 16:43:55.120 D/AudioService( 705): updateVolumeGroupIndex for stream 9, muted=false, device=1024, index=400, group tts Muted=false, Index=40, forceMuteState=false
11-03 16:43:55.120 D/AudioService( 705): updateVolumeGroupIndex for stream 9, muted=false, device=2, index=400, group tts Muted=false, Index=40, forceMuteState=false
11-03 16:43:55.120 I/BLEAudioDrive_HV412( 469): fd:26 data len: 4 3
11-03 16:43:55.121 I/BLEAudioDrive_HV412( 469): consumer stop
11-03 16:43:55.121 D/AudioService( 705): updateVolumeGroupIndex for stream 8, muted=false, device=1024, index=400, group dtmf Muted=false, Index=40, forceMuteState=false
11-03 16:43:55.122 D/AudioService( 705): updateVolumeGroupIndex for stream 7, muted=false, device=1024, index=400, group enforced_audible Muted=false, Index=40, forceMuteState=false
11-03 16:43:55.122 D/AudioService( 705): updateVolumeGroupIndex for stream 5, muted=false, device=1024, index=400, group notification Muted=false, Index=40, forceMuteState=false
11-03 16:43:55.124 D/AudioService( 705): updateVolumeGroupIndex for stream 4, muted=false, device=1024, index=400, group alarm Muted=false, Index=40, forceMuteState=false
11-03 16:43:55.126 D/AudioService( 705): updateVolumeGroupIndex for stream 2, muted=false, device=1024, index=400, group ring Muted=false, Index=40, forceMuteState=false
11-03 16:43:55.127 D/AudioService( 705): updateVolumeGroupIndex for stream 1, muted=false, device=1024, index=400, group system Muted=false, Index=40, forceMuteState=false
11-03 16:43:55.128 D/AudioService( 705): updateVolumeGroupIndex for stream 0, muted=false, device=1024, index=400, group voice_call Muted=false, Index=40, forceMuteState=false
11-03 16:43:55.128 D/AudioService( 705): updateVolumeGroupIndex for stream 3, muted=false, device=1024, index=80, group music Muted=false, Index=8, forceMuteState=false
11-03 16:43:55.131 D/xm_audio( 469): adev_get_parameters
11-03 16:43:55.133 D/xm_audio( 469): adev_get_parameters
11-03 16:43:55.138 I/vol.Events( 985): writeEvent level_changed STREAM_MUSIC 8
11-03 16:43:55.142 D/vol.VolumeDialogImpl( 985): getIconResWithStream levelMax:20 levelMin:0 level:8 getImpliedLevel:7 stream:3
11-03 16:43:55.149 D/xm_audio( 469): adev_get_parameters
11-03 16:43:55.151 D/xm_audio( 469): adev_get_parameters
11-03 16:43:55.152 D/AudioService( 705): forceUse=0 full:false
11-03 16:43:55.152 D/AudioService( 705): adjustSreamVolume playbackDeviceConditions=false tvConditions=false
11-03 16:43:55.153 D/xm_audio( 469): adev_get_parameters
11-03 16:43:55.156 D/xm_audio( 469): adev_get_parameters
11-03 16:43:55.157 D/xm_audio( 469): adev_get_parameters
11-03 16:43:55.159 D/WindowManager( 705): handleVolumeKeyInArc KeyEvent { action=ACTION_UP, keyCode=KEYCODE_VOLUME_UP, scanCode=115, metaState=0, flags=0x8, repeatCount=0, eventTime=196876442000, downTime=196716632000, deviceId=10, source=0x301, displayId=-1 }
11-03 16:43:55.160 D/WindowManager( 705): dispatchDirectAudioEvent KeyEvent { action=ACTION_UP, keyCode=KEYCODE_VOLUME_UP, scanCode=115, metaState=0, flags=0x8, repeatCount=0, eventTime=196876442000, downTime=196716632000, deviceId=10, source=0x301, displayId=-1 }
11-03 16:43:55.160 D/AudioService( 705): adjustSuggestedStreamVolume() stream=-2147483648, flags=4101, caller=WindowManager, volControlStream=-1, userSelect=false
11-03 16:43:55.161 I/vol.Events( 985): writeEvent active_stream_changed STREAM_MUSIC
11-03 16:43:55.162 D/AudioService( 705): adjustStreamVolume() stream=3, dir=1, flags=4097, caller=WindowManager
11-03 16:43:55.162 D/AudioService( 705): forceVolumeControlStream(3)
11-03 16:43:55.163 D/xm_audio( 469): adev_get_parameters
11-03 16:43:55.165 I/audio_hw_hal_primary( 469): out_update_source_metadata_v7() line 1743 usage:1 content_type:2
11-03 16:43:55.166 D/xm_audio( 469): adev_get_parameters
11-03 16:43:55.170 D/xm_audio( 469): adev_get_parameters
11-03 16:43:55.178 D/xm_audio( 469): adev_get_parameters
11-03 16:43:55.184 D/xm_audio( 469): adev_get_parameters
11-03 16:43:55.195 D/xm_audio( 469): adev_get_parameters
11-03 16:43:55.204 D/xm_audio( 469): adev_get_parameters
11-03 16:43:55.212 D/xm_audio( 469): adev_get_parameters
11-03 16:43:55.213 D/vol.VolumeDialogImpl( 985): getIconResWithStream levelMax:20 levelMin:0 level:8 getImpliedLevel:8 stream:3
11-03 16:43:55.214 I/vol.VolumeDialogImpl( 985): showH r=volume_changed
11-03 16:43:55.214 I/vol.VolumeDialogImpl( 985): rescheduleTimeout 3000 com.android.systemui.volume.VolumeDialogImpl.showH:1478
11-03 16:43:55.215 I/vol.Events( 985): writeEvent key STREAM_MUSIC 8
11-03 16:43:55.216 D/xm_audio( 469): adev_get_parameters
11-03 16:43:55.218 D/AudioService( 705): forceUse=0 full:false
11-03 16:43:55.218 D/AudioService( 705): adjustSreamVolume playbackDeviceConditions=false tvConditions=false
11-03 16:43:55.220 D/xm_audio( 469): adev_get_parameters
11-03 16:43:55.221 W/WindowManager( 705): [addWindow] title:VolumeDialogImpl
11-03 16:43:55.222 D/xm_audio( 469): adev_get_parameters
11-03 16:43:55.228 W/InputDispatcher( 705): Excessive delay in interceptKeyBeforeDispatching; took 69 ms
11-03 16:43:55.232 I/vol.Events( 985): writeEvent show_dialog volume_changed keyguard=false
11-03 16:43:55.238 D/CoreBackPreview( 705): Window{748d1b9 u0 VolumeDialogImpl}: Setting back callback OnBackInvokedCallbackInfo{mCallback=android.window.IOnBackInvokedCallback$Stub$Proxy@7f5655f, mPriority=0, mIsAnimationCallback=false}
11-03 16:43:55.262 E/OpenGLRenderer( 985): Unable to match the desired swap behavior.
11-03 16:43:55.264 D/AudioService( 705): Volume controller visible: true
11-03 16:43:55.279 D/PermissionCache( 705): checking android.permission.ROTATE_SURFACE_FLINGER for uid=10052 => granted (325 us)
11-03 16:43:55.265 I/rainbow_flow( 2350): type=1400 audit(0.0:1486): avc: denied { ioctl } for path="/dev/spidev1.0" dev="tmpfs" ino=533 ioctlcmd=0x6b00 scontext=u:r:init:s0 tcontext=u:object_r:device:s0 tclass=chr_file permissive=1
11-03 16:43:55.283 D/PermissionCache( 705): checking android.permission.INTERNAL_SYSTEM_WINDOW for uid=10052 => granted (3722 us)
11-03 16:43:55.283 D/PermissionCache( 705): checking android.permission.ACCESS_SURFACE_FLINGER for uid=10052 => granted (226 us)
11-03 16:43:55.286 E/system_server( 705): No package ID ff found for resource ID 0xffffffff.
11-03 16:43:55.302 I/vol.VolumeDialogImpl( 985): showH r=volume_changed
11-03 16:43:55.302 I/vol.VolumeDialogImpl( 985): rescheduleTimeout 3000 com.android.systemui.volume.VolumeDialogImpl.showH:1478
11-03 16:43:55.314 I/vol.Events( 985): writeEvent show_dialog volume_changed keyguard=false
11-03 16:43:55.316 D/AudioService( 705): Volume controller visible: true
11-03 16:43:55.349 D/PipelineWatcher( 4330): onInputBufferReleased: frameIndex not found (346); ignored
11-03 16:43:55.613 I/cling--ap-3( 3681): type=1400 audit(0.0:1487): avc: denied { search } for name="net" dev="sysfs" ino=12361 scontext=u:r:untrusted_app_27:s0:c43,c256,c512,c768 tcontext=u:object_r:sysfs_net:s0 tclass=dir permissive=1 app=com.dangbei.screencast
11-03 16:43:55.613 I/cling--ap-3( 3681): type=1400 audit(0.0:1488): avc: denied { read } for name="address" dev="sysfs" ino=22143 scontext=u:r:untrusted_app_27:s0:c43,c256,c512,c768 tcontext=u:object_r:sysfs_net:s0 tclass=file permissive=1 app=com.dangbei.screencast
11-03 16:43:55.613 I/cling--ap-3( 3681): type=1400 audit(0.0:1489): avc: denied { open } for path="/sys/devices/virtual/net/dummy0/address" dev="sysfs" ino=22143 scontext=u:r:untrusted_app_27:s0:c43,c256,c512,c768 tcontext=u:object_r:sysfs_net:s0 tclass=file permissive=1 app=com.dangbei.screencast
11-03 16:43:55.613 I/cling--ap-3( 3681): type=1400 audit(0.0:1490): avc: denied { getattr } for path="/sys/devices/virtual/net/dummy0/address" dev="sysfs" ino=22143 scontext=u:r:untrusted_app_27:s0:c43,c256,c512,c768 tcontext=u:object_r:sysfs_net:s0 tclass=file permissive=1 app=com.dangbei.screencast
11-03 16:43:55.700 I/BLEAudioDrive_HV412( 469): fd:26 data len: 4 3
11-03 16:43:55.749 I/VDA ( 478): [0##3]"ServiceDeviceTask INs=369/376, OUTs=368/381"" {IN=7/8, OUT=11/24[kAtAccelerator(0) kAtDevice(13) kAtClient(11)]}"
11-03 16:43:55.850 I/BLEAudioDrive_HV412( 469): fd:26 data len: 4 3
11-03 16:43:55.850 I/BLEAudioDrive_HV412( 469): consumer stop
11-03 16:43:55.851 D/WindowManager( 705): handleVolumeKeyInArc KeyEvent { action=ACTION_DOWN, keyCode=KEYCODE_VOLUME_UP, scanCode=115, metaState=0, flags=0x8, repeatCount=0, eventTime=197456493000, downTime=197456493000, deviceId=10, source=0x301, displayId=-1 }
11-03 16:43:55.851 D/WindowManager( 705): dispatchDirectAudioEvent KeyEvent { action=ACTION_DOWN, keyCode=KEYCODE_VOLUME_UP, scanCode=115, metaState=0, flags=0x8, repeatCount=0, eventTime=197456493000, downTime=197456493000, deviceId=10, source=0x301, displayId=-1 }
11-03 16:43:55.853 D/AudioService( 705): adjustSuggestedStreamVolume() stream=-2147483648, flags=4101, caller=WindowManager, volControlStream=3, userSelect=false
11-03 16:43:55.855 D/AudioService( 705): adjustStreamVolume() stream=3, dir=1, flags=4097, caller=WindowManager
11-03 16:43:55.862 D/xm_audio( 469): adev_get_parameters
11-03 16:43:55.864 D/AudioService( 705): updateVolumeGroupIndex for stream 11, muted=false, device=1024, index=450, group system Muted=false, Index=45, forceMuteState=false
11-03 16:43:55.864 D/AudioService( 705): updateVolumeGroupIndex for stream 10, muted=false, device=1024, index=450, group accessibility Muted=false, Index=45, forceMuteState=false
11-03 16:43:55.864 D/AudioService( 705): updateVolumeGroupIndex for stream 9, muted=false, device=1024, index=450, group tts Muted=false, Index=45, forceMuteState=false
11-03 16:43:55.865 D/AudioService( 705): updateVolumeGroupIndex for stream 9, muted=false, device=2, index=450, group tts Muted=false, Index=45, forceMuteState=false
11-03 16:43:55.865 D/AudioService( 705): updateVolumeGroupIndex for stream 8, muted=false, device=1024, index=450, group dtmf Muted=false, Index=45, forceMuteState=false
11-03 16:43:55.865 D/AudioService( 705): updateVolumeGroupIndex for stream 7, muted=false, device=1024, index=450, group enforced_audible Muted=false, Index=45, forceMuteState=false
11-03 16:43:55.865 D/AudioService( 705): updateVolumeGroupIndex for stream 5, muted=false, device=1024, index=450, group notification Muted=false, Index=45, forceMuteState=false
11-03 16:43:55.865 D/AudioService( 705): updateVolumeGroupIndex for stream 4, muted=false, device=1024, index=450, group alarm Muted=false, Index=45, forceMuteState=false
11-03 16:43:55.866 D/AudioService( 705): updateVolumeGroupIndex for stream 2, muted=false, device=1024, index=450, group ring Muted=false, Index=45, forceMuteState=false
11-03 16:43:55.866 D/AudioService( 705): updateVolumeGroupIndex for stream 1, muted=false, device=1024, index=450, group system Muted=false, Index=45, forceMuteState=false
11-03 16:43:55.866 D/AudioService( 705): updateVolumeGroupIndex for stream 0, muted=false, device=1024, index=450, group voice_call Muted=false, Index=45, forceMuteState=false
11-03 16:43:55.866 D/AudioService( 705): updateVolumeGroupIndex for stream 3, muted=false, device=1024, index=90, group music Muted=false, Index=9, forceMuteState=false
11-03 16:43:55.874 D/xm_audio( 469): adev_get_parameters
11-03 16:43:55.876 I/vol.Events( 985): writeEvent level_changed STREAM_MUSIC 9
11-03 16:43:55.878 D/xm_audio( 469): adev_get_parameters
11-03 16:43:55.880 D/xm_audio( 469): adev_get_parameters
11-03 16:43:55.881 D/AudioService( 705): forceUse=0 full:false
11-03 16:43:55.881 D/AudioService( 705): adjustSreamVolume playbackDeviceConditions=false tvConditions=false
11-03 16:43:55.882 D/xm_audio( 469): adev_get_parameters
11-03 16:43:55.885 I/audio_hw_hal_primary( 469): out_update_source_metadata_v7() line 1743 usage:1 content_type:2
11-03 16:43:55.886 D/xm_audio( 469): adev_get_parameters
11-03 16:43:55.896 D/WindowManager( 705): handleVolumeKeyInArc KeyEvent { action=ACTION_UP, keyCode=KEYCODE_VOLUME_UP, scanCode=115, metaState=0, flags=0x8, repeatCount=0, eventTime=197606748000, downTime=197456493000, deviceId=10, source=0x301, displayId=-1 }
11-03 16:43:55.897 D/WindowManager( 705): dispatchDirectAudioEvent KeyEvent { action=ACTION_UP, keyCode=KEYCODE_VOLUME_UP, scanCode=115, metaState=0, flags=0x8, repeatCount=0, eventTime=197606748000, downTime=197456493000, deviceId=10, source=0x301, displayId=-1 }
11-03 16:43:55.898 D/AudioService( 705): adjustSuggestedStreamVolume() stream=-2147483648, flags=4101, caller=WindowManager, volControlStream=3, userSelect=false
11-03 16:43:55.899 D/AudioService( 705): adjustStreamVolume() stream=3, dir=1, flags=4097, caller=WindowManager
11-03 16:43:55.902 D/vol.VolumeDialogImpl( 985): getIconResWithStream levelMax:20 levelMin:0 level:9 getImpliedLevel:8 stream:3
11-03 16:43:55.902 D/xm_audio( 469): adev_get_parameters
11-03 16:43:55.915 D/xm_audio( 469): adev_get_parameters
11-03 16:43:55.928 D/xm_audio( 469): adev_get_parameters
11-03 16:43:55.940 D/xm_audio( 469): adev_get_parameters
11-03 16:43:55.948 D/xm_audio( 469): adev_get_parameters
11-03 16:43:55.953 D/xm_audio( 469): adev_get_parameters
11-03 16:43:55.959 D/xm_audio( 469): adev_get_parameters
11-03 16:43:55.961 I/BLEAudioDrive_HV412( 469): fd:26 data len: 4 3
11-03 16:43:55.966 D/xm_audio( 469): adev_get_parameters
11-03 16:43:55.985 D/xm_audio( 469): adev_get_parameters
11-03 16:43:55.991 W/Looper ( 705): Slow dispatch took 116ms main h=android.app.ActivityThread$H c=android.app.LoadedApk$ReceiverDispatcher$Args$$ExternalSyntheticLambda0@d34f87b m=0
11-03 16:43:55.994 I/vol.VolumeDialogImpl( 985): showH r=volume_changed
11-03 16:43:55.994 D/xm_audio( 469): adev_get_parameters
11-03 16:43:55.994 I/vol.VolumeDialogImpl( 985): rescheduleTimeout 3000 com.android.systemui.volume.VolumeDialogImpl.showH:1478
11-03 16:43:55.995 I/vol.Events( 985): writeEvent show_dialog volume_changed keyguard=false
11-03 16:43:55.996 D/AudioService( 705): Volume controller visible: true
11-03 16:43:55.996 D/xm_audio( 469): adev_get_parameters
11-03 16:43:55.998 D/AudioService( 705): forceUse=0 full:false
11-03 16:43:55.998 D/AudioService( 705): adjustSreamVolume playbackDeviceConditions=false tvConditions=false
11-03 16:43:56.000 D/xm_audio( 469): adev_get_parameters
11-03 16:43:56.003 D/xm_audio( 469): adev_get_parameters
11-03 16:43:56.005 W/InputDispatcher( 705): Excessive delay in interceptKeyBeforeDispatching; took 108 ms
11-03 16:43:56.007 I/vol.VolumeDialogImpl( 985): showH r=volume_changed
11-03 16:43:56.007 I/vol.VolumeDialogImpl( 985): rescheduleTimeout 3000 com.android.systemui.volume.VolumeDialogImpl.showH:1478
11-03 16:43:56.008 I/vol.Events( 985): writeEvent show_dialog volume_changed keyguard=false
11-03 16:43:56.011 D/AudioService( 705): Volume controller visible: true
11-03 16:43:56.050 I/BLEAudioDrive_HV412( 469): fd:26 data len: 4 3
11-03 16:43:56.050 I/BLEAudioDrive_HV412( 469): consumer stop
11-03 16:43:56.051 D/WindowManager( 705): handleVolumeKeyInArc KeyEvent { action=ACTION_DOWN, keyCode=KEYCODE_VOLUME_UP, scanCode=115, metaState=0, flags=0x8, repeatCount=0, eventTime=197717085000, downTime=197717085000, deviceId=10, source=0x301, displayId=-1 }
11-03 16:43:56.051 D/WindowManager( 705): dispatchDirectAudioEvent KeyEvent { action=ACTION_DOWN, keyCode=KEYCODE_VOLUME_UP, scanCode=115, metaState=0, flags=0x8, repeatCount=0, eventTime=197717085000, downTime=197717085000, deviceId=10, source=0x301, displayId=-1 }
11-03 16:43:56.052 D/AudioService( 705): adjustSuggestedStreamVolume() stream=-2147483648, flags=4101, caller=WindowManager, volControlStream=3, userSelect=false
11-03 16:43:56.054 D/AudioService( 705): adjustStreamVolume() stream=3, dir=1, flags=4097, caller=WindowManager
11-03 16:43:56.060 D/xm_audio( 469): adev_get_parameters
11-03 16:43:56.062 D/AudioService( 705): updateVolumeGroupIndex for stream 11, muted=false, device=1024, index=500, group system Muted=false, Index=50, forceMuteState=false
11-03 16:43:56.064 D/AudioService( 705): updateVolumeGroupIndex for stream 10, muted=false, device=1024, index=500, group accessibility Muted=false, Index=50, forceMuteState=false
11-03 16:43:56.064 D/AudioService( 705): updateVolumeGroupIndex for stream 9, muted=false, device=1024, index=500, group tts Muted=false, Index=50, forceMuteState=false
11-03 16:43:56.065 D/AudioService( 705): updateVolumeGroupIndex for stream 9, muted=false, device=2, index=500, group tts Muted=false, Index=50, forceMuteState=false
11-03 16:43:56.065 D/AudioService( 705): updateVolumeGroupIndex for stream 8, muted=false, device=1024, index=500, group dtmf Muted=false, Index=50, forceMuteState=false
11-03 16:43:56.065 D/AudioService( 705): updateVolumeGroupIndex for stream 7, muted=false, device=1024, index=500, group enforced_audible Muted=false, Index=50, forceMuteState=false
11-03 16:43:56.066 D/AudioService( 705): updateVolumeGroupIndex for stream 5, muted=false, device=1024, index=500, group notification Muted=false, Index=50, forceMuteState=false
11-03 16:43:56.066 D/AudioService( 705): updateVolumeGroupIndex for stream 4, muted=false, device=1024, index=500, group alarm Muted=false, Index=50, forceMuteState=false
11-03 16:43:56.067 D/AudioService( 705): updateVolumeGroupIndex for stream 2, muted=false, device=1024, index=500, group ring Muted=false, Index=50, forceMuteState=false
11-03 16:43:56.067 D/AudioService( 705): updateVolumeGroupIndex for stream 1, muted=false, device=1024, index=500, group system Muted=false, Index=50, forceMuteState=false
11-03 16:43:56.067 D/AudioService( 705): updateVolumeGroupIndex for stream 0, muted=false, device=1024, index=500, group voice_call Muted=false, Index=50, forceMuteState=false
11-03 16:43:56.070 D/AudioService( 705): updateVolumeGroupIndex for stream 3, muted=false, device=1024, index=100, group music Muted=false, Index=10, forceMuteState=false
11-03 16:43:56.074 D/xm_audio( 469): adev_get_parameters
11-03 16:43:56.074 I/vol.Events( 985): writeEvent level_changed STREAM_MUSIC 10
11-03 16:43:56.076 D/xm_audio( 469): adev_get_parameters
11-03 16:43:56.076 D/vol.VolumeDialogImpl( 985): getIconResWithStream levelMax:20 levelMin:0 level:10 getImpliedLevel:9 stream:3
11-03 16:43:56.079 D/xm_audio( 469): adev_get_parameters
11-03 16:43:56.079 D/AudioService( 705): forceUse=0 full:false
11-03 16:43:56.079 D/AudioService( 705): adjustSreamVolume playbackDeviceConditions=false tvConditions=false
11-03 16:43:56.080 D/xm_audio( 469): adev_get_parameters
11-03 16:43:56.081 D/xm_audio( 469): adev_get_parameters
11-03 16:43:56.082 D/xm_audio( 469): adev_get_parameters
11-03 16:43:56.083 D/WindowManager( 705): handleVolumeKeyInArc KeyEvent { action=ACTION_UP, keyCode=KEYCODE_VOLUME_UP, scanCode=115, metaState=0, flags=0x8, repeatCount=0, eventTime=197806438000, downTime=197717085000, deviceId=10, source=0x301, displayId=-1 }
11-03 16:43:56.083 D/WindowManager( 705): dispatchDirectAudioEvent KeyEvent { action=ACTION_UP, keyCode=KEYCODE_VOLUME_UP, scanCode=115, metaState=0, flags=0x8, repeatCount=0, eventTime=197806438000, downTime=197717085000, deviceId=10, source=0x301, displayId=-1 }
11-03 16:43:56.084 D/AudioService( 705): adjustSuggestedStreamVolume() stream=-2147483648, flags=4101, caller=WindowManager, volControlStream=3, userSelect=false
11-03 16:43:56.084 D/xm_audio( 469): adev_get_parameters
11-03 16:43:56.085 I/audio_hw_hal_primary( 469): out_update_source_metadata_v7() line 1743 usage:1 content_type:2
11-03 16:43:56.093 D/AudioService( 705): adjustStreamVolume() stream=3, dir=1, flags=4097, caller=WindowManager
11-03 16:43:56.094 D/xm_audio( 469): adev_get_parameters
11-03 16:43:56.097 D/xm_audio( 469): adev_get_parameters
11-03 16:43:56.102 D/xm_audio( 469): adev_get_parameters
11-03 16:43:56.113 D/xm_audio( 469): adev_get_parameters
11-03 16:43:56.117 D/xm_audio( 469): adev_get_parameters
11-03 16:43:56.122 D/xm_audio( 469): adev_get_parameters
11-03 16:43:56.127 D/AF::Track( 501): interceptBuffer: took 1821us to intercept 0 tracks
11-03 16:43:56.132 D/xm_audio( 469): adev_get_parameters
11-03 16:43:56.137 D/xm_audio( 469): adev_get_parameters
11-03 16:43:56.139 I/vol.VolumeDialogImpl( 985): showH r=volume_changed
11-03 16:43:56.144 D/xm_audio( 469): adev_get_parameters
11-03 16:43:56.144 I/vol.VolumeDialogImpl( 985): rescheduleTimeout 3000 com.android.systemui.volume.VolumeDialogImpl.showH:1478
11-03 16:43:56.144 D/AudioService( 705): forceUse=0 full:false
11-03 16:43:56.145 D/AudioService( 705): adjustSreamVolume playbackDeviceConditions=false tvConditions=false
11-03 16:43:56.146 D/xm_audio( 469): adev_get_parameters
11-03 16:43:56.147 I/vol.Events( 985): writeEvent show_dialog volume_changed keyguard=false
11-03 16:43:56.150 D/xm_audio( 469): adev_get_parameters
11-03 16:43:56.150 D/AudioService( 705): Volume controller visible: true
11-03 16:43:56.150 I/BLEAudioDrive_HV412( 469): fd:26 data len: 4 3
11-03 16:43:56.152 W/InputDispatcher( 705): Excessive delay in interceptKeyBeforeDispatching; took 69 ms
11-03 16:43:56.168 I/vol.VolumeDialogImpl( 985): showH r=volume_changed
11-03 16:43:56.169 I/vol.VolumeDialogImpl( 985): rescheduleTimeout 3000 com.android.systemui.volume.VolumeDialogImpl.showH:1478
11-03 16:43:56.177 I/vol.Events( 985): writeEvent show_dialog volume_changed keyguard=false
11-03 16:43:56.178 D/AudioService( 705): Volume controller visible: true
11-03 16:43:56.220 I/BLEAudioDrive_HV412( 469): fd:26 data len: 4 3
11-03 16:43:56.220 I/BLEAudioDrive_HV412( 469): consumer stop
11-03 16:43:56.225 D/WindowManager( 705): handleVolumeKeyInArc KeyEvent { action=ACTION_DOWN, keyCode=KEYCODE_VOLUME_UP, scanCode=115, metaState=0, flags=0x8, repeatCount=0, eventTime=197906404000, downTime=197906404000, deviceId=10, source=0x301, displayId=-1 }
