11-03 16:43:49.630 D/ReflectedParamUpdater( 4330): extent() != 1 for single value type: input.buffers.allocator-ids.values
11-03 16:43:49.630 D/ReflectedParamUpdater( 4330): extent() != 1 for single value type: output.buffers.allocator-ids.values
11-03 16:43:49.631 D/ReflectedParamUpdater( 4330): extent() != 1 for single value type: output.buffers.pool-ids.values
11-03 16:43:49.633 I/audio_hw_hal_primary( 469): [audiohal_get_latency:1036] io 13: out:0xe4580010 frames:1152 rate:48000 whole_latency:24 alsa_latency:24
11-03 16:43:49.635 D/ReflectedParamUpdater( 4330): extent() != 1 for single value type: output.tunneled-render.sync-id
11-03 16:43:49.635 D/ReflectedParamUpdater( 4330): extent() != 1 for single value type: output.tunnel-handle.values
11-03 16:43:49.639 D/CCodecConfig( 4330): ignoring local param raw.size (0xd2001800) as it is already supported
11-03 16:43:49.639 D/CCodecConfig( 4330): ignoring local param default.color (0x5200180b) as it is already supported
11-03 16:43:49.639 D/CCodecConfig( 4330): ignoring local param raw.hdr-static-info (0xd200180a) as it is already supported
11-03 16:43:49.641 I/CCodecConfig( 4330): query failed after returning 17 values (BAD_INDEX)
11-03 16:43:49.642 D/CCodecConfig( 4330): c2 config diff is Dict {
11-03 16:43:49.642 D/CCodecConfig( 4330): c2::u32 algo.delay.value = 0
11-03 16:43:49.642 D/CCodecConfig( 4330): c2::u32 algo.low-latency.value = 0
11-03 16:43:49.642 D/CCodecConfig( 4330): c2::float coded.frame-rate.value = 30
11-03 16:43:49.642 D/CCodecConfig( 4330): c2::u32 coded.pl.level = 20495
11-03 16:43:49.642 D/CCodecConfig( 4330): c2::u32 coded.pl.profile = 20482
11-03 16:43:49.642 D/CCodecConfig( 4330): c2::u32 coded.vui.color.matrix = 0
11-03 16:43:49.642 D/CCodecConfig( 4330): c2::u32 coded.vui.color.primaries = 0
11-03 16:43:49.642 D/CCodecConfig( 4330): c2::u32 coded.vui.color.range = 0
11-03 16:43:49.642 D/CCodecConfig( 4330): c2::u32 coded.vui.color.transfer = 0
11-03 16:43:49.642 D/CCodecConfig( 4330): c2::u32 default.color.matrix = 0
11-03 16:43:49.642 D/CCodecConfig( 4330): c2::u32 default.color.primaries = 0
11-03 16:43:49.642 D/CCodecConfig( 4330): c2::u32 default.color.range = 0
11-03 16:43:49.642 D/CCodecConfig( 4330): c2::u32 default.color.transfer = 0
11-03 16:43:49.642 D/CCodecConfig( 4330): c2::u32 input.buffers.max-size.value = 1310720
11-03 16:43:49.642 D/CCodecConfig( 4330): c2::u32 input.delay.value = 4
11-03 16:43:49.642 D/CCodecConfig( 4330): Buffer input.hdr-dynamic-info.data = {
11-03 16:43:49.642 D/CCodecConfig( 4330): }
11-03 16:43:49.642 D/CCodecConfig( 4330): c2::u32 input.hdr-dynamic-info.type = 0
11-03 16:43:49.642 D/CCodecConfig( 4330): string input.media-type.value = "video/avc"
11-03 16:43:49.642 D/CCodecConfig( 4330): c2::u32 output.delay.value = 3
11-03 16:43:49.642 D/CCodecConfig( 4330): Buffer output.hdr-dynamic-info.data = {
11-03 16:43:49.642 D/CCodecConfig( 4330): }
11-03 16:43:49.642 D/CCodecConfig( 4330): c2::u32 output.hdr-dynamic-info.type = 0
11-03 16:43:49.642 D/CCodecConfig( 4330): string output.media-type.value = "video/raw"
11-03 16:43:49.642 D/CCodecConfig( 4330): c2::u32 output.tunnel-start-render.value = 0
11-03 16:43:49.642 D/CCodecConfig( 4330): c2::u32 raw.color.matrix = 0
11-03 16:43:49.642 D/CCodecConfig( 4330): c2::u32 raw.color.primaries = 0
11-03 16:43:49.642 D/CCodecConfig( 4330): c2::u32 raw.color.range = 0
11-03 16:43:49.642 D/CCodecConfig( 4330):
11-03 16:43:49.643 W/ColorUtils( 4330): expected specified color aspects (0:0:0:0)
11-03 16:43:49.643 I/audio_hw_hal_primary( 469): [audiohal_get_latency:1036] io 13: out:0xe4580010 frames:1152 rate:48000 whole_latency:24 alsa_latency:24
11-03 16:43:49.646 D/MediaCodec( 4330): flushMediametrics
11-03 16:43:49.649 D/SurfaceUtils( 4330): connecting to surface 0xf2522a38, reason connectToSurface
11-03 16:43:49.649 I/MediaCodec( 4330): [c2.amlogic.avc.decoder] setting surface generation to 4433921
11-03 16:43:49.649 D/SurfaceUtils( 4330): disconnecting from surface 0xf2522a38, reason connectToSurface(reconnect)
11-03 16:43:49.649 D/SurfaceUtils( 4330): connecting to surface 0xf2522a38, reason connectToSurface(reconnect)
11-03 16:43:49.649 I/audio_hw_hal_primary( 469): [audiohal_get_latency:1036] io 13: out:0xe4580010 frames:1152 rate:48000 whole_latency:24 alsa_latency:24
11-03 16:43:49.650 D/CCodec ( 4330): [c2.amlogic.avc.decoder] buffers are bound to CCodec for this session
11-03 16:43:49.651 D/CCodecConfig( 4330): no c2 equivalents for color-standard
11-03 16:43:49.651 D/CCodecConfig( 4330): no c2 equivalents for native-window
11-03 16:43:49.651 D/CCodecConfig( 4330): no c2 equivalents for flags
11-03 16:43:49.651 I/C2VdecComponentIntfImpl( 478): [2##2]config picture w:1440 h:1080
11-03 16:43:49.652 D/CCodecConfig( 4330): c2 config diff is c2::u32 default.color.matrix = 1
11-03 16:43:49.652 D/CCodecConfig( 4330): c2::u32 default.color.primaries = 1
11-03 16:43:49.652 D/CCodecConfig( 4330): c2::u32 default.color.range = 2
11-03 16:43:49.652 D/CCodecConfig( 4330): c2::u32 raw.size.height = 1080
11-03 16:43:49.652 D/CCodecConfig( 4330): c2::u32 raw.size.width = 1440
11-03 16:43:49.653 W/Codec2Client( 4330): query -- param skipped: index = 1107298332.
11-03 16:43:49.653 D/CCodec ( 4330): encoding statistics level = 0
11-03 16:43:49.653 D/CCodec ( 4330): setup formats input: AMessage(what = 0x00000000) = {
11-03 16:43:49.653 D/CCodec ( 4330): int32_t frame-rate = 30
11-03 16:43:49.653 D/CCodec ( 4330): int32_t height = 1080
11-03 16:43:49.653 D/CCodec ( 4330): int32_t level = 32768
11-03 16:43:49.653 D/CCodec ( 4330): int32_t max-input-size = 1572864
11-03 16:43:49.653 D/CCodec ( 4330): string mime = "video/avc"
11-03 16:43:49.653 D/CCodec ( 4330): int32_t profile = 2
11-03 16:43:49.653 D/CCodec ( 4330): int32_t width = 1440
11-03 16:43:49.653 D/CCodec ( 4330): Rect crop(0, 0, 1439, 1079)
11-03 16:43:49.653 D/CCodec ( 4330): }
11-03 16:43:49.653 D/CCodec ( 4330): setup formats output: AMessage(what = 0x00000000) = {
11-03 16:43:49.653 D/CCodec ( 4330): int32_t android._video-scaling = 1
11-03 16:43:49.653 D/CCodec ( 4330): int32_t android._dataspace = 260
11-03 16:43:49.653 D/CCodec ( 4330): int32_t color-standard = 1
11-03 16:43:49.653 D/CCodec ( 4330): int32_t color-range = 2
11-03 16:43:49.653 D/CCodec ( 4330): int32_t color-transfer = 3
11-03 16:43:49.653 D/CCodec ( 4330): int32_t sar-height = 1
11-03 16:43:49.653 D/CCodec ( 4330): int32_t rotation-degrees = 0
11-03 16:43:49.653 D/CCodec ( 4330): Buffer hdr-static-info = {
11-03 16:43:49.653 D/CCodec ( 4330): 00000000: 00 00 00 00 00 00 00 00 00 00 00 00 00 00 00 00 ................
11-03 16:43:49.653 D/CCodec ( 4330): 00000010: 00 00 00 00 00 00 00 00 00 .........
11-03 16:43:49.653 D/CCodec ( 4330): }
11-03 16:43:49.653 D/CCodec ( 4330): int32_t sar-width = 1
11-03 16:43:49.653 D/CCodec ( 4330): Rect crop(0, 0, 1439, 1079)
11-03 16:43:49.653 D/CCodec ( 4330): int32_t width = 1440
11-03 16:43:49.653 D/CCodec ( 4330): int32_t frame-rate = 30
11-03 16:43:49.653 D/CCodec ( 4330): int32_t height = 1080
11-03 16:43:49.653 D/CCodec ( 4330): string mime = "video/raw"
11-03 16:43:49.653 D/CCodec ( 4330): Buffer output.hdr-dynamic-info.data = {
11-03 16:43:49.653 D/CCodec ( 4330): }
11-03 16:43:49.653 D/CCodec ( 4330): int32_t output.hdr-dynamic-info.type = 0
11-03 16:43:49.653 D/CCodec ( 4330): int32_t color-format = 2130708361
11-03 16:43:49.653 D/CCodec ( 4330): }
11-03 16:43:49.654 I/CCodecConfig( 4330): query failed after returning 17 values (BAD_INDEX)
11-03 16:43:49.654 D/CCodecConfig( 4330): c2 config diff is c2::u32 input.buffers.max-size.value = 1572864
11-03 16:43:49.654 D/CCodecConfig( 4330): c2::u32 raw.color.matrix = 1
11-03 16:43:49.654 D/CCodecConfig( 4330): c2::u32 raw.color.primaries = 1
11-03 16:43:49.654 D/CCodecConfig( 4330): c2::u32 raw.color.range = 2
11-03 16:43:49.655 I/audio_hw_hal_primary( 469): [audiohal_get_latency:1036] io 13: out:0xe4580010 frames:1152 rate:48000 whole_latency:24 alsa_latency:24
11-03 16:43:49.655 I/C2VdecComponent( 478): [2##-1]"[start]"
11-03 16:43:49.655 I/C2VdecComponent( 478): [2##-1]"OnStart DolbyVision:0"
11-03 16:43:49.655 I/C2VdecComponent( 478): debug.vendor.media.c2.vdec.priority is not set used def = 0
11-03 16:43:49.655 I/DebugUtil( 478): [2##-1][setComponent:77]
11-03 16:43:49.655 D/C2DBG ( 478): adding client to C2_VDEC
11-03 16:43:49.655 I/VideoDecWraper( 478): vendor.media.c2.loglevels is not set used def = 1
11-03 16:43:49.655 I/VideoDecWraper( 478): [-1##-1]"VideoDecWraper"
11-03 16:43:49.655 I/C2VdecDeviceUtil( 478): vendor.media.c2.loglevels is not set used def = 1
11-03 16:43:49.656 I/C2VdecCodecConfig( 478): isCodecSupportHdr10Plus hdr10:(1)
11-03 16:43:49.656 I/C2VdecGrallocWraper( 478): vendor.media.c2.loglevels is not set used def = 1
11-03 16:43:49.657 I/C2VdecDeviceUtil( 478): [DeviceUtil:66]mSupportHdr10Plus:1
11-03 16:43:49.657 I/C2VdecDeviceUtil( 478): [2##-1][setComponent:154]
11-03 16:43:49.657 I/C2VdecDeviceUtil( 478): [2#-1]"No HDR ColorAspects set"
11-03 16:43:49.657 I/C2VdecDeviceUtil( 478): setSkipReallocBufMode:0
11-03 16:43:49.658 I/C2VdecDeviceUtil( 478): [0#-1]"[codecConfig:499] query frame rate:30.000000 updata mDurationUs = 33333, unstablePts :0 isAviDiscard :0"
11-03 16:43:49.658 I/C2VdecDeviceUtil( 478): [0#-1]"Disable low latency mode to v4l2 decoder."
11-03 16:43:49.659 I/C2VdecDeviceUtil( 478): [codecConfig:522] clear vendor.media.llp
11-03 16:43:49.659 I/C2VdecDeviceUtil( 478): vendor.media.c2.vdec.h264_mmu_width is not set used def = 2560
11-03 16:43:49.659 I/C2VdecDeviceUtil( 478): vendor.media.c2.vdec.h264_mmu_height is not set used def = 2160
11-03 16:43:49.659 I/C2VdecDeviceUtil( 478): [0#-1]"mEnableAvc4kMMU = 1, mmu open width:2560, height:2160"
11-03 16:43:49.659 I/C2VdecDeviceUtil( 478): [0#-1]"configure width:1440 height:1080"
11-03 16:43:49.659 E/C2VdecCodecConfig( 478): can support 8K
11-03 16:43:49.659 I/C2VdecDeviceUtil( 478): [0#-1]"[codecConfig:569] Codec is Support 8k"
11-03 16:43:49.659 I/C2VdecDeviceUtil( 478): [0#-1]"DoubleWriteMode 16, margin:6 \n"
11-03 16:43:49.659 I/C2VdecDeviceUtil( 478): [0#-1]"Enable DIPOST"
11-03 16:43:49.659 I/C2VdecDeviceUtil( 478): [0#-1]"Buf dma mode 0x100000"
11-03 16:43:49.659 I/C2VdecDeviceUtil( 478): [0#-1]"C2 need disable error policy"
11-03 16:43:49.659 I/C2VdecDeviceUtil( 478): [codecConfig] set triple write:0
11-03 16:43:49.660 I/V4l2Adaptor( 478): V4l2Adaptor::GetSupportedProfiles inputcoded 0, inputFormatFourcc 34363248
11-03 16:43:49.660 I/android.hardware.media.c2@1.2-service( 478): vendor.mediahal.loglevels is not set, used defaultValue = 1
11-03 16:43:49.665 I/audio_hw_hal_primary( 469): [audiohal_get_latency:1036] io 13: out:0xe4580010 frames:1152 rate:48000 whole_latency:24 alsa_latency:24
11-03 16:43:49.672 I/audio_hw_hal_primary( 469): [audiohal_get_latency:1036] io 13: out:0xe4580010 frames:1280 rate:48000 whole_latency:26 alsa_latency:26
11-03 16:43:49.665 I/cling--ap-3( 3681): type=1400 audit(0.0:1470): avc: denied { search } for name="net" dev="sysfs" ino=12361 scontext=u:r:untrusted_app_27:s0:c43,c256,c512,c768 tcontext=u:object_r:sysfs_net:s0 tclass=dir permissive=1 app=com.dangbei.screencast
11-03 16:43:49.665 I/cling--ap-3( 3681): type=1400 audit(0.0:1471): avc: denied { read } for name="address" dev="sysfs" ino=22143 scontext=u:r:untrusted_app_27:s0:c43,c256,c512,c768 tcontext=u:object_r:sysfs_net:s0 tclass=file permissive=1 app=com.dangbei.screencast
11-03 16:43:49.685 I/audio_hw_hal_primary( 469): [audiohal_get_latency:1036] io 13: out:0xe4580010 frames:1152 rate:48000 whole_latency:24 alsa_latency:24
11-03 16:43:49.690 I/VideoDecWraper( 478): AmVideoDec_getSupportedProfiles data:0xe7541c30, size:11
11-03 16:43:49.690 I/VideoDecWraper( 478): [0##-1]"initialize:mime:video/avc secureMode is 0 flags is 0x8001"
11-03 16:43:49.690 E/VideoDecWraper( 478): version 1.1 use create AmVideoDec_create
11-03 16:43:49.690 I/AmVideoDec( 478): AmVideoDec version: V3.32.72-gf47f57ff (drm.autobuild Sun Apr 27 10:25:39 CST 2025), mHalInstanceID 0, mHalInstancenum 0
11-03 16:43:49.690 I/android.hardware.media.c2@1.2-service( 478): vendor.mediahal.loglevels is not set, used defaultValue = 1
11-03 16:43:49.690 I/AmVideoDec( 478): [No--1]-[0]"new VideoDec\n"
11-03 16:43:49.690 I/AmVideoDec( 478): open dec_stat fd -1 mLowMem:0
11-03 16:43:49.691 I/android.hardware.media.c2@1.2-service( 478): vendor.amtsplayer.pipeline is not set, used defaultValue = 1
11-03 16:43:49.691 I/VideoDecWraper( 478): GetAmVideoDec ok
11-03 16:43:49.691 I/audio_hw_hal_primary( 469): [audiohal_get_latency:1036] io 13: out:0xe4580010 frames:1152 rate:48000 whole_latency:24 alsa_latency:24
11-03 16:43:49.693 D/ResmanWrapper( 478): resManWrapper CODEC2-0 init, fd = 10
11-03 16:43:49.693 I/AmVideoDec( 478): [No--1]-[0]"checkResource.-- mem size:60--dim:0 w:[1440]H[1080]\n"
11-03 16:43:49.693 E/android.hardware.media.c2@1.2-service( 478): [1103/164349.693225:ERROR:at_exit.cc(58)] NOTREACHED() hit.
11-03 16:43:49.697 I/AmVideoDec( 478): [No--1]-[0]"res_status.v.query.avail 364 -mmsize: 60 -adjust 0\n"
11-03 16:43:49.697 I/resman ( 478): acquire fd:10, resid:7, preempt:1, time_out:10000, arg:
11-03 16:43:49.701 I/resman ( 478): acquire fd:10, resid:5, preempt:1, time_out:10000, arg:size:60
11-03 16:43:49.701 I/V4l2Adaptor( 478): V4l2Adaptor::initialize flags is 0x8001
11-03 16:43:49.702 I/V4l2Adaptor( 478): V4l2Adaptor::onInit
11-03 16:43:49.702 I/android.hardware.media.c2@1.2-service( 478): vendor.mediahal.loglevels is not set, used defaultValue = 1
11-03 16:43:49.702 I/android.hardware.media.c2@1.2-service( 478): vendor.mediahal.loglevels is not set, used defaultValue = 1
11-03 16:43:49.702 I/VDA ( 478): [-1##-1]"open dec_stat fd -1, gloglevel 1 use_pts_id_ is 0 force dmabuf mode 0\n"
11-03 16:43:49.702 I/VDA ( 478): [-1##-1]"VDA Initialize flags is 32769\n"
11-03 16:43:49.702 I/VDA ( 478): [-1##-1]"Disabled LCEVC"
11-03 16:43:49.702 I/android.hardware.media.c2@1.2-service( 478): vendor.mediahal.loglevels is not set, used defaultValue = 1
11-03 16:43:49.703 I/android.hardware.media.c2@1.2-service( 478): vendor.mediahal.loglevels is not set, used defaultValue = 1
11-03 16:43:49.703 I/VDA ( 478): [-1##-1]"Initialize codec2_mode_:1," "stream_mode_:0," "use_pts_id_:0," "force_dmabuf_mode_:0," "use_input_buffercache_:0," "use_input_bufferpool_ :1," "use_dynamic_capture_buffer_:1," "use_uvm_:1," "use_pts_calculator_:1," "use_high_prio_:1," "use_secure_vdec_hal_:1," "use_low_latency_mode_:0," "add_csd_:1"
11-03 16:43:49.705 I/audio_hw_hal_primary( 469): [audiohal_get_latency:1036] io 13: out:0xe4580010 frames:1280 rate:48000 whole_latency:26 alsa_latency:26
11-03 16:43:49.706 D/audioserver( 501): logFgsApiEnd: FGS Logger Transaction failed, -129
11-03 16:43:49.707 I/audio_hw_hal_primary( 469): out_update_source_metadata_v7() line 1743 usage:1 content_type:2
11-03 16:43:49.719 I/VDA ( 478): [-1##3]"Initialize decoder_instance_num_ = 3"
11-03 16:43:49.720 I/VDA ( 478): [-1##3]"v4l2 private parms, magic:1437256755 len:5, adaptiveback:0 height:1440 width:1080\n"
11-03 16:43:49.720 I/android.hardware.media.c2@1.2-service( 478): vendor.media.mediahal.videodec.pts.loglevels is not set, used defaultValue = 1
11-03 16:43:49.720 I/AmlManagePts( 478): [0]"AmlManagePts into\n"
11-03 16:43:49.720 I/android.hardware.media.c2@1.2-service( 478): (null) is not set, used defaultValue = 0
11-03 16:43:49.720 I/VDA ( 478): V4l2Adaptor::postAndReplyMsg callerinstanceid : 0
11-03 16:43:49.720 I/C2VdecDeviceUtil( 478): [0#-1]"into set mUnstablePts = 0 "
11-03 16:43:49.720 I/AmlManagePts( 478): [0]"setUnstablePts set unstable[0]\n"
11-03 16:43:49.720 I/C2VdecDeviceUtil( 478): [0#-1]"into set mIsAviDiscard = 0 "
11-03 16:43:49.720 I/AmlManagePts( 478): [0]"setAviDiscard set avi discard[0]\n"
11-03 16:43:49.720 I/C2VdecDeviceUtil( 478): [0#-1]"into set mDurationUs = 33333 afr:0 mFramerate:30.000000"
11-03 16:43:49.720 I/AmlManagePts( 478): [0]"setDuration set duration[33333]type[2]mDuration[33333]\n"
11-03 16:43:49.720 I/VDA ( 478): [0##3]"postAndReplyMsg set framerate [30.000000] afr_force_on:0"
11-03 16:43:49.720 I/VDA ( 478): [0##3]"setDurationToDecoder set [3200][30.000000]"
11-03 16:43:49.720 I/VDA ( 478): [0##3]"setDurationToDecoder set [3200]"
11-03 16:43:49.720 I/VDA ( 478): [0##3]"sendMessagetoDecoder set AML_V4L2_SET_VF_DURATION"
11-03 16:43:49.721 I/android.hardware.media.c2@1.2-service( 478): (null) is not set, used defaultValue = 0
11-03 16:43:49.721 I/VDA ( 478): [0##3]"sendMessagetoDecoder set AML_V4L2_SET_UEVENT_DURATION"
11-03 16:43:49.721 I/SystemControl( 329): [/UEventObserver.cpp, HDMITxUenventThreadLoop, 451] HDMI TX switch_name:3200, switch_state:
11-03 16:43:49.721 I/VDA ( 478): [0##3]"decoderID:3"
11-03 16:43:49.721 I/VideoDecWraper( 478): [0##-1]"Query decoderID(3) success."
11-03 16:43:49.721 I/C2VdecDequeueThreadUtil( 478): [0##3][setComponent:86]
11-03 16:43:49.721 I/SystemControl-FRA( 329): [/FrameRateAutoAdaption.cpp, isFrameRateOn, 176] hdmi frame rate is on
11-03 16:43:49.721 I/C2VdecComponent( 478): [0##3]"[start] done"
11-03 16:43:49.722 W/Codec2Client( 4330): query -- param skipped: index = 1342179345.
11-03 16:43:49.722 W/Codec2Client( 4330): query -- param skipped: index = 2415921170.
11-03 16:43:49.722 D/C2Store ( 4330): debug.c2.use_dmabufheaps set, forcing DMABUF Heaps
11-03 16:43:49.722 D/C2Store ( 4330): Using DMABUF Heaps
11-03 16:43:49.722 I/DMABUFHEAPS( 4330): Using : Non-legacy ION heaps
11-03 16:43:49.724 D/CCodecBufferChannel( 4330): [c2.amlogic.avc.decoder#540] Created input block pool with allocatorID 16 => poolID 17 - OK (0)
11-03 16:43:49.726 I/CCodecBufferChannel( 4330): [c2.amlogic.avc.decoder#540] Created output block pool with allocatorID 18 => poolID 17 - OK
11-03 16:43:49.726 D/CCodecBufferChannel( 4330): [c2.amlogic.avc.decoder#540] Configured output block pool ids 17 => OK
11-03 16:43:49.727 D/Codec2-OutputBufferQueue( 4330): C2SurfaceSyncMemory created 20(20)
11-03 16:43:49.727 D/Codec2-OutputBufferQueue( 4330): remote graphic buffer migration 0/0
11-03 16:43:49.727 D/Codec2Client( 4330): setOutputSurface -- generation=4433921 consumer usage=0x900 sync
11-03 16:43:49.727 D/C2BqBuffer( 478): local generation change 4433921 , bqId: 18597208391681 migrated buffers # 0
11-03 16:43:49.727 D/Codec2Client( 4330): Surface configure completed
11-03 16:43:49.728 I/C2VendorComponentStore( 478): setDmaBufUsage 5
11-03 16:43:49.728 I/DMABUFHEAPS( 4330): Using DMA-BUF heap named: system
11-03 16:43:49.734 W/ResourceManagerService( 598): Ignoring request to add new resource entry with value <= 0
11-03 16:43:49.735 I/virtual bool MediaDecoder::open(DecodeParam)( 4330): open success: video/avc h264_mp4toannexb
11-03 16:43:49.736 I/virtual void IDecoder::pause(bool)( 4330): decoderType: 2 pause success: 0
11-03 16:43:49.736 I/void Player::setState(PLAYER_STATE)( 4330): state changed newState: 2 oldState: 1
11-03 16:43:49.737 D/C2Store ( 478): debug.c2.use_dmabufheaps set, forcing DMABUF Heaps
11-03 16:43:49.738 D/C2Store ( 478): Using DMABUF Heaps
11-03 16:43:49.738 I/DMABUFHEAPS( 478): Using : Non-legacy ION heaps
11-03 16:43:49.738 I/C2VdecBlockPoolUtil( 478): vendor.media.c2.loglevels is not set used def = 1
11-03 16:43:49.738 I/C2VdecBlockPoolUtil( 478): Create block pool success, allocatorId:18 poolId:17 use surface:1
11-03 16:43:49.738 I/C2VdecBlockPoolUtil( 478): pool id:17 use surface:1
11-03 16:43:49.738 I/C2VdecComponent( 478): [0##3]"Bufferqueue-backed block pool is used. blockPool->getAllocatorId() 18, C2PlatformAllocatorStore::BUFFERQUEUE 18 "
11-03 16:43:49.739 I/VDA ( 478): [0##3]"InitializeTask"
11-03 16:43:49.739 I/VDA ( 478): [0##3]"not 8k use max input size\n"
11-03 16:43:49.742 D/XM_HIDREAD( 1758): add@ add@/devices/platform/vdec/ammvdec_h264_v4l.0
11-03 16:43:49.752 I/VDA ( 478): [0##3]"SetupOutputFormat set outformat:NV21"
11-03 16:43:49.752 I/VDA ( 478): IsSupportedOutputFormat v4l2_format 3132564e
11-03 16:43:49.753 I/dmabufmanage( 478): dmabufmanage_init-105 Register dmabuf manager success 1 1
11-03 16:43:49.753 I/BufferPoolWraper( 478): [0]"BufferPoolWraper use dmabuf manager version 1"
11-03 16:43:49.753 I/android.hardware.media.c2@1.2-service( 478): (null) is not set, used defaultValue = 1
11-03 16:43:49.753 I/BufferPoolWraper( 478): [0]"BufferPoolWraper:149"
11-03 16:43:49.753 I/android.hardware.media.c2@1.2-service( 478): (null) is not set, used defaultValue = 4194304
11-03 16:43:49.754 D/virtual void AudioTrackOutput::setVolume(int)( 4330): volume: 100
11-03 16:43:49.754 D/void BufferControl::setMaxBufferSizeInByte(int)( 4330): max buffer size in byte: 26214400 pre is: 23068672
11-03 16:43:49.754 I/void PlayerProxy::play(long)( 4330): start play
11-03 16:43:49.754 D/virtual void Thread::start()( 4330): Thread-FFAVDecoder start
11-03 16:43:49.755 D/virtual void Thread::start()( 4330): Thread-MediaDecoder start
11-03 16:43:49.755 D/virtual void Thread::start()( 4330): Thread-AudioTrackOutput start
11-03 16:43:49.755 D/virtual void Thread::start()( 4330): Thread-FFDemuxer start
11-03 16:43:49.755 D/virtual void Thread::start()( 4330): Thread-Player start
11-03 16:43:49.756 I/void Player::play()( 4330): start success
11-03 16:43:49.756 I/virtual void Player::run()( 4330): start
11-03 16:43:49.757 I/virtual void IDemuxer::run()( 4330): start
11-03 16:43:49.758 I/BufferPoolWraper( 478): [0]"Init:190 fd:22 phyadr:0xffffffffcee30000 size:400000(400000)"
11-03 16:43:49.758 I/android.hardware.media.c2@1.2-service( 478): (null) is not set, used defaultValue = 8
11-03 16:43:49.758 I/VDA ( 478): [0##3]"CreateInputBuffers count 8 instance_num_: 0\n"
11-03 16:43:49.759 D/virtual Data FFDemuxer::read()( 4330): seek ret: 0 seekTargetTime: 78740
11-03 16:43:49.759 I/VDA ( 478): [0##3]"----create input VIDIOC_STREAMON----\n"
11-03 16:43:49.759 I/VDA ( 478): [0##3]"StartDevicePoll\n"
11-03 16:43:49.760 I/android.hardware.media.c2@1.2-service( 478): (null) is not set, used defaultValue = 0
11-03 16:43:49.761 D/CCodecBufferChannel( 4330): [c2.amlogic.avc.decoder#540] Ignoring stale input buffer done callback: last flush index = 0, frameIndex = 0
11-03 16:43:49.761 D/void Player::setSoundChannel(int)( 4330): start
11-03 16:43:49.761 D/void Player::setSoundChannel(int)( 4330): end
11-03 16:43:49.763 I/void PlayerProxy::setRate(long, int)( 4330): start set rate 100
11-03 16:43:49.764 I/android.hardware.media.c2@1.2-service( 478): (null) is not set, used defaultValue = 0
11-03 16:43:49.763 I/virtual void AudioTrackOutput::setRate(int)( 4330): setRate success: 100
11-03 16:43:49.774 I/virtual void MediaDecoder::run()( 4330): start 2
11-03 16:43:49.774 I/void MediaDecoder::render()( 4330): start 2
11-03 16:43:49.776 I/virtual void FFAVDecoder::run()( 4330): start 1
11-03 16:43:49.784 D/virtual Data FFResample::resample(Data)( 4330): swr_alloc_set_opts2 ret: 0 inSampleFormat: s32 outSampleFormat: flt
11-03 16:43:49.786 I/VDA ( 478): [0##3]"got resolution change event.\n"
11-03 16:43:49.786 I/VDA ( 478): [0##3]"VIDIOC_G_FMT format.fmt.pix.width 1472\n"
11-03 16:43:49.786 I/VDA ( 478): [0##3]"[GetVisibleSize] visible width 1440, height 1080\n"
11-03 16:43:49.786 I/VDA ( 478): [0##3]"[NeedResolutionChange] dpb(0->24),size(0x0->1440x1080)"
11-03 16:43:49.786 I/VDA ( 478): [0##3]"StopDevicePoll\n"
11-03 16:43:49.787 I/VDA ( 478): [0##3]"DestroyOutputBuffers:5126"
11-03 16:43:49.787 I/VDA ( 478): [0##3]"[StartResolutionChange] into resolution"
11-03 16:43:49.787 I/AmlManagePts( 478): [0]"resetOutPutInfo into\n"
11-03 16:43:49.787 I/VDA ( 478): [0##3]"VIDIOC_G_FMT format.fmt.pix.width 1472\n"
11-03 16:43:49.787 I/VDA ( 478): [0##3]"[GetVisibleSize] visible width 1440, height 1080\n"
11-03 16:43:49.787 V/android.hardware.media.c2@1.2-service( 478): [1103/164349.787641:VERBOSE1:v4l2_video_decode_accelerator.cc(4614)] CheckInterlaced():
11-03 16:43:49.787 I/VDA ( 478): [0##3]"CheckInterlaced: format.fmt.pix.field 4\n"
11-03 16:43:49.787 V/android.hardware.media.c2@1.2-service( 478): [1103/164349.787721:VERBOSE1:v4l2_video_decode_accelerator.cc(4638)] NotifyEvent():
11-03 16:43:49.787 I/VideoDecWraper( 478): [0##3]"event 1, param 0x0, paramsize:0\n"
11-03 16:43:49.787 I/C2VdecComponent( 478): Is interlaced
11-03 16:43:49.787 I/C2VdecDeviceUtil( 478): [0#3]"[updateInterlacedInfo:931] isInterlaced:1"
11-03 16:43:49.787 I/AmlManagePts( 478): [0]"setInterlace set interlace[1]\n"
11-03 16:43:49.787 I/VDA ( 478): [0##3]"output_planes_count_ 1, format.fmt.pix.width 1472\n"
11-03 16:43:49.787 I/VDA ( 478): [0##3]"[CreateOutputBuffers@5031] got widthalign:64"
11-03 16:43:49.787 I/VDA ( 478): [0##3]"output_dpb_size_ 24, output buffer 24, coded_size_ 1472 x 1088 width_align:64\n"
11-03 16:43:49.787 I/VDA ( 478): [0##3]"CreateOutputBuffers decoder_state_ change to kAwaitingPictureBuffers\n"
11-03 16:43:49.787 I/VDA ( 478): [0##3]"StartDevicePoll\n"
11-03 16:43:49.788 I/V4l2Adaptor( 478): V4l2Adaptor::ProvidePictureBuffers 24
11-03 16:43:49.788 I/VideoDecWraper( 478): [0##3]"providePictureBuffers:minNumBuffers:24, w:1440, h:1080"
11-03 16:43:49.788 I/VDA ( 478): [0##3]"bitdepth:0"
11-03 16:43:49.788 I/C2VdecDeviceUtil( 478): [0#3]"Query the stream bit depth(0) success."
11-03 16:43:49.788 E/C2VdecCodecConfig( 478): c2.amlogic.avc.decoder can support 4K
11-03 16:43:49.788 I/C2VdecDeviceUtil( 478): setSkipReallocBufMode:0
11-03 16:43:49.788 D/VDA ( 478): [0##3]"DecodeBufferTask DecodeBufferTask early out: state=kAwaitingPictureBuffers\n"
11-03 16:43:49.788 D/VDA ( 478): [0##3]"DecodeBufferTask DecodeBufferTask early out: state=kAwaitingPictureBuffers\n"
11-03 16:43:49.788 I/android.hardware.media.c2@1.2-service( 478): (null) is not set, used defaultValue = 0
11-03 16:43:49.788 I/C2VdecComponent( 478): [0##3]"[ProvidePictureBuffers] use colormat:NV12"
11-03 16:43:49.788 I/C2VdecComponent( 478): [0##3]"[onOutputFormatChanged:2025]New output format(pixel_format=0x23, min_num_buffers=24, coded_size=1440x1080, crop_rect=(0,0) 1440x1080)"
11-03 16:43:49.788 I/C2VdecDeviceUtil( 478): vendor.media.c2.vdec.disable_vpp_thres is not set used def = 0
11-03 16:43:49.788 I/VDA ( 478): [0##3]"v4l2 private parms, magic:1437256755 len:5, adaptiveback:0 height:1440 width:1080\n"
11-03 16:43:49.789 I/C2VdecDeviceUtil( 478): [0#3]"[checkConfigInfoFromDecoderAndReconfig:1797] reconfig decoder"
11-03 16:43:49.789 E/C2VdecCodecConfig( 478): c2.amlogic.avc.decoder can support 4K
11-03 16:43:49.789 I/C2VdecComponent( 478): [0##3]"Update dequeue buffer num: 24 -> 16 out delay buffer margin:0"
11-03 16:43:49.789 I/C2VdecComponent( 478): [0##3]"AllocateBuffersFromBlockPool(1440x1080, 0x23)"
11-03 16:43:49.789 I/C2VdecDeviceUtil( 478): setSkipReallocBufMode:0
11-03 16:43:49.789 D/CCodecConfig( 4330): c2 config diff is c2::u32 output.delay.value = 16
11-03 16:43:49.789 I/gralloc ( 478): am_gralloc_set_uvm_decoder_para: parameters:[slot_id=0,w*h(0*0),w_align=0,h_align=0,size=0,compress=0]
11-03 16:43:49.789 I/C2VdecGrallocWraper( 478): [0#3 getSlotID@504]"Got SlotID:0"
11-03 16:43:49.790 D/Codec2-OutputBufferQueue( 4330): set max dequeue count 23 from update
11-03 16:43:49.790 I/VDA ( 478): [0##3]"[postAndReplyMsg@1913] got widthalign:64"
11-03 16:43:49.790 I/C2VdecDeviceUtil( 478): [0#3]"Query the decoder width align(64) success."
11-03 16:43:49.790 I/C2VdecGrallocWraper( 478): [0#3 setParameters@546]"setParam WxH(16 x 16), Align(64 : 64) for slot id:0"
11-03 16:43:49.790 I/gralloc ( 478): am_gralloc_set_uvm_decoder_para: parameters:[slot_id=0,w*h(16*16),w_align=64,h_align=64,size=0,compress=0]
11-03 16:43:49.790 I/VDA ( 478): [0##3]"SetupOutputFormat set outformat:NV12"
11-03 16:43:49.790 I/VDA ( 478): IsSupportedOutputFormat v4l2_format 3132564e
11-03 16:43:49.790 I/VDA ( 478): IsSupportedOutputFormat v4l2_format 31324d4e
11-03 16:43:49.790 I/VDA ( 478): IsSupportedOutputFormat v4l2_format 3231564e
11-03 16:43:49.790 I/AmVideoDec( 478): [No--1]-[0]"setupOutputBufferNum 24\n"
11-03 16:43:49.790 I/V4l2Adaptor( 478): assignPictureBuffers numOutputBuffers 24
11-03 16:43:49.790 I/V4l2Adaptor( 478): onAssignPictureBuffers numOutputBuffers 24
11-03 16:43:49.791 I/VDA ( 478): [0##3]"AssignPictureBuffers buffer_count=24"
11-03 16:43:49.791 I/VDA ( 478): [0##3]"AssignPictureBuffersTask decoder_state_=kAwaitingPictureBuffers"
11-03 16:43:49.791 I/mali_gralloc( 275): am_gralloc_get_uvm_decoder_para: parameters:[slot_id=0,w*h(16*16),w_align=64,h_align=64,size=0,compress=0]
11-03 16:43:49.791 I/mali_gralloc( 275): am_gralloc_get_uvm_decoder_para: parameters:[slot_id=0,w*h(16*16),w_align=64,h_align=64,size=0,compress=0]
11-03 16:43:49.791 D/AudioTrack( 4330): getTimestamp_l(68): device stall time corrected using current time 191547815424
11-03 16:43:49.805 I/C2VdecBlockPoolUtil( 478): Fetch the new block(ino:139 fd:45 dup fd:48 id:0) and append.
11-03 16:43:49.805 I/audio_hw_hal_primary( 469): out_update_source_metadata_v7() line 1743 usage:1 content_type:2
11-03 16:43:49.814 I/V4l2Adaptor( 478): importBufferForPicture pictureBufferId 0, dmabufFd 49, metaFd -1
11-03 16:43:49.814 I/V4l2Adaptor( 478): onImportBufferForPicture pictureBufferId 0, dmabufFd 49, metaFd -1, plane size 1
11-03 16:43:49.814 I/V4l2Adaptor( 478): onImportBufferForPicture addr 0x0, stride 0, offset 0, size 0
11-03 16:43:49.814 I/VDA ( 478): [0##3]"ImportDynamicCaptureBufferForPictureTask fd=49, index=0\n"" {IN=1/8, OUT=0/1[kAtAccelerator(1) kAtDevice(0) kAtClient(0)]}"
11-03 16:43:49.814 I/mali_gralloc( 275): am_gralloc_get_uvm_decoder_para: parameters:[slot_id=0,w*h(16*16),w_align=64,h_align=64,size=0,compress=0]
11-03 16:43:49.814 I/mali_gralloc( 275): am_gralloc_get_uvm_decoder_para: parameters:[slot_id=0,w*h(16*16),w_align=64,h_align=64,size=0,compress=0]
11-03 16:43:49.816 I/VDA ( 478): [0##3]"----enqueue output STREAMON----\n"
11-03 16:43:49.816 I/VDA ( 478): [0##3]"DecodeBufferTask decoder_state_ = kPictureBuffersReady -> kDecoding"
11-03 16:43:49.818 I/C2VdecBlockPoolUtil( 478): Fetch the new block(ino:141 fd:57 dup fd:60 id:1) and append.
11-03 16:43:49.818 I/V4l2Adaptor( 478): importBufferForPicture pictureBufferId 1, dmabufFd 61, metaFd -1
11-03 16:43:49.818 I/V4l2Adaptor( 478): onImportBufferForPicture pictureBufferId 1, dmabufFd 61, metaFd -1, plane size 1
11-03 16:43:49.818 I/V4l2Adaptor( 478): onImportBufferForPicture addr 0x0, stride 0, offset 0, size 0
11-03 16:43:49.818 I/VDA ( 478): [0##3]"ImportDynamicCaptureBufferForPictureTask fd=61, index=1\n"" {IN=2/8, OUT=0/2[kAtAccelerator(1) kAtDevice(1) kAtClient(0)]}"
11-03 16:43:49.818 I/mali_gralloc( 275): am_gralloc_get_uvm_decoder_para: parameters:[slot_id=0,w*h(16*16),w_align=64,h_align=64,size=0,compress=0]
11-03 16:43:49.818 I/mali_gralloc( 275): am_gralloc_get_uvm_decoder_para: parameters:[slot_id=0,w*h(16*16),w_align=64,h_align=64,size=0,compress=0]
11-03 16:43:49.820 I/C2VdecBlockPoolUtil( 478): Fetch the new block(ino:145 fd:65 dup fd:68 id:2) and append.
11-03 16:43:49.820 I/V4l2Adaptor( 478): importBufferForPicture pictureBufferId 2, dmabufFd 69, metaFd -1
11-03 16:43:49.820 I/V4l2Adaptor( 478): onImportBufferForPicture pictureBufferId 2, dmabufFd 69, metaFd -1, plane size 1
11-03 16:43:49.820 I/V4l2Adaptor( 478): onImportBufferForPicture addr 0x0, stride 0, offset 0, size 0
11-03 16:43:49.820 I/VDA ( 478): [0##3]"ImportDynamicCaptureBufferForPictureTask fd=69, index=2\n"" {IN=2/8, OUT=0/3[kAtAccelerator(1) kAtDevice(2) kAtClient(0)]}"
11-03 16:43:49.821 I/mali_gralloc( 275): am_gralloc_get_uvm_decoder_para: parameters:[slot_id=0,w*h(16*16),w_align=64,h_align=64,size=0,compress=0]
11-03 16:43:49.821 I/mali_gralloc( 275): am_gralloc_get_uvm_decoder_para: parameters:[slot_id=0,w*h(16*16),w_align=64,h_align=64,size=0,compress=0]
11-03 16:43:49.823 I/C2VdecBlockPoolUtil( 478): Fetch the new block(ino:147 fd:73 dup fd:76 id:3) and append.
11-03 16:43:49.823 I/V4l2Adaptor( 478): importBufferForPicture pictureBufferId 3, dmabufFd 77, metaFd -1
11-03 16:43:49.824 I/V4l2Adaptor( 478): onImportBufferForPicture pictureBufferId 3, dmabufFd 77, metaFd -1, plane size 1
11-03 16:43:49.824 I/V4l2Adaptor( 478): onImportBufferForPicture addr 0x0, stride 0, offset 0, size 0
11-03 16:43:49.824 I/VDA ( 478): [0##3]"ImportDynamicCaptureBufferForPictureTask fd=77, index=3\n"" {IN=2/8, OUT=0/4[kAtAccelerator(1) kAtDevice(3) kAtClient(0)]}"
11-03 16:43:49.825 I/mali_gralloc( 275): am_gralloc_get_uvm_decoder_para: parameters:[slot_id=0,w*h(16*16),w_align=64,h_align=64,size=0,compress=0]
11-03 16:43:49.825 I/mali_gralloc( 275): am_gralloc_get_uvm_decoder_para: parameters:[slot_id=0,w*h(16*16),w_align=64,h_align=64,size=0,compress=0]
11-03 16:43:49.827 I/C2VdecBlockPoolUtil( 478): Fetch the new block(ino:149 fd:81 dup fd:84 id:4) and append.
11-03 16:43:49.827 I/V4l2Adaptor( 478): importBufferForPicture pictureBufferId 4, dmabufFd 85, metaFd -1
11-03 16:43:49.827 I/V4l2Adaptor( 478): onImportBufferForPicture pictureBufferId 4, dmabufFd 85, metaFd -1, plane size 1
11-03 16:43:49.827 I/V4l2Adaptor( 478): onImportBufferForPicture addr 0x0, stride 0, offset 0, size 0
11-03 16:43:49.827 I/mali_gralloc( 275): am_gralloc_get_uvm_decoder_para: parameters:[slot_id=0,w*h(16*16),w_align=64,h_align=64,size=0,compress=0]
11-03 16:43:49.827 I/mali_gralloc( 275): am_gralloc_get_uvm_decoder_para: parameters:[slot_id=0,w*h(16*16),w_align=64,h_align=64,size=0,compress=0]
11-03 16:43:49.829 I/VDA ( 478): [0##3]"ImportDynamicCaptureBufferForPictureTask fd=85, index=4\n"" {IN=2/8, OUT=0/5[kAtAccelerator(1) kAtDevice(4) kAtClient(0)]}"
11-03 16:43:49.830 I/C2VdecBlockPoolUtil( 478): Fetch the new block(ino:152 fd:89 dup fd:92 id:5) and append.
11-03 16:43:49.830 I/V4l2Adaptor( 478): importBufferForPicture pictureBufferId 5, dmabufFd 14, metaFd -1
11-03 16:43:49.830 I/V4l2Adaptor( 478): onImportBufferForPicture pictureBufferId 5, dmabufFd 14, metaFd -1, plane size 1
11-03 16:43:49.830 I/V4l2Adaptor( 478): onImportBufferForPicture addr 0x0, stride 0, offset 0, size 0
11-03 16:43:49.830 I/mali_gralloc( 275): am_gralloc_get_uvm_decoder_para: parameters:[slot_id=0,w*h(16*16),w_align=64,h_align=64,size=0,compress=0]
11-03 16:43:49.830 I/mali_gralloc( 275): am_gralloc_get_uvm_decoder_para: parameters:[slot_id=0,w*h(16*16),w_align=64,h_align=64,size=0,compress=0]
11-03 16:43:49.831 I/VDA ( 478): [0##3]"ImportDynamicCaptureBufferForPictureTask fd=14, index=5\n"" {IN=1/8, OUT=0/6[kAtAccelerator(1) kAtDevice(5) kAtClient(0)]}"
11-03 16:43:49.832 I/C2VdecBlockPoolUtil( 478): Fetch the new block(ino:154 fd:95 dup fd:98 id:6) and append.
11-03 16:43:49.832 I/V4l2Adaptor( 478): importBufferForPicture pictureBufferId 6, dmabufFd 99, metaFd -1
11-03 16:43:49.832 I/V4l2Adaptor( 478): onImportBufferForPicture pictureBufferId 6, dmabufFd 99, metaFd -1, plane size 1
11-03 16:43:49.832 I/V4l2Adaptor( 478): onImportBufferForPicture addr 0x0, stride 0, offset 0, size 0
11-03 16:43:49.833 I/mali_gralloc( 275): am_gralloc_get_uvm_decoder_para: parameters:[slot_id=0,w*h(16*16),w_align=64,h_align=64,size=0,compress=0]
11-03 16:43:49.833 I/mali_gralloc( 275): am_gralloc_get_uvm_decoder_para: parameters:[slot_id=0,w*h(16*16),w_align=64,h_align=64,size=0,compress=0]
11-03 16:43:49.833 I/VDA ( 478): [0##3]"ImportDynamicCaptureBufferForPictureTask fd=99, index=6\n"" {IN=1/8, OUT=0/7[kAtAccelerator(1) kAtDevice(6) kAtClient(0)]}"
11-03 16:43:49.835 I/C2VdecBlockPoolUtil( 478): Fetch the new block(ino:156 fd:103 dup fd:106 id:7) and append.
11-03 16:43:49.835 I/V4l2Adaptor( 478): importBufferForPicture pictureBufferId 7, dmabufFd 107, metaFd -1
11-03 16:43:49.835 I/V4l2Adaptor( 478): onImportBufferForPicture pictureBufferId 7, dmabufFd 107, metaFd -1, plane size 1
11-03 16:43:49.836 I/V4l2Adaptor( 478): onImportBufferForPicture addr 0x0, stride 0, offset 0, size 0
11-03 16:43:49.837 I/mali_gralloc( 275): am_gralloc_get_uvm_decoder_para: parameters:[slot_id=0,w*h(16*16),w_align=64,h_align=64,size=0,compress=0]
11-03 16:43:49.837 I/mali_gralloc( 275): am_gralloc_get_uvm_decoder_para: parameters:[slot_id=0,w*h(16*16),w_align=64,h_align=64,size=0,compress=0]
11-03 16:43:49.838 I/VDA ( 478): [0##3]"ImportDynamicCaptureBufferForPictureTask fd=107, index=7\n"" {IN=1/8, OUT=0/8[kAtAccelerator(1) kAtDevice(7) kAtClient(0)]}"
11-03 16:43:49.838 I/C2VdecBlockPoolUtil( 478): Fetch the new block(ino:159 fd:111 dup fd:114 id:8) and append.
11-03 16:43:49.838 I/AmlManagePts( 478): [0]"setDuration set duration[33364]type[3]mDuration[33333]\n"
11-03 16:43:49.838 I/VDA ( 478): [0##3]"Ioctl set duration to decoder [0]dur[33364]"
11-03 16:43:49.838 I/VDA ( 478): [0##3]"setDurationToDecoder set [3203]"
11-03 16:43:49.838 I/VDA ( 478): [0##3]"sendMessagetoDecoder set AML_V4L2_SET_VF_DURATION"
11-03 16:43:49.838 I/V4l2Adaptor( 478): importBufferForPicture pictureBufferId 8, dmabufFd 115, metaFd -1
11-03 16:43:49.838 I/android.hardware.media.c2@1.2-service( 478): (null) is not set, used defaultValue = 0
11-03 16:43:49.838 I/VDA ( 478): [0##3]"sendMessagetoDecoder set AML_V4L2_SET_UEVENT_DURATION"
11-03 16:43:49.839 I/C2VdecDeviceUtil( 478): [0#3]"Update color aspect p:1/1, r:2/2, m:1/1, t:3/3"
11-03 16:43:49.839 I/V4l2Adaptor( 478): onImportBufferForPicture pictureBufferId 8, dmabufFd 115, metaFd -1, plane size 1
11-03 16:43:49.839 I/V4l2Adaptor( 478): onImportBufferForPicture addr 0x0, stride 0, offset 0, size 0
11-03 16:43:49.839 I/mali_gralloc( 275): am_gralloc_get_uvm_decoder_para: parameters:[slot_id=0,w*h(16*16),w_align=64,h_align=64,size=0,compress=0]
11-03 16:43:49.839 I/mali_gralloc( 275): am_gralloc_get_uvm_decoder_para: parameters:[slot_id=0,w*h(16*16),w_align=64,h_align=64,size=0,compress=0]
11-03 16:43:49.840 I/C2VdecBlockPoolUtil( 478): Fetch the new block(ino:161 fd:119 dup fd:122 id:9) and append.
11-03 16:43:49.840 I/V4l2Adaptor( 478): importBufferForPicture pictureBufferId 9, dmabufFd 123, metaFd -1
11-03 16:43:49.841 I/V4l2Adaptor( 478): onImportBufferForPicture pictureBufferId 9, dmabufFd 123, metaFd -1, plane size 1
11-03 16:43:49.841 I/V4l2Adaptor( 478): onImportBufferForPicture addr 0x0, stride 0, offset 0, size 0
11-03 16:43:49.841 I/mali_gralloc( 275): am_gralloc_get_uvm_decoder_para: parameters:[slot_id=0,w*h(16*16),w_align=64,h_align=64,size=0,compress=0]
11-03 16:43:49.841 I/mali_gralloc( 275): am_gralloc_get_uvm_decoder_para: parameters:[slot_id=0,w*h(16*16),w_align=64,h_align=64,size=0,compress=0]
11-03 16:43:49.841 I/SystemControl( 329): [/UEventObserver.cpp, HDMITxUenventThreadLoop, 451] HDMI TX switch_name:3203, switch_state:
11-03 16:43:49.842 I/SystemControl-FRA( 329): [/FrameRateAutoAdaption.cpp, isFrameRateOn, 176] hdmi frame rate is on
11-03 16:43:49.842 I/VDA ( 478): [0##3]"reportFrameRate set [3203] framerate[29.971901]"
11-03 16:43:49.842 V/android.hardware.media.c2@1.2-service( 478): [1103/164349.842705:VERBOSE1:v4l2_video_decode_accelerator.cc(4638)] NotifyEvent():
11-03 16:43:49.842 I/VideoDecWraper( 478): [0##3]"event 5, param 0xe4cf8a74, paramsize:4\n"
11-03 16:43:49.842 I/C2VdecComponent( 478): NotifyEvent:event:5
11-03 16:43:49.843 V/android.hardware.media.c2@1.2-service( 478): [1103/164349.843010:VERBOSE1:v4l2_video_decode_accelerator.cc(4580)] CheckInterlaced():
11-03 16:43:49.843 I/VDA ( 478): [0##3]"VIDIOC_G_FMT format.fmt.pix.width 1472\n"
11-03 16:43:49.843 I/VDA ( 478): [0##3]"[GetVisibleSize] visible width 1440, height 1080\n"
11-03 16:43:49.843 I/VDA ( 478): [0##3]"CheckInterlaced format.fmt.pix.field 4\n"
11-03 16:43:49.843 V/android.hardware.media.c2@1.2-service( 478): [1103/164349.843129:VERBOSE1:v4l2_video_decode_accelerator.cc(4638)] NotifyEvent():
11-03 16:43:49.843 I/VideoDecWraper( 478): [0##3]"event 1, param 0x0, paramsize:0\n"
11-03 16:43:49.843 I/C2VdecComponent( 478): Is interlaced
11-03 16:43:49.843 I/C2VdecDeviceUtil( 478): [0#3]"[updateInterlacedInfo:931] isInterlaced:1"
11-03 16:43:49.843 I/AmlManagePts( 478): [0]"setInterlace set interlace[1]\n"
11-03 16:43:49.846 V/android.hardware.media.c2@1.2-service( 478): [1103/164349.846522:VERBOSE1:v4l2_video_decode_accelerator.cc(4580)] CheckInterlaced():
11-03 16:43:49.846 I/VDA ( 478): [0##3]"VIDIOC_G_FMT format.fmt.pix.width 1472\n"
11-03 16:43:49.846 I/VDA ( 478): [0##3]"[GetVisibleSize] visible width 1440, height 1080\n"
11-03 16:43:49.846 I/VDA ( 478): [0##3]"CheckInterlaced format.fmt.pix.field 4\n"
11-03 16:43:49.846 V/android.hardware.media.c2@1.2-service( 478): [1103/164349.846878:VERBOSE1:v4l2_video_decode_accelerator.cc(4638)] NotifyEvent():
11-03 16:43:49.846 I/VideoDecWraper( 478): [0##3]"event 1, param 0x0, paramsize:0\n"
11-03 16:43:49.846 I/C2VdecComponent( 478): Is interlaced
11-03 16:43:49.846 I/C2VdecDeviceUtil( 478): [0#3]"[updateInterlacedInfo:931] isInterlaced:1"
11-03 16:43:49.846 I/AmlManagePts( 478): [0]"setInterlace set interlace[1]\n"
11-03 16:43:49.847 I/VDA ( 478): [0##3]"ImportDynamicCaptureBufferForPictureTask fd=115, index=8\n"" {IN=0/8, OUT=2/9[kAtAccelerator(1) kAtDevice(6) kAtClient(2)]}"
11-03 16:43:49.847 I/VDA ( 478): [0##3]"ImportDynamicCaptureBufferForPictureTask fd=123, index=9\n"" {IN=0/8, OUT=2/10[kAtAccelerator(1) kAtDevice(7) kAtClient(2)]}"
11-03 16:43:49.864 I/C2VdecBlockPoolUtil( 478): Fetch the new block(ino:163 fd:127 dup fd:128 id:10) and append.
11-03 16:43:49.864 I/V4l2Adaptor( 478): importBufferForPicture pictureBufferId 10, dmabufFd 129, metaFd -1
11-03 16:43:49.864 I/V4l2Adaptor( 478): onImportBufferForPicture pictureBufferId 10, dmabufFd 129, metaFd -1, plane size 1
11-03 16:43:49.864 I/V4l2Adaptor( 478): onImportBufferForPicture addr 0x0, stride 0, offset 0, size 0
11-03 16:43:49.864 I/VDA ( 478): [0##3]"ImportDynamicCaptureBufferForPictureTask fd=129, index=10\n"" {IN=0/8, OUT=2/11[kAtAccelerator(1) kAtDevice(8) kAtClient(2)]}"
11-03 16:43:49.867 I/mali_gralloc( 275): am_gralloc_get_uvm_decoder_para: parameters:[slot_id=0,w*h(16*16),w_align=64,h_align=64,size=0,compress=0]
11-03 16:43:49.867 I/mali_gralloc( 275): am_gralloc_get_uvm_decoder_para: parameters:[slot_id=0,w*h(16*16),w_align=64,h_align=64,size=0,compress=0]
11-03 16:43:49.868 I/C2VdecBlockPoolUtil( 478): Fetch the new block(ino:166 fd:133 dup fd:136 id:11) and append.
11-03 16:43:49.868 I/V4l2Adaptor( 478): importBufferForPicture pictureBufferId 11, dmabufFd 137, metaFd -1
11-03 16:43:49.868 I/V4l2Adaptor( 478): onImportBufferForPicture pictureBufferId 11, dmabufFd 137, metaFd -1, plane size 1
11-03 16:43:49.868 I/V4l2Adaptor( 478): onImportBufferForPicture addr 0x0, stride 0, offset 0, size 0
11-03 16:43:49.868 I/VDA ( 478): [0##3]"ImportDynamicCaptureBufferForPictureTask fd=137, index=11\n"" {IN=0/8, OUT=2/12[kAtAccelerator(1) kAtDevice(9) kAtClient(2)]}"
11-03 16:43:49.869 I/mali_gralloc( 275): am_gralloc_get_uvm_decoder_para: parameters:[slot_id=0,w*h(16*16),w_align=64,h_align=64,size=0,compress=0]
11-03 16:43:49.869 I/mali_gralloc( 275): am_gralloc_get_uvm_decoder_para: parameters:[slot_id=0,w*h(16*16),w_align=64,h_align=64,size=0,compress=0]
11-03 16:43:49.874 I/C2VdecBlockPoolUtil( 478): Fetch the new block(ino:168 fd:141 dup fd:144 id:12) and append.
11-03 16:43:49.875 I/V4l2Adaptor( 478): importBufferForPicture pictureBufferId 12, dmabufFd 145, metaFd -1
11-03 16:43:49.875 I/V4l2Adaptor( 478): onImportBufferForPicture pictureBufferId 12, dmabufFd 145, metaFd -1, plane size 1
11-03 16:43:49.875 I/V4l2Adaptor( 478): onImportBufferForPicture addr 0x0, stride 0, offset 0, size 0
11-03 16:43:49.875 I/VDA ( 478): [0##3]"ImportDynamicCaptureBufferForPictureTask fd=145, index=12\n"" {IN=0/8, OUT=2/13[kAtAccelerator(1) kAtDevice(10) kAtClient(2)]}"
11-03 16:43:49.875 I/mali_gralloc( 275): am_gralloc_get_uvm_decoder_para: parameters:[slot_id=0,w*h(16*16),w_align=64,h_align=64,size=0,compress=0]
11-03 16:43:49.875 I/mali_gralloc( 275): am_gralloc_get_uvm_decoder_para: parameters:[slot_id=0,w*h(16*16),w_align=64,h_align=64,size=0,compress=0]
11-03 16:43:49.877 I/C2VdecBlockPoolUtil( 478): Fetch the new block(ino:170 fd:149 dup fd:152 id:13) and append.
11-03 16:43:49.877 I/V4l2Adaptor( 478): importBufferForPicture pictureBufferId 13, dmabufFd 153, metaFd -1
11-03 16:43:49.877 I/V4l2Adaptor( 478): onImportBufferForPicture pictureBufferId 13, dmabufFd 153, metaFd -1, plane size 1
11-03 16:43:49.877 I/V4l2Adaptor( 478): onImportBufferForPicture addr 0x0, stride 0, offset 0, size 0
11-03 16:43:49.877 I/VDA ( 478): [0##3]"ImportDynamicCaptureBufferForPictureTask fd=153, index=13\n"" {IN=0/8, OUT=2/14[kAtAccelerator(1) kAtDevice(11) kAtClient(2)]}"
11-03 16:43:49.877 I/mali_gralloc( 275): am_gralloc_get_uvm_decoder_para: parameters:[slot_id=0,w*h(16*16),w_align=64,h_align=64,size=0,compress=0]
11-03 16:43:49.877 I/mali_gralloc( 275): am_gralloc_get_uvm_decoder_para: parameters:[slot_id=0,w*h(16*16),w_align=64,h_align=64,size=0,compress=0]
11-03 16:43:49.879 I/C2VdecBlockPoolUtil( 478): Fetch the new block(ino:173 fd:157 dup fd:160 id:14) and append.
11-03 16:43:49.879 I/V4l2Adaptor( 478): importBufferForPicture pictureBufferId 14, dmabufFd 161, metaFd -1
11-03 16:43:49.879 I/V4l2Adaptor( 478): onImportBufferForPicture pictureBufferId 14, dmabufFd 161, metaFd -1, plane size 1
11-03 16:43:49.879 I/V4l2Adaptor( 478): onImportBufferForPicture addr 0x0, stride 0, offset 0, size 0
11-03 16:43:49.879 I/VDA ( 478): [0##3]"ImportDynamicCaptureBufferForPictureTask fd=161, index=14\n"" {IN=0/8, OUT=2/15[kAtAccelerator(1) kAtDevice(12) kAtClient(2)]}"
11-03 16:43:49.881 I/mali_gralloc( 275): am_gralloc_get_uvm_decoder_para: parameters:[slot_id=0,w*h(16*16),w_align=64,h_align=64,size=0,compress=0]
11-03 16:43:49.881 I/mali_gralloc( 275): am_gralloc_get_uvm_decoder_para: parameters:[slot_id=0,w*h(16*16),w_align=64,h_align=64,size=0,compress=0]
11-03 16:43:49.882 I/C2VdecBlockPoolUtil( 478): Fetch the new block(ino:175 fd:165 dup fd:168 id:15) and append.
11-03 16:43:49.882 I/V4l2Adaptor( 478): importBufferForPicture pictureBufferId 15, dmabufFd 169, metaFd -1
11-03 16:43:49.882 I/V4l2Adaptor( 478): onImportBufferForPicture pictureBufferId 15, dmabufFd 169, metaFd -1, plane size 1
11-03 16:43:49.883 I/V4l2Adaptor( 478): onImportBufferForPicture addr 0x0, stride 0, offset 0, size 0
11-03 16:43:49.883 I/C2VdecComponent( 478): [0##3]"Update dequeue buffer num: 24 -> 16 out delay buffer margin:0"
11-03 16:43:49.883 I/VDA ( 478): [0##3]"ImportDynamicCaptureBufferForPictureTask fd=169, index=15\n"" {IN=0/8, OUT=2/16[kAtAccelerator(1) kAtDevice(13) kAtClient(2)]}"
11-03 16:43:49.883 D/Codec2-OutputBufferQueue( 4330): set max dequeue count 23 from update
11-03 16:43:49.883 I/C2VdecDequeueThreadUtil( 478): [0##3]"StartRunDequeueTask task loop:1 alloc loop:0 duration:33333 minfetchinterval:8333"
11-03 16:43:49.884 I/C2VdecComponentIntfImpl( 478): [2##0]config picture w:1440 h:1080
11-03 16:43:49.884 I/C2VdecComponent( 478): video size changed
11-03 16:43:49.888 D/CCodecConfig( 4330): c2 config diff is c2::u32 raw.color.transfer = 3
11-03 16:43:49.888 D/CCodecConfig( 4330): c2::u32 raw.crop.height = 1080
11-03 16:43:49.888 D/CCodecConfig( 4330): c2::u32 raw.crop.left = 0
11-03 16:43:49.888 D/CCodecConfig( 4330): c2::u32 raw.crop.top = 0
11-03 16:43:49.888 D/CCodecConfig( 4330): c2::u32 raw.crop.width = 1440
11-03 16:43:49.893 I/C2VdecDequeueThreadUtil( 478): debug.vendor.media.c2.vdec.priority is not set used def = 0
11-03 16:43:49.895 I/mali_gralloc( 275): am_gralloc_get_uvm_decoder_para: parameters:[slot_id=0,w*h(16*16),w_align=64,h_align=64,size=0,compress=0]
11-03 16:43:49.896 I/mali_gralloc( 275): am_gralloc_get_uvm_decoder_para: parameters:[slot_id=0,w*h(16*16),w_align=64,h_align=64,size=0,compress=0]
11-03 16:43:49.899 I/C2VdecBlockPoolUtil( 478): Fetch the new block(ino:187 fd:33 dup fd:189 id:16) and append.
11-03 16:43:49.900 I/V4l2Adaptor( 478): importBufferForPicture pictureBufferId 16, dmabufFd 16, metaFd -1
11-03 16:43:49.900 I/mali_gralloc( 275): am_gralloc_get_uvm_decoder_para: parameters:[slot_id=0,w*h(16*16),w_align=64,h_align=64,size=0,compress=0]
11-03 16:43:49.900 I/mali_gralloc( 275): am_gralloc_get_uvm_decoder_para: parameters:[slot_id=0,w*h(16*16),w_align=64,h_align=64,size=0,compress=0]
11-03 16:43:49.900 I/V4l2Adaptor( 478): onImportBufferForPicture pictureBufferId 16, dmabufFd 16, metaFd -1, plane size 1
11-03 16:43:49.900 I/V4l2Adaptor( 478): onImportBufferForPicture addr 0x0, stride 0, offset 0, size 0
11-03 16:43:49.904 I/C2VdecBlockPoolUtil( 478): Fetch the new block(ino:189 fd:193 dup fd:196 id:17) and append.
11-03 16:43:49.904 I/V4l2Adaptor( 478): importBufferForPicture pictureBufferId 17, dmabufFd 24, metaFd -1
11-03 16:43:49.904 I/V4l2Adaptor( 478): onImportBufferForPicture pictureBufferId 17, dmabufFd 24, metaFd -1, plane size 1
11-03 16:43:49.904 I/V4l2Adaptor( 478): onImportBufferForPicture addr 0x0, stride 0, offset 0, size 0
11-03 16:43:49.907 I/mali_gralloc( 275): am_gralloc_get_uvm_decoder_para: parameters:[slot_id=0,w*h(16*16),w_align=64,h_align=64,size=0,compress=0]
11-03 16:43:49.907 I/mali_gralloc( 275): am_gralloc_get_uvm_decoder_para: parameters:[slot_id=0,w*h(16*16),w_align=64,h_align=64,size=0,compress=0]
11-03 16:43:49.907 I/VDA ( 478): [0##3]"ImportDynamicCaptureBufferForPictureTask fd=16, index=16\n"" {IN=4/8, OUT=4/17[kAtAccelerator(1) kAtDevice(12) kAtClient(4)]}"
11-03 16:43:49.908 I/VDA ( 478): [0##3]"ImportDynamicCaptureBufferForPictureTask fd=24, index=17\n"" {IN=4/8, OUT=4/18[kAtAccelerator(1) kAtDevice(13) kAtClient(4)]}"
11-03 16:43:49.910 I/void Player::setState(PLAYER_STATE)( 4330): state changed newState: 3 oldState: 2
11-03 16:43:49.910 I/C2VdecBlockPoolUtil( 478): Fetch the new block(ino:191 fd:52 dup fd:175 id:18) and append.
11-03 16:43:49.911 I/V4l2Adaptor( 478): importBufferForPicture pictureBufferId 18, dmabufFd 176, metaFd -1
11-03 16:43:49.911 I/V4l2Adaptor( 478): onImportBufferForPicture pictureBufferId 18, dmabufFd 176, metaFd -1, plane size 1
11-03 16:43:49.911 I/V4l2Adaptor( 478): onImportBufferForPicture addr 0x0, stride 0, offset 0, size 0
11-03 16:43:49.911 I/VDA ( 478): [0##3]"ImportDynamicCaptureBufferForPictureTask fd=176, index=18\n"" {IN=3/8, OUT=4/19[kAtAccelerator(1) kAtDevice(14) kAtClient(4)]}"
