11-03 16:42:10.289 D/hdmicecd( 482): [CEC]:printCecMessage, [4 -> 3] len: 0, body:, result:success
11-03 16:42:10.345 D/hdmicecd( 482): [CEC]:printCecMessage, [4 -> 5] len: 0, body:, result:success
11-03 16:42:10.401 D/hdmicecd( 482): [CEC]:printCecMessage, [4 -> 8] len: 0, body:, result:no ack
11-03 16:42:10.457 D/hdmicecd( 482): [CEC]:printCecMessage, [4 -> b] len: 0, body:, result:no ack
11-03 16:42:10.513 D/hdmicecd( 482): [CEC]:printCecMessage, [4 -> e] len: 0, body:, result:no ack
11-03 16:42:10.513 D/HdmiCecController( 705): [P]:AllocatedAddress=[0, 3, 5]
11-03 16:42:10.538 I/audio_hw_hal_alsamgr( 469): alsa format =0x24000000 delay frames =4928 total frames=15360000
11-03 16:42:10.790 D/MesonDisplay( 299): read /sys/class/amhdmitx/amhdmitx0/hdcp_lstore, result length:0, val:
11-03 16:42:11.256 W/ProcessStats( 705): Tracking association SourceState{811a585 com.ktcp.video:daemon/10089 Fgs #532} whose proc state 3 is better than process ProcessState{952ff9a com.ktcp.video/10089 pkg=com.ktcp.video} proc state 10 (0 skipped)
11-03 16:42:11.296 D/ActivityManager( 705): freezing 2365 com.android.providers.calendar
11-03 16:42:11.494 I/WifiHAL ( 493): call wifi_get_link_stats handler
11-03 16:42:11.494 I/WifiHAL ( 493): Creating message to get link statistics; iface = 16
11-03 16:42:11.494 D/WifiHAL ( 493): error code -95 mapped to -3
11-03 16:42:11.495 E/WifiStaIfaceAidlImpl( 705): getLinkLayerStats failed with service-specific exception: android.os.ServiceSpecificException: (code 4)
11-03 16:42:11.549 I/cling--ap-7( 2717): type=1400 audit(0.0:1274): avc: denied { search } for name="net" dev="sysfs" ino=12361 scontext=u:r:untrusted_app_27:s0:c43,c256,c512,c768 tcontext=u:object_r:sysfs_net:s0 tclass=dir permissive=1 app=com.dangbei.screencast
11-03 16:42:11.790 D/MesonDisplay( 299): read /sys/class/amhdmitx/amhdmitx0/hdcp_lstore, result length:0, val:
11-03 16:42:11.837 I/UsbFfs-monitor( 1395): type=1400 audit(0.0:1275): avc: denied { use } for path="anon_inode:[eventfd]" dev="anon_inodefs" ino=10206 scontext=u:r:su:s0 tcontext=u:r:adbd:s0 tclass=fd permissive=1
11-03 16:42:12.791 D/MesonDisplay( 299): read /sys/class/amhdmitx/amhdmitx0/hdcp_lstore, result length:0, val:
11-03 16:42:13.791 D/MesonDisplay( 299): read /sys/class/amhdmitx/amhdmitx0/hdcp_lstore, result length:0, val:
11-03 16:42:14.221 D/OomAdjuster( 705): Not killing cached processes
11-03 16:42:14.499 I/WifiHAL ( 493): call wifi_get_link_stats handler
11-03 16:42:14.500 I/WifiHAL ( 493): Creating message to get link statistics; iface = 16
11-03 16:42:14.500 D/WifiHAL ( 493): error code -95 mapped to -3
11-03 16:42:14.501 E/WifiStaIfaceAidlImpl( 705): getLinkLayerStats failed with service-specific exception: android.os.ServiceSpecificException: (code 4)
11-03 16:42:14.791 D/MesonDisplay( 299): read /sys/class/amhdmitx/amhdmitx0/hdcp_lstore, result length:0, val:
11-03 16:42:14.791 D/MesonDisplay( 299): read /sys/class/amhdmitx/amhdmitx0/hdcp_lstore, result length:0, val:
11-03 16:42:14.791 I/MesonDisplay( 299): [/HDCPTxAuth.cpp, authInit, 223] hdcp_tx key:
11-03 16:42:16.113 I//apex/com.android.adbd/bin/adbd( 1395): type=1400 audit(0.0:1276): avc: denied { getopt } for comm=73657276657220736F636B6574 laddr=::ffff:192.168.3.201 lport=5555 faddr=::ffff:192.168.15.14 fport=50295 scontext=u:r:su:s0 tcontext=u:r:su:s0 tclass=tcp_socket permissive=1
11-03 16:42:16.113 I//apex/com.android.adbd/bin/adbd( 1395): type=1400 audit(0.0:1277): avc: denied { write } for comm=73657276657220736F636B6574 name="fwmarkd" dev="tmpfs" ino=837 scontext=u:r:su:s0 tcontext=u:object_r:fwmarkd_socket:s0 tclass=sock_file permissive=1
11-03 16:42:16.127 I/adbd ( 1395): host-19: read thread spawning
11-03 16:42:16.127 I/adbd ( 1395): host-19: write thread spawning
11-03 16:42:16.128 I/adbd ( 1395): authentication not required
11-03 16:42:16.113 I//apex/com.android.adbd/bin/adbd( 1395): type=1400 audit(0.0:1278): avc: denied { connectto } for comm=73657276657220736F636B6574 path="/dev/socket/fwmarkd" scontext=u:r:su:s0 tcontext=u:r:netd:s0 tclass=unix_stream_socket permissive=1
11-03 16:42:16.113 I/binder:456_2( 456): type=1400 audit(0.0:1279): avc: denied { use } for path="socket:[32481]" dev="sockfs" ino=32481 scontext=u:r:netd:s0 tcontext=u:r:su:s0 tclass=fd permissive=1
11-03 16:42:16.117 I/binder:456_2( 456): type=1400 audit(0.0:1280): avc: denied { read write } for path="socket:[32481]" dev="sockfs" ino=32481 scontext=u:r:netd:s0 tcontext=u:r:su:s0 tclass=tcp_socket permissive=1
11-03 16:42:16.262 I/BLEAudioDrive_HV412( 469): select timeout!
11-03 16:42:16.357 I/audio_hw_hal_alsamgr( 469): alsa format =0x1 delay frames =640 total frames=4120320
11-03 16:42:16.994 D/uninstall( 3127): isAllowStart last_delay 0, current_time 1762159336
11-03 16:42:16.994 I/uninstall( 3127): enable_service com.ktcp.video/com.tencent.qqlivetv.keeplive.proc.DaemonService com.ktcp.video/(null)
11-03 16:42:16.995 D/uninstall( 3127): enable_service waitpid
11-03 16:42:16.995 D/uninstall( 3457): enable_service pid == 0
11-03 16:42:16.995 D/uninstall( 3457): enable_service version >= 17 || version == 0 version == 34
11-03 16:42:17.038 I/uninstall( 3127): watchdaemon process_name = com.ktcp.video:daemon has gone, start it
11-03 16:42:17.038 D/uninstall( 3127): watchdaemon waitpid
11-03 16:42:17.039 D/uninstall( 3461): watchdaemon pid == 0
11-03 16:42:17.039 D/uninstall( 3461): watchdaemon version >= 17 || version == 0 version == 34
11-03 16:42:17.506 I/WifiHAL ( 493): call wifi_get_link_stats handler
11-03 16:42:17.506 I/WifiHAL ( 493): Creating message to get link statistics; iface = 16
11-03 16:42:17.506 D/WifiHAL ( 493): error code -95 mapped to -3
11-03 16:42:17.507 E/WifiStaIfaceAidlImpl( 705): getLinkLayerStats failed with service-specific exception: android.os.ServiceSpecificException: (code 4)
11-03 16:42:17.637 D/ActivityManager( 705): freezing 2176 com.android.permissioncontroller
11-03 16:42:18.145 I//apex/com.android.adbd/bin/adbd( 1395): type=1400 audit(0.0:1291): avc: denied { connectto } for comm=75736220666673206F70656E path="/dev/socket/property_service" scontext=u:r:su:s0 tcontext=u:r:init:s0 tclass=unix_stream_socket permissive=1
11-03 16:42:18.869 I/cling--ap-1( 2717): type=1400 audit(0.0:1292): avc: denied { read } for name="address" dev="sysfs" ino=22143 scontext=u:r:untrusted_app_27:s0:c43,c256,c512,c768 tcontext=u:object_r:sysfs_net:s0 tclass=file permissive=1 app=com.dangbei.screencast
11-03 16:42:18.869 I/cling--ap-1( 2717): type=1400 audit(0.0:1293): avc: denied { open } for path="/sys/devices/virtual/net/dummy0/address" dev="sysfs" ino=22143 scontext=u:r:untrusted_app_27:s0:c43,c256,c512,c768 tcontext=u:object_r:sysfs_net:s0 tclass=file permissive=1 app=com.dangbei.screencast
11-03 16:42:18.869 I/cling--ap-1( 2717): type=1400 audit(0.0:1294): avc: denied { getattr } for path="/sys/devices/virtual/net/dummy0/address" dev="sysfs" ino=22143 scontext=u:r:untrusted_app_27:s0:c43,c256,c512,c768 tcontext=u:object_r:sysfs_net:s0 tclass=file permissive=1 app=com.dangbei.screencast
11-03 16:42:19.741 W/nStackXCoAP( 3130): ParseDeviceJsonData:[149] :Can't find hicom version
11-03 16:42:19.742 D/nStackXCoAP( 3130): IsInSameNetwork:[276] :IsInSameNetwork exec
11-03 16:42:19.742 I/nStackXDFinder( 3130): GetLocalInterfaceDetail:[461] :GetLocalInterfaceDetail in
11-03 16:42:19.742 E/nStackXCoAP( 3130): IsInSameNetwork:[281] :IsInSameNetwork: not priority process
11-03 16:42:19.742 D/nStackXCoAP( 3130): ParseServiceDiscover:[330] :new device join
11-03 16:42:19.742 I/nStackXDFinder( 3130): NotifyDeviceListChanged:[540] :notify callback: device list changed callback is null
11-03 16:42:19.742 E/nStackXDFinder( 3130): GetLocalIp:[401] :GetLocalIp exec
11-03 16:42:19.751 D/nStackXCoAP( 3130): CoapMessageHandler:[133] :2.01
11-03 16:42:19.881 W/nStackXCoAP( 3130): ParseDeviceJsonData:[149] :Can't find hicom version
11-03 16:42:19.882 D/nStackXCoAP( 3130): IsInSameNetwork:[276] :IsInSameNetwork exec
11-03 16:42:19.882 I/nStackXDFinder( 3130): GetLocalInterfaceDetail:[461] :GetLocalInterfaceDetail in
11-03 16:42:19.882 E/nStackXCoAP( 3130): IsInSameNetwork:[281] :IsInSameNetwork: not priority process
11-03 16:42:19.882 D/nStackXCoAP( 3130): ParseServiceDiscover:[330] :new device join
11-03 16:42:19.882 E/nStackXDFinder( 3130): GetLocalIp:[401] :GetLocalIp exec
11-03 16:42:19.889 D/nStackXCoAP( 3130): CoapMessageHandler:[133] :2.01
11-03 16:42:20.023 W/nStackXCoAP( 3130): ParseDeviceJsonData:[149] :Can't find hicom version
11-03 16:42:20.023 D/nStackXCoAP( 3130): IsInSameNetwork:[276] :IsInSameNetwork exec
11-03 16:42:20.023 I/nStackXDFinder( 3130): GetLocalInterfaceDetail:[461] :GetLocalInterfaceDetail in
11-03 16:42:20.023 E/nStackXCoAP( 3130): IsInSameNetwork:[281] :IsInSameNetwork: not priority process
11-03 16:42:20.023 D/nStackXCoAP( 3130): ParseServiceDiscover:[330] :new device join
11-03 16:42:20.023 E/nStackXDFinder( 3130): GetLocalIp:[401] :GetLocalIp exec
11-03 16:42:20.030 D/nStackXCoAP( 3130): CoapMessageHandler:[133] :2.01
11-03 16:42:20.173 W/nStackXCoAP( 3130): ParseDeviceJsonData:[149] :Can't find hicom version
11-03 16:42:20.174 D/nStackXCoAP( 3130): IsInSameNetwork:[276] :IsInSameNetwork exec
11-03 16:42:20.174 I/nStackXDFinder( 3130): GetLocalInterfaceDetail:[461] :GetLocalInterfaceDetail in
11-03 16:42:20.174 E/nStackXCoAP( 3130): IsInSameNetwork:[281] :IsInSameNetwork: not priority process
11-03 16:42:20.174 D/nStackXCoAP( 3130): ParseServiceDiscover:[330] :new device join
11-03 16:42:20.174 E/nStackXDFinder( 3130): GetLocalIp:[401] :GetLocalIp exec
11-03 16:42:20.181 D/nStackXCoAP( 3130): CoapMessageHandler:[133] :2.01
11-03 16:42:20.327 W/nStackXCoAP( 3130): ParseDeviceJsonData:[149] :Can't find hicom version
11-03 16:42:20.327 D/nStackXCoAP( 3130): IsInSameNetwork:[276] :IsInSameNetwork exec
11-03 16:42:20.327 I/nStackXDFinder( 3130): GetLocalInterfaceDetail:[461] :GetLocalInterfaceDetail in
11-03 16:42:20.327 E/nStackXCoAP( 3130): IsInSameNetwork:[281] :IsInSameNetwork: not priority process
11-03 16:42:20.327 D/nStackXCoAP( 3130): ParseServiceDiscover:[330] :new device join
11-03 16:42:20.327 E/nStackXDFinder( 3130): GetLocalIp:[401] :GetLocalIp exec
11-03 16:42:20.336 D/nStackXCoAP( 3130): CoapMessageHandler:[133] :2.01
11-03 16:42:20.342 D/TrafficStats( 2536): tagSocket(269) with statsTag=0xffffffff, statsUid=-1
11-03 16:42:20.353 D/TrafficStats( 2536): tagSocket(271) with statsTag=0xffffffff, statsUid=-1
11-03 16:42:20.360 D/TrafficStats( 2536): tagSocket(268) with statsTag=0xffffffff, statsUid=-1
11-03 16:42:20.368 D/TrafficStats( 2536): tagSocket(270) with statsTag=0xffffffff, statsUid=-1
11-03 16:42:20.383 D/TrafficStats( 2536): tagSocket(274) with statsTag=0xffffffff, statsUid=-1
11-03 16:42:20.478 W/nStackXCoAP( 3130): ParseDeviceJsonData:[149] :Can't find hicom version
11-03 16:42:20.478 D/nStackXCoAP( 3130): IsInSameNetwork:[276] :IsInSameNetwork exec
11-03 16:42:20.478 I/nStackXDFinder( 3130): GetLocalInterfaceDetail:[461] :GetLocalInterfaceDetail in
11-03 16:42:20.478 E/nStackXCoAP( 3130): IsInSameNetwork:[281] :IsInSameNetwork: not priority process
11-03 16:42:20.478 D/nStackXCoAP( 3130): ParseServiceDiscover:[330] :new device join
11-03 16:42:20.478 E/nStackXDFinder( 3130): GetLocalIp:[401] :GetLocalIp exec
11-03 16:42:20.512 I/WifiHAL ( 493): call wifi_get_link_stats handler
11-03 16:42:20.512 I/WifiHAL ( 493): Creating message to get link statistics; iface = 16
11-03 16:42:20.512 D/WifiHAL ( 493): error code -95 mapped to -3
11-03 16:42:20.512 E/WifiStaIfaceAidlImpl( 705): getLinkLayerStats failed with service-specific exception: android.os.ServiceSpecificException: (code 4)
11-03 16:42:20.520 D/nStackXCoAP( 3130): CoapMessageHandler:[133] :2.01
11-03 16:42:20.593 W/nStackXCoAP( 3130): ParseDeviceJsonData:[149] :Can't find hicom version
11-03 16:42:20.594 D/nStackXCoAP( 3130): IsInSameNetwork:[276] :IsInSameNetwork exec
11-03 16:42:20.594 I/nStackXDFinder( 3130): GetLocalInterfaceDetail:[461] :GetLocalInterfaceDetail in
11-03 16:42:20.594 E/nStackXCoAP( 3130): IsInSameNetwork:[281] :IsInSameNetwork: not priority process
11-03 16:42:20.594 D/nStackXCoAP( 3130): ParseServiceDiscover:[330] :new device join
11-03 16:42:20.594 E/nStackXDFinder( 3130): GetLocalIp:[401] :GetLocalIp exec
11-03 16:42:20.601 D/nStackXCoAP( 3130): CoapMessageHandler:[133] :2.01
11-03 16:42:20.650 D/TrafficStats( 2536): tagSocket(185) with statsTag=0xffffffff, statsUid=-1
11-03 16:42:20.657 I/FileLockLib( 2536): [2536]file 99 unlocked. fl.pid=0
11-03 16:42:20.666 W/XLOGReport( 2536): OtherSize: 30777, MainSize: 1999
11-03 16:42:20.670 D/TrafficStats( 2536): tagSocket(184) with statsTag=0xffffffff, statsUid=-1
11-03 16:42:20.680 D/TrafficStats( 2536): tagSocket(188) with statsTag=0xffffffff, statsUid=-1
11-03 16:42:20.735 W/nStackXCoAP( 3130): ParseDeviceJsonData:[149] :Can't find hicom version
11-03 16:42:20.735 D/nStackXCoAP( 3130): IsInSameNetwork:[276] :IsInSameNetwork exec
11-03 16:42:20.735 I/nStackXDFinder( 3130): GetLocalInterfaceDetail:[461] :GetLocalInterfaceDetail in
11-03 16:42:20.735 E/nStackXCoAP( 3130): IsInSameNetwork:[281] :IsInSameNetwork: not priority process
11-03 16:42:20.735 D/nStackXCoAP( 3130): ParseServiceDiscover:[330] :new device join
11-03 16:42:20.735 E/nStackXDFinder( 3130): GetLocalIp:[401] :GetLocalIp exec
11-03 16:42:20.742 D/nStackXCoAP( 3130): CoapMessageHandler:[133] :2.01
11-03 16:42:20.754 D/TrafficStats( 2536): tagSocket(182) with statsTag=0xffffffff, statsUid=-1
11-03 16:42:20.764 D/TrafficStats( 2536): tagSocket(190) with statsTag=0xffffffff, statsUid=-1
11-03 16:42:20.824 W/MediaProvider( 1450): isAppCloneUserPair for user 0: false
11-03 16:42:20.875 W/nStackXCoAP( 3130): ParseDeviceJsonData:[149] :Can't find hicom version
11-03 16:42:20.875 D/nStackXCoAP( 3130): IsInSameNetwork:[276] :IsInSameNetwork exec
11-03 16:42:20.875 I/nStackXDFinder( 3130): GetLocalInterfaceDetail:[461] :GetLocalInterfaceDetail in
11-03 16:42:20.875 E/nStackXCoAP( 3130): IsInSameNetwork:[281] :IsInSameNetwork: not priority process
11-03 16:42:20.875 D/nStackXCoAP( 3130): ParseServiceDiscover:[330] :new device join
11-03 16:42:20.875 E/nStackXDFinder( 3130): GetLocalIp:[401] :GetLocalIp exec
11-03 16:42:20.890 D/nStackXCoAP( 3130): CoapMessageHandler:[133] :2.01
11-03 16:42:21.018 W/nStackXCoAP( 3130): ParseDeviceJsonData:[149] :Can't find hicom version
11-03 16:42:21.018 D/nStackXCoAP( 3130): IsInSameNetwork:[276] :IsInSameNetwork exec
11-03 16:42:21.018 I/nStackXDFinder( 3130): GetLocalInterfaceDetail:[461] :GetLocalInterfaceDetail in
11-03 16:42:21.018 E/nStackXCoAP( 3130): IsInSameNetwork:[281] :IsInSameNetwork: not priority process
11-03 16:42:21.018 D/nStackXCoAP( 3130): ParseServiceDiscover:[330] :new device join
11-03 16:42:21.018 E/nStackXDFinder( 3130): GetLocalIp:[401] :GetLocalIp exec
11-03 16:42:21.028 D/nStackXCoAP( 3130): CoapMessageHandler:[133] :2.01
11-03 16:42:21.056 I/FileLockLib( 2536): [2536]file 99 unlocked. fl.pid=0
11-03 16:42:21.133 D/TrafficStats( 2536): tagSocket(299) with statsTag=0xffffffff, statsUid=-1
11-03 16:42:21.167 W/nStackXCoAP( 3130): ParseDeviceJsonData:[149] :Can't find hicom version
11-03 16:42:21.167 D/nStackXCoAP( 3130): IsInSameNetwork:[276] :IsInSameNetwork exec
11-03 16:42:21.167 I/nStackXDFinder( 3130): GetLocalInterfaceDetail:[461] :GetLocalInterfaceDetail in
11-03 16:42:21.167 E/nStackXCoAP( 3130): IsInSameNetwork:[281] :IsInSameNetwork: not priority process
11-03 16:42:21.167 D/nStackXCoAP( 3130): ParseServiceDiscover:[330] :new device join
11-03 16:42:21.167 E/nStackXDFinder( 3130): GetLocalIp:[401] :GetLocalIp exec
11-03 16:42:21.177 D/nStackXCoAP( 3130): CoapMessageHandler:[133] :2.01
11-03 16:42:21.325 W/nStackXCoAP( 3130): ParseDeviceJsonData:[149] :Can't find hicom version
11-03 16:42:21.325 D/nStackXCoAP( 3130): IsInSameNetwork:[276] :IsInSameNetwork exec
11-03 16:42:21.325 I/nStackXDFinder( 3130): GetLocalInterfaceDetail:[461] :GetLocalInterfaceDetail in
11-03 16:42:21.326 E/nStackXCoAP( 3130): IsInSameNetwork:[281] :IsInSameNetwork: not priority process
11-03 16:42:21.326 D/nStackXCoAP( 3130): ParseServiceDiscover:[330] :new device join
11-03 16:42:21.326 E/nStackXDFinder( 3130): GetLocalIp:[401] :GetLocalIp exec
11-03 16:42:21.336 D/nStackXCoAP( 3130): CoapMessageHandler:[133] :2.01
11-03 16:42:21.337 I//apex/com.android.adbd/bin/adbd( 1395): type=1400 audit(0.0:1295): avc: denied { dac_read_search } for comm=75736220666673206F70656E capability=2 scontext=u:r:su:s0 tcontext=u:r:su:s0 tclass=capability permissive=1
11-03 16:42:21.337 I//apex/com.android.adbd/bin/adbd( 1395): type=1400 audit(0.0:1296): avc: denied { dac_override } for comm=75736220666673206F70656E capability=1 scontext=u:r:su:s0 tcontext=u:r:su:s0 tclass=capability permissive=1
11-03 16:42:21.443 W/nStackXCoAP( 3130): ParseDeviceJsonData:[149] :Can't find hicom version
11-03 16:42:21.443 D/nStackXCoAP( 3130): IsInSameNetwork:[276] :IsInSameNetwork exec
11-03 16:42:21.443 I/nStackXDFinder( 3130): GetLocalInterfaceDetail:[461] :GetLocalInterfaceDetail in
11-03 16:42:21.443 E/nStackXCoAP( 3130): IsInSameNetwork:[281] :IsInSameNetwork: not priority process
11-03 16:42:21.443 D/nStackXCoAP( 3130): ParseServiceDiscover:[330] :new device join
11-03 16:42:21.443 E/nStackXDFinder( 3130): GetLocalIp:[401] :GetLocalIp exec
11-03 16:42:21.455 D/nStackXCoAP( 3130): CoapMessageHandler:[133] :2.01
11-03 16:42:21.562 D/TrafficStats( 2717): tagSocket(142) with statsTag=0xffffffff, statsUid=-1
11-03 16:42:21.586 W/nStackXCoAP( 3130): ParseDeviceJsonData:[149] :Can't find hicom version
11-03 16:42:21.586 D/nStackXCoAP( 3130): IsInSameNetwork:[276] :IsInSameNetwork exec
11-03 16:42:21.586 I/nStackXDFinder( 3130): GetLocalInterfaceDetail:[461] :GetLocalInterfaceDetail in
11-03 16:42:21.586 E/nStackXCoAP( 3130): IsInSameNetwork:[281] :IsInSameNetwork: not priority process
11-03 16:42:21.586 D/nStackXCoAP( 3130): ParseServiceDiscover:[330] :new device join
11-03 16:42:21.586 E/nStackXDFinder( 3130): GetLocalIp:[401] :GetLocalIp exec
11-03 16:42:21.592 D/nStackXCoAP( 3130): CoapMessageHandler:[133] :2.01
11-03 16:42:21.683 D/OomAdjuster( 705): Not killing cached processes
11-03 16:42:21.687 I/ActivityManager( 705): Background started FGS: Allowed [callingPackage: com.dangbei.screencast; callingUid: 10043; uidState: FGS ; uidBFSL: [BFSL]; intent: Intent { cmp=com.dangbei.screencast/.startup.GuardService }; code:PROC_STATE_FGS; tempAllowListReason:; targetSdkVersion:28; callerTargetSdkVersion:28; startForegroundCount:0; bindFromPackage:null: isBindService:false]
11-03 16:42:21.688 D/CompatibilityChangeReporter( 705): Compat change id reported: 135634846; UID 10043; state: DISABLED
11-03 16:42:21.689 D/CompatibilityChangeReporter( 705): Compat change id reported: 143937733; UID 10043; state: DISABLED
11-03 16:42:21.690 W/ProcessStats( 705): Tracking association SourceState{811a585 com.ktcp.video:daemon/10089 Fgs #536} whose proc state 3 is better than process ProcessState{952ff9a com.ktcp.video/10089 pkg=com.ktcp.video} proc state 10 (0 skipped)
11-03 16:42:21.698 I/serviceDiscovery( 705): [MdnsAdvertiser] Removing service with ID 4
11-03 16:42:21.699 I/serviceDiscovery( 705): [MdnsAdvertiser] Removing service with ID 5
11-03 16:42:21.700 W/System.err( 2717): java.net.SocketException: Socket closed
11-03 16:42:21.700 W/System.err( 2717): at java.net.PlainSocketImpl.socketAccept(PlainSocketImpl.java:213)
11-03 16:42:21.700 W/System.err( 2717): at java.net.AbstractPlainSocketImpl.accept(AbstractPlainSocketImpl.java:451)
11-03 16:42:21.700 W/System.err( 2717): at java.net.ServerSocket.implAccept(ServerSocket.java:569)
11-03 16:42:21.700 W/System.err( 2717): at java.net.ServerSocket.accept(ServerSocket.java:537)
11-03 16:42:21.700 W/System.err( 2717): at b.f.f.t.f.run(Unknown Source:40)
11-03 16:42:21.700 W/System.err( 2717): at java.lang.Thread.run(Thread.java:1012)
11-03 16:42:21.701 W/UpnpServiceImpl( 2717): >>> Shutting down UPnP service...
11-03 16:42:21.704 I/serviceDiscovery( 705): [MdnsAdvertiser] Removing service with ID 3
11-03 16:42:21.713 W/AbstractChannel( 2717): Can't invoke task later as EventLoop rejected it
11-03 16:42:21.713 W/AbstractChannel( 2717): java.util.concurrent.RejectedExecutionException: event executor terminated
11-03 16:42:21.713 W/AbstractChannel( 2717): at io.netty.util.concurrent.SingleThreadEventExecutor.reject(Unknown Source:4)
11-03 16:42:21.713 W/AbstractChannel( 2717): at io.netty.util.concurrent.SingleThreadEventExecutor.offerTask(Unknown Source:6)
11-03 16:42:21.713 W/AbstractChannel( 2717): at io.netty.util.concurrent.SingleThreadEventExecutor.addTask(Unknown Source:5)
11-03 16:42:21.713 W/AbstractChannel( 2717): at io.netty.util.concurrent.SingleThreadEventExecutor.execute(Unknown Source:4)
11-03 16:42:21.713 W/AbstractChannel( 2717): at io.netty.util.concurrent.SingleThreadEventExecutor.execute(Unknown Source:18)
11-03 16:42:21.713 W/AbstractChannel( 2717): at io.netty.channel.AbstractChannel$AbstractUnsafe.invokeLater(Unknown Source:6)
11-03 16:42:21.713 W/AbstractChannel( 2717): at io.netty.channel.AbstractChannel$AbstractUnsafe.deregister(Unknown Source:24)
11-03 16:42:21.713 W/AbstractChannel( 2717): at io.netty.channel.AbstractChannel$AbstractUnsafe.fireChannelInactiveAndDeregister(Unknown Source:17)
11-03 16:42:21.713 W/AbstractChannel( 2717): at io.netty.channel.AbstractChannel$AbstractUnsafe.close(Unknown Source:112)
11-03 16:42:21.713 W/AbstractChannel( 2717): at io.netty.channel.AbstractChannel$AbstractUnsafe.close(Unknown Source:12)
11-03 16:42:21.713 W/AbstractChannel( 2717): at io.netty.channel.nio.NioEventLoop.closeAll(Unknown Source:86)
11-03 16:42:21.713 W/AbstractChannel( 2717): at io.netty.channel.nio.NioEventLoop.run(Unknown Source:202)
11-03 16:42:21.713 W/AbstractChannel( 2717): at io.netty.util.concurrent.SingleThreadEventExecutor$4.run(Unknown Source:41)
11-03 16:42:21.713 W/AbstractChannel( 2717): at io.netty.util.internal.ThreadExecutorMap$2.run(Unknown Source:8)
11-03 16:42:21.713 W/AbstractChannel( 2717): at io.netty.util.concurrent.FastThreadLocalRunnable.run(Unknown Source:2)
11-03 16:42:21.713 W/AbstractChannel( 2717): at java.lang.Thread.run(Thread.java:1012)
11-03 16:42:21.719 D/Zygote ( 457): Forked child process 3590
11-03 16:42:21.720 I/ActivityManager( 705): Start proc 3590:com.dangbei.screencast:bg_guard/u0a43 for service {com.dangbei.screencast/com.dangbei.screencast.startup.GuardService}
11-03 16:42:21.722 E/raop ( 2717): httpd_stop running 1 joined 0
11-03 16:42:21.722 E/raop ( 2717): httpd_stop connection->socket_fd=0
11-03 16:42:21.722 E/raop ( 2717): httpd_stop connection->socket_fd=0
11-03 16:42:21.722 E/raop ( 2717): httpd_stop connection->socket_fd=0
11-03 16:42:21.722 E/raop ( 2717): httpd_stop connection->socket_fd=0
11-03 16:42:21.722 E/raop ( 2717): httpd_stop connection->socket_fd=0
11-03 16:42:21.722 E/raop ( 2717): httpd_stop connection->socket_fd=0
11-03 16:42:21.722 E/raop ( 2717): httpd_stop connection->socket_fd=0
11-03 16:42:21.722 E/raop ( 2717): httpd_stop connection->socket_fd=0
11-03 16:42:21.722 E/raop ( 2717): httpd_stop connection->socket_fd=0
11-03 16:42:21.722 E/raop ( 2717): httpd_stop connection->socket_fd=0
11-03 16:42:21.726 I/Zygote ( 3590): seccomp disabled by setenforce 0
11-03 16:42:21.732 I/encast:bg_guard( 3590): Using CollectorTypeCC GC.
11-03 16:42:21.733 W/nStackXCoAP( 3130): ParseDeviceJsonData:[149] :Can't find hicom version
11-03 16:42:21.733 D/nStackXCoAP( 3130): IsInSameNetwork:[276] :IsInSameNetwork exec
11-03 16:42:21.733 I/nStackXDFinder( 3130): GetLocalInterfaceDetail:[461] :GetLocalInterfaceDetail in
11-03 16:42:21.733 E/nStackXCoAP( 3130): IsInSameNetwork:[281] :IsInSameNetwork: not priority process
11-03 16:42:21.733 D/nStackXCoAP( 3130): ParseServiceDiscover:[330] :new device join
11-03 16:42:21.733 E/nStackXDFinder( 3130): GetLocalIp:[401] :GetLocalIp exec
11-03 16:42:21.729 I/rainbow_flow( 2350): type=1400 audit(0.0:1297): avc: denied { ioctl } for path="/dev/spidev1.0" dev="tmpfs" ino=533 ioctlcmd=0x6b00 scontext=u:r:init:s0 tcontext=u:object_r:device:s0 tclass=chr_file permissive=1
11-03 16:42:21.740 E/encast:bg_guard( 3590): Not starting debugger since process cannot load the jdwp agent.
11-03 16:42:21.742 E/raop ( 2717): httpd_stop running 0 joined 1
11-03 16:42:21.746 D/nStackXCoAP( 3130): CoapMessageHandler:[133] :2.01
11-03 16:42:21.754 D/CompatibilityChangeReporter( 705): Compat change id reported: 168419799; UID 10043; state: DISABLED
11-03 16:42:21.755 D/CompatibilityChangeReporter( 705): Compat change id reported: 273564678; UID 10043; state: DISABLED
11-03 16:42:21.758 D/CompatibilityChangeReporter( 3590): Compat change id reported: 171979766; UID 10043; state: DISABLED
11-03 16:42:21.758 D/CompatibilityChangeReporter( 3590): Compat change id reported: 242716250; UID 10043; state: DISABLED
11-03 16:42:21.762 D/CompatibilityChangeReporter( 705): Compat change id reported: 170503758; UID 10043; state: DISABLED
11-03 16:42:21.765 D/ApplicationLoaders( 3590): Returning zygote-cached class loader: /system/framework/android.test.base.jar
11-03 16:42:21.765 D/ApplicationLoaders( 3590): Returning zygote-cached class loader: /system/framework/android.hidl.manager-V1.0-java.jar
11-03 16:42:21.765 D/ApplicationLoaders( 3590): Returning zygote-cached class loader: /system/framework/android.hidl.base-V1.0-java.jar
11-03 16:42:21.788 D/nativeloader( 3590): Configuring clns-shared-4 for other apk /system/app/dangbei-screencast/dangbei-screencast.apk. target_sdk_version=28, uses_libraries=, library_path=/system/app/dangbei-screencast/lib/arm:/system/app/dangbei-screencast/dangbei-screencast.apk!/lib/armeabi-v7a:/system/lib:/system_ext/lib, permitted_path=/data:/mnt/expand:/data/user/0/com.dangbei.screencast:/system/app/dangbei-screencast:/system/lib:/system_ext/lib
11-03 16:42:21.813 V/GraphicsEnvironment( 3590): Currently set values for:
11-03 16:42:21.814 V/GraphicsEnvironment( 3590): angle_gl_driver_selection_pkgs=[]
11-03 16:42:21.814 V/GraphicsEnvironment( 3590): angle_gl_driver_selection_values=[]
11-03 16:42:21.814 V/GraphicsEnvironment( 3590): ANGLE GameManagerService for com.dangbei.screencast: false
11-03 16:42:21.815 V/GraphicsEnvironment( 3590): com.dangbei.screencast is not listed in per-application setting
11-03 16:42:21.815 V/GraphicsEnvironment( 3590): Neither updatable production driver nor prerelease driver is supported.
11-03 16:42:21.819 I/MultiDex( 3590): VM with version 2.1.0 has multidex support
11-03 16:42:21.819 I/MultiDex( 3590): Installing application
11-03 16:42:21.819 I/MultiDex( 3590): VM has multidex support, MultiDex support library is disabled.
11-03 16:42:21.820 D/CompatibilityChangeReporter( 3590): Compat change id reported: 247079863; UID 10043; state: DISABLED
11-03 16:42:21.829 D/CompatibilityChangeReporter( 705): Compat change id reported: 161145287; UID 10043; state: DISABLED
11-03 16:42:21.855 I/crashsdk( 3590): version unique build id: 6230cced
11-03 16:42:21.856 I/crashsdk( 3590): version unique build id: 6230cced
11-03 16:42:21.858 D/crashsdk( 3590): Native log stat thread 3625 setup, waiting
11-03 16:42:21.853 I/Thread-3( 3590): type=1400 audit(0.0:1298): avc: denied { read } for name="version" dev="proc" ino=4026532005 scontext=u:r:untrusted_app_27:s0:c43,c256,c512,c768 tcontext=u:object_r:proc_version:s0 tclass=file permissive=1 app=com.dangbei.screencast
11-03 16:42:21.860 I/crashsdk( 3590): begin hack android.os.Process
11-03 16:42:21.860 I/crashsdk( 3590): end hack android.os.Process
11-03 16:42:21.853 I/Thread-3( 3590): type=1400 audit(0.0:1299): avc: denied { open } for path="/proc/version" dev="proc" ino=4026532005 scontext=u:r:untrusted_app_27:s0:c43,c256,c512,c768 tcontext=u:object_r:proc_version:s0 tclass=file permissive=1 app=com.dangbei.screencast
11-03 16:42:21.853 I/Thread-3( 3590): type=1400 audit(0.0:1300): avc: denied { getattr } for path="/proc/version" dev="proc" ino=4026532005 scontext=u:r:untrusted_app_27:s0:c43,c256,c512,c768 tcontext=u:object_r:proc_version:s0 tclass=file permissive=1 app=com.dangbei.screencast
11-03 16:42:21.873 W/nStackXCoAP( 3130): ParseDeviceJsonData:[149] :Can't find hicom version
11-03 16:42:21.873 D/nStackXCoAP( 3130): IsInSameNetwork:[276] :IsInSameNetwork exec
11-03 16:42:21.873 I/nStackXDFinder( 3130): GetLocalInterfaceDetail:[461] :GetLocalInterfaceDetail in
11-03 16:42:21.873 E/nStackXCoAP( 3130): IsInSameNetwork:[281] :IsInSameNetwork: not priority process
11-03 16:42:21.873 D/nStackXCoAP( 3130): ParseServiceDiscover:[330] :new device join
11-03 16:42:21.873 E/nStackXDFinder( 3130): GetLocalIp:[401] :GetLocalIp exec
11-03 16:42:21.879 W/efs.send_log( 3590): tryFileLock start!
11-03 16:42:21.883 D/nStackXCoAP( 3130): CoapMessageHandler:[133] :2.01
11-03 16:42:21.885 I/efs.config( 3590): --->>> 删除旧的配置文件 false
11-03 16:42:21.885 I/Matrix.AnrTracer( 3590): anrTrace, final mAnrBeatTime:400, mAnrBeatRate:400
11-03 16:42:21.886 I/TDLog ( 3590): setReportUncaughtExceptions: true
11-03 16:42:21.886 E/Application( 3590): onCreate:Version:v2.8.3/20830/883432e
11-03 16:42:21.887 I/efs.base( 3590): lt=event`ev_ct=efs_core`ev_ac=pvuv`tm=2025-11-03 16:42:88`dn=7ecbfcb9-adfb-4a10-8245-cba3b42d956a`ps=com.dangbei.screencast:bg_guard`um_os=android`stime=1762159341729`pid=3590`fr=android`pkg=com.dangbei.screencast`vcode=20830`dsp_w=1920`uid=7ecbfcb9-adfb-4a10-8245-cba3b42d956a`rom=14`wid=7ecbfcb9-adfb-4a10-8245-cba3b42d956a`um_app_carrier=`um_access=wifi`um_app_channel=os`um_crash_sdk_version=1.4.0`ctime=1762159341`model=dbbox-a3`lang=zh`net=wifi`brand=amlogic`dsp_h=1080`um_network_type=0`ver=v2.8.3`build_model=DBBOX-A3`w_tm=1762159341`appid=5fc60c21094d637f3130af19`um_umid_header=ai71e95a882fdb07fe4d86a28a67de4042`sdk=34`tzone=Asia/Shanghai`sdk_ver=1.3.6.umeng
11-03 16:42:21.890 E/LaunchManager( 3590): Non main process !
11-03 16:42:21.891 W/System.err( 3590): java.lang.NullPointerException: Attempt to invoke virtual method 'boolean com.efs.sdk.launch.LaunchConfigManager.enableTracer()' on a null object reference
11-03 16:42:21.891 W/System.err( 3590): at com.umeng.umcrash.UMCrash.init(Unknown Source:403)
11-03 16:42:21.892 W/System.err( 3590): at java.lang.reflect.Method.invoke(Native Method)
11-03 16:42:21.892 W/System.err( 3590): at com.umeng.commonsdk.UMConfigure.init(Unknown Source:811)
11-03 16:42:21.892 W/System.err( 3590): at b.f.f.b.a(:4)
11-03 16:42:21.892 W/System.err( 3590): at h.o.a.run(Unknown Source:2)
11-03 16:42:21.892 I/efs.config( 3590): current config version (-1) is older than another (1735614866)
11-03 16:42:21.892 I/efs.config( 3590): load config from storage and notify observer
11-03 16:42:21.920 I/crashsdk( 3590): Catcher mask: 5000, 20480
11-03 16:42:21.921 I/crashsdk( 3590): Catcher thread 3598
11-03 16:42:21.921 D/crashsdk( 3590): Register ANR handler ...
11-03 16:42:21.929 D/CompatibilityChangeReporter( 705): Compat change id reported: 170668199; UID 10043; state: DISABLED
11-03 16:42:21.929 W/ActivityManager( 705): Foreground service started from background can not have location/camera/microphone access: service com.dangbei.screencast/.startup.GuardService
11-03 16:42:21.929 D/CompatibilityChangeReporter( 705): Compat change id reported: 255038118; UID 10043; state: DISABLED
11-03 16:42:21.930 D/CompatibilityChangeReporter( 705): Compat change id reported: 255042465; UID 10043; state: DISABLED
11-03 16:42:21.931 W/ForegroundServiceTypeLoggerModule( 705): Foreground service start for UID: 10043 does not have any types
11-03 16:42:21.932 E/GuardService( 3590): onStartCommand:
11-03 16:42:21.932 E/GuardService( 3590): onStartCommand: cmd:1
11-03 16:42:21.932 E/GuardService( 3590): result:2
11-03 16:42:21.959 I/TDLog ( 3590): TalkingData SDK init...
11-03 16:42:21.959 I/TDLog ( 3590): SDK_VERSION is: Android+TD+V5.0.7 gp Type:Native Build_Num:2141
11-03 16:42:21.959 I/TDLog ( 3590): App ID is: B9D7815EC975466AB1332111FCE62DF5
11-03 16:42:21.959 I/TDLog ( 3590): App Channel is: os
11-03 16:42:21.959 I/TDLog ( 3590): App Custom is:
11-03 16:42:21.959 I/TDLog ( 3590): SDK_OVC is: TDOVC+a3bb7754719798526508b6caad480dd7+SaaS
11-03 16:42:21.965 D/TrafficStats( 3590): tagSocket(137) with statsTag=0xffffffff, statsUid=-1
11-03 16:42:21.982 D/TrafficStats( 3590): tagSocket(136) with statsTag=0xffffffff, statsUid=-1
11-03 16:42:22.010 D/TrafficStats( 3590): tagSocket(141) with statsTag=0xffffffff, statsUid=-1
11-03 16:42:22.017 W/nStackXCoAP( 3130): ParseDeviceJsonData:[149] :Can't find hicom version
11-03 16:42:22.017 D/nStackXCoAP( 3130): IsInSameNetwork:[276] :IsInSameNetwork exec
11-03 16:42:22.017 I/nStackXDFinder( 3130): GetLocalInterfaceDetail:[461] :GetLocalInterfaceDetail in
11-03 16:42:22.017 E/nStackXCoAP( 3130): IsInSameNetwork:[281] :IsInSameNetwork: not priority process
11-03 16:42:22.017 D/nStackXCoAP( 3130): ParseServiceDiscover:[330] :new device join
11-03 16:42:22.017 E/nStackXDFinder( 3130): GetLocalIp:[401] :GetLocalIp exec
11-03 16:42:22.026 W/Router ( 2717): disable lock:org.fourthline.cling.android.AndroidRouter@2d2aa0d_java.util.concurrent.locks.ReentrantReadWriteLock$WriteLock@6908dc2[Unlocked]
11-03 16:42:22.027 I/Router ( 2717): WiFi multicast lock released
11-03 16:42:22.027 I/WifiService( 705): releaseMulticastLock uid=10043
11-03 16:42:22.029 I/Router ( 2717): WiFi lock released
11-03 16:42:22.029 I/WifiService( 705): releaseWifiLock uid=10043
11-03 16:42:22.035 D/WifiHAL ( 493): Setting APF program, halHandle = 0xe9282710
11-03 16:42:22.036 I/WifiHAL ( 493): createRequest: APF set program request
11-03 16:42:22.036 D/WifiHAL ( 493): error code -95 mapped to -3
11-03 16:42:22.036 I/WifiHAL ( 493): Request Response failed for APF, result = -3
11-03 16:42:22.036 E/WifiStaIfaceAidlImpl( 705): installApfPacketFilter failed with service-specific exception: android.os.ServiceSpecificException: (code 4)
11-03 16:42:22.036 D/IpClient.wlan0( 1058): set max DTIM multiplier to 9
11-03 16:42:22.037 D/WifiHAL ( 493): Setting DTIM config , halHandle = 0xe9282710 Multiplier = 9
11-03 16:42:22.037 I/WifiHAL ( 493): Successfully configured dtim multiplier 9
11-03 16:42:22.037 D/WifiHAL ( 493): error code -95 mapped to -3
11-03 16:42:22.038 E/WifiStaIfaceAidlImpl( 705): setDtimMultiplier failed with service-specific exception: android.os.ServiceSpecificException: (code 4)
11-03 16:42:22.041 D/nStackXCoAP( 3130): CoapMessageHandler:[133] :2.01
11-03 16:42:22.042 E/JettyServletContainer( 2717): error:java.net.SocketException: Socket closed
11-03 16:42:22.042 I/JettyServletContainer( 2717): No more connectors, stopping Jetty server
11-03 16:42:22.042 I/JettyServletContainer( 2717): Stopping Jetty server...
11-03 16:42:22.043 W/System.err( 2717): java.net.SocketException: Socket closed
11-03 16:42:22.043 W/System.err( 2717): at java.net.PlainSocketImpl.socketAccept(PlainSocketImpl.java:213)
11-03 16:42:22.043 W/System.err( 2717): at java.net.AbstractPlainSocketImpl.accept(AbstractPlainSocketImpl.java:451)
11-03 16:42:22.043 W/System.err( 2717): at java.net.ServerSocket.implAccept(ServerSocket.java:569)
11-03 16:42:22.043 W/System.err( 2717): at java.net.ServerSocket.accept(ServerSocket.java:537)
11-03 16:42:22.043 W/System.err( 2717): at l.c.a.f.w.a.accept(Unknown Source:2)
11-03 16:42:22.043 W/System.err( 2717): at org.fourthline.cling.transport.impl.jetty.JettyServletContainer$2.accept(Unknown Source:1)
11-03 16:42:22.043 W/System.err( 2717): at l.c.a.f.a$a.run(Unknown Source:113)
11-03 16:42:22.043 W/System.err( 2717): at java.util.concurrent.ThreadPoolExecutor.runWorker(ThreadPoolExecutor.java:1145)
11-03 16:42:22.043 W/System.err( 2717): at java.util.concurrent.ThreadPoolExecutor$Worker.run(ThreadPoolExecutor.java:644)
11-03 16:42:22.043 W/System.err( 2717): at java.lang.Thread.run(Thread.java:1012)
11-03 16:42:22.043 W/System.err( 2717): 2025-11-03 16:42:22.043:INFO:lcaf.p:Graceful shutdown l.c.a.g.d{/upnp,null}
11-03 16:42:22.045 I/efs.base( 2717): wa upload succ, HttpResponse {succ=true, code=200, data='暂不支持该服务', extra={req_url=https://errlog.umeng.com/api/crashsdk/logcollect}}
11-03 16:42:22.054 D/TrafficStats( 2717): tagSocket(142) with statsTag=0xffffffff, statsUid=-1
11-03 16:42:22.093 D/TrafficStats( 3590): tagSocket(137) with statsTag=0xffffffff, statsUid=-1
11-03 16:42:22.156 W/nStackXCoAP( 3130): ParseDeviceJsonData:[149] :Can't find hicom version
11-03 16:42:22.156 D/nStackXCoAP( 3130): IsInSameNetwork:[276] :IsInSameNetwork exec
11-03 16:42:22.156 I/nStackXDFinder( 3130): GetLocalInterfaceDetail:[461] :GetLocalInterfaceDetail in
11-03 16:42:22.156 E/nStackXCoAP( 3130): IsInSameNetwork:[281] :IsInSameNetwork: not priority process
11-03 16:42:22.156 D/nStackXCoAP( 3130): ParseServiceDiscover:[330] :new device join
11-03 16:42:22.156 E/nStackXDFinder( 3130): GetLocalIp:[401] :GetLocalIp exec
11-03 16:42:22.167 D/nStackXCoAP( 3130): CoapMessageHandler:[133] :2.01
11-03 16:42:22.252 I/efs.base( 2717): wa upload succ, HttpResponse {succ=true, code=200, data='暂不支持该服务', extra={req_url=https://errlog.umeng.com/api/crashsdk/logcollect}}
11-03 16:42:22.301 W/nStackXCoAP( 3130): ParseDeviceJsonData:[149] :Can't find hicom version
11-03 16:42:22.301 D/nStackXCoAP( 3130): IsInSameNetwork:[276] :IsInSameNetwork exec
11-03 16:42:22.301 I/nStackXDFinder( 3130): GetLocalInterfaceDetail:[461] :GetLocalInterfaceDetail in
11-03 16:42:22.301 E/nStackXCoAP( 3130): IsInSameNetwork:[281] :IsInSameNetwork: not priority process
11-03 16:42:22.301 D/nStackXCoAP( 3130): ParseServiceDiscover:[330] :new device join
11-03 16:42:22.301 E/nStackXDFinder( 3130): GetLocalIp:[401] :GetLocalIp exec
11-03 16:42:22.302 W/TelephonyPermissions( 705): reportAccessDeniedToReadIdentifiers:com.dangbei.screencast:getSerial:-1
11-03 16:42:22.317 D/nStackXCoAP( 3130): CoapMessageHandler:[133] :2.01
11-03 16:42:22.321 V/NFC ( 3590): this device does not have NFC support
11-03 16:42:22.345 I/adbd ( 1395): type=1400 audit(0.0:1302): avc: denied { write } for path="socket:[34432]" dev="sockfs" ino=34432 scontext=u:r:su:s0 tcontext=u:r:adbd:s0 tclass=unix_stream_socket permissive=1
11-03 16:42:22.345 I/adbd ( 1395): type=1400 audit(0.0:1303): avc: denied { read } for path="socket:[34433]" dev="sockfs" ino=34433 scontext=u:r:su:s0 tcontext=u:r:adbd:s0 tclass=unix_stream_socket permissive=1
11-03 16:42:22.354 W/efs.info.manager( 3590): network change: wifi
11-03 16:42:22.393 I//apex/com.android.adbd/bin/adbd( 1395): type=1400 audit(0.0:1304): avc: denied { search } for comm=75736220666673206F70656E name="/" dev="functionfs" ino=24091 scontext=u:r:su:s0 tcontext=u:object_r:functionfs:s0 tclass=dir permissive=1
11-03 16:42:22.393 I//apex/com.android.adbd/bin/adbd( 1395): type=1400 audit(0.0:1305): avc: denied { read write } for comm=75736220666673206F70656E name="ep0" dev="functionfs" ino=24092 scontext=u:r:su:s0 tcontext=u:object_r:functionfs:s0 tclass=file permissive=1
11-03 16:42:22.393 I//apex/com.android.adbd/bin/adbd( 1395): type=1400 audit(0.0:1306): avc: denied { open } for comm=75736220666673206F70656E path="/dev/usb-ffs/adb/ep0" dev="functionfs" ino=24092 scontext=u:r:su:s0 tcontext=u:object_r:functionfs:s0 tclass=file permissive=1
11-03 16:42:22.443 W/nStackXCoAP( 3130): ParseDeviceJsonData:[149] :Can't find hicom version
11-03 16:42:22.443 D/nStackXCoAP( 3130): IsInSameNetwork:[276] :IsInSameNetwork exec
11-03 16:42:22.443 I/nStackXDFinder( 3130): GetLocalInterfaceDetail:[461] :GetLocalInterfaceDetail in
11-03 16:42:22.443 E/nStackXCoAP( 3130): IsInSameNetwork:[281] :IsInSameNetwork: not priority process
11-03 16:42:22.443 D/nStackXCoAP( 3130): ParseServiceDiscover:[330] :new device join
11-03 16:42:22.443 E/nStackXDFinder( 3130): GetLocalIp:[401] :GetLocalIp exec
11-03 16:42:22.481 D/nStackXCoAP( 3130): CoapMessageHandler:[133] :2.01
11-03 16:42:22.585 W/nStackXCoAP( 3130): ParseDeviceJsonData:[149] :Can't find hicom version
11-03 16:42:22.585 D/nStackXCoAP( 3130): IsInSameNetwork:[276] :IsInSameNetwork exec
11-03 16:42:22.585 I/nStackXDFinder( 3130): GetLocalInterfaceDetail:[461] :GetLocalInterfaceDetail in
11-03 16:42:22.585 E/nStackXCoAP( 3130): IsInSameNetwork:[281] :IsInSameNetwork: not priority process
11-03 16:42:22.585 D/nStackXCoAP( 3130): ParseServiceDiscover:[330] :new device join
11-03 16:42:22.585 E/nStackXDFinder( 3130): GetLocalIp:[401] :GetLocalIp exec
11-03 16:42:22.596 D/nStackXCoAP( 3130): CoapMessageHandler:[133] :2.01
11-03 16:42:22.728 W/nStackXCoAP( 3130): ParseDeviceJsonData:[149] :Can't find hicom version
11-03 16:42:22.728 D/nStackXCoAP( 3130): IsInSameNetwork:[276] :IsInSameNetwork exec
11-03 16:42:22.728 I/nStackXDFinder( 3130): GetLocalInterfaceDetail:[461] :GetLocalInterfaceDetail in
11-03 16:42:22.728 E/nStackXCoAP( 3130): IsInSameNetwork:[281] :IsInSameNetwork: not priority process
11-03 16:42:22.728 D/nStackXCoAP( 3130): ParseServiceDiscover:[330] :new device join
11-03 16:42:22.728 E/nStackXDFinder( 3130): GetLocalIp:[401] :GetLocalIp exec
11-03 16:42:22.745 D/nStackXCoAP( 3130): CoapMessageHandler:[133] :2.01
11-03 16:42:22.870 W/nStackXCoAP( 3130): ParseDeviceJsonData:[149] :Can't find hicom version
11-03 16:42:22.870 D/nStackXCoAP( 3130): IsInSameNetwork:[276] :IsInSameNetwork exec
11-03 16:42:22.870 I/nStackXDFinder( 3130): GetLocalInterfaceDetail:[461] :GetLocalInterfaceDetail in
11-03 16:42:22.870 E/nStackXCoAP( 3130): IsInSameNetwork:[281] :IsInSameNetwork: not priority process
11-03 16:42:22.870 D/nStackXCoAP( 3130): ParseServiceDiscover:[330] :new device join
11-03 16:42:22.870 E/nStackXDFinder( 3130): GetLocalIp:[401] :GetLocalIp exec
11-03 16:42:22.889 D/nStackXCoAP( 3130): CoapMessageHandler:[133] :2.01
11-03 16:42:22.953 I/WifiService( 705): startScan uid=10043
11-03 16:42:22.963 D/InstantWifi( 705): Drop, size: 1
11-03 16:42:22.965 D/WifiNl80211Manager( 705): Scan result ready event
11-03 16:42:22.965 D/WifiNative( 705): Scan result ready event
11-03 16:42:22.968 W/IE_Capabilities( 705): Unknown RSN cipher suite: 6ac0f00
11-03 16:42:22.970 W/IE_Capabilities( 705): Unknown RSN cipher suite: 6ac0f00
11-03 16:42:22.972 D/WificondScannerImpl( 705): Filtering out 32 scan results.
11-03 16:42:22.974 I/WifiHAL ( 493): call wifi_get_link_stats handler
11-03 16:42:22.974 I/WifiHAL ( 493): Creating message to get link statistics; iface = 16
11-03 16:42:22.974 D/WifiHAL ( 493): error code -95 mapped to -3
11-03 16:42:22.975 E/ccc ( 2975): cccccc SCAN_RESULTS_AVAILABLE_ACTION hhhh
11-03 16:42:22.975 E/WifiStaIfaceAidlImpl( 705): getLinkLayerStats failed with service-specific exception: android.os.ServiceSpecificException: (code 4)
11-03 16:42:22.977 E/ccc ( 2975): cccccc result is empty start scan
11-03 16:42:22.977 E/hq ( 1486): NetWorkStateReceiver:::NetWorkStateReceiver onReceive: 网络变化广播 >>>> intent.action=android.net.wifi.SCAN_RESULTS
11-03 16:42:22.977 I/WifiService( 705): startScan uid=1000
11-03 16:42:22.980 W/eventbuscore( 1486): post Event:com.dangbei.leard.base.entity.event.NetWifiRssiEvent
11-03 16:42:22.989 W/ScanResultUtil( 705): Empty or null ScanResult list
11-03 16:42:22.989 W/WifiService( 705): Attempt to retrieve WifiConfiguration with invalid scanResult List
11-03 16:42:22.990 D/InstantWifi( 705): Drop, size: 1
11-03 16:42:22.991 W/ScanResultUtil( 705): Empty or null ScanResult list
11-03 16:42:22.991 E/WifiService( 705): Attempt to retrieve passpoint with invalid scanResult List
11-03 16:42:22.991 W/ScanResultUtil( 705): Empty or null ScanResult list
11-03 16:42:22.991 W/WifiService( 705): Attempt to retrieve OsuProviders with invalid scanResult List
11-03 16:42:23.012 W/nStackXCoAP( 3130): ParseDeviceJsonData:[149] :Can't find hicom version
11-03 16:42:23.012 D/nStackXCoAP( 3130): IsInSameNetwork:[276] :IsInSameNetwork exec
11-03 16:42:23.012 I/nStackXDFinder( 3130): GetLocalInterfaceDetail:[461] :GetLocalInterfaceDetail in
11-03 16:42:23.012 E/nStackXCoAP( 3130): IsInSameNetwork:[281] :IsInSameNetwork: not priority process
11-03 16:42:23.012 D/nStackXCoAP( 3130): ParseServiceDiscover:[330] :new device join
11-03 16:42:23.012 E/nStackXDFinder( 3130): GetLocalIp:[401] :GetLocalIp exec
11-03 16:42:23.044 W/System.err( 2717): 2025-11-03 16:42:23.044:INFO:lcafx.c:stopped l.c.a.g.d{/upnp,null}
11-03 16:42:23.046 W/Router ( 2717): disable unlock:org.fourthline.cling.android.AndroidRouter@2d2aa0d
11-03 16:42:23.046 W/UpnpServiceImpl( 2717): <<< UPnP service shutdown completed
11-03 16:42:23.048 I/UpnpService( 2717): Interrupted protocol 'ReceivingSearch': org.fourthline.cling.transport.RouterException: Interruption while waiting for exclusive access: ReadLock
11-03 16:42:23.048 I/UpnpService( 2717): java.lang.InterruptedException
11-03 16:42:23.048 I/UpnpService( 2717): at java.util.concurrent.locks.AbstractQueuedSynchronizer.tryAcquireSharedNanos(AbstractQueuedSynchronizer.java:1081)
11-03 16:42:23.048 I/UpnpService( 2717): at java.util.concurrent.locks.ReentrantReadWriteLock$ReadLock.tryLock(ReentrantReadWriteLock.java:882)
11-03 16:42:23.048 I/UpnpService( 2717): at org.fourthline.cling.transport.RouterImpl.lock(Unknown Source:41)
11-03 16:42:23.048 I/UpnpService( 2717): at org.fourthline.cling.transport.RouterImpl.lock(Unknown Source:4)
11-03 16:42:23.048 I/UpnpService( 2717): at org.fourthline.cling.transport.RouterImpl.getActiveStreamServers(Unknown Source:2)
11-03 16:42:23.048 I/UpnpService( 2717): at org.fourthline.cling.protocol.async.ReceivingSearch.execute(Unknown Source:91)
11-03 16:42:23.048 I/UpnpService( 2717): at org.fourthline.cling.protocol.ReceivingAsync.run(Unknown Source:34)
11-03 16:42:23.048 I/UpnpService( 2717): at java.util.concurrent.ThreadPoolExecutor.runWorker(ThreadPoolExecutor.java:1145)
11-03 16:42:23.048 I/UpnpService( 2717): at java.util.concurrent.ThreadPoolExecutor$Worker.run(ThreadPoolExecutor.java:644)
11-03 16:42:23.048 I/UpnpService( 2717): at java.lang.Thread.run(Thread.java:1012)
11-03 16:42:23.050 I/UpnpService( 2717): Interrupted protocol 'ReceivingSearch': org.fourthline.cling.transport.RouterException: Interruption while waiting for exclusive access: ReadLock
11-03 16:42:23.050 I/UpnpService( 2717): java.lang.InterruptedException
11-03 16:42:23.050 I/UpnpService( 2717): at java.util.concurrent.locks.AbstractQueuedSynchronizer.tryAcquireSharedNanos(AbstractQueuedSynchronizer.java:1081)
11-03 16:42:23.050 I/UpnpService( 2717): at java.util.concurrent.locks.ReentrantReadWriteLock$ReadLock.tryLock(ReentrantReadWriteLock.java:882)
11-03 16:42:23.050 I/UpnpService( 2717): at org.fourthline.cling.transport.RouterImpl.lock(Unknown Source:41)
11-03 16:42:23.050 I/UpnpService( 2717): at org.fourthline.cling.transport.RouterImpl.lock(Unknown Source:4)
11-03 16:42:23.050 I/UpnpService( 2717): at org.fourthline.cling.transport.RouterImpl.getActiveStreamServers(Unknown Source:2)
11-03 16:42:23.050 I/UpnpService( 2717): at org.fourthline.cling.protocol.async.ReceivingSearch.execute(Unknown Source:91)
11-03 16:42:23.050 I/UpnpService( 2717): at org.fourthline.cling.protocol.ReceivingAsync.run(Unknown Source:34)
11-03 16:42:23.050 I/UpnpService( 2717): at java.util.concurrent.ThreadPoolExecutor.runWorker(ThreadPoolExecutor.java:1145)
11-03 16:42:23.050 I/UpnpService( 2717): at java.util.concurrent.ThreadPoolExecutor$Worker.run(ThreadPoolExecutor.java:644)
11-03 16:42:23.050 I/UpnpService( 2717): at java.lang.Thread.run(Thread.java:1012)
11-03 16:42:23.072 D/nStackXCoAP( 3130): CoapMessageHandler:[133] :2.01
11-03 16:42:23.161 W/nStackXCoAP( 3130): ParseDeviceJsonData:[149] :Can't find hicom version
11-03 16:42:23.161 D/nStackXCoAP( 3130): IsInSameNetwork:[276] :IsInSameNetwork exec
11-03 16:42:23.161 I/nStackXDFinder( 3130): GetLocalInterfaceDetail:[461] :GetLocalInterfaceDetail in
11-03 16:42:23.161 E/nStackXCoAP( 3130): IsInSameNetwork:[281] :IsInSameNetwork: not priority process
11-03 16:42:23.161 D/nStackXCoAP( 3130): ParseServiceDiscover:[330] :new device join
11-03 16:42:23.161 E/nStackXDFinder( 3130): GetLocalIp:[401] :GetLocalIp exec
11-03 16:42:23.167 D/nStackXCoAP( 3130): CoapMessageHandler:[133] :2.01
11-03 16:42:23.261 E/audio_hw_hal_alsamgr( 469): aml_alsa_output_get_delayframe:759, pcm_ioctl fail, ret:0xffffffff, error info:Broken pipe
11-03 16:42:23.261 I/audio_hw_hal_alsamgr( 469): aml_alsa_output_write alsa_running_status[0xe4582950] change from 1 to 0
11-03 16:42:23.265 W/audio_hw_hal_alsamgr( 469): [aml_alsa_output_write_new:1148] format =0x24000000 alsa underrun
11-03 16:42:23.284 I/audio_hw_hal_ms12v2( 469): dolby_ms12_threadloop alsa is not running
11-03 16:42:23.290 I/audio_hw_hal_ms12v2( 469): dolby_ms12_threadloop alsa is not running
11-03 16:42:23.290 I/audio_hw_hal_alsamgr( 469): aml_alsa_output_write alsa_running_status[0xe4582950] change from 0 to 1
11-03 16:42:23.317 W/nStackXCoAP( 3130): ParseDeviceJsonData:[149] :Can't find hicom version
11-03 16:42:23.317 D/nStackXCoAP( 3130): IsInSameNetwork:[276] :IsInSameNetwork exec
11-03 16:42:23.317 I/nStackXDFinder( 3130): GetLocalInterfaceDetail:[461] :GetLocalInterfaceDetail in
11-03 16:42:23.317 E/nStackXCoAP( 3130): IsInSameNetwork:[281] :IsInSameNetwork: not priority process
11-03 16:42:23.317 D/nStackXCoAP( 3130): ParseServiceDiscover:[330] :new device join
11-03 16:42:23.318 E/nStackXDFinder( 3130): GetLocalIp:[401] :GetLocalIp exec
11-03 16:42:23.516 I/WifiHAL ( 493): call wifi_get_link_stats handler
11-03 16:42:23.517 I/WifiHAL ( 493): Creating message to get link statistics; iface = 16
11-03 16:42:23.517 D/WifiHAL ( 493): error code -95 mapped to -3
11-03 16:42:23.517 E/WifiStaIfaceAidlImpl( 705): getLinkLayerStats failed with service-specific exception: android.os.ServiceSpecificException: (code 4)
11-03 16:42:23.544 D/nStackXCoAP( 3130): CoapMessageHandler:[133] :2.01
11-03 16:42:23.630 W/nStackXCoAP( 3130): ParseDeviceJsonData:[149] :Can't find hicom version
11-03 16:42:23.630 D/nStackXCoAP( 3130): IsInSameNetwork:[276] :IsInSameNetwork exec
11-03 16:42:23.630 I/nStackXDFinder( 3130): GetLocalInterfaceDetail:[461] :GetLocalInterfaceDetail in
