10-30 10:40:16.342 D/ActivityManagerTiming( 705): OnBootPhase_1000_com.android.server.timezonedetector.location.LocationTimeZoneManagerService$Lifecycle
10-30 10:40:16.342 D/ActivityManagerTiming( 705): OnBootPhase_1000_com.android.server.search.SearchManagerService$Lifecycle
10-30 10:40:16.342 D/ActivityManagerTiming( 705): OnBootPhase_1000_com.android.server.wallpaper.WallpaperManagerService$Lifecycle
10-30 10:40:16.343 D/ActivityManagerTiming( 705): OnBootPhase_1000_com.android.server.wallpapereffectsgeneration.WallpaperEffectsGenerationManagerService
10-30 10:40:16.343 D/ActivityManagerTiming( 705): OnBootPhase_1000_com.android.server.audio.AudioService$Lifecycle
10-30 10:40:16.343 D/ActivityManagerTiming( 705): OnBootPhase_1000_com.android.server.soundtrigger_middleware.SoundTriggerMiddlewareService$Lifecycle
10-30 10:40:16.343 D/ActivityManagerTiming( 705): OnBootPhase_1000_com.android.server.adb.AdbService$Lifecycle
10-30 10:40:16.344 D/ActivityManagerTiming( 705): OnBootPhase_1000_com.android.server.usb.UsbService$Lifecycle
10-30 10:40:16.345 D/ActivityManagerTiming( 705): OnBootPhase_1000_com.android.server.twilight.TwilightService
10-30 10:40:16.350 I/UsbDeviceManager( 705): Setting USB config to
10-30 10:40:16.350 D/ActivityManagerTiming( 705): OnBootPhase_1000_com.android.server.display.color.ColorDisplayService
10-30 10:40:16.350 D/ActivityManagerTiming( 705): OnBootPhase_1000_com.android.server.job.JobSchedulerService
10-30 10:40:16.350 D/ActivityManagerTiming( 705): OnBootPhase_1000_com.android.server.soundtrigger.SoundTriggerService
10-30 10:40:16.350 D/UsbDeviceManager( 705): setUsbConfig(4) request:1
10-30 10:40:16.350 D/SoundTriggerService( 705): onBootPhase: 1000 : false
10-30 10:40:16.351 D/ActivityManagerTiming( 705): OnBootPhase_1000_com.android.server.trust.TrustManagerService
10-30 10:40:16.351 D/ActivityManagerTiming( 705): OnBootPhase_1000_com.android.server.backup.BackupManagerService$Lifecycle
10-30 10:40:16.351 D/ActivityManagerTiming( 705): OnBootPhase_1000_com.android.server.appwidget.AppWidgetService
10-30 10:40:16.351 D/ActivityManagerTiming( 705): OnBootPhase_1000_com.android.server.voiceinteraction.VoiceInteractionManagerService
10-30 10:40:16.351 D/ActivityManagerTiming( 705): OnBootPhase_1000_com.android.server.GestureLauncherService
10-30 10:40:16.351 D/ActivityManagerTiming( 705): OnBootPhase_1000_com.android.server.SensorNotificationService
10-30 10:40:16.353 D/CompatibilityChangeReporter( 705): Compat change id reported: 168936375; UID 1000; state: ENABLED
10-30 10:40:16.354 D/CompatibilityChangeReporter( 705): Compat change id reported: 168936375; UID 1000; state: DISABLED
10-30 10:40:16.365 D/CompatibilityChangeReporter( 705): Compat change id reported: 73144566; UID 1000; state: ENABLED
10-30 10:40:16.365 D/CompatibilityChangeReporter( 705): Compat change id reported: 73144566; UID 1000; state: DISABLED
10-30 10:40:16.371 D/ActivityManagerTiming( 705): OnBootPhase_1000_com.android.server.emergency.EmergencyAffordanceService
10-30 10:40:16.371 D/ActivityManagerTiming( 705): OnBootPhase_1000_com.android.server.blob.BlobStoreManagerService
10-30 10:40:16.385 D/ActivityManagerTiming( 705): OnBootPhase_1000_com.android.server.dreams.DreamManagerService
10-30 10:40:16.385 D/ActivityManagerTiming( 705): OnBootPhase_1000_com.android.server.security.AttestationVerificationManagerService
10-30 10:40:16.385 D/ActivityManagerTiming( 705): OnBootPhase_1000_com.android.server.restrictions.RestrictionsManagerService
10-30 10:40:16.385 D/ActivityManagerTiming( 705): OnBootPhase_1000_com.android.server.media.MediaSessionService
10-30 10:40:16.386 D/ActivityManagerTiming( 705): OnBootPhase_1000_com.android.server.hdmi.HdmiControlService
10-30 10:40:16.387 D/ActivityManagerTiming( 705): OnBootPhase_1000_com.android.server.tv.interactive.TvInteractiveAppManagerService
10-30 10:40:16.387 D/ActivityManagerTiming( 705): OnBootPhase_1000_com.android.server.tv.TvInputManagerService
10-30 10:40:16.387 D/ActivityManagerTiming( 705): OnBootPhase_1000_com.android.server.media.MediaResourceMonitorService
10-30 10:40:16.387 D/ActivityManagerTiming( 705): OnBootPhase_1000_com.android.server.tv.TvRemoteService
10-30 10:40:16.387 D/ActivityManagerTiming( 705): OnBootPhase_1000_com.android.server.biometrics.BiometricService
10-30 10:40:16.387 D/ActivityManagerTiming( 705): OnBootPhase_1000_com.android.server.biometrics.AuthService
10-30 10:40:16.387 D/ActivityManagerTiming( 705): OnBootPhase_1000_com.android.server.pm.ShortcutService$Lifecycle
10-30 10:40:16.387 D/ActivityManagerTiming( 705): OnBootPhase_1000_com.android.server.pm.LauncherAppsService
10-30 10:40:16.387 D/ActivityManagerTiming( 705): OnBootPhase_1000_com.android.server.pm.CrossProfileAppsService
10-30 10:40:16.387 D/ActivityManagerTiming( 705): OnBootPhase_1000_com.android.server.people.PeopleService
10-30 10:40:16.387 D/ActivityManagerTiming( 705): OnBootPhase_1000_com.android.server.media.metrics.MediaMetricsManagerService
10-30 10:40:16.387 D/ActivityManagerTiming( 705): OnBootPhase_1000_com.android.server.pm.BackgroundInstallControlService
10-30 10:40:16.387 D/ActivityManagerTiming( 705): OnBootPhase_1000_com.android.server.media.projection.MediaProjectionManagerService
10-30 10:40:16.387 D/ActivityManagerTiming( 705): OnBootPhase_1000_com.android.server.slice.SliceManagerService$Lifecycle
10-30 10:40:16.387 D/ActivityManagerTiming( 705): OnBootPhase_1000_com.android.server.stats.StatsCompanion$Lifecycle
10-30 10:40:16.389 D/ActivityManagerTiming( 705): OnBootPhase_1000_com.android.server.scheduling.RebootReadinessManagerService$Lifecycle
10-30 10:40:16.389 D/ActivityManagerTiming( 705): OnBootPhase_1000_com.android.server.stats.pull.StatsPullAtomService
10-30 10:40:16.389 D/ActivityManagerTiming( 705): OnBootPhase_1000_com.android.server.stats.bootstrap.StatsBootstrapAtomService$Lifecycle
10-30 10:40:16.389 D/ActivityManagerTiming( 705): OnBootPhase_1000_com.android.server.incident.IncidentCompanionService
10-30 10:40:16.390 D/ActivityManagerTiming( 705): OnBootPhase_1000_com.android.server.sdksandbox.SdkSandboxManagerService$Lifecycle
10-30 10:40:16.390 D/ActivityManagerTiming( 705): OnBootPhase_1000_com.android.server.adservices.AdServicesManagerService$Lifecycle
10-30 10:40:16.390 D/ActivityManagerTiming( 705): OnBootPhase_1000_com.android.server.ondevicepersonalization.OnDevicePersonalizationSystemService$Lifecycle
10-30 10:40:16.390 D/ActivityManagerTiming( 705): OnBootPhase_1000_com.android.server.autofill.AutofillManagerService
10-30 10:40:16.390 D/ActivityManagerTiming( 705): OnBootPhase_1000_com.android.server.clipboard.ClipboardService
10-30 10:40:16.390 D/ActivityManagerTiming( 705): OnBootPhase_1000_com.android.server.appbinding.AppBindingService$Lifecycle
10-30 10:40:16.390 D/ActivityManagerTiming( 705): OnBootPhase_1000_com.android.server.tracing.TracingServiceProxy
10-30 10:40:16.390 D/ActivityManagerTiming( 705): OnBootPhase_1000_com.android.server.policy.PermissionPolicyService
10-30 10:40:16.390 D/ActivityManagerTiming( 705): OnBootPhase_1000_com.android.server.pm.StagingManager$Lifecycle
10-30 10:40:16.393 D/ActivityManagerTiming( 705): OnBootPhase_1000_com.android.server.app.GameManagerService$Lifecycle
10-30 10:40:16.393 D/GameManagerService( 705): onBootCompleted
10-30 10:40:16.393 V/GameManagerService( 705): Game loading power mode OFF (game manager service start/restart)
10-30 10:40:16.396 V/GameManagerService( 705): Game power mode OFF (game manager service start/restart)
10-30 10:40:16.398 D/ActivityManagerTiming( 705): OnBootPhase_1000_com.android.safetycenter.SafetyCenterService
10-30 10:40:16.398 D/ActivityManagerTiming( 705): OnBootPhase_1000_com.android.server.appsearch.AppSearchModule$Lifecycle
10-30 10:40:16.398 D/ActivityManagerTiming( 705): OnBootPhase_1000_com.android.server.media.MediaCommunicationService
10-30 10:40:16.398 D/ActivityManagerTiming( 705): OnBootPhase_1000_com.android.server.compat.overrides.AppCompatOverridesService$Lifecycle
10-30 10:40:16.398 D/ActivityManagerTiming( 705): OnBootPhase_1000_com.android.server.healthconnect.HealthConnectManagerService
10-30 10:40:16.398 D/ActivityManagerTiming( 705): OnBootPhase_1000_com.android.server.devicelock.DeviceLockService
10-30 10:40:16.398 D/DeviceLockService( 705): onBootPhase: 1000
10-30 10:40:16.398 V/ActivityManagerTiming( 705): TotalBootTime took to complete: 10596ms
10-30 10:40:16.398 D/SystemServerInitThreadPool( 705): Shutdown requested
10-30 10:40:16.399 D/SystemServerTiming( 705): WaitInitThreadPoolShutdown
10-30 10:40:16.404 D/SystemServerInitThreadPool( 705): Shutdown successful
10-30 10:40:16.411 I/ActivityManager( 705): User 0 state changed from BOOTING to RUNNING_LOCKED
10-30 10:40:16.415 I/LockSettingsService( 705): Unwrapping synthetic password for unsecured user 0
10-30 10:40:16.445 D/vold ( 260): fscrypt_unlock_user_key 0 serial=0
10-30 10:40:16.445 D/vold ( 260): Trying user CE key /data/misc/vold/user_keys/ce/0/current
10-30 10:40:16.448 D/vold ( 260): Successfully retrieved key
10-30 10:40:16.448 D/vold ( 260): Installed fscrypt key with ref a3ce190e14ddb545222dd2e4ad4a77ea to /data
10-30 10:40:16.448 D/vold ( 260): Added fscrypt-provisioning key for a3ce190e14ddb545222dd2e4ad4a77ea to session keyring
10-30 10:40:16.448 D/vold ( 260): Installed ce key for user 0
10-30 10:40:16.451 I/LockSettingsService( 705): Unlocked CE storage for unsecured user 0
10-30 10:40:16.451 D/SystemServerTiming( 705): finishUserUnlocking-0
10-30 10:40:16.451 D/ActivityManager( 705): Started unlocking user 0
10-30 10:40:16.451 D/ActivityManager( 705): Unlocking user 0 progress 0
10-30 10:40:16.451 D/ActivityManager( 705): Unlocking user 0 progress 5
10-30 10:40:16.455 D/SystemServerTiming( 705): UM.onBeforeUnlockUser-0
10-30 10:40:16.456 D/SystemServerTiming( 705): prepareUserData-0
10-30 10:40:16.456 D/vold ( 260): fscrypt_prepare_user_storage for volume null, user 0, serial 0, flags 2
10-30 10:40:16.456 D/vold ( 260): Preparing: /data/system_ce/0
10-30 10:40:16.457 I/vold ( 260): Verified that /data/system_ce/0 has the encryption policy a3ce190e14ddb545222dd2e4ad4a77ea v2 modes 1/4 flags 0xa
10-30 10:40:16.457 D/vold ( 260): Preparing: /data/vendor_ce/0
10-30 10:40:16.458 I/vold ( 260): Verified that /data/vendor_ce/0 has the encryption policy a3ce190e14ddb545222dd2e4ad4a77ea v2 modes 1/4 flags 0xa
10-30 10:40:16.458 D/vold ( 260): Preparing: /data/media/0
10-30 10:40:16.461 I/vold ( 260): Verified that /data/media/0 has the encryption policy a3ce190e14ddb545222dd2e4ad4a77ea v2 modes 1/4 flags 0xa
10-30 10:40:16.462 D/vold ( 260): Preparing: /data/misc_ce/0
10-30 10:40:16.463 I/vold ( 260): Verified that /data/misc_ce/0 has the encryption policy a3ce190e14ddb545222dd2e4ad4a77ea v2 modes 1/4 flags 0xa
10-30 10:40:16.463 D/vold ( 260): Preparing: /data/user/0
10-30 10:40:16.463 I/vold ( 260): Verified that /data/user/0 has the encryption policy a3ce190e14ddb545222dd2e4ad4a77ea v2 modes 1/4 flags 0xa
10-30 10:40:16.463 D/vold ( 260): Starting restorecon of /data/system_ce/0
10-30 10:40:16.471 V/WindowManager( 705): app ------------- force_land :0
10-30 10:40:16.472 D/vold ( 260): Finished restorecon of /data/system_ce/0
10-30 10:40:16.472 D/vold ( 260): Starting restorecon of /data/vendor_ce/0
10-30 10:40:16.476 V/WindowManager( 705): app ------------- force_land :0
10-30 10:40:16.477 D/ColorDisplayService( 705): setUp: currentUser=0
10-30 10:40:16.477 D/vold ( 260): Finished restorecon of /data/vendor_ce/0
10-30 10:40:16.477 D/vold ( 260): Starting restorecon of /data/misc_ce/0
10-30 10:40:16.482 D/vold ( 260): Finished restorecon of /data/misc_ce/0
10-30 10:40:16.482 D/vold ( 260): /system/bin/vold_prepare_subdirs
10-30 10:40:16.482 D/vold ( 260): prepare
10-30 10:40:16.482 D/vold ( 260):
10-30 10:40:16.482 D/vold ( 260): 0
10-30 10:40:16.482 D/vold ( 260): 2
10-30 10:40:16.496 I/ActivityManager( 705): com.android.devicelockcontroller is exempt from freezer
10-30 10:40:16.497 D/CompatibilityChangeReporter( 705): Compat change id reported: 135634846; UID 10068; state: DISABLED
10-30 10:40:16.497 D/CompatibilityChangeReporter( 705): Compat change id reported: 177438394; UID 10068; state: DISABLED
10-30 10:40:16.497 D/CompatibilityChangeReporter( 705): Compat change id reported: 135772972; UID 10068; state: DISABLED
10-30 10:40:16.498 D/CompatibilityChangeReporter( 705): Compat change id reported: 135754954; UID 10068; state: ENABLED
10-30 10:40:16.498 D/CompatibilityChangeReporter( 705): Compat change id reported: 143937733; UID 10068; state: ENABLED
10-30 10:40:16.540 W/Looper ( 705): Slow dispatch took 318ms main h=android.app.ActivityThread$H c=android.app.LoadedApk$ReceiverDispatcher$Args$$ExternalSyntheticLambda0@39dceb9 m=0
10-30 10:40:16.545 D/HdmiControlService( 705): Switching to full volume behavior
10-30 10:40:16.547 D/CompatibilityChangeReporter( 705): Compat change id reported: 197654537; UID 1000; state: ENABLED
10-30 10:40:16.549 D/HdmiControlService( 705): Switching to full volume behavior
10-30 10:40:16.551 D/CompatibilityChangeReporter( 705): Compat change id reported: 161145287; UID 1000; state: ENABLED
10-30 10:40:16.552 D/CompatibilityChangeReporter( 705): Compat change id reported: 161145287; UID 1000; state: DISABLED
10-30 10:40:16.558 I/PackageWatchdog( 705): Syncing health check requests for packages: {}
10-30 10:40:16.558 D/ExplicitHealthCheckController( 705): Getting health check supported packages
10-30 10:40:16.563 I/AutofillManagerService( 705): Updating for user 0: disabled=false
10-30 10:40:16.566 I/ExplicitHealthCheckController( 705): Explicit health check supported packages [PackageConfig{com.android.networkstack, 86400000}]
10-30 10:40:16.567 D/PackageWatchdog( 705): Received supported packages [PackageConfig{com.android.networkstack, 86400000}]
10-30 10:40:16.567 D/ExplicitHealthCheckController( 705): Getting health check requested packages
10-30 10:40:16.569 W/ActivityManager( 705): Slow operation: 73ms so far, now at startProcess: returned from zygote!
10-30 10:40:16.571 I/ExplicitHealthCheckController( 705): Explicit health check requested packages []
10-30 10:40:16.571 I/ExplicitHealthCheckController( 705): No more health check requests, unbinding...
10-30 10:40:16.572 W/ActivityManager( 705): Slow operation: 76ms so far, now at startProcess: done updating battery stats
10-30 10:40:16.572 W/ActivityManager( 705): Slow operation: 76ms so far, now at startProcess: building log message
10-30 10:40:16.572 I/ActivityManager( 705): Start proc 1380:com.android.devicelockcontroller/u0a68 for broadcast {com.android.devicelockcontroller/com.android.devicelockcontroller.receivers.LockedBootCompletedReceiver}
10-30 10:40:16.572 W/ActivityManager( 705): Slow operation: 76ms so far, now at startProcess: starting to update pids map
10-30 10:40:16.572 W/ActivityManager( 705): Slow operation: 76ms so far, now at startProcess: done updating pids map
10-30 10:40:16.573 D/CompatibilityChangeReporter( 705): Compat change id reported: 261072174; UID 1000; state: ENABLED
10-30 10:40:16.575 I/ExplicitHealthCheckController( 705): Explicit health check service is unbound
10-30 10:40:16.578 V/NotificationAssistants( 705): 0 notification assistant service connected: ComponentInfo{android.ext.services/android.ext.services.notification.Assistant}
10-30 10:40:16.580 D/HDMI ( 705): [R]: 0F:87:00:EC:0A
10-30 10:40:16.583 D/HDMI ( 705): [R]: 54:7E:01
10-30 10:40:16.640 D/CompatibilityChangeReporter( 705): Compat change id reported: 168419799; UID 10068; state: DISABLED
10-30 10:40:16.640 D/CompatibilityChangeReporter( 705): Compat change id reported: 273564678; UID 10068; state: DISABLED
10-30 10:40:16.646 D/CompatibilityChangeReporter( 705): Compat change id reported: 265195908; UID 10068; state: ENABLED
10-30 10:40:16.654 D/CompatibilityChangeReporter( 705): Compat change id reported: 170503758; UID 10068; state: ENABLED
10-30 10:40:16.696 W/Looper ( 705): Slow dispatch took 111ms main h=android.app.ActivityThread$H c=android.app.LoadedApk$ReceiverDispatcher$Args$$ExternalSyntheticLambda0@a3eac6a m=0
10-30 10:40:16.701 D/HDMI ( 705): [R]: 04:8C
10-30 10:40:16.705 I/HDMI ( 705): screen state is changing to 0
10-30 10:40:16.707 D/HDMI ( 705): [R]: 04:90:00
10-30 10:40:16.713 D/HDMI ( 705): queryDisplayStatus status=0
10-30 10:40:16.717 D/AudioService( 705): onStatusChange cecEnabled:true available:true
10-30 10:40:16.719 D/HDMI ( 705): queryDisplayStatus status=0
10-30 10:40:16.720 D/AudioService( 705): onStatusChange cecEnabled:true available:true
10-30 10:40:16.721 I/HdmiControlService( 705): bootCompleted
10-30 10:40:16.732 D/HdmiControlService( 705): Switching to full volume behavior
10-30 10:40:16.733 W/Looper ( 705): Drained
10-30 10:40:16.801 W/BroadcastLoopers( 705): Found previously unknown looper Thread[BluetoothManagerService,5,main]
10-30 10:40:16.845 D/HDMI ( 705): [S]: 40:8F
10-30 10:40:16.931 W/NotificationHistory( 705): Attempted to add notif for locked/gone/disabled user 0
10-30 10:40:16.935 V/UserDataPreparer( 705): Found /data/user/0 with serial number 0
10-30 10:40:16.935 V/UserDataPreparer( 705): Found /data/system_ce/0 with serial number 0
10-30 10:40:16.936 D/UserDataPreparer( 705): Setting property: sys.user.0.ce_available=true
10-30 10:40:16.937 D/SystemServerTiming( 705): reconcileAppsData-0
10-30 10:40:16.937 V/PackageManager( 705): reconcileAppsData for null u0 0x2 migrateAppData=false
10-30 10:40:16.942 W/PackageManager( 705): Skipping preparing app data for com.android.configinfrastructure
10-30 10:40:16.944 W/PackageManager( 705): Skipping preparing app data for com.android.appsearch
10-30 10:40:16.944 W/PackageManager( 705): Skipping preparing app data for com.android.adservices
10-30 10:40:16.945 W/PackageManager( 705): Skipping preparing app data for com.android.scheduling
10-30 10:40:16.945 W/PackageManager( 705): Skipping preparing app data for com.google.android.widevine.nonupdatable
10-30 10:40:16.945 W/PackageManager( 705): Skipping preparing app data for com.android.permission
10-30 10:40:16.946 W/PackageManager( 705): Skipping preparing app data for com.android.art
10-30 10:40:16.946 W/PackageManager( 705): Skipping preparing app data for com.android.uwb
10-30 10:40:16.946 W/PackageManager( 705): Skipping preparing app data for com.android.tethering
10-30 10:40:16.947 W/PackageManager( 705): Skipping preparing app data for com.android.btservices
10-30 10:40:16.947 W/PackageManager( 705): Skipping preparing app data for com.android.media.swcodec
10-30 10:40:16.947 W/PackageManager( 705): Skipping preparing app data for com.android.conscrypt
10-30 10:40:16.948 W/PackageManager( 705): Skipping preparing app data for com.android.adbd
10-30 10:40:16.948 W/PackageManager( 705): Skipping preparing app data for com.android.i18n
10-30 10:40:16.948 W/PackageManager( 705): Skipping preparing app data for com.android.rkpd
10-30 10:40:16.948 W/PackageManager( 705): Skipping preparing app data for com.android.virt
10-30 10:40:16.948 W/PackageManager( 705): Skipping preparing app data for com.android.wifi
10-30 10:40:16.949 W/PackageManager( 705): Skipping preparing app data for com.android.runtime
10-30 10:40:16.949 W/PackageManager( 705): Skipping preparing app data for com.android.devicelock
10-30 10:40:16.950 W/PackageManager( 705): Skipping preparing app data for com.android.apex.cts.shim
10-30 10:40:16.950 W/PackageManager( 705): Skipping preparing app data for com.android.neuralnetworks
10-30 10:40:16.950 W/PackageManager( 705): Skipping preparing app data for com.android.healthfitness
10-30 10:40:16.951 W/PackageManager( 705): Skipping preparing app data for com.android.resolv
10-30 10:40:16.951 W/PackageManager( 705): Skipping preparing app data for com.android.sdkext
10-30 10:40:16.951 W/PackageManager( 705): Skipping preparing app data for com.android.tzdata
10-30 10:40:16.951 W/PackageManager( 705): Skipping preparing app data for com.android.vndk.v34
10-30 10:40:16.951 W/PackageManager( 705): Skipping preparing app data for com.android.os.statsd
10-30 10:40:16.951 W/PackageManager( 705): Skipping preparing app data for com.android.extservices
10-30 10:40:16.951 W/PackageManager( 705): Skipping preparing app data for com.amlogic.mediaextractor
10-30 10:40:16.952 W/PackageManager( 705): Skipping preparing app data for com.android.ipsec
10-30 10:40:16.952 W/PackageManager( 705): Skipping preparing app data for com.android.media
10-30 10:40:16.953 W/PackageManager( 705): Skipping preparing app data for com.android.sdksandbox
10-30 10:40:16.954 W/PackageManager( 705): Skipping preparing app data for com.android.mediaprovider
10-30 10:40:16.954 W/PackageManager( 705): Skipping preparing app data for com.android.ondevicepersonalization
10-30 10:40:16.967 I/DeviceLockControllerApplication( 1380): onCreate
10-30 10:40:16.981 I/DeviceStateControllerImpl( 1380): Starting state is 0
10-30 10:40:16.986 I/UserRestrictionsPolicyHandler( 1380): Build type DEBUG = false
10-30 10:40:17.047 I/DlcClient( 1380): Binding com.android.devicelockcontroller/.storage.SetupParametersService
10-30 10:40:17.053 D/CompatibilityChangeReporter( 705): Compat change id reported: 261072174; UID 10068; state: ENABLED
10-30 10:40:17.084 D/HDMI ( 705): [S]: 4F:87:1C:A4:10
10-30 10:40:17.139 I/DeviceLockControllerApplication( 1380): Policies enforced
10-30 10:40:17.466 V/PackageManager( 705): reconcileAppsData finished 157 packages
10-30 10:40:17.466 I/ActivityManager( 705): User 0 state changed from RUNNING_LOCKED to RUNNING_UNLOCKING
10-30 10:40:17.468 D/ActivityManager( 705): Unlocking user 0 progress 20
10-30 10:40:17.469 W/Looper ( 705): Slow dispatch took 1014ms android.fg h=android.os.Handler c=com.android.server.am.UserController$$ExternalSyntheticLambda2@30fdd76 m=0
10-30 10:40:17.469 W/Looper ( 705): Slow delivery took 1015ms android.fg h=android.os.Handler c=com.android.server.am.UserController$$ExternalSyntheticLambda9@27f6f77 m=0
10-30 10:40:17.469 D/SystemServerTimingAsync( 705): ssm.UnlockingUser-0
10-30 10:40:17.469 I/SystemServiceManager( 705): Calling onUnlockingUser 0
10-30 10:40:17.469 D/SystemServerTimingAsync( 705): ssm.onUnlockingUser-0_com.android.server.security.FileIntegrityService
10-30 10:40:17.469 D/SystemServerTimingAsync( 705): ssm.onUnlockingUser-0_com.android.server.pm.Installer
10-30 10:40:17.469 D/SystemServerTimingAsync( 705): ssm.onUnlockingUser-0_com.android.server.os.DeviceIdentifiersPolicyService
10-30 10:40:17.469 D/SystemServerTimingAsync( 705): ssm.onUnlockingUser-0_com.android.server.flags.FeatureFlagsService
10-30 10:40:17.469 D/SystemServerTimingAsync( 705): ssm.onUnlockingUser-0_com.android.server.uri.UriGrantsManagerService$Lifecycle
10-30 10:40:17.469 D/SystemServerTimingAsync( 705): ssm.onUnlockingUser-0_com.android.server.powerstats.PowerStatsService
10-30 10:40:17.469 D/SystemServerTimingAsync( 705): ssm.onUnlockingUser-0_com.android.server.permission.access.AccessCheckingService
10-30 10:40:17.469 D/SystemServerTimingAsync( 705): ssm.onUnlockingUser-0_com.android.server.wm.ActivityTaskManagerService$Lifecycle
10-30 10:40:17.469 D/SystemServerTimingAsync( 705): ssm.onUnlockingUser-0_com.android.server.am.ActivityManagerService$Lifecycle
10-30 10:40:17.469 D/SystemServerTimingAsync( 705): ssm.onUnlockingUser-0_com.android.server.pm.DataLoaderManagerService
10-30 10:40:17.469 D/SystemServerTimingAsync( 705): ssm.onUnlockingUser-0_com.android.server.power.PowerManagerService
10-30 10:40:17.469 D/SystemServerTimingAsync( 705): ssm.onUnlockingUser-0_com.android.server.power.ThermalManagerService
10-30 10:40:17.469 D/SystemServerTimingAsync( 705): ssm.onUnlockingUser-0_com.android.server.power.hint.HintManagerService
10-30 10:40:17.469 D/SystemServerTimingAsync( 705): ssm.onUnlockingUser-0_com.android.server.recoverysystem.RecoverySystemService$Lifecycle
10-30 10:40:17.469 D/SystemServerTimingAsync( 705): ssm.onUnlockingUser-0_com.android.server.lights.LightsService
10-30 10:40:17.469 D/SystemServerTimingAsync( 705): ssm.onUnlockingUser-0_com.android.server.display.DisplayManagerService
10-30 10:40:17.469 D/SystemServerTimingAsync( 705): ssm.onUnlockingUser-0_com.android.server.pm.verify.domain.DomainVerificationService
10-30 10:40:17.469 D/SystemServerTimingAsync( 705): ssm.onUnlockingUser-0_com.android.server.pm.PackageInstallerService$Lifecycle
10-30 10:40:17.469 D/SystemServerTimingAsync( 705): ssm.onUnlockingUser-0_com.android.server.pm.UserManagerService$LifeCycle
10-30 10:40:17.470 D/SystemServerTimingAsync( 705): ssm.onUnlockingUser-0_com.android.server.om.OverlayManagerService
10-30 10:40:17.470 D/SystemServerTimingAsync( 705): ssm.onUnlockingUser-0_com.android.server.resources.ResourcesManagerService
10-30 10:40:17.470 D/SystemServerTimingAsync( 705): ssm.onUnlockingUser-0_com.android.server.sensorprivacy.SensorPrivacyService
10-30 10:40:17.470 D/SystemServerTimingAsync( 705): ssm.onUnlockingUser-0_com.android.server.sensors.SensorService
10-30 10:40:17.470 D/SystemServerTimingAsync( 705): ssm.onUnlockingUser-0_com.android.server.SystemConfigService
10-30 10:40:17.470 D/SystemServerTimingAsync( 705): ssm.onUnlockingUser-0_com.android.server.BatteryService
10-30 10:40:17.470 D/SystemServerTimingAsync( 705): ssm.onUnlockingUser-0_com.android.server.usage.UsageStatsService
10-30 10:40:17.470 D/SystemServerTimingAsync( 705): ssm.onUnlockingUser-0_com.android.server.webkit.WebViewUpdateService
10-30 10:40:17.470 D/SystemServerTimingAsync( 705): ssm.onUnlockingUser-0_com.android.server.CachedDeviceStateService
10-30 10:40:17.470 D/SystemServerTimingAsync( 705): ssm.onUnlockingUser-0_com.android.server.BinderCallsStatsService$LifeCycle
10-30 10:40:17.470 D/SystemServerTimingAsync( 705): ssm.onUnlockingUser-0_com.android.server.LooperStatsService$Lifecycle
10-30 10:40:17.470 D/SystemServerTimingAsync( 705): ssm.onUnlockingUser-0_com.android.server.rollback.RollbackManagerService
10-30 10:40:17.470 D/SystemServerTimingAsync( 705): ssm.onUnlockingUser-0_com.android.server.os.NativeTombstoneManagerService
10-30 10:40:17.470 D/SystemServerTimingAsync( 705): ssm.onUnlockingUser-0_com.android.server.os.BugreportManagerService
10-30 10:40:17.471 D/SystemServerTimingAsync( 705): ssm.onUnlockingUser-0_com.android.server.gpu.GpuService
10-30 10:40:17.471 D/SystemServerTimingAsync( 705): ssm.onUnlockingUser-0_com.android.server.security.rkp.RemoteProvisioningService
10-30 10:40:17.472 D/SystemServerTimingAsync( 705): ssm.onUnlockingUser-0_com.android.server.security.KeyChainSystemService
10-30 10:40:17.472 D/SystemServerTimingAsync( 705): ssm.onUnlockingUser-0_com.android.server.BinaryTransparencyService
10-30 10:40:17.472 D/SystemServerTimingAsync( 705): ssm.onUnlockingUser-0_com.android.server.accounts.AccountManagerService$Lifecycle
10-30 10:40:17.472 D/SystemServerTimingAsync( 705): ssm.onUnlockingUser-0_com.android.server.content.ContentService$Lifecycle
10-30 10:40:17.472 D/SystemServerTimingAsync( 705): ssm.onUnlockingUser-0_com.android.server.deviceconfig.DeviceConfigInit$Lifecycle
10-30 10:40:17.472 D/SystemServerTimingAsync( 705): ssm.onUnlockingUser-0_com.android.server.DropBoxManagerService
10-30 10:40:17.472 D/SystemServerTimingAsync( 705): ssm.onUnlockingUser-0_com.android.role.RoleService
10-30 10:40:17.472 D/SystemServerTimingAsync( 705): ssm.onUnlockingUser-0_com.android.server.vibrator.VibratorManagerService$Lifecycle
10-30 10:40:17.472 D/SystemServerTimingAsync( 705): ssm.onUnlockingUser-0_com.android.server.tare.InternalResourceService
10-30 10:40:17.472 D/SystemServerTimingAsync( 705): ssm.onUnlockingUser-0_com.android.server.alarm.AlarmManagerService
10-30 10:40:17.472 D/SystemServerTimingAsync( 705): ssm.onUnlockingUser-0_com.android.server.devicestate.DeviceStateManagerService
10-30 10:40:17.472 D/SystemServerTimingAsync( 705): ssm.onUnlockingUser-0_com.android.server.camera.CameraServiceProxy
10-30 10:40:17.472 D/SystemServerTimingAsync( 705): ssm.onUnlockingUser-0_com.android.server.bluetooth.BluetoothService
10-30 10:40:17.472 D/SystemServerTimingAsync( 705): ssm.onUnlockingUser-0_com.android.server.connectivity.IpConnectivityMetrics
10-30 10:40:17.472 D/SystemServerTimingAsync( 705): ssm.onUnlockingUser-0_com.android.server.net.watchlist.NetworkWatchlistService$Lifecycle
10-30 10:40:17.472 D/SystemServerTimingAsync( 705): ssm.onUnlockingUser-0_com.android.server.PinnerService
10-30 10:40:17.472 D/SystemServerTimingAsync( 705): ssm.onUnlockingUser-0_com.android.server.integrity.AppIntegrityManagerService
10-30 10:40:17.472 D/SystemServerTimingAsync( 705): ssm.onUnlockingUser-0_com.android.server.logcat.LogcatManagerService
10-30 10:40:17.472 D/SystemServerTimingAsync( 705): ssm.onUnlockingUser-0_com.android.server.inputmethod.InputMethodManagerService$Lifecycle
10-30 10:40:17.472 D/SystemServerTimingAsync( 705): ssm.onUnlockingUser-0_com.android.server.accessibility.AccessibilityManagerService$Lifecycle
10-30 10:40:17.472 D/SystemServerTimingAsync( 705): ssm.onUnlockingUser-0_com.android.server.StorageManagerService$Lifecycle
10-30 10:40:17.472 D/StorageManagerService( 705): onUnlockUser 0
10-30 10:40:17.473 I/StorageSessionController( 705): On user unlock 0
10-30 10:40:17.473 I/StorageSessionController( 705): Initialialising...
10-30 10:40:17.473 I/vold ( 260): onUserStarted: 0
10-30 10:40:17.474 I/BroadcastQueue( 705): BOOT_COMPLETED_BROADCAST_COMPLETION_LATENCY_REPORTED action:android.intent.action.LOCKED_BOOT_COMPLETED dispatchLatency:43 completeLatency:1060 dispatchRealLatency:43 completeRealLatency:1060 receiversSize:4 userId:0 userType:android.os.usertype.full.SYSTEM
10-30 10:40:17.478 W/Looper ( 705): Drained
10-30 10:40:17.496 V/StorageManagerService( 705): Found primary storage at VolumeInfo{emulated;0}:
10-30 10:40:17.496 V/StorageManagerService( 705): type=EMULATED diskId=null partGuid= mountFlags=0 mountUserId=0
10-30 10:40:17.496 V/StorageManagerService( 705): state=UNMOUNTED
10-30 10:40:17.496 V/StorageManagerService( 705): fsType=null fsUuid=null fsLabel=null
10-30 10:40:17.496 V/StorageManagerService( 705): path=null internalPath=null
10-30 10:40:17.497 I/StorageManagerService( 705): Mounting volume VolumeInfo{emulated;0}:
10-30 10:40:17.497 I/StorageManagerService( 705): type=EMULATED diskId=null partGuid= mountFlags=PRIMARY|VISIBLE_FOR_WRITE
10-30 10:40:17.497 I/StorageManagerService( 705): mountUserId=0 state=UNMOUNTED
10-30 10:40:17.497 I/StorageManagerService( 705): fsType=null fsUuid=null fsLabel=null
10-30 10:40:17.497 I/StorageManagerService( 705): path=null internalPath=null
10-30 10:40:17.498 I/vold ( 260): Mounting emulated fuse volume
10-30 10:40:17.501 D/SystemServerTimingAsync( 705): ssm.onUnlockingUser-0_com.android.server.usage.StorageStatsService$Lifecycle
10-30 10:40:17.502 D/SystemServerTimingAsync( 705): ssm.onUnlockingUser-0_com.android.server.UiModeManagerService
10-30 10:40:17.502 D/SystemServerTimingAsync( 705): ssm.onUnlockingUser-0_com.android.server.locales.LocaleManagerService
10-30 10:40:17.502 D/SystemServerTimingAsync( 705): ssm.onUnlockingUser-0_com.android.server.grammaticalinflection.GrammaticalInflectionService
10-30 10:40:17.502 D/SystemServerTimingAsync( 705): ssm.onUnlockingUser-0_com.android.server.apphibernation.AppHibernationService
10-30 10:40:17.504 D/SystemServerTimingAsync( 705): ssm.onUnlockingUser-0_com.android.server.locksettings.LockSettingsService$Lifecycle
10-30 10:40:17.504 D/SystemServerTimingAsync( 705): ssm.onUnlockingUser-0_com.android.server.PersistentDataBlockService
10-30 10:40:17.504 D/SystemServerTimingAsync( 705): ssm.onUnlockingUser-0_com.android.server.testharness.TestHarnessModeService
10-30 10:40:17.504 D/SystemServerTimingAsync( 705): ssm.onUnlockingUser-0_com.android.server.oemlock.OemLockService
10-30 10:40:17.505 D/SystemServerTimingAsync( 705): ssm.onUnlockingUser-0_com.android.server.DeviceIdleController
10-30 10:40:17.505 D/SystemServerTimingAsync( 705): ssm.onUnlockingUser-0_com.android.server.devicepolicy.DevicePolicyManagerService$Lifecycle
10-30 10:40:17.505 D/SystemServerTimingAsync( 705): ssm.onUnlockingUser-0_com.android.server.texttospeech.TextToSpeechManagerService
10-30 10:40:17.506 D/SystemServerTimingAsync( 705): ssm.onUnlockingUser-0_com.android.server.ambientcontext.AmbientContextManagerService
10-30 10:40:17.506 I/AmbientContextManagerService( 705): serviceNames sent in newServiceListLocked is null, or empty
10-30 10:40:17.506 D/SystemServerTimingAsync( 705): ssm.onUnlockingUser-0_com.android.server.wearable.WearableSensingManagerService
10-30 10:40:17.507 D/WearableSensingManagerService( 705): onServiceRemoved
10-30 10:40:17.507 D/WearableSensingManagerPerUserService( 705): Trying to cancel the remote request. Reason: Service destroyed.
10-30 10:40:17.507 D/SystemServerTimingAsync( 705): ssm.onUnlockingUser-0_com.android.server.speech.SpeechRecognitionManagerService
10-30 10:40:17.507 D/SystemServerTimingAsync( 705): ssm.onUnlockingUser-0_com.android.server.searchui.SearchUiManagerService
10-30 10:40:17.509 D/SystemServerTimingAsync( 705): ssm.onUnlockingUser-0_com.android.server.smartspace.SmartspaceManagerService
10-30 10:40:17.509 D/SystemServerTimingAsync( 705): ssm.onUnlockingUser-0_com.android.server.graphics.fonts.FontManagerService$Lifecycle
10-30 10:40:17.509 D/SystemServerTimingAsync( 705): ssm.onUnlockingUser-0_com.android.server.textservices.TextServicesManagerService$Lifecycle
10-30 10:40:17.510 W/TextServicesManagerService( 705): no available spell checker services found
10-30 10:40:17.510 D/SystemServerTimingAsync( 705): ssm.onUnlockingUser-0_com.android.server.textclassifier.TextClassificationManagerService$Lifecycle
10-30 10:40:17.511 I/HibernationStateDiskStore( 705): No hibernation file on disk for file /data/system_ce/0/hibernation/states
10-30 10:40:17.518 D/LockSettingsService( 705): Hiding encryption notification for user 0
10-30 10:40:17.519 D/SystemServerTimingAsync( 705): ssm.onUnlockingUser-0_com.android.server.NetworkScoreService$Lifecycle
10-30 10:40:17.519 D/SystemServerTimingAsync( 705): ssm.onUnlockingUser-0_com.android.server.NetworkStatsServiceInitializer
10-30 10:40:17.519 D/SystemServerTimingAsync( 705): ssm.onUnlockingUser-0_com.android.server.wifi.WifiService
10-30 10:40:17.528 D/SystemServerTimingAsync( 705): ssm.onUnlockingUser-0_com.android.server.wifi.scanner.WifiScanningService
10-30 10:40:17.528 D/SystemServerTimingAsync( 705): ssm.onUnlockingUser-0_com.android.server.wifi.p2p.WifiP2pService
10-30 10:40:17.528 D/SystemServerTimingAsync( 705): ssm.onUnlockingUser-0_com.android.server.ConnectivityServiceInitializer
10-30 10:40:17.528 D/SystemServerTimingAsync( 705): ssm.onUnlockingUser-0_com.android.server.notification.NotificationManagerService
10-30 10:40:17.528 D/SystemServerTimingAsync( 705): ssm.onUnlockingUser-0_com.android.server.storage.DeviceStorageMonitorService
10-30 10:40:17.528 D/SystemServerTimingAsync( 705): ssm.onUnlockingUser-0_com.android.server.timedetector.TimeDetectorService$Lifecycle
10-30 10:40:17.528 D/SystemServerTimingAsync( 705): ssm.onUnlockingUser-0_com.android.server.location.LocationManagerService$Lifecycle
10-30 10:40:17.528 D/SystemServerTimingAsync( 705): ssm.onUnlockingUser-0_com.android.server.timezonedetector.TimeZoneDetectorService$Lifecycle
10-30 10:40:17.528 D/SystemServerTimingAsync( 705): ssm.onUnlockingUser-0_com.android.server.location.altitude.AltitudeService$Lifecycle
10-30 10:40:17.528 D/SystemServerTimingAsync( 705): ssm.onUnlockingUser-0_com.android.server.timezonedetector.location.LocationTimeZoneManagerService$Lifecycle
10-30 10:40:17.528 D/SystemServerTimingAsync( 705): ssm.onUnlockingUser-0_com.android.server.search.SearchManagerService$Lifecycle
10-30 10:40:17.528 D/SystemServerTimingAsync( 705): ssm.onUnlockingUser-0_com.android.server.wallpaper.WallpaperManagerService$Lifecycle
10-30 10:40:17.529 D/SystemServerTimingAsync( 705): ssm.onUnlockingUser-0_com.android.server.wallpapereffectsgeneration.WallpaperEffectsGenerationManagerService
10-30 10:40:17.529 D/SystemServerTimingAsync( 705): ssm.onUnlockingUser-0_com.android.server.audio.AudioService$Lifecycle
10-30 10:40:17.529 D/SystemServerTimingAsync( 705): ssm.onUnlockingUser-0_com.android.server.soundtrigger_middleware.SoundTriggerMiddlewareService$Lifecycle
10-30 10:40:17.529 D/SystemServerTimingAsync( 705): ssm.onUnlockingUser-0_com.android.server.adb.AdbService$Lifecycle
10-30 10:40:17.529 D/SystemServerTimingAsync( 705): ssm.onUnlockingUser-0_com.android.server.usb.UsbService$Lifecycle
10-30 10:40:17.537 D/SystemServerTimingAsync( 705): ssm.onUnlockingUser-0_com.android.server.twilight.TwilightService
10-30 10:40:17.537 D/SystemServerTimingAsync( 705): ssm.onUnlockingUser-0_com.android.server.display.color.ColorDisplayService
10-30 10:40:17.537 D/SystemServerTimingAsync( 705): ssm.onUnlockingUser-0_com.android.server.job.JobSchedulerService
10-30 10:40:17.537 D/SystemServerTimingAsync( 705): ssm.onUnlockingUser-0_com.android.server.soundtrigger.SoundTriggerService
10-30 10:40:17.537 D/SystemServerTimingAsync( 705): ssm.onUnlockingUser-0_com.android.server.trust.TrustManagerService
10-30 10:40:17.537 I/vold ( 260): Bind mounting /data/media to /mnt/pass_through/0/emulated
10-30 10:40:17.537 D/SystemServerTimingAsync( 705): ssm.onUnlockingUser-0_com.android.server.backup.BackupManagerService$Lifecycle
10-30 10:40:17.538 D/SystemServerTimingAsync( 705): ssm.onUnlockingUser-0_com.android.server.appwidget.AppWidgetService
10-30 10:40:17.538 D/SystemServerTimingAsync( 705): ssm.onUnlockingUser-0_com.android.server.voiceinteraction.VoiceInteractionManagerService
10-30 10:40:17.538 W/VoiceInteractionManager( 705): no available voice recognition services found for user 0
10-30 10:40:17.539 D/SystemServerTimingAsync( 705): ssm.onUnlockingUser-0_com.android.server.GestureLauncherService
10-30 10:40:17.539 D/SystemServerTimingAsync( 705): ssm.onUnlockingUser-0_com.android.server.SensorNotificationService
10-30 10:40:17.539 D/SystemServerTimingAsync( 705): ssm.onUnlockingUser-0_com.android.server.emergency.EmergencyAffordanceService
10-30 10:40:17.539 D/SystemServerTimingAsync( 705): ssm.onUnlockingUser-0_com.android.server.blob.BlobStoreManagerService
10-30 10:40:17.539 D/SystemServerTimingAsync( 705): ssm.onUnlockingUser-0_com.android.server.dreams.DreamManagerService
10-30 10:40:17.539 D/SystemServerTimingAsync( 705): ssm.onUnlockingUser-0_com.android.server.security.AttestationVerificationManagerService
10-30 10:40:17.539 D/SystemServerTimingAsync( 705): ssm.onUnlockingUser-0_com.android.server.restrictions.RestrictionsManagerService
10-30 10:40:17.539 D/SystemServerTimingAsync( 705): ssm.onUnlockingUser-0_com.android.server.media.MediaSessionService
10-30 10:40:17.539 D/SystemServerTimingAsync( 705): ssm.onUnlockingUser-0_com.android.server.hdmi.HdmiControlService
10-30 10:40:17.539 D/SystemServerTimingAsync( 705): ssm.onUnlockingUser-0_com.android.server.tv.interactive.TvInteractiveAppManagerService
10-30 10:40:17.539 D/SystemServerTimingAsync( 705): ssm.onUnlockingUser-0_com.android.server.tv.TvInputManagerService
10-30 10:40:17.539 W/BatteryExternalStatsWorker( 705): error reading Bluetooth stats: 11
10-30 10:40:17.539 D/SystemServerTimingAsync( 705): ssm.onUnlockingUser-0_com.android.server.media.MediaResourceMonitorService
10-30 10:40:17.539 D/SystemServerTimingAsync( 705): ssm.onUnlockingUser-0_com.android.server.tv.TvRemoteService
10-30 10:40:17.539 D/SystemServerTimingAsync( 705): ssm.onUnlockingUser-0_com.android.server.biometrics.BiometricService
10-30 10:40:17.540 W/BatteryExternalStatsWorker( 705): error reading modem stats:ERROR_PHONE_NOT_AVAILABLE
10-30 10:40:17.540 D/SystemServerTimingAsync( 705): ssm.onUnlockingUser-0_com.android.server.biometrics.AuthService
10-30 10:40:17.540 D/SystemServerTimingAsync( 705): ssm.onUnlockingUser-0_com.android.server.pm.ShortcutService$Lifecycle
10-30 10:40:17.540 D/SystemServerTimingAsync( 705): ssm.onUnlockingUser-0_com.android.server.pm.LauncherAppsService
10-30 10:40:17.540 D/SystemServerTimingAsync( 705): ssm.onUnlockingUser-0_com.android.server.pm.CrossProfileAppsService
10-30 10:40:17.540 D/SystemServerTimingAsync( 705): ssm.onUnlockingUser-0_com.android.server.people.PeopleService
10-30 10:40:17.540 D/SystemServerTimingAsync( 705): ssm.onUnlockingUser-0_com.android.server.media.metrics.MediaMetricsManagerService
10-30 10:40:17.540 D/SystemServerTimingAsync( 705): ssm.onUnlockingUser-0_com.android.server.pm.BackgroundInstallControlService
10-30 10:40:17.540 D/SystemServerTimingAsync( 705): ssm.onUnlockingUser-0_com.android.server.media.projection.MediaProjectionManagerService
10-30 10:40:17.540 D/SystemServerTimingAsync( 705): ssm.onUnlockingUser-0_com.android.server.slice.SliceManagerService$Lifecycle
10-30 10:40:17.540 D/SystemServerTimingAsync( 705): ssm.onUnlockingUser-0_com.android.server.stats.StatsCompanion$Lifecycle
10-30 10:40:17.540 D/SystemServerTimingAsync( 705): ssm.onUnlockingUser-0_com.android.server.scheduling.RebootReadinessManagerService$Lifecycle
10-30 10:40:17.540 D/SystemServerTimingAsync( 705): ssm.onUnlockingUser-0_com.android.server.stats.pull.StatsPullAtomService
10-30 10:40:17.540 D/SystemServerTimingAsync( 705): ssm.onUnlockingUser-0_com.android.server.stats.bootstrap.StatsBootstrapAtomService$Lifecycle
10-30 10:40:17.540 D/SystemServerTimingAsync( 705): ssm.onUnlockingUser-0_com.android.server.incident.IncidentCompanionService
10-30 10:40:17.541 D/SystemServerTimingAsync( 705): ssm.onUnlockingUser-0_com.android.server.sdksandbox.SdkSandboxManagerService$Lifecycle
10-30 10:40:17.541 D/SystemServerTimingAsync( 705): ssm.onUnlockingUser-0_com.android.server.adservices.AdServicesManagerService$Lifecycle
10-30 10:40:17.541 D/SystemServerTimingAsync( 705): ssm.onUnlockingUser-0_com.android.server.ondevicepersonalization.OnDevicePersonalizationSystemService$Lifecycle
10-30 10:40:17.541 D/SystemServerTimingAsync( 705): ssm.onUnlockingUser-0_com.android.server.autofill.AutofillManagerService
10-30 10:40:17.542 I/BackupManagerService( 705): Starting service for user: 0
10-30 10:40:17.543 V/BackupManagerService( 705): [UserID:0] Starting with transport com.android.localtransport/.LocalTransport
10-30 10:40:17.546 I/StorageSessionController( 705): On volume mount VolumeInfo{emulated;0}:
10-30 10:40:17.546 I/StorageSessionController( 705): type=EMULATED diskId=null partGuid= mountFlags=PRIMARY|VISIBLE_FOR_WRITE
10-30 10:40:17.546 I/StorageSessionController( 705): mountUserId=0 state=CHECKING
10-30 10:40:17.546 I/StorageSessionController( 705): fsType=null fsUuid=null fsLabel=null
10-30 10:40:17.546 I/StorageSessionController( 705): path=/storage/emulated internalPath=/data/media
10-30 10:40:17.546 D/SystemServerTimingAsync( 705): ssm.onUnlockingUser-0_com.android.server.clipboard.ClipboardService
10-30 10:40:17.546 D/SystemServerTimingAsync( 705): ssm.onUnlockingUser-0_com.android.server.appbinding.AppBindingService$Lifecycle
10-30 10:40:17.547 I/StorageSessionController( 705): Creating connection for user: 0
10-30 10:40:17.548 I/StorageSessionController( 705): Creating and starting session with id: emulated;0
10-30 10:40:17.549 I/StorageUserConnection( 705): Binding to the ExternalStorageService for user 0
10-30 10:40:17.549 D/BackupManagerService( 705): [UserID:0] Started thread backup-0
10-30 10:40:17.549 W/AppBindingService( 705): [Default SMS app] u0 Target package not found
10-30 10:40:17.549 D/SystemServerTimingAsync( 705): ssm.onUnlockingUser-0_com.android.server.tracing.TracingServiceProxy
10-30 10:40:17.549 D/SystemServerTimingAsync( 705): ssm.onUnlockingUser-0_com.android.server.policy.PermissionPolicyService
10-30 10:40:17.550 D/SystemServerTimingAsync( 705): ssm.onUnlockingUser-0_com.android.server.pm.StagingManager$Lifecycle
10-30 10:40:17.550 D/SystemServerTimingAsync( 705): ssm.onUnlockingUser-0_com.android.server.app.GameManagerService$Lifecycle
10-30 10:40:17.550 D/SystemServerTimingAsync( 705): ssm.onUnlockingUser-0_com.android.safetycenter.SafetyCenterService
10-30 10:40:17.550 D/SystemServerTimingAsync( 705): ssm.onUnlockingUser-0_com.android.server.appsearch.AppSearchModule$Lifecycle
10-30 10:40:17.561 D/CompatibilityChangeReporter( 705): Compat change id reported: 135634846; UID 10055; state: DISABLED
10-30 10:40:17.562 D/SystemServerTimingAsync( 705): ssm.onUnlockingUser-0_com.android.server.media.MediaCommunicationService
10-30 10:40:17.562 D/SystemServerTimingAsync( 705): ssm.onUnlockingUser-0_com.android.server.compat.overrides.AppCompatOverridesService$Lifecycle
10-30 10:40:17.562 D/SystemServerTimingAsync( 705): ssm.onUnlockingUser-0_com.android.server.healthconnect.HealthConnectManagerService
10-30 10:40:17.562 D/CompatibilityChangeReporter( 705): Compat change id reported: 143937733; UID 10055; state: ENABLED
10-30 10:40:17.563 D/SystemServerTimingAsync( 705): ssm.onUnlockingUser-0_com.android.server.devicelock.DeviceLockService
10-30 10:40:17.563 D/DeviceLockService( 705): onUserUnlocking
10-30 10:40:17.563 I/StorageUserConnection( 705): Bound to the ExternalStorageService for user 0
10-30 10:40:17.563 D/SystemServerTiming( 705): finishUserUnlocked-0
10-30 10:40:17.563 I/ActivityManager( 705): User 0 state changed from RUNNING_UNLOCKING to RUNNING_UNLOCKED
10-30 10:40:17.564 V/SystemServerTiming( 705): SystemUserUnlock took to complete: 1113ms
10-30 10:40:17.567 I/ActivityManager( 705): com.dangbei.lerad.etna.haqu is exempt from freezer
10-30 10:40:17.568 I/ActivityTaskManager( 705): Loading recents for user 0 into memory.
10-30 10:40:17.568 D/CompatibilityChangeReporter( 705): Compat change id reported: 135634846; UID 1000; state: DISABLED
10-30 10:40:17.575 W/BroadcastLoopers( 705): Found previously unknown looper Thread[ActivityManager,5,main]
10-30 10:40:17.577 I/ActivityManager( 705): Posting BOOT_COMPLETED user #0
10-30 10:40:17.597 V/PackageConfigPersister( 705): loadPackages: empty list files from /data/system_ce/0/package_configs
10-30 10:40:17.612 V/WindowManagerShell( 985): Transition requested: android.os.BinderProxy@6f33f6c TransitionRequestInfo { type = 2, triggerTask = TaskInfo{userId=0 taskId=3 displayId=0 isRunning=false baseIntent=Intent { act=android.intent.action.MAIN cat=[android.intent.category.HOME] flg=0x10800100 cmp=com.android.tv.settings/.system.FallbackHome } baseActivity=null topActivity=null origActivity=null realActivity=ComponentInfo{com.android.tv.settings/com.android.tv.settings.system.FallbackHome} numActivities=0 lastActiveTime=24299 supportsMultiWindow=true resizeMode=0 isResizeable=false minWidth=-1 minHeight=-1 defaultMinSize=220 token=WCT{android.window.IWindowContainerToken$Stub$Proxy@c6d1935} topActivityType=2 pictureInPictureParams=null shouldDockBigOverlays=false launchIntoPipHostTaskId=-1 lastParentTaskIdBeforePip=-1 displayCutoutSafeInsets=null topActivityInfo=null launchCookies=[] positionInParent=Point(0, 0) parentTaskId=-1 isFocused=true isVisible=true isVisibleRequested=true isSleeping=false topActivityInSizeCompat=false topActivityEligibleForLetterboxEducation= false isLetterboxDoubleTapEnabled= false topActivityEligibleForUserAspectRatioButton= false topActivityBoundsLetterboxed= false isFromLetterboxDoubleTap= false topActivityLetterboxVerticalPosition= -1 topActivityLetterboxHorizontalPosition= -1 topActivityLetterboxWidth=-1 topActivityLetterboxHeight=-1 isUserFullscreenOverrideEnabled=false isTopActivityTransparent=false locusId=null displayAreaFeatureId=1 cameraCompatControlState=hidden}, remoteTransition = null, displayChange = null, flags = 0 }
10-30 10:40:17.622 W/ActivityManager( 705): Slow operation: 62ms so far, now at startProcess: returned from zygote!
10-30 10:40:17.631 D/CompatibilityChangeReporter( 705): Compat change id reported: 265464455; UID 1000; state: DISABLED
10-30 10:40:17.633 D/CompatibilityChangeReporter( 705): Compat change id reported: 265452344; UID 1000; state: DISABLED
10-30 10:40:17.633 D/CompatibilityChangeReporter( 705): Compat change id reported: 266124927; UID 1000; state: DISABLED
10-30 10:40:17.634 D/CompatibilityChangeReporter( 705): Compat change id reported: 265451093; UID 1000; state: DISABLED
10-30 10:40:17.635 D/CompatibilityChangeReporter( 705): Compat change id reported: 265456536; UID 1000; state: DISABLED
10-30 10:40:17.635 D/CompatibilityChangeReporter( 705): Compat change id reported: 255940284; UID 1000; state: DISABLED
10-30 10:40:17.636 D/CompatibilityChangeReporter( 705): Compat change id reported: 236283604; UID 1000; state: DISABLED
10-30 10:40:17.636 D/CompatibilityChangeReporter( 705): Compat change id reported: 263959004; UID 1000; state: DISABLED
10-30 10:40:17.637 D/CompatibilityChangeReporter( 705): Compat change id reported: 264304459; UID 1000; state: DISABLED
10-30 10:40:17.637 D/CompatibilityChangeReporter( 705): Compat change id reported: 264301586; UID 1000; state: DISABLED
10-30 10:40:17.637 D/CompatibilityChangeReporter( 705): Compat change id reported: 254631730; UID 1000; state: DISABLED
10-30 10:40:17.637 D/CompatibilityChangeReporter( 705): Compat change id reported: 273509367; UID 1000; state: DISABLED
10-30 10:40:17.638 D/CompatibilityChangeReporter( 705): Compat change id reported: 263259275; UID 1000; state: DISABLED
10-30 10:40:17.638 D/CompatibilityChangeReporter( 705): Compat change id reported: 174042980; UID 1000; state: DISABLED
10-30 10:40:17.638 D/CompatibilityChangeReporter( 705): Compat change id reported: 174042936; UID 1000; state: DISABLED
10-30 10:40:17.639 D/CompatibilityChangeReporter( 705): Compat change id reported: 181136395; UID 1000; state: DISABLED
10-30 10:40:17.639 D/AppWidgetServiceImpl( 705): Unable to load widget provider info from xml for ComponentInfo{com.android.deskclock/com.android.alarmclock.AnalogAppWidgetProvider}
10-30 10:40:17.649 D/AppWidgetServiceImpl( 705): Unable to load widget provider info from xml for ComponentInfo{com.android.deskclock/com.android.alarmclock.DigitalAppWidgetProvider}
