11-03 16:41:53.850 D/audio_hw_hal_primary( 469): [out_standby_new:5508] io 237: out:0xe45839d0 streamType:RAW_HWSYNC
11-03 16:41:53.850 I/audio_hw_hal_primary( 469): already standby, do nothing
11-03 16:41:53.850 I/audio_hw_hal_kara_mngr( 469): [karaoke_close:961] enter
11-03 16:41:53.850 I/audio_hw_hal_kara_mngr( 469): [karaoke_close:971] exit
11-03 16:41:53.850 I/audio_hw_hal_resourcemgr( 469): [is_output_device_muted:723] device:0x2 port_mute:0, fade_mute:0
11-03 16:41:53.850 I/audio_hw_hal_streamMgr( 469): [aml_stream_unregister:467] item:0xe74862b0 ptmp:0xe74862b0 lNode:0xe74862b0 pStream:0xe45839d0
11-03 16:41:53.850 I/audio_hw_hal_primary( 469): [adev_close_output_stream:3596] io 237: out:0xe45839d0 exit ------
11-03 16:41:53.853 I/AudioService( 705): onAccessoryPlugMediaUnmute newDevice=1024 [hdmi]
11-03 16:41:53.853 I/AS.AudioDeviceInventory( 705): sendDeviceConnectionIntent(dev:0x400 state:0x1 address: name:);
11-03 16:41:53.862 D/AvrcpVolumeManager( 1108): onAudioDevicesAdded: Not expecting device changed
11-03 16:41:53.862 D/ActiveDeviceManager( 1108): onAudioDevicesAdded
11-03 16:41:53.862 D/ActiveDeviceManager( 1108): Audio device added: DBBOX-A3 type: 9
11-03 16:41:53.863 V/MediaRouter( 705): Audio routes updated: AudioRoutesInfo{ type=HDMI }, a2dp=false
11-03 16:41:53.863 V/MediaRouter( 705): Selecting route: RouteInfo{ name=外部设备, description=null, status=null, category=RouteCategory{ name=系统 types=ROUTE_TYPE_LIVE_AUDIO ROUTE_TYPE_LIVE_VIDEO groupable=false }, supportedTypes=ROUTE_TYPE_LIVE_AUDIO ROUTE_TYPE_LIVE_VIDEO , presentationDisplay=null }
11-03 16:41:53.863 V/MediaRouter( 985): Audio routes updated: AudioRoutesInfo{ type=HDMI }, a2dp=false
11-03 16:41:53.863 V/MediaRouter( 985): Selecting route: RouteInfo{ name=外部设备, description=null, status=null, category=RouteCategory{ name=系统 types=ROUTE_TYPE_LIVE_AUDIO ROUTE_TYPE_LIVE_VIDEO groupable=false }, supportedTypes=ROUTE_TYPE_LIVE_AUDIO ROUTE_TYPE_LIVE_VIDEO , presentationDisplay=null }
11-03 16:41:53.866 D/xm_audio( 469): adev_get_parameters
11-03 16:41:53.867 D/xm_audio( 469): adev_get_parameters
11-03 16:41:53.873 D/xm_audio( 469): adev_get_parameters
11-03 16:41:53.874 D/xm_audio( 469): adev_get_parameters
11-03 16:41:53.880 D/xm_audio( 469): adev_get_parameters
11-03 16:41:53.881 D/xm_audio( 469): adev_get_parameters
11-03 16:41:53.887 D/xm_audio( 469): adev_get_parameters
11-03 16:41:53.888 D/xm_audio( 469): adev_get_parameters
11-03 16:41:53.893 D/xm_audio( 469): adev_get_parameters
11-03 16:41:53.894 D/xm_audio( 469): adev_get_parameters
11-03 16:41:53.900 D/xm_audio( 469): adev_get_parameters
11-03 16:41:53.901 D/xm_audio( 469): adev_get_parameters
11-03 16:41:53.908 D/xm_audio( 469): adev_get_parameters
11-03 16:41:53.909 D/xm_audio( 469): adev_get_parameters
11-03 16:41:53.916 D/xm_audio( 469): adev_get_parameters
11-03 16:41:53.918 D/xm_audio( 469): adev_get_parameters
11-03 16:41:53.918 D/hdmicecd( 482): [CEC]:printCecMessage, [4 -> f] len: 4, body: 84 12 00 04, result:success
11-03 16:41:53.918 E/IPCThreadState( 482): binder thread pool (1 threads) starved for 153 ms
11-03 16:41:53.919 D/HDMI ( 705): [S]: 4F:87:1C:A4:10
11-03 16:41:53.924 D/xm_audio( 469): adev_get_parameters
11-03 16:41:53.925 D/xm_audio( 469): adev_get_parameters
11-03 16:41:53.930 D/xm_audio( 469): adev_get_parameters
11-03 16:41:53.932 D/xm_audio( 469): adev_get_parameters
11-03 16:41:53.936 D/xm_audio( 469): adev_get_parameters
11-03 16:41:53.937 D/xm_audio( 469): adev_get_parameters
11-03 16:41:53.942 I/vol.Events( 985): writeEvent level_changed STREAM_VOICE_CALL 35
11-03 16:41:53.943 D/vol.VolumeDialogImpl( 985): getIconResWithStream levelMax:20 levelMin:0 level:13 getImpliedLevel:13 stream:3
11-03 16:41:53.944 D/vol.VolumeDialogImpl( 985): getIconResWithStream levelMax:20 levelMin:0 level:13 getImpliedLevel:13 stream:3
11-03 16:41:53.945 I/vol.Events( 985): writeEvent level_changed STREAM_SYSTEM 35
11-03 16:41:53.946 D/vol.VolumeDialogImpl( 985): getIconResWithStream levelMax:20 levelMin:0 level:13 getImpliedLevel:13 stream:3
11-03 16:41:53.946 D/vol.VolumeDialogImpl( 985): getIconResWithStream levelMax:20 levelMin:0 level:13 getImpliedLevel:13 stream:3
11-03 16:41:53.949 I/vol.Events( 985): writeEvent level_changed STREAM_RING 35
11-03 16:41:53.949 D/vol.VolumeDialogImpl( 985): getIconResWithStream levelMax:20 levelMin:0 level:13 getImpliedLevel:13 stream:3
11-03 16:41:53.950 D/vol.VolumeDialogImpl( 985): getIconResWithStream levelMax:20 levelMin:0 level:13 getImpliedLevel:13 stream:3
11-03 16:41:53.950 I/vol.Events( 985): writeEvent level_changed STREAM_MUSIC 7
11-03 16:41:53.951 D/vol.VolumeDialogImpl( 985): getIconResWithStream levelMax:20 levelMin:0 level:7 getImpliedLevel:13 stream:3
11-03 16:41:53.952 D/vol.VolumeDialogImpl( 985): getIconResWithStream levelMax:20 levelMin:0 level:7 getImpliedLevel:7 stream:3
11-03 16:41:53.953 I/vol.Events( 985): writeEvent level_changed STREAM_ALARM 35
11-03 16:41:53.953 D/vol.VolumeDialogImpl( 985): getIconResWithStream levelMax:20 levelMin:0 level:7 getImpliedLevel:7 stream:3
11-03 16:41:53.953 D/vol.VolumeDialogImpl( 985): getIconResWithStream levelMax:20 levelMin:0 level:7 getImpliedLevel:7 stream:3
11-03 16:41:53.955 D/vol.VolumeDialogImpl( 985): getIconResWithStream levelMax:20 levelMin:0 level:7 getImpliedLevel:7 stream:3
11-03 16:41:53.957 D/vol.VolumeDialogImpl( 985): getIconResWithStream levelMax:20 levelMin:0 level:7 getImpliedLevel:7 stream:3
11-03 16:41:53.957 D/vol.VolumeDialogImpl( 985): getIconResWithStream levelMax:20 levelMin:0 level:7 getImpliedLevel:7 stream:3
11-03 16:41:53.957 D/vol.VolumeDialogImpl( 985): getIconResWithStream levelMax:20 levelMin:0 level:7 getImpliedLevel:7 stream:3
11-03 16:41:53.959 D/vol.VolumeDialogImpl( 985): getIconResWithStream levelMax:20 levelMin:0 level:7 getImpliedLevel:7 stream:3
11-03 16:41:53.959 D/vol.VolumeDialogImpl( 985): getIconResWithStream levelMax:20 levelMin:0 level:7 getImpliedLevel:7 stream:3
11-03 16:41:53.960 D/vol.VolumeDialogImpl( 985): getIconResWithStream levelMax:20 levelMin:0 level:7 getImpliedLevel:7 stream:3
11-03 16:41:53.960 D/vol.VolumeDialogImpl( 985): getIconResWithStream levelMax:20 levelMin:0 level:7 getImpliedLevel:7 stream:3
11-03 16:41:53.960 D/vol.VolumeDialogImpl( 985): getIconResWithStream levelMax:20 levelMin:0 level:7 getImpliedLevel:7 stream:3
11-03 16:41:53.961 D/vol.VolumeDialogImpl( 985): getIconResWithStream levelMax:20 levelMin:0 level:7 getImpliedLevel:7 stream:3
11-03 16:41:53.986 D/hdmicecd( 482): [CEC]:printCecMsgBuf, msg: 54 46
11-03 16:41:53.987 D/HDMI ( 705): [R]: 54:46
11-03 16:41:53.988 D/hdmicecd( 482): [HdmiCecControl]:getPhysicalAddress, physical addr: 1200, last pa: 1200, ret = 0
11-03 16:41:53.988 D/HDMI ( 705): addCecDevice new:CEC: logical_address: 0x05 device_type: 5 cec_version: 5 vendor_id: 16777215 display_name: AudioSystem power_status: -1 physical_address: 0xFFFF port_id: -1 old:null
11-03 16:41:53.989 D/HdmiControlService( 705): Switching to full volume behavior
11-03 16:41:54.088 D/hdmicecd( 482): [CEC]:printCecMsgBuf, msg: 04 46
11-03 16:41:54.089 D/hdmicecd( 482): [CMsgQueue]:sendmsg now = 75845 msg[0] when = 76845
11-03 16:41:54.089 D/HDMI ( 705): [R]: 04:46
11-03 16:41:54.090 D/hdmicecd( 482): [HdmiCecControl]:getPhysicalAddress, physical addr: 1200, last pa: 1200, ret = 0
11-03 16:41:54.090 D/HDMI ( 705): addCecDevice new:CEC: logical_address: 0x00 device_type: 0 cec_version: 5 vendor_id: 16777215 display_name: TV power_status: -1 physical_address: 0xFFFF port_id: -1 old:null
11-03 16:41:54.091 D/HdmiControlService( 705): Switching to full volume behavior
11-03 16:41:54.342 D/hdmicecd( 482): [CEC]:printCecMessage, [4 -> f] len: 4, body: 87 1c a4 10, result:success
11-03 16:41:54.342 E/IPCThreadState( 482): binder thread pool (1 threads) starved for 423 ms
11-03 16:41:54.343 D/HDMI ( 705): [S]: 40:8C
11-03 16:41:54.421 D/hdmicecd( 482): [CEC]:printCecMessage, [4 -> 0] len: 1, body: 8c, result:success
11-03 16:41:54.422 D/HDMI ( 705): [S]: 40:47:44:42:42:4F:58:2D:41:33
11-03 16:41:54.422 D/hdmicecd( 482): [CMsgQueue]:msg size is 0, break
11-03 16:41:54.696 D/hdmicecd( 482): [CEC]:printCecMessage, [4 -> 0] len: 9, body: 47 44 42 42 4f 58 2d 41 33, result:success
11-03 16:41:54.696 E/IPCThreadState( 482): binder thread pool (1 threads) starved for 274 ms
11-03 16:41:54.697 D/HDMI ( 705): [S]: 45:7D
11-03 16:41:54.781 D/hdmicecd( 482): [CEC]:printCecMessage, [4 -> 5] len: 1, body: 7d, result:success
11-03 16:41:54.785 D/MesonDisplay( 299): read /sys/class/amhdmitx/amhdmitx0/hdcp_lstore, result length:0, val:
11-03 16:41:54.873 D/hdmicecd( 482): [CEC]:printCecMsgBuf, msg: 54 7e 01
11-03 16:41:54.874 D/HDMI ( 705): [R]: 54:7E:01
11-03 16:41:55.034 D/hdmicecd( 482): [CEC]:printCecMsgBuf, msg: 0f 87 00 ec 0a
11-03 16:41:55.035 D/HDMI ( 705): [R]: 0F:87:00:EC:0A
11-03 16:41:55.035 D/hdmicecd( 482): [HdmiCecControl]:getPhysicalAddress, physical addr: 1200, last pa: 1200, ret = 0
11-03 16:41:55.117 D/hdmicecd( 482): [CEC]:printCecMsgBuf, msg: 04 8c
11-03 16:41:55.118 D/HDMI ( 705): [R]: 04:8C
11-03 16:41:55.118 D/hdmicecd( 482): [HdmiCecControl]:getVendorId, vendorId: 0x1CA410
11-03 16:41:55.225 D/hdmicecd( 482): [CEC]:printCecMessage, [4 -> e] len: 0, body:, result:no ack
11-03 16:41:55.225 E/IPCThreadState( 482): binder thread pool (1 threads) starved for 444 ms
11-03 16:41:55.225 D/HDMI ( 705): [S]: 45:47:44:42:42:4F:58:2D:41:33
11-03 16:41:55.500 D/hdmicecd( 482): [CEC]:printCecMessage, [4 -> 5] len: 9, body: 47 44 42 42 4f 58 2d 41 33, result:success
11-03 16:41:55.501 E/IPCThreadState( 482): binder thread pool (1 threads) starved for 276 ms
11-03 16:41:55.501 D/HDMI ( 705): [S]: 40:47:44:42:42:4F:58:2D:41:33
11-03 16:41:55.776 D/hdmicecd( 482): [CEC]:printCecMessage, [4 -> 0] len: 9, body: 47 44 42 42 4f 58 2d 41 33, result:success
11-03 16:41:55.777 E/IPCThreadState( 482): binder thread pool (1 threads) starved for 275 ms
11-03 16:41:55.777 D/HDMI ( 705): [S]: 4F:87:1C:A4:10
11-03 16:41:55.785 D/MesonDisplay( 299): read /sys/class/amhdmitx/amhdmitx0/hdcp_lstore, result length:0, val:
11-03 16:41:55.934 D/hdmicecd( 482): [CEC]:printCecMessage, [4 -> f] len: 4, body: 87 1c a4 10, result:success
11-03 16:41:55.934 E/IPCThreadState( 482): binder thread pool (1 threads) starved for 157 ms
11-03 16:41:55.989 D/hdmicecd( 482): [CEC]:printCecMessage, [4 -> b] len: 0, body:, result:no ack
11-03 16:41:56.045 D/hdmicecd( 482): [CEC]:printCecMessage, [4 -> 8] len: 0, body:, result:no ack
11-03 16:41:56.101 D/hdmicecd( 482): [CEC]:printCecMessage, [4 -> 5] len: 0, body:, result:success
11-03 16:41:56.161 D/hdmicecd( 482): [CEC]:printCecMessage, [4 -> 3] len: 0, body:, result:success
11-03 16:41:56.221 D/hdmicecd( 482): [CEC]:printCecMessage, [4 -> 1] len: 0, body:, result:no ack
11-03 16:41:56.246 I/BLEAudioDrive_HV412( 469): select timeout!
11-03 16:41:56.277 D/hdmicecd( 482): [CEC]:printCecMessage, [4 -> 0] len: 0, body:, result:success
11-03 16:41:56.277 D/HdmiCecController( 705): [P]:AllocatedAddress=[5, 3, 0]
11-03 16:41:56.278 D/HDMI ( 705): [S]: 45:83
11-03 16:41:56.357 D/hdmicecd( 482): [CEC]:printCecMessage, [4 -> 5] len: 1, body: 83, result:success
11-03 16:41:56.472 I/WifiHAL ( 493): call wifi_get_link_stats handler
11-03 16:41:56.472 I/WifiHAL ( 493): Creating message to get link statistics; iface = 16
11-03 16:41:56.472 D/WifiHAL ( 493): error code -95 mapped to -3
11-03 16:41:56.473 E/WifiStaIfaceAidlImpl( 705): getLinkLayerStats failed with service-specific exception: android.os.ServiceSpecificException: (code 4)
11-03 16:41:56.497 D/hdmicecd( 482): [CEC]:printCecMsgBuf, msg: 5f 84 10 00 05
11-03 16:41:56.498 D/HDMI ( 705): [R]: 5F:84:10:00:05
11-03 16:41:56.499 D/hdmicecd( 482): [HdmiCecControl]:getPhysicalAddress, physical addr: 1200, last pa: 1200, ret = 0
11-03 16:41:56.499 D/hdmicecd( 482): [HdmiCecControl]:getPhysicalAddress, physical addr: 1200, last pa: 1200, ret = 0
11-03 16:41:56.500 D/HDMI ( 705): addCecDevice new:CEC: logical_address: 0x05 device_type: 5 cec_version: 5 vendor_id: 16777215 display_name: AudioSystem power_status: -1 physical_address: 0x1000 port_id: -1 old:CEC: logical_address: 0x05 device_type: 5 cec_version: 5 vendor_id: 16777215 display_name: AudioSystem power_status: -1 physical_address: 0xFFFF port_id: -1
11-03 16:41:56.501 D/HdmiControlService( 705): Switching to full volume behavior
11-03 16:41:56.502 D/hdmicecd( 482): [HdmiCecControl]:getPhysicalAddress, physical addr: 1200, last pa: 1200, ret = 0
11-03 16:41:56.503 D/HDMI ( 705): [S]: 43:83
11-03 16:41:56.585 D/hdmicecd( 482): [CEC]:printCecMessage, [4 -> 3] len: 1, body: 83, result:success
11-03 16:41:56.590 D/ActivityManager( 705): freezing 2418 com.android.providers.tv
11-03 16:41:56.719 D/uninstall( 3127): isAllowStart last_delay 0, current_time 1762159316
11-03 16:41:56.719 I/uninstall( 3127): enable_service com.ktcp.video/com.tencent.qqlivetv.keeplive.proc.DaemonService com.ktcp.video/(null)
11-03 16:41:56.721 D/uninstall( 3127): enable_service waitpid
11-03 16:41:56.721 D/uninstall( 3402): enable_service pid == 0
11-03 16:41:56.721 D/uninstall( 3402): enable_service version >= 17 || version == 0 version == 34
11-03 16:41:56.725 D/hdmicecd( 482): [CEC]:printCecMsgBuf, msg: 3f 84 10 00 03
11-03 16:41:56.735 D/HDMI ( 705): [R]: 3F:84:10:00:03
11-03 16:41:56.735 D/hdmicecd( 482): [HdmiCecControl]:getPhysicalAddress, physical addr: 1200, last pa: 1200, ret = 0
11-03 16:41:56.736 D/HDMI ( 705): addCecDevice new:CEC: logical_address: 0x03 device_type: 3 cec_version: 5 vendor_id: 16777215 display_name: Tuner_1 power_status: -1 physical_address: 0xFFFF port_id: -1 old:null
11-03 16:41:56.736 D/HdmiControlService( 705): Switching to full volume behavior
11-03 16:41:56.736 D/hdmicecd( 482): [HdmiCecControl]:getPhysicalAddress, physical addr: 1200, last pa: 1200, ret = 0
11-03 16:41:56.737 D/hdmicecd( 482): [HdmiCecControl]:getPhysicalAddress, physical addr: 1200, last pa: 1200, ret = 0
11-03 16:41:56.737 D/HDMI ( 705): addCecDevice new:CEC: logical_address: 0x03 device_type: 3 cec_version: 5 vendor_id: 16777215 display_name: Tuner_1 power_status: -1 physical_address: 0x1000 port_id: -1 old:CEC: logical_address: 0x03 device_type: 3 cec_version: 5 vendor_id: 16777215 display_name: Tuner_1 power_status: -1 physical_address: 0xFFFF port_id: -1
11-03 16:41:56.738 D/HdmiControlService( 705): Switching to full volume behavior
11-03 16:41:56.738 W/TvInputHardwareManager( 705): The list already contains CEC: logical_address: 0x03 device_type: 3 cec_version: 5 vendor_id: 16777215 display_name: Tuner_1 power_status: -1 physical_address: 0x1000 port_id: -1; ignoring.
11-03 16:41:56.738 D/hdmicecd( 482): [HdmiCecControl]:getPhysicalAddress, physical addr: 1200, last pa: 1200, ret = 0
11-03 16:41:56.739 D/HDMI ( 705): [S]: 40:83
11-03 16:41:56.778 I/uninstall( 3127): watchdaemon process_name = com.ktcp.video:daemon has gone, start it
11-03 16:41:56.779 D/uninstall( 3127): watchdaemon waitpid
11-03 16:41:56.779 D/uninstall( 3406): watchdaemon pid == 0
11-03 16:41:56.779 D/uninstall( 3406): watchdaemon version >= 17 || version == 0 version == 34
11-03 16:41:56.785 D/MesonDisplay( 299): read /sys/class/amhdmitx/amhdmitx0/hdcp_lstore, result length:0, val:
11-03 16:41:56.817 D/audio_hw_hal_ms12common( 469): func:ms12_timer_callback_handler sigv:0 ~~~~~~~~~~
11-03 16:41:56.817 D/audio_hw_hal_ms12v2( 469): set_dolby_ms12_continuous_state audio_continuous_standby_set status 1
11-03 16:41:56.817 D/audio_hw_hal_continuous_standby( 469): audio_continuous_standby_set, type 0, params 1
11-03 16:41:56.817 D/audio_hw_hal_ms12common( 469): aml_send_ms12_scheduler_state_2_ms12 adev:0xe46c0010, sch_state:1(SCHEDULER_STANDBY)
11-03 16:41:56.957 D/TrafficStats( 2717): tagSocket(226) with statsTag=0xffffffff, statsUid=-1
11-03 16:41:57.025 I/audio_hw_hal_alsamgr( 469): alsa format =0x1 delay frames =1024 total frames=3192000
11-03 16:41:57.033 W/XLOGReport( 2536): OtherSize: 30721, MainSize: 3418
11-03 16:41:57.164 I/com.ktcp.video( 2536): Background concurrent copying GC freed 257491(6995KB) AllocSpace objects, 1(516KB) LOS objects, 49% free, 9911KB/19MB, paused 136us,78us total 151.441ms
11-03 16:41:57.169 D/hdmicecd( 482): [CEC]:printCecMessage, [4 -> 0] len: 1, body: 83, result:success
11-03 16:41:57.169 E/IPCThreadState( 482): binder thread pool (1 threads) starved for 430 ms
11-03 16:41:57.265 I//apex/com.android.adbd/bin/adbd( 1395): type=1400 audit(0.0:1273): avc: denied { search } for comm=75736220666673206F70656E name="/" dev="functionfs" ino=24091 scontext=u:r:su:s0 tcontext=u:object_r:functionfs:s0 tclass=dir permissive=1
11-03 16:41:57.373 I/UsageStatsService( 705): Time changed in by 367246 seconds
11-03 16:41:57.375 D/OomAdjuster( 705): Not killing cached processes
11-03 16:41:57.378 I/PermissionControllerServiceImpl( 2176): Updating user sensitive for user 0
11-03 16:41:57.786 D/MesonDisplay( 299): read /sys/class/amhdmitx/amhdmitx0/hdcp_lstore, result length:0, val:
11-03 16:41:58.233 D/hdmicecd( 482): [CEC]:printCecMsgBuf, msg: 5f 72 01
11-03 16:41:58.234 D/HDMI ( 705): [R]: 5F:72:01
11-03 16:41:58.570 D/hdmicecd( 482): [CEC]:printCecMsgBuf, msg: 0f 84 00 00 00
11-03 16:41:58.572 D/HDMI ( 705): [R]: 0F:84:00:00:00
11-03 16:41:58.572 D/hdmicecd( 482): [HdmiCecControl]:getPhysicalAddress, physical addr: 1200, last pa: 1200, ret = 0
11-03 16:41:58.573 D/hdmicecd( 482): [HdmiCecControl]:getPhysicalAddress, physical addr: 1200, last pa: 1200, ret = 0
11-03 16:41:58.573 D/HDMI ( 705): addCecDevice new:CEC: logical_address: 0x00 device_type: 0 cec_version: 5 vendor_id: 60426 display_name: TV power_status: -1 physical_address: 0x0000 port_id: -1 old:CEC: logical_address: 0x00 device_type: 0 cec_version: 5 vendor_id: 60426 display_name: TV power_status: -1 physical_address: 0xFFFF port_id: -1
11-03 16:41:58.574 D/HdmiControlService( 705): Switching to full volume behavior
11-03 16:41:58.574 D/hdmicecd( 482): [HdmiCecControl]:getPhysicalAddress, physical addr: 1200, last pa: 1200, ret = 0
11-03 16:41:58.575 D/HDMI ( 705): [S]: 45:46
11-03 16:41:58.757 I/WifiService( 705): startScan uid=1000
11-03 16:41:58.759 E/ccc ( 2975): cccccc i will start scan
11-03 16:41:58.768 D/InstantWifi( 705): Drop, size: 1
11-03 16:41:58.786 D/MesonDisplay( 299): read /sys/class/amhdmitx/amhdmitx0/hdcp_lstore, result length:0, val:
11-03 16:41:58.788 D/hdmicecd( 482): [CEC]:printCecMsgBuf, msg: 5f 87 00 05 cd
11-03 16:41:58.789 D/HDMI ( 705): [R]: 5F:87:00:05:CD
11-03 16:41:58.790 D/hdmicecd( 482): [HdmiCecControl]:getPhysicalAddress, physical addr: 1200, last pa: 1200, ret = 0
11-03 16:41:58.920 D/hdmicecd( 482): [CEC]:printCecMessage, [4 -> 5] len: 1, body: 46, result:fail other
11-03 16:41:59.008 D/hdmicecd( 482): [CEC]:printCecMsgBuf, msg: 3f 87 00 05 cd
11-03 16:41:59.010 D/HDMI ( 705): [R]: 3F:87:00:05:CD
11-03 16:41:59.011 D/hdmicecd( 482): [HdmiCecControl]:getPhysicalAddress, physical addr: 1200, last pa: 1200, ret = 0
11-03 16:41:59.268 D/TrafficStats( 2536): tagSocket(265) with statsTag=0xffffffff, statsUid=-1
11-03 16:41:59.316 D/hdmicecd( 482): [CEC]:printCecMessage, [4 -> 5] len: 1, body: 46, result:fail other
11-03 16:41:59.316 E/IPCThreadState( 482): binder thread pool (1 threads) starved for 744 ms
11-03 16:41:59.448 D/ActivityManager( 705): freezing 2452 com.android.rkpdapp
11-03 16:41:59.448 D/ActivityManager( 705): freezing 2509 com.android.statementservice
11-03 16:41:59.476 I/WifiHAL ( 493): call wifi_get_link_stats handler
11-03 16:41:59.476 I/WifiHAL ( 493): Creating message to get link statistics; iface = 16
11-03 16:41:59.476 D/WifiHAL ( 493): error code -95 mapped to -3
11-03 16:41:59.477 E/WifiStaIfaceAidlImpl( 705): getLinkLayerStats failed with service-specific exception: android.os.ServiceSpecificException: (code 4)
11-03 16:41:59.486 W/nStackXCoAP( 3130): ParseDeviceJsonData:[149] :Can't find hicom version
11-03 16:41:59.486 D/nStackXCoAP( 3130): IsInSameNetwork:[276] :IsInSameNetwork exec
11-03 16:41:59.486 I/nStackXDFinder( 3130): GetLocalInterfaceDetail:[461] :GetLocalInterfaceDetail in
11-03 16:41:59.486 E/nStackXCoAP( 3130): IsInSameNetwork:[281] :IsInSameNetwork: not priority process
11-03 16:41:59.486 D/nStackXCoAP( 3130): ParseServiceDiscover:[330] :new device join
11-03 16:41:59.486 I/nStackXDFinder( 3130): NotifyDeviceListChanged:[540] :notify callback: device list changed callback is null
11-03 16:41:59.486 E/nStackXDFinder( 3130): GetLocalIp:[401] :GetLocalIp exec
11-03 16:41:59.540 D/nStackXCoAP( 3130): CoapMessageHandler:[133] :2.01
11-03 16:41:59.546 W/nStackXCoAP( 3130): ParseDeviceJsonData:[149] :Can't find hicom version
11-03 16:41:59.546 D/nStackXCoAP( 3130): IsInSameNetwork:[276] :IsInSameNetwork exec
11-03 16:41:59.546 I/nStackXDFinder( 3130): GetLocalInterfaceDetail:[461] :GetLocalInterfaceDetail in
11-03 16:41:59.546 E/nStackXCoAP( 3130): IsInSameNetwork:[281] :IsInSameNetwork: not priority process
11-03 16:41:59.546 D/nStackXCoAP( 3130): ParseServiceDiscover:[330] :new device join
11-03 16:41:59.546 E/nStackXDFinder( 3130): GetLocalIp:[401] :GetLocalIp exec
11-03 16:41:59.565 D/nStackXCoAP( 3130): CoapMessageHandler:[133] :2.01
11-03 16:41:59.704 D/hdmicecd( 482): [CEC]:printCecMessage, [4 -> 5] len: 1, body: 46, result:fail other
11-03 16:41:59.733 D/hdmicecd( 482): [CEC]:printCecMsgBuf, msg: 04 8f
11-03 16:41:59.734 D/HDMI ( 705): [R]: 04:8F
11-03 16:41:59.787 D/MesonDisplay( 299): read /sys/class/amhdmitx/amhdmitx0/hdcp_lstore, result length:0, val:
11-03 16:41:59.797 D/hdmicecd( 482): [CEC]:printCecMessage, [4 -> 5] len: 1, body: 46, result:success
11-03 16:41:59.797 E/IPCThreadState( 482): binder thread pool (1 threads) starved for 481 ms
11-03 16:41:59.797 D/HDMI ( 705): [S]: 40:90:00
11-03 16:41:59.809 W/nStackXCoAP( 3130): ParseDeviceJsonData:[149] :Can't find hicom version
11-03 16:41:59.809 D/nStackXCoAP( 3130): IsInSameNetwork:[276] :IsInSameNetwork exec
11-03 16:41:59.809 I/nStackXDFinder( 3130): GetLocalInterfaceDetail:[461] :GetLocalInterfaceDetail in
11-03 16:41:59.809 E/nStackXCoAP( 3130): IsInSameNetwork:[281] :IsInSameNetwork: not priority process
11-03 16:41:59.809 D/nStackXCoAP( 3130): ParseServiceDiscover:[330] :new device join
11-03 16:41:59.809 E/nStackXDFinder( 3130): GetLocalIp:[401] :GetLocalIp exec
11-03 16:41:59.927 D/nStackXCoAP( 3130): CoapMessageHandler:[133] :2.01
11-03 16:42:00.089 W/nStackXCoAP( 3130): ParseDeviceJsonData:[149] :Can't find hicom version
11-03 16:42:00.089 D/nStackXCoAP( 3130): IsInSameNetwork:[276] :IsInSameNetwork exec
11-03 16:42:00.089 I/nStackXDFinder( 3130): GetLocalInterfaceDetail:[461] :GetLocalInterfaceDetail in
11-03 16:42:00.089 E/nStackXCoAP( 3130): IsInSameNetwork:[281] :IsInSameNetwork: not priority process
11-03 16:42:00.089 D/nStackXCoAP( 3130): ParseServiceDiscover:[330] :new device join
11-03 16:42:00.089 E/nStackXDFinder( 3130): GetLocalIp:[401] :GetLocalIp exec
11-03 16:42:00.106 D/hdmicecd( 482): [CEC]:printCecMsgBuf, msg: 54 47 41 56 52 2d 58 31 36 30 30 48
11-03 16:42:00.107 D/HDMI ( 705): [R]: 54:47:41:56:52:2D:58:31:36:30:30:48
11-03 16:42:00.107 D/HdmiCecNetwork( 705): Updating device OSD name from AudioSystem to AVR-X1600H
11-03 16:42:00.108 D/hdmicecd( 482): [HdmiCecControl]:getPhysicalAddress, physical addr: 1200, last pa: 1200, ret = 0
11-03 16:42:00.184 D/hdmicecd( 482): [CEC]:printCecMessage, [4 -> 0] len: 2, body: 90 00, result:fail other
11-03 16:42:00.205 D/nStackXCoAP( 3130): CoapMessageHandler:[133] :2.01
11-03 16:42:00.365 W/nStackXCoAP( 3130): ParseDeviceJsonData:[149] :Can't find hicom version
11-03 16:42:00.365 D/nStackXCoAP( 3130): IsInSameNetwork:[276] :IsInSameNetwork exec
11-03 16:42:00.365 I/nStackXDFinder( 3130): GetLocalInterfaceDetail:[461] :GetLocalInterfaceDetail in
11-03 16:42:00.365 E/nStackXCoAP( 3130): IsInSameNetwork:[281] :IsInSameNetwork: not priority process
11-03 16:42:00.365 D/nStackXCoAP( 3130): ParseServiceDiscover:[330] :new device join
11-03 16:42:00.365 E/nStackXDFinder( 3130): GetLocalIp:[401] :GetLocalIp exec
11-03 16:42:00.469 D/hdmicecd( 482): [CEC]:printCecMessage, [4 -> 0] len: 2, body: 90 00, result:success
11-03 16:42:00.470 D/HDMI ( 705): [S]: 43:46
11-03 16:42:00.488 D/nStackXCoAP( 3130): CoapMessageHandler:[133] :2.01
11-03 16:42:00.507 W/nStackXCoAP( 3130): ParseDeviceJsonData:[149] :Can't find hicom version
11-03 16:42:00.507 D/nStackXCoAP( 3130): IsInSameNetwork:[276] :IsInSameNetwork exec
11-03 16:42:00.507 I/nStackXDFinder( 3130): GetLocalInterfaceDetail:[461] :GetLocalInterfaceDetail in
11-03 16:42:00.507 E/nStackXCoAP( 3130): IsInSameNetwork:[281] :IsInSameNetwork: not priority process
11-03 16:42:00.507 D/nStackXCoAP( 3130): ParseServiceDiscover:[330] :new device join
11-03 16:42:00.507 E/nStackXDFinder( 3130): GetLocalIp:[401] :GetLocalIp exec
11-03 16:42:00.549 D/hdmicecd( 482): [CEC]:printCecMessage, [4 -> 3] len: 1, body: 46, result:success
11-03 16:42:00.549 E/IPCThreadState( 482): binder thread pool (1 threads) starved for 752 ms
11-03 16:42:00.629 D/nStackXCoAP( 3130): CoapMessageHandler:[133] :2.01
11-03 16:42:00.647 W/nStackXCoAP( 3130): ParseDeviceJsonData:[149] :Can't find hicom version
11-03 16:42:00.647 D/nStackXCoAP( 3130): IsInSameNetwork:[276] :IsInSameNetwork exec
11-03 16:42:00.647 I/nStackXDFinder( 3130): GetLocalInterfaceDetail:[461] :GetLocalInterfaceDetail in
11-03 16:42:00.647 E/nStackXCoAP( 3130): IsInSameNetwork:[281] :IsInSameNetwork: not priority process
11-03 16:42:00.647 D/nStackXCoAP( 3130): ParseServiceDiscover:[330] :new device join
11-03 16:42:00.647 E/nStackXDFinder( 3130): GetLocalIp:[401] :GetLocalIp exec
11-03 16:42:00.655 D/nStackXCoAP( 3130): CoapMessageHandler:[133] :2.01
11-03 16:42:00.787 D/MesonDisplay( 299): read /sys/class/amhdmitx/amhdmitx0/hdcp_lstore, result length:0, val:
11-03 16:42:00.788 W/nStackXCoAP( 3130): ParseDeviceJsonData:[149] :Can't find hicom version
11-03 16:42:00.788 D/nStackXCoAP( 3130): IsInSameNetwork:[276] :IsInSameNetwork exec
11-03 16:42:00.788 I/nStackXDFinder( 3130): GetLocalInterfaceDetail:[461] :GetLocalInterfaceDetail in
11-03 16:42:00.788 E/nStackXCoAP( 3130): IsInSameNetwork:[281] :IsInSameNetwork: not priority process
11-03 16:42:00.788 D/nStackXCoAP( 3130): ParseServiceDiscover:[330] :new device join
11-03 16:42:00.788 E/nStackXDFinder( 3130): GetLocalIp:[401] :GetLocalIp exec
11-03 16:42:00.799 D/nStackXCoAP( 3130): CoapMessageHandler:[133] :2.01
11-03 16:42:00.882 D/hdmicecd( 482): [CEC]:printCecMsgBuf, msg: 34 47 41 56 20 52 65 63 65 69 76 65 72
11-03 16:42:00.883 D/HDMI ( 705): [R]: 34:47:41:56:20:52:65:63:65:69:76:65:72
11-03 16:42:00.883 D/HdmiCecNetwork( 705): Updating device OSD name from Tuner_1 to AV Receiver
11-03 16:42:00.883 D/hdmicecd( 482): [HdmiCecControl]:getPhysicalAddress, physical addr: 1200, last pa: 1200, ret = 0
11-03 16:42:00.884 D/HDMI ( 705): [S]: 40:46
11-03 16:42:00.895 D/DroidlogicApplication( 997): end setCpusetsDefault
11-03 16:42:00.965 D/hdmicecd( 482): [CEC]:printCecMessage, [4 -> 0] len: 1, body: 46, result:success
11-03 16:42:01.081 W/nStackXCoAP( 3130): ParseDeviceJsonData:[149] :Can't find hicom version
11-03 16:42:01.081 D/nStackXCoAP( 3130): IsInSameNetwork:[276] :IsInSameNetwork exec
11-03 16:42:01.081 I/nStackXDFinder( 3130): GetLocalInterfaceDetail:[461] :GetLocalInterfaceDetail in
11-03 16:42:01.081 E/nStackXCoAP( 3130): IsInSameNetwork:[281] :IsInSameNetwork: not priority process
11-03 16:42:01.081 D/nStackXCoAP( 3130): ParseServiceDiscover:[330] :new device join
11-03 16:42:01.081 E/nStackXDFinder( 3130): GetLocalIp:[401] :GetLocalIp exec
11-03 16:42:01.091 W/nStackXCoAP( 3130): ParseDeviceJsonData:[149] :Can't find hicom version
11-03 16:42:01.091 D/nStackXCoAP( 3130): IsInSameNetwork:[276] :IsInSameNetwork exec
11-03 16:42:01.091 I/nStackXDFinder( 3130): GetLocalInterfaceDetail:[461] :GetLocalInterfaceDetail in
11-03 16:42:01.091 E/nStackXCoAP( 3130): IsInSameNetwork:[281] :IsInSameNetwork: not priority process
11-03 16:42:01.091 D/nStackXCoAP( 3130): ParseServiceDiscover:[330] :new device join
11-03 16:42:01.091 E/nStackXDFinder( 3130): GetLocalIp:[401] :GetLocalIp exec
11-03 16:42:01.094 D/nStackXCoAP( 3130): CoapMessageHandler:[133] :2.01
11-03 16:42:01.142 D/nStackXCoAP( 3130): CoapMessageHandler:[133] :2.01
11-03 16:42:01.248 W/ProcessStats( 705): Tracking association SourceState{811a585 com.ktcp.video:daemon/10089 Fgs #529} whose proc state 3 is better than process ProcessState{952ff9a com.ktcp.video/10089 pkg=com.ktcp.video} proc state 10 (5 skipped)
11-03 16:42:01.293 D/hdmicecd( 482): [CEC]:printCecMsgBuf, msg: 04 47 4d 69 54 56 2d 41 4e 53 50 30
11-03 16:42:01.304 D/HDMI ( 705): [R]: 04:47:4D:69:54:56:2D:41:4E:53:50:30
11-03 16:42:01.305 D/HdmiCecNetwork( 705): Updating device OSD name from TV to MiTV-ANSP0
11-03 16:42:01.305 D/hdmicecd( 482): [HdmiCecControl]:getPhysicalAddress, physical addr: 1200, last pa: 1200, ret = 0
11-03 16:42:01.306 D/HDMI ( 705): [S]: 45:8F
11-03 16:42:01.385 D/hdmicecd( 482): [CEC]:printCecMessage, [4 -> 5] len: 1, body: 8f, result:success
11-03 16:42:01.451 D/WifiNl80211Manager( 705): Scan result ready event
11-03 16:42:01.451 D/WifiNative( 705): Scan result ready event
11-03 16:42:01.453 W/IE_Capabilities( 705): Unknown RSN cipher suite: 6ac0f00
11-03 16:42:01.456 W/IE_Capabilities( 705): Unknown RSN cipher suite: 6ac0f00
11-03 16:42:01.477 D/hdmicecd( 482): [CEC]:printCecMsgBuf, msg: 54 90 00
11-03 16:42:01.482 E/ccc ( 2975): cccccc SCAN_RESULTS_AVAILABLE_ACTION hhhh
11-03 16:42:01.484 E/hq ( 1486): NetWorkStateReceiver:::NetWorkStateReceiver onReceive: 网络变化广播 >>>> intent.action=android.net.wifi.SCAN_RESULTS
11-03 16:42:01.486 D/HDMI ( 705): [R]: 54:90:00
11-03 16:42:01.487 D/hdmicecd( 482): [HdmiCecControl]:getPhysicalAddress, physical addr: 1200, last pa: 1200, ret = 0
11-03 16:42:01.488 D/HDMI ( 705): [S]: 43:8F
11-03 16:42:01.489 E/ccc ( 2975): cccccc result is not empty call back
11-03 16:42:01.489 E/ccc ( 2975): cccccc 666666666666666
11-03 16:42:01.490 I/WifiHAL ( 493): call wifi_get_link_stats handler
11-03 16:42:01.490 I/WifiHAL ( 493): Creating message to get link statistics; iface = 16
11-03 16:42:01.490 D/WifiHAL ( 493): error code -95 mapped to -3
11-03 16:42:01.490 E/WifiStaIfaceAidlImpl( 705): getLinkLayerStats failed with service-specific exception: android.os.ServiceSpecificException: (code 4)
11-03 16:42:01.502 W/nStackXCoAP( 3130): ParseDeviceJsonData:[149] :Can't find hicom version
11-03 16:42:01.502 D/nStackXCoAP( 3130): IsInSameNetwork:[276] :IsInSameNetwork exec
11-03 16:42:01.502 I/nStackXDFinder( 3130): GetLocalInterfaceDetail:[461] :GetLocalInterfaceDetail in
11-03 16:42:01.502 E/nStackXCoAP( 3130): IsInSameNetwork:[281] :IsInSameNetwork: not priority process
11-03 16:42:01.502 D/nStackXCoAP( 3130): ParseServiceDiscover:[330] :new device join
11-03 16:42:01.502 E/nStackXDFinder( 3130): GetLocalIp:[401] :GetLocalIp exec
11-03 16:42:01.503 W/eventbuscore( 1486): post Event:com.dangbei.leard.base.entity.event.NetWifiRssiEvent
11-03 16:42:01.517 E/ccc ( 2975): cccccc sort 4 32
11-03 16:42:01.523 D/nStackXCoAP( 3130): CoapMessageHandler:[133] :2.01
11-03 16:42:01.547 W/nStackXCoAP( 3130): ParseDeviceJsonData:[149] :Can't find hicom version
11-03 16:42:01.547 D/nStackXCoAP( 3130): IsInSameNetwork:[276] :IsInSameNetwork exec
11-03 16:42:01.547 I/nStackXDFinder( 3130): GetLocalInterfaceDetail:[461] :GetLocalInterfaceDetail in
11-03 16:42:01.547 E/nStackXCoAP( 3130): IsInSameNetwork:[281] :IsInSameNetwork: not priority process
11-03 16:42:01.547 D/nStackXCoAP( 3130): ParseServiceDiscover:[330] :new device join
11-03 16:42:01.547 E/nStackXDFinder( 3130): GetLocalIp:[401] :GetLocalIp exec
11-03 16:42:01.553 D/nStackXCoAP( 3130): CoapMessageHandler:[133] :2.01
11-03 16:42:01.569 D/hdmicecd( 482): [CEC]:printCecMessage, [4 -> 3] len: 1, body: 8f, result:success
11-03 16:42:01.582 W/system_server( 705): Cleared Reference was only reachable from finalizer (only reported once)
11-03 16:42:01.594 I/system_server( 705): Background young concurrent copying GC freed 530694(20MB) AllocSpace objects, 14(376KB) LOS objects, 52% free, 18MB/38MB, paused 317us,176us total 139.962ms
11-03 16:42:01.602 W/System ( 705): A resource failed to call release.
11-03 16:42:01.626 W/nStackXCoAP( 3130): ParseDeviceJsonData:[149] :Can't find hicom version
11-03 16:42:01.626 D/nStackXCoAP( 3130): IsInSameNetwork:[276] :IsInSameNetwork exec
11-03 16:42:01.626 I/nStackXDFinder( 3130): GetLocalInterfaceDetail:[461] :GetLocalInterfaceDetail in
11-03 16:42:01.626 E/nStackXCoAP( 3130): IsInSameNetwork:[281] :IsInSameNetwork: not priority process
11-03 16:42:01.626 D/nStackXCoAP( 3130): ParseServiceDiscover:[330] :new device join
11-03 16:42:01.626 E/nStackXDFinder( 3130): GetLocalIp:[401] :GetLocalIp exec
11-03 16:42:01.649 D/nStackXCoAP( 3130): CoapMessageHandler:[133] :2.01
11-03 16:42:01.661 D/hdmicecd( 482): [CEC]:printCecMsgBuf, msg: 34 90 00
11-03 16:42:01.661 D/HDMI ( 705): [R]: 34:90:00
11-03 16:42:01.662 D/hdmicecd( 482): [HdmiCecControl]:getPhysicalAddress, physical addr: 1200, last pa: 1200, ret = 0
11-03 16:42:01.663 D/HDMI ( 705): [S]: 40:8F
11-03 16:42:01.741 D/hdmicecd( 482): [CEC]:printCecMessage, [4 -> 0] len: 1, body: 8f, result:success
11-03 16:42:01.766 W/nStackXCoAP( 3130): ParseDeviceJsonData:[149] :Can't find hicom version
11-03 16:42:01.766 D/nStackXCoAP( 3130): IsInSameNetwork:[276] :IsInSameNetwork exec
11-03 16:42:01.766 I/nStackXDFinder( 3130): GetLocalInterfaceDetail:[461] :GetLocalInterfaceDetail in
11-03 16:42:01.766 E/nStackXCoAP( 3130): IsInSameNetwork:[281] :IsInSameNetwork: not priority process
11-03 16:42:01.766 D/nStackXCoAP( 3130): ParseServiceDiscover:[330] :new device join
11-03 16:42:01.766 E/nStackXDFinder( 3130): GetLocalIp:[401] :GetLocalIp exec
11-03 16:42:01.774 D/nStackXCoAP( 3130): CoapMessageHandler:[133] :2.01
11-03 16:42:01.787 D/MesonDisplay( 299): read /sys/class/amhdmitx/amhdmitx0/hdcp_lstore, result length:0, val:
11-03 16:42:01.849 D/hdmicecd( 482): [CEC]:printCecMsgBuf, msg: 04 90 00
11-03 16:42:01.849 D/hdmicecd( 482): [HdmiCecControl]:updateActiveState received tv power status 0
11-03 16:42:01.850 D/HDMI ( 705): [R]: 04:90:00
11-03 16:42:01.850 D/hdmicecd( 482): [HdmiCecControl]:getPhysicalAddress, physical addr: 1200, last pa: 1200, ret = 0
11-03 16:42:01.852 D/hdmicecd( 482): [HdmiCecControl]:getPhysicalAddress, physical addr: 1200, last pa: 1200, ret = 0
11-03 16:42:01.852 D/HDMI ( 705): addCecDevice new:CEC: logical_address: 0x05 device_type: 5 cec_version: 5 vendor_id: 1485 display_name: AVR-X1600H power_status: 0 physical_address: 0x1000 port_id: -1 old:CEC: logical_address: 0x05 device_type: 5 cec_version: 5 vendor_id: 1485 display_name: AVR-X1600H power_status: 0 physical_address: 0x1000 port_id: -1
11-03 16:42:01.853 D/HdmiControlService( 705): Switching to full volume behavior
11-03 16:42:01.853 D/hdmicecd( 482): [HdmiCecControl]:getPhysicalAddress, physical addr: 1200, last pa: 1200, ret = 0
11-03 16:42:01.854 D/HDMI ( 705): addCecDevice new:CEC: logical_address: 0x03 device_type: 3 cec_version: 5 vendor_id: 1485 display_name: AV Receiver power_status: 0 physical_address: 0x1000 port_id: -1 old:CEC: logical_address: 0x03 device_type: 3 cec_version: 5 vendor_id: 1485 display_name: AV Receiver power_status: 0 physical_address: 0x1000 port_id: -1
11-03 16:42:01.854 D/HdmiControlService( 705): Switching to full volume behavior
11-03 16:42:01.854 D/hdmicecd( 482): [HdmiCecControl]:getPhysicalAddress, physical addr: 1200, last pa: 1200, ret = 0
11-03 16:42:01.855 D/HDMI ( 705): addCecDevice new:CEC: logical_address: 0x00 device_type: 0 cec_version: 5 vendor_id: 60426 display_name: MiTV-ANSP0 power_status: 0 physical_address: 0x0000 port_id: -1 old:CEC: logical_address: 0x00 device_type: 0 cec_version: 5 vendor_id: 60426 display_name: MiTV-ANSP0 power_status: 0 physical_address: 0x0000 port_id: -1
11-03 16:42:01.855 D/HdmiControlService( 705): Switching to full volume behavior
11-03 16:42:01.856 D/hdmicecd( 482): [HdmiCecControl]:getPhysicalAddress, physical addr: 1200, last pa: 1200, ret = 0
11-03 16:42:01.856 D/HDMI ( 705): addCecDevice new:CEC: logical_address: 0x04 device_type: 4 cec_version: 5 vendor_id: 1877008 display_name: DBBOX-A3 power_status: 0 physical_address: 0x1200 port_id: 0 old:null
11-03 16:42:01.907 W/nStackXCoAP( 3130): ParseDeviceJsonData:[149] :Can't find hicom version
11-03 16:42:01.908 D/nStackXCoAP( 3130): IsInSameNetwork:[276] :IsInSameNetwork exec
11-03 16:42:01.908 I/nStackXDFinder( 3130): GetLocalInterfaceDetail:[461] :GetLocalInterfaceDetail in
11-03 16:42:01.908 E/nStackXCoAP( 3130): IsInSameNetwork:[281] :IsInSameNetwork: not priority process
11-03 16:42:01.908 D/nStackXCoAP( 3130): ParseServiceDiscover:[330] :new device join
11-03 16:42:01.908 E/nStackXDFinder( 3130): GetLocalIp:[401] :GetLocalIp exec
11-03 16:42:01.916 D/nStackXCoAP( 3130): CoapMessageHandler:[133] :2.01
11-03 16:42:02.185 W/nStackXCoAP( 3130): ParseDeviceJsonData:[149] :Can't find hicom version
11-03 16:42:02.185 D/nStackXCoAP( 3130): IsInSameNetwork:[276] :IsInSameNetwork exec
11-03 16:42:02.185 I/nStackXDFinder( 3130): GetLocalInterfaceDetail:[461] :GetLocalInterfaceDetail in
11-03 16:42:02.185 E/nStackXCoAP( 3130): IsInSameNetwork:[281] :IsInSameNetwork: not priority process
11-03 16:42:02.185 D/nStackXCoAP( 3130): ParseServiceDiscover:[330] :new device join
11-03 16:42:02.185 E/nStackXDFinder( 3130): GetLocalIp:[401] :GetLocalIp exec
11-03 16:42:02.192 D/nStackXCoAP( 3130): CoapMessageHandler:[133] :2.01
11-03 16:42:02.331 W/nStackXCoAP( 3130): ParseDeviceJsonData:[149] :Can't find hicom version
11-03 16:42:02.331 D/nStackXCoAP( 3130): IsInSameNetwork:[276] :IsInSameNetwork exec
11-03 16:42:02.331 I/nStackXDFinder( 3130): GetLocalInterfaceDetail:[461] :GetLocalInterfaceDetail in
11-03 16:42:02.331 E/nStackXCoAP( 3130): IsInSameNetwork:[281] :IsInSameNetwork: not priority process
11-03 16:42:02.331 D/nStackXCoAP( 3130): ParseServiceDiscover:[330] :new device join
11-03 16:42:02.331 E/nStackXDFinder( 3130): GetLocalIp:[401] :GetLocalIp exec
11-03 16:42:02.347 D/nStackXCoAP( 3130): CoapMessageHandler:[133] :2.01
11-03 16:42:02.466 W/nStackXCoAP( 3130): ParseDeviceJsonData:[149] :Can't find hicom version
11-03 16:42:02.466 D/nStackXCoAP( 3130): IsInSameNetwork:[276] :IsInSameNetwork exec
11-03 16:42:02.466 I/nStackXDFinder( 3130): GetLocalInterfaceDetail:[461] :GetLocalInterfaceDetail in
11-03 16:42:02.466 E/nStackXCoAP( 3130): IsInSameNetwork:[281] :IsInSameNetwork: not priority process
11-03 16:42:02.466 D/nStackXCoAP( 3130): ParseServiceDiscover:[330] :new device join
11-03 16:42:02.466 E/nStackXDFinder( 3130): GetLocalIp:[401] :GetLocalIp exec
11-03 16:42:02.474 D/nStackXCoAP( 3130): CoapMessageHandler:[133] :2.01
11-03 16:42:02.480 I/WifiHAL ( 493): call wifi_get_link_stats handler
11-03 16:42:02.480 I/WifiHAL ( 493): Creating message to get link statistics; iface = 16
11-03 16:42:02.480 D/WifiHAL ( 493): error code -95 mapped to -3
11-03 16:42:02.480 E/WifiStaIfaceAidlImpl( 705): getLinkLayerStats failed with service-specific exception: android.os.ServiceSpecificException: (code 4)
11-03 16:42:02.604 W/nStackXCoAP( 3130): ParseDeviceJsonData:[149] :Can't find hicom version
11-03 16:42:02.605 D/nStackXCoAP( 3130): IsInSameNetwork:[276] :IsInSameNetwork exec
11-03 16:42:02.605 I/nStackXDFinder( 3130): GetLocalInterfaceDetail:[461] :GetLocalInterfaceDetail in
11-03 16:42:02.605 E/nStackXCoAP( 3130): IsInSameNetwork:[281] :IsInSameNetwork: not priority process
11-03 16:42:02.605 D/nStackXCoAP( 3130): ParseServiceDiscover:[330] :new device join
11-03 16:42:02.605 E/nStackXDFinder( 3130): GetLocalIp:[401] :GetLocalIp exec
11-03 16:42:02.630 D/nStackXCoAP( 3130): CoapMessageHandler:[133] :2.01
11-03 16:42:02.746 W/nStackXCoAP( 3130): ParseDeviceJsonData:[149] :Can't find hicom version
11-03 16:42:02.746 D/nStackXCoAP( 3130): IsInSameNetwork:[276] :IsInSameNetwork exec
11-03 16:42:02.746 I/nStackXDFinder( 3130): GetLocalInterfaceDetail:[461] :GetLocalInterfaceDetail in
11-03 16:42:02.746 E/nStackXCoAP( 3130): IsInSameNetwork:[281] :IsInSameNetwork: not priority process
11-03 16:42:02.746 D/nStackXCoAP( 3130): ParseServiceDiscover:[330] :new device join
11-03 16:42:02.746 E/nStackXDFinder( 3130): GetLocalIp:[401] :GetLocalIp exec
11-03 16:42:02.754 D/nStackXCoAP( 3130): CoapMessageHandler:[133] :2.01
11-03 16:42:02.787 D/MesonDisplay( 299): read /sys/class/amhdmitx/amhdmitx0/hdcp_lstore, result length:0, val:
11-03 16:42:02.886 W/nStackXCoAP( 3130): ParseDeviceJsonData:[149] :Can't find hicom version
11-03 16:42:02.886 D/nStackXCoAP( 3130): IsInSameNetwork:[276] :IsInSameNetwork exec
11-03 16:42:02.886 I/nStackXDFinder( 3130): GetLocalInterfaceDetail:[461] :GetLocalInterfaceDetail in
11-03 16:42:02.886 E/nStackXCoAP( 3130): IsInSameNetwork:[281] :IsInSameNetwork: not priority process
11-03 16:42:02.886 D/nStackXCoAP( 3130): ParseServiceDiscover:[330] :new device join
11-03 16:42:02.886 E/nStackXDFinder( 3130): GetLocalIp:[401] :GetLocalIp exec
11-03 16:42:02.894 D/nStackXCoAP( 3130): CoapMessageHandler:[133] :2.01
11-03 16:42:03.025 W/nStackXCoAP( 3130): ParseDeviceJsonData:[149] :Can't find hicom version
11-03 16:42:03.025 D/nStackXCoAP( 3130): IsInSameNetwork:[276] :IsInSameNetwork exec
11-03 16:42:03.025 I/nStackXDFinder( 3130): GetLocalInterfaceDetail:[461] :GetLocalInterfaceDetail in
11-03 16:42:03.025 E/nStackXCoAP( 3130): IsInSameNetwork:[281] :IsInSameNetwork: not priority process
11-03 16:42:03.025 D/nStackXCoAP( 3130): ParseServiceDiscover:[330] :new device join
11-03 16:42:03.025 E/nStackXDFinder( 3130): GetLocalIp:[401] :GetLocalIp exec
11-03 16:42:03.034 D/nStackXCoAP( 3130): CoapMessageHandler:[133] :2.01
11-03 16:42:03.167 W/nStackXCoAP( 3130): ParseDeviceJsonData:[149] :Can't find hicom version
11-03 16:42:03.167 D/nStackXCoAP( 3130): IsInSameNetwork:[276] :IsInSameNetwork exec
11-03 16:42:03.167 I/nStackXDFinder( 3130): GetLocalInterfaceDetail:[461] :GetLocalInterfaceDetail in
11-03 16:42:03.167 E/nStackXCoAP( 3130): IsInSameNetwork:[281] :IsInSameNetwork: not priority process
11-03 16:42:03.167 D/nStackXCoAP( 3130): ParseServiceDiscover:[330] :new device join
11-03 16:42:03.167 E/nStackXDFinder( 3130): GetLocalIp:[401] :GetLocalIp exec
11-03 16:42:03.178 D/nStackXCoAP( 3130): CoapMessageHandler:[133] :2.01
11-03 16:42:03.309 W/nStackXCoAP( 3130): ParseDeviceJsonData:[149] :Can't find hicom version
11-03 16:42:03.309 D/nStackXCoAP( 3130): IsInSameNetwork:[276] :IsInSameNetwork exec
11-03 16:42:03.309 I/nStackXDFinder( 3130): GetLocalInterfaceDetail:[461] :GetLocalInterfaceDetail in
11-03 16:42:03.309 E/nStackXCoAP( 3130): IsInSameNetwork:[281] :IsInSameNetwork: not priority process
11-03 16:42:03.309 D/nStackXCoAP( 3130): ParseServiceDiscover:[330] :new device join
11-03 16:42:03.310 E/nStackXDFinder( 3130): GetLocalIp:[401] :GetLocalIp exec
11-03 16:42:03.320 D/nStackXCoAP( 3130): CoapMessageHandler:[133] :2.01
11-03 16:42:03.445 W/nStackXCoAP( 3130): ParseDeviceJsonData:[149] :Can't find hicom version
11-03 16:42:03.445 D/nStackXCoAP( 3130): IsInSameNetwork:[276] :IsInSameNetwork exec
11-03 16:42:03.445 I/nStackXDFinder( 3130): GetLocalInterfaceDetail:[461] :GetLocalInterfaceDetail in
11-03 16:42:03.445 E/nStackXCoAP( 3130): IsInSameNetwork:[281] :IsInSameNetwork: not priority process
11-03 16:42:03.445 D/nStackXCoAP( 3130): ParseServiceDiscover:[330] :new device join
11-03 16:42:03.445 E/nStackXDFinder( 3130): GetLocalIp:[401] :GetLocalIp exec
11-03 16:42:03.453 D/nStackXCoAP( 3130): CoapMessageHandler:[133] :2.01
11-03 16:42:03.587 W/nStackXCoAP( 3130): ParseDeviceJsonData:[149] :Can't find hicom version
11-03 16:42:03.587 D/nStackXCoAP( 3130): IsInSameNetwork:[276] :IsInSameNetwork exec
11-03 16:42:03.587 I/nStackXDFinder( 3130): GetLocalInterfaceDetail:[461] :GetLocalInterfaceDetail in
11-03 16:42:03.587 E/nStackXCoAP( 3130): IsInSameNetwork:[281] :IsInSameNetwork: not priority process
11-03 16:42:03.587 D/nStackXCoAP( 3130): ParseServiceDiscover:[330] :new device join
11-03 16:42:03.588 E/nStackXDFinder( 3130): GetLocalIp:[401] :GetLocalIp exec
11-03 16:42:03.594 D/nStackXCoAP( 3130): CoapMessageHandler:[133] :2.01
11-03 16:42:03.725 W/nStackXCoAP( 3130): ParseDeviceJsonData:[149] :Can't find hicom version
11-03 16:42:03.725 D/nStackXCoAP( 3130): IsInSameNetwork:[276] :IsInSameNetwork exec
11-03 16:42:03.725 I/nStackXDFinder( 3130): GetLocalInterfaceDetail:[461] :GetLocalInterfaceDetail in
11-03 16:42:03.725 E/nStackXCoAP( 3130): IsInSameNetwork:[281] :IsInSameNetwork: not priority process
11-03 16:42:03.725 D/nStackXCoAP( 3130): ParseServiceDiscover:[330] :new device join
11-03 16:42:03.725 E/nStackXDFinder( 3130): GetLocalIp:[401] :GetLocalIp exec
11-03 16:42:03.734 D/nStackXCoAP( 3130): CoapMessageHandler:[133] :2.01
11-03 16:42:03.788 D/MesonDisplay( 299): read /sys/class/amhdmitx/amhdmitx0/hdcp_lstore, result length:0, val:
11-03 16:42:03.865 W/nStackXCoAP( 3130): ParseDeviceJsonData:[149] :Can't find hicom version
11-03 16:42:03.865 D/nStackXCoAP( 3130): IsInSameNetwork:[276] :IsInSameNetwork exec
11-03 16:42:03.865 I/nStackXDFinder( 3130): GetLocalInterfaceDetail:[461] :GetLocalInterfaceDetail in
11-03 16:42:03.865 E/nStackXCoAP( 3130): IsInSameNetwork:[281] :IsInSameNetwork: not priority process
11-03 16:42:03.865 D/nStackXCoAP( 3130): ParseServiceDiscover:[330] :new device join
11-03 16:42:03.865 E/nStackXDFinder( 3130): GetLocalIp:[401] :GetLocalIp exec
11-03 16:42:03.880 D/nStackXCoAP( 3130): CoapMessageHandler:[133] :2.01
11-03 16:42:04.148 W/nStackXCoAP( 3130): ParseDeviceJsonData:[149] :Can't find hicom version
11-03 16:42:04.148 D/nStackXCoAP( 3130): IsInSameNetwork:[276] :IsInSameNetwork exec
11-03 16:42:04.148 I/nStackXDFinder( 3130): GetLocalInterfaceDetail:[461] :GetLocalInterfaceDetail in
11-03 16:42:04.148 E/nStackXCoAP( 3130): IsInSameNetwork:[281] :IsInSameNetwork: not priority process
11-03 16:42:04.148 D/nStackXCoAP( 3130): ParseServiceDiscover:[330] :new device join
11-03 16:42:04.148 E/nStackXDFinder( 3130): GetLocalIp:[401] :GetLocalIp exec
11-03 16:42:04.241 D/nStackXCoAP( 3130): CoapMessageHandler:[133] :2.01
11-03 16:42:04.296 W/nStackXCoAP( 3130): ParseDeviceJsonData:[149] :Can't find hicom version
11-03 16:42:04.296 D/nStackXCoAP( 3130): IsInSameNetwork:[276] :IsInSameNetwork exec
11-03 16:42:04.296 I/nStackXDFinder( 3130): GetLocalInterfaceDetail:[461] :GetLocalInterfaceDetail in
11-03 16:42:04.296 E/nStackXCoAP( 3130): IsInSameNetwork:[281] :IsInSameNetwork: not priority process
11-03 16:42:04.296 D/nStackXCoAP( 3130): ParseServiceDiscover:[330] :new device join
11-03 16:42:04.296 E/nStackXDFinder( 3130): GetLocalIp:[401] :GetLocalIp exec
11-03 16:42:04.307 D/nStackXCoAP( 3130): CoapMessageHandler:[133] :2.01
11-03 16:42:04.788 D/MesonDisplay( 299): read /sys/class/amhdmitx/amhdmitx0/hdcp_lstore, result length:0, val:
11-03 16:42:05.484 I/WifiHAL ( 493): call wifi_get_link_stats handler
11-03 16:42:05.484 I/WifiHAL ( 493): Creating message to get link statistics; iface = 16
11-03 16:42:05.484 D/WifiHAL ( 493): error code -95 mapped to -3
11-03 16:42:05.484 E/WifiStaIfaceAidlImpl( 705): getLinkLayerStats failed with service-specific exception: android.os.ServiceSpecificException: (code 4)
11-03 16:42:05.788 D/MesonDisplay( 299): read /sys/class/amhdmitx/amhdmitx0/hdcp_lstore, result length:0, val:
11-03 16:42:06.256 I/BLEAudioDrive_HV412( 469): select timeout!
11-03 16:42:06.789 D/MesonDisplay( 299): read /sys/class/amhdmitx/amhdmitx0/hdcp_lstore, result length:0, val:
11-03 16:42:06.871 D/uninstall( 3127): isAllowStart last_delay 0, current_time 1762159326
11-03 16:42:06.871 I/uninstall( 3127): enable_service com.ktcp.video/com.tencent.qqlivetv.keeplive.proc.DaemonService com.ktcp.video/(null)
11-03 16:42:06.871 D/uninstall( 3127): enable_service waitpid
11-03 16:42:06.871 D/uninstall( 3437): enable_service pid == 0
11-03 16:42:06.871 D/uninstall( 3437): enable_service version >= 17 || version == 0 version == 34
11-03 16:42:06.910 I/uninstall( 3127): watchdaemon process_name = com.ktcp.video:daemon has gone, start it
11-03 16:42:06.910 D/uninstall( 3127): watchdaemon waitpid
11-03 16:42:06.910 D/uninstall( 3441): watchdaemon pid == 0
11-03 16:42:06.910 D/uninstall( 3441): watchdaemon version >= 17 || version == 0 version == 34
11-03 16:42:07.615 D/OomAdjuster( 705): Not killing cached processes
11-03 16:42:07.789 D/MesonDisplay( 299): read /sys/class/amhdmitx/amhdmitx0/hdcp_lstore, result length:0, val:
11-03 16:42:08.331 D/WanClient( 1470): sendHeartMessage
11-03 16:42:08.332 D/WanClient( 1470): -----final------sendMessage: {"type":"2bKPMh2jwmQ="}
11-03 16:42:08.357 D/WanClient( 1470): onMessage:Thread[WebSocketConnectReadThread-71,5,main]--{"msg":"+MSejyjwlbc="}
11-03 16:42:08.359 D/WanClient( 1470): onMessageReceived:Thread[WebSocketConnectReadThread-71,5,main] {"msg":"+MSejyjwlbc="}
11-03 16:42:08.359 D/WanClient( 1470): type: null
11-03 16:42:08.359 D/WanClient( 1470): send:HB7FxtN64oc=
11-03 16:42:08.359 D/WanClient( 1470): leave:uQ3qCmhm4oA=
11-03 16:42:08.359 D/WanClient( 1470): join:7EsoetslBbs=
11-03 16:42:08.359 D/WanClient( 1470): q5TrJmBoEmShmpfjN3vFNg==
11-03 16:42:08.488 I/WifiHAL ( 493): call wifi_get_link_stats handler
11-03 16:42:08.489 I/WifiHAL ( 493): Creating message to get link statistics; iface = 16
11-03 16:42:08.489 D/WifiHAL ( 493): error code -95 mapped to -3
11-03 16:42:08.489 E/WifiStaIfaceAidlImpl( 705): getLinkLayerStats failed with service-specific exception: android.os.ServiceSpecificException: (code 4)
11-03 16:42:08.789 D/MesonDisplay( 299): read /sys/class/amhdmitx/amhdmitx0/hdcp_lstore, result length:0, val:
11-03 16:42:09.789 D/MesonDisplay( 299): read /sys/class/amhdmitx/amhdmitx0/hdcp_lstore, result length:0, val:
11-03 16:42:10.121 V/HotPlugDetectionAction( 705): Poll all devices.
11-03 16:42:10.177 D/hdmicecd( 482): [CEC]:printCecMessage, [4 -> 0] len: 0, body:, result:success
11-03 16:42:10.233 D/hdmicecd( 482): [CEC]:printCecMessage, [4 -> 1] len: 0, body:, result:no ack
