10-30 10:40:22.927 D/SystemServerTimingAsync( 705): ssm.onCompletedEventUser-0_{|Unlocked|}_com.android.server.alarm.AlarmManagerService
10-30 10:40:22.927 D/SystemServerTimingAsync( 705): ssm.onCompletedEventUser-0_{|Unlocked|}_com.android.server.devicestate.DeviceStateManagerService
10-30 10:40:22.927 D/SystemServerTimingAsync( 705): ssm.onCompletedEventUser-0_{|Unlocked|}_com.android.server.camera.CameraServiceProxy
10-30 10:40:22.927 D/SystemServerTimingAsync( 705): ssm.onCompletedEventUser-0_{|Unlocked|}_com.android.server.bluetooth.BluetoothService
10-30 10:40:22.927 D/SystemServerTimingAsync( 705): ssm.onCompletedEventUser-0_{|Unlocked|}_com.android.server.connectivity.IpConnectivityMetrics
10-30 10:40:22.927 D/SystemServerTimingAsync( 705): ssm.onCompletedEventUser-0_{|Unlocked|}_com.android.server.net.watchlist.NetworkWatchlistService$Lifecycle
10-30 10:40:22.927 D/SystemServerTimingAsync( 705): ssm.onCompletedEventUser-0_{|Unlocked|}_com.android.server.PinnerService
10-30 10:40:22.927 D/SystemServerTimingAsync( 705): ssm.onCompletedEventUser-0_{|Unlocked|}_com.android.server.integrity.AppIntegrityManagerService
10-30 10:40:22.927 D/SystemServerTimingAsync( 705): ssm.onCompletedEventUser-0_{|Unlocked|}_com.android.server.logcat.LogcatManagerService
10-30 10:40:22.928 D/SystemServerTimingAsync( 705): ssm.onCompletedEventUser-0_{|Unlocked|}_com.android.server.inputmethod.InputMethodManagerService$Lifecycle
10-30 10:40:22.928 D/SystemServerTimingAsync( 705): ssm.onCompletedEventUser-0_{|Unlocked|}_com.android.server.accessibility.AccessibilityManagerService$Lifecycle
10-30 10:40:22.928 D/SystemServerTimingAsync( 705): ssm.onCompletedEventUser-0_{|Unlocked|}_com.android.server.StorageManagerService$Lifecycle
10-30 10:40:22.928 D/SystemServerTimingAsync( 705): ssm.onCompletedEventUser-0_{|Unlocked|}_com.android.server.usage.StorageStatsService$Lifecycle
10-30 10:40:22.928 D/SystemServerTimingAsync( 705): ssm.onCompletedEventUser-0_{|Unlocked|}_com.android.server.UiModeManagerService
10-30 10:40:22.928 D/SystemServerTimingAsync( 705): ssm.onCompletedEventUser-0_{|Unlocked|}_com.android.server.locales.LocaleManagerService
10-30 10:40:22.928 D/SystemServerTimingAsync( 705): ssm.onCompletedEventUser-0_{|Unlocked|}_com.android.server.grammaticalinflection.GrammaticalInflectionService
10-30 10:40:22.928 D/SystemServerTimingAsync( 705): ssm.onCompletedEventUser-0_{|Unlocked|}_com.android.server.apphibernation.AppHibernationService
10-30 10:40:22.928 D/SystemServerTimingAsync( 705): ssm.onCompletedEventUser-0_{|Unlocked|}_com.android.server.locksettings.LockSettingsService$Lifecycle
10-30 10:40:22.928 D/SystemServerTimingAsync( 705): ssm.onCompletedEventUser-0_{|Unlocked|}_com.android.server.PersistentDataBlockService
10-30 10:40:22.928 D/SystemServerTimingAsync( 705): ssm.onCompletedEventUser-0_{|Unlocked|}_com.android.server.testharness.TestHarnessModeService
10-30 10:40:22.928 D/SystemServerTimingAsync( 705): ssm.onCompletedEventUser-0_{|Unlocked|}_com.android.server.oemlock.OemLockService
10-30 10:40:22.928 D/SystemServerTimingAsync( 705): ssm.onCompletedEventUser-0_{|Unlocked|}_com.android.server.DeviceIdleController
10-30 10:40:22.928 D/SystemServerTimingAsync( 705): ssm.onCompletedEventUser-0_{|Unlocked|}_com.android.server.devicepolicy.DevicePolicyManagerService$Lifecycle
10-30 10:40:22.928 D/SystemServerTimingAsync( 705): ssm.onCompletedEventUser-0_{|Unlocked|}_com.android.server.texttospeech.TextToSpeechManagerService
10-30 10:40:22.928 D/SystemServerTimingAsync( 705): ssm.onCompletedEventUser-0_{|Unlocked|}_com.android.server.ambientcontext.AmbientContextManagerService
10-30 10:40:22.928 D/SystemServerTimingAsync( 705): ssm.onCompletedEventUser-0_{|Unlocked|}_com.android.server.wearable.WearableSensingManagerService
10-30 10:40:22.928 D/SystemServerTimingAsync( 705): ssm.onCompletedEventUser-0_{|Unlocked|}_com.android.server.speech.SpeechRecognitionManagerService
10-30 10:40:22.928 D/SystemServerTimingAsync( 705): ssm.onCompletedEventUser-0_{|Unlocked|}_com.android.server.searchui.SearchUiManagerService
10-30 10:40:22.928 D/SystemServerTimingAsync( 705): ssm.onCompletedEventUser-0_{|Unlocked|}_com.android.server.smartspace.SmartspaceManagerService
10-30 10:40:22.928 D/SystemServerTimingAsync( 705): ssm.onCompletedEventUser-0_{|Unlocked|}_com.android.server.graphics.fonts.FontManagerService$Lifecycle
10-30 10:40:22.928 D/SystemServerTimingAsync( 705): ssm.onCompletedEventUser-0_{|Unlocked|}_com.android.server.textservices.TextServicesManagerService$Lifecycle
10-30 10:40:22.928 D/SystemServerTimingAsync( 705): ssm.onCompletedEventUser-0_{|Unlocked|}_com.android.server.textclassifier.TextClassificationManagerService$Lifecycle
10-30 10:40:22.928 D/SystemServerTimingAsync( 705): ssm.onCompletedEventUser-0_{|Unlocked|}_com.android.server.NetworkScoreService$Lifecycle
10-30 10:40:22.928 D/SystemServerTimingAsync( 705): ssm.onCompletedEventUser-0_{|Unlocked|}_com.android.server.NetworkStatsServiceInitializer
10-30 10:40:22.928 D/SystemServerTimingAsync( 705): ssm.onCompletedEventUser-0_{|Unlocked|}_com.android.server.wifi.WifiService
10-30 10:40:22.928 D/SystemServerTimingAsync( 705): ssm.onCompletedEventUser-0_{|Unlocked|}_com.android.server.wifi.scanner.WifiScanningService
10-30 10:40:22.928 D/SystemServerTimingAsync( 705): ssm.onCompletedEventUser-0_{|Unlocked|}_com.android.server.wifi.p2p.WifiP2pService
10-30 10:40:22.928 D/SystemServerTimingAsync( 705): ssm.onCompletedEventUser-0_{|Unlocked|}_com.android.server.ConnectivityServiceInitializer
10-30 10:40:22.928 D/SystemServerTimingAsync( 705): ssm.onCompletedEventUser-0_{|Unlocked|}_com.android.server.notification.NotificationManagerService
10-30 10:40:22.928 D/SystemServerTimingAsync( 705): ssm.onCompletedEventUser-0_{|Unlocked|}_com.android.server.storage.DeviceStorageMonitorService
10-30 10:40:22.929 D/SystemServerTimingAsync( 705): ssm.onCompletedEventUser-0_{|Unlocked|}_com.android.server.timedetector.TimeDetectorService$Lifecycle
10-30 10:40:22.929 D/SystemServerTimingAsync( 705): ssm.onCompletedEventUser-0_{|Unlocked|}_com.android.server.location.LocationManagerService$Lifecycle
10-30 10:40:22.929 D/SystemServerTimingAsync( 705): ssm.onCompletedEventUser-0_{|Unlocked|}_com.android.server.timezonedetector.TimeZoneDetectorService$Lifecycle
10-30 10:40:22.929 D/SystemServerTimingAsync( 705): ssm.onCompletedEventUser-0_{|Unlocked|}_com.android.server.location.altitude.AltitudeService$Lifecycle
10-30 10:40:22.929 D/SystemServerTimingAsync( 705): ssm.onCompletedEventUser-0_{|Unlocked|}_com.android.server.timezonedetector.location.LocationTimeZoneManagerService$Lifecycle
10-30 10:40:22.929 D/SystemServerTimingAsync( 705): ssm.onCompletedEventUser-0_{|Unlocked|}_com.android.server.search.SearchManagerService$Lifecycle
10-30 10:40:22.929 D/SystemServerTimingAsync( 705): ssm.onCompletedEventUser-0_{|Unlocked|}_com.android.server.wallpaper.WallpaperManagerService$Lifecycle
10-30 10:40:22.930 D/SystemServerTimingAsync( 705): ssm.onCompletedEventUser-0_{|Unlocked|}_com.android.server.wallpapereffectsgeneration.WallpaperEffectsGenerationManagerService
10-30 10:40:22.930 D/SystemServerTimingAsync( 705): ssm.onCompletedEventUser-0_{|Unlocked|}_com.android.server.audio.AudioService$Lifecycle
10-30 10:40:22.930 D/SystemServerTimingAsync( 705): ssm.onCompletedEventUser-0_{|Unlocked|}_com.android.server.soundtrigger_middleware.SoundTriggerMiddlewareService$Lifecycle
10-30 10:40:22.930 D/SystemServerTimingAsync( 705): ssm.onCompletedEventUser-0_{|Unlocked|}_com.android.server.adb.AdbService$Lifecycle
10-30 10:40:22.930 D/SystemServerTimingAsync( 705): ssm.onCompletedEventUser-0_{|Unlocked|}_com.android.server.usb.UsbService$Lifecycle
10-30 10:40:22.930 D/SystemServerTimingAsync( 705): ssm.onCompletedEventUser-0_{|Unlocked|}_com.android.server.twilight.TwilightService
10-30 10:40:22.930 D/SystemServerTimingAsync( 705): ssm.onCompletedEventUser-0_{|Unlocked|}_com.android.server.display.color.ColorDisplayService
10-30 10:40:22.930 D/SystemServerTimingAsync( 705): ssm.onCompletedEventUser-0_{|Unlocked|}_com.android.server.job.JobSchedulerService
10-30 10:40:22.930 D/SystemServerTimingAsync( 705): ssm.onCompletedEventUser-0_{|Unlocked|}_com.android.server.soundtrigger.SoundTriggerService
10-30 10:40:22.930 D/SystemServerTimingAsync( 705): ssm.onCompletedEventUser-0_{|Unlocked|}_com.android.server.trust.TrustManagerService
10-30 10:40:22.930 D/SystemServerTimingAsync( 705): ssm.onCompletedEventUser-0_{|Unlocked|}_com.android.server.backup.BackupManagerService$Lifecycle
10-30 10:40:22.930 D/SystemServerTimingAsync( 705): ssm.onCompletedEventUser-0_{|Unlocked|}_com.android.server.appwidget.AppWidgetService
10-30 10:40:22.930 D/SystemServerTimingAsync( 705): ssm.onCompletedEventUser-0_{|Unlocked|}_com.android.server.GestureLauncherService
10-30 10:40:22.930 D/SystemServerTimingAsync( 705): ssm.onCompletedEventUser-0_{|Unlocked|}_com.android.server.SensorNotificationService
10-30 10:40:22.930 D/SystemServerTimingAsync( 705): ssm.onCompletedEventUser-0_{|Unlocked|}_com.android.server.emergency.EmergencyAffordanceService
10-30 10:40:22.931 D/SystemServerTimingAsync( 705): ssm.onCompletedEventUser-0_{|Unlocked|}_com.android.server.blob.BlobStoreManagerService
10-30 10:40:22.931 D/SystemServerTimingAsync( 705): ssm.onCompletedEventUser-0_{|Unlocked|}_com.android.server.dreams.DreamManagerService
10-30 10:40:22.931 D/SystemServerTimingAsync( 705): ssm.onCompletedEventUser-0_{|Unlocked|}_com.android.server.security.AttestationVerificationManagerService
10-30 10:40:22.931 D/SystemServerTimingAsync( 705): ssm.onCompletedEventUser-0_{|Unlocked|}_com.android.server.restrictions.RestrictionsManagerService
10-30 10:40:22.931 D/SystemServerTimingAsync( 705): ssm.onCompletedEventUser-0_{|Unlocked|}_com.android.server.media.MediaSessionService
10-30 10:40:22.931 D/SystemServerTimingAsync( 705): ssm.onCompletedEventUser-0_{|Unlocked|}_com.android.server.hdmi.HdmiControlService
10-30 10:40:22.931 D/SystemServerTimingAsync( 705): ssm.onCompletedEventUser-0_{|Unlocked|}_com.android.server.tv.interactive.TvInteractiveAppManagerService
10-30 10:40:22.931 D/SystemServerTimingAsync( 705): ssm.onCompletedEventUser-0_{|Unlocked|}_com.android.server.tv.TvInputManagerService
10-30 10:40:22.931 D/SystemServerTimingAsync( 705): ssm.onCompletedEventUser-0_{|Unlocked|}_com.android.server.media.MediaResourceMonitorService
10-30 10:40:22.931 D/SystemServerTimingAsync( 705): ssm.onCompletedEventUser-0_{|Unlocked|}_com.android.server.tv.TvRemoteService
10-30 10:40:22.931 D/SystemServerTimingAsync( 705): ssm.onCompletedEventUser-0_{|Unlocked|}_com.android.server.biometrics.BiometricService
10-30 10:40:22.931 D/SystemServerTimingAsync( 705): ssm.onCompletedEventUser-0_{|Unlocked|}_com.android.server.biometrics.AuthService
10-30 10:40:22.931 D/SystemServerTimingAsync( 705): ssm.onCompletedEventUser-0_{|Unlocked|}_com.android.server.pm.ShortcutService$Lifecycle
10-30 10:40:22.931 D/SystemServerTimingAsync( 705): ssm.onCompletedEventUser-0_{|Unlocked|}_com.android.server.pm.LauncherAppsService
10-30 10:40:22.931 D/SystemServerTimingAsync( 705): ssm.onCompletedEventUser-0_{|Unlocked|}_com.android.server.pm.CrossProfileAppsService
10-30 10:40:22.931 D/SystemServerTimingAsync( 705): ssm.onCompletedEventUser-0_{|Unlocked|}_com.android.server.people.PeopleService
10-30 10:40:22.931 D/SystemServerTimingAsync( 705): ssm.onCompletedEventUser-0_{|Unlocked|}_com.android.server.media.metrics.MediaMetricsManagerService
10-30 10:40:22.931 D/SystemServerTimingAsync( 705): ssm.onCompletedEventUser-0_{|Unlocked|}_com.android.server.pm.BackgroundInstallControlService
10-30 10:40:22.931 D/SystemServerTimingAsync( 705): ssm.onCompletedEventUser-0_{|Unlocked|}_com.android.server.media.projection.MediaProjectionManagerService
10-30 10:40:22.931 D/SystemServerTimingAsync( 705): ssm.onCompletedEventUser-0_{|Unlocked|}_com.android.server.slice.SliceManagerService$Lifecycle
10-30 10:40:22.931 D/SystemServerTimingAsync( 705): ssm.onCompletedEventUser-0_{|Unlocked|}_com.android.server.stats.StatsCompanion$Lifecycle
10-30 10:40:22.931 D/SystemServerTimingAsync( 705): ssm.onCompletedEventUser-0_{|Unlocked|}_com.android.server.scheduling.RebootReadinessManagerService$Lifecycle
10-30 10:40:22.931 D/SystemServerTimingAsync( 705): ssm.onCompletedEventUser-0_{|Unlocked|}_com.android.server.stats.pull.StatsPullAtomService
10-30 10:40:22.931 D/SystemServerTimingAsync( 705): ssm.onCompletedEventUser-0_{|Unlocked|}_com.android.server.stats.bootstrap.StatsBootstrapAtomService$Lifecycle
10-30 10:40:22.931 D/SystemServerTimingAsync( 705): ssm.onCompletedEventUser-0_{|Unlocked|}_com.android.server.incident.IncidentCompanionService
10-30 10:40:22.931 D/SystemServerTimingAsync( 705): ssm.onCompletedEventUser-0_{|Unlocked|}_com.android.server.sdksandbox.SdkSandboxManagerService$Lifecycle
10-30 10:40:22.931 D/SystemServerTimingAsync( 705): ssm.onCompletedEventUser-0_{|Unlocked|}_com.android.server.adservices.AdServicesManagerService$Lifecycle
10-30 10:40:22.931 D/SystemServerTimingAsync( 705): ssm.onCompletedEventUser-0_{|Unlocked|}_com.android.server.ondevicepersonalization.OnDevicePersonalizationSystemService$Lifecycle
10-30 10:40:22.931 D/SystemServerTimingAsync( 705): ssm.onCompletedEventUser-0_{|Unlocked|}_com.android.server.autofill.AutofillManagerService
10-30 10:40:22.931 D/SystemServerTimingAsync( 705): ssm.onCompletedEventUser-0_{|Unlocked|}_com.android.server.clipboard.ClipboardService
10-30 10:40:22.931 D/SystemServerTimingAsync( 705): ssm.onCompletedEventUser-0_{|Unlocked|}_com.android.server.appbinding.AppBindingService$Lifecycle
10-30 10:40:22.931 D/SystemServerTimingAsync( 705): ssm.onCompletedEventUser-0_{|Unlocked|}_com.android.server.tracing.TracingServiceProxy
10-30 10:40:22.931 D/SystemServerTimingAsync( 705): ssm.onCompletedEventUser-0_{|Unlocked|}_com.android.server.policy.PermissionPolicyService
10-30 10:40:22.931 D/SystemServerTimingAsync( 705): ssm.onCompletedEventUser-0_{|Unlocked|}_com.android.server.pm.StagingManager$Lifecycle
10-30 10:40:22.931 D/SystemServerTimingAsync( 705): ssm.onCompletedEventUser-0_{|Unlocked|}_com.android.server.app.GameManagerService$Lifecycle
10-30 10:40:22.931 D/SystemServerTimingAsync( 705): ssm.onCompletedEventUser-0_{|Unlocked|}_com.android.safetycenter.SafetyCenterService
10-30 10:40:22.931 D/SystemServerTimingAsync( 705): ssm.onCompletedEventUser-0_{|Unlocked|}_com.android.server.appsearch.AppSearchModule$Lifecycle
10-30 10:40:22.931 D/SystemServerTimingAsync( 705): ssm.onCompletedEventUser-0_{|Unlocked|}_com.android.server.media.MediaCommunicationService
10-30 10:40:22.931 D/SystemServerTimingAsync( 705): ssm.onCompletedEventUser-0_{|Unlocked|}_com.android.server.compat.overrides.AppCompatOverridesService$Lifecycle
10-30 10:40:22.931 D/SystemServerTimingAsync( 705): ssm.onCompletedEventUser-0_{|Unlocked|}_com.android.server.healthconnect.HealthConnectManagerService
10-30 10:40:22.931 D/SystemServerTimingAsync( 705): ssm.onCompletedEventUser-0_{|Unlocked|}_com.android.server.devicelock.DeviceLockService
10-30 10:40:22.933 D/SystemServerTimingAsync( 705): ssm.onCompletedEventUser-0_{|Unlocked|}_com.android.server.webkit.WebViewUpdateService
10-30 10:40:22.935 D/SystemServerTimingAsync( 705): ssm.onCompletedEventUser-0_{|Unlocked|}_com.android.server.voiceinteraction.VoiceInteractionManagerService
10-30 10:40:22.955 D/CompatibilityChangeReporter( 705): Compat change id reported: 168419799; UID 10077; state: DISABLED
10-30 10:40:22.955 D/CompatibilityChangeReporter( 705): Compat change id reported: 273564678; UID 10077; state: DISABLED
10-30 10:40:22.977 D/hdmicecd( 482): [CEC]:printCecMsgBuf, msg: 04 47 4d 69 54 56 2d 41 4e 53 50 30
10-30 10:40:22.978 D/HDMI ( 705): [R]: 04:47:4D:69:54:56:2D:41:4E:53:50:30
10-30 10:40:22.978 D/HdmiCecNetwork( 705): Updating device OSD name from TV to MiTV-ANSP0
10-30 10:40:22.984 D/hdmicecd( 482): [HdmiCecControl]:getPhysicalAddress, physical addr: 1200, last pa: 1200, ret = 0
10-30 10:40:22.986 D/HDMI ( 705): [S]: 45:8F
10-30 10:40:23.008 D/CompatibilityChangeReporter( 1380): Compat change id reported: 263076149; UID 10068; state: ENABLED
10-30 10:40:23.009 E/TaskWorkerFactory( 1380): Cannot create worker: com.android.devicelockcontroller.provision.worker.DeviceCheckInWorker
10-30 10:40:23.009 E/TaskWorkerFactory( 1380): java.lang.NoSuchMethodException: com.android.devicelockcontroller.provision.worker.DeviceCheckInWorker. [class android.content.Context, class androidx.work.WorkerParameters, interface com.google.common.util.concurrent.ListeningExecutorService]
10-30 10:40:23.009 E/TaskWorkerFactory( 1380): at java.lang.Class.getConstructor0(Class.java:3325)
10-30 10:40:23.009 E/TaskWorkerFactory( 1380): at java.lang.Class.getDeclaredConstructor(Class.java:3063)
10-30 10:40:23.009 E/TaskWorkerFactory( 1380): at com.android.devicelockcontroller.policy.TaskWorkerFactory.createWorker(TaskWorkerFactory.java:53)
10-30 10:40:23.009 E/TaskWorkerFactory( 1380): at androidx.work.DelegatingWorkerFactory.createWorker(DelegatingWorkerFactory.java:71)
10-30 10:40:23.009 E/TaskWorkerFactory( 1380): at androidx.work.WorkerFactory.createWorkerWithDefaultFallback(WorkerFactory.java:82)
10-30 10:40:23.009 E/TaskWorkerFactory( 1380): at androidx.work.impl.WorkerWrapper.runWorker(WorkerWrapper.java:240)
10-30 10:40:23.009 E/TaskWorkerFactory( 1380): at androidx.work.impl.WorkerWrapper.run(WorkerWrapper.java:142)
10-30 10:40:23.009 E/TaskWorkerFactory( 1380): at androidx.work.impl.utils.SerialExecutorImpl$Task.run(SerialExecutorImpl.java:96)
10-30 10:40:23.009 E/TaskWorkerFactory( 1380): at java.util.concurrent.ThreadPoolExecutor.runWorker(ThreadPoolExecutor.java:1145)
10-30 10:40:23.009 E/TaskWorkerFactory( 1380): at java.util.concurrent.ThreadPoolExecutor$Worker.run(ThreadPoolExecutor.java:644)
10-30 10:40:23.009 E/TaskWorkerFactory( 1380): at java.lang.Thread.run(Thread.java:1012)
10-30 10:40:23.009 D/WifiMemoryStoreImpl( 705): Set cluster G82c3020e45f4d969 for We2ff7ca184efb3e2: SUCCESS
10-30 10:40:23.016 D/IpClient/wlan0( 1058): addressUpdated: fe80::ad80:514c:8697:7435/64 on ifindex 16 flags 0x00000880 scope 253
10-30 10:40:23.022 D/CompatibilityChangeReporter( 2122): Compat change id reported: 171979766; UID 10077; state: DISABLED
10-30 10:40:23.022 D/CompatibilityChangeReporter( 2122): Compat change id reported: 242716250; UID 10077; state: DISABLED
10-30 10:40:23.026 D/CompatibilityChangeReporter( 705): Compat change id reported: 170503758; UID 10077; state: DISABLED
10-30 10:40:23.029 D/ApplicationLoaders( 2122): Returning zygote-cached class loader: /system/framework/android.test.base.jar
10-30 10:40:23.030 D/CompatibilityChangeReporter( 705): Compat change id reported: 168419799; UID 10025; state: DISABLED
10-30 10:40:23.030 D/CompatibilityChangeReporter( 705): Compat change id reported: 273564678; UID 10025; state: DISABLED
10-30 10:40:23.042 D/CompatibilityChangeReporter( 705): Compat change id reported: 265195908; UID 10025; state: ENABLED
10-30 10:40:23.051 D/CompatibilityChangeReporter( 2099): Compat change id reported: 171979766; UID 10025; state: ENABLED
10-30 10:40:23.052 D/CompatibilityChangeReporter( 2099): Compat change id reported: 242716250; UID 10025; state: ENABLED
10-30 10:40:23.060 D/nativeloader( 2122): Configuring clns-4 for other apk /system/framework/org.apache.http.legacy.jar. target_sdk_version=26, uses_libraries=ALL, library_path=/data/app/~~PeSNjMSvmQ_MAlzMv3td5A==/com.xiaodianshi.tv.yst-AGCEmaU4PZ_Nsz-2RwiiOg==/lib/arm:/data/app/~~PeSNjMSvmQ_MAlzMv3td5A==/com.xiaodianshi.tv.yst-AGCEmaU4PZ_Nsz-2RwiiOg==/base.apk!/lib/armeabi-v7a, permitted_path=/data:/mnt/expand:/data/user/0/com.xiaodianshi.tv.yst
10-30 10:40:23.072 D/hdmicecd( 482): [CEC]:printCecMessage, [4 -> 5] len: 1, body: 8f, result:success
10-30 10:40:23.073 D/WifiConfigStore( 705): Writing to stores completed in 52 ms.
10-30 10:40:23.080 V/MediaPlayerList( 1108): onActiveSessionsChanged: number of controllers: 0
10-30 10:40:23.080 D/AvrcpTargetJni( 1108): sendPlayerSettingsNative
10-30 10:40:23.080 I/bt_stack( 1108): [INFO:avrcp_service.cc(551)] virtual void bluetooth::avrcp::AvrcpService::SendPlayerSettingsChanged(std::vector, std::vector)
10-30 10:40:23.080 I/bt_stack( 1108): [INFO:avrcp_service.cc(565)] attribute=PlayerAttribute::REPEAT : value=PlayerRepeatValue::OFF
10-30 10:40:23.080 I/bt_stack( 1108): attribute=PlayerAttribute::SHUFFLE : value=PlayerShuffleValue::OFF
10-30 10:40:23.080 I/bt_stack( 1108):
10-30 10:40:23.088 D/CompatibilityChangeReporter( 705): Compat change id reported: 170503758; UID 10025; state: ENABLED
10-30 10:40:23.116 I/MediaSessionStack( 705): removeSession | record: com.xiaodianshi.tv.yst/YstMediaService (userId=0)
10-30 10:40:23.129 V/MediaPlayerList( 1108): onActiveSessionsChanged: number of controllers: 0
10-30 10:40:23.129 D/AvrcpTargetJni( 1108): sendPlayerSettingsNative
10-30 10:40:23.129 I/bt_stack( 1108): [INFO:avrcp_service.cc(551)] virtual void bluetooth::avrcp::AvrcpService::SendPlayerSettingsChanged(std::vector, std::vector)
10-30 10:40:23.129 I/bt_stack( 1108): [INFO:avrcp_service.cc(565)] attribute=PlayerAttribute::REPEAT : value=PlayerRepeatValue::OFF
10-30 10:40:23.129 I/bt_stack( 1108): attribute=PlayerAttribute::SHUFFLE : value=PlayerShuffleValue::OFF
10-30 10:40:23.129 I/bt_stack( 1108):
10-30 10:40:23.138 I/MediaSessionStack( 705): addSession to bottom of stack | record: com.xiaodianshi.tv.yst/YstMediaService (userId=0)
10-30 10:40:23.140 V/MediaPlayerList( 1108): onActiveSessionsChanged: number of controllers: 0
10-30 10:40:23.140 D/AvrcpTargetJni( 1108): sendPlayerSettingsNative
10-30 10:40:23.140 I/bt_stack( 1108): [INFO:avrcp_service.cc(551)] virtual void bluetooth::avrcp::AvrcpService::SendPlayerSettingsChanged(std::vector, std::vector)
10-30 10:40:23.140 I/bt_stack( 1108): [INFO:avrcp_service.cc(565)] attribute=PlayerAttribute::REPEAT : value=PlayerRepeatValue::OFF
10-30 10:40:23.140 I/bt_stack( 1108): attribute=PlayerAttribute::SHUFFLE : value=PlayerShuffleValue::OFF
10-30 10:40:23.140 I/bt_stack( 1108):
10-30 10:40:23.144 D/MainApplication( 1515): addIdleHandler
10-30 10:40:23.147 V/MediaPlayerList( 1108): onActiveSessionsChanged: number of controllers: 1
10-30 10:40:23.148 D/MediaPlayerList( 1108): onActiveSessionsChanged: controller: com.xiaodianshi.tv.yst
10-30 10:40:23.155 W/AudioCapabilities( 1515): Unsupported mime audio/vnd.dts.hd;profile=lbr
10-30 10:40:23.155 W/AudioCapabilities( 1515): Unsupported mime audio/ffmpeg
10-30 10:40:23.155 W/AudioCapabilities( 1515): Unsupported mime audio/mpeg-L1
10-30 10:40:23.232 I/RxCachedThreadS( 1894): type=1400 audit(0.0:975): avc: denied { search } for name="net" dev="sysfs" ino=12361 scontext=u:r:system_app:s0 tcontext=u:object_r:sysfs_net:s0 tclass=dir permissive=1
10-30 10:40:23.232 I/RxCachedThreadS( 1894): type=1400 audit(0.0:976): avc: denied { read } for name="address" dev="sysfs" ino=22143 scontext=u:r:system_app:s0 tcontext=u:object_r:sysfs_net:s0 tclass=file permissive=1
10-30 10:40:23.232 I/RxCachedThreadS( 1894): type=1400 audit(0.0:977): avc: denied { open } for path="/sys/devices/virtual/net/dummy0/address" dev="sysfs" ino=22143 scontext=u:r:system_app:s0 tcontext=u:object_r:sysfs_net:s0 tclass=file permissive=1
10-30 10:40:23.232 I/RxCachedThreadS( 1894): type=1400 audit(0.0:978): avc: denied { getattr } for path="/sys/devices/virtual/net/dummy0/address" dev="sysfs" ino=22143 scontext=u:r:system_app:s0 tcontext=u:object_r:sysfs_net:s0 tclass=file permissive=1
10-30 10:40:23.248 I/net_disconnect.( 2163): type=1400 audit(0.0:979): avc: denied { execute_no_trans } for path="/vendor/bin/rgb_led_ctl" dev="dm-19" ino=2922181 scontext=u:r:init:s0 tcontext=u:object_r:vendor_file:s0 tclass=file permissive=1
10-30 10:40:23.156 W/AudioCapabilities( 1515): Unsupported mime audio/mpeg-L2
10-30 10:40:23.158 W/VideoCapabilities( 1515): Unsupported mime video/avs
10-30 10:40:23.159 W/VideoCapabilities( 1515): Unsupported mime video/avs2
10-30 10:40:23.161 D/QuickLifeImpl( 1470): onReceive intent : Intent { act=android.net.conn.CONNECTIVITY_CHANGE flg=0x4200010 (has extras) }
10-30 10:40:23.162 D/QuickLifeImpl( 1470): networkInfo = [type: WIFI[], state: CONNECTED/CONNECTED, reason: (unspecified), extra: , failover: false, available: true, roaming: false]
10-30 10:40:23.162 D/QuickLifeImpl( 1470): network connected
10-30 10:40:23.163 D/hdmicecd( 482): [CEC]:printCecMsgBuf, msg: 54 90 00
10-30 10:40:23.171 D/nativeloader( 2099): Configuring clns-shared-4 for other apk /system/priv-app/PackageInstaller_tv/PackageInstaller_tv.apk. target_sdk_version=34, uses_libraries=, library_path=/system/priv-app/PackageInstaller_tv/lib/arm:/system/lib:/system_ext/lib, permitted_path=/data:/mnt/expand:/data/user_de/0/com.android.packageinstaller:/system/priv-app/PackageInstaller_tv:/system/lib:/system_ext/lib
10-30 10:40:23.173 W/System.err( 997): java.lang.NoSuchMethodException: android.net.SntpClient.requestTime [class java.lang.String, int, class android.net.Network]
10-30 10:40:23.173 W/System.err( 997): at java.lang.Class.getMethod(Class.java:2937)
10-30 10:40:23.174 W/System.err( 997): at java.lang.Class.getMethod(Class.java:2449)
10-30 10:40:23.174 W/System.err( 997): at com.droidlogic.NtpService.SyncTimeLock(NtpService.java:113)
10-30 10:40:23.174 W/System.err( 997): at com.droidlogic.NtpService.-$$Nest$mSyncTimeLock(Unknown Source:0)
10-30 10:40:23.174 W/System.err( 997): at com.droidlogic.NtpService$2.run(NtpService.java:104)
10-30 10:40:23.174 W/System.err( 997): at android.os.Handler.handleCallback(Handler.java:958)
10-30 10:40:23.174 W/System.err( 997): at android.os.Handler.dispatchMessage(Handler.java:99)
10-30 10:40:23.174 W/System.err( 997): at android.os.Looper.loopOnce(Looper.java:205)
10-30 10:40:23.174 W/System.err( 997): at android.os.Looper.loop(Looper.java:294)
10-30 10:40:23.174 W/System.err( 997): at android.os.HandlerThread.run(HandlerThread.java:67)
10-30 10:40:23.176 I/BrowsedPlayerWrapper( 1108): onConnected: com.xiaodianshi.tv.yst is connected
10-30 10:40:23.176 I/BrowsedPlayerWrapper( 1108): getFolderItems: Connected to browsable player: com.xiaodianshi.tv.yst
10-30 10:40:23.181 W/BestClock( 705): java.time.DateTimeException: Missing network time fix
10-30 10:40:23.182 W/BestClock( 705): java.time.DateTimeException: Missing network time fix
10-30 10:40:23.183 W/VideoCapabilities( 1515): Unsupported mime video/x-motion-jpeg
10-30 10:40:23.183 W/VideoCapabilities( 1515): Unrecognized profile/level 0/4 for video/mpeg2
10-30 10:40:23.183 D/HDMI ( 705): [R]: 54:90:00
10-30 10:40:23.183 I/VideoCapabilities( 1515): Unsupported profile 3 for video/mpeg2
10-30 10:40:23.183 I/VideoCapabilities( 1515): Unsupported profile 4 for video/mpeg2
10-30 10:40:23.183 I/VideoCapabilities( 1515): Unsupported profile 5 for video/mpeg2
10-30 10:40:23.183 W/VideoCapabilities( 1515): Unrecognized profile/level 0/4 for video/mpeg2
10-30 10:40:23.183 I/VideoCapabilities( 1515): Unsupported profile 3 for video/mpeg2
10-30 10:40:23.183 I/VideoCapabilities( 1515): Unsupported profile 4 for video/mpeg2
10-30 10:40:23.183 I/VideoCapabilities( 1515): Unsupported profile 5 for video/mpeg2
10-30 10:40:23.184 D/hdmicecd( 482): [HdmiCecControl]:getPhysicalAddress, physical addr: 1200, last pa: 1200, ret = 0
10-30 10:40:23.184 I/VideoCapabilities( 1515): Unsupported profile 2 for video/mp4v-es
10-30 10:40:23.184 I/VideoCapabilities( 1515): Unsupported profile 8 for video/mp4v-es
10-30 10:40:23.184 I/VideoCapabilities( 1515): Unsupported profile 16 for video/mp4v-es
10-30 10:40:23.184 I/VideoCapabilities( 1515): Unsupported profile 1024 for video/mp4v-es
10-30 10:40:23.185 W/VideoCapabilities( 1515): Unsupported mime video/rm10
10-30 10:40:23.185 D/HDMI ( 705): [S]: 43:8F
10-30 10:40:23.185 W/VideoCapabilities( 1515): Unsupported mime video/rm20
10-30 10:40:23.186 W/VideoCapabilities( 1515): Unsupported mime video/rm30
10-30 10:40:23.186 W/VideoCapabilities( 1515): Unsupported mime video/rm40
10-30 10:40:23.186 W/VideoCapabilities( 1515): Unsupported mime video/vc1
10-30 10:40:23.187 W/VideoCapabilities( 1515): Unsupported mime video/vc1
10-30 10:40:23.187 W/VideoCapabilities( 1515): Unsupported mime video/x-vnd.on2.vp6a
10-30 10:40:23.190 D/aaa ( 1525): action:android.net.conn.CONNECTIVITY_CHANGE
10-30 10:40:23.201 W/VideoCapabilities( 1515): Unsupported mime video/x-vnd.on2.vp6f
10-30 10:40:23.202 W/VideoCapabilities( 1515): Unsupported mime video/wmv1
10-30 10:40:23.203 W/VideoCapabilities( 1515): Unsupported mime video/wmv2
10-30 10:40:23.203 W/VideoCapabilities( 1515): Unsupported mime video/wmv3
10-30 10:40:23.205 D/QuickLifeImpl( 1470): updateConditionValue key = DANGBEI_NETWORK_CONNECT; value = 1
10-30 10:40:23.206 D/QuickLifeImpl( 1470): updateConditionValue key = DANGBEI_NETWORK_DISCONNECT; value = 0
10-30 10:40:23.225 D/bt_vendor( 470): op for 7
10-30 10:40:23.225 D/bt_upio ( 470): upio_set : pio 0 action 1, polarity 1
10-30 10:40:23.225 D/bt_upio ( 470): begin open btwrite.
10-30 10:40:23.226 E/bt_upio ( 470): upio_set : open(/proc/bluetooth/sleep/btwrite) for write failed: No such file or directory (2)
10-30 10:40:23.243 D/LanSocketServer( 1470): connect
10-30 10:40:23.265 D/hdmicecd( 482): [CEC]:printCecMessage, [4 -> 3] len: 1, body: 8f, result:success
10-30 10:40:23.283 I/chromium( 1940): [1030/104023:INFO:config_service.cc(227)] Load config buffer. err_code = 3, err_msg = Line: 1, column: 1, Unexpected token.
10-30 10:40:23.288 D/BLOG-EVENT-Network( 1515): network changed: 3=>1
10-30 10:40:23.290 D/TrafficStats( 1515): tagSocket(138) with statsTag=0xffffffff, statsUid=-1
10-30 10:40:23.297 D/TrafficStats( 1515): tagSocket(136) with statsTag=0xffffffff, statsUid=-1
10-30 10:40:23.300 V/GraphicsEnvironment( 2099): Currently set values for:
10-30 10:40:23.300 V/GraphicsEnvironment( 2099): angle_gl_driver_selection_pkgs=[]
10-30 10:40:23.300 V/GraphicsEnvironment( 2099): angle_gl_driver_selection_values=[]
10-30 10:40:23.302 V/GraphicsEnvironment( 2099): ANGLE GameManagerService for com.android.packageinstaller: false
10-30 10:40:23.302 V/GraphicsEnvironment( 2099): com.android.packageinstaller is not listed in per-application setting
10-30 10:40:23.302 V/GraphicsEnvironment( 2099): Neither updatable production driver nor prerelease driver is supported.
10-30 10:40:23.330 D/LanSocketServer( 1470): connect /192.168.3.201:6689
10-30 10:40:23.331 D/LanSocketServer( 1470): connect start
10-30 10:40:23.331 E/LanCommander( 1470): onNetWorkChanged: true
10-30 10:40:23.335 D/TrafficStats( 1470): tagSocket(89) with statsTag=0xffffffff, statsUid=-1
10-30 10:40:23.344 E/LanCommander( 1470): onServerCreatedSuccess 192.168.3.201:6689
10-30 10:40:23.347 I/CHInputSession( 1940): set engine mode: 2 layout: 2
10-30 10:40:23.350 E/dangbei111( 1470): 读出来的遥控器版本不是空 CSH251028
10-30 10:40:23.350 E/dangbei111( 1470): cccccc requestRemoteInfoInner factory NA version CSH251028
10-30 10:40:23.351 E/RCInfo ( 1470): RCBrand:NA
10-30 10:40:23.353 D/CompatibilityChangeReporter( 705): Compat change id reported: 135634846; UID 10067; state: DISABLED
10-30 10:40:23.353 D/CompatibilityChangeReporter( 705): Compat change id reported: 177438394; UID 10067; state: DISABLED
10-30 10:40:23.353 D/CompatibilityChangeReporter( 705): Compat change id reported: 135772972; UID 10067; state: DISABLED
10-30 10:40:23.353 D/CompatibilityChangeReporter( 705): Compat change id reported: 135754954; UID 10067; state: ENABLED
10-30 10:40:23.353 E/RCInfo ( 1470): RCBrand:NA
10-30 10:40:23.354 D/CompatibilityChangeReporter( 705): Compat change id reported: 143937733; UID 10067; state: ENABLED
10-30 10:40:23.357 D/hdmicecd( 482): [CEC]:printCecMsgBuf, msg: 34 90 00
10-30 10:40:23.361 D/HDMI ( 705): [R]: 34:90:00
10-30 10:40:23.361 D/hdmicecd( 482): [HdmiCecControl]:getPhysicalAddress, physical addr: 1200, last pa: 1200, ret = 0
10-30 10:40:23.362 D/HDMI ( 705): [S]: 40:8F
10-30 10:40:23.372 D/CHJNIDefault( 1940): setInputMode value=-1
10-30 10:40:23.373 I/InputContext( 1940): onChanged: candidateWords=[]
10-30 10:40:23.373 I/InputContext( 1940): onChanged: candidateWordInfo.size=0 global offset: 0pausedCandidateData = false
10-30 10:40:23.373 I/InputContext( 1940): onChanged: composing=null
10-30 10:40:23.373 I/InputContext( 1940): onChanged: forCompose=false
10-30 10:40:23.375 I/nw ( 1940): onChanged: input mode:languageID=0
10-30 10:40:23.375 I/nw ( 1940): scriptID=2
10-30 10:40:23.375 I/nw ( 1940): layoutID=2
10-30 10:40:23.375 I/SendAliveManager( 1940): doWhenNetworkStateChanged
10-30 10:40:23.376 D/Zygote ( 457): Forked child process 2176
10-30 10:40:23.377 I/ActivityManager( 705): Start proc 2176:com.android.permissioncontroller/u0a67 for broadcast {com.android.permissioncontroller/com.android.permissioncontroller.permission.service.LocationAccessCheck$SetupPeriodicBackgroundLocationAccessCheck}
10-30 10:40:23.383 I/CheckInWorker( 1380): perform check-in request
10-30 10:40:23.385 I/Zygote ( 2176): seccomp disabled by setenforce 0
10-30 10:40:23.391 I/ssioncontroller( 2176): Using CollectorTypeCC GC.
10-30 10:40:23.399 E/ssioncontroller( 2176): Not starting debugger since process cannot load the jdwp agent.
10-30 10:40:23.405 W/CheckInWorker( 1380): CheckIn failed. No device identifier available!
10-30 10:40:23.408 I/WM-WorkerWrapper( 1380): Worker result FAILURE for Work [ id=15f4608e-f5bc-47f9-8ed8-199a9712d28d, tags={ com.android.devicelockcontroller.provision.worker.DeviceCheckInWorker } ]
10-30 10:40:23.415 I/cr_LibraryLoader( 1515): Successfully loaded native library
10-30 10:40:23.425 D/CompatibilityChangeReporter( 705): Compat change id reported: 168419799; UID 10067; state: DISABLED
10-30 10:40:23.425 D/CompatibilityChangeReporter( 705): Compat change id reported: 273564678; UID 10067; state: DISABLED
10-30 10:40:23.430 D/CompatibilityChangeReporter( 705): Compat change id reported: 265195908; UID 10067; state: ENABLED
10-30 10:40:23.441 D/nativeloader( 2122): Configuring clns-5 for other apk /data/app/~~PeSNjMSvmQ_MAlzMv3td5A==/com.xiaodianshi.tv.yst-AGCEmaU4PZ_Nsz-2RwiiOg==/base.apk. target_sdk_version=26, uses_libraries=, library_path=/data/app/~~PeSNjMSvmQ_MAlzMv3td5A==/com.xiaodianshi.tv.yst-AGCEmaU4PZ_Nsz-2RwiiOg==/lib/arm:/data/app/~~PeSNjMSvmQ_MAlzMv3td5A==/com.xiaodianshi.tv.yst-AGCEmaU4PZ_Nsz-2RwiiOg==/base.apk!/lib/armeabi-v7a, permitted_path=/data:/mnt/expand:/data/user/0/com.xiaodianshi.tv.yst
10-30 10:40:23.443 D/hdmicecd( 482): [CEC]:printCecMessage, [4 -> 0] len: 1, body: 8f, result:success
10-30 10:40:23.444 I/cr_CachingUmaRecorder( 1515): Flushed 7 samples from 7 histograms, 0 samples were dropped.
10-30 10:40:23.468 D/CompatibilityChangeReporter( 2176): Compat change id reported: 171979766; UID 10067; state: ENABLED
10-30 10:40:23.469 D/CompatibilityChangeReporter( 2176): Compat change id reported: 242716250; UID 10067; state: ENABLED
10-30 10:40:23.475 D/CompatibilityChangeReporter( 705): Compat change id reported: 170503758; UID 10067; state: ENABLED
10-30 10:40:23.475 W/System ( 2122): ClassLoader referenced unknown path:
10-30 10:40:23.476 W/hi.tv.yst:stats( 2122): Unsupported class loader
10-30 10:40:23.484 E/AppListVm( 1486): requestMineApp from=secondScreenlayout auto
10-30 10:40:23.486 D/AppManager( 1486): checkLocalAppsIsValid:
10-30 10:40:23.491 D/nativeloader( 2176): Configuring clns-shared-4 for other apk /system/framework/org.apache.http.legacy.jar. target_sdk_version=34, uses_libraries=ALL, library_path=/apex/com.android.permission/priv-app/PermissionController@UD2A.240505.001.W1/lib/arm:/system/lib:/system_ext/lib, permitted_path=/data:/mnt/expand:/data/user_de/0/com.android.permissioncontroller:/apex/com.android.permission/priv-app/PermissionController@UD2A.240505.001.W1:/system/lib:/system_ext/lib
10-30 10:40:23.504 D/hq ( 1486): NetWorkStateReceiver:::检查网络,并且持续更新 isConnect=true
10-30 10:40:23.504 E/hq ( 1486): NetWorkStateReceiver:::Network is available. isConnect=false 是否频次过快=false t=1761792023504
10-30 10:40:23.505 W/eventbuscore( 1486): post Event:com.dangbei.leard.base.entity.event.NetStateEvent
10-30 10:40:23.507 D/AppManager( 1486): requestBlackAndWhiteList
10-30 10:40:23.507 D/AppListModel( 1486): requestAppFilterList: true , false
10-30 10:40:23.508 E/hq ( 1486): listenerNet:::重新来网了 key=image_error isConnect=true
10-30 10:40:23.508 E/hq ( 1486): listenerNet:::重新来网了 key=requestAppWhiteList isConnect=true
10-30 10:40:23.510 E/hq ( 1486): listenerNet:::重新来网了 key=ConfigureInterface:Init isConnect=true
10-30 10:40:23.512 E/hq ( 1486): listenerNet:::重新来网了 key=requestGetMessageRemind isConnect=true
10-30 10:40:23.514 D/TheRouter::RouterInject( 1486): interception::===interface com.dangbei.leard.protocol.weather.CalendarManagerInterface===CalendarManager45796587
10-30 10:40:23.514 E/hq ( 1486): listenerNet:::重新来网了 key=requestMessageConfig isConnect=true
10-30 10:40:23.516 E/hq ( 1486): listenerNet:::重新来网了 key=requestMessageDialog isConnect=true
10-30 10:40:23.517 D/yc_test ( 1486): refreshWeather: null
10-30 10:40:23.520 D/hq ( 1486): NetWorkStateReceiver:::检查网络,并且持续更新 isConnect=true
10-30 10:40:23.522 D/yc_test ( 1486): refreshWeather: null
10-30 10:40:23.530 E/DangXiaoBeiManager( 1486): setMessageList: true
10-30 10:40:23.532 W/JobScheduler( 705): Job didn't exist in JobStore: 41f46c7 #u0a68/45 com.android.devicelockcontroller/androidx.work.impl.background.systemjob.SystemJobService
10-30 10:40:23.539 E/hq ( 1486): 当小贝:::message list add complete data.messageList:[]
10-30 10:40:23.539 E/hq ( 1486): data.tabList=[]
10-30 10:40:23.539 I/hq ( 1486): 当小贝:::showMessage from=net_change
10-30 10:40:23.540 I/hq ( 1486): 当小贝:::showMessage 没有消息需要显示
10-30 10:40:23.543 D/TrafficStats( 1486): tagSocket(156) with statsTag=0xffffffff, statsUid=-1
10-30 10:40:23.549 D/hdmicecd( 482): [CEC]:printCecMsgBuf, msg: 04 90 00
10-30 10:40:23.549 D/hdmicecd( 482): [HdmiCecControl]:updateActiveState received tv power status 0
10-30 10:40:23.548 D/getEthernetMacAddr( 1470): getEthernetMacAddr use eth0
10-30 10:40:23.553 D/TrafficStats( 1486): tagSocket(111) with statsTag=0xffffffff, statsUid=-1
10-30 10:40:23.558 D/TrafficStats( 1486): tagSocket(144) with statsTag=0xffffffff, statsUid=-1
10-30 10:40:23.572 D/HDMI ( 705): [R]: 04:90:00
10-30 10:40:23.574 D/hdmicecd( 482): [HdmiCecControl]:getPhysicalAddress, physical addr: 1200, last pa: 1200, ret = 0
10-30 10:40:23.575 D/HDMI ( 705): addCecDevice new:CEC: logical_address: 0x05 device_type: 5 cec_version: 5 vendor_id: 1485 display_name: AVR-X1600H power_status: 0 physical_address: 0x1000 port_id: -1 old:CEC: logical_address: 0x05 device_type: 5 cec_version: 5 vendor_id: 1485 display_name: AVR-X1600H power_status: 0 physical_address: 0x1000 port_id: -1
10-30 10:40:23.575 D/HdmiControlService( 705): Switching to full volume behavior
10-30 10:40:23.576 D/hdmicecd( 482): [HdmiCecControl]:getPhysicalAddress, physical addr: 1200, last pa: 1200, ret = 0
10-30 10:40:23.576 D/HDMI ( 705): addCecDevice new:CEC: logical_address: 0x03 device_type: 3 cec_version: 5 vendor_id: 1485 display_name: AV Receiver power_status: 0 physical_address: 0x1000 port_id: -1 old:CEC: logical_address: 0x03 device_type: 3 cec_version: 5 vendor_id: 1485 display_name: AV Receiver power_status: 0 physical_address: 0x1000 port_id: -1
10-30 10:40:23.577 D/HdmiControlService( 705): Switching to full volume behavior
10-30 10:40:23.577 D/hdmicecd( 482): [HdmiCecControl]:getPhysicalAddress, physical addr: 1200, last pa: 1200, ret = 0
10-30 10:40:23.577 D/HDMI ( 705): addCecDevice new:CEC: logical_address: 0x00 device_type: 0 cec_version: 5 vendor_id: 60426 display_name: MiTV-ANSP0 power_status: 0 physical_address: 0x0000 port_id: -1 old:CEC: logical_address: 0x00 device_type: 0 cec_version: 5 vendor_id: 60426 display_name: MiTV-ANSP0 power_status: 0 physical_address: 0x0000 port_id: -1
10-30 10:40:23.578 D/HdmiControlService( 705): Switching to full volume behavior
10-30 10:40:23.578 D/hdmicecd( 482): [HdmiCecControl]:getPhysicalAddress, physical addr: 1200, last pa: 1200, ret = 0
10-30 10:40:23.579 D/HDMI ( 705): addCecDevice new:CEC: logical_address: 0x04 device_type: 4 cec_version: 5 vendor_id: 1877008 display_name: DBBOX-A3 power_status: 0 physical_address: 0x1200 port_id: 0 old:null
10-30 10:40:23.579 D/HDMI ( 705): Hot-plug detection started.
10-30 10:40:23.600 D/TrafficStats( 1486): tagSocket(140) with statsTag=0xffffffff, statsUid=-1
10-30 10:40:23.622 D/config.Worker( 1515): config,ver: null
10-30 10:40:23.622 D/ab.Worker( 1515): ab,ver: null
10-30 10:40:23.631 E/hq ( 1486): WeatherRefresh:::请求网络地址后,更新的地理位置为:null
10-30 10:40:23.649 D/TrafficStats( 1486): tagSocket(129) with statsTag=0xffffffff, statsUid=-1
10-30 10:40:23.657 D/getEthernetMacAddr( 1470): getEthernetMacAddr use eth0
10-30 10:40:23.669 D/CompatibilityChangeReporter( 705): Compat change id reported: 135634846; UID 99000; state: DISABLED
10-30 10:40:23.670 D/CompatibilityChangeReporter( 705): Compat change id reported: 143937733; UID 10077; state: ENABLED
10-30 10:40:23.686 D/getEthernetMacAddr( 1470): getEthernetMacAddr use eth0
10-30 10:40:23.695 D/aaa ( 1525): WiFi is connect
10-30 10:40:23.698 D/aaa ( 1525): WiFi is connect
10-30 10:40:23.702 D/config.Worker( 1515): config,ver: null
10-30 10:40:23.703 D/ab.Worker( 1515): ab,ver: null
10-30 10:40:23.716 D/nativeloader( 2176): Configuring clns-shared-5 for other apk /apex/com.android.permission/priv-app/PermissionController@UD2A.240505.001.W1/PermissionController.apk. target_sdk_version=34, uses_libraries=, library_path=/apex/com.android.permission/priv-app/PermissionController@UD2A.240505.001.W1/lib/arm:/system/lib:/system_ext/lib, permitted_path=/data:/mnt/expand:/data/user_de/0/com.android.permissioncontroller:/apex/com.android.permission/priv-app/PermissionController@UD2A.240505.001.W1:/system/lib:/system_ext/lib
10-30 10:40:23.722 D/nativeloader( 2176): InitApexLibraries:
10-30 10:40:23.722 D/nativeloader( 2176): com_android_adservices: libhpke_jni.so:libtflite_support_classifiers_native.so
10-30 10:40:23.722 D/nativeloader( 2176): com_android_appsearch: libicing.so
10-30 10:40:23.722 D/nativeloader( 2176): com_android_art: libartservice.so
10-30 10:40:23.722 D/nativeloader( 2176): com_android_btservices: libbluetooth_jni.so
10-30 10:40:23.722 D/nativeloader( 2176): com_android_conscrypt: libjavacrypto.so
10-30 10:40:23.722 D/nativeloader( 2176): com_android_extservices: libhpke_jni.so:libtflite_support_classifiers_native.so
10-30 10:40:23.722 D/nativeloader( 2176): com_android_os_statsd: libstats_jni.so
10-30 10:40:23.722 D/nativeloader( 2176): com_android_tethering: libandroid_net_connectivity_com_android_net_module_util_jni.so:libcronet.114.0.5735.84.so:libframework-connectivity-jni.so:libframework-connectivity-tiramisu-jni.so:libservice-connectivity.so
10-30 10:40:23.722 D/nativeloader( 2176): com_android_uwb: libuwb_uci_jni_rust.so
10-30 10:40:23.722 D/nativeloader( 2176): com_android_virt: libvirtualizationservice_jni.so:libvirtualmachine_jni.so
10-30 10:40:23.725 V/GraphicsEnvironment( 2122): Currently set values for:
10-30 10:40:23.725 V/GraphicsEnvironment( 2122): angle_gl_driver_selection_pkgs=[]
10-30 10:40:23.733 V/GraphicsEnvironment( 2122): angle_gl_driver_selection_values=[]
10-30 10:40:23.733 V/GraphicsEnvironment( 2122): ANGLE GameManagerService for com.xiaodianshi.tv.yst: false
10-30 10:40:23.734 V/GraphicsEnvironment( 2122): com.xiaodianshi.tv.yst is not listed in per-application setting
10-30 10:40:23.734 V/GraphicsEnvironment( 2122): Neither updatable production driver nor prerelease driver is supported.
10-30 10:40:23.737 I/Zygote ( 1081): Entering forkRepeatedly native zygote loop
10-30 10:40:23.747 E/hq ( 1486): WeatherRefresh:::请求网络地址后,更新的地理位置为:101280601
10-30 10:40:23.767 E/SecondScreen( 1486): isShowSecondScreen()=0 getCurrentPageState()=com.monster.gamma.core.LoadService@3d606e5
10-30 10:40:23.774 W/View ( 1486): requestLayout() improperly called by com.dangbei.launcher.home.view.second.view.AppRecyclerView{75dfa36 V.ED..... ......ID 80,0-1840,1080} during layout: running second layout pass
10-30 10:40:23.776 E/hq ( 1486): ErrorCoroutineExceptionHandler:::runTry error:com.dangbei.leard.base.proider.error.EmptyApiException: 数据为空 from=requestMessageDialog from=requestMessageDialog
10-30 10:40:23.780 D/ExifInterface( 1486): No image meets the size requirements of a thumbnail image.
10-30 10:40:23.795 D/BLogHelper( 1515): level=4
10-30 10:40:23.823 D/TrafficStats( 1486): tagSocket(143) with statsTag=0xffffffff, statsUid=-1
10-30 10:40:23.833 D/TrafficStats( 1486): tagSocket(121) with statsTag=0xffffffff, statsUid=-1
10-30 10:40:23.838 E/hq ( 1486): WeatherRefresh:::请求网络地址后,更新的地理位置为:101280601
10-30 10:40:23.845 D/Zygote ( 1081): Forked child process 2244
10-30 10:40:23.848 W/ActivityManager( 705): Slow operation: 179ms so far, now at startProcess: returned from zygote!
10-30 10:40:23.849 W/ActivityManager( 705): Slow operation: 179ms so far, now at startProcess: done updating battery stats
10-30 10:40:23.849 W/ActivityManager( 705): Slow operation: 180ms so far, now at startProcess: building log message
10-30 10:40:23.849 I/ActivityManager( 705): Start proc 2244:com.android.webview:sandboxed_process0:org.chromium.content.app.SandboxedProcessService0:0/u0ai9000 for {com.xiaodianshi.tv.yst/org.chromium.content.app.SandboxedProcessService0:0}
10-30 10:40:23.849 W/ActivityManager( 705): Slow operation: 180ms so far, now at startProcess: starting to update pids map
10-30 10:40:23.849 W/ActivityManager( 705): Slow operation: 180ms so far, now at startProcess: done updating pids map
10-30 10:40:23.865 D/AppListModel( 1486): requestAppFilterList: success
10-30 10:40:23.865 D/AppListModel( 1486): updateList
10-30 10:40:23.865 D/AppListModel( 1486): updateList: resetAppList
10-30 10:40:23.871 E/hq ( 1486): ErrorCoroutineExceptionHandler:::runTry error:com.dangbei.leard.base.proider.error.EmptyApiException: 数据为空 from=requestGetMessageRemind from=requestGetMessageRemind
10-30 10:40:23.882 I/Zygote ( 2244): seccomp disabled by setenforce 0
10-30 10:40:23.884 D/TrafficStats( 1486): tagSocket(111) with statsTag=0xffffffff, statsUid=-1
10-30 10:40:23.885 E/weather ( 1486):
10-30 10:40:23.888 E/weatherWidget( 1486): dataChange:Thu Oct 30 10:40:23 GMT+08:00 2025
10-30 10:40:23.890 I/ocessService0:0( 2244): Using CollectorTypeCC GC.
10-30 10:40:23.896 D/TrafficStats( 1486): tagSocket(160) with statsTag=0xffffffff, statsUid=-1
10-30 10:40:23.899 E/ocessService0:0( 2244): Not starting debugger since process cannot load the jdwp agent.
10-30 10:40:24.252 I/NsdService( 705): type=1400 audit(0.0:1021): avc: denied { read } for name="address" dev="sysfs" ino=22143 scontext=u:r:system_server:s0 tcontext=u:object_r:sysfs_net:s0 tclass=file permissive=1
10-30 10:40:24.252 I/NsdService( 705): type=1400 audit(0.0:1022): avc: denied { open } for path="/sys/devices/virtual/net/dummy0/address" dev="sysfs" ino=22143 scontext=u:r:system_server:s0 tcontext=u:object_r:sysfs_net:s0 tclass=file permissive=1
10-30 10:40:24.252 I/NsdService( 705): type=1400 audit(0.0:1023): avc: denied { getattr } for path="/sys/devices/virtual/net/dummy0/address" dev="sysfs" ino=22143 scontext=u:r:system_server:s0 tcontext=u:object_r:sysfs_net:s0 tclass=file permissive=1
10-30 10:40:24.272 I/lerad.etna.haqu( 1470): type=1400 audit(0.0:1024): avc: denied { read } for name="devices" dev="proc" ino=4026531982 scontext=u:r:system_app:s0 tcontext=u:object_r:proc:s0 tclass=file permissive=1
10-30 10:40:23.914 I/BoostMultiDex( 2122): BoostMultiDex is installing, version is 1.0.1
10-30 10:40:23.914 I/BoostMultiDex( 2122): VM with version 2.1.0 has support
10-30 10:40:23.914 I/BoostMultiDex( 2122): BoostMultiDex support library is disabled for VM capable
10-30 10:40:23.914 I/YstStartup( 2122): multidex cost=0
10-30 10:40:23.914 I/Btrace ( 2122): BTRACE_ENABLED:false inMainProcess: false
10-30 10:40:23.916 D/getEthernetMacAddr( 1470): getEthernetMacAddr use eth0
10-30 10:40:23.952 I/BackupManagerService( 705): [UserID:0] Stale backup journals: Scheduled 6 package(s) total
10-30 10:40:24.276 I/lerad.etna.haqu( 1470): type=1400 audit(0.0:1025): avc: denied { open } for path="/proc/bus/input/devices" dev="proc" ino=4026531982 scontext=u:r:system_app:s0 tcontext=u:object_r:proc:s0 tclass=file permissive=1
10-30 10:40:23.961 D/TrafficStats( 1486): tagSocket(135) with statsTag=0xffffffff, statsUid=-1
10-30 10:40:23.968 I/YstStartup( 2122): isNewStartup=false, process=com.xiaodianshi.tv.yst:stats
10-30 10:40:23.984 D/CompatibilityChangeReporter( 2244): Compat change id reported: 171979766; UID 99000; state: ENABLED
10-30 10:40:23.984 D/CompatibilityChangeReporter( 2244): Compat change id reported: 242716250; UID 99000; state: ENABLED
10-30 10:40:24.007 I/audio_hw_hal_alsamgr( 469): alsa format =0x24000000 delay frames =4672 total frames=3840000
10-30 10:40:24.014 D/TrafficStats( 1486): tagSocket(127) with statsTag=0xffffffff, statsUid=-1
10-30 10:40:24.046 D/TrafficStats( 1486): tagSocket(154) with statsTag=0xffffffff, statsUid=-1
10-30 10:40:24.048 W/System.err( 2122): java.lang.SecurityException: Failed to find provider com.bili.xds.sdk.bilidev.provider for user 0; expected to find a valid ContentProvider for this authority
10-30 10:40:24.050 D/TrafficStats( 1486): tagSocket(111) with statsTag=0xffffffff, statsUid=-1
10-30 10:40:24.057 D/TrafficStats( 1486): tagSocket(120) with statsTag=0xffffffff, statsUid=-1
10-30 10:40:24.058 W/System.err( 2122): at android.os.Parcel.createExceptionOrNull(Parcel.java:3079)
10-30 10:40:24.058 W/System.err( 2122): at android.os.Parcel.createException(Parcel.java:3063)
10-30 10:40:24.058 W/System.err( 2122): at android.os.Parcel.readException(Parcel.java:3046)
10-30 10:40:24.058 W/System.err( 2122): at android.os.Parcel.readException(Parcel.java:2988)
10-30 10:40:24.058 W/System.err( 2122): at android.content.IContentService$Stub$Proxy.registerContentObserver(IContentService.java:1032)
