10-30 10:40:13.791 D/CoreBackPreview( 705): Window{13414f5 u0 ShellDropTarget}: Setting back callback OnBackInvokedCallbackInfo{mCallback=android.window.IOnBackInvokedCallback$Stub$Proxy@2365eb6, mPriority=0, mIsAnimationCallback=false}
10-30 10:40:13.806 D/CompatibilityChangeReporter( 705): Compat change id reported: 218533173; UID 10040; state: DISABLED
10-30 10:40:13.807 D/CompatibilityChangeReporter( 705): Compat change id reported: 262645982; UID 10040; state: DISABLED
10-30 10:40:13.810 D/HDMI ( 705): addCecDevice new:CEC: logical_address: 0x0E device_type: 2 cec_version: 5 vendor_id: 16777215 display_name: Secondary_TV power_status: -1 physical_address: 0xFFFF port_id: -1 old:null
10-30 10:40:13.832 D/CompatibilityChangeReporter( 705): Compat change id reported: 218533173; UID 10007; state: ENABLED
10-30 10:40:13.839 D/CompatibilityChangeReporter( 705): Compat change id reported: 135634846; UID 10062; state: DISABLED
10-30 10:40:13.845 D/CompatibilityChangeReporter( 705): Compat change id reported: 143937733; UID 10062; state: ENABLED
10-30 10:40:13.870 I/ActivityManager( 705): Start proc 1161:android.ext.services/u0a62 for service {android.ext.services/android.ext.services.autofill.InlineSuggestionRenderServiceImpl}
10-30 10:40:13.878 D/CompatibilityChangeReporter( 705): Compat change id reported: 262645982; UID 10007; state: ENABLED
10-30 10:40:13.879 D/CompatibilityChangeReporter( 705): Compat change id reported: 218533173; UID 10019; state: ENABLED
10-30 10:40:13.908 D/CompatibilityChangeReporter( 705): Compat change id reported: 182478738; UID 1073; state: ENABLED
10-30 10:40:13.914 D/HDMI ( 705): addCecDevice new:CEC: logical_address: 0x04 device_type: 4 cec_version: 5 vendor_id: 1877008 display_name: DBBOX-A3 power_status: 0 physical_address: 0x1200 port_id: 0 old:null
10-30 10:40:13.917 D/CompatibilityChangeReporter( 705): Compat change id reported: 168419799; UID 10062; state: DISABLED
10-30 10:40:13.919 D/CompatibilityChangeReporter( 705): Compat change id reported: 273564678; UID 10062; state: DISABLED
10-30 10:40:13.928 D/HDMI ( 705): onInitializeCecComplete 1
10-30 10:40:13.928 D/HdmiControlService( 705): Local device is under address allocation. Queue display callback for later process.
10-30 10:40:13.929 D/HDMI ( 705): onAddressAllocated address:4 reason:1
10-30 10:40:13.939 D/HDMI ( 705): [S]: 4F:84:12:00:04
10-30 10:40:13.950 D/HDMI ( 705): DeviceDiscoveryAction start com.android.server.hdmi.DeviceDiscoveryAction@7ab7016
10-30 10:40:13.963 D/CompatibilityChangeReporter( 705): Compat change id reported: 170503758; UID 10062; state: ENABLED
10-30 10:40:13.993 W/Looper ( 705): Slow dispatch took 145ms main h=android.os.Handler c=com.android.server.hdmi.WorkSourceUidPreservingRunnable@d9fcad9 m=0
10-30 10:40:14.000 D/CompatibilityChangeReporter( 705): Compat change id reported: 262645982; UID 10019; state: ENABLED
10-30 10:40:14.005 D/HDMI ( 705): receive android.intent.action.CONFIGURATION_CHANGED
10-30 10:40:14.034 D/HDMI ( 705): receive android.intent.action.CONFIGURATION_CHANGED
10-30 10:40:14.048 D/CompatibilityChangeReporter( 705): Compat change id reported: 157233955; UID 10052; state: ENABLED
10-30 10:40:14.053 D/CompatibilityChangeReporter( 705): Compat change id reported: 218533173; UID 10035; state: ENABLED
10-30 10:40:14.054 D/CompatibilityChangeReporter( 705): Compat change id reported: 262645982; UID 10035; state: ENABLED
10-30 10:40:14.054 D/CompatibilityChangeReporter( 705): Compat change id reported: 218533173; UID 10036; state: ENABLED
10-30 10:40:14.058 E/android.hardware.wifi-service.droidlogic( 493): Failed to get SupportedRadioCombinations matrix from legacy HAL: NOT_SUPPORTED
10-30 10:40:14.158 W/ActivityManager( 705): Slow operation: 89ms so far, now at finishAttachApplicationInner: after mServices.attachApplicationLocked
10-30 10:40:14.158 W/ActivityManager( 705): Slow operation: 113ms so far, now at finishAttachApplicationInner: after dispatching broadcasts
10-30 10:40:14.173 I/HdmiCecLocalDeviceSource( 705): queryDisplayStatus already in progress
10-30 10:40:14.174 D/CompatibilityChangeReporter( 705): Compat change id reported: 262645982; UID 10036; state: ENABLED
10-30 10:40:14.199 D/CompatibilityChangeReporter( 705): Compat change id reported: 161145287; UID 1068; state: ENABLED
10-30 10:40:14.219 I/PackageWatchdog( 705): Syncing health check requests for packages: {}
10-30 10:40:14.240 I/MR2ServiceImpl( 705): registerManager | uid: 10052, pid: 985, package: com.android.systemui, user: 0
10-30 10:40:14.247 I/ExplicitHealthCheckController( 705): Service not ready to get health check supported packages. Binding...
10-30 10:40:14.252 D/HDMI ( 705): [S]: 4F:87:1C:A4:10
10-30 10:40:14.271 D/CompatibilityChangeReporter( 705): Compat change id reported: 218533173; UID 10027; state: ENABLED
10-30 10:40:14.282 D/CompatibilityChangeReporter( 705): Compat change id reported: 262645982; UID 10027; state: ENABLED
10-30 10:40:14.284 I/ExplicitHealthCheckController( 705): Explicit health check service is bound
10-30 10:40:14.309 D/CompatibilityChangeReporter( 705): Compat change id reported: 218533173; UID 10064; state: ENABLED
10-30 10:40:14.309 D/CompatibilityChangeReporter( 705): Compat change id reported: 262645982; UID 10064; state: ENABLED
10-30 10:40:14.310 D/CompatibilityChangeReporter( 705): Compat change id reported: 218533173; UID 10089; state: DISABLED
10-30 10:40:14.311 D/CompatibilityChangeReporter( 705): Compat change id reported: 262645982; UID 10089; state: DISABLED
10-30 10:40:14.311 D/CompatibilityChangeReporter( 705): Compat change id reported: 171306433; UID 10089; state: DISABLED
10-30 10:40:14.316 D/CompatibilityChangeReporter( 705): Compat change id reported: 218533173; UID 10042; state: DISABLED
10-30 10:40:14.317 D/CompatibilityChangeReporter( 705): Compat change id reported: 262645982; UID 10042; state: DISABLED
10-30 10:40:14.318 D/CompatibilityChangeReporter( 705): Compat change id reported: 218533173; UID 10008; state: ENABLED
10-30 10:40:14.318 D/CompatibilityChangeReporter( 705): Compat change id reported: 262645982; UID 10008; state: ENABLED
10-30 10:40:14.319 D/CompatibilityChangeReporter( 705): Compat change id reported: 218533173; UID 10066; state: ENABLED
10-30 10:40:14.319 D/CompatibilityChangeReporter( 705): Compat change id reported: 262645982; UID 10066; state: ENABLED
10-30 10:40:14.321 D/CompatibilityChangeReporter( 705): Compat change id reported: 218533173; UID 10037; state: ENABLED
10-30 10:40:14.321 D/CompatibilityChangeReporter( 705): Compat change id reported: 262645982; UID 10037; state: ENABLED
10-30 10:40:14.323 D/CompatibilityChangeReporter( 705): Compat change id reported: 218533173; UID 10057; state: ENABLED
10-30 10:40:14.323 D/CompatibilityChangeReporter( 705): Compat change id reported: 262645982; UID 10057; state: ENABLED
10-30 10:40:14.332 D/CompatibilityChangeReporter( 705): Compat change id reported: 218533173; UID 10047; state: DISABLED
10-30 10:40:14.333 D/CompatibilityChangeReporter( 705): Compat change id reported: 262645982; UID 10047; state: DISABLED
10-30 10:40:14.334 D/CompatibilityChangeReporter( 705): Compat change id reported: 218533173; UID 10033; state: ENABLED
10-30 10:40:14.335 D/CompatibilityChangeReporter( 705): Compat change id reported: 262645982; UID 10033; state: ENABLED
10-30 10:40:14.336 D/CompatibilityChangeReporter( 705): Compat change id reported: 218533173; UID 10061; state: ENABLED
10-30 10:40:14.337 D/CompatibilityChangeReporter( 705): Compat change id reported: 262645982; UID 10061; state: ENABLED
10-30 10:40:14.343 D/CompatibilityChangeReporter( 705): Compat change id reported: 218533173; UID 10015; state: ENABLED
10-30 10:40:14.344 D/CompatibilityChangeReporter( 705): Compat change id reported: 262645982; UID 10015; state: ENABLED
10-30 10:40:14.351 D/CompatibilityChangeReporter( 705): Compat change id reported: 218533173; UID 10014; state: ENABLED
10-30 10:40:14.352 D/CompatibilityChangeReporter( 705): Compat change id reported: 262645982; UID 10014; state: ENABLED
10-30 10:40:14.353 D/CompatibilityChangeReporter( 705): Compat change id reported: 218533173; UID 10006; state: ENABLED
10-30 10:40:14.354 D/CompatibilityChangeReporter( 705): Compat change id reported: 262645982; UID 10006; state: ENABLED
10-30 10:40:14.355 D/CompatibilityChangeReporter( 705): Compat change id reported: 218533173; UID 10026; state: DISABLED
10-30 10:40:14.355 D/CompatibilityChangeReporter( 705): Compat change id reported: 262645982; UID 10026; state: DISABLED
10-30 10:40:14.357 D/CompatibilityChangeReporter( 705): Compat change id reported: 218533173; UID 10043; state: DISABLED
10-30 10:40:14.358 D/CompatibilityChangeReporter( 705): Compat change id reported: 262645982; UID 10043; state: DISABLED
10-30 10:40:14.360 D/CompatibilityChangeReporter( 705): Compat change id reported: 218533173; UID 10046; state: DISABLED
10-30 10:40:14.363 D/CompatibilityChangeReporter( 705): Compat change id reported: 262645982; UID 10046; state: DISABLED
10-30 10:40:14.364 D/CompatibilityChangeReporter( 705): Compat change id reported: 218533173; UID 10023; state: ENABLED
10-30 10:40:14.365 D/CompatibilityChangeReporter( 705): Compat change id reported: 262645982; UID 10023; state: ENABLED
10-30 10:40:14.367 D/CompatibilityChangeReporter( 705): Compat change id reported: 218533173; UID 10038; state: ENABLED
10-30 10:40:14.368 D/CompatibilityChangeReporter( 705): Compat change id reported: 262645982; UID 10038; state: ENABLED
10-30 10:40:14.374 D/CompatibilityChangeReporter( 705): Compat change id reported: 218533173; UID 10031; state: ENABLED
10-30 10:40:14.381 D/CompatibilityChangeReporter( 705): Compat change id reported: 262645982; UID 10031; state: ENABLED
10-30 10:40:14.382 D/CompatibilityChangeReporter( 705): Compat change id reported: 218533173; UID 10051; state: ENABLED
10-30 10:40:14.382 D/CompatibilityChangeReporter( 705): Compat change id reported: 262645982; UID 10051; state: ENABLED
10-30 10:40:14.383 D/CompatibilityChangeReporter( 705): Compat change id reported: 218533173; UID 10070; state: ENABLED
10-30 10:40:14.383 D/CompatibilityChangeReporter( 705): Compat change id reported: 262645982; UID 10070; state: ENABLED
10-30 10:40:14.391 W/Looper ( 997): Slow dispatch took 2943ms main h=android.app.ActivityThread$H c=null m=110
10-30 10:40:14.393 W/Looper ( 997): Slow delivery took 2378ms main h=android.app.ActivityThread$H c=null m=164
10-30 10:40:14.394 W/ContextImpl( 997): Calling a method in the system process without a qualified user: android.app.ContextImpl.startService:1899 android.content.ContextWrapper.startService:825 com.droidlogic.DroidlogicApplication$2.handleMessage:178 android.os.Handler.dispatchMessage:106 android.os.Looper.loopOnce:205
10-30 10:40:14.398 D/CompatibilityChangeReporter( 705): Compat change id reported: 218533173; UID 10009; state: ENABLED
10-30 10:40:14.398 D/CompatibilityChangeReporter( 705): Compat change id reported: 262645982; UID 10009; state: ENABLED
10-30 10:40:14.402 D/CompatibilityChangeReporter( 705): Compat change id reported: 218533173; UID 10021; state: ENABLED
10-30 10:40:14.402 D/CompatibilityChangeReporter( 705): Compat change id reported: 262645982; UID 10021; state: ENABLED
10-30 10:40:14.405 D/CompatibilityChangeReporter( 705): Compat change id reported: 218533173; UID 10087; state: DISABLED
10-30 10:40:14.406 D/CompatibilityChangeReporter( 705): Compat change id reported: 262645982; UID 10087; state: DISABLED
10-30 10:40:14.407 D/CompatibilityChangeReporter( 705): Compat change id reported: 218533173; UID 10002; state: ENABLED
10-30 10:40:14.407 D/CompatibilityChangeReporter( 705): Compat change id reported: 262645982; UID 10002; state: ENABLED
10-30 10:40:14.411 W/Looper ( 997): Drained
10-30 10:40:14.417 W/ActivityThread( 1108): Failed to find provider info for bluetooth_legacy.provider (user not unlocked)
10-30 10:40:14.423 D/CompatibilityChangeReporter( 705): Compat change id reported: 218533173; UID 10034; state: ENABLED
10-30 10:40:14.426 D/CompatibilityChangeReporter( 705): Compat change id reported: 262645982; UID 10034; state: ENABLED
10-30 10:40:14.431 D/CompatibilityChangeReporter( 705): Compat change id reported: 218533173; UID 10004; state: ENABLED
10-30 10:40:14.434 D/CompatibilityChangeReporter( 705): Compat change id reported: 262645982; UID 10004; state: ENABLED
10-30 10:40:14.435 D/CompatibilityChangeReporter( 705): Compat change id reported: 218533173; UID 10062; state: ENABLED
10-30 10:40:14.435 D/CompatibilityChangeReporter( 705): Compat change id reported: 262645982; UID 10062; state: ENABLED
10-30 10:40:14.437 D/CompatibilityChangeReporter( 705): Compat change id reported: 218533173; UID 10059; state: ENABLED
10-30 10:40:14.438 D/CompatibilityChangeReporter( 705): Compat change id reported: 262645982; UID 10059; state: ENABLED
10-30 10:40:14.442 D/CompatibilityChangeReporter( 705): Compat change id reported: 218533173; UID 10030; state: ENABLED
10-30 10:40:14.443 D/CompatibilityChangeReporter( 705): Compat change id reported: 262645982; UID 10030; state: ENABLED
10-30 10:40:14.444 D/CompatibilityChangeReporter( 705): Compat change id reported: 218533173; UID 10013; state: ENABLED
10-30 10:40:14.447 D/CompatibilityChangeReporter( 705): Compat change id reported: 262645982; UID 10013; state: ENABLED
10-30 10:40:14.449 D/CompatibilityChangeReporter( 705): Compat change id reported: 218533173; UID 10025; state: ENABLED
10-30 10:40:14.449 D/CompatibilityChangeReporter( 705): Compat change id reported: 262645982; UID 10025; state: ENABLED
10-30 10:40:14.454 D/CompatibilityChangeReporter( 705): Compat change id reported: 218533173; UID 10024; state: ENABLED
10-30 10:40:14.456 D/CompatibilityChangeReporter( 705): Compat change id reported: 262645982; UID 10024; state: ENABLED
10-30 10:40:14.459 D/CompatibilityChangeReporter( 705): Compat change id reported: 218533173; UID 10020; state: ENABLED
10-30 10:40:14.459 D/CompatibilityChangeReporter( 705): Compat change id reported: 262645982; UID 10020; state: ENABLED
10-30 10:40:14.461 D/CompatibilityChangeReporter( 705): Compat change id reported: 218533173; UID 10058; state: ENABLED
10-30 10:40:14.461 D/CompatibilityChangeReporter( 705): Compat change id reported: 262645982; UID 10058; state: ENABLED
10-30 10:40:14.466 D/CompatibilityChangeReporter( 705): Compat change id reported: 218533173; UID 10022; state: ENABLED
10-30 10:40:14.466 D/CompatibilityChangeReporter( 705): Compat change id reported: 262645982; UID 10022; state: ENABLED
10-30 10:40:14.468 W/Looper ( 985): Slow dispatch took 3029ms main h=android.app.ActivityThread$H c=null m=110
10-30 10:40:14.469 W/Looper ( 985): Slow delivery took 2238ms main h=android.app.ActivityThread$H c=null m=164
10-30 10:40:14.480 D/CompatibilityChangeReporter( 705): Compat change id reported: 218533173; UID 10088; state: ENABLED
10-30 10:40:14.480 D/CompatibilityChangeReporter( 705): Compat change id reported: 262645982; UID 10088; state: ENABLED
10-30 10:40:14.484 D/CompatibilityChangeReporter( 705): Compat change id reported: 218533173; UID 10001; state: ENABLED
10-30 10:40:14.485 D/CompatibilityChangeReporter( 705): Compat change id reported: 262645982; UID 10001; state: ENABLED
10-30 10:40:14.486 D/CompatibilityChangeReporter( 705): Compat change id reported: 218533173; UID 10011; state: ENABLED
10-30 10:40:14.487 D/CompatibilityChangeReporter( 705): Compat change id reported: 262645982; UID 10011; state: ENABLED
10-30 10:40:14.489 D/CompatibilityChangeReporter( 705): Compat change id reported: 218533173; UID 10041; state: DISABLED
10-30 10:40:14.491 D/CompatibilityChangeReporter( 705): Compat change id reported: 262645982; UID 10041; state: DISABLED
10-30 10:40:14.496 D/CompatibilityChangeReporter( 705): Compat change id reported: 218533173; UID 10072; state: DISABLED
10-30 10:40:14.497 D/CompatibilityChangeReporter( 705): Compat change id reported: 262645982; UID 10072; state: DISABLED
10-30 10:40:14.498 D/CompatibilityChangeReporter( 705): Compat change id reported: 218533173; UID 10044; state: ENABLED
10-30 10:40:14.499 D/CompatibilityChangeReporter( 705): Compat change id reported: 262645982; UID 10044; state: ENABLED
10-30 10:40:14.502 D/CompatibilityChangeReporter( 705): Compat change id reported: 218533173; UID 10010; state: ENABLED
10-30 10:40:14.503 D/CompatibilityChangeReporter( 705): Compat change id reported: 262645982; UID 10010; state: ENABLED
10-30 10:40:14.505 D/CompatibilityChangeReporter( 705): Compat change id reported: 218533173; UID 10028; state: ENABLED
10-30 10:40:14.507 D/CompatibilityChangeReporter( 705): Compat change id reported: 262645982; UID 10028; state: ENABLED
10-30 10:40:14.508 D/CompatibilityChangeReporter( 705): Compat change id reported: 218533173; UID 10049; state: DISABLED
10-30 10:40:14.509 D/CompatibilityChangeReporter( 705): Compat change id reported: 262645982; UID 10049; state: DISABLED
10-30 10:40:14.510 D/CompatibilityChangeReporter( 705): Compat change id reported: 218533173; UID 10054; state: ENABLED
10-30 10:40:14.512 D/CompatibilityChangeReporter( 705): Compat change id reported: 262645982; UID 10054; state: ENABLED
10-30 10:40:14.514 D/CompatibilityChangeReporter( 705): Compat change id reported: 218533173; UID 10018; state: ENABLED
10-30 10:40:14.515 D/CompatibilityChangeReporter( 705): Compat change id reported: 262645982; UID 10018; state: ENABLED
10-30 10:40:14.518 D/CompatibilityChangeReporter( 705): Compat change id reported: 218533173; UID 10055; state: ENABLED
10-30 10:40:14.519 D/CompatibilityChangeReporter( 705): Compat change id reported: 262645982; UID 10055; state: ENABLED
10-30 10:40:14.520 D/CompatibilityChangeReporter( 705): Compat change id reported: 218533173; UID 10060; state: ENABLED
10-30 10:40:14.521 D/CompatibilityChangeReporter( 705): Compat change id reported: 262645982; UID 10060; state: ENABLED
10-30 10:40:14.523 D/CompatibilityChangeReporter( 705): Compat change id reported: 218533173; UID 10052; state: ENABLED
10-30 10:40:14.524 D/CompatibilityChangeReporter( 705): Compat change id reported: 218533173; UID 10005; state: ENABLED
10-30 10:40:14.525 D/CompatibilityChangeReporter( 705): Compat change id reported: 262645982; UID 10005; state: ENABLED
10-30 10:40:14.526 D/CompatibilityChangeReporter( 705): Compat change id reported: 218533173; UID 10067; state: ENABLED
10-30 10:40:14.526 D/CompatibilityChangeReporter( 705): Compat change id reported: 262645982; UID 10067; state: ENABLED
10-30 10:40:14.528 D/CompatibilityChangeReporter( 705): Compat change id reported: 218533173; UID 10065; state: ENABLED
10-30 10:40:14.528 D/CompatibilityChangeReporter( 705): Compat change id reported: 262645982; UID 10065; state: ENABLED
10-30 10:40:14.530 D/CompatibilityChangeReporter( 705): Compat change id reported: 218533173; UID 10032; state: ENABLED
10-30 10:40:14.537 D/CompatibilityChangeReporter( 705): Compat change id reported: 262645982; UID 10032; state: DISABLED
10-30 10:40:14.540 D/CompatibilityChangeReporter( 705): Compat change id reported: 218533173; UID 10000; state: ENABLED
10-30 10:40:14.543 D/CompatibilityChangeReporter( 705): Compat change id reported: 262645982; UID 10000; state: ENABLED
10-30 10:40:14.544 D/CompatibilityChangeReporter( 705): Compat change id reported: 218533173; UID 10068; state: ENABLED
10-30 10:40:14.546 D/CompatibilityChangeReporter( 705): Compat change id reported: 262645982; UID 10068; state: ENABLED
10-30 10:40:14.547 D/CompatibilityChangeReporter( 705): Compat change id reported: 218533173; UID 10003; state: DISABLED
10-30 10:40:14.548 D/CompatibilityChangeReporter( 705): Compat change id reported: 262645982; UID 10003; state: DISABLED
10-30 10:40:14.549 D/CompatibilityChangeReporter( 705): Compat change id reported: 218533173; UID 10063; state: ENABLED
10-30 10:40:14.549 D/CompatibilityChangeReporter( 705): Compat change id reported: 262645982; UID 10063; state: ENABLED
10-30 10:40:14.550 D/CompatibilityChangeReporter( 705): Compat change id reported: 218533173; UID 10012; state: ENABLED
10-30 10:40:14.551 D/CompatibilityChangeReporter( 705): Compat change id reported: 262645982; UID 10012; state: ENABLED
10-30 10:40:14.568 I/wificond( 603): Receive notifyCountryCodeChanged
10-30 10:40:14.568 I/wificond( 603): UpdateBandInfo
10-30 10:40:14.569 D/CompatibilityChangeReporter( 705): Compat change id reported: 161145287; UID 1002; state: ENABLED
10-30 10:40:14.572 D/CompatibilityChangeReporter( 705): Compat change id reported: 265195908; UID 10062; state: ENABLED
10-30 10:40:14.592 I/wificond( 603): 2.4Ghz frequencies: 2412 2417 2422 2427 2432 2437 2442 2447 2452 2457 2462 2467 2472
10-30 10:40:14.592 I/wificond( 603): 5Ghz non-DFS frequencies: 5745 5765 5785 5805 5825
10-30 10:40:14.592 I/wificond( 603): 5Ghz DFS frequencies: 5180 5200 5220 5240 5260 5280 5300 5320
10-30 10:40:14.592 I/wificond( 603): 6Ghz frequencies:
10-30 10:40:14.592 I/wificond( 603): 60Ghz frequencies:
10-30 10:40:14.593 I/wificond( 603): Regulatory domain changed to country: CN on wiphy_index: 0
10-30 10:40:14.593 I/wificond( 603): UpdateBandInfo
10-30 10:40:14.600 W/Looper ( 705): Slow dispatch took 288ms main h=android.app.ActivityThread$H c=null m=114
10-30 10:40:14.602 I/wificond( 603): 2.4Ghz frequencies: 2412 2417 2422 2427 2432 2437 2442 2447 2452 2457 2462 2467 2472
10-30 10:40:14.602 I/wificond( 603): 5Ghz non-DFS frequencies: 5745 5765 5785 5805 5825
10-30 10:40:14.602 I/wificond( 603): 5Ghz DFS frequencies: 5180 5200 5220 5240 5260 5280 5300 5320
10-30 10:40:14.602 I/wificond( 603): 6Ghz frequencies:
10-30 10:40:14.602 I/wificond( 603): 60Ghz frequencies:
10-30 10:40:14.603 I/wificond( 603): Regulatory domain changed to country: CN on wiphy_index: 0
10-30 10:40:14.603 I/wificond( 603): UpdateBandInfo
10-30 10:40:14.606 D/CompatibilityChangeReporter( 705): Compat change id reported: 161145287; UID 1000; state: ENABLED
10-30 10:40:14.607 D/CompatibilityChangeReporter( 705): Compat change id reported: 161145287; UID 1000; state: DISABLED
10-30 10:40:14.608 I/wificond( 603): 2.4Ghz frequencies: 2412 2417 2422 2427 2432 2437 2442 2447 2452 2457 2462 2467 2472
10-30 10:40:14.608 I/wificond( 603): 5Ghz non-DFS frequencies: 5745 5765 5785 5805 5825
10-30 10:40:14.608 I/wificond( 603): 5Ghz DFS frequencies: 5180 5200 5220 5240 5260 5280 5300 5320
10-30 10:40:14.608 I/wificond( 603): 6Ghz frequencies:
10-30 10:40:14.608 I/wificond( 603): 60Ghz frequencies:
10-30 10:40:14.619 D/HDMI ( 705): [S]: 40:8C
10-30 10:40:14.649 D/HDMI ( 705): addCecDevice new:CEC: logical_address: 0x0E device_type: 2 cec_version: 5 vendor_id: 16777215 display_name: Secondary_TV power_status: -1 physical_address: 0xFFFF port_id: -1 old:null
10-30 10:40:14.651 D/HdmiControlService( 705): Switching to full volume behavior
10-30 10:40:14.652 D/HDMI ( 705): setActiveSource logical:0x04 physical:0x1200 HdmiCecLocalDeviceSource#handleSetStreamPath()
10-30 10:40:14.688 D/HDMI ( 705): ActiveSourceHistoryRecord active source=(0x04, 0x1200) isActiveSource=true from=HdmiCecLocalDeviceSource#handleSetStreamPath()
10-30 10:40:14.688 D/HDMI ( 705): No wakelock is used to keep the display on.
10-30 10:40:14.689 D/HDMI ( 705): setActiveSource logical:0x04 physical:0x1200 ActiveSourceAction
10-30 10:40:14.700 D/HDMI ( 705): [S]: 40:47:44:42:42:4F:58:2D:41:33
10-30 10:40:14.702 D/HDMI ( 705): ActiveSourceHistoryRecord active source=(0x04, 0x1200) isActiveSource=true from=ActiveSourceAction
10-30 10:40:14.703 D/AudioService( 705): onHdmiCecVolumeControlFeature enabled:false
10-30 10:40:14.707 I/MR2ServiceImpl( 705): addProviderRoutes | provider: com.android.server.media/.SystemMediaRoute2Provider, routes: [DEVICE_ROUTE | 电视]
10-30 10:40:14.732 D/HDMI ( 705): [R]: 54:46
10-30 10:40:14.746 D/HDMI ( 705): addCecDevice new:CEC: logical_address: 0x05 device_type: 5 cec_version: 5 vendor_id: 16777215 display_name: AudioSystem power_status: -1 physical_address: 0xFFFF port_id: -1 old:null
10-30 10:40:14.747 D/HdmiControlService( 705): Switching to full volume behavior
10-30 10:40:14.748 D/HDMI ( 705): [R]: 04:46
10-30 10:40:14.749 D/HDMI ( 705): addCecDevice new:CEC: logical_address: 0x00 device_type: 0 cec_version: 5 vendor_id: 16777215 display_name: TV power_status: -1 physical_address: 0xFFFF port_id: -1 old:null
10-30 10:40:14.750 D/HdmiControlService( 705): Switching to full volume behavior
10-30 10:40:14.750 D/HDMI ( 705): TV is available now for receiving its message
10-30 10:40:14.751 D/AudioService( 705): onStatusChange cecEnabled:true available:true
10-30 10:40:14.752 I/ExplicitHealthCheckController( 705): Explicit health check service is connected ComponentInfo{android.ext.services/android.ext.services.watchdog.ExplicitHealthCheckServiceImpl}
10-30 10:40:14.752 I/ExplicitHealthCheckController( 705): Service initialized, syncing requests
10-30 10:40:14.753 D/WallpaperManagerService( 705): WPMS.onServiceConnected-ComponentInfo{com.android.systemui/com.android.systemui.wallpapers.ImageWallpaper}
10-30 10:40:14.753 D/WallpaperManagerService( 705): WPMS.attachServiceLocked
10-30 10:40:14.754 D/WallpaperManagerService( 705): WPMS.onServiceConnected-ComponentInfo{com.android.systemui/com.android.systemui.wallpapers.ImageWallpaper}
10-30 10:40:14.754 D/WallpaperManagerService( 705): WPMS.attachServiceLocked
10-30 10:40:14.754 D/WallpaperManagerService( 705): WPMS.connectLocked-ComponentInfo{com.android.systemui/com.android.systemui.wallpapers.ImageWallpaper}
10-30 10:40:14.757 D/WallpaperManagerService( 705): WPMS.saveSettingsLocked-0
10-30 10:40:14.780 D/AudioService( 705): setWiredDeviceConnectionState( type:400 state:DEVICE_STATE_AVAILABLE addr: name:) from android
10-30 10:40:14.780 I/AS.AudioDeviceInventory( 705): handleDeviceConnection(true dev:400 address: name:)
10-30 10:40:14.781 I/AS.AudioDeviceInventory( 705): deviceKey:0x400:
10-30 10:40:14.781 I/AS.AudioDeviceInventory( 705): deviceInfo:null is(already)Connected:false
10-30 10:40:14.793 W/WindowManager( 705): [addWindow] title:com.android.systemui.wallpapers.ImageWallpaper
10-30 10:40:14.811 D/SystemServerTiming( 705): ManagedServices.unbindOtherUserServices_current0
10-30 10:40:14.811 D/SystemServerTiming( 705): ManagedServices.unbindOtherUserServices_current0
10-30 10:40:14.811 D/SystemServerTiming( 705): ManagedServices.unbindOtherUserServices_current0
10-30 10:40:14.813 V/NotificationAssistants( 705): enabling notification assistant for 0: ComponentInfo{android.ext.services/android.ext.services.notification.Assistant}
10-30 10:40:14.813 V/NotificationAssistants( 705): binding: Intent { act=android.service.notification.NotificationAssistantService cmp=android.ext.services/.notification.Assistant (has extras) }
10-30 10:40:14.857 D/CompatibilityChangeReporter( 705): Compat change id reported: 161145287; UID 10062; state: ENABLED
10-30 10:40:15.031 W/ActivityTaskManager( 705): Activity top resumed state loss timeout for ActivityRecord{2788ad5 u0 com.android.systemui/.sensorprivacy.television.TvSensorPrivacyChangedActivity t2 f}}
10-30 10:40:15.037 W/ActivityTaskManager( 705): Activity pause timeout for ActivityRecord{2788ad5 u0 com.android.systemui/.sensorprivacy.television.TvSensorPrivacyChangedActivity t2 f}}
10-30 10:40:15.039 D/WindowManager( 705): ThemeHomeDelay: Home launch was deferred.
10-30 10:40:15.043 D/WindowManager( 705): ThemeHomeDelay: Home launch was deferred.
10-30 10:40:15.044 D/WindowManager( 705): ThemeHomeDelay: Home launch was deferred.
10-30 10:40:15.113 D/HDMI ( 705): [S]: 45:7D
10-30 10:40:15.147 D/WindowManagerShell( 985): TvPipController: onTaskStackChanged()
10-30 10:40:15.374 D/CompatibilityChangeReporter( 705): Compat change id reported: 182478738; UID 10052; state: ENABLED
10-30 10:40:15.409 D/HDMI ( 705): [S]: 40:8F
10-30 10:40:15.429 I/StatusBarManagerService( 705): registerStatusBar bar=com.android.internal.statusbar.IStatusBar$Stub$Proxy@6ea8cb5
10-30 10:40:15.448 I/AS.AudioDeviceInventory( 705): sendDeviceConnectionIntent(dev:0x400 state:0x1 address: name:);
10-30 10:40:15.486 W/WindowManager( 705): Keyguard drawn timeout. Setting mKeyguardDrawComplete
10-30 10:40:15.490 D/HDMI ( 705): [S]: 4F:82:12:00
10-30 10:40:15.624 D/HDMI ( 705): [S]: 4E:8E:00
10-30 10:40:15.713 D/WindowManager( 705): ThemeHomeDelay: Home launch was deferred.
10-30 10:40:15.738 E/HDMI ( 705): [1]:Failed to send 4E:8E:00 with errorCode=1
10-30 10:40:15.739 D/HDMI ( 705): [S]: 45:47:44:42:42:4F:58:2D:41:33
10-30 10:40:15.745 D/CompatibilityChangeReporter( 705): Compat change id reported: 265464455; UID 1000; state: DISABLED
10-30 10:40:15.746 D/CompatibilityChangeReporter( 705): Compat change id reported: 265452344; UID 1000; state: DISABLED
10-30 10:40:15.746 D/CompatibilityChangeReporter( 705): Compat change id reported: 266124927; UID 1000; state: DISABLED
10-30 10:40:15.747 D/CompatibilityChangeReporter( 705): Compat change id reported: 265451093; UID 1000; state: DISABLED
10-30 10:40:15.747 D/CompatibilityChangeReporter( 705): Compat change id reported: 265456536; UID 1000; state: DISABLED
10-30 10:40:15.749 D/CompatibilityChangeReporter( 705): Compat change id reported: 255940284; UID 1000; state: DISABLED
10-30 10:40:15.749 D/CompatibilityChangeReporter( 705): Compat change id reported: 236283604; UID 1000; state: DISABLED
10-30 10:40:15.749 D/CompatibilityChangeReporter( 705): Compat change id reported: 263959004; UID 1000; state: DISABLED
10-30 10:40:15.750 D/CompatibilityChangeReporter( 705): Compat change id reported: 264304459; UID 1000; state: DISABLED
10-30 10:40:15.750 D/CompatibilityChangeReporter( 705): Compat change id reported: 264301586; UID 1000; state: DISABLED
10-30 10:40:15.751 D/CompatibilityChangeReporter( 705): Compat change id reported: 254631730; UID 1000; state: DISABLED
10-30 10:40:15.751 D/CompatibilityChangeReporter( 705): Compat change id reported: 273509367; UID 1000; state: DISABLED
10-30 10:40:15.751 D/CompatibilityChangeReporter( 705): Compat change id reported: 263259275; UID 1000; state: DISABLED
10-30 10:40:15.752 D/CompatibilityChangeReporter( 705): Compat change id reported: 174042980; UID 1000; state: DISABLED
10-30 10:40:15.753 D/CompatibilityChangeReporter( 705): Compat change id reported: 174042936; UID 1000; state: DISABLED
10-30 10:40:15.754 D/CompatibilityChangeReporter( 705): Compat change id reported: 181136395; UID 1000; state: DISABLED
10-30 10:40:15.804 D/CompatibilityChangeReporter( 705): Compat change id reported: 194480991; UID 1000; state: ENABLED
10-30 10:40:15.812 D/CompatibilityChangeReporter( 705): Compat change id reported: 197654537; UID 1000; state: ENABLED
10-30 10:40:15.820 I/ActivityTaskManager( 705): START u0 {act=android.intent.action.MAIN cat=[android.intent.category.HOME] flg=0x10000100 cmp=com.android.tv.settings/.system.FallbackHome (has extras)} with LAUNCH_MULTIPLE from uid 0 (BAL_ALLOW_ALLOWLISTED_UID) result code=0
10-30 10:40:15.822 I/ActivityManager( 705): com.android.tv.settings is exempt from freezer
10-30 10:40:15.823 D/CompatibilityChangeReporter( 705): Compat change id reported: 135634846; UID 1000; state: DISABLED
10-30 10:40:15.828 D/SystemServerTiming( 705): getUserSwitchability-0
10-30 10:40:15.829 D/SystemServerTiming( 705): TM.isInCall
10-30 10:40:15.829 D/SystemServerTiming( 705): hasUserRestriction-DISALLOW_USER_SWITCH
10-30 10:40:15.830 D/SystemServerTiming( 705): getInt-ALLOW_USER_SWITCHING_WHEN_SYSTEM_USER_LOCKED
10-30 10:40:15.830 D/SystemServerTiming( 705): isUserUnlocked-USER_SYSTEM
10-30 10:40:15.832 W/Looper ( 985): Drained
10-30 10:40:15.833 D/SystemServerTiming( 705): getUserSwitchability-0
10-30 10:40:15.833 D/SystemServerTiming( 705): TM.isInCall
10-30 10:40:15.833 D/SystemServerTiming( 705): hasUserRestriction-DISALLOW_USER_SWITCH
10-30 10:40:15.833 D/SystemServerTiming( 705): getInt-ALLOW_USER_SWITCHING_WHEN_SYSTEM_USER_LOCKED
10-30 10:40:15.833 D/SystemServerTiming( 705): isUserUnlocked-USER_SYSTEM
10-30 10:40:15.838 I/ActivityManager( 705): Start proc 1323:com.android.tv.settings/1000 for top-activity {com.android.tv.settings/com.android.tv.settings.system.FallbackHome}
10-30 10:40:15.840 D/SystemServerTiming( 705): getUserSwitchability-0
10-30 10:40:15.840 D/SystemServerTiming( 705): TM.isInCall
10-30 10:40:15.841 D/SystemServerTiming( 705): hasUserRestriction-DISALLOW_USER_SWITCH
10-30 10:40:15.841 D/SystemServerTiming( 705): getInt-ALLOW_USER_SWITCHING_WHEN_SYSTEM_USER_LOCKED
10-30 10:40:15.841 D/SystemServerTiming( 705): isUserUnlocked-USER_SYSTEM
10-30 10:40:15.843 D/SystemServerTiming( 705): getUserSwitchability-0
10-30 10:40:15.843 D/SystemServerTiming( 705): TM.isInCall
10-30 10:40:15.843 D/SystemServerTiming( 705): hasUserRestriction-DISALLOW_USER_SWITCH
10-30 10:40:15.843 D/SystemServerTiming( 705): getInt-ALLOW_USER_SWITCHING_WHEN_SYSTEM_USER_LOCKED
10-30 10:40:15.843 D/SystemServerTiming( 705): isUserUnlocked-USER_SYSTEM
10-30 10:40:15.849 D/SystemServerTiming( 705): getUserSwitchability-0
10-30 10:40:15.849 D/SystemServerTiming( 705): TM.isInCall
10-30 10:40:15.850 D/SystemServerTiming( 705): hasUserRestriction-DISALLOW_USER_SWITCH
10-30 10:40:15.850 D/SystemServerTiming( 705): getInt-ALLOW_USER_SWITCHING_WHEN_SYSTEM_USER_LOCKED
10-30 10:40:15.850 D/SystemServerTiming( 705): isUserUnlocked-USER_SYSTEM
10-30 10:40:15.873 D/CompatibilityChangeReporter( 705): Compat change id reported: 168419799; UID 1000; state: DISABLED
10-30 10:40:15.874 D/CompatibilityChangeReporter( 705): Compat change id reported: 273564678; UID 1000; state: DISABLED
10-30 10:40:16.001 V/WindowManager( 705): app ------------- force_land :0
10-30 10:40:16.001 V/WindowManager( 705): app ------------- force_land :0
10-30 10:40:16.016 D/HDMI ( 705): [S]: 40:47:44:42:42:4F:58:2D:41:33
10-30 10:40:16.106 W/WindowManager( 705): [addWindow] title:com.android.tv.settings/com.android.tv.settings.system.FallbackHome
10-30 10:40:16.136 D/CoreBackPreview( 705): Window{73b8364 u0 com.android.tv.settings/com.android.tv.settings.system.FallbackHome}: Setting back callback OnBackInvokedCallbackInfo{mCallback=android.window.IOnBackInvokedCallback$Stub$Proxy@5972282, mPriority=0, mIsAnimationCallback=false}
10-30 10:40:16.221 W/Looper ( 705): Slow dispatch took 1401ms main h=android.app.ActivityThread$H c=android.app.LoadedApk$ReceiverDispatcher$Args$$ExternalSyntheticLambda0@697d93 m=0
10-30 10:40:16.225 D/ActivityManagerTiming( 705): FinishBooting
10-30 10:40:16.239 V/WindowManager( 705): Sent Transition #0 createdAt=10-30 10:40:14.532
10-30 10:40:16.239 V/WindowManager( 705): startWCT=WindowContainerTransaction { changes = {} hops = [] errorCallbackToken=null taskFragmentOrganizer=null }
10-30 10:40:16.239 V/WindowManager( 705): info=null
10-30 10:40:16.240 D/WindowManager( 705): updateCecScreenStatus 0
10-30 10:40:16.240 D/HDMI ( 705): setCecSettingIntValue name:cec_screen_state, value:0
10-30 10:40:16.242 W/ContextImpl( 705): Calling a method in the system process without a qualified user: android.app.ContextImpl.startService:1899 com.android.server.wm.DisplayPolicy.lambda$focusChangedLw$5:2126 com.android.server.wm.DisplayPolicy.$r8$lambda$Znxk63oh-WzVnzo_WQefN7uxV48:0 com.android.server.wm.DisplayPolicy$$ExternalSyntheticLambda13.run:0 android.os.Handler.handleCallback:958
10-30 10:40:16.243 W/ActivityManager( 705): Unable to start service Intent { cmp=com.oranth.ledstatus/.LedStatusService } U=0: not found
10-30 10:40:16.245 V/WindowManager( 705): Finish Transition #0: created at
10-30 10:40:14.532 collect-started=0.231ms request-sent=0.3ms started=7.135ms ready=1472.626ms sent=1700.015ms finished=1712.275ms
10-30 10:40:16.253 D/ActivityManagerTiming( 705): FinishBooting
10-30 10:40:16.256 I/ActivityManager( 705): About to commit checkpoint
10-30 10:40:16.258 I/SystemServiceManager( 705): Starting phase 1000
10-30 10:40:16.258 D/ActivityManagerTiming( 705): OnBootPhase_1000
10-30 10:40:16.258 D/ActivityManagerTiming( 705): OnBootPhase_1000_com.android.server.security.FileIntegrityService
10-30 10:40:16.258 D/ActivityManagerTiming( 705): OnBootPhase_1000_com.android.server.pm.Installer
10-30 10:40:16.258 D/ActivityManagerTiming( 705): OnBootPhase_1000_com.android.server.os.DeviceIdentifiersPolicyService
10-30 10:40:16.258 D/ActivityManagerTiming( 705): OnBootPhase_1000_com.android.server.flags.FeatureFlagsService
10-30 10:40:16.258 D/ActivityManagerTiming( 705): OnBootPhase_1000_com.android.server.uri.UriGrantsManagerService$Lifecycle
10-30 10:40:16.258 D/ActivityManagerTiming( 705): OnBootPhase_1000_com.android.server.powerstats.PowerStatsService
10-30 10:40:16.258 E/PowerStatsService( 705): Failed to start PowerStatsService loggers
10-30 10:40:16.258 D/ActivityManagerTiming( 705): OnBootPhase_1000_com.android.server.permission.access.AccessCheckingService
10-30 10:40:16.258 D/ActivityManagerTiming( 705): OnBootPhase_1000_com.android.server.wm.ActivityTaskManagerService$Lifecycle
10-30 10:40:16.258 D/ActivityManagerTiming( 705): OnBootPhase_1000_com.android.server.am.ActivityManagerService$Lifecycle
10-30 10:40:16.258 D/ActivityManagerTiming( 705): OnBootPhase_1000_com.android.server.pm.DataLoaderManagerService
10-30 10:40:16.258 D/ActivityManagerTiming( 705): OnBootPhase_1000_com.android.server.power.PowerManagerService
10-30 10:40:16.261 I/DisplayBrightnessStrategySelector( 705): Changing the DisplayBrightnessStrategy from OverrideBrightnessStrategy toInvalidBrightnessStrategy for display 0
10-30 10:40:16.261 V/DisplayPowerController2[0]( 705): Brightness [0.39763778] reason changing to: 'manual', previous reason: 'override'.
10-30 10:40:16.261 I/DisplayPowerController2[0]( 705): BrightnessEvent: disp=0, physDisp=local:4616733697779729419, brt=0.39763778, initBrt=0.39763778, rcmdBrt=NaN, preBrt=NaN, lux=0.0, preLux=0.0, hbmMax=1.0, hbmMode=off, rbcStrength=0, thrmMax=1.0, powerFactor=1.0, wasShortTermModelActive=false, flags=, reason=manual, autoBrightness=false, strategy=InvalidBrightnessStrategy
10-30 10:40:16.262 D/ActivityManagerTiming( 705): OnBootPhase_1000_com.android.server.power.ThermalManagerService
10-30 10:40:16.262 D/ActivityManagerTiming( 705): OnBootPhase_1000_com.android.server.power.hint.HintManagerService
10-30 10:40:16.263 D/ActivityManagerTiming( 705): OnBootPhase_1000_com.android.server.recoverysystem.RecoverySystemService$Lifecycle
10-30 10:40:16.263 D/ActivityManagerTiming( 705): OnBootPhase_1000_com.android.server.lights.LightsService
10-30 10:40:16.263 D/ActivityManagerTiming( 705): OnBootPhase_1000_com.android.server.display.DisplayManagerService
10-30 10:40:16.264 I/LogicalDisplayMapper( 705): Requesting Transition to state: 0, from state=-1, interactive=true, mBootCompleted=true
10-30 10:40:16.265 I/LogicalDisplayMapper( 705): Applying layout: [{dispId: 0(ON), displayGroupName: , addr: {port=11, model=0x4011eed66ebc84}, mThermalBrightnessThrottlingMapId: null, mRefreshRateZoneId: null, mLeadDisplayId: -1, mLeadDisplayAddress: null, mThermalRefreshRateThrottlingMapId: null}], Previous layout: [{dispId: 0(ON), displayGroupName: , addr: {port=11, model=0x4011eed66ebc84}, mThermalBrightnessThrottlingMapId: null, mRefreshRateZoneId: null, mLeadDisplayId: -1, mLeadDisplayAddress: null, mThermalRefreshRateThrottlingMapId: null}]
10-30 10:40:16.265 D/ActivityManagerTiming( 705): OnBootPhase_1000_com.android.server.pm.verify.domain.DomainVerificationService
10-30 10:40:16.265 D/ActivityManagerTiming( 705): OnBootPhase_1000_com.android.server.pm.PackageInstallerService$Lifecycle
10-30 10:40:16.265 D/ActivityManagerTiming( 705): OnBootPhase_1000_com.android.server.pm.UserManagerService$LifeCycle
10-30 10:40:16.265 D/ActivityManagerTiming( 705): OnBootPhase_1000_com.android.server.om.OverlayManagerService
10-30 10:40:16.265 D/ActivityManagerTiming( 705): OnBootPhase_1000_com.android.server.resources.ResourcesManagerService
10-30 10:40:16.265 D/ActivityManagerTiming( 705): OnBootPhase_1000_com.android.server.sensorprivacy.SensorPrivacyService
10-30 10:40:16.265 D/ActivityManagerTiming( 705): OnBootPhase_1000_com.android.server.sensors.SensorService
10-30 10:40:16.265 D/ActivityManagerTiming( 705): OnBootPhase_1000_com.android.server.SystemConfigService
10-30 10:40:16.265 D/ActivityManagerTiming( 705): OnBootPhase_1000_com.android.server.BatteryService
10-30 10:40:16.265 D/ActivityManagerTiming( 705): OnBootPhase_1000_com.android.server.usage.UsageStatsService
10-30 10:40:16.266 D/ActivityManagerTiming( 705): OnBootPhase_1000_com.android.server.webkit.WebViewUpdateService
10-30 10:40:16.266 D/ActivityManagerTiming( 705): OnBootPhase_1000_com.android.server.CachedDeviceStateService
10-30 10:40:16.266 D/ActivityManagerTiming( 705): OnBootPhase_1000_com.android.server.BinderCallsStatsService$LifeCycle
10-30 10:40:16.266 D/ActivityManagerTiming( 705): OnBootPhase_1000_com.android.server.LooperStatsService$Lifecycle
10-30 10:40:16.266 D/ActivityManagerTiming( 705): OnBootPhase_1000_com.android.server.rollback.RollbackManagerService
10-30 10:40:16.266 D/ActivityManagerTiming( 705): OnBootPhase_1000_com.android.server.os.NativeTombstoneManagerService
10-30 10:40:16.266 D/ActivityManagerTiming( 705): OnBootPhase_1000_com.android.server.os.BugreportManagerService
10-30 10:40:16.266 D/ActivityManagerTiming( 705): OnBootPhase_1000_com.android.server.gpu.GpuService
10-30 10:40:16.267 D/ActivityManagerTiming( 705): OnBootPhase_1000_com.android.server.security.rkp.RemoteProvisioningService
10-30 10:40:16.267 D/ActivityManagerTiming( 705): OnBootPhase_1000_com.android.server.security.KeyChainSystemService
10-30 10:40:16.267 D/ActivityManagerTiming( 705): OnBootPhase_1000_com.android.server.BinaryTransparencyService
10-30 10:40:16.267 I/TransparencyService( 705): Boot completed. Getting VBMeta Digest.
10-30 10:40:16.267 D/TransparencyService( 705): VBMeta Digest: 27b603eed97cd9747aaeedb55cf1c1e14a0eb31b68f181891f65413ccbe146d0
10-30 10:40:16.267 I/TransparencyService( 705): Boot completed. Collecting biometric system properties.
10-30 10:40:16.267 I/TransparencyService( 705): Scheduling measurements to be taken.
10-30 10:40:16.269 I/TransparencyService( 705): Scheduling binary content-digest computation job
10-30 10:40:16.270 D/CompatibilityChangeReporter( 705): Compat change id reported: 253665015; UID 1000; state: ENABLED
10-30 10:40:16.270 D/CompatibilityChangeReporter( 705): Compat change id reported: 253665015; UID 1000; state: DISABLED
10-30 10:40:16.271 D/CompatibilityChangeReporter( 705): Compat change id reported: 194532703; UID 1000; state: ENABLED
10-30 10:40:16.271 D/CompatibilityChangeReporter( 705): Compat change id reported: 194532703; UID 1000; state: DISABLED
10-30 10:40:16.274 D/TransparencyService( 705): Job 1740526926 to measure binaries was scheduled successfully.
10-30 10:40:16.274 D/TransparencyService( 705): Registering APK & Non-Staged APEX updates...
10-30 10:40:16.274 D/TransparencyService( 705): Registering APEX updates...
10-30 10:40:16.278 D/ActivityManagerTiming( 705): OnBootPhase_1000_com.android.server.accounts.AccountManagerService$Lifecycle
10-30 10:40:16.279 D/ActivityManagerTiming( 705): OnBootPhase_1000_com.android.server.content.ContentService$Lifecycle
10-30 10:40:16.279 D/ActivityManagerTiming( 705): OnBootPhase_1000_com.android.server.deviceconfig.DeviceConfigInit$Lifecycle
10-30 10:40:16.279 D/ActivityManagerTiming( 705): OnBootPhase_1000_com.android.server.DropBoxManagerService
10-30 10:40:16.279 D/ActivityManagerTiming( 705): OnBootPhase_1000_com.android.role.RoleService
10-30 10:40:16.279 D/ActivityManagerTiming( 705): OnBootPhase_1000_com.android.server.vibrator.VibratorManagerService$Lifecycle
10-30 10:40:16.279 D/ActivityManagerTiming( 705): OnBootPhase_1000_com.android.server.tare.InternalResourceService
10-30 10:40:16.279 D/ActivityManagerTiming( 705): OnBootPhase_1000_com.android.server.alarm.AlarmManagerService
10-30 10:40:16.279 D/ActivityManagerTiming( 705): OnBootPhase_1000_com.android.server.devicestate.DeviceStateManagerService
10-30 10:40:16.279 D/ActivityManagerTiming( 705): OnBootPhase_1000_com.android.server.camera.CameraServiceProxy
10-30 10:40:16.282 D/AppStandbyController( 705): Loaded headless system app cache in 4 ms: appIdleEnabled=true
10-30 10:40:16.294 D/RollbackManager( 705): mRollbackLifetimeDurationInMillis=1209600000
10-30 10:40:16.297 D/ActivityManagerTiming( 705): OnBootPhase_1000_com.android.server.bluetooth.BluetoothService
10-30 10:40:16.297 D/ActivityManagerTiming( 705): OnBootPhase_1000_com.android.server.connectivity.IpConnectivityMetrics
10-30 10:40:16.297 D/ActivityManagerTiming( 705): OnBootPhase_1000_com.android.server.net.watchlist.NetworkWatchlistService$Lifecycle
10-30 10:40:16.297 D/ActivityManagerTiming( 705): OnBootPhase_1000_com.android.server.PinnerService
10-30 10:40:16.297 D/ActivityManagerTiming( 705): OnBootPhase_1000_com.android.server.integrity.AppIntegrityManagerService
10-30 10:40:16.297 D/ActivityManagerTiming( 705): OnBootPhase_1000_com.android.server.logcat.LogcatManagerService
10-30 10:40:16.297 D/ActivityManagerTiming( 705): OnBootPhase_1000_com.android.server.inputmethod.InputMethodManagerService$Lifecycle
10-30 10:40:16.297 D/ActivityManagerTiming( 705): OnBootPhase_1000_com.android.server.accessibility.AccessibilityManagerService$Lifecycle
10-30 10:40:16.297 D/ActivityManagerTiming( 705): OnBootPhase_1000_com.android.server.StorageManagerService$Lifecycle
10-30 10:40:16.297 D/ActivityManagerTiming( 705): OnBootPhase_1000_com.android.server.usage.StorageStatsService$Lifecycle
10-30 10:40:16.297 D/ActivityManagerTiming( 705): OnBootPhase_1000_com.android.server.UiModeManagerService
10-30 10:40:16.297 D/ActivityManagerTiming( 705): OnBootPhase_1000_com.android.server.locales.LocaleManagerService
10-30 10:40:16.297 D/ActivityManagerTiming( 705): OnBootPhase_1000_com.android.server.grammaticalinflection.GrammaticalInflectionService
10-30 10:40:16.297 D/ActivityManagerTiming( 705): OnBootPhase_1000_com.android.server.apphibernation.AppHibernationService
10-30 10:40:16.298 D/ActivityManagerTiming( 705): OnBootPhase_1000_com.android.server.locksettings.LockSettingsService$Lifecycle
10-30 10:40:16.298 D/ActivityManagerTiming( 705): OnBootPhase_1000_com.android.server.PersistentDataBlockService
10-30 10:40:16.298 D/ActivityManagerTiming( 705): OnBootPhase_1000_com.android.server.testharness.TestHarnessModeService
10-30 10:40:16.298 D/TestHarnessModeService( 705): Completing Test Harness Mode setup.
10-30 10:40:16.298 I/HibernationStateDiskStore( 705): No hibernation file on disk for file /data/system/hibernation/states
10-30 10:40:16.300 D/StorageManagerService( 705): Thinking about reset, mBootCompleted=true, mDaemonConnected=true
10-30 10:40:16.300 I/StorageSessionController( 705): Started resetting external storage service...
10-30 10:40:16.301 I/StorageSessionController( 705): Finished resetting external storage service
10-30 10:40:16.301 I/StorageManagerService( 705): Resetting vold...
10-30 10:40:16.302 I/StorageManagerService( 705): Reset vold
10-30 10:40:16.302 I/vold ( 260): onUserAdded: 0
10-30 10:40:16.339 D/ActivityManagerTiming( 705): OnBootPhase_1000_com.android.server.oemlock.OemLockService
10-30 10:40:16.339 D/ActivityManagerTiming( 705): OnBootPhase_1000_com.android.server.DeviceIdleController
10-30 10:40:16.339 D/ActivityManagerTiming( 705): OnBootPhase_1000_com.android.server.devicepolicy.DevicePolicyManagerService$Lifecycle
10-30 10:40:16.339 D/ActivityManagerTiming( 705): OnBootPhase_1000_com.android.server.texttospeech.TextToSpeechManagerService
10-30 10:40:16.339 D/ActivityManagerTiming( 705): OnBootPhase_1000_com.android.server.ambientcontext.AmbientContextManagerService
10-30 10:40:16.339 D/ActivityManagerTiming( 705): OnBootPhase_1000_com.android.server.wearable.WearableSensingManagerService
10-30 10:40:16.340 D/ActivityManagerTiming( 705): OnBootPhase_1000_com.android.server.speech.SpeechRecognitionManagerService
10-30 10:40:16.340 D/ActivityManagerTiming( 705): OnBootPhase_1000_com.android.server.searchui.SearchUiManagerService
10-30 10:40:16.340 D/ActivityManagerTiming( 705): OnBootPhase_1000_com.android.server.smartspace.SmartspaceManagerService
10-30 10:40:16.340 D/ActivityManagerTiming( 705): OnBootPhase_1000_com.android.server.graphics.fonts.FontManagerService$Lifecycle
10-30 10:40:16.340 D/ActivityManagerTiming( 705): OnBootPhase_1000_com.android.server.textservices.TextServicesManagerService$Lifecycle
10-30 10:40:16.340 D/ActivityManagerTiming( 705): OnBootPhase_1000_com.android.server.textclassifier.TextClassificationManagerService$Lifecycle
10-30 10:40:16.340 D/ActivityManagerTiming( 705): OnBootPhase_1000_com.android.server.NetworkScoreService$Lifecycle
10-30 10:40:16.340 D/ActivityManagerTiming( 705): OnBootPhase_1000_com.android.server.NetworkStatsServiceInitializer
10-30 10:40:16.340 D/ActivityManagerTiming( 705): OnBootPhase_1000_com.android.server.wifi.WifiService
10-30 10:40:16.341 D/ActivityManagerTiming( 705): OnBootPhase_1000_com.android.server.wifi.scanner.WifiScanningService
10-30 10:40:16.341 D/ActivityManagerTiming( 705): OnBootPhase_1000_com.android.server.wifi.p2p.WifiP2pService
10-30 10:40:16.341 D/ActivityManagerTiming( 705): OnBootPhase_1000_com.android.server.ConnectivityServiceInitializer
10-30 10:40:16.342 D/ActivityManagerTiming( 705): OnBootPhase_1000_com.android.server.notification.NotificationManagerService
10-30 10:40:16.342 D/ActivityManagerTiming( 705): OnBootPhase_1000_com.android.server.storage.DeviceStorageMonitorService
10-30 10:40:16.342 D/ActivityManagerTiming( 705): OnBootPhase_1000_com.android.server.timedetector.TimeDetectorService$Lifecycle
10-30 10:40:16.342 D/ActivityManagerTiming( 705): OnBootPhase_1000_com.android.server.location.LocationManagerService$Lifecycle
10-30 10:40:16.342 D/ActivityManagerTiming( 705): OnBootPhase_1000_com.android.server.timezonedetector.TimeZoneDetectorService$Lifecycle
10-30 10:40:16.342 D/ActivityManagerTiming( 705): OnBootPhase_1000_com.android.server.location.altitude.AltitudeService$Lifecycle
