11-03 16:41:46.543 E/WifiHealthMonitor( 705): android.content.pm.PackageManager$NameNotFoundException: No module info for package: com.android.wifi
11-03 16:41:46.543 E/WifiHealthMonitor( 705): at android.app.ApplicationPackageManager.getModuleInfo(ApplicationPackageManager.java:1190)
11-03 16:41:46.543 E/WifiHealthMonitor( 705): at com.android.server.wifi.WifiHealthMonitor.getWifiStackVersion(WifiHealthMonitor.java:367)
11-03 16:41:46.543 E/WifiHealthMonitor( 705): at com.android.server.wifi.WifiHealthMonitor.extractCurrentSoftwareBuildInfo(WifiHealthMonitor.java:588)
11-03 16:41:46.543 E/WifiHealthMonitor( 705): at com.android.server.wifi.WifiHealthMonitor.postBootSwBuildCheck(WifiHealthMonitor.java:523)
11-03 16:41:46.543 E/WifiHealthMonitor( 705): at com.android.server.wifi.WifiHealthMonitor.postBootDetectionHandler(WifiHealthMonitor.java:514)
11-03 16:41:46.543 E/WifiHealthMonitor( 705): at com.android.server.wifi.WifiHealthMonitor.-$$Nest$mpostBootDetectionHandler(WifiHealthMonitor.java:0)
11-03 16:41:46.543 E/WifiHealthMonitor( 705): at com.android.server.wifi.WifiHealthMonitor$2.onAlarm(WifiHealthMonitor.java:190)
11-03 16:41:46.543 E/WifiHealthMonitor( 705): at android.app.AlarmManager$ListenerWrapper.run(AlarmManager.java:375)
11-03 16:41:46.543 E/WifiHealthMonitor( 705): at android.os.Handler.handleCallback(Handler.java:958)
11-03 16:41:46.543 E/WifiHealthMonitor( 705): at android.os.Handler.dispatchMessage(Handler.java:99)
11-03 16:41:46.543 E/WifiHealthMonitor( 705): at com.android.server.wifi.RunnerHandler.dispatchMessage(RunnerHandler.java:122)
11-03 16:41:46.543 E/WifiHealthMonitor( 705): at android.os.Looper.loopOnce(Looper.java:205)
11-03 16:41:46.543 E/WifiHealthMonitor( 705): at android.os.Looper.loop(Looper.java:294)
11-03 16:41:46.543 E/WifiHealthMonitor( 705): at android.os.HandlerThread.run(HandlerThread.java:67)
11-03 16:41:46.547 D/ActivityManager( 705): sync unfroze 2418 com.android.providers.tv for 6
11-03 16:41:46.567 D/EpgDataCleanupService( 2418): Received intent: Intent { act=com.android.providers.tv.intent.CLEAN_UP_EPG_DATA cmp=com.android.providers.tv/.EpgDataCleanupService }
11-03 16:41:46.584 D/OomAdjuster( 705): Not killing cached processes
11-03 16:41:46.589 D/uninstall( 3127): isAllowStart last_delay 0, current_time 1762159306
11-03 16:41:46.589 I/uninstall( 3127): enable_service com.ktcp.video/com.tencent.qqlivetv.keeplive.proc.DaemonService com.ktcp.video/(null)
11-03 16:41:46.590 D/uninstall( 3127): enable_service waitpid
11-03 16:41:46.590 D/uninstall( 3346): enable_service pid == 0
11-03 16:41:46.590 D/uninstall( 3346): enable_service version >= 17 || version == 0 version == 34
11-03 16:41:46.597 I/binder:456_5( 456): type=1400 audit(0.0:1254): avc: denied { add_name } for name="globalAlert" scontext=u:r:netd:s0 tcontext=u:object_r:proc_net:s0 tclass=dir permissive=1
11-03 16:41:46.631 I/uninstall( 3127): watchdaemon process_name = com.ktcp.video:daemon has gone, start it
11-03 16:41:46.631 D/uninstall( 3127): watchdaemon waitpid
11-03 16:41:46.632 D/uninstall( 3350): watchdaemon pid == 0
11-03 16:41:46.632 D/uninstall( 3350): watchdaemon version >= 17 || version == 0 version == 34
11-03 16:41:46.797 I//apex/com.android.adbd/bin/adbd( 1395): type=1400 audit(0.0:1255): avc: denied { dac_read_search } for comm=75736220666673206F70656E capability=2 scontext=u:r:su:s0 tcontext=u:r:su:s0 tclass=capability permissive=1
11-03 16:41:46.797 I//apex/com.android.adbd/bin/adbd( 1395): type=1400 audit(0.0:1256): avc: denied { dac_override } for comm=75736220666673206F70656E capability=1 scontext=u:r:su:s0 tcontext=u:r:su:s0 tclass=capability permissive=1
11-03 16:41:47.049 I/xm_hidread( 1758): type=1400 audit(0.0:1257): avc: denied { read } for scontext=u:r:init:s0 tcontext=u:r:init:s0 tclass=netlink_kobject_uevent_socket permissive=1
11-03 16:41:47.455 I/WifiHAL ( 493): call wifi_get_link_stats handler
11-03 16:41:47.455 I/WifiHAL ( 493): Creating message to get link statistics; iface = 16
11-03 16:41:47.455 D/WifiHAL ( 493): error code -95 mapped to -3
11-03 16:41:47.456 E/WifiStaIfaceAidlImpl( 705): getLinkLayerStats failed with service-specific exception: android.os.ServiceSpecificException: (code 4)
11-03 16:41:48.331 D/WanClient( 1470): try connect
11-03 16:41:48.332 D/TrafficStats( 1470): tagSocket(5) with statsTag=0xffffffff, statsUid=-1
11-03 16:41:48.337 I/rainbow_flow( 2350): type=1400 audit(0.0:1258): avc: denied { ioctl } for path="/dev/spidev1.0" dev="tmpfs" ino=533 ioctlcmd=0x6b00 scontext=u:r:init:s0 tcontext=u:object_r:device:s0 tclass=chr_file permissive=1
11-03 16:41:48.375 D/CompatibilityChangeReporter( 1470): Compat change id reported: 247079863; UID 1000; state: DISABLED
11-03 16:41:48.377 D/WanClient( 1470): onOpen:Thread[WebSocketConnectReadThread-71,5,main] success ws://wxws.qun7.com/connect
11-03 16:41:48.380 D/WanClient( 1470): -----final------sendMessage: {"fromId":"q5TrJmBoEmShmpfjN3vFNg==","toId":"Lc7BfKitr8PrtOejfB6LOA==","sn":"XohBeDTkSiw=","type":"7EsoetslBbs="}
11-03 16:41:48.381 E/RCInfo ( 1470): RCBrand:BK
11-03 16:41:48.377 I/WebSocketConnec( 1470): type=1400 audit(0.0:1259): avc: denied { read } for name="devices" dev="proc" ino=4026531982 scontext=u:r:system_app:s0 tcontext=u:object_r:proc:s0 tclass=file permissive=1
11-03 16:41:48.383 D/WanClient( 1470): add device info new: DeviceInfo{deviceId='c4d7b3cac61ca3d40b1549272721544c', sn='DOH5PRO8252185408'}
11-03 16:41:48.377 I/WebSocketConnec( 1470): type=1400 audit(0.0:1260): avc: denied { open } for path="/proc/bus/input/devices" dev="proc" ino=4026531982 scontext=u:r:system_app:s0 tcontext=u:object_r:proc:s0 tclass=file permissive=1
11-03 16:41:48.377 I/WebSocketConnec( 1470): type=1400 audit(0.0:1261): avc: denied { getattr } for path="/proc/bus/input/devices" dev="proc" ino=4026531982 scontext=u:r:system_app:s0 tcontext=u:object_r:proc:s0 tclass=file permissive=1
11-03 16:41:48.484 D/WanClient( 1470): onMessage:Thread[WebSocketConnectReadThread-71,5,main]--{"msg":"XlMiRI4FaV0="}
11-03 16:41:48.486 D/WanClient( 1470): onMessageReceived:Thread[WebSocketConnectReadThread-71,5,main] {"msg":"XlMiRI4FaV0="}
11-03 16:41:48.486 D/WanClient( 1470): type: null
11-03 16:41:48.486 D/WanClient( 1470): send:HB7FxtN64oc=
11-03 16:41:48.486 D/WanClient( 1470): leave:uQ3qCmhm4oA=
11-03 16:41:48.486 D/WanClient( 1470): join:7EsoetslBbs=
11-03 16:41:48.486 D/WanClient( 1470): q5TrJmBoEmShmpfjN3vFNg==
11-03 16:41:49.430 W/ProcessStats( 705): Tracking association SourceState{811a585 com.ktcp.video:daemon/10089 Fgs #520} whose proc state 3 is better than process ProcessState{952ff9a com.ktcp.video/10089 pkg=com.ktcp.video} proc state 10 (3 skipped)
11-03 16:41:50.462 I/WifiHAL ( 493): call wifi_get_link_stats handler
11-03 16:41:50.462 I/WifiHAL ( 493): Creating message to get link statistics; iface = 16
11-03 16:41:50.462 D/WifiHAL ( 493): error code -95 mapped to -3
11-03 16:41:50.462 E/WifiStaIfaceAidlImpl( 705): getLinkLayerStats failed with service-specific exception: android.os.ServiceSpecificException: (code 4)
11-03 16:41:50.550 I/audio_hw_hal_alsamgr( 469): alsa format =0x24000000 delay frames =4032 total frames=11520000
11-03 16:41:51.712 I/SystemControl( 329): [/UEventObserver.cpp, HDMITxUenventThreadLoop, 451] HDMI TX switch_name:hdmitx_current_status, switch_state: 8
11-03 16:41:51.713 I/SystemControl( 329): [/Ubootenv.cpp, get, 345] [ubootenv] search end and not find env:connector_type
11-03 16:41:51.714 V/WindowManager( 705): app ------------- force_land :0
11-03 16:41:51.714 E/MesonHwc( 299): DrmConnector[HDMI-A] still DISCONNECTED.
11-03 16:41:51.714 D/MesonHwc( 299): ERR: PLEASE FIX NON-IMPLEMENT FUN(update).
11-03 16:41:51.714 I/SystemControl( 329): [/Ubootenv.cpp, get, 345] [ubootenv] search end and not find env:connector_type
11-03 16:41:51.715 E/MesonHwc( 299): read screen size 0x0 from vinfo
11-03 16:41:51.715 E/MesonHwc( 299): dolby vision driver is not ready
11-03 16:41:51.716 E/MesonHwc( 299): FixedDisplayPipe::getConnectorCfg 15
11-03 16:41:51.716 E/MesonHwc( 299): read screen size 0x0 from vinfo
11-03 16:41:51.716 E/MesonHwc( 299): dolby vision driver is not ready
11-03 16:41:51.716 I/SystemControl( 329): [/Ubootenv.cpp, get, 345] [ubootenv] search end and not find env:connector_type
11-03 16:41:51.717 E/MesonHwc( 299): FixedDisplayPipe::getConnectorCfg 15
11-03 16:41:51.717 D/MesonHwc( 299): ERR: PLEASE FIX NON-IMPLEMENT FUN(update).
11-03 16:41:51.717 E/MesonHwc( 299): read screen size 0x0 from vinfo
11-03 16:41:51.717 E/MesonHwc( 299): dolby vision driver is not ready
11-03 16:41:51.719 E/MesonHwc( 299): Do Nothing in updateDisplayMode .
11-03 16:41:51.719 V/MesonDisplayServer( 299): GetDisplayMode:2160p60hz
11-03 16:41:51.721 E/ccc ( 1470): cccccc hdmi plug reset
11-03 16:41:51.722 I/hdmicecd( 490): [HdmiCecControl]:Hotplug event port:0, now:0, prevStatus:1 power:1
11-03 16:41:51.724 I/hdmiconnection( 490): hot plug port id 0, is connected 0
11-03 16:41:51.724 I/SystemControl( 329): [/UEventObserver.cpp, HDMITxUenventThreadLoop, 451] HDMI TX switch_name:hdmitx_hpd, switch_state: 0
11-03 16:41:51.724 I/SystemControl( 329): [/DisplayMode.cpp, onTxEvent, 3267] onTxEvent switchName:hdmitx_hpd hpdstate:0 state: 1
11-03 16:41:51.724 I/SystemControl( 329): [/SysWrite.cpp, getKernelReleaseVersion, 701] getKernelReleaseVersion: 5.15
11-03 16:41:51.725 I/SystemControl( 329): [/SystemControlHal.cpp, onEvent, 72] onEvent event:2, client size:5
11-03 16:41:51.725 I/WiredAccessoryManager( 705): MSG_NEW_DEVICE_STATE
11-03 16:41:51.725 D/HDMI ( 705): Hotplug event:[port:0, connected:false]
11-03 16:41:51.726 D/HDMI ( 705): reset tv status for hotplug out
11-03 16:41:51.726 D/AudioService( 705): onStatusChange cecEnabled:true available:false
11-03 16:41:51.727 D/AudioService( 705): TV, no CEC: setting HDMI as regular vol device
11-03 16:41:51.727 D/AudioService( 705): Removing DeviceType: 0x400 from mFullVolumeDevices
11-03 16:41:51.727 D/AudioService( 705): Removing DeviceType: 0x400 from mFixedVolumeDevices
11-03 16:41:51.727 D/AudioService( 705): Removing DeviceType: 0x400 from mAbsoluteVolumeDeviceInfoMap
11-03 16:41:51.727 I/SystemControlClient( 481): notifyCallback event type:2
11-03 16:41:51.727 I/SystemControlClient( 481): notifyCallback: listener is NULL.
11-03 16:41:51.728 E/WiredAccessoryManager( 705): No state change.
11-03 16:41:51.730 D/hdmicecd( 482): [HdmiCecControl]:getPhysicalAddress, physical addr: ffff, last pa: 1200, ret = 0
11-03 16:41:51.730 I/SystemControl( 329): [/Ubootenv.cpp, get, 336] [ubootenv] get key:hdmimode envValue: none
11-03 16:41:51.730 I/SystemControl( 329): [/Ubootenv.cpp, get, 336] [ubootenv] get key:user_colorattribute envValue: rgb,10bit
11-03 16:41:51.731 I/SystemControlClient( 480): notifyCallback event type:2
11-03 16:41:51.731 I/SystemControlClient( 480): notifyCallback: listener is NULL.
11-03 16:41:51.731 I/SystemControlClient( 256): notifyCallback event type:2
11-03 16:41:51.731 I/SystemControlClient( 256): notifyCallback: listener is NULL.
11-03 16:41:51.731 I/SystemControl( 329): [/Ubootenv.cpp, get, 345] [ubootenv] search end and not find env:hdr_force_mode
11-03 16:41:51.731 I/SystemControl( 329): [/DisplayMode.cpp, gethdrforcemode, 2742] get hdr force mode is [2]
11-03 16:41:51.731 I/SystemControl( 329): [/Ubootenv.cpp, get, 336] [ubootenv] get key:hdr_policy envValue: 0
11-03 16:41:51.731 I/SystemControl( 329): [/DisplayMode.cpp, getHdrStrategy, 2758] getHdrStrategy is [0]
11-03 16:41:51.732 I/SystemControl( 329): [/Ubootenv.cpp, get, 336] [ubootenv] get key:hdr_priority envValue: 268435472
11-03 16:41:51.732 I/SystemControl( 329): [/DisplayMode.cpp, getHdrPriority, 2891] getHdrPriority is [0x10000010]
11-03 16:41:51.732 I/SystemControl( 329): [/DisplayMode.cpp, getCommonData, 1534] isbestcolorspace:0, isbestpolicy:1, hdr_policy:0, hdr_priority :268435472, hdr_force_mode:2
11-03 16:41:51.721 I/systemcontrol( 329): type=1400 audit(0.0:1262): avc: denied { call } for scontext=u:r:system_control:s0 tcontext=u:r:hal_power_default:s0 tclass=binder permissive=1
11-03 16:41:51.725 I/systemcontrol( 329): type=1400 audit(0.0:1263): avc: denied { call } for scontext=u:r:system_control:s0 tcontext=u:r:hal_oemlock_default:s0 tclass=binder permissive=1
11-03 16:41:51.734 D/xm_audio( 469): adev_get_parameters
11-03 16:41:51.734 D/hdmicecd( 482): [HdmiCecControl]:getPhysicalAddress, physical addr: ffff, last pa: 1200, ret = 0
11-03 16:41:51.736 V/MesonDisplayServer( 299): GetDisplayMode:2160p60hz
11-03 16:41:51.737 I/SystemControlClient( 478): notifyCallback event type:2
11-03 16:41:51.737 I/SystemControlClient( 478): notifyCallback: listener is NULL.
11-03 16:41:51.737 D/hdmicecd( 482): [HdmiCecControl]:getPhysicalAddress, physical addr: ffff, last pa: 1200, ret = 0
11-03 16:41:51.725 I/systemcontrol( 329): type=1400 audit(0.0:1264): avc: denied { call } for scontext=u:r:system_control:s0 tcontext=u:r:mediacodec:s0 tclass=binder permissive=1
11-03 16:41:51.737 D/hdmicecd( 482): [HdmiCecControl]:getPhysicalAddress, physical addr: ffff, last pa: 1200, ret = 0
11-03 16:41:51.738 I/SystemControl( 329): [/DisplayMode.cpp, getDisplayMode, 2331] getDisplayMode mode:2160p60hz
11-03 16:41:51.738 I/SystemControlEvent( 997): system control callback event: 2
11-03 16:41:51.738 I/SystemControl( 329): [/Ubootenv.cpp, get, 336] [ubootenv] get key:hdmimode envValue: none
11-03 16:41:51.738 I/SystemControl( 329): [/Ubootenv.cpp, get, 336] [ubootenv] get key:cvbsmode envValue: 480cvbs
11-03 16:41:51.738 I/SystemControl( 329): [/DisplayMode.cpp, getCommonData, 1542] hdmi_current_mode:2160p60hz, ubootenv hdmimode:none cvbsmode:480cvbs
11-03 16:41:51.739 D/hdmicecd( 482): [HdmiCecControl]:getPhysicalAddress, physical addr: ffff, last pa: 1200, ret = 0
11-03 16:41:51.740 D/xm_audio( 469): adev_get_parameters
11-03 16:41:51.740 E/ccc ( 1470): cccccc hdmi plug reset
11-03 16:41:51.742 D/hdmicecd( 482): [HdmiCecControl]:getPhysicalAddress, physical addr: ffff, last pa: 1200, ret = 0
11-03 16:41:51.744 I/AS.AudioDeviceInventory( 705): NOISY: adding 0x400
11-03 16:41:51.748 D/MesonDisplayServer( 299): use connector getDisplayAttribute "HDMI Color ATTR": "420,10bit"
11-03 16:41:51.748 I/SystemControl( 329): [/Ubootenv.cpp, get, 336] [ubootenv] get key:user_colorattribute envValue: rgb,10bit
11-03 16:41:51.748 I/SystemControl( 329): [/DisplayMode.cpp, getCommonData, 1554] hdmi_current_attr:420,10bit, ubootenv_colorattribute:rgb,10bit
11-03 16:41:51.749 I/SystemControl( 329): [/Ubootenv.cpp, get, 345] [ubootenv] search end and not find env:dv_enable
11-03 16:41:51.749 I/SystemControl( 329): [/DisplayMode.cpp, getCommonData, 1567] dv_enable:0
11-03 16:41:51.749 I/SystemControl( 329): [/Ubootenv.cpp, get, 345] [ubootenv] search end and not find env:user_prefer_dv_type
11-03 16:41:51.749 I/SystemControl( 329): [/DisplayMode.cpp, getCommonData, 1578] ubootenv_dv_type:0
11-03 16:41:51.750 D/xm_audio( 469): adev_get_parameters
11-03 16:41:51.751 D/xm_audio( 469): adev_get_parameters
11-03 16:41:51.756 D/xm_audio( 469): adev_get_parameters
11-03 16:41:51.758 D/xm_audio( 469): adev_get_parameters
11-03 16:41:51.761 I/SystemControl( 329): [/DisplayMode.cpp, getHdmiData, 1721] display sink type:0 [0:none, 1:sink, 2:repeater]
11-03 16:41:51.761 I/SystemControl( 329): [/DisplayMode.cpp, filterHdmiDispcap, 1398] before filtered HdmiDispcap:
11-03 16:41:51.761 I/SystemControl( 329): [/DisplayMode.cpp, filterHdmiDispcap, 1427] after filtered HdmiDispcap:
11-03 16:41:51.762 D/MesonDisplayServer( 299): getDisplayAttribute "Dolby Vision CAP2": "The Rx don't support DolbyVision"
11-03 16:41:51.763 E/SystemControl( 329): [/DisplayMode.cpp, getHdmiDvCap, 1618] TV isn't support dolby vision: The Rx don't support DolbyVision
11-03 16:41:51.763 I/SystemControl( 329): [/DisplayMode.cpp, onTxEvent, 3294] onTxEvent boot config enable do nothing, just return
11-03 16:41:51.763 I/SystemControl( 329): [/UEventObserver.cpp, HDMITxUenventThreadLoop, 451] HDMI TX switch_name:hdmitx_audio, switch_state: 0
11-03 16:41:51.763 I/SystemControl( 329): [/DisplayMode.cpp, onTxEvent, 3267] onTxEvent switchName:hdmitx_audio hpdstate:0 state: 1
11-03 16:41:51.763 I/SystemControl( 329): [/SysWrite.cpp, getKernelReleaseVersion, 701] getKernelReleaseVersion: 5.15
11-03 16:41:51.763 I/SystemControl( 329): [/SystemControlHal.cpp, onEvent, 72] onEvent event:4, client size:5
11-03 16:41:51.763 I/SystemControlClient( 481): notifyCallback event type:4
11-03 16:41:51.763 I/SystemControlClient( 481): notifyCallback: listener is NULL.
11-03 16:41:51.763 I/SystemControlClient( 256): notifyCallback event type:4
11-03 16:41:51.763 I/SystemControlClient( 256): notifyCallback: listener is NULL.
11-03 16:41:51.763 I/SystemControlEvent( 997): system control callback event: 4
11-03 16:41:51.764 I/SystemControlClient( 480): notifyCallback event type:4
11-03 16:41:51.764 I/SystemControlClient( 480): notifyCallback: listener is NULL.
11-03 16:41:51.764 I/SystemControlClient( 478): notifyCallback event type:4
11-03 16:41:51.764 I/SystemControlClient( 478): notifyCallback: listener is NULL.
11-03 16:41:51.764 D/xm_audio( 469): adev_get_parameters
11-03 16:41:51.765 D/xm_audio( 469): adev_get_parameters
11-03 16:41:51.770 D/xm_audio( 469): adev_get_parameters
11-03 16:41:51.772 D/xm_audio( 469): adev_get_parameters
11-03 16:41:51.779 D/xm_audio( 469): adev_get_parameters
11-03 16:41:51.780 D/xm_audio( 469): adev_get_parameters
11-03 16:41:51.793 D/xm_audio( 469): adev_get_parameters
11-03 16:41:51.794 D/xm_audio( 469): adev_get_parameters
11-03 16:41:51.808 D/xm_audio( 469): adev_get_parameters
11-03 16:41:51.810 D/xm_audio( 469): adev_get_parameters
11-03 16:41:51.816 D/xm_audio( 469): adev_get_parameters
11-03 16:41:51.818 D/xm_audio( 469): adev_get_parameters
11-03 16:41:51.820 D/MesonDisplayServer( 299): SetDisplay[CVBS] Mode to "dummy_l"
11-03 16:41:51.822 D/xm_audio( 469): adev_get_parameters
11-03 16:41:51.824 D/xm_audio( 469): adev_get_parameters
11-03 16:41:51.827 I/AS.AudioDeviceInventory( 705): NOISY: musicDevice changing from NONE to 0x400
11-03 16:41:51.829 I/AS.AudioDeviceInventory( 705): dropping ACTION_AUDIO_BECOMING_NOISY
11-03 16:41:51.830 D/AudioService( 705): setWiredDeviceConnectionState( type:400 state:DEVICE_STATE_UNAVAILABLE addr: name:) from android
11-03 16:41:51.830 I/AS.AudioDeviceInventory( 705): handleDeviceConnection(false dev:400 address: name:)
11-03 16:41:51.830 I/AS.AudioDeviceInventory( 705): deviceKey:0x400:
11-03 16:41:51.830 I/AS.AudioDeviceInventory( 705): deviceInfo:[DeviceInfo: type:0x400 (hdmi) name: addr: codec: 0 sensorUuid: null disabled modes: {}] is(already)Connected:true
11-03 16:41:51.831 I/APM_AudioPolicyManager( 501): [setDeviceConnectionState:256] curForceUse:HDMI(9) disconnect_forceuse:HDMI(9)
11-03 16:41:51.831 I/APM_AudioPolicyManager( 501): [setDeviceConnectionState:264] disconnect current forceuse device:HDMI, set forceuse to NONE.
11-03 16:41:51.833 I/audio_hw_hal_primary( 469): [adev_set_device_connected_state_v7:8041] disconnected address:, num_descriptors:0, num_profiles:7
11-03 16:41:51.833 I/audio_hw_hal_primary( 469): [set_device_connect_state:3798] state:0, dev:OUT_HDMI(0x400), pre_out:0x80002, pre_in:0x4
11-03 16:41:51.833 D/audio_hw_hal_resourcemgr( 469): [set_output_device_avail:353] device:0x400 avail_out_devices:400 routed_out_devices:0x400
11-03 16:41:51.833 I/SystemControl( 329): [/UEventObserver.cpp, HDMITxUenventThreadLoop, 451] HDMI TX switch_name:hdmitx_current_status, switch_state: 9
11-03 16:41:51.834 D/xm_audio( 469): adev_get_parameters
11-03 16:41:51.837 D/xm_audio( 469): adev_get_parameters
11-03 16:41:51.844 I/audio_hw_hal_primary( 469): [adev_release_audio_patch:7569] ++ handle(3)
11-03 16:41:51.844 I/audio_hw_device_patchmgr( 469): [patch_mgr_release_patch:995] Patch 3: MIX->DEVICE patch_src:INVAL
11-03 16:41:51.844 I/audio_hw_device_patchmgr( 469): [patch_mgr_release_patch:1029] Patch 3: mix(io:13) -> dev_0[OUT_HDMI(id:25)]
11-03 16:41:51.844 I/audio_hw_device_patchmgr( 469): [unregister_audio_patch:677] delete the Patch: 3
11-03 16:41:51.845 D/UEventObserver( 997): change@/devices/platform/auge_sound/sound/card0/controlC0ACTION=changeDEVPATH=/devices/platform/auge_sound/sound/card0/controlC0SUBSYSTEM=soundAUDIO_FORMAT=0MAJOR=116MINOR=13DEVNAME=snd/controlC0SEQNUM=3622
11-03 16:41:51.847 D/ShowHdrAudioLogoService( 997): receive broadcast, audio format:0
11-03 16:41:51.847 D/ShowHdrAudioLogoService( 997): clearContent
11-03 16:41:51.859 W/APM::Devices( 501): DeviceVector::remove device 00000400 not in
11-03 16:41:51.861 I/AS.AudioDeviceInventory( 705): sendDeviceConnectionIntent(dev:0x400 state:0x0 address: name:);
11-03 16:41:51.867 V/MediaRouter( 705): Audio routes updated: AudioRoutesInfo{ type=SPEAKER }, a2dp=false
11-03 16:41:51.867 V/MediaRouter( 705): Selecting route: RouteInfo{ name=电视, description=null, status=null, category=RouteCategory{ name=系统 types=ROUTE_TYPE_LIVE_AUDIO ROUTE_TYPE_LIVE_VIDEO groupable=false }, supportedTypes=ROUTE_TYPE_LIVE_AUDIO ROUTE_TYPE_LIVE_VIDEO , presentationDisplay=null }
11-03 16:41:51.868 V/MediaRouter( 985): Audio routes updated: AudioRoutesInfo{ type=SPEAKER }, a2dp=false
11-03 16:41:51.869 V/MediaRouter( 985): Selecting route: RouteInfo{ name=电视, description=null, status=null, category=RouteCategory{ name=系统 types=ROUTE_TYPE_LIVE_AUDIO ROUTE_TYPE_LIVE_VIDEO groupable=false }, supportedTypes=ROUTE_TYPE_LIVE_AUDIO ROUTE_TYPE_LIVE_VIDEO , presentationDisplay=null }
11-03 16:41:51.874 D/MesonComposer3( 299): halEventcallback onHotplug client3.0
11-03 16:41:51.875 E/MesonHwc( 299): getPort 15
11-03 16:41:51.875 E/MesonHwc( 299): getPort 15
11-03 16:41:51.876 I/SurfaceFlinger( 276): Reconnecting display 4616733697779729419 (HAL ID 0)
11-03 16:41:51.881 E/MesonComposer3( 299): destroyLayer: display:0 failed to destroy layer:261
11-03 16:41:51.882 E/HwcComposer( 276): destroyLayer failed Status(-8, EX_SERVICE_SPECIFIC): '3: '
11-03 16:41:51.882 E/HWC2 ( 276): destroyLayer(0, 261) failed: BadLayer (3)
11-03 16:41:51.882 E/MesonComposer3( 299): destroyLayer: display:0 failed to destroy layer:4
11-03 16:41:51.882 E/HwcComposer( 276): destroyLayer failed Status(-8, EX_SERVICE_SPECIFIC): '3: '
11-03 16:41:51.882 E/HWC2 ( 276): destroyLayer(0, 4) failed: BadLayer (3)
11-03 16:41:51.882 E/HwcComposer( 276): setClientTargetSlotCount failed Status(-8, EX_SERVICE_SPECIFIC): '4: '
11-03 16:41:51.882 I/FramebufferSurface( 276): Framebuffer size has been limited to [1920x1080] from [3840x2160]
11-03 16:41:51.895 D/xm_audio( 469): adev_get_parameters
11-03 16:41:51.896 D/xm_audio( 469): adev_get_parameters
11-03 16:41:51.901 I/Scheduler( 276): Display 4616733697779729419 is the pacesetter
11-03 16:41:51.902 E/SchedulerTimer( 276): Terminated
11-03 16:41:51.902 D/SurfaceFlinger( 276): Setting power mode 2 on display 4616733697779729419
11-03 16:41:51.902 D/SurfaceFlinger( 276): Finished setting power mode 2 on display 4616733697779729419
11-03 16:41:51.903 D/SurfaceFlinger( 276): skip this commit to avoid crash
11-03 16:41:51.903 D/hdmicecd( 482): [CEC]:printCecMsgBuf, msg: 0f 87 00 ec 0a
11-03 16:41:51.906 D/LocalDisplayAdapter( 705): The active mode was changed from SurfaceFlinger or the display device to {id=15, width=3840, height=2160, fps=59.94006, alternativeRefreshRates=[], supportedHdrTypes=[]}
11-03 16:41:51.906 D/LocalDisplayAdapter( 705): New display modes are added and the active mode has changed, use active mode as default mode.
11-03 16:41:51.906 W/LocalDisplayAdapter( 705): DisplayModeSpecs base mode no longer available, using currently active mode.
11-03 16:41:51.908 I/DisplayDeviceRepository( 705): Display device changed: DisplayDeviceInfo{"内置屏幕": uniqueId="local:4616733697779729419", 3840 x 2160, modeId 3, renderFrameRate 59.94006, defaultModeId 3, supportedModes [{id=1, width=1920, height=1080, fps=59.94006, alternativeRefreshRates=[], supportedHdrTypes=[2]}, {id=2, width=1920, height=1080, fps=60.000004, alternativeRefreshRates=[], supportedHdrTypes=[2]}, {id=3, width=3840, height=2160, fps=59.94006, alternativeRefreshRates=[], supportedHdrTypes=[2]}, {id=4, width=3840, height=2160, fps=60.000004, alternativeRefreshRates=[], supportedHdrTypes=[2]}, {id=5, width=3840, height=2160, fps=50.0, alternativeRefreshRates=[], supportedHdrTypes=[2]}, {id=6, width=3840, height=2160, fps=29.97003, alternativeRefreshRates=[], supportedHdrTypes=[2]}, {id=7, width=3840, height=2160, fps=30.000002, alternativeRefreshRates=[], supportedHdrTypes=[2]}, {id=8, width=3840, height=2160, fps=25.0, alternativeRefreshRates=[], supportedHdrTypes=[2]}, {id=9, width=3840, height=2160, fps=23.976025, alternativeRefreshRates=[], supportedHdrTypes=[2]}, {id=10, width=3840, height=2160, fps=24.000002, alternativeRefreshRates=[], supportedHdrTypes=[2]}, {id=11, width=1920, height=1080, fps=50.0, alternativeRefreshRates=[], supportedHdrTypes=[2]}, {id=12, width=1280, height=720, fps=59.94006, alternativeRefreshRates=[], supportedHdrTypes=[2]}, {id=13, width=1280, height=720, fps=60.000004, alternativeRefreshRates=[], supportedHdrTypes=[2]}, {id=14, width=1280, height=720, fps=50.0, alternativeRefreshRates=[], supportedHdrTypes=[2]}], colorMode 0, supportedColorModes [0], hdrCapabilities HdrCapabilities{mSupportedHdrTypes=[2], mMaxLuminance=1000.0, mMaxAverageLuminance=1000.0, mMinLuminance=0.0}, allmSupported false, gameContentTypeSupported true, density 480, 79.947 x 79.513 dpi, appVsyncOff 2000000, presDeadline 13683333, touch INTERNAL, rotation 0, type INTERNAL, address {port=11, model=0x4011eed66ebc84}, deviceProductInfo DeviceProductInfo{name=DENON-AVR, manufacturerPnpId=DON, productId=100, modelYear=null, manufactureDate=ManufactureDate{week=null, year=2019}, connectionToSinkType=3}, state ON, committedState ON, frameRateOverride , brightnessMinimum 0.0, brightnessMaximum 1.0, brightnessDefault 0.39763778, hdrSdrRatio NaN, FLAG_ALLOWED_TO_BE_DEFAULT_DISPLAY, FLAG_ROTATES_WITH_CONTENT, FLAG_SECURE, FLAG_SUPPORTS_PROTECTED_BUFFERS, FLAG_TRUSTED, installOrientation 0, displayShape DisplayShape{ spec=-545313861 displayWidth=3840 displayHeight=2160 physicalPixelDisplaySizeRatio=1.0 rotation=0 offsetX=0 offsetY=0 scale=1.0}}
11-03 16:41:51.909 D/xm_audio( 469): adev_get_parameters
11-03 16:41:51.911 W/LocalDisplayAdapter( 705): Ignoring request for invalid base mode id 3
11-03 16:41:51.913 D/CompatibilityChangeReporter( 705): Compat change id reported: 170503758; UID 10077; state: DISABLED
11-03 16:41:51.914 D/HDMI ( 705): [R]: 0F:87:00:EC:0A
11-03 16:41:51.914 I/DisplayDeviceRepository( 705): Display device changed: DisplayDeviceInfo{"内置屏幕": uniqueId="local:4616733697779729419", 3840 x 2160, modeId 15, renderFrameRate 59.94006, defaultModeId 15, supportedModes [{id=15, width=3840, height=2160, fps=59.94006, alternativeRefreshRates=[], supportedHdrTypes=[]}], colorMode 0, supportedColorModes [0], hdrCapabilities HdrCapabilities{mSupportedHdrTypes=[], mMaxLuminance=500.0, mMaxAverageLuminance=500.0, mMinLuminance=0.0}, allmSupported false, gameContentTypeSupported true, density 480, 79.947 x 79.513 dpi, appVsyncOff 2000000, presDeadline 13683333, touch INTERNAL, rotation 0, type INTERNAL, address {port=11, model=0x4011eed66ebc84}, deviceProductInfo DeviceProductInfo{name=Linux FHD, manufacturerPnpId=LNX, productId=0, modelYear=null, manufactureDate=ManufactureDate{week=5, year=2012}, connectionToSinkType=0}, state ON, committedState ON, frameRateOverride , brightnessMinimum 0.0, brightnessMaximum 1.0, brightnessDefault 0.39763778, hdrSdrRatio NaN, FLAG_ALLOWED_TO_BE_DEFAULT_DISPLAY, FLAG_ROTATES_WITH_CONTENT, FLAG_SECURE, FLAG_SUPPORTS_PROTECTED_BUFFERS, FLAG_TRUSTED, installOrientation 0, displayShape DisplayShape{ spec=-545313861 displayWidth=3840 displayHeight=2160 physicalPixelDisplaySizeRatio=1.0 rotation=0 offsetX=0 offsetY=0 scale=1.0}}
11-03 16:41:51.914 D/hdmicecd( 482): [HdmiCecControl]:getPhysicalAddress, physical addr: ffff, last pa: 1200, ret = 0
11-03 16:41:51.914 D/HDMI ( 705): addCecDevice new:CEC: logical_address: 0x00 device_type: 0 cec_version: 5 vendor_id: 16777215 display_name: TV power_status: -1 physical_address: 0xFFFF port_id: -1 old:null
11-03 16:41:51.915 D/HdmiControlService( 705): Switching to full volume behavior
11-03 16:41:51.916 D/hdmicecd( 482): [HdmiCecControl]:getPhysicalAddress, physical addr: ffff, last pa: 1200, ret = 0
11-03 16:41:51.916 D/HDMI ( 705): TV is available now for receiving its message
11-03 16:41:51.916 D/AudioService( 705): onStatusChange cecEnabled:true available:true
11-03 16:41:51.917 D/AudioService( 705): TV, no CEC: setting HDMI as regular vol device
11-03 16:41:51.917 D/AudioService( 705): Removing DeviceType: 0x400 from mFullVolumeDevices
11-03 16:41:51.917 D/AudioService( 705): Removing DeviceType: 0x400 from mFixedVolumeDevices
11-03 16:41:51.917 D/AudioService( 705): Removing DeviceType: 0x400 from mAbsoluteVolumeDeviceInfoMap
11-03 16:41:51.917 D/xm_audio( 469): adev_get_parameters
11-03 16:41:51.918 I/RefreshRateSelector( 276): Display 4616733697779729419 policy changed
11-03 16:41:51.918 I/RefreshRateSelector( 276): Previous: {defaultModeId=14, allowGroupSwitching=false, primaryRanges={physical=[0.00 Hz, 340282346638528859811704183484516925440.00 Hz], render=[0.00 Hz, 340282346638528859811704183484516925440.00 Hz]}, appRequestRanges={physical=[0.00 Hz, 340282346638528859811704183484516925440.00 Hz], render=[0.00 Hz, 340282346638528859811704183484516925440.00 Hz]}}
11-03 16:41:51.918 I/RefreshRateSelector( 276): Current: DisplayManagerPolicy{defaultModeId=14, allowGroupSwitching=false, primaryRanges={physical=[0.00 Hz, inf Hz], render=[0.00 Hz, 120.00 Hz]}, appRequestRanges={physical=[0.00 Hz, inf Hz], render=[0.00 Hz, inf Hz]}}
11-03 16:41:51.918 I/RefreshRateSelector( 276): 0 mode changes were performed under the previous policy
11-03 16:41:51.926 D/xm_audio( 469): adev_get_parameters
11-03 16:41:51.927 D/xm_audio( 469): adev_get_parameters
11-03 16:41:51.933 D/xm_audio( 469): adev_get_parameters
11-03 16:41:51.934 D/xm_audio( 469): adev_get_parameters
11-03 16:41:51.940 D/xm_audio( 469): adev_get_parameters
11-03 16:41:51.941 D/xm_audio( 469): adev_get_parameters
11-03 16:41:51.946 D/xm_audio( 469): adev_get_parameters
11-03 16:41:51.947 D/xm_audio( 469): adev_get_parameters
11-03 16:41:51.952 D/xm_audio( 469): adev_get_parameters
11-03 16:41:51.954 D/xm_audio( 469): adev_get_parameters
11-03 16:41:51.958 D/xm_audio( 469): adev_get_parameters
11-03 16:41:51.960 D/xm_audio( 469): adev_get_parameters
11-03 16:41:51.964 D/xm_audio( 469): adev_get_parameters
11-03 16:41:51.965 D/xm_audio( 469): adev_get_parameters
11-03 16:41:51.969 D/xm_audio( 469): adev_get_parameters
11-03 16:41:51.970 D/xm_audio( 469): adev_get_parameters
11-03 16:41:51.973 D/xm_audio( 469): adev_get_parameters
11-03 16:41:51.975 D/xm_audio( 469): adev_get_parameters
11-03 16:41:51.979 I/vol.Events( 985): writeEvent level_changed STREAM_VOICE_CALL 65
11-03 16:41:51.980 I/vol.Events( 985): writeEvent level_changed STREAM_SYSTEM 65
11-03 16:41:51.980 D/vol.VolumeDialogImpl( 985): getIconResWithStream levelMax:20 levelMin:0 level:7 getImpliedLevel:7 stream:3
11-03 16:41:51.981 D/vol.VolumeDialogImpl( 985): getIconResWithStream levelMax:20 levelMin:0 level:7 getImpliedLevel:7 stream:3
11-03 16:41:51.981 I/vol.Events( 985): writeEvent level_changed STREAM_RING 65
11-03 16:41:51.981 D/vol.VolumeDialogImpl( 985): getIconResWithStream levelMax:20 levelMin:0 level:7 getImpliedLevel:7 stream:3
11-03 16:41:51.982 D/vol.VolumeDialogImpl( 985): getIconResWithStream levelMax:20 levelMin:0 level:7 getImpliedLevel:7 stream:3
11-03 16:41:51.982 D/vol.VolumeDialogImpl( 985): getIconResWithStream levelMax:20 levelMin:0 level:7 getImpliedLevel:7 stream:3
11-03 16:41:51.982 D/vol.VolumeDialogImpl( 985): getIconResWithStream levelMax:20 levelMin:0 level:7 getImpliedLevel:7 stream:3
11-03 16:41:51.984 I/vol.Events( 985): writeEvent level_changed STREAM_MUSIC 13
11-03 16:41:51.985 D/vol.VolumeDialogImpl( 985): getIconResWithStream levelMax:20 levelMin:0 level:13 getImpliedLevel:7 stream:3
11-03 16:41:51.985 I/vol.Events( 985): writeEvent level_changed STREAM_ALARM 65
11-03 16:41:51.986 D/vol.VolumeDialogImpl( 985): getIconResWithStream levelMax:20 levelMin:0 level:13 getImpliedLevel:13 stream:3
11-03 16:41:51.986 D/vol.VolumeDialogImpl( 985): getIconResWithStream levelMax:20 levelMin:0 level:13 getImpliedLevel:13 stream:3
11-03 16:41:51.986 D/vol.VolumeDialogImpl( 985): getIconResWithStream levelMax:20 levelMin:0 level:13 getImpliedLevel:13 stream:3
11-03 16:41:51.988 D/vol.VolumeDialogImpl( 985): getIconResWithStream levelMax:20 levelMin:0 level:13 getImpliedLevel:13 stream:3
11-03 16:41:51.989 D/vol.VolumeDialogImpl( 985): getIconResWithStream levelMax:20 levelMin:0 level:13 getImpliedLevel:13 stream:3
11-03 16:41:51.991 D/vol.VolumeDialogImpl( 985): getIconResWithStream levelMax:20 levelMin:0 level:13 getImpliedLevel:13 stream:3
11-03 16:41:51.992 D/vol.VolumeDialogImpl( 985): getIconResWithStream levelMax:20 levelMin:0 level:13 getImpliedLevel:13 stream:3
11-03 16:41:51.992 D/vol.VolumeDialogImpl( 985): getIconResWithStream levelMax:20 levelMin:0 level:13 getImpliedLevel:13 stream:3
11-03 16:41:51.992 D/vol.VolumeDialogImpl( 985): getIconResWithStream levelMax:20 levelMin:0 level:13 getImpliedLevel:13 stream:3
11-03 16:41:51.992 D/vol.VolumeDialogImpl( 985): getIconResWithStream levelMax:20 levelMin:0 level:13 getImpliedLevel:13 stream:3
11-03 16:41:51.992 D/vol.VolumeDialogImpl( 985): getIconResWithStream levelMax:20 levelMin:0 level:13 getImpliedLevel:13 stream:3
11-03 16:41:51.992 D/vol.VolumeDialogImpl( 985): getIconResWithStream levelMax:20 levelMin:0 level:13 getImpliedLevel:13 stream:3
11-03 16:41:51.992 D/vol.VolumeDialogImpl( 985): getIconResWithStream levelMax:20 levelMin:0 level:13 getImpliedLevel:13 stream:3
11-03 16:41:52.041 I//apex/com.android.adbd/bin/adbd( 1395): type=1400 audit(0.0:1265): avc: denied { read write } for comm=75736220666673206F70656E name="ep0" dev="functionfs" ino=24092 scontext=u:r:su:s0 tcontext=u:object_r:functionfs:s0 tclass=file permissive=1
11-03 16:41:52.041 I//apex/com.android.adbd/bin/adbd( 1395): type=1400 audit(0.0:1266): avc: denied { open } for comm=75736220666673206F70656E path="/dev/usb-ffs/adb/ep0" dev="functionfs" ino=24092 scontext=u:r:su:s0 tcontext=u:object_r:functionfs:s0 tclass=file permissive=1
11-03 16:41:52.041 I//apex/com.android.adbd/bin/adbd( 1395): type=1400 audit(0.0:1267): avc: denied { write } for comm=75736220666673206F70656E path="socket:[34432]" dev="sockfs" ino=34432 scontext=u:r:su:s0 tcontext=u:r:adbd:s0 tclass=unix_stream_socket permissive=1
11-03 16:41:52.041 I/adbd ( 1395): type=1400 audit(0.0:1268): avc: denied { read } for path="socket:[34433]" dev="sockfs" ino=34433 scontext=u:r:su:s0 tcontext=u:r:adbd:s0 tclass=unix_stream_socket permissive=1
11-03 16:41:52.502 D/hdmicecd( 482): [CEC]:printCecMsgBuf, msg: 0f 87 00 ec 0a
11-03 16:41:52.505 D/HDMI ( 705): [R]: 0F:87:00:EC:0A
11-03 16:41:52.505 D/hdmicecd( 482): [HdmiCecControl]:getPhysicalAddress, physical addr: ffff, last pa: 1200, ret = 0
11-03 16:41:52.699 D/ModernMediaScanner( 1450): Skipping preVisitDirectory /storage/02E24445E2443EE3/FAT32特殊/Android/data
11-03 16:41:52.702 D/ModernMediaScanner( 1450): Skipping preVisitDirectory /storage/02E24445E2443EE3/FAT32特殊/Android/obb
11-03 16:41:52.718 D/ModernMediaScanner( 1450): Skipping preVisitDirectory /storage/02E24445E2443EE3/FAT32特殊/Movies/.thumbnails
11-03 16:41:52.722 D/ModernMediaScanner( 1450): Skipping preVisitDirectory /storage/02E24445E2443EE3/FAT32特殊/Music/.thumbnails
11-03 16:41:52.729 D/ModernMediaScanner( 1450): Skipping preVisitDirectory /storage/02E24445E2443EE3/FAT32特殊/Pictures/.thumbnails
11-03 16:41:52.834 D/hdmicecd( 482): [CEC]:printCecMsgBuf, msg: 0f 87 00 ec 0a
11-03 16:41:52.836 D/HDMI ( 705): [R]: 0F:87:00:EC:0A
11-03 16:41:52.837 D/hdmicecd( 482): [HdmiCecControl]:getPhysicalAddress, physical addr: ffff, last pa: 1200, ret = 0
11-03 16:41:53.231 D/hdmicecd( 482): [CEC]:printCecMsgBuf, msg: 0f 87 00 ec 0a
11-03 16:41:53.232 D/HDMI ( 705): [R]: 0F:87:00:EC:0A
11-03 16:41:53.236 D/hdmicecd( 482): [HdmiCecControl]:getPhysicalAddress, physical addr: ffff, last pa: 1200, ret = 0
11-03 16:41:53.233 I/com.android.providers.media.module( 1450): type=1400 audit(0.0:1269): avc: denied { write } for comm=4173796E635461736B202331 name=".thumbnails" dev="sda1" ino=65360 scontext=u:r:mediaprovider_app:s0:c55,c256,c512,c768 tcontext=u:object_r:unlabeled:s0 tclass=dir permissive=1 app=com.android.providers.media.module
11-03 16:41:53.237 I/com.android.providers.media.module( 1450): type=1400 audit(0.0:1270): avc: denied { add_name } for comm=4173796E635461736B202331 name=".nomedia" scontext=u:r:mediaprovider_app:s0:c55,c256,c512,c768 tcontext=u:object_r:unlabeled:s0 tclass=dir permissive=1 app=com.android.providers.media.module
11-03 16:41:53.237 I/com.android.providers.media.module( 1450): type=1400 audit(0.0:1271): avc: denied { create } for comm=4173796E635461736B202331 name=".nomedia" scontext=u:r:mediaprovider_app:s0:c55,c256,c512,c768 tcontext=u:object_r:unlabeled:s0:c55,c256,c512,c768 tclass=file permissive=1 app=com.android.providers.media.module
11-03 16:41:53.237 I/com.android.providers.media.module( 1450): type=1400 audit(0.0:1272): avc: denied { associate } for comm=4173796E635461736B202331 name=".nomedia" scontext=u:object_r:unlabeled:s0:c55,c256,c512,c768 tcontext=u:object_r:unlabeled:s0 tclass=filesystem permissive=1 app=com.android.providers.media.module
11-03 16:41:53.467 I/WifiHAL ( 493): call wifi_get_link_stats handler
11-03 16:41:53.467 I/WifiHAL ( 493): Creating message to get link statistics; iface = 16
11-03 16:41:53.468 D/WifiHAL ( 493): error code -95 mapped to -3
11-03 16:41:53.468 E/WifiStaIfaceAidlImpl( 705): getLinkLayerStats failed with service-specific exception: android.os.ServiceSpecificException: (code 4)
11-03 16:41:53.505 I/SystemControl( 329): [/UEventObserver.cpp, HDMITxUenventThreadLoop, 451] HDMI TX switch_name:hdmitx_current_status, switch_state: 10
11-03 16:41:53.551 I/SystemControl( 329): [/UEventObserver.cpp, HDMITxUenventThreadLoop, 451] HDMI TX switch_name:hdmitx_hpd, switch_state: 1
11-03 16:41:53.551 I/SystemControl( 329): [/DisplayMode.cpp, onTxEvent, 3267] onTxEvent switchName:hdmitx_hpd hpdstate:1 state: 1
11-03 16:41:53.551 I/SystemControl( 329): [/SysWrite.cpp, getKernelReleaseVersion, 701] getKernelReleaseVersion: 5.15
11-03 16:41:53.552 I/SystemControl( 329): [/Ubootenv.cpp, get, 345] [ubootenv] search end and not find env:connector_type
11-03 16:41:53.552 I/SystemControl( 329): [/Ubootenv.cpp, updateValue, 68] [ubootenv] update value name [ubootenv.var.bestdolbyvision]: value [true]
11-03 16:41:53.552 V/WindowManager( 705): app ------------- force_land :0
11-03 16:41:53.552 E/MesonHwc( 299): read screen size 0x0 from vinfo
11-03 16:41:53.553 E/MesonHwc( 299): dolby vision driver is not ready
11-03 16:41:53.553 D/MesonHwc( 299): ERR: PLEASE FIX NON-IMPLEMENT FUN(update).
11-03 16:41:53.553 I/SystemControl( 329): [/Ubootenv.cpp, get, 336] [ubootenv] get key:bestdolbyvision envValue: true
11-03 16:41:53.553 I/SystemControl( 329): [/Ubootenv.cpp, get, 336] [ubootenv] get key:hdmimode envValue: none
11-03 16:41:53.554 I/SystemControl( 329): [/Ubootenv.cpp, get, 336] [ubootenv] get key:user_colorattribute envValue: rgb,10bit
11-03 16:41:53.554 I/SystemControl( 329): [/Ubootenv.cpp, get, 345] [ubootenv] search end and not find env:hdr_force_mode
11-03 16:41:53.554 I/SystemControl( 329): [/DisplayMode.cpp, gethdrforcemode, 2742] get hdr force mode is [2]
11-03 16:41:53.554 I/SystemControl( 329): [/Ubootenv.cpp, get, 336] [ubootenv] get key:hdr_policy envValue: 0
11-03 16:41:53.554 I/SystemControl( 329): [/DisplayMode.cpp, getHdrStrategy, 2758] getHdrStrategy is [0]
11-03 16:41:53.554 I/SystemControl( 329): [/Ubootenv.cpp, get, 336] [ubootenv] get key:hdr_priority envValue: 268435472
11-03 16:41:53.554 I/SystemControl( 329): [/DisplayMode.cpp, getHdrPriority, 2891] getHdrPriority is [0x10000010]
11-03 16:41:53.554 I/SystemControl( 329): [/DisplayMode.cpp, getCommonData, 1534] isbestcolorspace:0, isbestpolicy:1, hdr_policy:0, hdr_priority :268435472, hdr_force_mode:2
11-03 16:41:53.555 I/SystemControl( 329): [/Ubootenv.cpp, get, 345] [ubootenv] search end and not find env:connector_type
11-03 16:41:53.555 E/MesonHwc( 299): FixedDisplayPipe::getConnectorCfg 11
11-03 16:41:53.556 E/MesonHwc( 299): getCrtc by id(0) failed.
11-03 16:41:53.556 V/MesonDisplayServer( 299): GetDisplayMode:
11-03 16:41:53.556 I/SystemControl( 329): [/DisplayMode.cpp, getDisplayMode, 2331] getDisplayMode mode:
11-03 16:41:53.556 I/SystemControl( 329): [/Ubootenv.cpp, get, 336] [ubootenv] get key:hdmimode envValue: none
11-03 16:41:53.556 I/SystemControl( 329): [/Ubootenv.cpp, get, 336] [ubootenv] get key:cvbsmode envValue: 480cvbs
11-03 16:41:53.556 I/SystemControl( 329): [/DisplayMode.cpp, getCommonData, 1542] hdmi_current_mode:, ubootenv hdmimode:none cvbsmode:480cvbs
11-03 16:41:53.558 D/DisplayManagerService( 705): Ignore redundant display event 0/2 to 10041/2895
11-03 16:41:53.560 I/hdmicecd( 490): [HdmiCecControl]:Hotplug event port:0, now:1, prevStatus:0 power:1
11-03 16:41:53.563 I/WiredAccessoryManager( 705): MSG_NEW_DEVICE_STATE
11-03 16:41:53.565 E/MesonHwc( 299): dolby vision driver is not ready
11-03 16:41:53.566 E/MesonHwc( 299): dolby vision driver is not ready
11-03 16:41:53.567 I/SystemControl( 329): [/Ubootenv.cpp, get, 345] [ubootenv] search end and not find env:connector_type
11-03 16:41:53.567 E/MesonHwc( 299): FixedDisplayPipe::getConnectorCfg 11
11-03 16:41:53.567 D/MesonHwc( 299): ERR: PLEASE FIX NON-IMPLEMENT FUN(update).
11-03 16:41:53.568 E/MesonHwc( 299): dolby vision driver is not ready
11-03 16:41:53.568 E/ccc ( 1470): cccccc hdmi plug reset
11-03 16:41:53.569 I/hdmiconnection( 490): hot plug port id 0, is connected 1
11-03 16:41:53.569 I/AS.AudioDeviceInventory( 705): not sending NOISY: state=1
11-03 16:41:53.570 D/AudioService( 705): setWiredDeviceConnectionState( type:400 state:DEVICE_STATE_AVAILABLE addr: name:) from android
11-03 16:41:53.570 D/HDMI ( 705): Hotplug event:[port:0, connected:true]
11-03 16:41:53.570 I/AS.AudioDeviceInventory( 705): handleDeviceConnection(true dev:400 address: name:)
11-03 16:41:53.570 I/AS.AudioDeviceInventory( 705): deviceKey:0x400:
11-03 16:41:53.570 I/AS.AudioDeviceInventory( 705): deviceInfo:null is(already)Connected:false
11-03 16:41:53.570 E/WiredAccessoryManager( 705): No state change.
11-03 16:41:53.570 D/hdmicecd( 482): [HdmiCecControl]:getPhysicalAddress, physical addr: 1200, last pa: 1200, ret = 0
11-03 16:41:53.572 D/hdmicecd( 490): [HdmiCecControl]:total port:1
11-03 16:41:53.572 I/hdmicecd( 490): [HdmiCecControl]:portId: 0, type:output, cec support:1, arc support:1, physical address:1200
11-03 16:41:53.572 I/hdmicecd( 490): [HdmiCecControl]:arc port:0
11-03 16:41:53.572 E/MesonHwc( 299): dolby vision driver is not ready
11-03 16:41:53.572 I/audio_hw_hal_primary( 469): [adev_set_parameters:3880] dev:0xe46c0010, kv: set_ARC_hdmi=updated_sad
11-03 16:41:53.572 D/audio_hw_hal_hfp( 469): [audio_extn_hfp_set_parameters:739] audio_extn_hfp_set_parameters
11-03 16:41:53.573 V/MesonDisplayServer( 299): GetDisplayMode:dummy_l
11-03 16:41:53.574 I/SystemControl( 329): [/Ubootenv.cpp, get, 336] [ubootenv] get key:hdr_preferred_policy envValue: 0
11-03 16:41:53.575 I/audio_hw_hal_primary( 469): [adev_set_device_connected_state_v7:8041] connected address:, num_descriptors:0, num_profiles:0
11-03 16:41:53.575 I/audio_hw_hal_primary( 469): [set_device_connect_state:3798] state:1, dev:OUT_HDMI(0x400), pre_out:0x80002, pre_in:0x4
11-03 16:41:53.575 D/audio_hw_hal_resourcemgr( 469): [set_output_device_avail:353] device:0x400 avail_out_devices:400 routed_out_devices:0x400
11-03 16:41:53.575 D/audio_hw_hal_stream( 469): update_sink_format_after_hotplug() active stream 0xe4580010
11-03 16:41:53.575 D/audio_hw_hal_profile( 469): get_hdmi_sink_cap_new is running...
11-03 16:41:53.576 D/audio_hw_hal_profile( 469): query hdmi format...
11-03 16:41:53.576 D/audio_hw_hal_profile( 469): get_hdmi_sink_cap_new ddp is supported; ddp-joc(atmos) is supported;
11-03 16:41:53.576 I/audio_hw_hal_profile( 469): get_hdmi_sink_cap_new dts-hd vendor special byte3:0x3
11-03 16:41:53.576 I/audio_hw_hal_profile( 469): PCM cap Max channel =8
11-03 16:41:53.576 I/audio_hw_hal_stream( 469): get_sink_capability mbox+dvb case sink_capability = 0x24000000
11-03 16:41:53.576 I/audio_hw_hal_stream( 469): force ddp out =0
11-03 16:41:53.576 D/audio_hw_hal_profile( 469): get_hdmi_sink_cap_new is running...
11-03 16:41:53.576 D/audio_hw_hal_profile( 469): query hdmi format...
11-03 16:41:53.576 D/audio_hw_hal_profile( 469): get_hdmi_sink_cap_new ddp is supported; ddp-joc(atmos) is supported;
11-03 16:41:53.576 I/audio_hw_hal_profile( 469): get_hdmi_sink_cap_new dts-hd vendor special byte3:0x3
11-03 16:41:53.576 I/audio_hw_hal_profile( 469): PCM cap Max channel =8
11-03 16:41:53.576 I/audio_hw_hal_stream( 469): [get_sink_dts_capability:213] mbox+dvb case sink_capability: DTS_HD(0xc000000)
11-03 16:41:53.576 D/audio_hw_hal_profile( 469): get_hdmi_sink_cap_new is running...
11-03 16:41:53.576 D/audio_hw_hal_profile( 469): query hdmi format...
11-03 16:41:53.576 D/audio_hw_hal_profile( 469): get_hdmi_sink_cap_new ddp is supported; ddp-joc(atmos) is supported;
11-03 16:41:53.576 I/audio_hw_hal_profile( 469): get_hdmi_sink_cap_new dts-hd vendor special byte3:0x3
11-03 16:41:53.576 I/audio_hw_hal_profile( 469): PCM cap Max channel =8
11-03 16:41:53.576 I/audio_hw_hal_stream( 469): [get_sink_mpegh_capability:246] mbox+dvb case sink_capability: PCM_16_BIT(0x1)
11-03 16:41:53.576 D/audio_hw_hal_profile( 469): get_hdmi_sink_cap_new is running...
11-03 16:41:53.577 D/audio_hw_hal_profile( 469): [get_hdmi_sink_cap_new:967] query hdmi sample_rate... format: PCM_16_BIT(0x1)
11-03 16:41:53.577 I/audio_hw_hal_profile( 469): get_hdmi_sink_cap_new format =0x1 support rate =sup_sampling_rates=32000|44100|48000|88200|96000|176400|192000
11-03 16:41:53.577 I/audio_hw_hal_stream( 469): pcm_fmt support sample_rate_mask:0x7f
11-03 16:41:53.577 D/hdmiconnection( 490): port id:0 physical:1200
11-03 16:41:53.577 I/audio_hw_hal_stream( 469): get_sink_dv_capability : /sys/class/amhdmitx/amhdmitx0/hdmi_hdr_status = SDR
11-03 16:41:53.577 I/audio_hw_hal_stream( 469): get_sink_dv_capability : dv enable 0
11-03 16:41:53.577 I/audio_hw_hal_stream( 469): [get_sink_format:450] out:0xe4580010 out devices:0x80002 cur_out_devices:0x400 format:PCM_16_BIT(0x1) digital_mode(AUTO) sink cap:MAT(0x24000000)
11-03 16:41:53.577 I/audio_hw_hal_stream( 469): get_sink_format() HDMI ARC or mbox + dvb case
11-03 16:41:53.577 I/audio_hw_hal_stream( 469): [get_sink_format:649] sink_format:MAT(0x24000000) max channel:2 optical_format:MAT(0x24000000) dual_output 0
11-03 16:41:53.577 I/audio_hw_hal_ms12common( 469): audiohal_send_msg_2_ms12 mesg_type:MS12_MESG_TYPE_RESET_MS12_ENCODER entry
11-03 16:41:53.577 I/audio_hw_hal_ms12common( 469): audiohal_send_msg_2_ms12 mesg_type:MS12_MESG_TYPE_RESET_MS12_ENCODER exit
11-03 16:41:53.577 D/audio_hw_hal_ms12v2( 469): set_dolby_ms12_continuous_state audio_continuous_standby_set status 0
11-03 16:41:53.577 D/audio_hw_hal_continuous_standby( 469): audio_continuous_standby_set, type 0, params 0
11-03 16:41:53.577 D/audio_hw_hal_ms12common( 469): ms12_message_threadloop(), msg type: MS12_MESG_TYPE_RESET_MS12_ENCODER
11-03 16:41:53.577 I/audio_hw_hal_ms12v2( 469): +dolby_ms12_encoder_reconfig()
11-03 16:41:53.577 I/audio_hw_hal_ms12common( 469): aml_set_ms12_scheduler_state ms12_scheduler_state:0, sch_state:0 SCHEDULER_RUNNING is sent to ms12
11-03 16:41:53.577 D/libdolbyms12( 469): mch_enable 0
11-03 16:41:53.577 D/audio_hw_hal_continuous_standby( 469): audio_continuous_standby_set, type 1, params 12
11-03 16:41:53.577 D/audio_hw_hal_ms12common( 469): ms12_message_threadloop mesg_list is empty, loop waiting......
11-03 16:41:53.577 D/HDMI ( 705): initPortInfo port info:port_id: 0, type: HDMI_OUT, address: 0x1200, cec: true, arc: true, mhl: false, earc: false
11-03 16:41:53.578 D/libdolbyms12( 469): set runtime mch_enable 0
11-03 16:41:53.578 D/MesonDisplayServer( 299): use connector getDisplayAttribute "HDMI Color ATTR": "420,10bit"
11-03 16:41:53.578 I/hdmicecd( 482): [HdmiCecControl]:clearLogicaladdress
11-03 16:41:53.579 W/DeviceHAL( 469): Error from HAL Device in function get_audio_port_v7: Function not implemented
11-03 16:41:53.580 I/SystemControl( 329): [/Ubootenv.cpp, get, 336] [ubootenv] get key:user_colorattribute envValue: rgb,10bit
11-03 16:41:53.580 I/SystemControl( 329): [/DisplayMode.cpp, getCommonData, 1554] hdmi_current_attr:420,10bit, ubootenv_colorattribute:rgb,10bit
11-03 16:41:53.580 I/AudioFlinger( 501): openOutput() this 0xf3982320, module 10 Device AUDIO_DEVICE_OUT_HDMI, @:, SamplingRate 0, Format 00000000, Channels 0, flags 0x4001
11-03 16:41:53.580 I/SystemControl( 329): [/Ubootenv.cpp, get, 345] [ubootenv] search end and not find env:dv_enable
11-03 16:41:53.580 I/SystemControl( 329): [/DisplayMode.cpp, getCommonData, 1567] dv_enable:0
11-03 16:41:53.580 I/SystemControl( 329): [/Ubootenv.cpp, get, 345] [ubootenv] search end and not find env:user_prefer_dv_type
11-03 16:41:53.580 I/SystemControl( 329): [/DisplayMode.cpp, getCommonData, 1578] ubootenv_dv_type:0
11-03 16:41:53.580 D/audio_hw_hal_primary( 469): [adev_open_output_stream_new:7236] enter: dev=0xe46c0010 handle=a5 devices=0x400/'HDMI,' flags=0x4001/'DIRECT,MMAP_NOIRQ,' config=(rt=0 ch_mask=0x0 fmt=0x0) address=''
11-03 16:41:53.580 D/audio_hw_hal_primary( 469): adev_open_output_stream_new: enter
11-03 16:41:53.580 I/audio_hw_hal_primary( 469): [adev_open_output_stream:3011] io 165: out:0xe4580850 dev:OUT_HDMI(0x400) addr:
11-03 16:41:53.580 I/audio_hw_hal_primary( 469): [adev_open_output_stream:3013] ch_mask:0 rate:0 format:DEFAULT(0) flags:0x4001
