11-03 16:42:59.257 I/adbd ( 1395): type=1400 audit(0.0:1396): avc: denied { use } for path="anon_inode:[eventfd]" dev="anon_inodefs" ino=10206 scontext=u:r:su:s0 tcontext=u:r:adbd:s0 tclass=fd permissive=1
11-03 16:42:59.265 I/WifiHAL ( 493): call wifi_get_link_stats handler
11-03 16:42:59.265 I/WifiHAL ( 493): Creating message to get link statistics; iface = 16
11-03 16:42:59.265 D/WifiHAL ( 493): error code -95 mapped to -3
11-03 16:42:59.267 E/ccc ( 2975): cccccc SCAN_RESULTS_AVAILABLE_ACTION hhhh
11-03 16:42:59.268 E/WifiStaIfaceAidlImpl( 705): getLinkLayerStats failed with service-specific exception: android.os.ServiceSpecificException: (code 4)
11-03 16:42:59.269 E/hq ( 1486): NetWorkStateReceiver:::NetWorkStateReceiver onReceive: 网络变化广播 >>>> intent.action=android.net.wifi.SCAN_RESULTS
11-03 16:42:59.270 E/ccc ( 2975): cccccc result is empty start scan
11-03 16:42:59.271 I/WifiService( 705): startScan uid=1000
11-03 16:42:59.271 W/ScanResultUtil( 705): Empty or null ScanResult list
11-03 16:42:59.271 W/WifiService( 705): Attempt to retrieve WifiConfiguration with invalid scanResult List
11-03 16:42:59.272 W/ScanResultUtil( 705): Empty or null ScanResult list
11-03 16:42:59.272 E/WifiService( 705): Attempt to retrieve passpoint with invalid scanResult List
11-03 16:42:59.272 W/ScanResultUtil( 705): Empty or null ScanResult list
11-03 16:42:59.272 W/WifiService( 705): Attempt to retrieve OsuProviders with invalid scanResult List
11-03 16:42:59.273 W/eventbuscore( 1486): post Event:com.dangbei.leard.base.entity.event.NetWifiRssiEvent
11-03 16:42:59.281 D/InstantWifi( 705): Drop, size: 1
11-03 16:42:59.546 D/hdmicecd( 482): [CEC]:printCecMsgBuf, msg: 04 8f
11-03 16:42:59.548 D/HDMI ( 705): [R]: 04:8F
11-03 16:42:59.549 D/HDMI ( 705): [S]: 40:90:00
11-03 16:42:59.580 I/WifiHAL ( 493): call wifi_get_link_stats handler
11-03 16:42:59.580 I/WifiHAL ( 493): Creating message to get link statistics; iface = 16
11-03 16:42:59.581 D/WifiHAL ( 493): error code -95 mapped to -3
11-03 16:42:59.581 E/WifiStaIfaceAidlImpl( 705): getLinkLayerStats failed with service-specific exception: android.os.ServiceSpecificException: (code 4)
11-03 16:42:59.809 D/hdmicecd( 482): [CEC]:printCecMessage, [4 -> 0] len: 2, body: 90 00, result:success
11-03 16:42:59.810 E/IPCThreadState( 482): binder thread pool (1 threads) starved for 260 ms
11-03 16:43:00.367 D/TrafficStats( 3681): tagSocket(237) with statsTag=0xffffffff, statsUid=-1
11-03 16:43:01.649 I/cling--ap-1( 3681): type=1400 audit(0.0:1397): avc: denied { search } for name="net" dev="sysfs" ino=12361 scontext=u:r:untrusted_app_27:s0:c43,c256,c512,c768 tcontext=u:object_r:sysfs_net:s0 tclass=dir permissive=1 app=com.dangbei.screencast
11-03 16:43:01.649 I/cling--ap-1( 3681): type=1400 audit(0.0:1398): avc: denied { read } for name="address" dev="sysfs" ino=22143 scontext=u:r:untrusted_app_27:s0:c43,c256,c512,c768 tcontext=u:object_r:sysfs_net:s0 tclass=file permissive=1 app=com.dangbei.screencast
11-03 16:43:01.649 I/cling--ap-1( 3681): type=1400 audit(0.0:1399): avc: denied { open } for path="/sys/devices/virtual/net/dummy0/address" dev="sysfs" ino=22143 scontext=u:r:untrusted_app_27:s0:c43,c256,c512,c768 tcontext=u:object_r:sysfs_net:s0 tclass=file permissive=1 app=com.dangbei.screencast
11-03 16:43:01.649 I/cling--ap-1( 3681): type=1400 audit(0.0:1400): avc: denied { getattr } for path="/sys/devices/virtual/net/dummy0/address" dev="sysfs" ino=22143 scontext=u:r:untrusted_app_27:s0:c43,c256,c512,c768 tcontext=u:object_r:sysfs_net:s0 tclass=file permissive=1 app=com.dangbei.screencast
11-03 16:43:01.963 D/WifiNl80211Manager( 705): Scan result ready event
11-03 16:43:01.963 D/WifiNative( 705): Scan result ready event
11-03 16:43:01.968 W/IE_Capabilities( 705): Unknown RSN cipher suite: 6ac0f00
11-03 16:43:01.973 W/IE_Capabilities( 705): Unknown RSN cipher suite: 6ac0f00
11-03 16:43:02.005 E/ccc ( 2975): cccccc SCAN_RESULTS_AVAILABLE_ACTION hhhh
11-03 16:43:02.006 E/hq ( 1486): NetWorkStateReceiver:::NetWorkStateReceiver onReceive: 网络变化广播 >>>> intent.action=android.net.wifi.SCAN_RESULTS
11-03 16:43:02.010 I/WifiHAL ( 493): call wifi_get_link_stats handler
11-03 16:43:02.010 I/WifiHAL ( 493): Creating message to get link statistics; iface = 16
11-03 16:43:02.011 D/WifiHAL ( 493): error code -95 mapped to -3
11-03 16:43:02.011 E/WifiStaIfaceAidlImpl( 705): getLinkLayerStats failed with service-specific exception: android.os.ServiceSpecificException: (code 4)
11-03 16:43:02.024 E/ccc ( 2975): cccccc result is not empty call back
11-03 16:43:02.024 E/ccc ( 2975): cccccc 666666666666666
11-03 16:43:02.026 W/eventbuscore( 1486): post Event:com.dangbei.leard.base.entity.event.NetWifiRssiEvent
11-03 16:43:02.044 E/ccc ( 2975): cccccc sort 4 34
11-03 16:43:02.587 I/WifiHAL ( 493): call wifi_get_link_stats handler
11-03 16:43:02.587 I/WifiHAL ( 493): Creating message to get link statistics; iface = 16
11-03 16:43:02.587 D/WifiHAL ( 493): error code -95 mapped to -3
11-03 16:43:02.588 E/WifiStaIfaceAidlImpl( 705): getLinkLayerStats failed with service-specific exception: android.os.ServiceSpecificException: (code 4)
11-03 16:43:05.594 I/WifiHAL ( 493): call wifi_get_link_stats handler
11-03 16:43:05.594 I/WifiHAL ( 493): Creating message to get link statistics; iface = 16
11-03 16:43:05.594 D/WifiHAL ( 493): error code -95 mapped to -3
11-03 16:43:05.594 E/WifiStaIfaceAidlImpl( 705): getLinkLayerStats failed with service-specific exception: android.os.ServiceSpecificException: (code 4)
11-03 16:43:06.304 I/BLEAudioDrive_HV412( 469): select timeout!
11-03 16:43:07.638 D/uninstall( 3127): isAllowStart last_delay 0, current_time 1762159387
11-03 16:43:07.638 I/uninstall( 3127): enable_service com.ktcp.video/com.tencent.qqlivetv.keeplive.proc.DaemonService com.ktcp.video/(null)
11-03 16:43:07.639 D/uninstall( 4047): enable_service pid == 0
11-03 16:43:07.639 D/uninstall( 4047): enable_service version >= 17 || version == 0 version == 34
11-03 16:43:07.647 D/uninstall( 3127): enable_service waitpid
11-03 16:43:07.684 I/uninstall( 3127): watchdaemon process_name = com.ktcp.video:daemon has gone, start it
11-03 16:43:07.685 D/uninstall( 4051): watchdaemon pid == 0
11-03 16:43:07.685 D/uninstall( 3127): watchdaemon waitpid
11-03 16:43:07.685 D/uninstall( 4051): watchdaemon version >= 17 || version == 0 version == 34
11-03 16:43:08.332 D/WanClient( 1470): sendHeartMessage
11-03 16:43:08.333 D/WanClient( 1470): -----final------sendMessage: {"type":"2bKPMh2jwmQ="}
11-03 16:43:08.348 D/WanClient( 1470): onMessage:Thread[WebSocketConnectReadThread-71,5,main]--{"msg":"+MSejyjwlbc="}
11-03 16:43:08.350 D/WanClient( 1470): onMessageReceived:Thread[WebSocketConnectReadThread-71,5,main] {"msg":"+MSejyjwlbc="}
11-03 16:43:08.350 D/WanClient( 1470): type: null
11-03 16:43:08.350 D/WanClient( 1470): send:HB7FxtN64oc=
11-03 16:43:08.350 D/WanClient( 1470): leave:uQ3qCmhm4oA=
11-03 16:43:08.350 D/WanClient( 1470): join:7EsoetslBbs=
11-03 16:43:08.350 D/WanClient( 1470): q5TrJmBoEmShmpfjN3vFNg==
11-03 16:43:08.599 I/WifiHAL ( 493): call wifi_get_link_stats handler
11-03 16:43:08.599 I/WifiHAL ( 493): Creating message to get link statistics; iface = 16
11-03 16:43:08.599 D/WifiHAL ( 493): error code -95 mapped to -3
11-03 16:43:08.600 E/WifiStaIfaceAidlImpl( 705): getLinkLayerStats failed with service-specific exception: android.os.ServiceSpecificException: (code 4)
11-03 16:43:10.123 V/HotPlugDetectionAction( 705): Poll all devices.
11-03 16:43:10.177 D/hdmicecd( 482): [CEC]:printCecMessage, [4 -> 0] len: 0, body:, result:success
11-03 16:43:10.233 D/hdmicecd( 482): [CEC]:printCecMessage, [4 -> 1] len: 0, body:, result:no ack
11-03 16:43:10.293 D/hdmicecd( 482): [CEC]:printCecMessage, [4 -> 3] len: 0, body:, result:success
11-03 16:43:10.349 D/hdmicecd( 482): [CEC]:printCecMessage, [4 -> 5] len: 0, body:, result:success
11-03 16:43:10.405 D/hdmicecd( 482): [CEC]:printCecMessage, [4 -> 8] len: 0, body:, result:no ack
11-03 16:43:10.461 D/hdmicecd( 482): [CEC]:printCecMessage, [4 -> b] len: 0, body:, result:no ack
11-03 16:43:10.517 D/hdmicecd( 482): [CEC]:printCecMessage, [4 -> e] len: 0, body:, result:no ack
11-03 16:43:10.517 D/HdmiCecController( 705): [P]:AllocatedAddress=[0, 3, 5]
11-03 16:43:10.839 I/audio_hw_hal_alsamgr( 469): alsa format =0x24000000 delay frames =3712 total frames=26880000
11-03 16:43:11.605 I/WifiHAL ( 493): call wifi_get_link_stats handler
11-03 16:43:11.605 I/WifiHAL ( 493): Creating message to get link statistics; iface = 16
11-03 16:43:11.605 D/WifiHAL ( 493): error code -95 mapped to -3
11-03 16:43:11.606 E/WifiStaIfaceAidlImpl( 705): getLinkLayerStats failed with service-specific exception: android.os.ServiceSpecificException: (code 4)
11-03 16:43:14.417 D/OomAdjuster( 705): Not killing cached processes
11-03 16:43:14.612 I/WifiHAL ( 493): call wifi_get_link_stats handler
11-03 16:43:14.612 I/WifiHAL ( 493): Creating message to get link statistics; iface = 16
11-03 16:43:14.612 D/WifiHAL ( 493): error code -95 mapped to -3
11-03 16:43:14.613 E/WifiStaIfaceAidlImpl( 705): getLinkLayerStats failed with service-specific exception: android.os.ServiceSpecificException: (code 4)
11-03 16:43:14.665 I//apex/com.android.adbd/bin/adbd( 1395): type=1400 audit(0.0:1401): avc: denied { connectto } for comm=75736220666673206F70656E path="/dev/socket/property_service" scontext=u:r:su:s0 tcontext=u:r:init:s0 tclass=unix_stream_socket permissive=1
11-03 16:43:15.940 W/resolv ( 456): SSL_connect write error 0, mark 0xf0064: Try again
11-03 16:43:15.940 W/resolv ( 456): TLS Handshake failed
11-03 16:43:15.940 W/resolv ( 456): query failed
11-03 16:43:15.940 W/resolv ( 456): validateDnsTlsServer returned 0 for 202.96.128.166
11-03 16:43:15.941 W/resolv ( 456): Validation failed
11-03 16:43:16.072 W/resolv ( 456): SSL_connect write error 0, mark 0xf0064: Try again
11-03 16:43:16.072 W/resolv ( 456): TLS Handshake failed
11-03 16:43:16.072 W/resolv ( 456): query failed
11-03 16:43:16.072 W/resolv ( 456): validateDnsTlsServer returned 0 for 202.96.134.133
11-03 16:43:16.072 W/resolv ( 456): Validation failed
11-03 16:43:16.312 I/BLEAudioDrive_HV412( 469): select timeout!
11-03 16:43:16.659 I/audio_hw_hal_alsamgr( 469): alsa format =0x1 delay frames =704 total frames=7000320
11-03 16:43:17.620 I/WifiHAL ( 493): call wifi_get_link_stats handler
11-03 16:43:17.620 I/WifiHAL ( 493): Creating message to get link statistics; iface = 16
11-03 16:43:17.620 D/WifiHAL ( 493): error code -95 mapped to -3
11-03 16:43:17.620 E/WifiStaIfaceAidlImpl( 705): getLinkLayerStats failed with service-specific exception: android.os.ServiceSpecificException: (code 4)
11-03 16:43:17.779 D/uninstall( 3127): isAllowStart last_delay 0, current_time 1762159397
11-03 16:43:17.779 I/uninstall( 3127): enable_service com.ktcp.video/com.tencent.qqlivetv.keeplive.proc.DaemonService com.ktcp.video/(null)
11-03 16:43:17.781 D/uninstall( 4064): enable_service pid == 0
11-03 16:43:17.781 D/uninstall( 3127): enable_service waitpid
11-03 16:43:17.781 D/uninstall( 4064): enable_service version >= 17 || version == 0 version == 34
11-03 16:43:17.831 I/uninstall( 3127): watchdaemon process_name = com.ktcp.video:daemon has gone, start it
11-03 16:43:17.832 D/uninstall( 4069): watchdaemon pid == 0
11-03 16:43:17.832 D/uninstall( 3127): watchdaemon waitpid
11-03 16:43:17.832 D/uninstall( 4069): watchdaemon version >= 17 || version == 0 version == 34
11-03 16:43:20.627 I/WifiHAL ( 493): call wifi_get_link_stats handler
11-03 16:43:20.627 I/WifiHAL ( 493): Creating message to get link statistics; iface = 16
11-03 16:43:20.628 D/WifiHAL ( 493): error code -95 mapped to -3
11-03 16:43:20.628 E/WifiStaIfaceAidlImpl( 705): getLinkLayerStats failed with service-specific exception: android.os.ServiceSpecificException: (code 4)
11-03 16:43:23.633 I/WifiHAL ( 493): call wifi_get_link_stats handler
11-03 16:43:23.633 I/WifiHAL ( 493): Creating message to get link statistics; iface = 16
11-03 16:43:23.633 D/WifiHAL ( 493): error code -95 mapped to -3
11-03 16:43:23.634 E/WifiStaIfaceAidlImpl( 705): getLinkLayerStats failed with service-specific exception: android.os.ServiceSpecificException: (code 4)
11-03 16:43:25.388 D/TrafficStats( 3681): tagSocket(128) with statsTag=0xffffffff, statsUid=-1
11-03 16:43:25.549 I/efs.base( 3681): wa upload succ, HttpResponse {succ=true, code=200, data='暂不支持该服务', extra={req_url=https://errlog.umeng.com/api/crashsdk/logcollect}}
11-03 16:43:26.314 I/BLEAudioDrive_HV412( 469): select timeout!
11-03 16:43:26.640 I/WifiHAL ( 493): call wifi_get_link_stats handler
11-03 16:43:26.640 I/WifiHAL ( 493): Creating message to get link statistics; iface = 16
11-03 16:43:26.640 D/WifiHAL ( 493): error code -95 mapped to -3
11-03 16:43:26.641 E/WifiStaIfaceAidlImpl( 705): getLinkLayerStats failed with service-specific exception: android.os.ServiceSpecificException: (code 4)
11-03 16:43:27.926 D/uninstall( 3127): isAllowStart last_delay 0, current_time 1762159407
11-03 16:43:27.926 I/uninstall( 3127): enable_service com.ktcp.video/com.tencent.qqlivetv.keeplive.proc.DaemonService com.ktcp.video/(null)
11-03 16:43:27.927 D/uninstall( 3127): enable_service waitpid
11-03 16:43:27.928 D/uninstall( 4085): enable_service pid == 0
11-03 16:43:27.928 D/uninstall( 4085): enable_service version >= 17 || version == 0 version == 34
11-03 16:43:27.971 I/uninstall( 3127): watchdaemon process_name = com.ktcp.video:daemon has gone, start it
11-03 16:43:27.972 D/uninstall( 3127): watchdaemon waitpid
11-03 16:43:27.972 D/uninstall( 4089): watchdaemon pid == 0
11-03 16:43:27.972 D/uninstall( 4089): watchdaemon version >= 17 || version == 0 version == 34
11-03 16:43:28.332 D/WanClient( 1470): sendHeartMessage
11-03 16:43:28.333 D/WanClient( 1470): -----final------sendMessage: {"type":"2bKPMh2jwmQ="}
11-03 16:43:28.349 D/WanClient( 1470): onMessage:Thread[WebSocketConnectReadThread-71,5,main]--{"msg":"+MSejyjwlbc="}
11-03 16:43:28.351 D/WanClient( 1470): onMessageReceived:Thread[WebSocketConnectReadThread-71,5,main] {"msg":"+MSejyjwlbc="}
11-03 16:43:28.351 D/WanClient( 1470): type: null
11-03 16:43:28.351 D/WanClient( 1470): send:HB7FxtN64oc=
11-03 16:43:28.351 D/WanClient( 1470): leave:uQ3qCmhm4oA=
11-03 16:43:28.351 D/WanClient( 1470): join:7EsoetslBbs=
11-03 16:43:28.351 D/WanClient( 1470): q5TrJmBoEmShmpfjN3vFNg==
11-03 16:43:29.447 D/OomAdjuster( 705): Not killing cached processes
11-03 16:43:29.450 D/bbb ( 1591): onStartCommand begin !!!!!!! data分区剩余 51041MB
11-03 16:43:29.648 I/WifiHAL ( 493): call wifi_get_link_stats handler
11-03 16:43:29.648 I/WifiHAL ( 493): Creating message to get link statistics; iface = 16
11-03 16:43:29.648 D/WifiHAL ( 493): error code -95 mapped to -3
11-03 16:43:29.648 E/WifiStaIfaceAidlImpl( 705): getLinkLayerStats failed with service-specific exception: android.os.ServiceSpecificException: (code 4)
11-03 16:43:30.838 I/audio_hw_hal_alsamgr( 469): alsa format =0x24000000 delay frames =3872 total frames=30720000
11-03 16:43:32.076 I/WifiService( 705): startScan uid=1000
11-03 16:43:32.079 E/ccc ( 2975): cccccc i will start scan
11-03 16:43:32.088 D/InstantWifi( 705): Drop, size: 1
11-03 16:43:32.420 I/BLEAudioDrive_HV412( 469): HBG remote PoweOn
11-03 16:43:32.420 I/BLEAudioDrive_HV412( 469): fd:26 data len: 9 1
11-03 16:43:32.421 D/audio_so_hv_309( 469): HBG remote is active!
11-03 16:43:32.438 D/AudioFlinger( 501): ro.audio.silent is ignored since no output device is set
11-03 16:43:32.439 I/audio_hw_hal_primary( 469): [aml_audio_output_routing:3711] cur_devices:0x400 unmute_devices:0, mute_devices:0
11-03 16:43:32.439 I/audio_hw_device_patchmgr( 469): [patch_mgr_create_patch:871] Patch 4: MIX->DEVICE, num_src:1 num_sink:1 patch_src:INVAL
11-03 16:43:32.439 I/audio_hw_device_patchmgr( 469): [patch_mgr_create_patch:875] sink[0]: OUT_HDMI(id:39)
11-03 16:43:32.439 I/audio_hw_device_patchmgr( 469): [patch_mgr_create_patch:909] Patch 4: mix(io:13) -> dev[OUT_HDMI(id:39)]
11-03 16:43:32.439 I/audio_hw_hal_primary( 469): [adev_create_audio_patch:7558] dev=0xe46c0010 cur_out_device=0x400
11-03 16:43:32.440 D/UEventObserver( 997): change@/devices/platform/auge_sound/sound/card0/controlC0ACTION=changeDEVPATH=/devices/platform/auge_sound/sound/card0/controlC0SUBSYSTEM=soundAUDIO_FORMAT=0MAJOR=116MINOR=13DEVNAME=snd/controlC0SEQNUM=3698
11-03 16:43:32.441 I/audio_hw_hal_primary( 469): [audiohal_get_latency:1036] io 13: out:0xe4580010 frames:1600 rate:48000 whole_latency:33 alsa_latency:33
11-03 16:43:32.445 D/ShowHdrAudioLogoService( 997): receive broadcast, audio format:0
11-03 16:43:32.448 D/ShowHdrAudioLogoService( 997): clearContent
11-03 16:43:32.464 D/audioserver( 501): logFgsApiBegin: FGS Logger Transaction failed, -129
11-03 16:43:32.465 I/audio_hw_hal_primary( 469): out_update_source_metadata_v7() line 1743 usage:1 content_type:2
11-03 16:43:32.465 I/audio_hw_hal_primary( 469): [out_write_new:7049] io 13: out:0xe4580010 streamType:PCM_NORMAL, standby
11-03 16:43:32.465 D/audio_hw_hal_ms12v2( 469): set_dolby_ms12_continuous_state audio_continuous_standby_set status 0
11-03 16:43:32.465 D/audio_hw_hal_continuous_standby( 469): audio_continuous_standby_set, type 0, params 0
11-03 16:43:32.465 I/audio_hw_hal_ms12common( 469): aml_set_ms12_scheduler_state ms12_scheduler_state:0, sch_state:0 SCHEDULER_RUNNING is sent to ms12
11-03 16:43:32.465 I/audio_hw_hal_stream( 469): mixer_aux_buffer_write_wrap in_frames 960, input_cache_frames 960
11-03 16:43:32.466 I/SogouIME( 1940): onKeyDown: keyoCode=4
11-03 16:43:32.466 I/DefaultIMS( 1940): onKeyDown: keyoCode=4
11-03 16:43:32.467 I/audio_hw_hal_primary( 469): [out_write_new:7049] io 13: out:0xe4580010 streamType:PCM_NORMAL, standby
11-03 16:43:32.467 I/audio_hw_hal_primary( 469): [mixer_aux_buffer_write:6391] io 13: out:0xe4580010 streamType:PCM_NORMAL standby to unstandby
11-03 16:43:32.467 I/audio_hw_hal_primary( 469): mixer_aux_buffer_write() HDMI changing status, need reconfig Dolby MS12
11-03 16:43:32.467 D/audio_hw_hal_profile( 469): get_hdmi_sink_cap_new is running...
11-03 16:43:32.467 D/audio_hw_hal_profile( 469): query hdmi format...
11-03 16:43:32.467 D/audio_hw_hal_profile( 469): get_hdmi_sink_cap_new ddp is supported; ddp-joc(atmos) is supported;
11-03 16:43:32.467 I/audio_hw_hal_profile( 469): get_hdmi_sink_cap_new dts-hd vendor special byte3:0x3
11-03 16:43:32.467 I/audio_hw_hal_profile( 469): PCM cap Max channel =8
11-03 16:43:32.467 I/audio_hw_hal_stream( 469): get_sink_capability mbox+dvb case sink_capability = 0x24000000
11-03 16:43:32.467 I/audio_hw_hal_stream( 469): force ddp out =0
11-03 16:43:32.467 D/audio_hw_hal_profile( 469): get_hdmi_sink_cap_new is running...
11-03 16:43:32.467 D/audio_hw_hal_profile( 469): query hdmi format...
11-03 16:43:32.467 D/audio_hw_hal_profile( 469): get_hdmi_sink_cap_new ddp is supported; ddp-joc(atmos) is supported;
11-03 16:43:32.467 I/audio_hw_hal_profile( 469): get_hdmi_sink_cap_new dts-hd vendor special byte3:0x3
11-03 16:43:32.467 I/audio_hw_hal_profile( 469): PCM cap Max channel =8
11-03 16:43:32.467 I/audio_hw_hal_stream( 469): [get_sink_dts_capability:213] mbox+dvb case sink_capability: DTS_HD(0xc000000)
11-03 16:43:32.467 D/audio_hw_hal_profile( 469): get_hdmi_sink_cap_new is running...
11-03 16:43:32.468 D/audio_hw_hal_profile( 469): query hdmi format...
11-03 16:43:32.468 D/audio_hw_hal_profile( 469): get_hdmi_sink_cap_new ddp is supported; ddp-joc(atmos) is supported;
11-03 16:43:32.468 I/audio_hw_hal_profile( 469): get_hdmi_sink_cap_new dts-hd vendor special byte3:0x3
11-03 16:43:32.468 I/audio_hw_hal_profile( 469): PCM cap Max channel =8
11-03 16:43:32.468 I/audio_hw_hal_stream( 469): [get_sink_mpegh_capability:246] mbox+dvb case sink_capability: PCM_16_BIT(0x1)
11-03 16:43:32.468 D/audio_hw_hal_profile( 469): get_hdmi_sink_cap_new is running...
11-03 16:43:32.468 D/audio_hw_hal_profile( 469): [get_hdmi_sink_cap_new:967] query hdmi sample_rate... format: PCM_16_BIT(0x1)
11-03 16:43:32.468 I/audio_hw_hal_profile( 469): get_hdmi_sink_cap_new format =0x1 support rate =sup_sampling_rates=32000|44100|48000|88200|96000|176400|192000
11-03 16:43:32.468 I/audio_hw_hal_stream( 469): pcm_fmt support sample_rate_mask:0x7f
11-03 16:43:32.468 I/audio_hw_hal_stream( 469): get_sink_dv_capability : /sys/class/amhdmitx/amhdmitx0/hdmi_hdr_status = HDR10-GAMMA_ST2084
11-03 16:43:32.468 I/audio_hw_hal_stream( 469): get_sink_dv_capability : dv enable 0
11-03 16:43:32.468 I/audio_hw_hal_stream( 469): [get_sink_format:450] out:0xe4580010 out devices:0x80002 cur_out_devices:0x400 format:PCM_16_BIT(0x1) digital_mode(AUTO) sink cap:MAT(0x24000000)
11-03 16:43:32.468 I/audio_hw_hal_stream( 469): get_sink_format() HDMI ARC or mbox + dvb case
11-03 16:43:32.468 I/audio_hw_hal_stream( 469): [get_sink_format:649] sink_format:MAT(0x24000000) max channel:2 optical_format:MAT(0x24000000) dual_output 0
11-03 16:43:32.468 I/audio_hw_hal_primary( 469): [config_output:5656] out:0xe4580010 hal_internal_format:PCM_16_BIT(0x1) dolby_lib_type: 2 reset_decoder 1 rate =48000 ch=2
11-03 16:43:32.468 I/audio_hw_hal_primary( 469): continuous_mode(adev) 1 ms12->dolby_ms12_enable 1
11-03 16:43:32.468 I/audio_hw_hal_ms12v2( 469): ms12 current out=0xc new output=0xc is_compatible=1
11-03 16:43:32.468 I/audio_hw_hal_ms12common( 469): audiohal_send_msg_2_ms12 mesg_type:MS12_MESG_TYPE_RESET_MS12_ENCODER entry
11-03 16:43:32.468 I/audio_hw_hal_ms12common( 469): audiohal_send_msg_2_ms12 mesg_type:MS12_MESG_TYPE_RESET_MS12_ENCODER exit
11-03 16:43:32.468 I/audio_hw_hal_primary( 469): [config_output:5849] out stream alsa port device:1
11-03 16:43:32.468 D/audio_hw_hal_ms12common( 469): ms12_message_threadloop(), msg type: MS12_MESG_TYPE_RESET_MS12_ENCODER
11-03 16:43:32.468 E/audio_hw_hal_virtualbuf( 469): ms12 system input underrun happens read=132804390813 write=9800000000 diff=123004390813
11-03 16:43:32.468 I/audio_hw_hal_ms12v2( 469): +dolby_ms12_encoder_reconfig()
11-03 16:43:32.468 D/libdolbyms12( 469): mch_enable 0
11-03 16:43:32.468 D/audio_hw_hal_continuous_standby( 469): audio_continuous_standby_set, type 1, params 12
11-03 16:43:32.468 D/audio_hw_hal_ms12common( 469): ms12_message_threadloop mesg_list is empty, loop waiting......
11-03 16:43:32.469 D/libdolbyms12( 469): set runtime mch_enable 0
11-03 16:43:32.473 I/libdolbyms12( 469): handle=0xe48832f0 continuous fade mute begin duration=32, incnt 5
11-03 16:43:32.473 I/libdolbyms12( 469): eTagContinuousState 0, eCurContinuousState 6, s32InCnt 5
11-03 16:43:32.496 I/audio_hw_hal_stream( 469): aml_stream_out_info_print: out:0xe4580010, stream_type:pcm, sync_mode:non tunnel, input_size:2503680 bytes
11-03 16:43:32.496 I/audio_hw_hal_stream( 469): aml_stream_out_info_print: last_time:51176 ms (sec:51, nsec:176708690), last_position:12855 ms (617072), cur_time:174250 ms (sec:174, nsec:250511041), cur_position:12875 ms (618032)
11-03 16:43:32.496 I/audio_hw_hal_stream( 469): aml_stream_out_info_print: time_gap:123074 ms (thr:100 ms), position_gap:20 ms, delay:164 ms, jitter: Position gap is behind system time gap by 123054 ms (thr:100 ms)
11-03 16:43:32.510 I/libdolbyms12( 469): handle=0xe48832f0 continuous fade in begin duration=32, incnt 5
11-03 16:43:32.510 I/libdolbyms12( 469): eTagContinuousState 0, eCurContinuousState 5, s32InCnt 5
11-03 16:43:32.547 I/libdolbyms12( 469): eTagContinuousState 0, eCurContinuousState 0, s32InCnt 5
11-03 16:43:32.554 D/audio_hw_hal_stream( 469): update_audio_hal_info() audio hal format change to 1, atmos flag = 0, is_dolby_atmos = 0, dts_hp_x = 0, update_type = 0 is_dolby_atmos_off = 1 virtual_bass_enable 0
11-03 16:43:32.554 D/audio_hw_hal_stream( 469): update_audio_hal_info() cur_out_devices 0x400, dap_bypass_enable = 0, is_ms12_tuning_dat = 0, dolby_ms12_enable = 1, output_config = 0xc
11-03 16:43:32.555 D/UEventObserver( 997): change@/devices/platform/auge_sound/sound/card0/controlC0ACTION=changeDEVPATH=/devices/platform/auge_sound/sound/card0/controlC0SUBSYSTEM=soundAUDIO_FORMAT=0MAJOR=116MINOR=13DEVNAME=snd/controlC0SEQNUM=3699
11-03 16:43:32.558 D/ShowHdrAudioLogoService( 997): receive broadcast, audio format:0
11-03 16:43:32.559 D/ShowHdrAudioLogoService( 997): clearContent
11-03 16:43:32.590 I/BLEAudioDrive_HV412( 469): fd:26 data len: 9 1
11-03 16:43:32.592 I/SogouIME( 1940): onKeyUp: keyoCode=4
11-03 16:43:32.592 I/DefaultIMS( 1940): onKeyUp: keyoCode=4
11-03 16:43:32.617 W/View ( 2975): requestLayout() improperly called by com.google.android.material.textview.MaterialTextView{e1d3c49 V.ED..... ..S...ID 80,30-298,70 #7f0901c7 app:id/leaf_net_item_name_tv} during layout: running second layout pass
11-03 16:43:32.635 I/audio_hw_hal_primary( 469): [audiohal_get_latency:1036] io 13: out:0xe4580010 frames:1152 rate:48000 whole_latency:24 alsa_latency:24
11-03 16:43:32.645 I/audio_hw_hal_primary( 469): [audiohal_get_latency:1036] io 13: out:0xe4580010 frames:1152 rate:48000 whole_latency:24 alsa_latency:24
11-03 16:43:32.652 I/audio_hw_hal_primary( 469): [audiohal_get_latency:1036] io 13: out:0xe4580010 frames:1152 rate:48000 whole_latency:24 alsa_latency:24
11-03 16:43:32.652 I/WifiHAL ( 493): call wifi_get_link_stats handler
11-03 16:43:32.652 I/WifiHAL ( 493): Creating message to get link statistics; iface = 16
11-03 16:43:32.652 D/WifiHAL ( 493): error code -95 mapped to -3
11-03 16:43:32.653 E/WifiStaIfaceAidlImpl( 705): getLinkLayerStats failed with service-specific exception: android.os.ServiceSpecificException: (code 4)
11-03 16:43:32.663 I/audio_hw_hal_primary( 469): [audiohal_get_latency:1036] io 13: out:0xe4580010 frames:1152 rate:48000 whole_latency:24 alsa_latency:24
11-03 16:43:32.671 I/audio_hw_hal_primary( 469): [audiohal_get_latency:1036] io 13: out:0xe4580010 frames:1280 rate:48000 whole_latency:26 alsa_latency:26
11-03 16:43:32.681 I/audio_hw_hal_primary( 469): [audiohal_get_latency:1036] io 13: out:0xe4580010 frames:1280 rate:48000 whole_latency:26 alsa_latency:26
11-03 16:43:32.690 I/audio_hw_hal_primary( 469): [audiohal_get_latency:1036] io 13: out:0xe4580010 frames:1024 rate:48000 whole_latency:21 alsa_latency:21
11-03 16:43:32.701 I/audio_hw_hal_primary( 469): [audiohal_get_latency:1036] io 13: out:0xe4580010 frames:1024 rate:48000 whole_latency:21 alsa_latency:21
11-03 16:43:32.709 I/audio_hw_hal_primary( 469): [audiohal_get_latency:1036] io 13: out:0xe4580010 frames:1152 rate:48000 whole_latency:24 alsa_latency:24
11-03 16:43:32.720 I/audio_hw_hal_primary( 469): [audiohal_get_latency:1036] io 13: out:0xe4580010 frames:1152 rate:48000 whole_latency:24 alsa_latency:24
11-03 16:43:32.729 I/audio_hw_hal_primary( 469): [audiohal_get_latency:1036] io 13: out:0xe4580010 frames:1024 rate:48000 whole_latency:21 alsa_latency:21
11-03 16:43:32.739 I/audio_hw_hal_primary( 469): [audiohal_get_latency:1036] io 13: out:0xe4580010 frames:1024 rate:48000 whole_latency:21 alsa_latency:21
11-03 16:43:32.748 I/audio_hw_hal_primary( 469): [audiohal_get_latency:1036] io 13: out:0xe4580010 frames:1152 rate:48000 whole_latency:24 alsa_latency:24
11-03 16:43:32.759 I/audio_hw_hal_primary( 469): [audiohal_get_latency:1036] io 13: out:0xe4580010 frames:1152 rate:48000 whole_latency:24 alsa_latency:24
11-03 16:43:32.768 I/audio_hw_hal_primary( 469): [audiohal_get_latency:1036] io 13: out:0xe4580010 frames:1152 rate:48000 whole_latency:24 alsa_latency:24
11-03 16:43:32.779 I/audio_hw_hal_primary( 469): [audiohal_get_latency:1036] io 13: out:0xe4580010 frames:1152 rate:48000 whole_latency:24 alsa_latency:24
11-03 16:43:32.787 I/audio_hw_hal_primary( 469): [audiohal_get_latency:1036] io 13: out:0xe4580010 frames:1280 rate:48000 whole_latency:26 alsa_latency:26
11-03 16:43:32.797 I/audio_hw_hal_primary( 469): [audiohal_get_latency:1036] io 13: out:0xe4580010 frames:1024 rate:48000 whole_latency:21 alsa_latency:21
11-03 16:43:32.806 I/audio_hw_hal_primary( 469): [audiohal_get_latency:1036] io 13: out:0xe4580010 frames:1152 rate:48000 whole_latency:24 alsa_latency:24
11-03 16:43:32.808 D/audioserver( 501): logFgsApiEnd: FGS Logger Transaction failed, -129
11-03 16:43:32.999 I/BLEAudioDrive_HV412( 469): fd:26 data len: 9 1
11-03 16:43:33.020 I/audio_hw_device_patchmgr( 469): [register_audio_patch:728] Patch 4:id:4 mix(io:13)->dev_0[OUT_HDMI(id:39)] found, register the same patch, do nothing.
11-03 16:43:33.020 I/audio_hw_device_patchmgr( 469): [patch_mgr_create_patch:871] Patch 4: MIX->DEVICE, num_src:1 num_sink:1 patch_src:INVAL
11-03 16:43:33.020 I/audio_hw_device_patchmgr( 469): [patch_mgr_create_patch:875] sink[0]: OUT_HDMI(id:39)
11-03 16:43:33.020 I/audio_hw_device_patchmgr( 469): [patch_mgr_create_patch:909] Patch 4: mix(io:13) -> dev[OUT_HDMI(id:39)]
11-03 16:43:33.020 D/UEventObserver( 997): change@/devices/platform/auge_sound/sound/card0/controlC0ACTION=changeDEVPATH=/devices/platform/auge_sound/sound/card0/controlC0SUBSYSTEM=soundAUDIO_FORMAT=0MAJOR=116MINOR=13DEVNAME=snd/controlC0SEQNUM=3700
11-03 16:43:33.020 I/audio_hw_hal_primary( 469): [adev_create_audio_patch:7558] dev=0xe46c0010 cur_out_device=0x400
11-03 16:43:33.017 I/xm_hidread( 1758): type=1400 audit(0.0:1402): avc: denied { read } for scontext=u:r:init:s0 tcontext=u:r:init:s0 tclass=netlink_kobject_uevent_socket permissive=1
11-03 16:43:33.023 D/ShowHdrAudioLogoService( 997): receive broadcast, audio format:0
11-03 16:43:33.024 D/ShowHdrAudioLogoService( 997): clearContent
11-03 16:43:33.031 D/audioserver( 501): logFgsApiBegin: FGS Logger Transaction failed, -129
11-03 16:43:33.037 I/audio_hw_hal_primary( 469): out_update_source_metadata_v7() line 1743 usage:1 content_type:2
11-03 16:43:33.037 I/SogouIME( 1940): onKeyDown: keyoCode=4
11-03 16:43:33.037 I/DefaultIMS( 1940): onKeyDown: keyoCode=4
11-03 16:43:33.116 D/audio_hw_hal_stream( 469): update_audio_hal_info() audio hal format change to 1, atmos flag = 0, is_dolby_atmos = 0, dts_hp_x = 0, update_type = 0 is_dolby_atmos_off = 1 virtual_bass_enable 0
11-03 16:43:33.116 D/audio_hw_hal_stream( 469): update_audio_hal_info() cur_out_devices 0x400, dap_bypass_enable = 0, is_ms12_tuning_dat = 0, dolby_ms12_enable = 1, output_config = 0xc
11-03 16:43:33.117 D/UEventObserver( 997): change@/devices/platform/auge_sound/sound/card0/controlC0ACTION=changeDEVPATH=/devices/platform/auge_sound/sound/card0/controlC0SUBSYSTEM=soundAUDIO_FORMAT=0MAJOR=116MINOR=13DEVNAME=snd/controlC0SEQNUM=3701
11-03 16:43:33.121 D/ShowHdrAudioLogoService( 997): receive broadcast, audio format:0
11-03 16:43:33.122 D/ShowHdrAudioLogoService( 997): clearContent
11-03 16:43:33.160 I/BLEAudioDrive_HV412( 469): fd:26 data len: 9 1
11-03 16:43:33.163 I/SogouIME( 1940): onKeyUp: keyoCode=4
11-03 16:43:33.163 I/DefaultIMS( 1940): onKeyUp: keyoCode=4
11-03 16:43:33.170 D/audioserver( 501): logFgsApiBegin: FGS Logger Transaction failed, -129
11-03 16:43:33.172 I/SogouIME( 1940): onKeyDown: keyoCode=22
11-03 16:43:33.172 I/DefaultIMS( 1940): onKeyDown: keyoCode=22
11-03 16:43:33.175 I/audio_hw_hal_primary( 469): out_update_source_metadata_v7() line 1743 usage:1 content_type:2
11-03 16:43:33.176 I/SogouIME( 1940): onKeyUp: keyoCode=22
11-03 16:43:33.176 I/DefaultIMS( 1940): onKeyUp: keyoCode=22
11-03 16:43:33.213 I/audio_hw_hal_primary( 469): [audiohal_get_latency:1036] io 13: out:0xe4580010 frames:1024 rate:48000 whole_latency:21 alsa_latency:21
11-03 16:43:33.234 I/audio_hw_hal_primary( 469): [audiohal_get_latency:1036] io 13: out:0xe4580010 frames:1152 rate:48000 whole_latency:24 alsa_latency:24
11-03 16:43:33.252 I/audio_hw_hal_primary( 469): [audiohal_get_latency:1036] io 13: out:0xe4580010 frames:1280 rate:48000 whole_latency:26 alsa_latency:26
11-03 16:43:33.272 I/audio_hw_hal_primary( 469): [audiohal_get_latency:1036] io 13: out:0xe4580010 frames:1024 rate:48000 whole_latency:21 alsa_latency:21
11-03 16:43:33.291 I/audio_hw_hal_primary( 469): [audiohal_get_latency:1036] io 13: out:0xe4580010 frames:1152 rate:48000 whole_latency:24 alsa_latency:24
11-03 16:43:33.310 I/audio_hw_hal_primary( 469): [audiohal_get_latency:1036] io 13: out:0xe4580010 frames:1280 rate:48000 whole_latency:26 alsa_latency:26
11-03 16:43:33.330 I/audio_hw_hal_primary( 469): [audiohal_get_latency:1036] io 13: out:0xe4580010 frames:1152 rate:48000 whole_latency:24 alsa_latency:24
11-03 16:43:33.349 I/audio_hw_hal_primary( 469): [audiohal_get_latency:1036] io 13: out:0xe4580010 frames:1152 rate:48000 whole_latency:24 alsa_latency:24
11-03 16:43:33.369 I/audio_hw_hal_primary( 469): [audiohal_get_latency:1036] io 13: out:0xe4580010 frames:1280 rate:48000 whole_latency:26 alsa_latency:26
11-03 16:43:33.369 I/audio_hw_hal_primary( 469): [audiohal_get_latency:1036] io 13: out:0xe4580010 frames:1280 rate:48000 whole_latency:26 alsa_latency:26
11-03 16:43:33.380 I/audio_hw_hal_primary( 469): [audiohal_get_latency:1036] io 13: out:0xe4580010 frames:1024 rate:48000 whole_latency:21 alsa_latency:21
11-03 16:43:33.380 I/audio_hw_hal_primary( 469): [audiohal_get_latency:1036] io 13: out:0xe4580010 frames:1280 rate:48000 whole_latency:26 alsa_latency:26
11-03 16:43:33.388 I/audio_hw_hal_primary( 469): [audiohal_get_latency:1036] io 13: out:0xe4580010 frames:1152 rate:48000 whole_latency:24 alsa_latency:24
11-03 16:43:33.388 I/audio_hw_hal_primary( 469): [audiohal_get_latency:1036] io 13: out:0xe4580010 frames:1152 rate:48000 whole_latency:24 alsa_latency:24
11-03 16:43:33.399 I/audio_hw_hal_primary( 469): [audiohal_get_latency:1036] io 13: out:0xe4580010 frames:1152 rate:48000 whole_latency:24 alsa_latency:24
11-03 16:43:33.399 I/audio_hw_hal_primary( 469): [audiohal_get_latency:1036] io 13: out:0xe4580010 frames:1024 rate:48000 whole_latency:21 alsa_latency:21
11-03 16:43:33.407 I/audio_hw_hal_primary( 469): [audiohal_get_latency:1036] io 13: out:0xe4580010 frames:1280 rate:48000 whole_latency:26 alsa_latency:26
11-03 16:43:33.407 I/audio_hw_hal_primary( 469): [audiohal_get_latency:1036] io 13: out:0xe4580010 frames:1152 rate:48000 whole_latency:24 alsa_latency:24
11-03 16:43:33.408 D/audioserver( 501): logFgsApiEnd: FGS Logger Transaction failed, -129
11-03 16:43:33.409 I/audio_hw_hal_primary( 469): out_update_source_metadata_v7() line 1743 usage:1 content_type:2
11-03 16:43:33.420 I/audio_hw_hal_primary( 469): [audiohal_get_latency:1036] io 13: out:0xe4580010 frames:1152 rate:48000 whole_latency:24 alsa_latency:24
11-03 16:43:33.426 I/audio_hw_hal_primary( 469): [audiohal_get_latency:1036] io 13: out:0xe4580010 frames:1024 rate:48000 whole_latency:21 alsa_latency:21
11-03 16:43:33.437 I/audio_hw_hal_primary( 469): [audiohal_get_latency:1036] io 13: out:0xe4580010 frames:1280 rate:48000 whole_latency:26 alsa_latency:26
11-03 16:43:33.446 I/audio_hw_hal_primary( 469): [audiohal_get_latency:1036] io 13: out:0xe4580010 frames:1152 rate:48000 whole_latency:24 alsa_latency:24
11-03 16:43:33.456 I/audio_hw_hal_primary( 469): [audiohal_get_latency:1036] io 13: out:0xe4580010 frames:1152 rate:48000 whole_latency:24 alsa_latency:24
11-03 16:43:33.465 I/audio_hw_hal_primary( 469): [audiohal_get_latency:1036] io 13: out:0xe4580010 frames:1280 rate:48000 whole_latency:26 alsa_latency:26
11-03 16:43:33.469 I//apex/com.android.adbd/bin/adbd( 1395): type=1400 audit(0.0:1403): avc: denied { dac_read_search } for comm=75736220666673206F70656E capability=2 scontext=u:r:su:s0 tcontext=u:r:su:s0 tclass=capability permissive=1
11-03 16:43:33.476 I/audio_hw_hal_primary( 469): [audiohal_get_latency:1036] io 13: out:0xe4580010 frames:1024 rate:48000 whole_latency:21 alsa_latency:21
11-03 16:43:33.469 I//apex/com.android.adbd/bin/adbd( 1395): type=1400 audit(0.0:1404): avc: denied { dac_override } for comm=75736220666673206F70656E capability=1 scontext=u:r:su:s0 tcontext=u:r:su:s0 tclass=capability permissive=1
11-03 16:43:33.473 I/rainbow_flow( 2350): type=1400 audit(0.0:1405): avc: denied { ioctl } for path="/dev/spidev1.0" dev="tmpfs" ino=533 ioctlcmd=0x6b00 scontext=u:r:init:s0 tcontext=u:object_r:device:s0 tclass=chr_file permissive=1
11-03 16:43:33.485 I/audio_hw_hal_primary( 469): [audiohal_get_latency:1036] io 13: out:0xe4580010 frames:1024 rate:48000 whole_latency:21 alsa_latency:21
11-03 16:43:33.495 I/audio_hw_hal_primary( 469): [audiohal_get_latency:1036] io 13: out:0xe4580010 frames:1024 rate:48000 whole_latency:21 alsa_latency:21
11-03 16:43:33.505 I/audio_hw_hal_primary( 469): [audiohal_get_latency:1036] io 13: out:0xe4580010 frames:1152 rate:48000 whole_latency:24 alsa_latency:24
11-03 16:43:33.515 I/audio_hw_hal_primary( 469): [audiohal_get_latency:1036] io 13: out:0xe4580010 frames:1152 rate:48000 whole_latency:24 alsa_latency:24
11-03 16:43:33.525 I/audio_hw_hal_primary( 469): [audiohal_get_latency:1036] io 13: out:0xe4580010 frames:1152 rate:48000 whole_latency:24 alsa_latency:24
11-03 16:43:33.536 I/audio_hw_hal_primary( 469): [audiohal_get_latency:1036] io 13: out:0xe4580010 frames:1152 rate:48000 whole_latency:24 alsa_latency:24
11-03 16:43:33.540 I/BLEAudioDrive_HV412( 469): fd:26 data len: 9 1
11-03 16:43:33.543 I/SogouIME( 1940): onKeyDown: keyoCode=4
11-03 16:43:33.543 I/DefaultIMS( 1940): onKeyDown: keyoCode=4
11-03 16:43:33.588 I/audio_hw_hal_alsamgr( 469): alsa format =0x1 delay frames =1024 total frames=7812480
11-03 16:43:33.650 I/BLEAudioDrive_HV412( 469): fd:26 data len: 9 1
11-03 16:43:33.652 I/SogouIME( 1940): onKeyUp: keyoCode=4
11-03 16:43:33.652 I/DefaultIMS( 1940): onKeyUp: keyoCode=4
11-03 16:43:33.655 D/CompatibilityChangeReporter( 705): Compat change id reported: 197654537; UID 1000; state: DISABLED
11-03 16:43:33.657 V/WindowManagerShell( 985): Transition requested: android.os.BinderProxy@73f8cd4 TransitionRequestInfo { type = 2, triggerTask = TaskInfo{userId=0 taskId=197 displayId=0 isRunning=false baseIntent=Intent { dat=haqu://setting:8080/... flg=0x10000000 pkg=com.dangbei.haqusetting cmp=com.dangbei.haqusetting/.ui.HomeActivity } baseActivity=null topActivity=null origActivity=null realActivity=ComponentInfo{com.dangbei.haqusetting/com.dangbei.haqusetting.ui.HomeActivity} numActivities=0 lastActiveTime=43870 supportsMultiWindow=true resizeMode=1 isResizeable=true minWidth=-1 minHeight=-1 defaultMinSize=220 token=WCT{android.window.IWindowContainerToken$Stub$Proxy@2efbe7d} topActivityType=1 pictureInPictureParams=null shouldDockBigOverlays=false launchIntoPipHostTaskId=-1 lastParentTaskIdBeforePip=-1 displayCutoutSafeInsets=null topActivityInfo=null launchCookies=[] positionInParent=Point(0, 0) parentTaskId=-1 isFocused=true isVisible=true isVisibleRequested=true isSleeping=false topActivityInSizeCompat=false topActivityEligibleForLetterboxEducation= false isLetterboxDoubleTapEnabled= false topActivityEligibleForUserAspectRatioButton= false topActivityBoundsLetterboxed= false isFromLetterboxDoubleTap= false topActivityLetterboxVerticalPosition= -1 topActivityLetterboxHorizontalPosition= -1 topActivityLetterboxWidth=-1 topActivityLetterboxHeight=-1 isUserFullscreenOverrideEnabled=false isTopActivityTransparent=false locusId=null displayAreaFeatureId=1 cameraCompatControlState=hidden}, remoteTransition = null, displayChange = null, flags = 0 }
11-03 16:43:33.671 V/WindowManager( 705): app ------------- force_land :0
11-03 16:43:33.684 I/BpBinder( 276): onLastStrongRef automatically unlinking death recipients:
11-03 16:43:33.689 I/hq ( 1486): 当小贝:::showMessage from=mActivityLifecycleCallbacks
11-03 16:43:33.690 I/hq ( 1486): 当小贝:::showMessage 没有消息需要显示
11-03 16:43:33.699 V/WindowManager( 705): Sent Transition #3 createdAt=11-03 16:43:33.656 via request=TransitionRequestInfo { type = 2, triggerTask = TaskInfo{userId=0 taskId=197 displayId=0 isRunning=false baseIntent=Intent { dat=haqu://setting:8080/... flg=0x10000000 pkg=com.dangbei.haqusetting cmp=com.dangbei.haqusetting/.ui.HomeActivity } baseActivity=null topActivity=null origActivity=null realActivity=ComponentInfo{com.dangbei.haqusetting/com.dangbei.haqusetting.ui.HomeActivity} numActivities=0 lastActiveTime=43870 supportsMultiWindow=true resizeMode=1 isResizeable=true minWidth=-1 minHeight=-1 defaultMinSize=220 token=WCT{RemoteToken{4411ad2 Task{b91912e #197 type=standard A=1000:com.dangbei.haqusetting}}} topActivityType=1 pictureInPictureParams=null shouldDockBigOverlays=false launchIntoPipHostTaskId=-1 lastParentTaskIdBeforePip=-1 displayCutoutSafeInsets=null topActivityInfo=null launchCookies=[] positionInParent=Point(0, 0) parentTaskId=-1 isFocused=true isVisible=true isVisibleRequested=true isSleeping=false topActivityInSizeCompat=false topActivityEligibleForLetterboxEducation= false isLetterboxDoubleTapEnabled= false topActivityEligibleForUserAspectRatioButton= false topActivityBoundsLetterboxed= false isFromLetterboxDoubleTap= false topActivityLetterboxVerticalPosition= -1 topActivityLetterboxHorizontalPosition= -1 topActivityLetterboxWidth=-1 topActivityLetterboxHeight=-1 isUserFullscreenOverrideEnabled=false isTopActivityTransparent=false locusId=null displayAreaFeatureId=1 cameraCompatControlState=hidden}, remoteTransition = null, displayChange = null, flags = 0 }
11-03 16:43:33.699 V/WindowManager( 705): startWCT=WindowContainerTransaction { changes = {} hops = [] errorCallbackToken=null taskFragmentOrganizer=null }
11-03 16:43:33.704 V/WindowManager( 705): info={id=3 t=CLOSE f=0x0 trk=0 r=[0@Point(0, 0)] c=[{WCT{RemoteToken{4411ad2 Task{b91912e #197 type=standard A=1000:com.dangbei.haqusetting}}} m=CLOSE f=TRANSLUCENT leash=Surface(name=Task=197)/@0xa81e207 sb=Rect(0, 0 - 1920, 1080) eb=Rect(0, 0 - 1920, 1080) d=0}]}
11-03 16:43:33.705 V/WindowManagerShell( 985): onTransitionReady android.os.BinderProxy@73f8cd4: {id=3 t=CLOSE f=0x0 trk=0 r=[0@Point(0, 0)] c=[{WCT{android.window.IWindowContainerToken$Stub$Proxy@d72a240} m=CLOSE f=TRANSLUCENT leash=Surface(name=Task=197)/@0xdcc6172 sb=Rect(0, 0 - 1920, 1080) eb=Rect(0, 0 - 1920, 1080) d=0}]}
11-03 16:43:33.705 V/WindowManagerShell( 985): Playing animation for (#3)android.os.BinderProxy@73f8cd4@0
11-03 16:43:33.705 V/WindowManagerShell( 985): try handler com.android.wm.shell.keyguard.KeyguardTransitionHandler@4334782
11-03 16:43:33.705 V/WindowManagerShell( 985): try handler com.android.wm.shell.pip.tv.TvPipTransition@a2b3e93
11-03 16:43:33.705 V/WindowManagerShell( 985): try handler com.android.wm.shell.activityembedding.ActivityEmbeddingController@a2c9ed0
11-03 16:43:33.705 V/WindowManagerShell( 985): try handler com.android.wm.shell.transition.RemoteTransitionHandler@2432ec9
11-03 16:43:33.705 V/WindowManagerShell( 985): Transition doesn't have explicit remote, search filters for match for {id=3 t=CLOSE f=0x0 trk=0 r=[0@Point(0, 0)] c=[{WCT{android.window.IWindowContainerToken$Stub$Proxy@d72a240} m=CLOSE f=TRANSLUCENT leash=Surface(name=Task=197)/@0xdcc6172 sb=Rect(0, 0 - 1920, 1080) eb=Rect(0, 0 - 1920, 1080) d=0}]}
11-03 16:43:33.705 V/WindowManagerShell( 985): Delegate animation for #3 to null
11-03 16:43:33.706 V/WindowManagerShell( 985): try handler com.android.wm.shell.transition.DefaultTransitionHandler@75259ce
11-03 16:43:33.706 V/WindowManagerShell( 985): start default transition animation, info = {id=3 t=CLOSE f=0x0 trk=0 r=[0@Point(0, 0)] c=[{WCT{android.window.IWindowContainerToken$Stub$Proxy@d72a240} m=CLOSE f=TRANSLUCENT leash=Surface(name=Task=197)/@0xdcc6172 sb=Rect(0, 0 - 1920, 1080) eb=Rect(0, 0 - 1920, 1080) d=0}]}
11-03 16:43:33.707 V/WindowManagerShell( 985): loadAnimation: anim=android.view.animation.AlphaAnimation@177df1f animAttr=0x7 type=CLOSE isEntrance=false
11-03 16:43:33.708 V/WindowManagerShell( 985): animated by com.android.wm.shell.transition.DefaultTransitionHandler@75259ce
11-03 16:43:33.709 W/ProcessStats( 705): Tracking association SourceState{811a585 com.ktcp.video:daemon/10089 Fgs #589} whose proc state 3 is better than process ProcessState{952ff9a com.ktcp.video/10089 pkg=com.ktcp.video} proc state 10 (0 skipped)
11-03 16:43:33.711 W/ActivityTaskManager( 705): Finishing task with all activities already finished
11-03 16:43:33.711 W/ActivityTaskManager( 705): Duplicate finish request for r=ActivityRecord{b6927a9 u0 com.dangbei.haqusetting/.ui.HomeActivity t197 f}}
11-03 16:43:33.717 I/ImeTracker( 705): com.dangbei.leard.leradlauncher:c9df9a9e: onRequestHide at ORIGIN_SERVER_HIDE_INPUT reason HIDE_UNSPECIFIED_WINDOW
11-03 16:43:33.719 I/ImeTracker( 705): com.dangbei.leard.leradlauncher:c9df9a9e: onCancelled at PHASE_SERVER_SHOULD_HIDE
11-03 16:43:33.722 I/DefaultIMS( 1940): onStartInput attribute=android.view.inputmethod.EditorInfo@7e922e9 restarting=false inputType: 0
11-03 16:43:33.732 W/SQLiteLog( 1486): (28) double-quoted string literal: "UjftmJwNeB//pVBx7mhtEYyz3QsEVmijBDk+eA8Ez3byAILa538te/Q9nU21eOpLBoDh1bOCAoiF
11-03 16:43:33.732 W/SQLiteLog( 1486): LsWkxmnYYA==
11-03 16:43:33.732 W/SQLiteLog( 1486): "
11-03 16:43:33.732 W/SQLiteLog( 1486): (28) double-quoted string literal: "46654EEDEE94303A8B750FC6F44B2276"
11-03 16:43:33.735 W/SQLiteLog( 1486): (28) double-quoted string literal: "1761792035435"
11-03 16:43:33.735 W/SQLiteLog( 1486): (28) double-quoted string literal: "46654EEDEE94303A8B750FC6F44B2276"
11-03 16:43:33.738 W/WindowOnBackDispatcher( 2975): sendCancelIfRunning: isInProgress=falsecallback=android.view.ViewRootImpl$$ExternalSyntheticLambda17@8c25a4d
11-03 16:43:33.739 D/CoreBackPreview( 705): Window{9ea8e2b u0 com.dangbei.haqusetting/com.dangbei.haqusetting.ui.HomeActivity}: Setting back callback null
11-03 16:43:33.745 I/audio_hw_hal_primary( 469): [audiohal_get_latency:1036] io 13: out:0xe4580010 frames:1152 rate:48000 whole_latency:24 alsa_latency:24
11-03 16:43:33.747 W/InputManager-JNI( 705): Input channel object '9ea8e2b com.dangbei.haqusetting/com.dangbei.haqusetting.ui.HomeActivity (client)' was disposed without first being removed with the input manager!
11-03 16:43:33.756 I/audio_hw_hal_primary( 469): [audiohal_get_latency:1036] io 13: out:0xe4580010 frames:1152 rate:48000 whole_latency:24 alsa_latency:24
11-03 16:43:33.757 W/SQLiteLog( 1486): (28) double-quoted string literal: "1761792035435"
11-03 16:43:33.757 W/SQLiteLog( 1486): (28) double-quoted string literal: ""
11-03 16:43:33.757 W/SQLiteLog( 1486): (28) double-quoted string literal: ""
11-03 16:43:33.757 W/SQLiteLog( 1486): (28) double-quoted string literal: "46654EEDEE94303A8B750FC6F44B2276"
11-03 16:43:33.765 I/audio_hw_hal_primary( 469): [audiohal_get_latency:1036] io 13: out:0xe4580010 frames:1152 rate:48000 whole_latency:24 alsa_latency:24
11-03 16:43:33.770 W/ContextImpl( 705): Calling a method in the system process without a qualified user: android.app.ContextImpl.startService:1899 com.android.server.wm.DisplayPolicy.lambda$focusChangedLw$5:2126 com.android.server.wm.DisplayPolicy.$r8$lambda$Znxk63oh-WzVnzo_WQefN7uxV48:0 com.android.server.wm.DisplayPolicy$$ExternalSyntheticLambda13.run:0 android.os.Handler.handleCallback:958
11-03 16:43:33.772 D/aaa ( 1525): LedStatusService onStartCommand begin
11-03 16:43:33.774 D/WindowManagerShell( 985): TvPipController: onTaskStackChanged()
11-03 16:43:33.775 D/aaa ( 1525): topPkg is -------------- :com.dangbei.leard.leradlauncher
11-03 16:43:33.776 I/audio_hw_hal_primary( 469): [audiohal_get_latency:1036] io 13: out:0xe4580010 frames:1152 rate:48000 whole_latency:24 alsa_latency:24
11-03 16:43:33.773 I/work_thread( 1486): type=1400 audit(0.0:1406): avc: denied { search } for name="net" dev="sysfs" ino=12361 scontext=u:r:system_app:s0 tcontext=u:object_r:sysfs_net:s0 tclass=dir permissive=1
11-03 16:43:33.773 I/work_thread( 1486): type=1400 audit(0.0:1407): avc: denied { read } for name="address" dev="sysfs" ino=22143 scontext=u:r:system_app:s0 tcontext=u:object_r:sysfs_net:s0 tclass=file permissive=1
11-03 16:43:33.786 I/audio_hw_hal_primary( 469): [audiohal_get_latency:1036] io 13: out:0xe4580010 frames:1152 rate:48000 whole_latency:24 alsa_latency:24
11-03 16:43:33.773 I/work_thread( 1486): type=1400 audit(0.0:1408): avc: denied { open } for path="/sys/devices/virtual/net/dummy0/address" dev="sysfs" ino=22143 scontext=u:r:system_app:s0 tcontext=u:object_r:sysfs_net:s0 tclass=file permissive=1
11-03 16:43:33.773 I/work_thread( 1486): type=1400 audit(0.0:1409): avc: denied { getattr } for path="/sys/devices/virtual/net/dummy0/address" dev="sysfs" ino=22143 scontext=u:r:system_app:s0 tcontext=u:object_r:sysfs_net:s0 tclass=file permissive=1
11-03 16:43:33.799 I/audio_hw_hal_primary( 469): [audiohal_get_latency:1036] io 13: out:0xe4580010 frames:1152 rate:48000 whole_latency:24 alsa_latency:24
11-03 16:43:33.802 D/TrafficStats( 1486): tagSocket(5) with statsTag=0xffffffff, statsUid=-1
11-03 16:43:33.804 D/TrafficStats( 1486): tagSocket(143) with statsTag=0xffffffff, statsUid=-1
11-03 16:43:33.805 I/audio_hw_hal_primary( 469): [audiohal_get_latency:1036] io 13: out:0xe4580010 frames:1024 rate:48000 whole_latency:21 alsa_latency:21
11-03 16:43:33.806 D/TrafficStats( 1486): tagSocket(111) with statsTag=0xffffffff, statsUid=-1
11-03 16:43:33.810 D/aaa ( 1525): WiFi is connect
11-03 16:43:33.815 I/audio_hw_hal_primary( 469): [audiohal_get_latency:1036] io 13: out:0xe4580010 frames:1024 rate:48000 whole_latency:21 alsa_latency:21
11-03 16:43:33.825 I/audio_hw_hal_primary( 469): [audiohal_get_latency:1036] io 13: out:0xe4580010 frames:1152 rate:48000 whole_latency:24 alsa_latency:24
11-03 16:43:33.835 I/audio_hw_hal_primary( 469): [audiohal_get_latency:1036] io 13: out:0xe4580010 frames:1152 rate:48000 whole_latency:24 alsa_latency:24
11-03 16:43:33.836 W/SQLiteLog( 1486): (28) double-quoted string literal: "46654EEDEE94303A8B750FC6F44B2276"
11-03 16:43:33.845 I/audio_hw_hal_primary( 469): [audiohal_get_latency:1036] io 13: out:0xe4580010 frames:1152 rate:48000 whole_latency:24 alsa_latency:24
11-03 16:43:33.855 I/audio_hw_hal_primary( 469): [audiohal_get_latency:1036] io 13: out:0xe4580010 frames:1152 rate:48000 whole_latency:24 alsa_latency:24
11-03 16:43:33.866 I/audio_hw_hal_primary( 469): [audiohal_get_latency:1036] io 13: out:0xe4580010 frames:1152 rate:48000 whole_latency:24 alsa_latency:24
11-03 16:43:33.876 I/audio_hw_hal_primary( 469): [audiohal_get_latency:1036] io 13: out:0xe4580010 frames:1152 rate:48000 whole_latency:24 alsa_latency:24
