10-30 10:40:27.326 I/MMKV ( 2536): loaded [capability_info] with 6 key-values
10-30 10:40:27.369 I/SPProvider( 2536): onCreate
10-30 10:40:27.419 W/System.err( 2536): org.json.JSONException: No value for account_sync
10-30 10:40:27.421 W/System.err( 2536): at org.json.JSONObject.get(JSONObject.java:398)
10-30 10:40:27.421 W/System.err( 2536): at org.json.JSONObject.getJSONObject(JSONObject.java:618)
10-30 10:40:27.421 W/System.err( 2536): at zd.y.a(SourceFile:1)
10-30 10:40:27.421 W/System.err( 2536): at com.tencent.qqlivetv.model.open.OpenAccountSyncProvider.b(SourceFile:4)
10-30 10:40:27.421 W/System.err( 2536): at com.tencent.qqlivetv.model.open.OpenAccountSyncProvider.onCreate(SourceFile:2)
10-30 10:40:27.421 W/System.err( 2536): at android.content.ContentProvider.attachInfo(ContentProvider.java:2619)
10-30 10:40:27.421 W/System.err( 2536): at android.content.ContentProvider.attachInfo(ContentProvider.java:2589)
10-30 10:40:27.421 W/System.err( 2536): at android.app.ActivityThread.installProvider(ActivityThread.java:7840)
10-30 10:40:27.421 W/System.err( 2536): at android.app.ActivityThread.installContentProviders(ActivityThread.java:7351)
10-30 10:40:27.421 W/System.err( 2536): at android.app.ActivityThread.handleBindApplication(ActivityThread.java:7046)
10-30 10:40:27.421 W/System.err( 2536): at android.app.ActivityThread.-$$Nest$mhandleBindApplication(Unknown Source:0)
10-30 10:40:27.421 W/System.err( 2536): at android.app.ActivityThread$H.handleMessage(ActivityThread.java:2265)
10-30 10:40:27.421 W/System.err( 2536): at android.os.Handler.dispatchMessage(Handler.java:106)
10-30 10:40:27.421 W/System.err( 2536): at android.os.Looper.loopOnce(Looper.java:205)
10-30 10:40:27.421 W/System.err( 2536): at android.os.Looper.loop(Looper.java:294)
10-30 10:40:27.421 W/System.err( 2536): at android.app.ActivityThread.main(ActivityThread.java:8255)
10-30 10:40:27.421 W/System.err( 2536): at java.lang.reflect.Method.invoke(Native Method)
10-30 10:40:27.421 W/System.err( 2536): at com.android.internal.os.RuntimeInit$MethodAndArgsCaller.run(RuntimeInit.java:552)
10-30 10:40:27.421 W/System.err( 2536): at com.android.internal.os.ZygoteInit.main(ZygoteInit.java:978)
10-30 10:40:27.448 I/PartnerManager( 2536): isLauncher, sPr: null
10-30 10:40:27.450 I/MMKV ( 2536): loading [mmkvwrapper_old_login_record] with 0 actual size, file size 4096, InterProcess 1, meta info version:1
10-30 10:40:27.450 I/MMKV ( 2536): loaded [mmkvwrapper_old_login_record] with 0 key-values
10-30 10:40:27.558 I/bluetooth( 1108): packages/modules/Bluetooth/system/gd/metrics/metrics_state.cc:177 AddStateChangedEvent: LEConnectionMetricsRemoteDevice: Transaction State 0x00000002, Connection Type 0x00000001, Origin Type 0x00000001
10-30 10:40:27.558 I/bluetooth( 1108): packages/modules/Bluetooth/system/gd/metrics/metrics_state.cc:58 AddStateChangedEvent: LEConnectionMetricState: Origin Type: 0x00000001, Connection Type: 0x00000001, Transaction State: 0x00000002
10-30 10:40:27.558 I/bluetooth( 1108): packages/modules/Bluetooth/system/gd/metrics/metrics_state.cc:161 UploadLEConnectionSession: LEConnectionMetricsRemoteDevice: The session is uploaded for xx:xx:xx:xx:e3:d3
10-30 10:40:27.558 W/bluetooth( 1108): packages/modules/Bluetooth/system/main/shim/acl.cc:189 Remove: Unknown device being removed from acceptlist:c9:b5:96:5c:e3:d3[PUBLIC_DEVICE_ADDRESS]
10-30 10:40:27.558 I/bluetooth( 1108): packages/modules/Bluetooth/system/stack/gatt/connection_manager.cc:438 on_connection_complete: Le connection completed to device:xx:xx:xx:xx:e3:d3
10-30 10:40:27.558 I/bluetooth( 1108): packages/modules/Bluetooth/system/gd/hci/le_address_manager.cc:265 ack_pause: Client already in paused state
10-30 10:40:27.559 I/bluetooth( 1108): packages/modules/Bluetooth/system/stack/gatt/connection_manager.cc:438 on_connection_complete: Le connection completed to device:xx:xx:xx:xx:e3:d3
10-30 10:40:27.559 I/bt_btm_ble( 1108): packages/modules/Bluetooth/system/stack/btm/btm_ble.cc:1730 btm_ble_connected: Updating device record timestamp for existing ble connection
10-30 10:40:27.559 I/bluetooth( 1108): packages/modules/Bluetooth/system/gd/hci/le_address_manager.cc:265 ack_pause: Client already in paused state
10-30 10:40:27.559 I/bluetooth( 1108): packages/modules/Bluetooth/system/gd/hci/le_address_manager.cc:265 ack_pause: Client already in paused state
10-30 10:40:27.564 E/bt_btm ( 1108): packages/modules/Bluetooth/system/main/bte_logmsg.cc:105 LogMsg: no pending resolving list operation
10-30 10:40:27.568 I/bluetooth( 1108): packages/modules/Bluetooth/system/gd/hci/le_address_manager.cc:596 OnCommandComplete: Received command complete with op_code LE_REMOVE_DEVICE_FROM_FILTER_ACCEPT_LIST
10-30 10:40:27.568 I/bluetooth( 1108): packages/modules/Bluetooth/system/gd/hci/le_address_manager.cc:294 resume_registered_clients: Resuming registered clients
10-30 10:40:27.592 D/SntpClient( 705): request time failed: java.net.SocketTimeoutException: Poll timed out
10-30 10:40:27.593 D/TrafficStats( 705): tagSocket(435) with statsTag=0xffffff41, statsUid=-1
10-30 10:40:27.606 I/bt_stack( 1108): [INFO:gatt_attr.cc(950)] gatt_sr_init_cl_status: bda=xx:xx:xx:xx:e3:d3, cl_supp_feat=0000, aware=1
10-30 10:40:27.606 I/bluetooth( 1108): packages/modules/Bluetooth/system/stack/gap/gap_ble.cc:304 client_connect_cback: No active GAP service found for peer:xx:xx:xx:xx:e3:d3 callback:Connected
10-30 10:40:27.606 I/bt_bta_gattc( 1108): packages/modules/Bluetooth/system/bta/gatt/bta_gattc_act.cc:1304 bta_gattc_conn_cback: Connected client_if:3 addr:xx:xx:xx:xx:e3:d3, transport:BT_TRANSPORT_LE reason:GATT_CONN_OK
10-30 10:40:27.607 I/bt_bta_gattc( 1108): packages/modules/Bluetooth/system/bta/gatt/bta_gattc_act.cc:1304 bta_gattc_conn_cback: Connected client_if:4 addr:xx:xx:xx:xx:e3:d3, transport:BT_TRANSPORT_LE reason:GATT_CONN_OK
10-30 10:40:27.607 I/bluetooth( 1108): packages/modules/Bluetooth/system/stack/gatt/gatt_main.cc:405 gatt_update_app_use_link_flag: disable link idle timer for xx:xx:xx:xx:e3:d3
10-30 10:40:27.607 I/bt_stack( 1108): [INFO:l2c_api.cc(1607)] L2CA_MarkLeLinkAsActivesetting link to c9:b5:96:5c:e3:d3 as active
10-30 10:40:27.607 I/bluetooth( 1108): packages/modules/Bluetooth/system/stack/gatt/gatt_api.cc:1206 GATT_SetIdleTimeout: idle_timeout=65535, is_active=1, status=1 (1-OK 0-not performed)
10-30 10:40:27.607 I/bt_bta_gattc( 1108): packages/modules/Bluetooth/system/bta/gatt/bta_gattc_act.cc:1304 bta_gattc_conn_cback: Connected client_if:5 addr:xx:xx:xx:xx:e3:d3, transport:BT_TRANSPORT_LE reason:GATT_CONN_OK
10-30 10:40:27.607 I/bluetooth( 1108): packages/modules/Bluetooth/system/stack/gatt/connection_manager.cc:438 on_connection_complete: Le connection completed to device:xx:xx:xx:xx:e3:d3
10-30 10:40:27.607 I/bt_stack( 1108): [INFO:l2c_api.cc(1607)] L2CA_MarkLeLinkAsActivesetting link to c9:b5:96:5c:e3:d3 as active
10-30 10:40:27.607 I/bluetooth( 1108): packages/modules/Bluetooth/system/stack/gatt/gatt_api.cc:1206 GATT_SetIdleTimeout: idle_timeout=65535, is_active=1, status=1 (1-OK 0-not performed)
10-30 10:40:27.607 I/bluetooth( 1108): packages/modules/Bluetooth/system/stack/gatt/gatt_main.cc:594 check_cached_model_name: Device xx:xx:xx:xx:e3:d3 no cached model name
10-30 10:40:27.607 I/bt_btif_dm( 1108): packages/modules/Bluetooth/system/btif/src/btif_dm.cc:642 btif_update_remote_version_property: Remote version info valid:true [xx:xx:xx:xx:e3:d3]: 8, 50e, 5
10-30 10:40:27.607 E/bta_gattc_main( 1108): packages/modules/Bluetooth/system/bta/gatt/bta_gattc_main.cc:395 bta_gattc_hdl_event: Ignore unknown conn ID: 3
10-30 10:40:27.607 E/bta_gattc_main( 1108): packages/modules/Bluetooth/system/bta/gatt/bta_gattc_main.cc:395 bta_gattc_hdl_event: Ignore unknown conn ID: 4
10-30 10:40:27.607 W/BatteryService( 1108): getBatteryService(): service is NULL
10-30 10:40:27.608 I/bt_bta_gattc( 1108): packages/modules/Bluetooth/system/bta/gatt/bta_gattc_act.cc:549 bta_gattc_conn: Connected to xx:xx:xx:xx:e3:d3, robust caching support is 0
10-30 10:40:27.616 I/BluetoothPhonePolicy( 1108): processDeviceConnected, device=XX:XX:XX:XX:E3:D3
10-30 10:40:27.616 D/BluetoothDatabase( 1108): setConnection: device XX:XX:XX:XX:E3:D3 and isA2dpDevice=false
10-30 10:40:27.617 D/BluetoothDatabase( 1108): Updating last connected time for device: XX:XX:XX:XX:E3:D3 to 1
10-30 10:40:27.617 D/BluetoothDatabase( 1108): updateDatabase XX:XX:XX:XX:E3:D3
10-30 10:40:27.622 D/AvrcpBrowsablePlayerConnector( 1108): Received a message: msg.what=2
10-30 10:40:27.622 V/AvrcpBrowsablePlayerConnector( 1108): Timed out waiting for players
10-30 10:40:27.622 I/AvrcpBrowsablePlayerConnector( 1108): Successfully connected to 0 browsable players.
10-30 10:40:27.622 I/MediaPlayerList( 1108): init: Browsable Player list size is 0
10-30 10:40:27.623 I/dangbei111( 1470): cccccc on receiver=android.bluetooth.device.action.ACL_CONNECTED,mac=C9:B5:96:5C:E3:D3
10-30 10:40:27.623 I/dangbei111( 1470): cccccc 收到 ACTION_ACL_CONNECTED 的广播
10-30 10:40:27.623 I/MediaPlayerList( 1108): Set active player to first default
10-30 10:40:27.623 E/dangbei111( 1470): 5s后准备进行遥控器ota信息检测
10-30 10:40:27.625 D/MediaPlayerList( 1108): setActivePlayer(): setting player to com.xiaodianshi.tv.yst
10-30 10:40:27.626 I/MediaSessionService( 705): tempAllowlistTargetPkgIfPossible callingPackage:com.android.bluetooth targetPackage:com.xiaodianshi.tv.yst reason:MediaSessionRecord:android.support.v4.media.session.command.GET_EXTRA_BINDER [WIU] [FGS]
10-30 10:40:27.632 I/MediaPlayerList( 1108): sendMediaUpdate: Creating a one item queue for a player with no queue
10-30 10:40:27.632 D/MediaPlayerList( 1108): sendMediaUpdate state=null
10-30 10:40:27.632 D/AvrcpTargetJni( 1108): sendMediaUpdateNative
10-30 10:40:27.633 I/bt_stack( 1108): [INFO:avrcp_service.cc(515)] virtual void bluetooth::avrcp::AvrcpService::SendMediaUpdate(bool, bool, bool) track_changed=1 : play_state=0 : queue=1
10-30 10:40:27.633 W/AudioMediaPlayerWrapper( 1108): The session was destroyed com.xiaodianshi.tv.yst
10-30 10:40:27.633 D/MediaPlayerList( 1108): sessionUpdatedCallback(): packageName: com.xiaodianshi.tv.yst
10-30 10:40:27.633 D/MediaPlayerList( 1108): sendMediaUpdate state=null
10-30 10:40:27.633 D/AvrcpTargetJni( 1108): sendMediaUpdateNative
10-30 10:40:27.633 I/bt_stack( 1108): [INFO:avrcp_service.cc(515)] virtual void bluetooth::avrcp::AvrcpService::SendMediaUpdate(bool, bool, bool) track_changed=1 : play_state=0 : queue=1
10-30 10:40:27.646 W/smp_act ( 1108): packages/modules/Bluetooth/system/stack/smp/smp_act.cc:2087 smp_link_encrypted: SMP state machine busy so skipping encryption enable:1 device:xx:xx:xx:xx:e3:d3
10-30 10:40:27.647 I/bluetooth( 1108): packages/modules/Bluetooth/system/stack/eatt/eatt_impl.h:1008 connect: Device xx:xx:xx:xx:e3:d3, role central
10-30 10:40:27.647 W/bt_stack( 1108): [WARNING:bta_gattc_api.cc(689)] notification already registered
10-30 10:40:27.647 W/bt_stack( 1108): [WARNING:bta_gattc_api.cc(689)] notification already registered
10-30 10:40:27.647 W/bt_stack( 1108): [WARNING:bta_gattc_api.cc(689)] notification already registered
10-30 10:40:27.647 I/bluetooth( 1108): packages/modules/Bluetooth/system/stack/gatt/gatt_main.cc:405 gatt_update_app_use_link_flag: disable link idle timer for xx:xx:xx:xx:e3:d3
10-30 10:40:27.647 I/bt_stack( 1108): [INFO:l2c_api.cc(1607)] L2CA_MarkLeLinkAsActivesetting link to c9:b5:96:5c:e3:d3 as active
10-30 10:40:27.647 I/bluetooth( 1108): packages/modules/Bluetooth/system/stack/gatt/gatt_api.cc:1206 GATT_SetIdleTimeout: idle_timeout=65535, is_active=1, status=1 (1-OK 0-not performed)
10-30 10:40:27.648 D/BluetoothHidHostService( 1108): Connection state XX:XX:XX:XX:E3:D3: 0->1
10-30 10:40:27.652 D/CachedBluetoothDevice( 997): onProfileStateChanged: profile HID, device XX:XX:XX:XX:E3:D3, newProfileState 1
10-30 10:40:27.652 D/BluetoothAdapter( 997): getActiveDevices(profile= A2DP)
10-30 10:40:27.654 I/BluetoothAdapterService( 1108): getActiveDevices: A2dp device: null
10-30 10:40:27.652 I/UsbFfs-monitor( 1395): type=1400 audit(0.0:1079): avc: denied { use } for path="anon_inode:[eventfd]" dev="anon_inodefs" ino=10206 scontext=u:r:su:s0 tcontext=u:r:adbd:s0 tclass=fd permissive=1
10-30 10:40:27.655 D/CachedBluetoothDevice( 985): onProfileStateChanged: profile HID, device XX:XX:XX:XX:E3:D3, newProfileState 1
10-30 10:40:27.655 D/BluetoothAdapter( 985): getActiveDevices(profile= A2DP)
10-30 10:40:27.657 D/AdapterProperties( 1108): PROFILE_CONNECTION_STATE_CHANGE: profile=4, device=XX:XX:XX:XX:E3:D3, 0 -> 1
10-30 10:40:27.657 I/BluetoothAdapterService( 1108): getActiveDevices: A2dp device: null
10-30 10:40:27.658 D/BluetoothAdapter( 985): getActiveDevices(profile= HEADSET)
10-30 10:40:27.658 D/BluetoothAdapter( 997): getActiveDevices(profile= HEADSET)
10-30 10:40:27.659 I/BluetoothAdapterService( 1108): getActiveDevices: Headset device: null
10-30 10:40:27.660 D/BluetoothAdapter( 985): getActiveDevices(profile= HEARING_AID)
10-30 10:40:27.661 I/BluetoothAdapterService( 1108): getActiveDevices: Headset device: null
10-30 10:40:27.662 D/BluetoothAdapter( 997): getActiveDevices(profile= HEARING_AID)
10-30 10:40:27.662 I/BluetoothAdapterService( 1108): getActiveDevices: Hearing Aid devices: Left[null] - Right[null]
10-30 10:40:27.664 I/BluetoothAdapterService( 1108): getActiveDevices: Hearing Aid devices: Left[null] - Right[null]
10-30 10:40:27.667 I/bluetooth( 1108): packages/modules/Bluetooth/system/stack/gatt/gatt_sr.cc:857 gatts_process_mtu_req: MTU 140 request from remote (c9:b5:96:5c:e3:d3), resulted MTU 140
10-30 10:40:27.667 I/bt_btm_ble( 1108): packages/modules/Bluetooth/system/stack/btm/btm_ble.cc:620 BTM_SetBleDataLength: xx:xx:xx:xx:e3:d3, 144
10-30 10:40:27.667 W/bt_stack( 1108): [WARNING:gatt_utils.cc(831)] Call back not found for application conn_id=3
10-30 10:40:27.667 W/bt_stack( 1108): [WARNING:gatt_utils.cc(831)] Call back not found for application conn_id=4
10-30 10:40:27.667 W/bt_stack( 1108): [WARNING:gatt_utils.cc(831)] Call back not found for application conn_id=5
10-30 10:40:27.672 I/bt_btif_hh( 1108): packages/modules/Bluetooth/system/btif/src/btif_hh.cc:483 hh_open_handler: Found device, getting dscp info for handle 16
10-30 10:40:27.672 I/bt_btif_dm( 1108): packages/modules/Bluetooth/system/btif/src/btif_dm.cc:489 get_cod: get_cod remote_cod = 0x0000050c
10-30 10:40:27.672 I/bt_btif_dm( 1108): packages/modules/Bluetooth/system/btif/src/btif_dm.cc:489 get_cod: get_cod remote_cod = 0x0000050c
10-30 10:40:27.672 W/bt_btif ( 1108): packages/modules/Bluetooth/system/main/bte_logmsg.cc:108 LogMsg: btif_hh_upstreams_evt: name = Dangbei
10-30 10:40:27.672 W/bt_btif ( 1108): packages/modules/Bluetooth/system/main/bte_logmsg.cc:108 LogMsg: bta_hh_co_send_hid_info: fd = 253, name = [Dangbei], dscp_len = 122
10-30 10:40:27.672 W/bt_btif ( 1108): packages/modules/Bluetooth/system/main/bte_logmsg.cc:108 LogMsg: bta_hh_co_send_hid_info: vendor_id = 0x1d5a, product_id = 0xc081, version= 0x0101,ctry_code=0x00
10-30 10:40:27.673 W/bt_btif ( 1108): packages/modules/Bluetooth/system/main/bte_logmsg.cc:108 LogMsg: bta_hh_co_send_hid_info: wrote descriptor to fd = 253, dscp_len = 122, result = 0
10-30 10:40:27.674 W/bt_stack( 1108): [WARNING:btif_hh.cc(509)] Device xx:xx:xx:xx:e3:d3 already added
10-30 10:40:27.674 W/bt_btif ( 1108): packages/modules/Bluetooth/system/main/bte_logmsg.cc:108 LogMsg: btif_hh_upstreams_evt: Device already added
10-30 10:40:27.674 D/AdapterProperties( 1108): ADAPTER_CONNECTION_STATE_CHANGE: XX:XX:XX:XX:E3:D3: 0 -> 1
10-30 10:40:27.672 I/xm_hidread( 1758): type=1400 audit(0.0:1080): avc: denied { read } for scontext=u:r:init:s0 tcontext=u:r:init:s0 tclass=netlink_kobject_uevent_socket permissive=1
10-30 10:40:27.674 D/XM_HIDREAD( 1758): add@ add@/devices/virtual/misc/uhid/0005:1D5A:C081.0001
10-30 10:40:27.676 D/XM_HIDREAD( 1758): add@ add@/devices/virtual/misc/uhid/0005:1D5A:C081.0001/input/input9
10-30 10:40:27.680 D/BluetoothHidHostService( 1108): Connection state XX:XX:XX:XX:E3:D3: 1->2
10-30 10:40:27.680 I/bt_stack( 1108): [INFO:eatt_impl.h(888)] supported_features_cb c9:b5:96:5c:e3:d3 is_eatt_supported = 0
10-30 10:40:27.680 I/wpa_supplicant( 1180): wpa_driver_nl80211_driver_cmd: wifi vendor: aml_w2_s
10-30 10:40:27.680 I/wpa_supplicant( 1180): wpa_driver_nl80211_driver_cmd: wlan0: private command: BTCOEXSCAN-START
10-30 10:40:27.681 D/XM_HIDREAD( 1758): add@ add@/devices/virtual/misc/uhid/0005:1D5A:C081.0001/input/input9/input9::numlock
10-30 10:40:27.682 D/XM_HIDREAD( 1758): add@ add@/devices/virtual/misc/uhid/0005:1D5A:C081.0001/input/input9/input9::capslock
10-30 10:40:27.682 D/XM_HIDREAD( 1758): add@ add@/devices/virtual/misc/uhid/0005:1D5A:C081.0001/input/input9/input9::scrolllock
10-30 10:40:27.682 D/XM_HIDREAD( 1758): add@ add@/devices/virtual/misc/uhid/0005:1D5A:C081.0001/input/input9/input9::compose
10-30 10:40:27.682 D/XM_HIDREAD( 1758): add@ add@/devices/virtual/misc/uhid/0005:1D5A:C081.0001/input/input9/input9::kana
10-30 10:40:27.682 D/XM_HIDREAD( 1758): add@ add@/devices/virtual/misc/uhid/0005:1D5A:C081.0001/input/input9/event9
10-30 10:40:27.682 D/XM_HIDREAD( 1758): add@ add@/devices/virtual/misc/uhid/0005:1D5A:C081.0001/input/input10
10-30 10:40:27.686 D/XM_HIDREAD( 1758): add@ add@/devices/virtual/misc/uhid/0005:1D5A:C081.0001/input/input10/event10
10-30 10:40:27.686 D/XM_HIDREAD( 1758): add@ add@/devices/virtual/misc/uhid/0005:1D5A:C081.0001/hidraw/hidraw0
10-30 10:40:27.686 D/XM_HIDREAD( 1758): ready open:/dev/hidraw0
10-30 10:40:27.686 D/XM_HIDREAD( 1758): open:/dev/hidraw0 resultFD:-1
10-30 10:40:27.686 E/XM_HIDREAD( 1758): open hidraw error: No such file or directory, wait to retry...
10-30 10:40:27.690 D/CachedBluetoothDevice( 997): onProfileStateChanged: profile HID, device XX:XX:XX:XX:E3:D3, newProfileState 2
10-30 10:40:27.690 D/BluetoothAdapter( 997): getActiveDevices(profile= A2DP)
10-30 10:40:27.692 I/BluetoothAdapterService( 1108): getActiveDevices: A2dp device: null
10-30 10:40:27.692 D/BluetoothAdapter( 997): getActiveDevices(profile= HEADSET)
10-30 10:40:27.693 I/BluetoothAdapterService( 1108): getActiveDevices: Headset device: null
10-30 10:40:27.694 D/BluetoothAdapter( 997): getActiveDevices(profile= HEARING_AID)
10-30 10:40:27.695 D/EventHub( 705): No input device configuration file found for device 'Dangbei Keyboard'.
10-30 10:40:27.697 D/CachedBluetoothDevice( 985): onProfileStateChanged: profile HID, device XX:XX:XX:XX:E3:D3, newProfileState 2
10-30 10:40:27.697 D/BluetoothAdapter( 985): getActiveDevices(profile= A2DP)
10-30 10:40:27.698 D/AdapterProperties( 1108): PROFILE_CONNECTION_STATE_CHANGE: profile=4, device=XX:XX:XX:XX:E3:D3, 1 -> 2
10-30 10:40:27.698 I/EventHub( 705): usingClockIoctl=true
10-30 10:40:27.698 I/EventHub( 705): New device: id=10, fd=442, path='/dev/input/event9', name='Dangbei Keyboard', classes=KEYBOARD | DPAD | JOYSTICK | EXTERNAL, configuration='', keyLayout='/vendor/usr/keylayout/Vendor_1d5a_Product_c081.kl', keyCharacterMap='/system/usr/keychars/Generic.kcm', builtinKeyboard=false,
10-30 10:40:27.698 I/InputReader( 705): Device added: id=10, eventHubId=10, name='Dangbei Keyboard', descriptor='f7c233781fa5993a995e40f6fadea46d3e02af91',sources=KEYBOARD | DPAD | JOYSTICK
10-30 10:40:27.699 D/AdapterProperties( 1108): ADAPTER_CONNECTION_STATE_CHANGE: XX:XX:XX:XX:E3:D3: 1 -> 2
10-30 10:40:27.701 D/EventHub( 705): No input device configuration file found for device 'Dangbei'.
10-30 10:40:27.703 I/BLEAudioDrive_HV412( 469): Raw Name: Dangbei
10-30 10:40:27.703 I/BLEAudioDrive_HV412( 469): Raw Info:
10-30 10:40:27.703 I/BLEAudioDrive_HV412( 469): bustype: 5 (Bluetooth)
10-30 10:40:27.703 I/BLEAudioDrive_HV412( 469): vendor: 0x1d5a
10-30 10:40:27.703 I/BLEAudioDrive_HV412( 469): product: 0xc081
10-30 10:40:27.705 I/BLEAudioDrive_HV412( 469): HBG remote PoweOn
10-30 10:40:27.705 I/BLEAudioDrive_HV412( 469): add file(26) :/dev/hidraw0
10-30 10:40:27.705 D/audio_so_hv_309( 469): HBG remote is active!
10-30 10:40:27.705 I/wpa_supplicant( 1180): wpa_driver_nl80211_driver_cmd: wifi vendor: aml_w2_s
10-30 10:40:27.705 I/wpa_supplicant( 1180): wpa_driver_nl80211_driver_cmd: wlan0: private command: BTCOEXSCAN-START
10-30 10:40:27.706 I/BluetoothAdapterService( 1108): getActiveDevices: Hearing Aid devices: Left[null] - Right[null]
10-30 10:40:27.704 I//apex/com.android.adbd/bin/adbd( 1395): type=1400 audit(0.0:1081): avc: denied { write } for comm=75736220666673206F70656E name="property_service" dev="tmpfs" ino=411 scontext=u:r:su:s0 tcontext=u:object_r:property_socket:s0 tclass=sock_file permissive=1
10-30 10:40:27.704 I//apex/com.android.adbd/bin/adbd( 1395): type=1400 audit(0.0:1082): avc: denied { connectto } for comm=75736220666673206F70656E path="/dev/socket/property_service" scontext=u:r:su:s0 tcontext=u:r:init:s0 tclass=unix_stream_socket permissive=1
10-30 10:40:27.708 I/BluetoothAdapterService( 1108): getActiveDevices: A2dp device: null
10-30 10:40:27.708 D/BluetoothAdapter( 985): getActiveDevices(profile= HEADSET)
10-30 10:40:27.713 I/BluetoothAdapterService( 1108): getActiveDevices: Headset device: null
10-30 10:40:27.714 D/BluetoothAdapter( 985): getActiveDevices(profile= HEARING_AID)
10-30 10:40:27.719 I/BluetoothAdapterService( 1108): getActiveDevices: Hearing Aid devices: Left[null] - Right[null]
10-30 10:40:27.786 E/XM_HIDREAD( 1758): trying to reopen hidraw: /dev/hidraw0
10-30 10:40:27.786 D/XM_HIDREAD( 1758): ready open:/dev/hidraw0
10-30 10:40:27.784 I/xm_hidread( 1758): type=1400 audit(0.0:1083): avc: denied { read write } for name="hidraw0" dev="tmpfs" ino=865 scontext=u:r:init:s0 tcontext=u:object_r:hidraw_audio_device:s0 tclass=chr_file permissive=1
10-30 10:40:27.787 D/XM_HIDREAD( 1758): open:/dev/hidraw0 resultFD:8
10-30 10:40:27.787 D/XM_HIDREAD( 1758): 1 ready ioctl hidrawFD 8
10-30 10:40:27.787 D/XM_HIDREAD( 1758): 2 ready ioctl hidrawFD 8
10-30 10:40:27.787 D/XM_HIDREAD( 1758): 3 ready ioctl hidrawFD 8
10-30 10:40:27.787 D/XM_HIDREAD( 1758): 4 ready ioctl hidrawFD 8
10-30 10:40:27.787 D/XM_HIDREAD( 1758): ioctl hidrawFD HIDIOCGRDESC ret 0
10-30 10:40:27.787 D/XM_HIDREAD( 1758): dinfo.vendor:7514,dinfo.product:49281
10-30 10:40:27.787 E/XM_HIDREAD( 1758): : /dev/hidraw0
10-30 10:40:27.787 D/XM_HIDREAD( 1758): add@ add@/devices/virtual/wakeup/wakeup32
10-30 10:40:27.861 I/WifiHAL ( 493): call wifi_get_link_stats handler
10-30 10:40:27.861 I/WifiHAL ( 493): Creating message to get link statistics; iface = 16
10-30 10:40:27.861 D/WifiHAL ( 493): error code -95 mapped to -3
10-30 10:40:27.861 E/WifiStaIfaceAidlImpl( 705): getLinkLayerStats failed with service-specific exception: android.os.ServiceSpecificException: (code 4)
10-30 10:40:27.881 E/hq ( 1486): ErrorCoroutineExceptionHandler:::runTry error:com.dangbei.leard.base.proider.error.EmptyApiException: 数据为空 from=requestMessageDialog from=requestMessageDialog
10-30 10:40:28.001 I/vaudio_apps( 469):
10-30 10:40:28.001 Nano_DevsEvent(333): list { 'add', 'hidraw0' }
10-30 10:40:28.002 I/vaudio_apps( 469):
10-30 10:40:28.002 Nano_HidrawOpen(1581): Match Dev Fail!!!
10-30 10:40:28.002 I/vaudio_apps( 469):
10-30 10:40:28.002 Nano_EventHandle(240): [0]Device Unkown
10-30 10:40:28.256 I/keystore2( 295): system/security/keystore2/src/watchdog.rs:319 - Watchdog thread idle -> terminating. Have a great day.
10-30 10:40:28.552 D/ActivityManager( 705): freezing 1505 com.android.music
10-30 10:40:28.760 I//apex/com.android.adbd/bin/adbd( 1395): type=1400 audit(0.0:1086): avc: denied { dac_read_search } for comm=75736220666673206F70656E capability=2 scontext=u:r:su:s0 tcontext=u:r:su:s0 tclass=capability permissive=1
10-30 10:40:28.760 I//apex/com.android.adbd/bin/adbd( 1395): type=1400 audit(0.0:1087): avc: denied { dac_override } for comm=75736220666673206F70656E capability=1 scontext=u:r:su:s0 tcontext=u:r:su:s0 tclass=capability permissive=1
10-30 10:40:29.084 I/rainbow_flow( 2350): type=1400 audit(0.0:1088): avc: denied { ioctl } for path="/dev/spidev1.0" dev="tmpfs" ino=533 ioctlcmd=0x6b00 scontext=u:r:init:s0 tcontext=u:object_r:device:s0 tclass=chr_file permissive=1
10-30 10:40:29.702 I/MediaProvider( 1450): Scanned external_primary due to REASON_MOUNTED, found 158 items in 7219ms, 0 inserts 13 updates 0 deletes
10-30 10:40:29.704 I/MediaProvider( 1450): End Intent { act=com.android.providers.media.action.SCAN_VOLUME (has extras) }
10-30 10:40:29.707 D/OomAdjuster( 705): Not killing cached processes
10-30 10:40:29.914 D/TrafficStats( 1486): tagSocket(5) with statsTag=0xffffffff, statsUid=-1
10-30 10:40:30.427 I/bt_stack( 1108): [INFO:le_scanning_manager.cc(168)] Scan in shim layer stopped
10-30 10:40:30.428 I/bluetooth( 1108): packages/modules/Bluetooth/system/gd/hci/le_address_manager.cc:193 unregister_client: Client unregistered
10-30 10:40:30.429 I/bt_stack( 1108): [INFO:le_scanning_manager.cc(346)] SetScanParameters in shim layer
10-30 10:40:30.429 I/bt_stack( 1108): [INFO:le_scanning_manager.cc(168)] Scan in shim layer started
10-30 10:40:30.429 I/bluetooth( 1108): packages/modules/Bluetooth/system/gd/hci/le_scanning_manager.cc:588 stop_scan: Scanning already stopped, return!
10-30 10:40:30.429 I/bluetooth( 1108): packages/modules/Bluetooth/system/gd/hci/le_address_manager.cc:178 register_client: Client registered
10-30 10:40:30.478 D/CompatibilityChangeReporter( 2365): Compat change id reported: 253665015; UID 10016; state: ENABLED
10-30 10:40:30.479 D/CompatibilityChangeReporter( 2365): Compat change id reported: 194532703; UID 10016; state: ENABLED
10-30 10:40:30.481 D/CompatibilityChangeReporter( 705): Compat change id reported: 253665015; UID 10016; state: ENABLED
10-30 10:40:30.482 D/CompatibilityChangeReporter( 705): Compat change id reported: 194532703; UID 10016; state: ENABLED
10-30 10:40:30.504 I/xm_hidread( 1758): type=1400 audit(0.0:1089): avc: denied { read } for scontext=u:r:init:s0 tcontext=u:r:init:s0 tclass=netlink_kobject_uevent_socket permissive=1
10-30 10:40:30.633 E/dangbei111( 1470): cccccc 检查遥控器是否连接: Dangbei C9:B5:96:5C:E3:D3
10-30 10:40:30.636 E/dangbei111( 1470): cccccc 检查遥控器是否连接: 蓝牙的结果 Dangbei C9:B5:96:5C:E3:D3 true
10-30 10:40:30.637 E/dangbei111( 1470): cccccc 确实有遥控器 存在 取消check任务
10-30 10:40:30.637 E/dangbei111( 1470): cccccc 确实有遥控器 存在 重置beeGatt
10-30 10:40:30.637 E/dangbei111( 1470): cccccc 尝试 stopBleScan
10-30 10:40:30.640 D/BluetoothAdapter( 1470): isLeEnabled(): ON
10-30 10:40:30.644 D/ActivityAttributionService( 1108): notifyActivityAttributionInfo UID=1002 packageName=com.android.bluetooth deviceAddress=no_active_device_address
10-30 10:40:30.644 I/bt_stack( 1108): [INFO:le_scanning_manager.cc(168)] Scan in shim layer stopped
10-30 10:40:30.644 I/bluetooth( 1108): packages/modules/Bluetooth/system/gd/hci/le_address_manager.cc:193 unregister_client: Client unregistered
10-30 10:40:30.644 I/bt_btif ( 1108): packages/modules/Bluetooth/system/btif/src/bluetooth.cc:829 get_profile_interface: get_profile_interface: id = activity_attribution
10-30 10:40:30.646 I/bt_stack( 1108): [INFO:le_scanning_manager.cc(162)] Unregister in shim layer, scanner_id:1
10-30 10:40:30.647 E/dangbei111( 1470): cccccc stopBleScanInner com.dangbei.remotecontroller.RCHelper$3@a124ab8
10-30 10:40:30.644 I/lerad.etna.haqu( 1470): type=1400 audit(0.0:1090): avc: denied { read } for name="devices" dev="proc" ino=4026531982 scontext=u:r:system_app:s0 tcontext=u:object_r:proc:s0 tclass=file permissive=1
10-30 10:40:30.647 E/dangbei111( 1470): cccccc rc is connected, stop scan =C9:B5:96:5C:E3:D3
10-30 10:40:30.644 I/lerad.etna.haqu( 1470): type=1400 audit(0.0:1091): avc: denied { open } for path="/proc/bus/input/devices" dev="proc" ino=4026531982 scontext=u:r:system_app:s0 tcontext=u:object_r:proc:s0 tclass=file permissive=1
10-30 10:40:30.644 I/lerad.etna.haqu( 1470): type=1400 audit(0.0:1092): avc: denied { getattr } for path="/proc/bus/input/devices" dev="proc" ino=4026531982 scontext=u:r:system_app:s0 tcontext=u:object_r:proc:s0 tclass=file permissive=1
10-30 10:40:30.657 D/CompatibilityChangeReporter( 1470): Compat change id reported: 265103382; UID 1000; state: DISABLED
10-30 10:40:30.657 D/BluetoothGatt( 1470): connect() - device: C9:B5:96:5C:E3:D3, auto: true
10-30 10:40:30.657 D/BluetoothGatt( 1470): registerApp()
10-30 10:40:30.658 D/BluetoothGatt( 1470): registerApp() - UUID=b3d05615-a71c-4fb1-813b-cef5856f3909
10-30 10:40:30.660 I/bluetooth( 1108): packages/modules/Bluetooth/system/stack/gatt/gatt_api.cc:1257 GATT_Register: Allocated name:GattClient uuid:69557b7a-62b6-2014-c2ee-b206088776e4 gatt_if:6 eatt_support:0
10-30 10:40:30.660 E/dangbei111( 1470): getBattery delay 0
10-30 10:40:30.660 I/bluetooth( 1108): packages/modules/Bluetooth/system/stack/gatt/gatt_api.cc:1371 GATT_StartIf: GATT interface 6 already has connected device xx:xx:xx:xx:e3:d3
10-30 10:40:30.660 I/bluetooth( 1108): packages/modules/Bluetooth/system/stack/gatt/gatt_api.cc:1374 GATT_StartIf: Invoking callback with connection id 6
10-30 10:40:30.660 I/bt_bta_gattc( 1108): packages/modules/Bluetooth/system/bta/gatt/bta_gattc_act.cc:1304 bta_gattc_conn_cback: Connected client_if:6 addr:xx:xx:xx:xx:e3:d3, transport:BT_TRANSPORT_LE reason:GATT_CONN_OK
10-30 10:40:30.660 E/bta_gattc_main( 1108): packages/modules/Bluetooth/system/bta/gatt/bta_gattc_main.cc:395 bta_gattc_hdl_event: Ignore unknown conn ID: 6
10-30 10:40:30.661 D/BluetoothGatt( 1470): onClientRegistered() - status=0 clientIf=6
10-30 10:40:30.663 I/bt_btif_gattc( 1108): packages/modules/Bluetooth/system/btif/src/btif_gatt_client.cc:340 btif_gattc_open_impl: Transport=2, device type=2, address type =0, phy=1
10-30 10:40:30.663 I/bluetooth( 1108): packages/modules/Bluetooth/system/stack/gatt/gatt_main.cc:405 gatt_update_app_use_link_flag: disable link idle timer for xx:xx:xx:xx:e3:d3
10-30 10:40:30.663 I/bt_stack( 1108): [INFO:l2c_api.cc(1607)] L2CA_MarkLeLinkAsActivesetting link to c9:b5:96:5c:e3:d3 as active
10-30 10:40:30.663 I/bluetooth( 1108): packages/modules/Bluetooth/system/stack/gatt/gatt_api.cc:1206 GATT_SetIdleTimeout: idle_timeout=65535, is_active=1, status=1 (1-OK 0-not performed)
10-30 10:40:30.663 D/BtGatt.GattService( 1108): onConnected() - adding permit for address=C9:B5:96:5C:E3:D3
10-30 10:40:30.663 D/BluetoothGatt( 1470): onClientConnectionState() - status=0 clientIf=6 device=C9:B5:96:5C:E3:D3
10-30 10:40:30.664 D/BluetoothGatt( 1470): discoverServices() - device: C9:B5:96:5C:E3:D3
10-30 10:40:30.665 I/bt_bta_gattc( 1108): packages/modules/Bluetooth/system/bta/gatt/bta_gattc_cache.cc:1035 bta_gattc_get_gatt_db: bta_gattc_get_gatt_db
10-30 10:40:30.667 D/BluetoothGatt( 1470): connect() - device: C9:B5:96:5C:E3:D3, auto: true
10-30 10:40:30.667 D/BluetoothGatt( 1470): registerApp()
10-30 10:40:30.668 D/BluetoothGatt( 1470): registerApp() - UUID=87040f3e-d7e5-44a9-8f6d-3a2ee2ffc5c0
10-30 10:40:30.668 D/BluetoothGatt( 1470): onSearchComplete() = Device=C9:B5:96:5C:E3:D3 Status=0
10-30 10:40:30.670 I/bluetooth( 1108): packages/modules/Bluetooth/system/stack/gatt/gatt_api.cc:1257 GATT_Register: Allocated name:GattClient uuid:d2a37f5e-1ca6-6b09-63db-36189972608f gatt_if:7 eatt_support:0
10-30 10:40:30.670 I/bluetooth( 1108): packages/modules/Bluetooth/system/stack/gatt/gatt_api.cc:1371 GATT_StartIf: GATT interface 7 already has connected device xx:xx:xx:xx:e3:d3
10-30 10:40:30.670 I/bluetooth( 1108): packages/modules/Bluetooth/system/stack/gatt/gatt_api.cc:1374 GATT_StartIf: Invoking callback with connection id 7
10-30 10:40:30.670 I/bt_bta_gattc( 1108): packages/modules/Bluetooth/system/bta/gatt/bta_gattc_act.cc:1304 bta_gattc_conn_cback: Connected client_if:7 addr:xx:xx:xx:xx:e3:d3, transport:BT_TRANSPORT_LE reason:GATT_CONN_OK
10-30 10:40:30.670 E/bta_gattc_main( 1108): packages/modules/Bluetooth/system/bta/gatt/bta_gattc_main.cc:395 bta_gattc_hdl_event: Ignore unknown conn ID: 7
10-30 10:40:30.670 E/dangbei111( 1470): 5mins后会再次获取电量
10-30 10:40:30.671 E/dangbei111( 1470): getBattery delay 300000
10-30 10:40:30.671 D/BluetoothGatt( 1470): onClientRegistered() - status=0 clientIf=7
10-30 10:40:30.673 I/bt_btif_gattc( 1108): packages/modules/Bluetooth/system/btif/src/btif_gatt_client.cc:340 btif_gattc_open_impl: Transport=2, device type=2, address type =0, phy=1
10-30 10:40:30.673 I/bluetooth( 1108): packages/modules/Bluetooth/system/stack/gatt/gatt_main.cc:405 gatt_update_app_use_link_flag: disable link idle timer for xx:xx:xx:xx:e3:d3
10-30 10:40:30.673 I/bt_stack( 1108): [INFO:l2c_api.cc(1607)] L2CA_MarkLeLinkAsActivesetting link to c9:b5:96:5c:e3:d3 as active
10-30 10:40:30.673 I/bluetooth( 1108): packages/modules/Bluetooth/system/stack/gatt/gatt_api.cc:1206 GATT_SetIdleTimeout: idle_timeout=65535, is_active=1, status=1 (1-OK 0-not performed)
10-30 10:40:30.674 D/BtGatt.GattService( 1108): onConnected() - adding permit for address=C9:B5:96:5C:E3:D3
10-30 10:40:30.676 D/BluetoothGatt( 1470): onClientConnectionState() - status=0 clientIf=7 device=C9:B5:96:5C:E3:D3
10-30 10:40:30.676 D/BluetoothGatt( 1470): discoverServices() - device: C9:B5:96:5C:E3:D3
10-30 10:40:30.680 I/bt_bta_gattc( 1108): packages/modules/Bluetooth/system/bta/gatt/bta_gattc_cache.cc:1035 bta_gattc_get_gatt_db: bta_gattc_get_gatt_db
10-30 10:40:30.681 D/BluetoothGatt( 1470): onSearchComplete() = Device=C9:B5:96:5C:E3:D3 Status=0
10-30 10:40:30.695 W/System ( 1470): A resource failed to call close.
10-30 10:40:30.695 W/System ( 1470): A resource failed to call close.
10-30 10:40:30.695 W/System ( 1470): A resource failed to call close.
10-30 10:40:30.695 W/System ( 1470): A resource failed to call close.
10-30 10:40:30.695 W/System ( 1470): A resource failed to call close.
10-30 10:40:30.695 W/System ( 1470): A resource failed to call close.
10-30 10:40:30.695 W/System ( 1470): A resource failed to call close.
10-30 10:40:30.695 W/System ( 1470): A resource failed to call close.
10-30 10:40:30.696 W/System ( 1470): A resource failed to call close.
10-30 10:40:30.696 W/System ( 1470): A resource failed to call close.
10-30 10:40:30.696 W/System ( 1470): A resource failed to call close.
10-30 10:40:30.866 I/WifiHAL ( 493): call wifi_get_link_stats handler
10-30 10:40:30.867 I/WifiHAL ( 493): Creating message to get link statistics; iface = 16
10-30 10:40:30.867 D/WifiHAL ( 493): error code -95 mapped to -3
10-30 10:40:30.867 E/WifiStaIfaceAidlImpl( 705): getLinkLayerStats failed with service-specific exception: android.os.ServiceSpecificException: (code 4)
10-30 10:40:30.868 I//apex/com.android.adbd/bin/adbd( 1395): type=1400 audit(0.0:1093): avc: denied { read write } for comm=75736220666673206F70656E name="ep0" dev="functionfs" ino=24092 scontext=u:r:su:s0 tcontext=u:object_r:functionfs:s0 tclass=file permissive=1
10-30 10:40:30.868 I//apex/com.android.adbd/bin/adbd( 1395): type=1400 audit(0.0:1094): avc: denied { open } for comm=75736220666673206F70656E path="/dev/usb-ffs/adb/ep0" dev="functionfs" ino=24092 scontext=u:r:su:s0 tcontext=u:object_r:functionfs:s0 tclass=file permissive=1
10-30 10:40:31.390 E/hq ( 1486): Etna:::getFindLookupControllerState isConnect=true
10-30 10:40:31.390 E/Etna ( 1486): getFindLookupControllerState1111111
10-30 10:40:31.391 E/hq ( 1486): Etna:::getFindLookupControllerState valueStr=1
10-30 10:40:31.392 E/hq ( 1486): LookupControler:::isLookupController=true
10-30 10:40:31.392 I/hq ( 1486): LookupControler:::time=110000
10-30 10:40:31.730 I/ActivityManager( 705): Skip zero pid ANR, process=WebViewLoader-armeabi-v7a
10-30 10:40:31.730 W/BroadcastLoopers( 705): Found previously unknown looper Thread[PackageManager,5,main]
10-30 10:40:31.744 V/MediaPlayerList( 1108): mPackageChangedBroadcastReceiver: action: android.intent.action.PACKAGE_CHANGED
10-30 10:40:31.751 W/Searchables( 705): No global search activity found
10-30 10:40:31.752 I/InputReader( 705): Reconfiguring input devices, changes=KEYBOARD_LAYOUTS
10-30 10:40:31.753 W/BroadcastLoopers( 705): Found previously unknown looper Thread[android.bg,5,main]
10-30 10:40:31.758 W/VoiceInteractionManager( 705): no available voice recognition services found for user 0
10-30 10:40:31.760 I/PermissionControllerServiceImpl( 2176): Updating user sensitive for uid 10068
10-30 10:40:31.853 D/CompatibilityChangeReporter( 705): Compat change id reported: 161145287; UID 10067; state: ENABLED
10-30 10:40:31.868 I/adbd ( 1395): type=1400 audit(0.0:1095): avc: denied { write } for path="socket:[34432]" dev="sockfs" ino=34432 scontext=u:r:su:s0 tcontext=u:r:adbd:s0 tclass=unix_stream_socket permissive=1
10-30 10:40:31.868 I/adbd ( 1395): type=1400 audit(0.0:1096): avc: denied { read } for path="socket:[34433]" dev="sockfs" ino=34433 scontext=u:r:su:s0 tcontext=u:r:adbd:s0 tclass=unix_stream_socket permissive=1
10-30 10:40:32.023 I/vold ( 260): Mounting public fuse volume
10-30 10:40:32.026 D/XM_HIDREAD( 1758): add@ add@/devices/virtual/bdi/0:111
10-30 10:40:32.041 E/dangbei111( 1470): battery level=100
10-30 10:40:32.064 I/vold ( 260): Bind mounting /mnt/media_rw/02E24445E2443EE3 to /mnt/pass_through/0/02E24445E2443EE3
10-30 10:40:32.065 I/StorageSessionController( 705): On volume mount VolumeInfo{public:8,1}:
10-30 10:40:32.065 I/StorageSessionController( 705): type=PUBLIC diskId=disk:8,0 partGuid= mountFlags=VISIBLE_FOR_WRITE
10-30 10:40:32.065 I/StorageSessionController( 705): mountUserId=0 state=CHECKING
10-30 10:40:32.065 I/StorageSessionController( 705): fsType=ntfs fsUuid=02E24445E2443EE3 fsLabel=meida
10-30 10:40:32.065 I/StorageSessionController( 705): path=/storage/02E24445E2443EE3 internalPath=/mnt/media_rw/02E24445E2443EE3
10-30 10:40:32.067 I/StorageSessionController( 705): Creating and starting session with id: public:8,1
10-30 10:40:32.070 I/ExternalStorageServiceImpl( 1450): Starting session for id: public:8,1
10-30 10:40:32.070 V/FuseDaemonThread( 1450): Waiting 1000ms for FUSE start. Count 4
10-30 10:40:32.071 I/FuseDaemonThread( 1450): Starting thread for public:8,1 ...
10-30 10:40:32.071 I/FuseDaemon( 1450): fuse-bpf is enabled because of property ro.fuse.bpf.is_running
10-30 10:40:32.072 I/FuseDaemon( 1450): Using FUSE BPF, BPF prog fd fetched
10-30 10:40:32.072 I/FuseDaemon( 1450): Using FUSE passthrough
10-30 10:40:32.072 I/FuseDaemon( 1450): Starting fuse...
10-30 10:40:32.111 W/System ( 1894): A resource failed to call close.
10-30 10:40:32.112 W/bei.lerad.rocky( 1894): ApkAssets: Deleting an ApkAssets object ' and /system/app/dangbei-feedback/dangbei-feedback.apk' with 1 weak references
10-30 10:40:32.112 W/bei.lerad.rocky( 1894): ApkAssets: Deleting an ApkAssets object ' and /apex/com.android.uwb/priv-app/ServiceUwbResources@UD2A.240505.001.W1/ServiceUwbResources.apk' with 1 weak references
10-30 10:40:32.112 W/bei.lerad.rocky( 1894): ApkAssets: Deleting an ApkAssets object ' and /apex/com.android.adservices/priv-app/AdServicesApk@UD2A.240505.001.W1/AdServicesApk.apk' with 1 weak references
10-30 10:40:32.113 W/bei.lerad.rocky( 1894): ApkAssets: Deleting an ApkAssets object ' and /system/priv-app/DynamicSystemInstallationService/DynamicSystemInstallationService.apk' with 1 weak references
10-30 10:40:32.113 W/bei.lerad.rocky( 1894): ApkAssets: Deleting an ApkAssets object ' and /apex/com.android.healthfitness/priv-app/HealthConnectController@UD2A.240505.001.W1/HealthConnectController.apk' with 1 weak references
10-30 10:40:32.114 W/bei.lerad.rocky( 1894): ApkAssets: Deleting an ApkAssets object ' and /system/priv-app/CalendarProvider/CalendarProvider.apk' with 1 weak references
10-30 10:40:32.114 W/bei.lerad.rocky( 1894): ApkAssets: Deleting an ApkAssets object ' and /data/app/~~PeSNjMSvmQ_MAlzMv3td5A==/com.xiaodianshi.tv.yst-AGCEmaU4PZ_Nsz-2RwiiOg==/base.apk' with 1 weak references
10-30 10:40:32.114 W/bei.lerad.rocky( 1894): ApkAssets: Deleting an ApkAssets object ' and /system/app/dangbei-steward/dangbei-steward.apk' with 1 weak references
10-30 10:40:32.114 W/bei.lerad.rocky( 1894): ApkAssets: Deleting an ApkAssets object ' and /system/app/com.sohu.inputmethod.sogou.tv/com.sohu.inputmethod.sogou.tv.apk' with 1 weak references
10-30 10:40:32.114 W/bei.lerad.rocky( 1894): ApkAssets: Deleting an ApkAssets object ' and /system/priv-app/ExternalStorageProvider/ExternalStorageProvider.apk' with 1 weak references
10-30 10:40:32.114 W/bei.lerad.rocky( 1894): ApkAssets: Deleting an ApkAssets object ' and /system/app/HTMLViewer/HTMLViewer.apk' with 1 weak references
10-30 10:40:32.114 W/bei.lerad.rocky( 1894): ApkAssets: Deleting an ApkAssets object ' and /system/app/CompanionDeviceManager/CompanionDeviceManager.apk' with 1 weak references
10-30 10:40:32.115 W/bei.lerad.rocky( 1894): ApkAssets: Deleting an ApkAssets object ' and /system/priv-app/DownloadProvider/DownloadProvider.apk' with 1 weak references
10-30 10:40:32.115 W/bei.lerad.rocky( 1894): ApkAssets: Deleting an ApkAssets object ' and /system/priv-app/TvProvider/TvProvider.apk' with 1 weak references
10-30 10:40:32.115 W/bei.lerad.rocky( 1894): ApkAssets: Deleting an ApkAssets object '/product/overlay/TvProviderOverlay.apk' with 1 weak references
10-30 10:40:32.115 W/bei.lerad.rocky( 1894): ApkAssets: Deleting an ApkAssets object ' and /product/app/DLNA/DLNA.apk' with 1 weak references
10-30 10:40:32.115 W/bei.lerad.rocky( 1894): ApkAssets: Deleting an ApkAssets object ' and /system_ext/priv-app/droidlogic-res/droidlogic-res.apk' with 1 weak references
10-30 10:40:32.115 W/bei.lerad.rocky( 1894): ApkAssets: Deleting an ApkAssets object ' and /system_ext/priv-app/DroidTvSettings/DroidTvSettings.apk' with 1 weak references
10-30 10:40:32.116 W/bei.lerad.rocky( 1894): ApkAssets: Deleting an ApkAssets object ' and /system/app/LedCtrl/LedCtrl.apk' with 1 weak references
10-30 10:40:32.116 W/bei.lerad.rocky( 1894): ApkAssets: Deleting an ApkAssets object ' and /data/app/~~sk4uWtgvTFQzsCs-GOu9iA==/com.ktcp.video-bidA6yo3kCLSfWvJonh1pQ==/base.apk' with 1 weak references
10-30 10:40:32.116 W/bei.lerad.rocky( 1894): ApkAssets: Deleting an ApkAssets object ' and /system/app/dangbei-media-player/dangbei-media-player.apk' with 1 weak references
10-30 10:40:32.117 W/bei.lerad.rocky( 1894): ApkAssets: Deleting an ApkAssets object ' and /apex/com.android.permission/priv-app/SafetyCenterResources@UD2A.240505.001.W1/SafetyCenterResources.apk' with 1 weak references
10-30 10:40:32.117 W/bei.lerad.rocky( 1894): ApkAssets: Deleting an ApkAssets object ' and /system/app/PacProcessor/PacProcessor.apk' with 1 weak references
10-30 10:40:32.117 W/bei.lerad.rocky( 1894): ApkAssets: Deleting an ApkAssets object ' and /data/app/~~0FUB3M3jvZX6-FsSQ-T9nA==/com.vcinema.client.tv-lbbt6i-i7vNKRyq3ILKvtA==/base.apk' with 1 weak references
10-30 10:40:32.117 W/bei.lerad.rocky( 1894): ApkAssets: Deleting an ApkAssets object ' and /system/priv-app/NetworkStack/NetworkStack.apk' with 1 weak references
10-30 10:40:32.117 W/bei.lerad.rocky( 1894): ApkAssets: Deleting an ApkAssets object '/product/overlay/TvNetworkStackOverlay.apk' with 1 weak references
10-30 10:40:32.117 W/bei.lerad.rocky( 1894): ApkAssets: Deleting an ApkAssets object ' and /apex/com.android.tethering/priv-app/ServiceConnectivityResources@UD2A.240505.001.W1/ServiceConnectivityResources.apk' with 1 weak references
10-30 10:40:32.117 W/bei.lerad.rocky( 1894): ApkAssets: Deleting an ApkAssets object ' and /product/app/ModuleMetadata/ModuleMetadata.apk' with 1 weak references
10-30 10:40:32.117 W/bei.lerad.rocky( 1894): ApkAssets: Deleting an ApkAssets object ' and /system/app/CertInstaller/CertInstaller.apk' with 1 weak references
10-30 10:40:32.117 W/bei.lerad.rocky( 1894): ApkAssets: Deleting an ApkAssets object ' and /data/app/~~vcE144wqqBDkZ4HD9-R_BQ==/com.dangbei.dbmusic.dbos.tab-cn-JG6yRarnGSwHmlovMoQ==/base.apk' with 1 weak references
10-30 10:40:32.118 W/bei.lerad.rocky( 1894): ApkAssets: Deleting an ApkAssets object ' and /system/framework/framework-res.apk' with 1 weak references
10-30 10:40:32.118 W/bei.lerad.rocky( 1894): ApkAssets: Deleting an ApkAssets object ' and /product/app/Camera2/Camera2.apk' with 1 weak references
10-30 10:40:32.119 W/bei.lerad.rocky( 1894): ApkAssets: Deleting an ApkAssets object ' and /system/priv-app/MtpService/MtpService.apk' with 1 weak references
10-30 10:40:32.119 W/bei.lerad.rocky( 1894): ApkAssets: Deleting an ApkAssets object ' and /system/priv-app/StatementService/StatementService.apk' with 1 weak references
10-30 10:40:32.119 W/bei.lerad.rocky( 1894): ApkAssets: Deleting an ApkAssets object ' and /system/app/dangbei-screencast/dangbei-screencast.apk' with 1 weak references
10-30 10:40:32.119 W/bei.lerad.rocky( 1894): ApkAssets: Deleting an ApkAssets object ' and /product/priv-app/SettingsIntelligence/SettingsIntelligence.apk' with 1 weak references
10-30 10:40:32.119 W/bei.lerad.rocky( 1894): ApkAssets: Deleting an ApkAssets object ' and /data/app/~~63lAVSLkovRkQn8qS8hXhA==/com.dangbei.leard.leradlauncher-QKNBUcwl34gaerdlJFiC5Q==/base.apk' with 1 weak references
10-30 10:40:32.119 W/bei.lerad.rocky( 1894): ApkAssets: Deleting an ApkAssets object ' and /system/priv-app/SettingsProvider/SettingsProvider.apk' with 1 weak references
10-30 10:40:32.120 W/bei.lerad.rocky( 1894): ApkAssets: Deleting an ApkAssets object '/product/overlay/TvSettingsProviderOverlay.apk' with 1 weak references
10-30 10:40:32.120 W/bei.lerad.rocky( 1894): ApkAssets: Deleting an ApkAssets object '/product/overlay/WifiOverlay.apk' with 1 weak references
10-30 10:40:32.120 W/bei.lerad.rocky( 1894): ApkAssets: Deleting an ApkAssets object ' and /system/app/PrintSpooler/PrintSpooler.apk' with 1 weak references
10-30 10:40:32.120 W/bei.lerad.rocky( 1894): ApkAssets: Deleting an ApkAssets object ' and /data/app/~~IkGPkpan7vdAlkgir7Noqg==/com.hpplay.happyplay.aw-xo751PEle97kk0vjSolxcg==/base.apk' with 1 weak references
10-30 10:40:32.120 W/bei.lerad.rocky( 1894): ApkAssets: Deleting an ApkAssets object ' and /system/app/BasicDreams/BasicDreams.apk' with 1 weak references
10-30 10:40:32.120 W/bei.lerad.rocky( 1894): ApkAssets: Deleting an ApkAssets object ' and /system/priv-app/InputDevices/InputDevices.apk' with 1 weak references
10-30 10:40:32.121 W/bei.lerad.rocky( 1894): ApkAssets: Deleting an ApkAssets object ' and /apex/com.android.rkpd/priv-app/rkpdapp@UD2A.240505.001.W1/rkpdapp.apk' with 1 weak references
10-30 10:40:32.121 W/bei.lerad.rocky( 1894): ApkAssets: Deleting an ApkAssets object ' and /system/app/InputMacSn/InputMacSn.apk' with 1 weak references
10-30 10:40:32.122 W/bei.lerad.rocky( 1894): ApkAssets: Deleting an ApkAssets object ' and /system/priv-app/MusicFX/MusicFX.apk' with 1 weak references
10-30 10:40:32.122 W/bei.lerad.rocky( 1894): ApkAssets: Deleting an ApkAssets object ' and /data/app/~~WVeGlSUg2F94pHb4eWmhlA==/com.tencent.karaoketv-Rnkhu8TYrfi_AKsg7mvhnQ==/base.apk' with 1 weak references
10-30 10:40:32.122 W/bei.lerad.rocky( 1894): ApkAssets: Deleting an ApkAssets object ' and /system/priv-app/dangbei-boot-guide/dangbei-boot-guide.apk' with 1 weak references
10-30 10:40:32.122 W/bei.lerad.rocky( 1894): ApkAssets: Deleting an ApkAssets object ' and /data/app/~~cZnhKM_qFxCewSHUlny_Sw==/com.dangbei.hqmedia-s1Cl-wG4f9NMeEYThA8fFA==/base.apk' with 1 weak references
10-30 10:40:32.122 W/bei.lerad.rocky( 1894): ApkAssets: Deleting an ApkAssets object ' and /system/app/ExtShared/ExtShared.apk' with 1 weak references
10-30 10:40:32.123 W/bei.lerad.rocky( 1894): ApkAssets: Deleting an ApkAssets object ' and /system/app/KeyChain/KeyChain.apk' with 1 weak references
10-30 10:40:32.123 W/bei.lerad.rocky( 1894): ApkAssets: Deleting an ApkAssets object ' and /apex/com.android.extservices/priv-app/ExtServices@UD2A.240505.001.W1/ExtServices.apk' with 1 weak references
10-30 10:40:32.123 W/bei.lerad.rocky( 1894): ApkAssets: Deleting an ApkAssets object ' and /apex/com.android.wifi/priv-app/ServiceWifiResources@UD2A.240505.001.W1/ServiceWifiResources.apk' with 1 weak references
10-30 10:40:32.123 W/bei.lerad.rocky( 1894): ApkAssets: Deleting an ApkAssets object '/product/overlay/TvWifiOverlay.apk' with 1 weak references
10-30 10:40:32.123 W/bei.lerad.rocky( 1894): ApkAssets: Deleting an ApkAssets object '/product/overlay/WiFiTetheringOverlay.apk' with 1 weak references
10-30 10:40:32.123 W/bei.lerad.rocky( 1894): ApkAssets: Deleting an ApkAssets object ' and /data/app/~~C5RR2rALbVp6pmcf8T2law==/com.newtv.cboxtv-CX6rvpo8KvZ_8-berFzwew==/base.apk' with 1 weak references
10-30 10:40:32.124 W/bei.lerad.rocky( 1894): ApkAssets: Deleting an ApkAssets object ' and /system/app/CameraExtensionsProxy/CameraExtensionsProxy.apk' with 1 weak references
10-30 10:40:32.124 W/bei.lerad.rocky( 1894): ApkAssets: Deleting an ApkAssets object ' and /system_ext/priv-app/MicToggleProvider/MicToggleProvider.apk' with 1 weak references
10-30 10:40:32.124 W/bei.lerad.rocky( 1894): ApkAssets: Deleting an ApkAssets object ' and /system/priv-app/PackageInstaller_tv/PackageInstaller_tv.apk' with 1 weak references
10-30 10:40:32.124 W/bei.lerad.rocky( 1894): ApkAssets: Deleting an ApkAssets object ' and /system/app/FactoryTest_oranth/FactoryTest_oranth.apk' with 1 weak references
10-30 10:40:32.124 W/bei.lerad.rocky( 1894): ApkAssets: Deleting an ApkAssets object ' and /data/app/~~9L69R4QHqsoUJDiyNE_YAg==/com.dangbei.dbmusic-jRc5bIXk8tzir_zp9kJxOw==/base.apk' with 1 weak references
10-30 10:40:32.125 W/bei.lerad.rocky( 1894): ApkAssets: Deleting an ApkAssets object ' and /data/app/~~0Wd48zXwPaVwgPWLvhb_GQ==/cn.miguvideo.migutv-u_JhDrdyQPfsw4yFP8ysTg==/base.apk' with 1 weak references
10-30 10:40:32.125 W/bei.lerad.rocky( 1894): ApkAssets: Deleting an ApkAssets object ' and /system/priv-app/ProxyHandler/ProxyHandler.apk' with 1 weak references
10-30 10:40:32.125 W/bei.lerad.rocky( 1894): ApkAssets: Deleting an ApkAssets object ' and /system/priv-app/IntentResolver/IntentResolver.apk' with 1 weak references
10-30 10:40:32.125 W/bei.lerad.rocky( 1894): ApkAssets: Deleting an ApkAssets object ' and /system/priv-app/ManagedProvisioning/ManagedProvisioning.apk' with 1 weak references
