10-30 10:40:36.559 D/MesonDisplay( 299): meson_write /sys/class/amhdmitx/amhdmitx0/valid_mode, outputmode:2160p60hz444,10bit
10-30 10:40:36.561 I/audio_hw_hal_primary( 469): [audiohal_get_latency:1036] io 13: out:0xe4580010 frames:960 rate:48000 whole_latency:20 alsa_latency:20
10-30 10:40:36.561 D/MesonDisplay( 299): valid mode is false!
10-30 10:40:36.561 D/MesonDisplay( 299): meson_write /sys/class/amhdmitx/amhdmitx0/valid_mode, outputmode:2160p60hz444,8bit
10-30 10:40:36.561 D/MesonDisplay( 299): valid mode is true!
10-30 10:40:36.562 D/MesonDisplay( 299): meson_write /sys/class/amhdmitx/amhdmitx0/valid_mode, outputmode:2160p60hz422,12bit
10-30 10:40:36.562 D/MesonDisplay( 299): valid mode is true!
10-30 10:40:36.562 D/MesonDisplay( 299): meson_write /sys/class/amhdmitx/amhdmitx0/valid_mode, outputmode:2160p60hzrgb,12bit
10-30 10:40:36.562 D/MesonDisplay( 299): valid mode is false!
10-30 10:40:36.562 D/MesonDisplay( 299): meson_write /sys/class/amhdmitx/amhdmitx0/valid_mode, outputmode:2160p60hzrgb,10bit
10-30 10:40:36.562 D/MesonDisplay( 299): valid mode is false!
10-30 10:40:36.562 D/MesonDisplay( 299): meson_write /sys/class/amhdmitx/amhdmitx0/valid_mode, outputmode:2160p60hzrgb,8bit
10-30 10:40:36.562 D/MesonDisplay( 299): valid mode is true!
10-30 10:40:36.562 I/MesonHwc( 299): [/ModePolicy.cpp, getCurrentSupportDeepColor, 751] getCurrentSupportDeepColor current mode: 2160p60hz supported color: 420,12bit
10-30 10:40:36.562 I/MesonHwc( 299): 420,10bit
10-30 10:40:36.562 I/MesonHwc( 299): 420,8bit
10-30 10:40:36.562 I/MesonHwc( 299): 444,8bit
10-30 10:40:36.562 I/MesonHwc( 299): 422,12bit
10-30 10:40:36.562 I/MesonHwc( 299): rgb,8bit
10-30 10:40:36.564 V/MesonDisplayServer( 299): GetDisplayMode:2160p60hz
10-30 10:40:36.566 D/MesonDisplayServer( 299): use connector getDisplayAttribute "HDMI Color ATTR": "420,10bit"
10-30 10:40:36.566 I/SystemControl( 329): [/DisplayMode.cpp, getDeepColorAttr, 2290] getDeepColorAttr colorspace:420,10bit
10-30 10:40:36.566 I/SystemControl( 329): get deep color attr mode 2160p60hz, value 420,10bit
10-30 10:40:36.567 E/ccc ( 1470): cccccc ColorHelper current get YCbCr 4:2:0 10-bit
10-30 10:40:36.569 E/ccc ( 1470): cccccc current is 4k (59.94 Hz)
10-30 10:40:36.571 I/audio_hw_hal_primary( 469): [audiohal_get_latency:1036] io 13: out:0xe4580010 frames:960 rate:48000 whole_latency:20 alsa_latency:20
10-30 10:40:36.580 E/ccc ( 1470): cccccc ColorFormatManager reset --------------
10-30 10:40:36.581 D/MesonDisplayServer( 299): use connector getDisplayAttribute "HDR Priority": "268435472"
10-30 10:40:36.581 I/audio_hw_hal_primary( 469): [audiohal_get_latency:1036] io 13: out:0xe4580010 frames:1088 rate:48000 whole_latency:22 alsa_latency:22
10-30 10:40:36.581 I/SystemControl( 329): [/DisplayMode.cpp, getCurrentHdrPriority, 2840] getCurrentHdrPriority is [0x10000010]
10-30 10:40:36.582 V/MesonDisplayServer( 299): GetDisplayMode:2160p60hz
10-30 10:40:36.583 D/MesonDisplayServer( 299): use connector getDisplayAttribute "HDR Priority": "268435472"
10-30 10:40:36.584 I/SystemControl( 329): [/DisplayMode.cpp, getCurrentHdrPriority, 2840] getCurrentHdrPriority is [0x10000010]
10-30 10:40:36.585 V/MesonDisplayServer( 299): GetDisplayMode:2160p60hz
10-30 10:40:36.585 D/MesonDisplay( 299): meson_write /sys/class/amhdmitx/amhdmitx0/valid_mode, outputmode:2160p60hz420,12bit
10-30 10:40:36.585 D/MesonDisplay( 299): valid mode is true!
10-30 10:40:36.585 D/MesonDisplay( 299): meson_write /sys/class/amhdmitx/amhdmitx0/valid_mode, outputmode:2160p60hz420,10bit
10-30 10:40:36.586 D/MesonDisplay( 299): valid mode is true!
10-30 10:40:36.586 D/MesonDisplay( 299): meson_write /sys/class/amhdmitx/amhdmitx0/valid_mode, outputmode:2160p60hz420,8bit
10-30 10:40:36.586 D/MesonDisplay( 299): valid mode is true!
10-30 10:40:36.586 D/MesonDisplay( 299): meson_write /sys/class/amhdmitx/amhdmitx0/valid_mode, outputmode:2160p60hz444,12bit
10-30 10:40:36.586 D/MesonDisplay( 299): valid mode is false!
10-30 10:40:36.586 D/MesonDisplay( 299): meson_write /sys/class/amhdmitx/amhdmitx0/valid_mode, outputmode:2160p60hz444,10bit
10-30 10:40:36.586 D/MesonDisplay( 299): valid mode is false!
10-30 10:40:36.586 D/MesonDisplay( 299): meson_write /sys/class/amhdmitx/amhdmitx0/valid_mode, outputmode:2160p60hz444,8bit
10-30 10:40:36.586 D/MesonDisplay( 299): valid mode is true!
10-30 10:40:36.586 D/MesonDisplay( 299): meson_write /sys/class/amhdmitx/amhdmitx0/valid_mode, outputmode:2160p60hz422,12bit
10-30 10:40:36.586 D/MesonDisplay( 299): valid mode is true!
10-30 10:40:36.586 D/MesonDisplay( 299): meson_write /sys/class/amhdmitx/amhdmitx0/valid_mode, outputmode:2160p60hzrgb,12bit
10-30 10:40:36.586 D/MesonDisplay( 299): valid mode is false!
10-30 10:40:36.586 D/MesonDisplay( 299): meson_write /sys/class/amhdmitx/amhdmitx0/valid_mode, outputmode:2160p60hzrgb,10bit
10-30 10:40:36.586 D/MesonDisplay( 299): valid mode is false!
10-30 10:40:36.586 D/MesonDisplay( 299): meson_write /sys/class/amhdmitx/amhdmitx0/valid_mode, outputmode:2160p60hzrgb,8bit
10-30 10:40:36.586 D/MesonDisplay( 299): valid mode is true!
10-30 10:40:36.586 I/MesonHwc( 299): [/ModePolicy.cpp, getCurrentSupportDeepColor, 751] getCurrentSupportDeepColor current mode: 2160p60hz supported color: 420,12bit
10-30 10:40:36.586 I/MesonHwc( 299): 420,10bit
10-30 10:40:36.586 I/MesonHwc( 299): 420,8bit
10-30 10:40:36.586 I/MesonHwc( 299): 444,8bit
10-30 10:40:36.586 I/MesonHwc( 299): 422,12bit
10-30 10:40:36.586 I/MesonHwc( 299): rgb,8bit
10-30 10:40:36.587 V/MesonDisplayServer( 299): GetDisplayMode:2160p60hz
10-30 10:40:36.588 D/MesonDisplayServer( 299): use connector getDisplayAttribute "HDMI Color ATTR": "420,10bit"
10-30 10:40:36.589 I/SystemControl( 329): [/DisplayMode.cpp, getDeepColorAttr, 2290] getDeepColorAttr colorspace:420,10bit
10-30 10:40:36.589 I/SystemControl( 329): get deep color attr mode 2160p60hz, value 420,10bit
10-30 10:40:36.589 E/ccc ( 1470): cccccc ColorHelper current get YCbCr 4:2:0 10-bit
10-30 10:40:36.591 I/audio_hw_hal_primary( 469): [audiohal_get_latency:1036] io 13: out:0xe4580010 frames:1088 rate:48000 whole_latency:22 alsa_latency:22
10-30 10:40:36.600 I/audio_hw_hal_primary( 469): [audiohal_get_latency:1036] io 13: out:0xe4580010 frames:1088 rate:48000 whole_latency:22 alsa_latency:22
10-30 10:40:36.613 I/audio_hw_hal_primary( 469): [audiohal_get_latency:1036] io 13: out:0xe4580010 frames:1088 rate:48000 whole_latency:22 alsa_latency:22
10-30 10:40:36.621 I/audio_hw_hal_primary( 469): [audiohal_get_latency:1036] io 13: out:0xe4580010 frames:1216 rate:48000 whole_latency:25 alsa_latency:25
10-30 10:40:36.631 I/audio_hw_hal_primary( 469): [audiohal_get_latency:1036] io 13: out:0xe4580010 frames:1216 rate:48000 whole_latency:25 alsa_latency:25
10-30 10:40:36.641 I/audio_hw_hal_primary( 469): [audiohal_get_latency:1036] io 13: out:0xe4580010 frames:960 rate:48000 whole_latency:20 alsa_latency:20
10-30 10:40:36.651 I/audio_hw_hal_primary( 469): [audiohal_get_latency:1036] io 13: out:0xe4580010 frames:1216 rate:48000 whole_latency:25 alsa_latency:25
10-30 10:40:36.660 I/audio_hw_hal_primary( 469): [audiohal_get_latency:1036] io 13: out:0xe4580010 frames:1088 rate:48000 whole_latency:22 alsa_latency:22
10-30 10:40:36.671 I/audio_hw_hal_primary( 469): [audiohal_get_latency:1036] io 13: out:0xe4580010 frames:1088 rate:48000 whole_latency:22 alsa_latency:22
10-30 10:40:36.677 I/BLEAudioDrive_HV412( 469): fd:26 data len: 9 1
10-30 10:40:36.681 I/SogouIME( 1940): onKeyDown: keyoCode=20
10-30 10:40:36.681 I/DefaultIMS( 1940): onKeyDown: keyoCode=20
10-30 10:40:36.741 I/WifiService( 705): startScan uid=10043
10-30 10:40:36.752 D/InstantWifi( 705): Drop, size: 1
10-30 10:40:36.756 D/config.Worker( 2122): config,ver: null
10-30 10:40:36.756 D/ab.Worker( 2122): ab,ver: null
10-30 10:40:36.857 I/BLEAudioDrive_HV412( 469): fd:26 data len: 9 1
10-30 10:40:36.858 I/SogouIME( 1940): onKeyUp: keyoCode=20
10-30 10:40:36.858 I/DefaultIMS( 1940): onKeyUp: keyoCode=20
10-30 10:40:36.876 I/WifiHAL ( 493): call wifi_get_link_stats handler
10-30 10:40:36.876 I/WifiHAL ( 493): Creating message to get link statistics; iface = 16
10-30 10:40:36.877 D/WifiHAL ( 493): error code -95 mapped to -3
10-30 10:40:36.878 E/WifiStaIfaceAidlImpl( 705): getLinkLayerStats failed with service-specific exception: android.os.ServiceSpecificException: (code 4)
10-30 10:40:36.881 I/audio_hw_hal_primary( 469): [audiohal_get_latency:1036] io 13: out:0xe4580010 frames:960 rate:48000 whole_latency:20 alsa_latency:20
10-30 10:40:36.891 I/audio_hw_hal_primary( 469): [audiohal_get_latency:1036] io 13: out:0xe4580010 frames:960 rate:48000 whole_latency:20 alsa_latency:20
10-30 10:40:36.900 I/audio_hw_hal_primary( 469): [audiohal_get_latency:1036] io 13: out:0xe4580010 frames:1088 rate:48000 whole_latency:22 alsa_latency:22
10-30 10:40:36.912 I/audio_hw_hal_primary( 469): [audiohal_get_latency:1036] io 13: out:0xe4580010 frames:960 rate:48000 whole_latency:20 alsa_latency:20
10-30 10:40:36.918 D/config.Worker( 2122): config,ver: null
10-30 10:40:36.918 D/ab.Worker( 2122): ab,ver: null
10-30 10:40:36.920 I/audio_hw_hal_primary( 469): [audiohal_get_latency:1036] io 13: out:0xe4580010 frames:1088 rate:48000 whole_latency:22 alsa_latency:22
10-30 10:40:36.931 I/audio_hw_hal_primary( 469): [audiohal_get_latency:1036] io 13: out:0xe4580010 frames:1088 rate:48000 whole_latency:22 alsa_latency:22
10-30 10:40:36.940 I/audio_hw_hal_primary( 469): [audiohal_get_latency:1036] io 13: out:0xe4580010 frames:1216 rate:48000 whole_latency:25 alsa_latency:25
10-30 10:40:36.951 I/audio_hw_hal_primary( 469): [audiohal_get_latency:1036] io 13: out:0xe4580010 frames:1216 rate:48000 whole_latency:25 alsa_latency:25
10-30 10:40:36.960 I/audio_hw_hal_primary( 469): [audiohal_get_latency:1036] io 13: out:0xe4580010 frames:960 rate:48000 whole_latency:20 alsa_latency:20
10-30 10:40:36.971 I/audio_hw_hal_primary( 469): [audiohal_get_latency:1036] io 13: out:0xe4580010 frames:960 rate:48000 whole_latency:20 alsa_latency:20
10-30 10:40:36.980 I/audio_hw_hal_primary( 469): [audiohal_get_latency:1036] io 13: out:0xe4580010 frames:1088 rate:48000 whole_latency:22 alsa_latency:22
10-30 10:40:36.991 I/audio_hw_hal_primary( 469): [audiohal_get_latency:1036] io 13: out:0xe4580010 frames:1088 rate:48000 whole_latency:22 alsa_latency:22
10-30 10:40:37.000 I/audio_hw_hal_primary( 469): [audiohal_get_latency:1036] io 13: out:0xe4580010 frames:1088 rate:48000 whole_latency:22 alsa_latency:22
10-30 10:40:37.011 I/audio_hw_hal_primary( 469): [audiohal_get_latency:1036] io 13: out:0xe4580010 frames:1088 rate:48000 whole_latency:22 alsa_latency:22
10-30 10:40:37.021 I/audio_hw_hal_primary( 469): [audiohal_get_latency:1036] io 13: out:0xe4580010 frames:1216 rate:48000 whole_latency:25 alsa_latency:25
10-30 10:40:37.031 I/audio_hw_hal_primary( 469): [audiohal_get_latency:1036] io 13: out:0xe4580010 frames:1216 rate:48000 whole_latency:25 alsa_latency:25
10-30 10:40:37.040 I/audio_hw_hal_primary( 469): [audiohal_get_latency:1036] io 13: out:0xe4580010 frames:960 rate:48000 whole_latency:20 alsa_latency:20
10-30 10:40:37.051 I/audio_hw_hal_primary( 469): [audiohal_get_latency:1036] io 13: out:0xe4580010 frames:960 rate:48000 whole_latency:20 alsa_latency:20
10-30 10:40:37.060 I/audio_hw_hal_primary( 469): [audiohal_get_latency:1036] io 13: out:0xe4580010 frames:1088 rate:48000 whole_latency:22 alsa_latency:22
10-30 10:40:37.071 I/audio_hw_hal_primary( 469): [audiohal_get_latency:1036] io 13: out:0xe4580010 frames:1088 rate:48000 whole_latency:22 alsa_latency:22
10-30 10:40:37.072 D/audioserver( 501): logFgsApiEnd: FGS Logger Transaction failed, -129
10-30 10:40:37.156 I/adbd ( 1395): type=1400 audit(0.0:1181): avc: denied { write } for path="socket:[34432]" dev="sockfs" ino=34432 scontext=u:r:su:s0 tcontext=u:r:adbd:s0 tclass=unix_stream_socket permissive=1
10-30 10:40:37.160 I/adbd ( 1395): type=1400 audit(0.0:1182): avc: denied { read } for path="socket:[34433]" dev="sockfs" ino=34433 scontext=u:r:su:s0 tcontext=u:r:adbd:s0 tclass=unix_stream_socket permissive=1
10-30 10:40:37.212 I//apex/com.android.adbd/bin/adbd( 1395): type=1400 audit(0.0:1183): avc: denied { search } for comm=75736220666673206F70656E name="/" dev="functionfs" ino=24091 scontext=u:r:su:s0 tcontext=u:object_r:functionfs:s0 tclass=dir permissive=1
10-30 10:40:37.287 I/BLEAudioDrive_HV412( 469): fd:26 data len: 9 1
10-30 10:40:37.303 I/audio_hw_device_patchmgr( 469): [register_audio_patch:728] Patch 3:id:3 mix(io:13)->dev_0[OUT_HDMI(id:25)] found, register the same patch, do nothing.
10-30 10:40:37.303 I/audio_hw_device_patchmgr( 469): [patch_mgr_create_patch:871] Patch 3: MIX->DEVICE, num_src:1 num_sink:1 patch_src:INVAL
10-30 10:40:37.303 I/audio_hw_device_patchmgr( 469): [patch_mgr_create_patch:875] sink[0]: OUT_HDMI(id:25)
10-30 10:40:37.303 I/audio_hw_device_patchmgr( 469): [patch_mgr_create_patch:909] Patch 3: mix(io:13) -> dev[OUT_HDMI(id:25)]
10-30 10:40:37.303 D/UEventObserver( 997): change@/devices/platform/auge_sound/sound/card0/controlC0ACTION=changeDEVPATH=/devices/platform/auge_sound/sound/card0/controlC0SUBSYSTEM=soundAUDIO_FORMAT=0MAJOR=116MINOR=13DEVNAME=snd/controlC0SEQNUM=3597
10-30 10:40:37.303 I/audio_hw_hal_primary( 469): [adev_create_audio_patch:7558] dev=0xe46c0010 cur_out_device=0x400
10-30 10:40:37.306 D/ShowHdrAudioLogoService( 997): receive broadcast, audio format:0
10-30 10:40:37.307 D/ShowHdrAudioLogoService( 997): clearContent
10-30 10:40:37.312 D/audioserver( 501): logFgsApiBegin: FGS Logger Transaction failed, -129
10-30 10:40:37.315 I/SogouIME( 1940): onKeyDown: keyoCode=4
10-30 10:40:37.316 I/DefaultIMS( 1940): onKeyDown: keyoCode=4
10-30 10:40:37.321 I/audio_hw_hal_primary( 469): out_update_source_metadata_v7() line 1743 usage:1 content_type:2
10-30 10:40:37.400 D/audio_hw_hal_stream( 469): update_audio_hal_info() audio hal format change to 1, atmos flag = 0, is_dolby_atmos = 0, dts_hp_x = 0, update_type = 0 is_dolby_atmos_off = 1 virtual_bass_enable 0
10-30 10:40:37.400 D/audio_hw_hal_stream( 469): update_audio_hal_info() cur_out_devices 0x400, dap_bypass_enable = 0, is_ms12_tuning_dat = 0, dolby_ms12_enable = 1, output_config = 0xc
10-30 10:40:37.400 D/UEventObserver( 997): change@/devices/platform/auge_sound/sound/card0/controlC0ACTION=changeDEVPATH=/devices/platform/auge_sound/sound/card0/controlC0SUBSYSTEM=soundAUDIO_FORMAT=0MAJOR=116MINOR=13DEVNAME=snd/controlC0SEQNUM=3598
10-30 10:40:37.402 D/ShowHdrAudioLogoService( 997): receive broadcast, audio format:0
10-30 10:40:37.403 D/ShowHdrAudioLogoService( 997): clearContent
10-30 10:40:37.457 I/BLEAudioDrive_HV412( 469): fd:26 data len: 9 1
10-30 10:40:37.459 I/SogouIME( 1940): onKeyUp: keyoCode=4
10-30 10:40:37.459 I/DefaultIMS( 1940): onKeyUp: keyoCode=4
10-30 10:40:37.460 W/WindowOnBackDispatcher( 2895): sendCancelIfRunning: isInProgress=falsecallback=android.view.ViewRootImpl$$ExternalSyntheticLambda17@985d57f
10-30 10:40:37.461 D/CoreBackPreview( 705): Window{5111141 u0 com.tv.filemanager.os}: Setting back callback null
10-30 10:40:37.467 W/InputManager-JNI( 705): Input channel object '5111141 com.tv.filemanager.os (client)' was disposed without first being removed with the input manager!
10-30 10:40:37.475 W/InputEventReceiver( 2895): Attempted to finish an input event but the input event receiver has already been disposed.
10-30 10:40:37.480 V/WindowManager( 705): Unknown focus tokens, dropping reportFocusChanged
10-30 10:40:37.497 D/CompatibilityChangeReporter( 705): Compat change id reported: 214016041; UID 1000; state: ENABLED
10-30 10:40:37.498 D/CompatibilityChangeReporter( 705): Compat change id reported: 214016041; UID 1000; state: DISABLED
10-30 10:40:37.499 I/ImeTracker( 705): com.dangbei.haqusetting:c11d7407: onRequestHide at ORIGIN_SERVER_HIDE_INPUT reason HIDE_UNSPECIFIED_WINDOW
10-30 10:40:37.500 I/ImeTracker( 705): com.dangbei.haqusetting:c11d7407: onCancelled at PHASE_SERVER_SHOULD_HIDE
10-30 10:40:37.505 I/DefaultIMS( 1940): onStartInput attribute=android.view.inputmethod.EditorInfo@d70e847 restarting=false inputType: 0
10-30 10:40:37.520 I/audio_hw_hal_primary( 469): [audiohal_get_latency:1036] io 13: out:0xe4580010 frames:960 rate:48000 whole_latency:20 alsa_latency:20
10-30 10:40:37.531 I/audio_hw_hal_primary( 469): [audiohal_get_latency:1036] io 13: out:0xe4580010 frames:960 rate:48000 whole_latency:20 alsa_latency:20
10-30 10:40:37.541 I/audio_hw_hal_primary( 469): [audiohal_get_latency:1036] io 13: out:0xe4580010 frames:1088 rate:48000 whole_latency:22 alsa_latency:22
10-30 10:40:37.551 I/audio_hw_hal_primary( 469): [audiohal_get_latency:1036] io 13: out:0xe4580010 frames:1088 rate:48000 whole_latency:22 alsa_latency:22
10-30 10:40:37.551 D/TrafficStats( 2717): tagSocket(162) with statsTag=0xffffffff, statsUid=-1
10-30 10:40:37.560 I/SdkSandboxManager( 705): Reconciling sdk data package directories for 0
10-30 10:40:37.561 I/audio_hw_hal_primary( 469): [audiohal_get_latency:1036] io 13: out:0xe4580010 frames:1088 rate:48000 whole_latency:22 alsa_latency:22
10-30 10:40:37.571 I/audio_hw_hal_primary( 469): [audiohal_get_latency:1036] io 13: out:0xe4580010 frames:1088 rate:48000 whole_latency:22 alsa_latency:22
10-30 10:40:37.572 W/ContextImpl( 705): Calling a method in the system process without a qualified user: android.app.ContextImpl.startService:1899 com.android.server.wm.DisplayPolicy.lambda$focusChangedLw$5:2126 com.android.server.wm.DisplayPolicy.$r8$lambda$Znxk63oh-WzVnzo_WQefN7uxV48:0 com.android.server.wm.DisplayPolicy$$ExternalSyntheticLambda13.run:0 android.os.Handler.handleCallback:958
10-30 10:40:37.575 D/aaa ( 1525): LedStatusService onStartCommand begin
10-30 10:40:37.576 D/aaa ( 1525): topPkg is -------------- :com.dangbei.haqusetting
10-30 10:40:37.580 I/audio_hw_hal_primary( 469): [audiohal_get_latency:1036] io 13: out:0xe4580010 frames:1216 rate:48000 whole_latency:25 alsa_latency:25
10-30 10:40:37.591 I/audio_hw_hal_primary( 469): [audiohal_get_latency:1036] io 13: out:0xe4580010 frames:1216 rate:48000 whole_latency:25 alsa_latency:25
10-30 10:40:37.601 I/audio_hw_hal_primary( 469): [audiohal_get_latency:1036] io 13: out:0xe4580010 frames:960 rate:48000 whole_latency:20 alsa_latency:20
10-30 10:40:37.605 D/SntpClient( 705): request time failed: java.net.SocketTimeoutException: Poll timed out
10-30 10:40:37.606 D/TrafficStats( 705): tagSocket(429) with statsTag=0xffffff41, statsUid=-1
10-30 10:40:37.611 I/audio_hw_hal_primary( 469): [audiohal_get_latency:1036] io 13: out:0xe4580010 frames:960 rate:48000 whole_latency:20 alsa_latency:20
10-30 10:40:37.620 I/audio_hw_hal_primary( 469): [audiohal_get_latency:1036] io 13: out:0xe4580010 frames:1088 rate:48000 whole_latency:22 alsa_latency:22
10-30 10:40:37.631 I/audio_hw_hal_primary( 469): [audiohal_get_latency:1036] io 13: out:0xe4580010 frames:1088 rate:48000 whole_latency:22 alsa_latency:22
10-30 10:40:37.640 I/audio_hw_hal_primary( 469): [audiohal_get_latency:1036] io 13: out:0xe4580010 frames:1088 rate:48000 whole_latency:22 alsa_latency:22
10-30 10:40:37.651 I/audio_hw_hal_primary( 469): [audiohal_get_latency:1036] io 13: out:0xe4580010 frames:1088 rate:48000 whole_latency:22 alsa_latency:22
10-30 10:40:37.660 I/audio_hw_hal_primary( 469): [audiohal_get_latency:1036] io 13: out:0xe4580010 frames:1216 rate:48000 whole_latency:25 alsa_latency:25
10-30 10:40:37.671 I/audio_hw_hal_primary( 469): [audiohal_get_latency:1036] io 13: out:0xe4580010 frames:960 rate:48000 whole_latency:20 alsa_latency:20
10-30 10:40:37.682 I/audio_hw_hal_primary( 469): [audiohal_get_latency:1036] io 13: out:0xe4580010 frames:1216 rate:48000 whole_latency:25 alsa_latency:25
10-30 10:40:37.693 I/audio_hw_hal_primary( 469): [audiohal_get_latency:1036] io 13: out:0xe4580010 frames:1216 rate:48000 whole_latency:25 alsa_latency:25
10-30 10:40:37.700 I/audio_hw_hal_primary( 469): [audiohal_get_latency:1036] io 13: out:0xe4580010 frames:1088 rate:48000 whole_latency:22 alsa_latency:22
10-30 10:40:37.711 I/audio_hw_hal_primary( 469): [audiohal_get_latency:1036] io 13: out:0xe4580010 frames:1088 rate:48000 whole_latency:22 alsa_latency:22
10-30 10:40:37.712 D/audioserver( 501): logFgsApiEnd: FGS Logger Transaction failed, -129
10-30 10:40:37.715 W/NotificationHistory( 705): Attempted to remove channel for locked/gone/disabled user 0
10-30 10:40:37.720 D/CompatibilityChangeReporter( 705): Compat change id reported: 175319604; UID 1000; state: ENABLED
10-30 10:40:37.720 D/CompatibilityChangeReporter( 705): Compat change id reported: 175319604; UID 1000; state: DISABLED
10-30 10:40:37.721 D/CompatibilityChangeReporter( 705): Compat change id reported: 195579280; UID 1000; state: ENABLED
10-30 10:40:37.722 D/CompatibilityChangeReporter( 705): Compat change id reported: 195579280; UID 1000; state: DISABLED
10-30 10:40:37.723 D/CompatibilityChangeReporter( 705): Compat change id reported: 175319604; UID 10052; state: ENABLED
10-30 10:40:37.723 D/CompatibilityChangeReporter( 705): Compat change id reported: 195579280; UID 10052; state: ENABLED
10-30 10:40:37.724 D/CompatibilityChangeReporter( 705): Compat change id reported: 175319604; UID 10062; state: ENABLED
10-30 10:40:37.725 D/CompatibilityChangeReporter( 705): Compat change id reported: 195579280; UID 10062; state: ENABLED
10-30 10:40:37.854 I/ActivityManager( 705): Waited long enough for: ServiceRecord{8ae164b u0 com.dangbei.lerad.rocky/com.dangbei.phrike.core.PhrikeDownloadService}
10-30 10:40:38.047 I/BLEAudioDrive_HV412( 469): fd:26 data len: 9 1
10-30 10:40:38.062 I/audio_hw_device_patchmgr( 469): [register_audio_patch:728] Patch 3:id:3 mix(io:13)->dev_0[OUT_HDMI(id:25)] found, register the same patch, do nothing.
10-30 10:40:38.062 I/audio_hw_device_patchmgr( 469): [patch_mgr_create_patch:871] Patch 3: MIX->DEVICE, num_src:1 num_sink:1 patch_src:INVAL
10-30 10:40:38.062 I/audio_hw_device_patchmgr( 469): [patch_mgr_create_patch:875] sink[0]: OUT_HDMI(id:25)
10-30 10:40:38.062 I/audio_hw_device_patchmgr( 469): [patch_mgr_create_patch:909] Patch 3: mix(io:13) -> dev[OUT_HDMI(id:25)]
10-30 10:40:38.063 D/UEventObserver( 997): change@/devices/platform/auge_sound/sound/card0/controlC0ACTION=changeDEVPATH=/devices/platform/auge_sound/sound/card0/controlC0SUBSYSTEM=soundAUDIO_FORMAT=0MAJOR=116MINOR=13DEVNAME=snd/controlC0SEQNUM=3599
10-30 10:40:38.063 I/audio_hw_hal_primary( 469): [adev_create_audio_patch:7558] dev=0xe46c0010 cur_out_device=0x400
10-30 10:40:38.066 D/ShowHdrAudioLogoService( 997): receive broadcast, audio format:0
10-30 10:40:38.066 D/ShowHdrAudioLogoService( 997): clearContent
10-30 10:40:38.072 D/audioserver( 501): logFgsApiBegin: FGS Logger Transaction failed, -129
10-30 10:40:38.074 I/SogouIME( 1940): onKeyDown: keyoCode=20
10-30 10:40:38.074 I/DefaultIMS( 1940): onKeyDown: keyoCode=20
10-30 10:40:38.081 I/audio_hw_hal_primary( 469): out_update_source_metadata_v7() line 1743 usage:1 content_type:2
10-30 10:40:38.086 I/DefaultIMS( 1940): onStartInput attribute=android.view.inputmethod.EditorInfo@e3f15e restarting=false inputType: 0
10-30 10:40:38.101 I/audio_hw_device_patchmgr( 469): [register_audio_patch:728] Patch 3:id:3 mix(io:13)->dev_0[OUT_HDMI(id:25)] found, register the same patch, do nothing.
10-30 10:40:38.101 I/audio_hw_device_patchmgr( 469): [patch_mgr_create_patch:871] Patch 3: MIX->DEVICE, num_src:1 num_sink:1 patch_src:INVAL
10-30 10:40:38.101 I/audio_hw_device_patchmgr( 469): [patch_mgr_create_patch:875] sink[0]: OUT_HDMI(id:25)
10-30 10:40:38.101 I/audio_hw_device_patchmgr( 469): [patch_mgr_create_patch:909] Patch 3: mix(io:13) -> dev[OUT_HDMI(id:25)]
10-30 10:40:38.101 I/audio_hw_hal_primary( 469): [adev_create_audio_patch:7558] dev=0xe46c0010 cur_out_device=0x400
10-30 10:40:38.101 D/UEventObserver( 997): change@/devices/platform/auge_sound/sound/card0/controlC0ACTION=changeDEVPATH=/devices/platform/auge_sound/sound/card0/controlC0SUBSYSTEM=soundAUDIO_FORMAT=0MAJOR=116MINOR=13DEVNAME=snd/controlC0SEQNUM=3600
10-30 10:40:38.101 D/audioserver( 501): logFgsApiEnd: FGS Logger Transaction failed, -129
10-30 10:40:38.101 D/audioserver( 501): logFgsApiBegin: FGS Logger Transaction failed, -129
10-30 10:40:38.102 I/audio_hw_hal_primary( 469): out_update_source_metadata_v7() line 1743 usage:1 content_type:2
10-30 10:40:38.103 D/ShowHdrAudioLogoService( 997): receive broadcast, audio format:0
10-30 10:40:38.104 D/ShowHdrAudioLogoService( 997): clearContent
10-30 10:40:38.106 D/audioserver( 501): logFgsApiBegin: FGS Logger Transaction failed, -129
10-30 10:40:38.121 I/audio_hw_hal_primary( 469): out_update_source_metadata_v7() line 1743 usage:13 content_type:4
10-30 10:40:38.138 D/BufferPoolAccessor2.0( 705): bufferpool2 0xb6a03988 : 0(0 size) total buffers - 0(0 size) used buffers - 2/7 (recycle/alloc) - 9/42 (fetch/transfer)
10-30 10:40:38.138 D/BufferPoolAccessor2.0( 705): evictor expired: 1, evicted: 1
10-30 10:40:38.139 D/BufferPoolAccessor2.0( 607): evictor expired: 2, evicted: 0
10-30 10:40:38.140 I/audio_hw_hal_stream( 469): aml_stream_out_info_print: out:0xe4580010, stream_type:pcm, sync_mode:non tunnel, input_size:1593600 bytes
10-30 10:40:38.140 I/audio_hw_hal_stream( 469): aml_stream_out_info_print: last_time:46414 ms (sec:46, nsec:414908521), last_position:8093 ms (388464), cur_time:46435 ms (sec:46, nsec:435234980), cur_position:8114 ms (389488)
10-30 10:40:38.140 I/audio_hw_hal_stream( 469): aml_stream_out_info_print: time_gap:21 ms (thr:100 ms), position_gap:21 ms, delay:185 ms, jitter: Position gap is ahead of system time gap by 0 ms (thr:100 ms)
10-30 10:40:38.200 D/audio_hw_hal_stream( 469): update_audio_hal_info() audio hal format change to 1, atmos flag = 0, is_dolby_atmos = 0, dts_hp_x = 0, update_type = 0 is_dolby_atmos_off = 1 virtual_bass_enable 0
10-30 10:40:38.200 D/audio_hw_hal_stream( 469): update_audio_hal_info() cur_out_devices 0x400, dap_bypass_enable = 0, is_ms12_tuning_dat = 0, dolby_ms12_enable = 1, output_config = 0xc
10-30 10:40:38.200 D/UEventObserver( 997): change@/devices/platform/auge_sound/sound/card0/controlC0ACTION=changeDEVPATH=/devices/platform/auge_sound/sound/card0/controlC0SUBSYSTEM=soundAUDIO_FORMAT=0MAJOR=116MINOR=13DEVNAME=snd/controlC0SEQNUM=3601
10-30 10:40:38.203 D/ShowHdrAudioLogoService( 997): receive broadcast, audio format:0
10-30 10:40:38.203 D/ShowHdrAudioLogoService( 997): clearContent
10-30 10:40:38.217 I/BLEAudioDrive_HV412( 469): fd:26 data len: 9 1
10-30 10:40:38.219 I/SogouIME( 1940): onKeyUp: keyoCode=20
10-30 10:40:38.219 I/DefaultIMS( 1940): onKeyUp: keyoCode=20
10-30 10:40:38.221 I/audio_hw_hal_primary( 469): [audiohal_get_latency:1036] io 13: out:0xe4580010 frames:1216 rate:48000 whole_latency:25 alsa_latency:25
10-30 10:40:38.241 I/audio_hw_hal_primary( 469): [audiohal_get_latency:1036] io 13: out:0xe4580010 frames:960 rate:48000 whole_latency:20 alsa_latency:20
10-30 10:40:38.260 I/audio_hw_hal_primary( 469): [audiohal_get_latency:1036] io 13: out:0xe4580010 frames:1088 rate:48000 whole_latency:22 alsa_latency:22
10-30 10:40:38.280 I/audio_hw_hal_primary( 469): [audiohal_get_latency:1036] io 13: out:0xe4580010 frames:1088 rate:48000 whole_latency:22 alsa_latency:22
10-30 10:40:38.281 I/audio_hw_hal_primary( 469): [audiohal_get_latency:1036] io 13: out:0xe4580010 frames:1088 rate:48000 whole_latency:22 alsa_latency:22
10-30 10:40:38.287 I/WifiService( 705): startScan uid=1000
10-30 10:40:38.289 E/ccc ( 2975): cccccc i will start scan
10-30 10:40:38.291 I/audio_hw_hal_primary( 469): [audiohal_get_latency:1036] io 13: out:0xe4580010 frames:1088 rate:48000 whole_latency:22 alsa_latency:22
10-30 10:40:38.292 I/audio_hw_hal_primary( 469): [audiohal_get_latency:1036] io 13: out:0xe4580010 frames:1088 rate:48000 whole_latency:22 alsa_latency:22
10-30 10:40:38.300 I/audio_hw_hal_primary( 469): [audiohal_get_latency:1036] io 13: out:0xe4580010 frames:1216 rate:48000 whole_latency:25 alsa_latency:25
10-30 10:40:38.301 I/audio_hw_hal_primary( 469): [audiohal_get_latency:1036] io 13: out:0xe4580010 frames:1216 rate:48000 whole_latency:25 alsa_latency:25
10-30 10:40:38.312 I/audio_hw_hal_primary( 469): [audiohal_get_latency:1036] io 13: out:0xe4580010 frames:1088 rate:48000 whole_latency:22 alsa_latency:22
10-30 10:40:38.312 I/audio_hw_hal_primary( 469): [audiohal_get_latency:1036] io 13: out:0xe4580010 frames:1088 rate:48000 whole_latency:22 alsa_latency:22
10-30 10:40:38.321 E/ccc ( 2975): cccccc 222222222222222222
10-30 10:40:38.323 I/audio_hw_hal_primary( 469): [audiohal_get_latency:1036] io 13: out:0xe4580010 frames:1088 rate:48000 whole_latency:22 alsa_latency:22
10-30 10:40:38.324 I/audio_hw_hal_primary( 469): [audiohal_get_latency:1036] io 13: out:0xe4580010 frames:1088 rate:48000 whole_latency:22 alsa_latency:22
10-30 10:40:38.333 I/FileLockLib( 2536): [2536]file 99 unlocked. fl.pid=0
10-30 10:40:38.334 I/audio_hw_hal_primary( 469): [audiohal_get_latency:1036] io 13: out:0xe4580010 frames:1088 rate:48000 whole_latency:22 alsa_latency:22
10-30 10:40:38.334 I/audio_hw_hal_primary( 469): [audiohal_get_latency:1036] io 13: out:0xe4580010 frames:1088 rate:48000 whole_latency:22 alsa_latency:22
10-30 10:40:38.336 E/ccc ( 2975): cccccc sort 4 38
10-30 10:40:38.337 E/ccc ( 2975): cccccc 4444444444444444444 CONNECTED
10-30 10:40:38.340 I/audio_hw_hal_primary( 469): [audiohal_get_latency:1036] io 13: out:0xe4580010 frames:1088 rate:48000 whole_latency:22 alsa_latency:22
10-30 10:40:38.341 I/audio_hw_hal_primary( 469): [audiohal_get_latency:1036] io 13: out:0xe4580010 frames:1088 rate:48000 whole_latency:22 alsa_latency:22
10-30 10:40:38.351 I/audio_hw_hal_primary( 469): [audiohal_get_latency:1036] io 13: out:0xe4580010 frames:1088 rate:48000 whole_latency:22 alsa_latency:22
10-30 10:40:38.351 I/audio_hw_hal_primary( 469): [audiohal_get_latency:1036] io 13: out:0xe4580010 frames:1088 rate:48000 whole_latency:22 alsa_latency:22
10-30 10:40:38.358 E/ccc ( 2975): cccccc sort 4 38
10-30 10:40:38.361 I/audio_hw_hal_primary( 469): [audiohal_get_latency:1036] io 13: out:0xe4580010 frames:1088 rate:48000 whole_latency:22 alsa_latency:22
10-30 10:40:38.361 I/audio_hw_hal_primary( 469): [audiohal_get_latency:1036] io 13: out:0xe4580010 frames:1088 rate:48000 whole_latency:22 alsa_latency:22
10-30 10:40:38.368 D/OpenGLRenderer( 2975): --- Failed to create image decoder with message 'unimplemented'
10-30 10:40:38.369 D/OpenGLRenderer( 2975): --- Failed to create image decoder with message 'unimplemented'
10-30 10:40:38.370 D/OpenGLRenderer( 2975): --- Failed to create image decoder with message 'unimplemented'
10-30 10:40:38.370 D/OpenGLRenderer( 2975): --- Failed to create image decoder with message 'unimplemented'
10-30 10:40:38.370 D/OpenGLRenderer( 2975): --- Failed to create image decoder with message 'unimplemented'
10-30 10:40:38.371 D/OpenGLRenderer( 2975): --- Failed to create image decoder with message 'unimplemented'
10-30 10:40:38.372 I/audio_hw_hal_primary( 469): [audiohal_get_latency:1036] io 13: out:0xe4580010 frames:1088 rate:48000 whole_latency:22 alsa_latency:22
10-30 10:40:38.372 I/audio_hw_hal_primary( 469): [audiohal_get_latency:1036] io 13: out:0xe4580010 frames:1088 rate:48000 whole_latency:22 alsa_latency:22
10-30 10:40:38.379 D/OpenGLRenderer( 2975): --- Failed to create image decoder with message 'unimplemented'
10-30 10:40:38.381 I/audio_hw_hal_primary( 469): [audiohal_get_latency:1036] io 13: out:0xe4580010 frames:1216 rate:48000 whole_latency:25 alsa_latency:25
10-30 10:40:38.381 I/audio_hw_hal_primary( 469): [audiohal_get_latency:1036] io 13: out:0xe4580010 frames:1216 rate:48000 whole_latency:25 alsa_latency:25
10-30 10:40:38.384 D/OpenGLRenderer( 2975): --- Failed to create image decoder with message 'unimplemented'
10-30 10:40:38.385 D/OpenGLRenderer( 2975): --- Failed to create image decoder with message 'unimplemented'
10-30 10:40:38.386 D/OpenGLRenderer( 2975): --- Failed to create image decoder with message 'unimplemented'
10-30 10:40:38.387 D/OpenGLRenderer( 2975): --- Failed to create image decoder with message 'unimplemented'
10-30 10:40:38.388 D/OpenGLRenderer( 2975): --- Failed to create image decoder with message 'unimplemented'
10-30 10:40:38.388 D/OpenGLRenderer( 2975): --- Failed to create image decoder with message 'unimplemented'
10-30 10:40:38.389 D/OpenGLRenderer( 2975): --- Failed to create image decoder with message 'unimplemented'
10-30 10:40:38.391 D/OpenGLRenderer( 2975): --- Failed to create image decoder with message 'unimplemented'
10-30 10:40:38.392 I/audio_hw_hal_primary( 469): [audiohal_get_latency:1036] io 13: out:0xe4580010 frames:1216 rate:48000 whole_latency:25 alsa_latency:25
10-30 10:40:38.392 I/audio_hw_hal_primary( 469): [audiohal_get_latency:1036] io 13: out:0xe4580010 frames:1216 rate:48000 whole_latency:25 alsa_latency:25
10-30 10:40:38.392 D/OpenGLRenderer( 2975): --- Failed to create image decoder with message 'unimplemented'
10-30 10:40:38.393 D/OpenGLRenderer( 2975): --- Failed to create image decoder with message 'unimplemented'
10-30 10:40:38.393 D/OpenGLRenderer( 2975): --- Failed to create image decoder with message 'unimplemented'
10-30 10:40:38.400 I/audio_hw_hal_primary( 469): [audiohal_get_latency:1036] io 13: out:0xe4580010 frames:960 rate:48000 whole_latency:20 alsa_latency:20
10-30 10:40:38.401 I/audio_hw_hal_primary( 469): [audiohal_get_latency:1036] io 13: out:0xe4580010 frames:960 rate:48000 whole_latency:20 alsa_latency:20
10-30 10:40:38.408 D/OpenGLRenderer( 2975): --- Failed to create image decoder with message 'unimplemented'
10-30 10:40:38.409 D/OpenGLRenderer( 2975): --- Failed to create image decoder with message 'unimplemented'
10-30 10:40:38.409 D/OpenGLRenderer( 2975): --- Failed to create image decoder with message 'unimplemented'
10-30 10:40:38.410 D/OpenGLRenderer( 2975): --- Failed to create image decoder with message 'unimplemented'
10-30 10:40:38.410 D/OpenGLRenderer( 2975): --- Failed to create image decoder with message 'unimplemented'
10-30 10:40:38.411 D/OpenGLRenderer( 2975): --- Failed to create image decoder with message 'unimplemented'
10-30 10:40:38.412 I/audio_hw_hal_primary( 469): [audiohal_get_latency:1036] io 13: out:0xe4580010 frames:960 rate:48000 whole_latency:20 alsa_latency:20
10-30 10:40:38.412 I/audio_hw_hal_primary( 469): [audiohal_get_latency:1036] io 13: out:0xe4580010 frames:960 rate:48000 whole_latency:20 alsa_latency:20
10-30 10:40:38.412 D/audioserver( 501): logFgsApiEnd: FGS Logger Transaction failed, -129
10-30 10:40:38.413 I/audio_hw_hal_primary( 469): out_update_source_metadata_v7() line 1743 usage:1 content_type:2
10-30 10:40:38.422 I/audio_hw_hal_primary( 469): [audiohal_get_latency:1036] io 13: out:0xe4580010 frames:1216 rate:48000 whole_latency:25 alsa_latency:25
10-30 10:40:38.433 I/audio_hw_hal_primary( 469): [audiohal_get_latency:1036] io 13: out:0xe4580010 frames:960 rate:48000 whole_latency:20 alsa_latency:20
10-30 10:40:38.440 I/audio_hw_hal_primary( 469): [audiohal_get_latency:1036] io 13: out:0xe4580010 frames:1088 rate:48000 whole_latency:22 alsa_latency:22
10-30 10:40:38.451 I/audio_hw_hal_primary( 469): [audiohal_get_latency:1036] io 13: out:0xe4580010 frames:1088 rate:48000 whole_latency:22 alsa_latency:22
10-30 10:40:38.461 I/audio_hw_hal_primary( 469): [audiohal_get_latency:1036] io 13: out:0xe4580010 frames:1216 rate:48000 whole_latency:25 alsa_latency:25
10-30 10:40:38.472 I/audio_hw_hal_primary( 469): [audiohal_get_latency:1036] io 13: out:0xe4580010 frames:1216 rate:48000 whole_latency:25 alsa_latency:25
10-30 10:40:38.473 D/audioserver( 501): logFgsApiEnd: FGS Logger Transaction failed, -129
10-30 10:40:38.507 I/com.ktcp.video( 2536): Background concurrent copying GC freed 210642(11MB) AllocSpace objects, 79(2940KB) LOS objects, 49% free, 4413KB/8826KB, paused 130us,62us total 170.996ms
10-30 10:40:38.655 I/FileLockLib( 2536): [2536]file 99 unlocked. fl.pid=0
10-30 10:40:38.661 D/TrafficStats( 2536): tagSocket(171) with statsTag=0xffffffff, statsUid=-1
10-30 10:40:38.656 I/TASK_7 ( 2536): type=1400 audit(0.0:1184): avc: denied { search } for name="net" dev="sysfs" ino=12361 scontext=u:r:untrusted_app_25:s0:c512,c768 tcontext=u:object_r:sysfs_net:s0 tclass=dir permissive=1 app=com.ktcp.video
10-30 10:40:38.656 I/TASK_7 ( 2536): type=1400 audit(0.0:1185): avc: denied { read } for name="address" dev="sysfs" ino=46051 scontext=u:r:untrusted_app_25:s0:c512,c768 tcontext=u:object_r:sysfs_net:s0 tclass=file permissive=1 app=com.ktcp.video
10-30 10:40:38.656 I/TASK_7 ( 2536): type=1400 audit(0.0:1186): avc: denied { open } for path="/sys/devices/platform/soc/fe368000.ethernet/net/eth0/address" dev="sysfs" ino=46051 scontext=u:r:untrusted_app_25:s0:c512,c768 tcontext=u:object_r:sysfs_net:s0 tclass=file permissive=1 app=com.ktcp.video
10-30 10:40:38.656 I/TASK_7 ( 2536): type=1400 audit(0.0:1187): avc: denied { getattr } for path="/sys/devices/platform/soc/fe368000.ethernet/net/eth0/address" dev="sysfs" ino=46051 scontext=u:r:untrusted_app_25:s0:c512,c768 tcontext=u:object_r:sysfs_net:s0 tclass=file permissive=1 app=com.ktcp.video
10-30 10:40:38.665 D/TrafficStats( 2536): tagSocket(170) with statsTag=0xffffffff, statsUid=-1
10-30 10:40:38.736 I/BLEAudioDrive_HV412( 469): fd:26 data len: 9 1
10-30 10:40:38.761 I/audio_hw_device_patchmgr( 469): [register_audio_patch:728] Patch 3:id:3 mix(io:13)->dev_0[OUT_HDMI(id:25)] found, register the same patch, do nothing.
10-30 10:40:38.761 I/audio_hw_device_patchmgr( 469): [patch_mgr_create_patch:871] Patch 3: MIX->DEVICE, num_src:1 num_sink:1 patch_src:INVAL
10-30 10:40:38.761 I/audio_hw_device_patchmgr( 469): [patch_mgr_create_patch:875] sink[0]: OUT_HDMI(id:25)
10-30 10:40:38.761 I/audio_hw_device_patchmgr( 469): [patch_mgr_create_patch:909] Patch 3: mix(io:13) -> dev[OUT_HDMI(id:25)]
10-30 10:40:38.761 I/audio_hw_hal_primary( 469): [adev_create_audio_patch:7558] dev=0xe46c0010 cur_out_device=0x400
10-30 10:40:38.769 D/audioserver( 501): logFgsApiBegin: FGS Logger Transaction failed, -129
10-30 10:40:38.770 D/UEventObserver( 997): change@/devices/platform/auge_sound/sound/card0/controlC0ACTION=changeDEVPATH=/devices/platform/auge_sound/sound/card0/controlC0SUBSYSTEM=soundAUDIO_FORMAT=0MAJOR=116MINOR=13DEVNAME=snd/controlC0SEQNUM=3602
10-30 10:40:38.771 I/SogouIME( 1940): onKeyDown: keyoCode=21
10-30 10:40:38.771 I/DefaultIMS( 1940): onKeyDown: keyoCode=21
10-30 10:40:38.771 I/audio_hw_hal_primary( 469): out_update_source_metadata_v7() line 1743 usage:1 content_type:2
10-30 10:40:38.774 D/ShowHdrAudioLogoService( 997): receive broadcast, audio format:0
10-30 10:40:38.775 D/ShowHdrAudioLogoService( 997): clearContent
10-30 10:40:38.801 I/audio_hw_device_patchmgr( 469): [register_audio_patch:728] Patch 3:id:3 mix(io:13)->dev_0[OUT_HDMI(id:25)] found, register the same patch, do nothing.
10-30 10:40:38.801 I/audio_hw_device_patchmgr( 469): [patch_mgr_create_patch:871] Patch 3: MIX->DEVICE, num_src:1 num_sink:1 patch_src:INVAL
10-30 10:40:38.802 I/audio_hw_device_patchmgr( 469): [patch_mgr_create_patch:875] sink[0]: OUT_HDMI(id:25)
10-30 10:40:38.802 I/audio_hw_device_patchmgr( 469): [patch_mgr_create_patch:909] Patch 3: mix(io:13) -> dev[OUT_HDMI(id:25)]
10-30 10:40:38.802 I/audio_hw_hal_primary( 469): [adev_create_audio_patch:7558] dev=0xe46c0010 cur_out_device=0x400
10-30 10:40:38.802 D/audioserver( 501): logFgsApiEnd: FGS Logger Transaction failed, -129
10-30 10:40:38.802 D/UEventObserver( 997): change@/devices/platform/auge_sound/sound/card0/controlC0ACTION=changeDEVPATH=/devices/platform/auge_sound/sound/card0/controlC0SUBSYSTEM=soundAUDIO_FORMAT=0MAJOR=116MINOR=13DEVNAME=snd/controlC0SEQNUM=3603
10-30 10:40:38.802 D/audioserver( 501): logFgsApiBegin: FGS Logger Transaction failed, -129
10-30 10:40:38.803 I/audio_hw_hal_primary( 469): out_update_source_metadata_v7() line 1743 usage:1 content_type:2
10-30 10:40:38.807 D/audioserver( 501): logFgsApiBegin: FGS Logger Transaction failed, -129
10-30 10:40:38.809 D/ShowHdrAudioLogoService( 997): receive broadcast, audio format:0
10-30 10:40:38.811 D/ShowHdrAudioLogoService( 997): clearContent
10-30 10:40:38.821 I/audio_hw_hal_primary( 469): out_update_source_metadata_v7() line 1743 usage:13 content_type:4
10-30 10:40:38.836 I/FileLockLib( 2536): [2536]file 99 unlocked. fl.pid=0
10-30 10:40:38.877 I/BLEAudioDrive_HV412( 469): fd:26 data len: 9 1
10-30 10:40:38.879 I/SogouIME( 1940): onKeyUp: keyoCode=21
10-30 10:40:38.879 I/DefaultIMS( 1940): onKeyUp: keyoCode=21
10-30 10:40:38.900 D/audio_hw_hal_stream( 469): update_audio_hal_info() audio hal format change to 1, atmos flag = 0, is_dolby_atmos = 0, dts_hp_x = 0, update_type = 0 is_dolby_atmos_off = 1 virtual_bass_enable 0
10-30 10:40:38.900 D/audio_hw_hal_stream( 469): update_audio_hal_info() cur_out_devices 0x400, dap_bypass_enable = 0, is_ms12_tuning_dat = 0, dolby_ms12_enable = 1, output_config = 0xc
10-30 10:40:38.900 D/UEventObserver( 997): change@/devices/platform/auge_sound/sound/card0/controlC0ACTION=changeDEVPATH=/devices/platform/auge_sound/sound/card0/controlC0SUBSYSTEM=soundAUDIO_FORMAT=0MAJOR=116MINOR=13DEVNAME=snd/controlC0SEQNUM=3604
10-30 10:40:38.909 D/ShowHdrAudioLogoService( 997): receive broadcast, audio format:0
10-30 10:40:38.909 D/ShowHdrAudioLogoService( 997): clearContent
10-30 10:40:38.921 I/audio_hw_hal_primary( 469): [audiohal_get_latency:1036] io 13: out:0xe4580010 frames:1088 rate:48000 whole_latency:22 alsa_latency:22
10-30 10:40:38.928 E/TaskPersister( 705): File error accessing recents directory (directory doesn't exist?).
10-30 10:40:38.941 I/audio_hw_hal_primary( 469): [audiohal_get_latency:1036] io 13: out:0xe4580010 frames:1216 rate:48000 whole_latency:25 alsa_latency:25
10-30 10:40:38.960 I/audio_hw_hal_primary( 469): [audiohal_get_latency:1036] io 13: out:0xe4580010 frames:960 rate:48000 whole_latency:20 alsa_latency:20
10-30 10:40:38.961 I/audio_hw_hal_primary( 469): [audiohal_get_latency:1036] io 13: out:0xe4580010 frames:960 rate:48000 whole_latency:20 alsa_latency:20
10-30 10:40:38.971 I/audio_hw_hal_primary( 469): [audiohal_get_latency:1036] io 13: out:0xe4580010 frames:960 rate:48000 whole_latency:20 alsa_latency:20
10-30 10:40:38.972 I/audio_hw_hal_primary( 469): [audiohal_get_latency:1036] io 13: out:0xe4580010 frames:960 rate:48000 whole_latency:20 alsa_latency:20
10-30 10:40:38.980 I/audio_hw_hal_primary( 469): [audiohal_get_latency:1036] io 13: out:0xe4580010 frames:1088 rate:48000 whole_latency:22 alsa_latency:22
10-30 10:40:38.981 I/audio_hw_hal_primary( 469): [audiohal_get_latency:1036] io 13: out:0xe4580010 frames:1088 rate:48000 whole_latency:22 alsa_latency:22
10-30 10:40:38.989 I/GRADISH_WRAPPER_LIB( 2536): init_gradish_config: version=v1.2
10-30 10:40:38.990 I/GRADISH_WRAPPER_LIB( 2536): init_gradish_config: sGradishEnable=1
10-30 10:40:38.991 I/audio_hw_hal_primary( 469): [audiohal_get_latency:1036] io 13: out:0xe4580010 frames:1088 rate:48000 whole_latency:22 alsa_latency:22
10-30 10:40:38.992 I/audio_hw_hal_primary( 469): [audiohal_get_latency:1036] io 13: out:0xe4580010 frames:1088 rate:48000 whole_latency:22 alsa_latency:22
10-30 10:40:39.001 I/audio_hw_hal_primary( 469): [audiohal_get_latency:1036] io 13: out:0xe4580010 frames:1088 rate:48000 whole_latency:22 alsa_latency:22
10-30 10:40:39.001 I/audio_hw_hal_primary( 469): [audiohal_get_latency:1036] io 13: out:0xe4580010 frames:1088 rate:48000 whole_latency:22 alsa_latency:22
10-30 10:40:39.011 I/audio_hw_hal_primary( 469): [audiohal_get_latency:1036] io 13: out:0xe4580010 frames:1088 rate:48000 whole_latency:22 alsa_latency:22
10-30 10:40:39.011 I/audio_hw_hal_primary( 469): [audiohal_get_latency:1036] io 13: out:0xe4580010 frames:1088 rate:48000 whole_latency:22 alsa_latency:22
10-30 10:40:39.021 I/audio_hw_hal_primary( 469): [audiohal_get_latency:1036] io 13: out:0xe4580010 frames:1216 rate:48000 whole_latency:25 alsa_latency:25
10-30 10:40:39.021 I/audio_hw_hal_primary( 469): [audiohal_get_latency:1036] io 13: out:0xe4580010 frames:1216 rate:48000 whole_latency:25 alsa_latency:25
10-30 10:40:39.028 I/TASK_6 ( 2536): type=1400 audit(0.0:1188): avc: denied { getattr } for path="/data/data/com.android.printspooler" dev="dm-58" ino=1618 scontext=u:r:untrusted_app_25:s0:c512,c768 tcontext=u:object_r:app_data_file:s0:c38,c256,c512,c768 tclass=dir permissive=1 app=com.ktcp.video
10-30 10:40:39.028 I/TASK_6 ( 2536): type=1400 audit(0.0:1189): avc: denied { getattr } for path="/data/data/com.android.cts.ctsshim" dev="dm-58" ino=1725 scontext=u:r:untrusted_app_25:s0:c512,c768 tcontext=u:object_r:app_data_file:s0:c72,c256,c512,c768 tclass=dir permissive=1 app=com.ktcp.video
10-30 10:40:39.032 I/audio_hw_hal_primary( 469): [audiohal_get_latency:1036] io 13: out:0xe4580010 frames:1088 rate:48000 whole_latency:22 alsa_latency:22
10-30 10:40:39.032 I/audio_hw_hal_primary( 469): [audiohal_get_latency:1036] io 13: out:0xe4580010 frames:1088 rate:48000 whole_latency:22 alsa_latency:22
10-30 10:40:39.032 I/TASK_6 ( 2536): type=1400 audit(0.0:1190): avc: denied { getattr } for path="/data/media" dev="dm-58" ino=131 scontext=u:r:untrusted_app_25:s0:c512,c768 tcontext=u:object_r:media_userdir_file:s0 tclass=dir permissive=1 app=com.ktcp.video
10-30 10:40:39.040 I/audio_hw_hal_primary( 469): [audiohal_get_latency:1036] io 13: out:0xe4580010 frames:1216 rate:48000 whole_latency:25 alsa_latency:25
10-30 10:40:39.041 I/audio_hw_hal_primary( 469): [audiohal_get_latency:1036] io 13: out:0xe4580010 frames:1216 rate:48000 whole_latency:25 alsa_latency:25
10-30 10:40:39.043 D/TrafficStats( 2536): tagSocket(178) with statsTag=0xffffffff, statsUid=-1
10-30 10:40:39.051 I/audio_hw_hal_primary( 469): [audiohal_get_latency:1036] io 13: out:0xe4580010 frames:960 rate:48000 whole_latency:20 alsa_latency:20
10-30 10:40:39.052 I/audio_hw_hal_primary( 469): [audiohal_get_latency:1036] io 13: out:0xe4580010 frames:1216 rate:48000 whole_latency:25 alsa_latency:25
10-30 10:40:39.060 I/audio_hw_hal_primary( 469): [audiohal_get_latency:1036] io 13: out:0xe4580010 frames:1088 rate:48000 whole_latency:22 alsa_latency:22
10-30 10:40:39.061 I/audio_hw_hal_primary( 469): [audiohal_get_latency:1036] io 13: out:0xe4580010 frames:1088 rate:48000 whole_latency:22 alsa_latency:22
10-30 10:40:39.071 I/audio_hw_hal_primary( 469): [audiohal_get_latency:1036] io 13: out:0xe4580010 frames:1088 rate:48000 whole_latency:22 alsa_latency:22
10-30 10:40:39.071 I/audio_hw_hal_primary( 469): [audiohal_get_latency:1036] io 13: out:0xe4580010 frames:1088 rate:48000 whole_latency:22 alsa_latency:22
10-30 10:40:39.076 I/BLEAudioDrive_HV412( 469): fd:26 data len: 9 1
10-30 10:40:39.079 I/SogouIME( 1940): onKeyDown: keyoCode=20
10-30 10:40:39.079 I/DefaultIMS( 1940): onKeyDown: keyoCode=20
10-30 10:40:39.080 I/audio_hw_hal_primary( 469): [audiohal_get_latency:1036] io 13: out:0xe4580010 frames:1088 rate:48000 whole_latency:22 alsa_latency:22
10-30 10:40:39.138 D/BufferPoolAccessor2.0( 705): bufferpool2 0xb6a032c8 : 0(0 size) total buffers - 0(0 size) used buffers - 1/7 (recycle/alloc) - 6/60 (fetch/transfer)
10-30 10:40:39.138 D/BufferPoolAccessor2.0( 705): bufferpool2 0xb6a0eea8 : 0(0 size) total buffers - 0(0 size) used buffers - 1/7 (recycle/alloc) - 6/50 (fetch/transfer)
10-30 10:40:39.138 D/BufferPoolAccessor2.0( 705): evictor expired: 8, evicted: 2
10-30 10:40:39.139 D/BufferPoolAccessor2.0( 607): bufferpool2 0xf48c1fa8 : 0(0 size) total buffers - 0(0 size) used buffers - 21/23 (recycle/alloc) - 2/22 (fetch/transfer)
10-30 10:40:39.139 D/BufferPoolAccessor2.0( 607): bufferpool2 0xf48c0c88 : 0(0 size) total buffers - 0(0 size) used buffers - 25/28 (recycle/alloc) - 3/27 (fetch/transfer)
10-30 10:40:39.139 D/BufferPoolAccessor2.0( 607): bufferpool2 0xf48c17c8 : 0(0 size) total buffers - 0(0 size) used buffers - 13/19 (recycle/alloc) - 8/18 (fetch/transfer)
10-30 10:40:39.139 D/BufferPoolAccessor2.0( 607): evictor expired: 7, evicted: 3
10-30 10:40:39.199 D/CompatibilityChangeReporter( 2536): Compat change id reported: 263076149; UID 10089; state: DISABLED
10-30 10:40:39.201 I/audio_hw_hal_primary( 469): [audiohal_get_latency:1036] io 13: out:0xe4580010 frames:1216 rate:48000 whole_latency:25 alsa_latency:25
10-30 10:40:39.221 I/audio_hw_hal_primary( 469): [audiohal_get_latency:1036] io 13: out:0xe4580010 frames:1088 rate:48000 whole_latency:22 alsa_latency:22
10-30 10:40:39.226 I/BLEAudioDrive_HV412( 469): fd:26 data len: 9 1
10-30 10:40:39.229 I/SogouIME( 1940): onKeyUp: keyoCode=20
10-30 10:40:39.229 I/DefaultIMS( 1940): onKeyUp: keyoCode=20
10-30 10:40:39.238 W/AudioCapabilities( 2536): Unsupported mime audio/vnd.dts.hd;profile=lbr
10-30 10:40:39.238 W/AudioCapabilities( 2536): Unsupported mime audio/ffmpeg
10-30 10:40:39.238 W/AudioCapabilities( 2536): Unsupported mime audio/mpeg-L1
10-30 10:40:39.239 W/AudioCapabilities( 2536): Unsupported mime audio/mpeg-L2
10-30 10:40:39.241 I/audio_hw_hal_primary( 469): [audiohal_get_latency:1036] io 13: out:0xe4580010 frames:1088 rate:48000 whole_latency:22 alsa_latency:22
10-30 10:40:39.241 W/VideoCapabilities( 2536): Unsupported mime video/avs
10-30 10:40:39.241 W/VideoCapabilities( 2536): Unsupported mime video/avs2
10-30 10:40:39.243 W/VideoCapabilities( 2536): Unsupported mime video/x-motion-jpeg
10-30 10:40:39.243 W/VideoCapabilities( 2536): Unrecognized profile/level 0/4 for video/mpeg2
10-30 10:40:39.243 I/VideoCapabilities( 2536): Unsupported profile 3 for video/mpeg2
10-30 10:40:39.243 I/VideoCapabilities( 2536): Unsupported profile 4 for video/mpeg2
10-30 10:40:39.243 I/VideoCapabilities( 2536): Unsupported profile 5 for video/mpeg2
10-30 10:40:39.243 W/VideoCapabilities( 2536): Unrecognized profile/level 0/4 for video/mpeg2
10-30 10:40:39.243 I/VideoCapabilities( 2536): Unsupported profile 3 for video/mpeg2
10-30 10:40:39.243 I/VideoCapabilities( 2536): Unsupported profile 4 for video/mpeg2
10-30 10:40:39.243 I/VideoCapabilities( 2536): Unsupported profile 5 for video/mpeg2
10-30 10:40:39.244 I/VideoCapabilities( 2536): Unsupported profile 2 for video/mp4v-es
