11-03 16:43:36.585 I/audio_hw_hal_primary( 469): [audiohal_get_latency:1036] io 13: out:0xe4580010 frames:1280 rate:48000 whole_latency:26 alsa_latency:26
11-03 16:43:36.585 I/audio_hw_hal_primary( 469): [audiohal_get_latency:1036] io 13: out:0xe4580010 frames:1280 rate:48000 whole_latency:26 alsa_latency:26
11-03 16:43:36.596 D/WindowManagerShell( 985): TvPipController: onTaskStackChanged()
11-03 16:43:36.596 I/audio_hw_hal_primary( 469): [audiohal_get_latency:1036] io 13: out:0xe4580010 frames:1024 rate:48000 whole_latency:21 alsa_latency:21
11-03 16:43:36.596 I/audio_hw_hal_primary( 469): [audiohal_get_latency:1036] io 13: out:0xe4580010 frames:1024 rate:48000 whole_latency:21 alsa_latency:21
11-03 16:43:36.605 I/audio_hw_hal_primary( 469): [audiohal_get_latency:1036] io 13: out:0xe4580010 frames:1024 rate:48000 whole_latency:21 alsa_latency:21
11-03 16:43:36.605 I/audio_hw_hal_primary( 469): [audiohal_get_latency:1036] io 13: out:0xe4580010 frames:1024 rate:48000 whole_latency:21 alsa_latency:21
11-03 16:43:36.601 I//apex/com.android.adbd/bin/adbd( 1395): type=1400 audit(0.0:1414): avc: denied { search } for comm=75736220666673206F70656E name="/" dev="functionfs" ino=24091 scontext=u:r:su:s0 tcontext=u:object_r:functionfs:s0 tclass=dir permissive=1
11-03 16:43:36.616 I/audio_hw_hal_primary( 469): [audiohal_get_latency:1036] io 13: out:0xe4580010 frames:1024 rate:48000 whole_latency:21 alsa_latency:21
11-03 16:43:36.616 I/audio_hw_hal_primary( 469): [audiohal_get_latency:1036] io 13: out:0xe4580010 frames:1024 rate:48000 whole_latency:21 alsa_latency:21
11-03 16:43:36.625 I/audio_hw_hal_primary( 469): [audiohal_get_latency:1036] io 13: out:0xe4580010 frames:1152 rate:48000 whole_latency:24 alsa_latency:24
11-03 16:43:36.627 I/audio_hw_hal_primary( 469): [audiohal_get_latency:1036] io 13: out:0xe4580010 frames:1280 rate:48000 whole_latency:26 alsa_latency:26
11-03 16:43:36.637 I/audio_hw_hal_primary( 469): [audiohal_get_latency:1036] io 13: out:0xe4580010 frames:1024 rate:48000 whole_latency:21 alsa_latency:21
11-03 16:43:36.638 I/audio_hw_hal_primary( 469): [audiohal_get_latency:1036] io 13: out:0xe4580010 frames:1280 rate:48000 whole_latency:26 alsa_latency:26
11-03 16:43:36.645 I/audio_hw_hal_primary( 469): [audiohal_get_latency:1036] io 13: out:0xe4580010 frames:1152 rate:48000 whole_latency:24 alsa_latency:24
11-03 16:43:36.645 I/audio_hw_hal_primary( 469): [audiohal_get_latency:1036] io 13: out:0xe4580010 frames:1152 rate:48000 whole_latency:24 alsa_latency:24
11-03 16:43:36.655 I/audio_hw_hal_primary( 469): [audiohal_get_latency:1036] io 13: out:0xe4580010 frames:1152 rate:48000 whole_latency:24 alsa_latency:24
11-03 16:43:36.656 I/audio_hw_hal_primary( 469): [audiohal_get_latency:1036] io 13: out:0xe4580010 frames:1152 rate:48000 whole_latency:24 alsa_latency:24
11-03 16:43:36.665 I/audio_hw_hal_primary( 469): [audiohal_get_latency:1036] io 13: out:0xe4580010 frames:1024 rate:48000 whole_latency:21 alsa_latency:21
11-03 16:43:36.665 I/audio_hw_hal_primary( 469): [audiohal_get_latency:1036] io 13: out:0xe4580010 frames:1024 rate:48000 whole_latency:21 alsa_latency:21
11-03 16:43:36.676 I/audio_hw_hal_primary( 469): [audiohal_get_latency:1036] io 13: out:0xe4580010 frames:1280 rate:48000 whole_latency:26 alsa_latency:26
11-03 16:43:36.676 I/audio_hw_hal_primary( 469): [audiohal_get_latency:1036] io 13: out:0xe4580010 frames:1280 rate:48000 whole_latency:26 alsa_latency:26
11-03 16:43:36.682 I/com.monster.godzilla.load.RequestDiskPath( 2895): doSomething
11-03 16:43:36.685 I/audio_hw_hal_primary( 469): [audiohal_get_latency:1036] io 13: out:0xe4580010 frames:1024 rate:48000 whole_latency:21 alsa_latency:21
11-03 16:43:36.685 I/audio_hw_hal_primary( 469): [audiohal_get_latency:1036] io 13: out:0xe4580010 frames:1024 rate:48000 whole_latency:21 alsa_latency:21
11-03 16:43:36.688 W/WindowManager( 705): [addWindow] title:com.tv.filemanager.os/com.dangbei.lerad.filemanager.ui.home.ManagerHomeActivity
11-03 16:43:36.688 W/WindowManager( 705): Failed looking up window session=Session{5535dc5 2895:u0a10041} callers=com.android.server.wm.WindowManagerService.windowForClientLocked:6077 com.android.server.wm.Session.updateRequestedVisibleTypes:695 android.view.IWindowSession$Stub.onTransact:1034
11-03 16:43:36.689 D/CompatibilityChangeReporter( 705): Compat change id reported: 168419799; UID 10041; state: DISABLED
11-03 16:43:36.689 D/CompatibilityChangeReporter( 705): Compat change id reported: 273564678; UID 10041; state: DISABLED
11-03 16:43:36.685 I/adbd ( 1395): type=1400 audit(0.0:1415): avc: denied { read } for path="socket:[32481]" dev="sockfs" ino=32481 scontext=u:r:su:s0 tcontext=u:r:su:s0 tclass=tcp_socket permissive=1
11-03 16:43:36.685 I/adbd ( 1395): type=1400 audit(0.0:1416): avc: denied { write } for path="socket:[32481]" dev="sockfs" ino=32481 scontext=u:r:su:s0 tcontext=u:r:su:s0 tclass=tcp_socket permissive=1
11-03 16:43:36.692 W/.filemanager.os( 2895): Accessing hidden method Landroid/os/storage/VolumeInfo;->getDescriptionComparator()Ljava/util/Comparator; (max-target-o, reflection, denied)
11-03 16:43:36.692 W/System.err( 2895): java.lang.NoSuchMethodException: android.os.storage.VolumeInfo.getDescriptionComparator []
11-03 16:43:36.692 W/System.err( 2895): at java.lang.Class.getMethod(Class.java:2937)
11-03 16:43:36.692 W/System.err( 2895): at java.lang.Class.getMethod(Class.java:2449)
11-03 16:43:36.692 W/System.err( 2895): at com.monster.godzilla.utlis.FileManagerSdcardUtils.getAllSDPath(FileManagerSdcardUtils.java:126)
11-03 16:43:36.692 W/System.err( 2895): at com.monster.godzilla.load.RequestDiskPath$1.onRun(RequestDiskPath.java:55)
11-03 16:43:36.692 W/System.err( 2895): at com.monster.godzilla.utlis.ThreadManager$ThreadPoolProxy$1.run(ThreadManager.java:105)
11-03 16:43:36.692 W/System.err( 2895): at java.util.concurrent.ThreadPoolExecutor.runWorker(ThreadPoolExecutor.java:1145)
11-03 16:43:36.692 W/System.err( 2895): at java.util.concurrent.ThreadPoolExecutor$Worker.run(ThreadPoolExecutor.java:644)
11-03 16:43:36.692 W/System.err( 2895): at java.lang.Thread.run(Thread.java:1012)
11-03 16:43:36.696 I/audio_hw_hal_primary( 469): [audiohal_get_latency:1036] io 13: out:0xe4580010 frames:1280 rate:48000 whole_latency:26 alsa_latency:26
11-03 16:43:36.696 I/audio_hw_hal_primary( 469): [audiohal_get_latency:1036] io 13: out:0xe4580010 frames:1280 rate:48000 whole_latency:26 alsa_latency:26
11-03 16:43:36.703 D/CoreBackPreview( 705): Window{f683e2e u0 com.tv.filemanager.os/com.dangbei.lerad.filemanager.ui.home.ManagerHomeActivity}: Setting back callback OnBackInvokedCallbackInfo{mCallback=android.window.IOnBackInvokedCallback$Stub$Proxy@21435c, mPriority=0, mIsAnimationCallback=false}
11-03 16:43:36.705 I/audio_hw_hal_primary( 469): [audiohal_get_latency:1036] io 13: out:0xe4580010 frames:1152 rate:48000 whole_latency:24 alsa_latency:24
11-03 16:43:36.705 I/audio_hw_hal_primary( 469): [audiohal_get_latency:1036] io 13: out:0xe4580010 frames:1152 rate:48000 whole_latency:24 alsa_latency:24
11-03 16:43:36.705 D/audioserver( 501): logFgsApiEnd: FGS Logger Transaction failed, -129
11-03 16:43:36.706 I/audio_hw_hal_primary( 469): out_update_source_metadata_v7() line 1743 usage:13 content_type:4
11-03 16:43:36.715 I/d.leradlauncher( 1486): Background concurrent copying GC freed 159411(8736KB) AllocSpace objects, 208(6004KB) LOS objects, 49% free, 8008KB/15MB, paused 286us,122us total 155.110ms
11-03 16:43:36.718 I/audio_hw_hal_primary( 469): [audiohal_get_latency:1036] io 13: out:0xe4580010 frames:1024 rate:48000 whole_latency:21 alsa_latency:21
11-03 16:43:36.713 I/mount ( 4197): type=1400 audit(0.0:1417): avc: denied { search } for name="vendor" dev="tmpfs" ino=2 scontext=u:r:untrusted_app_29:s0:c41,c256,c512,c768 tcontext=u:object_r:mnt_vendor_file:s0 tclass=dir permissive=1 app=com.tv.filemanager.os
11-03 16:43:36.713 I/mount ( 4197): type=1400 audit(0.0:1418): avc: denied { getattr } for path="/mnt/vendor/odm_ext" dev="mmcblk0p16" ino=2 scontext=u:r:untrusted_app_29:s0:c41,c256,c512,c768 tcontext=u:object_r:param_tv_file:s0 tclass=dir permissive=1 app=com.tv.filemanager.os
11-03 16:43:36.717 I/mount ( 4197): type=1400 audit(0.0:1419): avc: denied { getattr } for path="/mnt/vendor/tee" dev="mmcblk0p9" ino=2 scontext=u:r:untrusted_app_29:s0:c41,c256,c512,c768 tcontext=u:object_r:tee_vendor_file:s0 tclass=dir permissive=1 app=com.tv.filemanager.os
11-03 16:43:36.726 I/audio_hw_hal_primary( 469): [audiohal_get_latency:1036] io 13: out:0xe4580010 frames:1152 rate:48000 whole_latency:24 alsa_latency:24
11-03 16:43:36.738 I/audio_hw_hal_primary( 469): [audiohal_get_latency:1036] io 13: out:0xe4580010 frames:1152 rate:48000 whole_latency:24 alsa_latency:24
11-03 16:43:36.745 I/audio_hw_hal_primary( 469): [audiohal_get_latency:1036] io 13: out:0xe4580010 frames:1280 rate:48000 whole_latency:26 alsa_latency:26
11-03 16:43:36.750 D/sss ( 2895): 发现USB设备------------------>>2>/storage/02E24445E2443EE3
11-03 16:43:36.751 E/OpenGLRenderer( 2895): Unable to match the desired swap behavior.
11-03 16:43:36.756 I/audio_hw_hal_primary( 469): [audiohal_get_latency:1036] io 13: out:0xe4580010 frames:1024 rate:48000 whole_latency:21 alsa_latency:21
11-03 16:43:36.765 I/audio_hw_hal_primary( 469): [audiohal_get_latency:1036] io 13: out:0xe4580010 frames:1024 rate:48000 whole_latency:21 alsa_latency:21
11-03 16:43:36.767 D/audioserver( 501): logFgsApiEnd: FGS Logger Transaction failed, -129
11-03 16:43:36.772 I/BaseRequest( 2895): complete
11-03 16:43:36.772 I/BaseRequest( 2895): success!=nulltrue
11-03 16:43:36.782 V/WindowManagerShell( 985): onTransitionReady android.os.BinderProxy@71c40a0: {id=4 t=OPEN f=0x0 trk=0 r=[0@Point(0, 0)] c=[{WCT{android.window.IWindowContainerToken$Stub$Proxy@10582a} m=OPEN f=NONE leash=Surface(name=Task=198)/@0xb9358ff sb=Rect(0, 0 - 1920, 1080) eb=Rect(0, 0 - 1920, 1080) d=0},{WCT{android.window.IWindowContainerToken$Stub$Proxy@c4e861b} m=TO_BACK f=NONE leash=Surface(name=Task=1)/@0x714c6cc sb=Rect(0, 0 - 1920, 1080) eb=Rect(0, 0 - 1920, 1080) d=0}]}
11-03 16:43:36.782 V/WindowManagerShell( 985): Playing animation for (#4)android.os.BinderProxy@71c40a0@0
11-03 16:43:36.782 V/WindowManagerShell( 985): try handler com.android.wm.shell.keyguard.KeyguardTransitionHandler@4334782
11-03 16:43:36.782 V/WindowManagerShell( 985): try handler com.android.wm.shell.pip.tv.TvPipTransition@a2b3e93
11-03 16:43:36.782 V/WindowManagerShell( 985): try handler com.android.wm.shell.activityembedding.ActivityEmbeddingController@a2c9ed0
11-03 16:43:36.783 V/WindowManagerShell( 985): try handler com.android.wm.shell.transition.RemoteTransitionHandler@2432ec9
11-03 16:43:36.783 V/WindowManagerShell( 985): Transition doesn't have explicit remote, search filters for match for {id=4 t=OPEN f=0x0 trk=0 r=[0@Point(0, 0)] c=[{WCT{android.window.IWindowContainerToken$Stub$Proxy@10582a} m=OPEN f=NONE leash=Surface(name=Task=198)/@0xb9358ff sb=Rect(0, 0 - 1920, 1080) eb=Rect(0, 0 - 1920, 1080) d=0},{WCT{android.window.IWindowContainerToken$Stub$Proxy@c4e861b} m=TO_BACK f=NONE leash=Surface(name=Task=1)/@0x714c6cc sb=Rect(0, 0 - 1920, 1080) eb=Rect(0, 0 - 1920, 1080) d=0}]}
11-03 16:43:36.783 V/WindowManagerShell( 985): Delegate animation for #4 to null
11-03 16:43:36.783 V/WindowManagerShell( 985): try handler com.android.wm.shell.transition.DefaultTransitionHandler@75259ce
11-03 16:43:36.783 V/WindowManagerShell( 985): start default transition animation, info = {id=4 t=OPEN f=0x0 trk=0 r=[0@Point(0, 0)] c=[{WCT{android.window.IWindowContainerToken$Stub$Proxy@10582a} m=OPEN f=NONE leash=Surface(name=Task=198)/@0xb9358ff sb=Rect(0, 0 - 1920, 1080) eb=Rect(0, 0 - 1920, 1080) d=0},{WCT{android.window.IWindowContainerToken$Stub$Proxy@c4e861b} m=TO_BACK f=NONE leash=Surface(name=Task=1)/@0x714c6cc sb=Rect(0, 0 - 1920, 1080) eb=Rect(0, 0 - 1920, 1080) d=0}]}
11-03 16:43:36.784 V/WindowManagerShell( 985): loadAnimation: anim=android.view.animation.AlphaAnimation@33ccf6 animAttr=0x9 type=OPEN isEntrance=false
11-03 16:43:36.784 I/ActivityTaskManager( 705): Displayed com.tv.filemanager.os/com.dangbei.lerad.filemanager.ui.home.ManagerHomeActivity for user 0: +339ms
11-03 16:43:36.786 V/WindowManager( 705): Sent Transition #4 createdAt=11-03 16:43:36.443 via request=TransitionRequestInfo { type = 1, triggerTask = TaskInfo{userId=0 taskId=198 displayId=0 isRunning=true baseIntent=Intent { act=android.intent.action.MAIN cat=[android.intent.category.LAUNCHER] flg=0x10000000 pkg=com.tv.filemanager.os cmp=com.tv.filemanager.os/com.dangbei.lerad.filemanager.ui.home.ManagerHomeActivity } baseActivity=ComponentInfo{com.tv.filemanager.os/com.dangbei.lerad.filemanager.ui.home.ManagerHomeActivity} topActivity=ComponentInfo{com.tv.filemanager.os/com.dangbei.lerad.filemanager.ui.home.ManagerHomeActivity} origActivity=null realActivity=ComponentInfo{com.tv.filemanager.os/com.dangbei.lerad.filemanager.ui.home.ManagerHomeActivity} numActivities=1 lastActiveTime=178217 supportsMultiWindow=true resizeMode=1 isResizeable=true minWidth=-1 minHeight=-1 defaultMinSize=220 token=WCT{RemoteToken{52d3948 Task{5331a18 #198 type=standard A=10041:com.tv.filemanager.os}}} topActivityType=1 pictureInPictureParams=null shouldDockBigOverlays=true launchIntoPipHostTaskId=-1 lastParentTaskIdBeforePip=-1 displayCutoutSafeInsets=null topActivityInfo=ActivityInfo{16583e1 com.dangbei.lerad.filemanager.ui.home.ManagerHomeActivity} launchCookies=[] positionInParent=Point(0, 0) parentTaskId=-1 isFocused=false isVisible=false isVisibleRequested=false isSleeping=false topActivityInSizeCompat=false topActivityEligibleForLetterboxEducation= false isLetterboxDoubleTapEnabled= false topActivityEligibleForUserAspectRatioButton= false topActivityBoundsLetterboxed= false isFromLetterboxDoubleTap= false topActivityLetterboxVerticalPosition= -1 topActivityLetterboxHorizontalPosition= -1 topActivityLetterboxWidth=-1 topActivityLetterboxHeight=-1 isUserFullscreenOverrideEnabled=false isTopActivityTransparent=false locusId=null displayAreaFeatureId=1 cameraCompatControlState=hidden}, remoteTransition = null, displayChange = null, flags = 0 }
11-03 16:43:36.786 V/WindowManager( 705): startWCT=WindowContainerTransaction { changes = {} hops = [] errorCallbackToken=null taskFragmentOrganizer=null }
11-03 16:43:36.789 V/WindowManager( 705): info={id=4 t=OPEN f=0x0 trk=0 r=[0@Point(0, 0)] c=[{WCT{RemoteToken{52d3948 Task{5331a18 #198 type=standard A=10041:com.tv.filemanager.os}}} m=OPEN f=NONE leash=Surface(name=Task=198)/@0x5d7e665 sb=Rect(0, 0 - 1920, 1080) eb=Rect(0, 0 - 1920, 1080) d=0},{WCT{RemoteToken{76de506 Task{1ac3798 #1 type=home}}} m=TO_BACK f=NONE leash=Surface(name=Task=1)/@0xa98e4ce sb=Rect(0, 0 - 1920, 1080) eb=Rect(0, 0 - 1920, 1080) d=0}]}
11-03 16:43:36.793 V/WindowManagerShell( 985): loadAnimation: anim=android.view.animation.AlphaAnimation@49111d0 animAttr=0x8 type=OPEN isEntrance=true
11-03 16:43:36.797 V/WindowManagerShell( 985): animated by com.android.wm.shell.transition.DefaultTransitionHandler@75259ce
11-03 16:43:36.810 D/CompatibilityChangeReporter( 705): Compat change id reported: 178209446; UID 10041; state: DISABLED
11-03 16:43:36.814 E/StorageManager( 1450): Failed to open /storage/emulated/0/DBTestDir@God/.probe to set project id.: No such file or directory
11-03 16:43:36.816 W/MediaProvider( 1450): Failed to update quota type for /storage/emulated/0/DBTestDir@God/.probe
11-03 16:43:36.816 W/MediaProvider( 1450): java.io.IOException: Failed to update quota type for /storage/emulated/0/DBTestDir@God/.probe
11-03 16:43:36.816 W/MediaProvider( 1450): at android.os.storage.StorageManager.updateExternalStorageFileQuotaType(StorageManager.java:2560)
11-03 16:43:36.816 W/MediaProvider( 1450): at com.android.providers.media.MediaProvider.updateQuotaTypeForFileInternal(MediaProvider.java:882)
11-03 16:43:36.816 W/MediaProvider( 1450): at com.android.providers.media.MediaProvider.lambda$onFileCreatedForFuse$16(MediaProvider.java:1968)
11-03 16:43:36.816 W/MediaProvider( 1450): at com.android.providers.media.MediaProvider.$r8$lambda$2xymPekDQJh5Kd8JDQRtxlL1z1s(MediaProvider.java:0)
11-03 16:43:36.816 W/MediaProvider( 1450): at com.android.providers.media.MediaProvider$$ExternalSyntheticLambda13.run(R8$$SyntheticClass:0)
11-03 16:43:36.816 W/MediaProvider( 1450): at android.os.Handler.handleCallback(Handler.java:958)
11-03 16:43:36.816 W/MediaProvider( 1450): at android.os.Handler.dispatchMessage(Handler.java:99)
11-03 16:43:36.816 W/MediaProvider( 1450): at android.os.Looper.loopOnce(Looper.java:205)
11-03 16:43:36.816 W/MediaProvider( 1450): at android.os.Looper.loop(Looper.java:294)
11-03 16:43:36.816 W/MediaProvider( 1450): at android.os.HandlerThread.run(HandlerThread.java:67)
11-03 16:43:36.824 W/ContextImpl( 705): Calling a method in the system process without a qualified user: android.app.ContextImpl.startService:1899 com.android.server.wm.DisplayPolicy.lambda$focusChangedLw$5:2126 com.android.server.wm.DisplayPolicy.$r8$lambda$Znxk63oh-WzVnzo_WQefN7uxV48:0 com.android.server.wm.DisplayPolicy$$ExternalSyntheticLambda13.run:0 android.os.Handler.handleCallback:958
11-03 16:43:36.828 D/aaa ( 1525): LedStatusService onStartCommand begin
11-03 16:43:36.830 D/aaa ( 1525): topPkg is -------------- :com.tv.filemanager.os
11-03 16:43:36.840 I/ImeTracker( 705): com.tv.filemanager.os:2398a6e5: onRequestHide at ORIGIN_SERVER_HIDE_INPUT reason HIDE_STATE_HIDDEN_FORWARD_NAV
11-03 16:43:36.840 I/ImeTracker( 705): com.tv.filemanager.os:2398a6e5: onCancelled at PHASE_SERVER_SHOULD_HIDE
11-03 16:43:36.843 I/DefaultIMS( 1940): onStartInput attribute=android.view.inputmethod.EditorInfo@862eefc restarting=false inputType: 0
11-03 16:43:37.205 V/WindowManagerShell( 985): Transition animation finished (aborted=false), notifying core (#4)android.os.BinderProxy@71c40a0@0
11-03 16:43:37.206 V/WindowManager( 705): Finish Transition #4: created at
11-03 16:43:36.443 collect-started=0.075ms request-sent=18.395ms started=22.063ms ready=50.25ms sent=335.318ms finished=762.846ms
11-03 16:43:37.210 V/WindowManagerShell( 985): Track 0 became idle
11-03 16:43:37.210 V/WindowManagerShell( 985): All active transition animations finished
11-03 16:43:37.229 I/BaseRequest( 2895): complete
11-03 16:43:37.229 I/BaseRequest( 2895): success!=nulltrue
11-03 16:43:37.234 W/.filemanager.os( 2895): Accessing hidden method Landroid/os/storage/VolumeInfo;->getDescriptionComparator()Ljava/util/Comparator; (max-target-o, reflection, denied)
11-03 16:43:37.234 W/System.err( 2895): java.lang.NoSuchMethodException: android.os.storage.VolumeInfo.getDescriptionComparator []
11-03 16:43:37.239 W/System.err( 2895): at java.lang.Class.getMethod(Class.java:2937)
11-03 16:43:37.239 W/System.err( 2895): at java.lang.Class.getMethod(Class.java:2449)
11-03 16:43:37.239 W/System.err( 2895): at com.monster.godzilla.utlis.FileManagerSdcardUtils.getAllSDPath(FileManagerSdcardUtils.java:126)
11-03 16:43:37.239 W/System.err( 2895): at com.dangbei.lerad.filemanager.ui.home.ManagerHomeActivity.onRequestDiskInfo(ManagerHomeActivity.java:185)
11-03 16:43:37.239 W/System.err( 2895): at com.dangbei.lerad.filemanager.ui.home.ManagerHomePresenter.lambda$requestDiskInfo$2$ManagerHomePresenter(ManagerHomePresenter.java:127)
11-03 16:43:37.239 W/System.err( 2895): at com.dangbei.lerad.filemanager.ui.home.-$$Lambda$ManagerHomePresenter$RAAXS303rpWOtR1VxYYweKio5MI.call(Unknown Source:8)
11-03 16:43:37.239 W/System.err( 2895): at com.monster.godzilla.target.TargetDiskScan.call(TargetDiskScan.java:40)
11-03 16:43:37.239 W/System.err( 2895): at com.monster.godzilla.target.TargetDiskScan.call(TargetDiskScan.java:22)
11-03 16:43:37.239 W/System.err( 2895): at com.monster.godzilla.load.BaseRequest.complete(BaseRequest.java:86)
11-03 16:43:37.239 W/System.err( 2895): at com.monster.godzilla.load.RequestDiskScan$1.onNext(RequestDiskScan.java:97)
11-03 16:43:37.239 W/System.err( 2895): at com.monster.godzilla.load.RequestDiskScan$1.onNext(RequestDiskScan.java:55)
11-03 16:43:37.239 W/System.err( 2895): at com.monster.godzilla.utlis.ThreadManager$Subscriber$1.run(ThreadManager.java:197)
11-03 16:43:37.239 W/System.err( 2895): at android.os.Handler.handleCallback(Handler.java:958)
11-03 16:43:37.239 W/System.err( 2895): at android.os.Handler.dispatchMessage(Handler.java:99)
11-03 16:43:37.239 W/System.err( 2895): at android.os.Looper.loopOnce(Looper.java:205)
11-03 16:43:37.239 W/System.err( 2895): at android.os.Looper.loop(Looper.java:294)
11-03 16:43:37.239 W/System.err( 2895): at android.app.ActivityThread.main(ActivityThread.java:8255)
11-03 16:43:37.239 W/System.err( 2895): at java.lang.reflect.Method.invoke(Native Method)
11-03 16:43:37.239 W/System.err( 2895): at com.android.internal.os.RuntimeInit$MethodAndArgsCaller.run(RuntimeInit.java:552)
11-03 16:43:37.239 W/System.err( 2895): at com.android.internal.os.ZygoteInit.main(ZygoteInit.java:978)
11-03 16:43:37.269 D/sss ( 2895): 发现USB设备------------------>>2>/storage/02E24445E2443EE3
11-03 16:43:37.380 I/DefaultIMS( 1940): onStartInput attribute=android.view.inputmethod.EditorInfo@b6dfee8 restarting=false inputType: 0
11-03 16:43:37.504 I/audio_hw_hal_stream( 469): aml_stream_out_info_print: out:0xe4580010, stream_type:pcm, sync_mode:non tunnel, input_size:3471360 bytes
11-03 16:43:37.504 I/audio_hw_hal_stream( 469): aml_stream_out_info_print: last_time:179246 ms (sec:179, nsec:246796251), last_position:17873 ms (857904), cur_time:179257 ms (sec:179, nsec:257739543), cur_position:17883 ms (858416)
11-03 16:43:37.504 I/audio_hw_hal_stream( 469): aml_stream_out_info_print: time_gap:11 ms (thr:100 ms), position_gap:10 ms, delay:196 ms, jitter: Position gap is behind system time gap by 1 ms (thr:100 ms)
11-03 16:43:37.708 W/System ( 705): A resource failed to call release.
11-03 16:43:37.900 I/BLEAudioDrive_HV412( 469): fd:26 data len: 9 1
11-03 16:43:37.925 I/audio_hw_device_patchmgr( 469): [register_audio_patch:728] Patch 4:id:4 mix(io:13)->dev_0[OUT_HDMI(id:39)] found, register the same patch, do nothing.
11-03 16:43:37.925 I/audio_hw_device_patchmgr( 469): [patch_mgr_create_patch:871] Patch 4: MIX->DEVICE, num_src:1 num_sink:1 patch_src:INVAL
11-03 16:43:37.925 I/audio_hw_device_patchmgr( 469): [patch_mgr_create_patch:875] sink[0]: OUT_HDMI(id:39)
11-03 16:43:37.925 I/audio_hw_device_patchmgr( 469): [patch_mgr_create_patch:909] Patch 4: mix(io:13) -> dev[OUT_HDMI(id:39)]
11-03 16:43:37.925 I/audio_hw_hal_primary( 469): [adev_create_audio_patch:7558] dev=0xe46c0010 cur_out_device=0x400
11-03 16:43:37.925 D/UEventObserver( 997): change@/devices/platform/auge_sound/sound/card0/controlC0ACTION=changeDEVPATH=/devices/platform/auge_sound/sound/card0/controlC0SUBSYSTEM=soundAUDIO_FORMAT=0MAJOR=116MINOR=13DEVNAME=snd/controlC0SEQNUM=3713
11-03 16:43:37.934 D/audioserver( 501): logFgsApiBegin: FGS Logger Transaction failed, -129
11-03 16:43:37.935 I/audio_hw_hal_primary( 469): out_update_source_metadata_v7() line 1743 usage:1 content_type:2
11-03 16:43:37.937 I/SogouIME( 1940): onKeyDown: keyoCode=22
11-03 16:43:37.937 I/DefaultIMS( 1940): onKeyDown: keyoCode=22
11-03 16:43:37.937 D/ShowHdrAudioLogoService( 997): receive broadcast, audio format:0
11-03 16:43:37.939 D/ShowHdrAudioLogoService( 997): clearContent
11-03 16:43:37.965 I/audio_hw_device_patchmgr( 469): [register_audio_patch:728] Patch 4:id:4 mix(io:13)->dev_0[OUT_HDMI(id:39)] found, register the same patch, do nothing.
11-03 16:43:37.965 I/audio_hw_device_patchmgr( 469): [patch_mgr_create_patch:871] Patch 4: MIX->DEVICE, num_src:1 num_sink:1 patch_src:INVAL
11-03 16:43:37.965 I/audio_hw_device_patchmgr( 469): [patch_mgr_create_patch:875] sink[0]: OUT_HDMI(id:39)
11-03 16:43:37.965 I/audio_hw_device_patchmgr( 469): [patch_mgr_create_patch:909] Patch 4: mix(io:13) -> dev[OUT_HDMI(id:39)]
11-03 16:43:37.965 I/audio_hw_hal_primary( 469): [adev_create_audio_patch:7558] dev=0xe46c0010 cur_out_device=0x400
11-03 16:43:37.966 D/audioserver( 501): logFgsApiEnd: FGS Logger Transaction failed, -129
11-03 16:43:37.966 D/UEventObserver( 997): change@/devices/platform/auge_sound/sound/card0/controlC0ACTION=changeDEVPATH=/devices/platform/auge_sound/sound/card0/controlC0SUBSYSTEM=soundAUDIO_FORMAT=0MAJOR=116MINOR=13DEVNAME=snd/controlC0SEQNUM=3714
11-03 16:43:37.966 D/audioserver( 501): logFgsApiBegin: FGS Logger Transaction failed, -129
11-03 16:43:37.967 I/audio_hw_hal_primary( 469): out_update_source_metadata_v7() line 1743 usage:1 content_type:2
11-03 16:43:37.968 D/ShowHdrAudioLogoService( 997): receive broadcast, audio format:0
11-03 16:43:37.969 D/ShowHdrAudioLogoService( 997): clearContent
11-03 16:43:37.970 D/audioserver( 501): logFgsApiBegin: FGS Logger Transaction failed, -129
11-03 16:43:37.985 I/audio_hw_hal_primary( 469): out_update_source_metadata_v7() line 1743 usage:13 content_type:4
11-03 16:43:38.064 D/audio_hw_hal_stream( 469): update_audio_hal_info() audio hal format change to 1, atmos flag = 0, is_dolby_atmos = 0, dts_hp_x = 0, update_type = 0 is_dolby_atmos_off = 1 virtual_bass_enable 0
11-03 16:43:38.064 D/audio_hw_hal_stream( 469): update_audio_hal_info() cur_out_devices 0x400, dap_bypass_enable = 0, is_ms12_tuning_dat = 0, dolby_ms12_enable = 1, output_config = 0xc
11-03 16:43:38.065 D/UEventObserver( 997): change@/devices/platform/auge_sound/sound/card0/controlC0ACTION=changeDEVPATH=/devices/platform/auge_sound/sound/card0/controlC0SUBSYSTEM=soundAUDIO_FORMAT=0MAJOR=116MINOR=13DEVNAME=snd/controlC0SEQNUM=3715
11-03 16:43:38.067 D/ShowHdrAudioLogoService( 997): receive broadcast, audio format:0
11-03 16:43:38.068 D/ShowHdrAudioLogoService( 997): clearContent
11-03 16:43:38.079 D/uninstall( 3127): isAllowStart last_delay 0, current_time 1762159418
11-03 16:43:38.079 I/uninstall( 3127): enable_service com.ktcp.video/com.tencent.qqlivetv.keeplive.proc.DaemonService com.ktcp.video/(null)
11-03 16:43:38.080 I/BLEAudioDrive_HV412( 469): fd:26 data len: 9 1
11-03 16:43:38.081 I/SogouIME( 1940): onKeyUp: keyoCode=22
11-03 16:43:38.081 I/DefaultIMS( 1940): onKeyUp: keyoCode=22
11-03 16:43:38.083 D/uninstall( 3127): enable_service waitpid
11-03 16:43:38.083 D/uninstall( 4217): enable_service pid == 0
11-03 16:43:38.083 D/uninstall( 4217): enable_service version >= 17 || version == 0 version == 34
11-03 16:43:38.085 I/audio_hw_hal_primary( 469): [audiohal_get_latency:1036] io 13: out:0xe4580010 frames:1152 rate:48000 whole_latency:24 alsa_latency:24
11-03 16:43:38.105 I/audio_hw_hal_primary( 469): [audiohal_get_latency:1036] io 13: out:0xe4580010 frames:1024 rate:48000 whole_latency:21 alsa_latency:21
11-03 16:43:38.125 I/audio_hw_hal_primary( 469): [audiohal_get_latency:1036] io 13: out:0xe4580010 frames:1024 rate:48000 whole_latency:21 alsa_latency:21
11-03 16:43:38.125 I/audio_hw_hal_primary( 469): [audiohal_get_latency:1036] io 13: out:0xe4580010 frames:1024 rate:48000 whole_latency:21 alsa_latency:21
11-03 16:43:38.129 I/uninstall( 3127): watchdaemon process_name = com.ktcp.video:daemon has gone, start it
11-03 16:43:38.131 D/uninstall( 3127): watchdaemon waitpid
11-03 16:43:38.131 D/uninstall( 4221): watchdaemon pid == 0
11-03 16:43:38.131 D/uninstall( 4221): watchdaemon version >= 17 || version == 0 version == 34
11-03 16:43:38.135 I/audio_hw_hal_primary( 469): [audiohal_get_latency:1036] io 13: out:0xe4580010 frames:1024 rate:48000 whole_latency:21 alsa_latency:21
11-03 16:43:38.136 I/audio_hw_hal_primary( 469): [audiohal_get_latency:1036] io 13: out:0xe4580010 frames:1024 rate:48000 whole_latency:21 alsa_latency:21
11-03 16:43:38.139 E/TaskPersister( 705): File error accessing recents directory (directory doesn't exist?).
11-03 16:43:38.145 I/audio_hw_hal_primary( 469): [audiohal_get_latency:1036] io 13: out:0xe4580010 frames:1152 rate:48000 whole_latency:24 alsa_latency:24
11-03 16:43:38.145 I/audio_hw_hal_primary( 469): [audiohal_get_latency:1036] io 13: out:0xe4580010 frames:1152 rate:48000 whole_latency:24 alsa_latency:24
11-03 16:43:38.155 I/audio_hw_hal_primary( 469): [audiohal_get_latency:1036] io 13: out:0xe4580010 frames:1152 rate:48000 whole_latency:24 alsa_latency:24
11-03 16:43:38.156 I/audio_hw_hal_primary( 469): [audiohal_get_latency:1036] io 13: out:0xe4580010 frames:1152 rate:48000 whole_latency:24 alsa_latency:24
11-03 16:43:38.165 I/audio_hw_hal_primary( 469): [audiohal_get_latency:1036] io 13: out:0xe4580010 frames:1152 rate:48000 whole_latency:24 alsa_latency:24
11-03 16:43:38.165 I/audio_hw_hal_primary( 469): [audiohal_get_latency:1036] io 13: out:0xe4580010 frames:1152 rate:48000 whole_latency:24 alsa_latency:24
11-03 16:43:38.176 I/audio_hw_hal_primary( 469): [audiohal_get_latency:1036] io 13: out:0xe4580010 frames:1152 rate:48000 whole_latency:24 alsa_latency:24
11-03 16:43:38.176 I/audio_hw_hal_primary( 469): [audiohal_get_latency:1036] io 13: out:0xe4580010 frames:1152 rate:48000 whole_latency:24 alsa_latency:24
11-03 16:43:38.185 I/audio_hw_hal_primary( 469): [audiohal_get_latency:1036] io 13: out:0xe4580010 frames:1024 rate:48000 whole_latency:21 alsa_latency:21
11-03 16:43:38.185 I/audio_hw_hal_primary( 469): [audiohal_get_latency:1036] io 13: out:0xe4580010 frames:1024 rate:48000 whole_latency:21 alsa_latency:21
11-03 16:43:38.195 I/audio_hw_hal_primary( 469): [audiohal_get_latency:1036] io 13: out:0xe4580010 frames:1280 rate:48000 whole_latency:26 alsa_latency:26
11-03 16:43:38.196 I/audio_hw_hal_primary( 469): [audiohal_get_latency:1036] io 13: out:0xe4580010 frames:1280 rate:48000 whole_latency:26 alsa_latency:26
11-03 16:43:38.205 I/audio_hw_hal_primary( 469): [audiohal_get_latency:1036] io 13: out:0xe4580010 frames:1024 rate:48000 whole_latency:21 alsa_latency:21
11-03 16:43:38.205 I/audio_hw_hal_primary( 469): [audiohal_get_latency:1036] io 13: out:0xe4580010 frames:1024 rate:48000 whole_latency:21 alsa_latency:21
11-03 16:43:38.215 I/audio_hw_hal_primary( 469): [audiohal_get_latency:1036] io 13: out:0xe4580010 frames:1024 rate:48000 whole_latency:21 alsa_latency:21
11-03 16:43:38.215 I/audio_hw_hal_primary( 469): [audiohal_get_latency:1036] io 13: out:0xe4580010 frames:1024 rate:48000 whole_latency:21 alsa_latency:21
11-03 16:43:38.225 I/audio_hw_hal_primary( 469): [audiohal_get_latency:1036] io 13: out:0xe4580010 frames:1152 rate:48000 whole_latency:24 alsa_latency:24
11-03 16:43:38.225 I/audio_hw_hal_primary( 469): [audiohal_get_latency:1036] io 13: out:0xe4580010 frames:1152 rate:48000 whole_latency:24 alsa_latency:24
11-03 16:43:38.235 I/audio_hw_hal_primary( 469): [audiohal_get_latency:1036] io 13: out:0xe4580010 frames:1152 rate:48000 whole_latency:24 alsa_latency:24
11-03 16:43:38.236 I/audio_hw_hal_primary( 469): [audiohal_get_latency:1036] io 13: out:0xe4580010 frames:1152 rate:48000 whole_latency:24 alsa_latency:24
11-03 16:43:38.245 I/audio_hw_hal_primary( 469): [audiohal_get_latency:1036] io 13: out:0xe4580010 frames:1152 rate:48000 whole_latency:24 alsa_latency:24
11-03 16:43:38.245 I/audio_hw_hal_primary( 469): [audiohal_get_latency:1036] io 13: out:0xe4580010 frames:1152 rate:48000 whole_latency:24 alsa_latency:24
11-03 16:43:38.255 I/audio_hw_hal_primary( 469): [audiohal_get_latency:1036] io 13: out:0xe4580010 frames:1152 rate:48000 whole_latency:24 alsa_latency:24
11-03 16:43:38.255 I/audio_hw_hal_primary( 469): [audiohal_get_latency:1036] io 13: out:0xe4580010 frames:1152 rate:48000 whole_latency:24 alsa_latency:24
11-03 16:43:38.265 I/audio_hw_hal_primary( 469): [audiohal_get_latency:1036] io 13: out:0xe4580010 frames:1024 rate:48000 whole_latency:21 alsa_latency:21
11-03 16:43:38.265 I/audio_hw_hal_primary( 469): [audiohal_get_latency:1036] io 13: out:0xe4580010 frames:1024 rate:48000 whole_latency:21 alsa_latency:21
11-03 16:43:38.276 I/audio_hw_hal_primary( 469): [audiohal_get_latency:1036] io 13: out:0xe4580010 frames:1280 rate:48000 whole_latency:26 alsa_latency:26
11-03 16:43:38.276 I/audio_hw_hal_primary( 469): [audiohal_get_latency:1036] io 13: out:0xe4580010 frames:1280 rate:48000 whole_latency:26 alsa_latency:26
11-03 16:43:38.285 I/audio_hw_hal_primary( 469): [audiohal_get_latency:1036] io 13: out:0xe4580010 frames:1024 rate:48000 whole_latency:21 alsa_latency:21
11-03 16:43:38.285 I/audio_hw_hal_primary( 469): [audiohal_get_latency:1036] io 13: out:0xe4580010 frames:1024 rate:48000 whole_latency:21 alsa_latency:21
11-03 16:43:38.285 D/audioserver( 501): logFgsApiEnd: FGS Logger Transaction failed, -129
11-03 16:43:38.286 I/audio_hw_hal_primary( 469): out_update_source_metadata_v7() line 1743 usage:1 content_type:2
11-03 16:43:38.297 I/audio_hw_hal_primary( 469): [audiohal_get_latency:1036] io 13: out:0xe4580010 frames:1024 rate:48000 whole_latency:21 alsa_latency:21
11-03 16:43:38.305 I/audio_hw_hal_primary( 469): [audiohal_get_latency:1036] io 13: out:0xe4580010 frames:1152 rate:48000 whole_latency:24 alsa_latency:24
11-03 16:43:38.315 I/audio_hw_hal_primary( 469): [audiohal_get_latency:1036] io 13: out:0xe4580010 frames:1152 rate:48000 whole_latency:24 alsa_latency:24
11-03 16:43:38.325 I/audio_hw_hal_primary( 469): [audiohal_get_latency:1036] io 13: out:0xe4580010 frames:1152 rate:48000 whole_latency:24 alsa_latency:24
11-03 16:43:38.326 D/audioserver( 501): logFgsApiEnd: FGS Logger Transaction failed, -129
11-03 16:43:38.339 I/BLEAudioDrive_HV412( 469): fd:26 data len: 9 1
11-03 16:43:38.365 I/audio_hw_device_patchmgr( 469): [register_audio_patch:728] Patch 4:id:4 mix(io:13)->dev_0[OUT_HDMI(id:39)] found, register the same patch, do nothing.
11-03 16:43:38.365 I/audio_hw_device_patchmgr( 469): [patch_mgr_create_patch:871] Patch 4: MIX->DEVICE, num_src:1 num_sink:1 patch_src:INVAL
11-03 16:43:38.365 I/audio_hw_device_patchmgr( 469): [patch_mgr_create_patch:875] sink[0]: OUT_HDMI(id:39)
11-03 16:43:38.365 I/audio_hw_device_patchmgr( 469): [patch_mgr_create_patch:909] Patch 4: mix(io:13) -> dev[OUT_HDMI(id:39)]
11-03 16:43:38.365 I/audio_hw_hal_primary( 469): [adev_create_audio_patch:7558] dev=0xe46c0010 cur_out_device=0x400
11-03 16:43:38.365 D/UEventObserver( 997): change@/devices/platform/auge_sound/sound/card0/controlC0ACTION=changeDEVPATH=/devices/platform/auge_sound/sound/card0/controlC0SUBSYSTEM=soundAUDIO_FORMAT=0MAJOR=116MINOR=13DEVNAME=snd/controlC0SEQNUM=3716
11-03 16:43:38.369 D/ShowHdrAudioLogoService( 997): receive broadcast, audio format:0
11-03 16:43:38.370 D/ShowHdrAudioLogoService( 997): clearContent
11-03 16:43:38.374 D/audioserver( 501): logFgsApiBegin: FGS Logger Transaction failed, -129
11-03 16:43:38.376 I/audio_hw_hal_primary( 469): out_update_source_metadata_v7() line 1743 usage:1 content_type:2
11-03 16:43:38.376 I/SogouIME( 1940): onKeyDown: keyoCode=23
11-03 16:43:38.376 I/DefaultIMS( 1940): onKeyDown: keyoCode=23
11-03 16:43:38.450 I/BLEAudioDrive_HV412( 469): fd:26 data len: 9 1
11-03 16:43:38.452 I/SogouIME( 1940): onKeyUp: keyoCode=23
11-03 16:43:38.452 I/DefaultIMS( 1940): onKeyUp: keyoCode=23
11-03 16:43:38.457 E/hq_file ( 2895): disk click:/storage/02E24445E2443EE3
11-03 16:43:38.457 E/hq_file ( 2895): startActivity:/storage/02E24445E2443EE3_____position:0
11-03 16:43:38.457 E/hq_file ( 2895): startActivity:false
11-03 16:43:38.457 I/com.monster.godzilla.load.RequestDiskPath( 2895): doSomething
11-03 16:43:38.464 D/audio_hw_hal_stream( 469): update_audio_hal_info() audio hal format change to 1, atmos flag = 0, is_dolby_atmos = 0, dts_hp_x = 0, update_type = 0 is_dolby_atmos_off = 1 virtual_bass_enable 0
11-03 16:43:38.464 D/audio_hw_hal_stream( 469): update_audio_hal_info() cur_out_devices 0x400, dap_bypass_enable = 0, is_ms12_tuning_dat = 0, dolby_ms12_enable = 1, output_config = 0xc
11-03 16:43:38.466 D/UEventObserver( 997): change@/devices/platform/auge_sound/sound/card0/controlC0ACTION=changeDEVPATH=/devices/platform/auge_sound/sound/card0/controlC0SUBSYSTEM=soundAUDIO_FORMAT=0MAJOR=116MINOR=13DEVNAME=snd/controlC0SEQNUM=3717
11-03 16:43:38.467 W/.filemanager.os( 2895): Accessing hidden method Landroid/os/storage/VolumeInfo;->getDescriptionComparator()Ljava/util/Comparator; (max-target-o, reflection, denied)
11-03 16:43:38.467 W/System.err( 2895): java.lang.NoSuchMethodException: android.os.storage.VolumeInfo.getDescriptionComparator []
11-03 16:43:38.468 W/System.err( 2895): at java.lang.Class.getMethod(Class.java:2937)
11-03 16:43:38.468 W/System.err( 2895): at java.lang.Class.getMethod(Class.java:2449)
11-03 16:43:38.468 W/System.err( 2895): at com.monster.godzilla.utlis.FileManagerSdcardUtils.getAllSDPath(FileManagerSdcardUtils.java:126)
11-03 16:43:38.468 W/System.err( 2895): at com.monster.godzilla.load.RequestDiskPath$1.onRun(RequestDiskPath.java:55)
11-03 16:43:38.468 W/System.err( 2895): at com.monster.godzilla.utlis.ThreadManager$ThreadPoolProxy$1.run(ThreadManager.java:105)
11-03 16:43:38.468 W/System.err( 2895): at java.util.concurrent.ThreadPoolExecutor.runWorker(ThreadPoolExecutor.java:1145)
11-03 16:43:38.468 W/System.err( 2895): at java.util.concurrent.ThreadPoolExecutor$Worker.run(ThreadPoolExecutor.java:644)
11-03 16:43:38.468 W/System.err( 2895): at java.lang.Thread.run(Thread.java:1012)
11-03 16:43:38.476 D/ShowHdrAudioLogoService( 997): receive broadcast, audio format:0
11-03 16:43:38.476 D/ShowHdrAudioLogoService( 997): clearContent
11-03 16:43:38.485 I/audio_hw_device_patchmgr( 469): [register_audio_patch:728] Patch 4:id:4 mix(io:13)->dev_0[OUT_HDMI(id:39)] found, register the same patch, do nothing.
11-03 16:43:38.485 I/audio_hw_device_patchmgr( 469): [patch_mgr_create_patch:871] Patch 4: MIX->DEVICE, num_src:1 num_sink:1 patch_src:INVAL
11-03 16:43:38.485 I/audio_hw_device_patchmgr( 469): [patch_mgr_create_patch:875] sink[0]: OUT_HDMI(id:39)
11-03 16:43:38.485 I/audio_hw_device_patchmgr( 469): [patch_mgr_create_patch:909] Patch 4: mix(io:13) -> dev[OUT_HDMI(id:39)]
11-03 16:43:38.485 I/audio_hw_hal_primary( 469): [adev_create_audio_patch:7558] dev=0xe46c0010 cur_out_device=0x400
11-03 16:43:38.485 D/audioserver( 501): logFgsApiEnd: FGS Logger Transaction failed, -129
11-03 16:43:38.486 D/audioserver( 501): logFgsApiBegin: FGS Logger Transaction failed, -129
11-03 16:43:38.486 D/UEventObserver( 997): change@/devices/platform/auge_sound/sound/card0/controlC0ACTION=changeDEVPATH=/devices/platform/auge_sound/sound/card0/controlC0SUBSYSTEM=soundAUDIO_FORMAT=0MAJOR=116MINOR=13DEVNAME=snd/controlC0SEQNUM=3718
11-03 16:43:38.487 I/audio_hw_hal_primary( 469): out_update_source_metadata_v7() line 1743 usage:1 content_type:2
11-03 16:43:38.490 D/audioserver( 501): logFgsApiBegin: FGS Logger Transaction failed, -129
11-03 16:43:38.489 I/mount ( 4230): type=1400 audit(0.0:1442): avc: denied { getattr } for path="/mnt/media_rw/02E24445E2443EE3" dev="sda1" ino=5 scontext=u:r:untrusted_app_29:s0:c41,c256,c512,c768 tcontext=u:object_r:unlabeled:s0 tclass=dir permissive=1 app=com.tv.filemanager.os
11-03 16:43:38.493 I/mount ( 4230): type=1400 audit(0.0:1443): avc: denied { search } for name="block" dev="tmpfs" ino=11 scontext=u:r:untrusted_app_29:s0:c41,c256,c512,c768 tcontext=u:object_r:block_device:s0 tclass=dir permissive=1 app=com.tv.filemanager.os
11-03 16:43:38.504 D/sss ( 2895): 发现USB设备------------------>>2>/storage/02E24445E2443EE3
11-03 16:43:38.505 D/ShowHdrAudioLogoService( 997): receive broadcast, audio format:0
11-03 16:43:38.505 I/BaseRequest( 2895): complete
11-03 16:43:38.505 I/BaseRequest( 2895): success!=nulltrue
11-03 16:43:38.505 E/hq_file ( 2895): startActivity:contains
11-03 16:43:38.506 D/ShowHdrAudioLogoService( 997): clearContent
11-03 16:43:38.506 I/audio_hw_hal_primary( 469): out_update_source_metadata_v7() line 1743 usage:13 content_type:4
11-03 16:43:38.510 E/CellBroadcastUtils( 705): getDefaultCellBroadcastReceiverPackageName: no package found
11-03 16:43:38.505 I/rainbow_flow( 2350): type=1400 audit(0.0:1444): avc: denied { ioctl } for path="/dev/spidev1.0" dev="tmpfs" ino=533 ioctlcmd=0x6b00 scontext=u:r:init:s0 tcontext=u:object_r:device:s0 tclass=chr_file permissive=1
11-03 16:43:38.516 E/Transition( 705): Trying to add a ready-group twice: Display{#0 state=ON size=1920x1080 ROTATION_0}
11-03 16:43:38.519 V/WindowManagerShell( 985): Transition requested: android.os.BinderProxy@50e5585 TransitionRequestInfo { type = 1, triggerTask = TaskInfo{userId=0 taskId=198 displayId=0 isRunning=true baseIntent=Intent { act=android.intent.action.MAIN cat=[android.intent.category.LAUNCHER] flg=0x10000000 pkg=com.tv.filemanager.os cmp=com.tv.filemanager.os/com.dangbei.lerad.filemanager.ui.home.ManagerHomeActivity } baseActivity=ComponentInfo{com.tv.filemanager.os/com.dangbei.lerad.filemanager.ui.home.ManagerHomeActivity} topActivity=ComponentInfo{com.tv.filemanager.os/com.dangbei.lerad.filemanager.ui.info.ManagerDiskInfoActivity} origActivity=null realActivity=ComponentInfo{com.tv.filemanager.os/com.dangbei.lerad.filemanager.ui.home.ManagerHomeActivity} numActivities=2 lastActiveTime=180271 supportsMultiWindow=true resizeMode=1 isResizeable=true minWidth=-1 minHeight=-1 defaultMinSize=220 token=WCT{android.window.IWindowContainerToken$Stub$Proxy@f071fda} topActivityType=1 pictureInPictureParams=null shouldDockBigOverlays=true launchIntoPipHostTaskId=-1 lastParentTaskIdBeforePip=-1 displayCutoutSafeInsets=null topActivityInfo=ActivityInfo{e592c0b com.dangbei.lerad.filemanager.ui.info.ManagerDiskInfoActivity} launchCookies=[] positionInParent=Point(0, 0) parentTaskId=-1 isFocused=true isVisible=true isVisibleRequested=true isSleeping=false topActivityInSizeCompat=false topActivityEligibleForLetterboxEducation= false isLetterboxDoubleTapEnabled= false topActivityEligibleForUserAspectRatioButton= false topActivityBoundsLetterboxed= false isFromLetterboxDoubleTap= false topActivityLetterboxVerticalPosition= -1 topActivityLetterboxHorizontalPosition= -1 topActivityLetterboxWidth=-1 topActivityLetterboxHeight=-1 isUserFullscreenOverrideEnabled=false isTopActivityTransparent=false locusId=null displayAreaFeatureId=1 cameraCompatControlState=hidden}, remoteTransition = null, displayChange = null, flags = 0 }
11-03 16:43:38.519 I/ActivityTaskManager( 705): START u0 {flg=0x14000000 cmp=com.tv.filemanager.os/com.dangbei.lerad.filemanager.ui.info.ManagerDiskInfoActivity (has extras)} with LAUNCH_MULTIPLE from uid 10041 (BAL_ALLOW_VISIBLE_WINDOW) result code=0
11-03 16:43:38.519 E/hq_file ( 2895): startActivity:over
11-03 16:43:38.526 V/WindowManager( 705): app ------------- force_land :0
11-03 16:43:38.526 V/WindowManager( 705): app ------------- force_land :0
11-03 16:43:38.526 V/WindowManager( 705): app ------------- force_land :0
11-03 16:43:38.536 V/WindowManager( 705): app ------------- force_land :0
11-03 16:43:38.538 E/hq_file ( 2895): startActivity:onCreate
11-03 16:43:38.538 I/BpBinder( 276): onLastStrongRef automatically unlinking death recipients:
11-03 16:43:38.549 E/hq_file ( 2895): initData:path:null
11-03 16:43:38.565 I/audio_hw_hal_primary( 469): [audiohal_get_latency:1036] io 13: out:0xe4580010 frames:1152 rate:48000 whole_latency:24 alsa_latency:24
11-03 16:43:38.571 E/hq_file ( 2895): startActivity:onStart
11-03 16:43:38.573 E/hq_file ( 2895): loadData:path:/storage/02E24445E2443EE3
11-03 16:43:38.573 E/hq_file ( 2895): loadData:name:meida
11-03 16:43:38.573 E/hq_file ( 2895): loadData:canRead:true
11-03 16:43:38.573 E/hq_file ( 2895): loadData:isExsit:true
11-03 16:43:38.573 E/hq_file ( 2895): loadData:islocalUsb:false
11-03 16:43:38.578 E/hq_file ( 2895): startActivity:onResume
11-03 16:43:38.581 W/WindowManager( 705): [addWindow] title:com.tv.filemanager.os/com.dangbei.lerad.filemanager.ui.info.ManagerDiskInfoActivity
11-03 16:43:38.581 W/WindowManager( 705): Failed looking up window session=Session{5535dc5 2895:u0a10041} callers=com.android.server.wm.WindowManagerService.windowForClientLocked:6077 com.android.server.wm.Session.updateRequestedVisibleTypes:695 android.view.IWindowSession$Stub.onTransact:1034
11-03 16:43:38.584 D/audio_hw_hal_stream( 469): update_audio_hal_info() audio hal format change to 1, atmos flag = 0, is_dolby_atmos = 0, dts_hp_x = 0, update_type = 0 is_dolby_atmos_off = 1 virtual_bass_enable 0
11-03 16:43:38.584 D/audio_hw_hal_stream( 469): update_audio_hal_info() cur_out_devices 0x400, dap_bypass_enable = 0, is_ms12_tuning_dat = 0, dolby_ms12_enable = 1, output_config = 0xc
11-03 16:43:38.585 D/UEventObserver( 997): change@/devices/platform/auge_sound/sound/card0/controlC0ACTION=changeDEVPATH=/devices/platform/auge_sound/sound/card0/controlC0SUBSYSTEM=soundAUDIO_FORMAT=0MAJOR=116MINOR=13DEVNAME=snd/controlC0SEQNUM=3719
11-03 16:43:38.585 I/audio_hw_hal_primary( 469): [audiohal_get_latency:1036] io 13: out:0xe4580010 frames:1280 rate:48000 whole_latency:26 alsa_latency:26
11-03 16:43:38.587 D/ShowHdrAudioLogoService( 997): receive broadcast, audio format:0
11-03 16:43:38.588 D/ShowHdrAudioLogoService( 997): clearContent
11-03 16:43:38.592 D/CoreBackPreview( 705): Window{30375a7 u0 com.tv.filemanager.os/com.dangbei.lerad.filemanager.ui.info.ManagerDiskInfoActivity}: Setting back callback OnBackInvokedCallbackInfo{mCallback=android.window.IOnBackInvokedCallback$Stub$Proxy@567faf2, mPriority=0, mIsAnimationCallback=false}
11-03 16:43:38.604 E/OpenGLRenderer( 2895): Unable to match the desired swap behavior.
11-03 16:43:38.607 I/audio_hw_hal_primary( 469): [audiohal_get_latency:1036] io 13: out:0xe4580010 frames:1152 rate:48000 whole_latency:24 alsa_latency:24
11-03 16:43:38.608 I/audio_hw_hal_primary( 469): [audiohal_get_latency:1036] io 13: out:0xe4580010 frames:1152 rate:48000 whole_latency:24 alsa_latency:24
11-03 16:43:38.618 I/audio_hw_hal_primary( 469): [audiohal_get_latency:1036] io 13: out:0xe4580010 frames:1152 rate:48000 whole_latency:24 alsa_latency:24
11-03 16:43:38.618 I/audio_hw_hal_primary( 469): [audiohal_get_latency:1036] io 13: out:0xe4580010 frames:1152 rate:48000 whole_latency:24 alsa_latency:24
11-03 16:43:38.625 I/audio_hw_hal_primary( 469): [audiohal_get_latency:1036] io 13: out:0xe4580010 frames:1152 rate:48000 whole_latency:24 alsa_latency:24
11-03 16:43:38.625 I/audio_hw_hal_primary( 469): [audiohal_get_latency:1036] io 13: out:0xe4580010 frames:1152 rate:48000 whole_latency:24 alsa_latency:24
11-03 16:43:38.626 D/TrafficStats( 2895): tagSocket(139) with statsTag=0xffffffff, statsUid=-1
11-03 16:43:38.630 D/WindowManagerShell( 985): TvPipController: onTaskStackChanged()
11-03 16:43:38.635 I/audio_hw_hal_primary( 469): [audiohal_get_latency:1036] io 13: out:0xe4580010 frames:1152 rate:48000 whole_latency:24 alsa_latency:24
11-03 16:43:38.636 I/audio_hw_hal_primary( 469): [audiohal_get_latency:1036] io 13: out:0xe4580010 frames:1152 rate:48000 whole_latency:24 alsa_latency:24
11-03 16:43:38.641 D/StrictMode( 2895): StrictMode policy violation: android.os.strictmode.UntaggedSocketViolation: Untagged socket detected; use TrafficStats.setTrafficStatsTag() to track all network usage
11-03 16:43:38.641 D/StrictMode( 2895): at android.os.StrictMode.onUntaggedSocket(StrictMode.java:2287)
11-03 16:43:38.641 D/StrictMode( 2895): at android.os.StrictMode.noteUntaggedSocket(StrictMode.java:2741)
11-03 16:43:38.641 D/StrictMode( 2895): at android.net.TrafficStats$SocketTagger.tag(TrafficStats.java:255)
11-03 16:43:38.641 D/StrictMode( 2895): at libcore.io.BlockGuardOs.tagSocket(BlockGuardOs.java:55)
11-03 16:43:38.641 D/StrictMode( 2895): at libcore.io.BlockGuardOs.socket(BlockGuardOs.java:404)
11-03 16:43:38.641 D/StrictMode( 2895): at libcore.io.ForwardingOs.socket(ForwardingOs.java:821)
11-03 16:43:38.641 D/StrictMode( 2895): at libcore.io.IoBridge.socket(IoBridge.java:840)
11-03 16:43:38.641 D/StrictMode( 2895): at java.net.PlainSocketImpl.socketCreate(PlainSocketImpl.java:128)
11-03 16:43:38.641 D/StrictMode( 2895): at java.net.AbstractPlainSocketImpl.create(AbstractPlainSocketImpl.java:128)
11-03 16:43:38.641 D/StrictMode( 2895): at java.net.Socket.createImpl(Socket.java:514)
11-03 16:43:38.641 D/StrictMode( 2895): at java.net.Socket.getImpl(Socket.java:577)
11-03 16:43:38.641 D/StrictMode( 2895): at java.net.Socket.setSoTimeout(Socket.java:1203)
11-03 16:43:38.641 D/StrictMode( 2895): at okhttp3.internal.connection.RealConnection.connectSocket(RealConnection.java:185)
11-03 16:43:38.641 D/StrictMode( 2895): at okhttp3.internal.connection.RealConnection.buildConnection(RealConnection.java:173)
11-03 16:43:38.641 D/StrictMode( 2895): at okhttp3.internal.connection.RealConnection.connect(RealConnection.java:114)
11-03 16:43:38.641 D/StrictMode( 2895): at okhttp3.internal.connection.StreamAllocation.findConnection(StreamAllocation.java:193)
11-03 16:43:38.641 D/StrictMode( 2895): at okhttp3.internal.connection.StreamAllocation.findHealthyConnection(StreamAllocation.java:129)
11-03 16:43:38.641 D/StrictMode( 2895): at okhttp3.internal.connection.StreamAllocation.newStream(StreamAllocation.java:98)
11-03 16:43:38.641 D/StrictMode( 2895): at okhttp3.internal.connection.ConnectInterceptor.intercept(ConnectInterceptor.java:42)
11-03 16:43:38.641 D/StrictMode( 2895): at okhttp3.internal.http.RealInterceptorChain.proceed(RealInterceptorChain.java:92)
11-03 16:43:38.641 D/StrictMode( 2895): at okhttp3.internal.http.RealInterceptorChain.proceed(RealInterceptorChain.java:67)
11-03 16:43:38.641 D/StrictMode( 2895): at okhttp3.internal.cache.CacheInterceptor.intercept(CacheInterceptor.java:109)
11-03 16:43:38.641 D/StrictMode( 2895): at okhttp3.internal.http.RealInterceptorChain.proceed(RealInterceptorChain.java:92)
11-03 16:43:38.641 D/StrictMode( 2895): at okhttp3.internal.http.RealInterceptorChain.proceed(RealInterceptorChain.java:67)
11-03 16:43:38.641 D/StrictMode( 2895): at okhttp3.internal.http.BridgeInterceptor.intercept(BridgeInterceptor.java:93)
11-03 16:43:38.641 D/StrictMode( 2895): at okhttp3.internal.http.RealInterceptorChain.proceed(RealInterceptorChain.java:92)
11-03 16:43:38.641 D/StrictMode( 2895): at okhttp3.internal.http.RetryAndFollowUpInterceptor.intercept(RetryAndFollowUpInterceptor.java:124)
11-03 16:43:38.641 D/StrictMode( 2895): at okhttp3.internal.http.RealInterceptorChain.proceed(RealInterceptorChain.java:92)
