11-03 16:42:23.630 E/nStackXCoAP( 3130): IsInSameNetwork:[281] :IsInSameNetwork: not priority process
11-03 16:42:23.630 D/nStackXCoAP( 3130): ParseServiceDiscover:[330] :new device join
11-03 16:42:23.630 E/nStackXDFinder( 3130): GetLocalIp:[401] :GetLocalIp exec
11-03 16:42:23.696 I/crashsdk( 2717): android_os_Process_sendSignal. PID: 2717 SIG: 9
11-03 16:42:23.696 I/crashsdk( 2717): onKillProcess. SIG: 9
11-03 16:42:23.698 I/crashsdk( 2717): Kill PID: 2717 (com.dangbei.screencast) by pid: 2717 (com.dangbei.screencast) tid: 2717 (main)
11-03 16:42:23.698 I/crashsdk( 2717): SIG: 9, fg: false, exiting: false, main process: true, time: 20251103164223
11-03 16:42:23.698 I/crashsdk( 2717): State in disk: 'b'
11-03 16:42:23.698 I/crashsdk( 2717): at android.os.Process.sendSignal(Native Method)
11-03 16:42:23.698 I/crashsdk( 2717): at android.os.Process.killProcess(Process.java:1315)
11-03 16:42:23.698 I/crashsdk( 2717): at com.dangbei.screencast.startup.JumpService$i.run(:2)
11-03 16:42:23.698 I/crashsdk( 2717): at android.os.Handler.handleCallback(Handler.java:958)
11-03 16:42:23.698 I/crashsdk( 2717): at android.os.Handler.dispatchMessage(Handler.java:99)
11-03 16:42:23.698 I/crashsdk( 2717): at android.os.Looper.loopOnce(Looper.java:205)
11-03 16:42:23.698 I/crashsdk( 2717): at android.os.Looper.loop(Looper.java:294)
11-03 16:42:23.698 I/crashsdk( 2717): at android.app.ActivityThread.main(ActivityThread.java:8255)
11-03 16:42:23.698 I/crashsdk( 2717): at java.lang.reflect.Method.invoke(Native Method)
11-03 16:42:23.698 I/crashsdk( 2717): at com.android.internal.os.RuntimeInit$MethodAndArgsCaller.run(RuntimeInit.java:552)
11-03 16:42:23.698 I/crashsdk( 2717): at com.android.internal.os.ZygoteInit.main(ZygoteInit.java:978)
11-03 16:42:23.698 I/Process ( 2717): Sending signal. PID: 2717 SIG: 9
11-03 16:42:23.727 W/efs.send_log( 3130): tryFileLock sendlock sucess! processname: com.huawei.connection
11-03 16:42:23.744 I/ActivityManager( 705): Process com.dangbei.screencast (pid 2717) has died: prcp FGS
11-03 16:42:23.745 D/CompatibilityChangeReporter( 705): Compat change id reported: 261072174; UID 10043; state: DISABLED
11-03 16:42:23.746 I/Zygote ( 457): Process 2717 exited due to signal 9 (Killed)
11-03 16:42:23.746 D/NearFieldManagerService( 3130): onDestroy, enter.
11-03 16:42:23.746 I/NearFieldManagerService( 3130): killCurrentProcess.
11-03 16:42:23.746 I/crashsdk( 3130): android_os_Process_sendSignal. PID: 3130 SIG: 9
11-03 16:42:23.747 I/crashsdk( 3130): onKillProcess. SIG: 9
11-03 16:42:23.747 W/ActivityManager( 705): Scheduling restart of crashed service com.dangbei.screencast/.startup.StartupService in 1000ms for start-requested
11-03 16:42:23.747 W/ActivityManager( 705): Scheduling restart of crashed service com.dangbei.screencast/.huaweicast.service.HuaweiCastService in 11000ms for start-requested
11-03 16:42:23.748 I/crashsdk( 3130): Kill PID: 3130 (com.huawei.connection) by pid: 3130 (com.huawei.connection) tid: 3130 (main)
11-03 16:42:23.748 I/crashsdk( 3130): SIG: 9, fg: false, exiting: false, main process: false, time: 20251103164223
11-03 16:42:23.748 I/crashsdk( 3130): State in disk: 'b'
11-03 16:42:23.748 I/crashsdk( 3130): at android.os.Process.sendSignal(Native Method)
11-03 16:42:23.748 I/crashsdk( 3130): at android.os.Process.killProcess(Process.java:1315)
11-03 16:42:23.748 I/crashsdk( 3130): at com.huawei.connection.service.NearFieldManagerService.c(Unknown Source:11)
11-03 16:42:23.748 I/crashsdk( 3130): at com.huawei.connection.service.NearFieldManagerService.onDestroy(Unknown Source:10)
11-03 16:42:23.748 I/crashsdk( 3130): at android.app.ActivityThread.handleStopService(ActivityThread.java:4896)
11-03 16:42:23.748 I/crashsdk( 3130): at android.app.ActivityThread.-$$Nest$mhandleStopService(Unknown Source:0)
11-03 16:42:23.748 I/crashsdk( 3130): at android.app.ActivityThread$H.handleMessage(ActivityThread.java:2326)
11-03 16:42:23.748 I/crashsdk( 3130): at android.os.Handler.dispatchMessage(Handler.java:106)
11-03 16:42:23.748 I/crashsdk( 3130): at android.os.Looper.loopOnce(Looper.java:205)
11-03 16:42:23.748 I/crashsdk( 3130): at android.os.Looper.loop(Looper.java:294)
11-03 16:42:23.748 I/crashsdk( 3130): at android.app.ActivityThread.main(ActivityThread.java:8255)
11-03 16:42:23.748 I/crashsdk( 3130): at java.lang.reflect.Method.invoke(Native Method)
11-03 16:42:23.748 I/crashsdk( 3130): at com.android.internal.os.RuntimeInit$MethodAndArgsCaller.run(RuntimeInit.java:552)
11-03 16:42:23.748 I/crashsdk( 3130): at com.android.internal.os.ZygoteInit.main(ZygoteInit.java:978)
11-03 16:42:23.749 I/Process ( 3130): Sending signal. PID: 3130 SIG: 9
11-03 16:42:23.750 I/libprocessgroup( 705): Successfully killed process cgroup uid 10043 pid 2717 in 0ms
11-03 16:42:23.775 W/efs.send_log( 3590): tryFileLock sendlock sucess! processname: com.dangbei.screencast:bg_guard
11-03 16:42:23.776 I/ActivityManager( 705): Process com.huawei.connection (pid 3130) has died: fg SVC
11-03 16:42:23.779 I/Zygote ( 457): Process 3130 exited due to signal 9 (Killed)
11-03 16:42:23.780 I/libprocessgroup( 705): Successfully killed process cgroup uid 10043 pid 3130 in 0ms
11-03 16:42:24.088 E/audio_hw_hal_alsamgr( 469): aml_alsa_output_get_delayframe:759, pcm_ioctl fail, ret:0xffffffff, error info:Broken pipe
11-03 16:42:24.088 I/audio_hw_hal_alsamgr( 469): aml_alsa_output_write alsa_running_status[0xe4582950] change from 1 to 0
11-03 16:42:24.091 W/audio_hw_hal_alsamgr( 469): [aml_alsa_output_write_new:1148] format =0x24000000 alsa underrun
11-03 16:42:24.146 I/audio_hw_hal_ms12v2( 469): dolby_ms12_threadloop alsa is not running
11-03 16:42:24.151 I/audio_hw_hal_ms12v2( 469): dolby_ms12_threadloop alsa is not running
11-03 16:42:24.151 I/audio_hw_hal_alsamgr( 469): aml_alsa_output_write alsa_running_status[0xe4582950] change from 0 to 1
11-03 16:42:24.433 I/UsbFfs-monitor( 1395): type=1400 audit(0.0:1307): avc: denied { use } for path="anon_inode:[eventfd]" dev="anon_inodefs" ino=10206 scontext=u:r:su:s0 tcontext=u:r:adbd:s0 tclass=fd permissive=1
11-03 16:42:24.749 D/CompatibilityChangeReporter( 705): Compat change id reported: 135634846; UID 10043; state: DISABLED
11-03 16:42:24.750 D/CompatibilityChangeReporter( 705): Compat change id reported: 143937733; UID 10043; state: DISABLED
11-03 16:42:24.766 D/Zygote ( 457): Forked child process 3681
11-03 16:42:24.767 I/ActivityManager( 705): Start proc 3681:com.dangbei.screencast/u0a43 for service {com.dangbei.screencast/com.dangbei.screencast.startup.StartupService}
11-03 16:42:24.771 I/Zygote ( 3681): seccomp disabled by setenforce 0
11-03 16:42:24.777 I/gbei.screencast( 3681): Using CollectorTypeCC GC.
11-03 16:42:24.782 E/gbei.screencast( 3681): Not starting debugger since process cannot load the jdwp agent.
11-03 16:42:24.781 I/rainbow_flow( 2350): type=1400 audit(0.0:1308): avc: denied { ioctl } for path="/dev/spidev1.0" dev="tmpfs" ino=533 ioctlcmd=0x6b00 scontext=u:r:init:s0 tcontext=u:object_r:device:s0 tclass=chr_file permissive=1
11-03 16:42:24.799 D/CompatibilityChangeReporter( 3681): Compat change id reported: 171979766; UID 10043; state: DISABLED
11-03 16:42:24.799 D/CompatibilityChangeReporter( 3681): Compat change id reported: 242716250; UID 10043; state: DISABLED
11-03 16:42:24.804 D/ApplicationLoaders( 3681): Returning zygote-cached class loader: /system/framework/android.test.base.jar
11-03 16:42:24.804 D/ApplicationLoaders( 3681): Returning zygote-cached class loader: /system/framework/android.hidl.manager-V1.0-java.jar
11-03 16:42:24.804 D/ApplicationLoaders( 3681): Returning zygote-cached class loader: /system/framework/android.hidl.base-V1.0-java.jar
11-03 16:42:24.824 D/nativeloader( 3681): Configuring clns-shared-4 for other apk /system/app/dangbei-screencast/dangbei-screencast.apk. target_sdk_version=28, uses_libraries=, library_path=/system/app/dangbei-screencast/lib/arm:/system/app/dangbei-screencast/dangbei-screencast.apk!/lib/armeabi-v7a:/system/lib:/system_ext/lib, permitted_path=/data:/mnt/expand:/data/user/0/com.dangbei.screencast:/system/app/dangbei-screencast:/system/lib:/system_ext/lib
11-03 16:42:24.867 D/TrafficStats( 3590): tagSocket(153) with statsTag=0xffffffff, statsUid=-1
11-03 16:42:24.869 V/GraphicsEnvironment( 3681): Currently set values for:
11-03 16:42:24.869 V/GraphicsEnvironment( 3681): angle_gl_driver_selection_pkgs=[]
11-03 16:42:24.869 V/GraphicsEnvironment( 3681): angle_gl_driver_selection_values=[]
11-03 16:42:24.870 V/GraphicsEnvironment( 3681): ANGLE GameManagerService for com.dangbei.screencast: false
11-03 16:42:24.870 V/GraphicsEnvironment( 3681): com.dangbei.screencast is not listed in per-application setting
11-03 16:42:24.870 V/GraphicsEnvironment( 3681): Neither updatable production driver nor prerelease driver is supported.
11-03 16:42:24.876 I/MultiDex( 3681): VM with version 2.1.0 has multidex support
11-03 16:42:24.876 I/MultiDex( 3681): Installing application
11-03 16:42:24.876 I/MultiDex( 3681): VM has multidex support, MultiDex support library is disabled.
11-03 16:42:24.876 E/PartsInfoProvider( 3681): onCreate:
11-03 16:42:24.878 E/ServiceUtils( 3681): start main service
11-03 16:42:24.881 E/ServiceUtils( 3681): start main service
11-03 16:42:24.894 D/AndroidAutoSize( 3681): designWidthInDp = 1920, designHeightInDp = 1080, screenWidth = 1920, screenHeight = 1080
11-03 16:42:24.894 D/AndroidAutoSize( 3681): initDensity = 1.5, initScaledDensity = 1.5
11-03 16:42:24.918 D/CompatibilityChangeReporter( 3681): Compat change id reported: 247079863; UID 10043; state: DISABLED
11-03 16:42:24.945 I/gbei.screencast( 3681): type=1400 audit(0.0:1309): avc: denied { read } for name="address" dev="sysfs" ino=22143 scontext=u:r:untrusted_app_27:s0:c43,c256,c512,c768 tcontext=u:object_r:sysfs_net:s0 tclass=file permissive=1 app=com.dangbei.screencast
11-03 16:42:24.950 I/crashsdk( 3681): version unique build id: 6230cced
11-03 16:42:24.955 I/crashsdk( 3681): begin hack android.os.Process
11-03 16:42:24.955 I/crashsdk( 3681): end hack android.os.Process
11-03 16:42:24.956 D/crashsdk( 3681): Native log stat thread 3715 setup, waiting
11-03 16:42:24.945 I/gbei.screencast( 3681): type=1400 audit(0.0:1310): avc: denied { open } for path="/sys/devices/virtual/net/dummy0/address" dev="sysfs" ino=22143 scontext=u:r:untrusted_app_27:s0:c43,c256,c512,c768 tcontext=u:object_r:sysfs_net:s0 tclass=file permissive=1 app=com.dangbei.screencast
11-03 16:42:24.945 I/gbei.screencast( 3681): type=1400 audit(0.0:1311): avc: denied { getattr } for path="/sys/devices/virtual/net/dummy0/address" dev="sysfs" ino=22143 scontext=u:r:untrusted_app_27:s0:c43,c256,c512,c768 tcontext=u:object_r:sysfs_net:s0 tclass=file permissive=1 app=com.dangbei.screencast
11-03 16:42:24.976 I/Matrix.AnrTracer( 3681): anrTrace, final mAnrBeatTime:400, mAnrBeatRate:400
11-03 16:42:24.976 W/efs.send_log( 3681): tryFileLock start!
11-03 16:42:24.982 I/efs.base( 3681): lt=event`ev_ct=efs_core`ev_ac=pvuv`tm=2025-11-03 16:42:97`dn=7ecbfcb9-adfb-4a10-8245-cba3b42d956a`ps=com.dangbei.screencast`um_os=android`stime=1762159344813`pid=3681`fr=android`pkg=com.dangbei.screencast`vcode=20830`dsp_w=1920`uid=7ecbfcb9-adfb-4a10-8245-cba3b42d956a`rom=14`wid=7ecbfcb9-adfb-4a10-8245-cba3b42d956a`um_app_carrier=`um_access=wifi`um_app_channel=os`um_crash_sdk_version=1.4.0`ctime=1762159344`model=dbbox-a3`lang=zh`net=wifi`brand=amlogic`dsp_h=1080`um_network_type=0`ver=v2.8.3`build_model=DBBOX-A3`w_tm=1762159344`appid=5fc60c21094d637f3130af19`um_umid_header=ai71e95a882fdb07fe4d86a28a67de4042`sdk=34`tzone=Asia/Shanghai`sdk_ver=1.3.6.umeng
11-03 16:42:24.982 I/efs.config( 3681): --->>> 删除旧的配置文件 false
11-03 16:42:24.983 D/LaunchConfigManager( 3681): check in allready
11-03 16:42:24.984 I/TDLog ( 3681): setReportUncaughtExceptions: true
11-03 16:42:24.984 E/Application( 3681): onCreate:Version:v2.8.3/20830/883432e
11-03 16:42:24.990 I/LaunchTrace( 3681): begin sendLaunchCache
11-03 16:42:24.992 I/efs.config( 3681): current config version (-1) is older than another (1735614866)
11-03 16:42:24.993 I/efs.config( 3681): load config from storage and notify observer
11-03 16:42:25.017 I/crashsdk( 3681): Catcher mask: 5000, 20480
11-03 16:42:25.018 I/crashsdk( 3681): Catcher thread 3686
11-03 16:42:25.018 D/crashsdk( 3681): Register ANR handler ...
11-03 16:42:25.022 W/ActivityManager( 705): Foreground service started from background can not have location/camera/microphone access: service com.dangbei.screencast/.startup.StartupService
11-03 16:42:25.022 I/TDLog ( 3681): TalkingData SDK init...
11-03 16:42:25.022 I/TDLog ( 3681): SDK_VERSION is: Android+TD+V5.0.7 gp Type:Native Build_Num:2141
11-03 16:42:25.022 I/TDLog ( 3681): App ID is: B9D7815EC975466AB1332111FCE62DF5
11-03 16:42:25.022 I/TDLog ( 3681): App Channel is: os
11-03 16:42:25.022 I/TDLog ( 3681): App Custom is:
11-03 16:42:25.022 I/TDLog ( 3681): SDK_OVC is: TDOVC+a3bb7754719798526508b6caad480dd7+SaaS
11-03 16:42:25.023 I/ActivityManager( 705): Background started FGS: Allowed [callingPackage: com.dangbei.screencast; callingUid: 10043; uidState: FGS ; uidBFSL: [BFSL]; intent: Intent { act=com.dangbei.screencast.STARTUP pkg=com.dangbei.screencast }; code:PROC_STATE_FGS; tempAllowListReason:; targetSdkVersion:28; callerTargetSdkVersion:28; startForegroundCount:1; bindFromPackage:null: isBindService:true]
11-03 16:42:25.059 E/raop ( 3681): *********************AirplayBroadcastServer+++++++++
11-03 16:42:25.064 D/CompatibilityChangeReporter( 3681): Compat change id reported: 270306772; UID 10043; state: DISABLED
11-03 16:42:25.066 D/CompatibilityChangeReporter( 3681): Compat change id reported: 235355681; UID 10043; state: DISABLED
11-03 16:42:25.070 D/TrafficStats( 3681): tagSocket(144) with statsTag=0xffffffff, statsUid=-1
11-03 16:42:25.079 D/TrafficStats( 3681): tagSocket(146) with statsTag=0xffffffff, statsUid=-1
11-03 16:42:25.084 E/H264FrameQueue( 3681): H264FrameQueue: mFullQueueCount:200
11-03 16:42:25.092 D/wenhc ( 1486): getScreenInfo uri = content://com.dangbei.screencast.parts.info/screen_cast
11-03 16:42:25.093 D/wenhc ( 1486): getScreenInfo uri = content://com.dangbei.screencast.parts.info/screen_cast
11-03 16:42:25.095 W/System.err( 3681): java.lang.NullPointerException: Attempt to invoke virtual method 'byte[] java.net.NetworkInterface.getHardwareAddress()' on a null object reference
11-03 16:42:25.095 W/System.err( 3681): at b.f.f.y.g.b(Unknown Source:11)
11-03 16:42:25.095 W/System.err( 3681): at b.d.a.a.p.c0(Unknown Source:2)
11-03 16:42:25.095 W/System.err( 3681): at com.dangbei.screencast.startup.StartupService.onCreate(:5)
11-03 16:42:25.095 W/System.err( 3681): at android.app.ActivityThread.handleCreateService(ActivityThread.java:4696)
11-03 16:42:25.095 W/System.err( 3681): at android.app.ActivityThread.-$$Nest$mhandleCreateService(Unknown Source:0)
11-03 16:42:25.095 W/System.err( 3681): at android.app.ActivityThread$H.handleMessage(ActivityThread.java:2293)
11-03 16:42:25.095 W/System.err( 3681): at android.os.Handler.dispatchMessage(Handler.java:106)
11-03 16:42:25.095 W/System.err( 3681): at android.os.Looper.loopOnce(Looper.java:205)
11-03 16:42:25.095 W/System.err( 3681): at android.os.Looper.loop(Looper.java:294)
11-03 16:42:25.095 W/System.err( 3681): at android.app.ActivityThread.main(ActivityThread.java:8255)
11-03 16:42:25.095 W/System.err( 3681): at java.lang.reflect.Method.invoke(Native Method)
11-03 16:42:25.096 W/System.err( 3681): at com.android.internal.os.RuntimeInit$MethodAndArgsCaller.run(RuntimeInit.java:552)
11-03 16:42:25.096 W/System.err( 3681): at com.android.internal.os.ZygoteInit.main(ZygoteInit.java:978)
11-03 16:42:25.105 E/HuaweiCastService( 3681): onCreate called().
11-03 16:42:25.107 E/PlayerClient( 3681): registerCallback com.dangbei.screencast.huaweicast.service.HuaweiCastService$a@8dd74a0
11-03 16:42:25.107 D/PlayerClient( 3681): registerCallback true
11-03 16:42:25.107 D/PlayerClient( 3681): init.
11-03 16:42:25.108 W/KIT_FWK_a( 3681): KitFwk is not installed, pls do not use related interfaces.
11-03 16:42:25.109 W/KIT_FWK_a( 3681): KitFwk is not installed, pls do not use related interfaces.
11-03 16:42:25.109 E/PlayerClient( 3681): bind player service by aar.
11-03 16:42:25.113 D/PlayerClient( 3681): bind player sink service true
11-03 16:42:25.116 W/ActivityManager( 705): Foreground service started from background can not have location/camera/microphone access: service com.dangbei.screencast/.huaweicast.service.HuaweiCastService
11-03 16:42:25.117 E/HuaweiCastService( 3681): startForeground!
11-03 16:42:25.122 E/HuaweiCastService( 3681): onStartCommand in 0
11-03 16:42:25.126 D/HiSight-SinkService( 3681): onCreate.
11-03 16:42:25.128 I/WifiService( 705): acquireMulticastLock uid=10043
11-03 16:42:25.133 D/TrafficStats( 3681): tagSocket(142) with statsTag=0xffffffff, statsUid=-1
11-03 16:42:25.135 D/IpClient.wlan0( 1058): set max DTIM multiplier to 1
11-03 16:42:25.135 D/HiSight-ConnectionManager( 3681): start ConnectionManager
11-03 16:42:25.136 I/WifiService( 705): acquireMulticastLock uid=10043
11-03 16:42:25.136 D/WifiHAL ( 493): Setting APF program, halHandle = 0xe9282710
11-03 16:42:25.136 I/WifiHAL ( 493): createRequest: APF set program request
11-03 16:42:25.137 D/WifiHAL ( 493): error code -95 mapped to -3
11-03 16:42:25.137 I/WifiHAL ( 493): Request Response failed for APF, result = -3
11-03 16:42:25.138 D/HiSight-SinkService( 3681): onBind.
11-03 16:42:25.140 E/WifiStaIfaceAidlImpl( 705): installApfPacketFilter failed with service-specific exception: android.os.ServiceSpecificException: (code 4)
11-03 16:42:25.141 D/WifiHAL ( 493): Setting DTIM config , halHandle = 0xe9282710 Multiplier = 1
11-03 16:42:25.141 I/WifiHAL ( 493): Successfully configured dtim multiplier 1
11-03 16:42:25.141 D/WifiHAL ( 493): error code -95 mapped to -3
11-03 16:42:25.141 D/PlayerClient( 3681): service connected.
11-03 16:42:25.141 D/HiSight-SinkService( 3681): ITaskBinder registerCallback: true
11-03 16:42:25.141 D/HiSight-HiSightManager( 3681): ITaskBinder registerCallback.
11-03 16:42:25.141 E/WifiStaIfaceAidlImpl( 705): setDtimMultiplier failed with service-specific exception: android.os.ServiceSpecificException: (code 4)
11-03 16:42:25.141 D/HiSight-CallbackManager( 3681): addNewCallback. com.dangbei.screencast.huaweicast.service.HuaweiCastService$a@8dd74a0
11-03 16:42:25.142 E/HuaweiCastService( 3681): eventId: 4001
11-03 16:42:25.142 E/HuaweiCastService( 3681): mPlayerClient is null.
11-03 16:42:25.142 D/HiSight-HiSightManager( 3681): check capability vbr range not setting, using default value
11-03 16:42:25.142 E/HuaweiCastService( 3681): mPlayerClient is null.
11-03 16:42:25.142 D/HiSight-SinkService( 3681): setAuthMode
11-03 16:42:25.143 W/HiSight-ConnectionManager( 3681): mSinkId is empty
11-03 16:42:25.150 I/MobclickAgent( 3681): module init:azioc
11-03 16:42:25.213 W/TelephonyPermissions( 705): reportAccessDeniedToReadIdentifiers:com.dangbei.screencast:getSerial:-1
11-03 16:42:25.451 E/StartupService( 3681): onConnected:
11-03 16:42:25.477 I/adbd ( 1395): type=1400 audit(0.0:1335): avc: denied { write } for path="socket:[34432]" dev="sockfs" ino=34432 scontext=u:r:su:s0 tcontext=u:r:adbd:s0 tclass=unix_stream_socket permissive=1
11-03 16:42:25.477 I/adbd ( 1395): type=1400 audit(0.0:1336): avc: denied { read } for path="socket:[34433]" dev="sockfs" ino=34433 scontext=u:r:su:s0 tcontext=u:r:adbd:s0 tclass=unix_stream_socket permissive=1
11-03 16:42:25.489 I/gbei.screencast( 3681): type=1400 audit(0.0:1337): avc: denied { open } for path="/dev/__properties__/u:object_r:serialno_prop:s0" dev="tmpfs" ino=323 scontext=u:r:untrusted_app_27:s0:c43,c256,c512,c768 tcontext=u:object_r:serialno_prop:s0 tclass=file permissive=1 app=com.dangbei.screencast
11-03 16:42:25.489 I/gbei.screencast( 3681): type=1400 audit(0.0:1338): avc: denied { getattr } for path="/dev/__properties__/u:object_r:serialno_prop:s0" dev="tmpfs" ino=323 scontext=u:r:untrusted_app_27:s0:c43,c256,c512,c768 tcontext=u:object_r:serialno_prop:s0 tclass=file permissive=1 app=com.dangbei.screencast
11-03 16:42:25.489 I/gbei.screencast( 3681): type=1400 audit(0.0:1339): avc: denied { map } for path="/dev/__properties__/u:object_r:serialno_prop:s0" dev="tmpfs" ino=323 scontext=u:r:untrusted_app_27:s0:c43,c256,c512,c768 tcontext=u:object_r:serialno_prop:s0 tclass=file permissive=1 app=com.dangbei.screencast
11-03 16:42:25.506 W/System.err( 3681): java.lang.NullPointerException: Attempt to invoke virtual method 'byte[] java.net.NetworkInterface.getHardwareAddress()' on a null object reference
11-03 16:42:25.506 W/System.err( 3681): at b.f.f.y.g.b(Unknown Source:11)
11-03 16:42:25.506 W/System.err( 3681): at b.d.a.a.p.c0(Unknown Source:2)
11-03 16:42:25.506 W/System.err( 3681): at b.f.f.w.b.(:16)
11-03 16:42:25.506 W/System.err( 3681): at com.dangbei.screencast.startup.StartupService.w(:2)
11-03 16:42:25.506 W/System.err( 3681): at b.f.f.h.g.b.run(:6)
11-03 16:42:25.506 W/System.err( 3681): at b.d.a.a.n.a(Unknown Source:10)
11-03 16:42:25.506 W/System.err( 3681): at b.f.f.h.g.j.onReceive(Unknown Source:20)
11-03 16:42:25.506 W/System.err( 3681): at android.app.LoadedApk$ReceiverDispatcher$Args.lambda$getRunnable$0(LoadedApk.java:1811)
11-03 16:42:25.506 W/System.err( 3681): at android.app.LoadedApk$ReceiverDispatcher$Args.$r8$lambda$gDuJqgxY6Zb-ifyeubKeivTLAwk(Unknown Source:0)
11-03 16:42:25.506 W/System.err( 3681): at android.app.LoadedApk$ReceiverDispatcher$Args$$ExternalSyntheticLambda0.run(Unknown Source:2)
11-03 16:42:25.506 W/System.err( 3681): at android.os.Handler.handleCallback(Handler.java:958)
11-03 16:42:25.506 W/System.err( 3681): at android.os.Handler.dispatchMessage(Handler.java:99)
11-03 16:42:25.506 W/System.err( 3681): at android.os.Looper.loopOnce(Looper.java:205)
11-03 16:42:25.506 W/System.err( 3681): at android.os.Looper.loop(Looper.java:294)
11-03 16:42:25.507 W/System.err( 3681): at android.app.ActivityThread.main(ActivityThread.java:8255)
11-03 16:42:25.507 W/System.err( 3681): at java.lang.reflect.Method.invoke(Native Method)
11-03 16:42:25.507 W/System.err( 3681): at com.android.internal.os.RuntimeInit$MethodAndArgsCaller.run(RuntimeInit.java:552)
11-03 16:42:25.507 W/System.err( 3681): at com.android.internal.os.ZygoteInit.main(ZygoteInit.java:978)
11-03 16:42:25.533 W/efs.info.manager( 3681): network change: wifi
11-03 16:42:25.590 D/TrafficStats( 3681): tagSocket(163) with statsTag=0xffffffff, statsUid=-1
11-03 16:42:25.660 D/WifiNl80211Manager( 705): Scan result ready event
11-03 16:42:25.661 D/WifiNative( 705): Scan result ready event
11-03 16:42:25.664 W/IE_Capabilities( 705): Unknown RSN cipher suite: 6ac0f00
11-03 16:42:25.667 W/IE_Capabilities( 705): Unknown RSN cipher suite: 6ac0f00
11-03 16:42:25.670 W/IE_Capabilities( 705): Unknown RSN cipher suite: 6ac0f00
11-03 16:42:25.670 D/WificondScannerImpl( 705): Filtering out 7 scan results.
11-03 16:42:25.686 E/ccc ( 2975): cccccc SCAN_RESULTS_AVAILABLE_ACTION hhhh
11-03 16:42:25.686 E/hq ( 1486): NetWorkStateReceiver:::NetWorkStateReceiver onReceive: 网络变化广播 >>>> intent.action=android.net.wifi.SCAN_RESULTS
11-03 16:42:25.688 I/WifiHAL ( 493): call wifi_get_link_stats handler
11-03 16:42:25.688 I/WifiHAL ( 493): Creating message to get link statistics; iface = 16
11-03 16:42:25.688 D/WifiHAL ( 493): error code -95 mapped to -3
11-03 16:42:25.688 E/WifiStaIfaceAidlImpl( 705): getLinkLayerStats failed with service-specific exception: android.os.ServiceSpecificException: (code 4)
11-03 16:42:25.697 W/eventbuscore( 1486): post Event:com.dangbei.leard.base.entity.event.NetWifiRssiEvent
11-03 16:42:25.697 E/ccc ( 2975): cccccc result is not empty call back
11-03 16:42:25.697 E/ccc ( 2975): cccccc 666666666666666
11-03 16:42:25.708 E/ccc ( 2975): cccccc sort 4 31
11-03 16:42:26.009 W/TelephonyPermissions( 705): reportAccessDeniedToReadIdentifiers:com.dangbei.screencast:getSerial:-1
11-03 16:42:26.025 V/NFC ( 3681): this device does not have NFC support
11-03 16:42:26.272 I/BLEAudioDrive_HV412( 469): select timeout!
11-03 16:42:26.472 I/WifiService( 705): startScan uid=10043
11-03 16:42:26.480 D/InstantWifi( 705): Drop, size: 1
11-03 16:42:26.520 I/WifiHAL ( 493): call wifi_get_link_stats handler
11-03 16:42:26.520 I/WifiHAL ( 493): Creating message to get link statistics; iface = 16
11-03 16:42:26.520 D/WifiHAL ( 493): error code -95 mapped to -3
11-03 16:42:26.520 E/WifiStaIfaceAidlImpl( 705): getLinkLayerStats failed with service-specific exception: android.os.ServiceSpecificException: (code 4)
11-03 16:42:26.533 I//apex/com.android.adbd/bin/adbd( 1395): type=1400 audit(0.0:1345): avc: denied { search } for comm=75736220666673206F70656E name="/" dev="functionfs" ino=24091 scontext=u:r:su:s0 tcontext=u:object_r:functionfs:s0 tclass=dir permissive=1
11-03 16:42:26.653 I/adbd ( 1395): type=1400 audit(0.0:1346): avc: denied { read } for path="socket:[32481]" dev="sockfs" ino=32481 scontext=u:r:su:s0 tcontext=u:r:su:s0 tclass=tcp_socket permissive=1
11-03 16:42:26.653 I/adbd ( 1395): type=1400 audit(0.0:1347): avc: denied { write } for path="socket:[32481]" dev="sockfs" ino=32481 scontext=u:r:su:s0 tcontext=u:r:su:s0 tclass=tcp_socket permissive=1
11-03 16:42:26.909 I/efs.px.api( 3590): get config from server, url is https://errlog.umeng.com/apm_cc
11-03 16:42:26.918 D/TrafficStats( 3590): tagSocket(152) with statsTag=0xffffffff, statsUid=-1
11-03 16:42:26.983 D/TrafficStats( 3590): tagSocket(154) with statsTag=0xffffffff, statsUid=-1
11-03 16:42:27.129 D/uninstall( 3127): isAllowStart last_delay 0, current_time 1762159347
11-03 16:42:27.129 I/uninstall( 3127): enable_service com.ktcp.video/com.tencent.qqlivetv.keeplive.proc.DaemonService com.ktcp.video/(null)
11-03 16:42:27.130 D/uninstall( 3127): enable_service waitpid
11-03 16:42:27.130 D/uninstall( 3818): enable_service pid == 0
11-03 16:42:27.131 D/uninstall( 3818): enable_service version >= 17 || version == 0 version == 34
11-03 16:42:27.170 I/uninstall( 3127): watchdaemon process_name = com.ktcp.video:daemon has gone, start it
11-03 16:42:27.171 D/uninstall( 3127): watchdaemon waitpid
11-03 16:42:27.171 D/uninstall( 3822): watchdaemon pid == 0
11-03 16:42:27.171 D/uninstall( 3822): watchdaemon version >= 17 || version == 0 version == 34
11-03 16:42:27.245 I/binder:456_5( 456): type=1400 audit(0.0:1348): avc: denied { add_name } for name="globalAlert" scontext=u:r:netd:s0 tcontext=u:object_r:proc_net:s0 tclass=dir permissive=1
11-03 16:42:27.265 I/ip ( 3826): type=1400 audit(0.0:1349): avc: denied { bind } for scontext=u:r:untrusted_app_27:s0:c43,c256,c512,c768 tcontext=u:r:untrusted_app_27:s0:c43,c256,c512,c768 tclass=netlink_route_socket permissive=1 app=com.dangbei.screencast
11-03 16:42:27.473 E/audio_hw_hal_alsamgr( 469): aml_alsa_output_get_delayframe:759, pcm_ioctl fail, ret:0xffffffff, error info:Broken pipe
11-03 16:42:27.473 I/audio_hw_hal_alsamgr( 469): aml_alsa_output_write alsa_running_status[0xe4582950] change from 1 to 0
11-03 16:42:27.477 W/audio_hw_hal_alsamgr( 469): [aml_alsa_output_write_new:1148] format =0x24000000 alsa underrun
11-03 16:42:27.497 I/audio_hw_hal_ms12v2( 469): dolby_ms12_threadloop alsa is not running
11-03 16:42:27.504 I/audio_hw_hal_ms12v2( 469): dolby_ms12_threadloop alsa is not running
11-03 16:42:27.504 I/audio_hw_hal_alsamgr( 469): aml_alsa_output_write alsa_running_status[0xe4582950] change from 0 to 1
11-03 16:42:27.959 D/TrafficStats( 3681): tagSocket(163) with statsTag=0xffffffff, statsUid=-1
11-03 16:42:28.083 I/com.ktcp.video( 2536): Background concurrent copying GC freed 248780(10MB) AllocSpace objects, 33(1592KB) LOS objects, 49% free, 6954KB/13MB, paused 163us,95us total 129.162ms
11-03 16:42:28.331 D/WanClient( 1470): sendHeartMessage
11-03 16:42:28.332 D/WanClient( 1470): -----final------sendMessage: {"type":"2bKPMh2jwmQ="}
11-03 16:42:28.614 D/WanClient( 1470): onMessage:Thread[WebSocketConnectReadThread-71,5,main]--{"msg":"+MSejyjwlbc="}
11-03 16:42:28.615 D/WanClient( 1470): onMessageReceived:Thread[WebSocketConnectReadThread-71,5,main] {"msg":"+MSejyjwlbc="}
11-03 16:42:28.615 D/WanClient( 1470): type: null
11-03 16:42:28.615 D/WanClient( 1470): send:HB7FxtN64oc=
11-03 16:42:28.615 D/WanClient( 1470): leave:uQ3qCmhm4oA=
11-03 16:42:28.615 D/WanClient( 1470): join:7EsoetslBbs=
11-03 16:42:28.615 D/WanClient( 1470): q5TrJmBoEmShmpfjN3vFNg==
11-03 16:42:28.923 I/efs.config( 3590): config request succ, config is:
11-03 16:42:28.923 I/efs.config( 3590): {"msg":"成功","code":0,"cip":"127.0.0.1","config":{"common":{"updateInteval":480,"gate_way_https":true},"sign":"f3NRWw1Jf1VSZlIWBQ==","app_configs":[{"conditions":[{"val":"0.0.0.0","opc":">=","fld":"ver"}],"actions":[{"opt":"apm_netperf_state","set":100},{"opt":"apm_netperf_day_limit","set":100},{"opt":"apm_netperf_res_bd_state","set":100},{"opt":"apm_oom_state","set":0},{"opt":"apm_netperf_data_rate","set":10},{"opt":"apm_native_h5perf_sampling_rate","set":5},{"opt":"apm_netperf_req_hd_state","set":100},{"opt":"apm_netperf_sampling_rate","set":1},{"opt":"flutter_dart_exception_max_count","set":20},{"opt":"flutter_pv_sampling_rate","set":5},{"opt":"apm_netperf_res_hd_state","set":100},{"opt":"flutter_page_state","set":100},{"opt":"flutter_page_rate","set":5},{"opt":"apm_memperf_sampling_rate","set":0},{"opt":"apm_crash_user_upload_type","set":1},{"opt":"apm_memperf_collect_max_period_sec","set":600},{"opt":"apm_crash_user_max_count","set":20},{"opt":"apm_netperf_bd_state","set":100},{"opt":"apm_native_h5_state","set":0},{"opt":"apm_mem_state","set":0},{"opt":"flutter_dart_exception_state","set":100},{"opt":"flutter_pv_max_count","set":200},{"opt":"apm_memperf_collect_interval","set":5},{"opt":"apm_flutter_state","set":100},{"opt":"apm_patrace_switch_rate","set":5},{"opt":"record_accumulation_time","set":60},{"opt":"apm_net_state","set":0},{"opt":"apm_startperf_sampling_rate","set":5},{"opt":"apm_oom_sampling_rate","set":5}]}]},"stm":1762159348,"cver":1735614866}
11-03 16:42:28.923 I/efs.base( 3590): lt=event`ev_ct=efs_core`ev_ac=config_coverage`tm=2025-11-03 16:42:92`dn=7ecbfcb9-adfb-4a10-8245-cba3b42d956a`ps=com.dangbei.screencast:bg_guard`um_os=android`stime=1762159341729`pid=3590`fr=android`pkg=com.dangbei.screencast`cver=1735614866`vcode=20830`dsp_w=1920`uid=7ecbfcb9-adfb-4a10-8245-cba3b42d956a`rom=14`wid=7ecbfcb9-adfb-4a10-8245-cba3b42d956a`um_app_carrier=`um_access=wifi`um_app_channel=os`um_crash_sdk_version=1.4.0`ctime=1762159348`model=dbbox-a3`lang=zh`net=wifi`brand=amlogic`dsp_h=1080`um_network_type=0`ver=v2.8.3`build_model=DBBOX-A3`w_tm=1762159348`appid=5fc60c21094d637f3130af19`um_umid_header=ai71e95a882fdb07fe4d86a28a67de4042`sdk=34`tzone=Asia/Shanghai`sdk_ver=1.3.6.umeng
11-03 16:42:28.923 I/efs.config( 3590): efs config is {"msg":"成功","code":0,"cip":"127.0.0.1","config":{"common":{"updateInteval":480,"gate_way_https":true},"sign":"f3NRWw1Jf1VSZlIWBQ==","app_configs":[{"conditions":[{"val":"0.0.0.0","opc":">=","fld":"ver"}],"actions":[{"opt":"apm_netperf_state","set":100},{"opt":"apm_netperf_day_limit","set":100},{"opt":"apm_netperf_res_bd_state","set":100},{"opt":"apm_oom_state","set":0},{"opt":"apm_netperf_data_rate","set":10},{"opt":"apm_native_h5perf_sampling_rate","set":5},{"opt":"apm_netperf_req_hd_state","set":100},{"opt":"apm_netperf_sampling_rate","set":1},{"opt":"flutter_dart_exception_max_count","set":20},{"opt":"flutter_pv_sampling_rate","set":5},{"opt":"apm_netperf_res_hd_state","set":100},{"opt":"flutter_page_state","set":100},{"opt":"flutter_page_rate","set":5},{"opt":"apm_memperf_sampling_rate","set":0},{"opt":"apm_crash_user_upload_type","set":1},{"opt":"apm_memperf_collect_max_period_sec","set":600},{"opt":"apm_crash_user_max_count","set":20},{"opt":"apm_netperf_bd_state","set":100},{"opt":"apm_native_h5_state","set":0},{"opt":"apm_mem_state","set":0},{"opt":"flutter_dart_exception_state","set":100},{"opt":"flutter_pv_max_count","set":200},{"opt":"apm_memperf_collect_interval","set":5},{"opt":"apm_flutter_state","set":100},{"opt":"apm_patrace_switch_rate","set":5},{"opt":"record_accumulation_time","set":60},{"opt":"apm_net_state","set":0},{"opt":"apm_startperf_sampling_rate","set":5},{"opt":"apm_oom_sampling_rate","set":5}]}]},"stm":1762159348,"cver":1735614866}
11-03 16:42:28.925 E/efs.config( 3590): updateConfigCond error
11-03 16:42:28.925 E/efs.config( 3590): java.lang.NumberFormatException: For input string: "v2"
11-03 16:42:28.925 E/efs.config( 3590): at java.lang.Integer.parseInt(Integer.java:797)
11-03 16:42:28.925 E/efs.config( 3590): at java.lang.Integer.parseInt(Integer.java:915)
11-03 16:42:28.925 E/efs.config( 3590): at com.efs.sdk.base.core.config.a.d.a(Unknown Source:33)
11-03 16:42:28.925 E/efs.config( 3590): at com.efs.sdk.base.core.config.a.d.a(Unknown Source:8)
11-03 16:42:28.925 E/efs.config( 3590): at com.efs.sdk.base.core.config.a.d.a(Unknown Source:404)
11-03 16:42:28.925 E/efs.config( 3590): at com.efs.sdk.base.core.config.a.d.a(Unknown Source:129)
11-03 16:42:28.925 E/efs.config( 3590): at com.efs.sdk.base.core.config.a.c.a(Unknown Source:4)
11-03 16:42:28.925 E/efs.config( 3590): at com.efs.sdk.base.core.config.a.c.e(Unknown Source:53)
11-03 16:42:28.925 E/efs.config( 3590): at com.efs.sdk.base.core.config.a.c.handleMessage(Unknown Source:105)
11-03 16:42:28.925 E/efs.config( 3590): at android.os.Handler.dispatchMessage(Handler.java:102)
11-03 16:42:28.925 E/efs.config( 3590): at android.os.Looper.loopOnce(Looper.java:205)
11-03 16:42:28.925 E/efs.config( 3590): at android.os.Looper.loop(Looper.java:294)
11-03 16:42:28.925 E/efs.config( 3590): at android.os.HandlerThread.run(HandlerThread.java:67)
11-03 16:42:28.935 E/GuardService( 3590): startMainRunnable:
11-03 16:42:28.937 D/OomAdjuster( 705): Not killing cached processes
11-03 16:42:29.150 D/WifiNl80211Manager( 705): Scan result ready event
11-03 16:42:29.150 D/WifiNative( 705): Scan result ready event
11-03 16:42:29.153 W/IE_Capabilities( 705): Unknown RSN cipher suite: 6ac0f00
11-03 16:42:29.154 W/IE_Capabilities( 705): Unknown RSN cipher suite: 6ac0f00
11-03 16:42:29.158 W/IE_Capabilities( 705): Unknown RSN cipher suite: 6ac0f00
11-03 16:42:29.159 D/WificondScannerImpl( 705): Filtering out 6 scan results.
11-03 16:42:29.179 E/hq ( 1486): NetWorkStateReceiver:::NetWorkStateReceiver onReceive: 网络变化广播 >>>> intent.action=android.net.wifi.SCAN_RESULTS
11-03 16:42:29.180 E/ccc ( 2975): cccccc SCAN_RESULTS_AVAILABLE_ACTION hhhh
11-03 16:42:29.183 I/WifiHAL ( 493): call wifi_get_link_stats handler
11-03 16:42:29.184 I/WifiHAL ( 493): Creating message to get link statistics; iface = 16
11-03 16:42:29.184 D/WifiHAL ( 493): error code -95 mapped to -3
11-03 16:42:29.184 E/WifiStaIfaceAidlImpl( 705): getLinkLayerStats failed with service-specific exception: android.os.ServiceSpecificException: (code 4)
11-03 16:42:29.188 W/eventbuscore( 1486): post Event:com.dangbei.leard.base.entity.event.NetWifiRssiEvent
11-03 16:42:29.191 E/ccc ( 2975): cccccc result is not empty call back
11-03 16:42:29.191 E/ccc ( 2975): cccccc 666666666666666
11-03 16:42:29.214 E/ccc ( 2975): cccccc sort 4 35
11-03 16:42:29.444 D/bbb ( 1591): onStartCommand begin !!!!!!! data分区剩余 51043MB
11-03 16:42:29.464 W/MediaProvider( 1450): isAppCloneUserPair for user 0: false
11-03 16:42:29.522 I/WifiHAL ( 493): call wifi_get_link_stats handler
11-03 16:42:29.522 I/WifiHAL ( 493): Creating message to get link statistics; iface = 16
11-03 16:42:29.523 D/WifiHAL ( 493): error code -95 mapped to -3
11-03 16:42:29.523 E/WifiStaIfaceAidlImpl( 705): getLinkLayerStats failed with service-specific exception: android.os.ServiceSpecificException: (code 4)
11-03 16:42:30.043 D/TrafficStats( 3681): tagSocket(163) with statsTag=0xffffffff, statsUid=-1
11-03 16:42:30.073 I/WifiService( 705): releaseMulticastLock uid=10043
11-03 16:42:30.074 I/WifiService( 705): releaseMulticastLock uid=10043
11-03 16:42:30.069 I/gbei.screencast( 3681): type=1400 audit(0.0:1352): avc: denied { write } for name="property_service" dev="tmpfs" ino=411 scontext=u:r:untrusted_app_27:s0:c43,c256,c512,c768 tcontext=u:object_r:property_socket:s0 tclass=sock_file permissive=1 app=com.dangbei.screencast
11-03 16:42:30.079 D/IpClient.wlan0( 1058): set max DTIM multiplier to 9
11-03 16:42:30.079 D/WifiHAL ( 493): Setting APF program, halHandle = 0xe9282710
11-03 16:42:30.079 I/WifiHAL ( 493): createRequest: APF set program request
11-03 16:42:30.079 D/WifiHAL ( 493): error code -95 mapped to -3
11-03 16:42:30.079 I/WifiHAL ( 493): Request Response failed for APF, result = -3
11-03 16:42:30.079 E/WifiStaIfaceAidlImpl( 705): installApfPacketFilter failed with service-specific exception: android.os.ServiceSpecificException: (code 4)
11-03 16:42:30.081 D/WifiHAL ( 493): Setting DTIM config , halHandle = 0xe9282710 Multiplier = 9
11-03 16:42:30.081 I/WifiHAL ( 493): Successfully configured dtim multiplier 9
11-03 16:42:30.081 D/WifiHAL ( 493): error code -95 mapped to -3
11-03 16:42:30.069 I/gbei.screencast( 3681): type=1400 audit(0.0:1353): avc: denied { connectto } for path="/dev/socket/property_service" scontext=u:r:untrusted_app_27:s0:c43,c256,c512,c768 tcontext=u:r:init:s0 tclass=unix_stream_socket permissive=1 app=com.dangbei.screencast
11-03 16:42:30.082 E/WifiStaIfaceAidlImpl( 705): setDtimMultiplier failed with service-specific exception: android.os.ServiceSpecificException: (code 4)
11-03 16:42:30.091 D/HiSight-SinkService( 3681): setDiscoverable true
11-03 16:42:30.092 D/wenhc ( 1486): getScreenInfo uri = content://com.dangbei.screencast.parts.info/screen_cast
11-03 16:42:30.093 D/NearFieldManager( 3681): init.
11-03 16:42:30.093 D/wenhc ( 1486): getScreenInfo uri = content://com.dangbei.screencast.parts.info/screen_cast
11-03 16:42:30.093 D/NearFieldManager( 3681): try check dmsdp
11-03 16:42:30.104 D/NearFieldManager( 3681): package not exist
11-03 16:42:30.106 D/CompatibilityChangeReporter( 705): Compat change id reported: 135634846; UID 10043; state: DISABLED
11-03 16:42:30.107 D/CompatibilityChangeReporter( 705): Compat change id reported: 143937733; UID 10043; state: DISABLED
11-03 16:42:30.108 D/NearFieldManager( 3681): bind nearfield service true
11-03 16:42:30.108 D/NearFieldManager( 3681): registerCallback true
11-03 16:42:30.109 D/HiSight-Discovery( 3681): set deviceInfo type:46
11-03 16:42:30.109 D/HiSight-Discovery( 3681): startAdvertise 1
11-03 16:42:30.119 D/Zygote ( 457): Forked child process 3841
11-03 16:42:30.120 I/ActivityManager( 705): Start proc 3841:com.huawei.connection/u0a43 for service {com.dangbei.screencast/com.huawei.connection.service.NearFieldManagerService}
11-03 16:42:30.125 I/Zygote ( 3841): seccomp disabled by setenforce 0
11-03 16:42:30.131 I/awei.connection( 3841): Using CollectorTypeCC GC.
11-03 16:42:30.139 E/awei.connection( 3841): Not starting debugger since process cannot load the jdwp agent.
11-03 16:42:30.133 I/rainbow_flow( 2350): type=1400 audit(0.0:1354): avc: denied { ioctl } for path="/dev/spidev1.0" dev="tmpfs" ino=533 ioctlcmd=0x6b00 scontext=u:r:init:s0 tcontext=u:object_r:device:s0 tclass=chr_file permissive=1
11-03 16:42:30.155 D/CompatibilityChangeReporter( 3841): Compat change id reported: 171979766; UID 10043; state: DISABLED
11-03 16:42:30.156 D/CompatibilityChangeReporter( 3841): Compat change id reported: 242716250; UID 10043; state: DISABLED
11-03 16:42:30.160 D/ApplicationLoaders( 3841): Returning zygote-cached class loader: /system/framework/android.test.base.jar
11-03 16:42:30.161 D/ApplicationLoaders( 3841): Returning zygote-cached class loader: /system/framework/android.hidl.manager-V1.0-java.jar
11-03 16:42:30.161 D/ApplicationLoaders( 3841): Returning zygote-cached class loader: /system/framework/android.hidl.base-V1.0-java.jar
11-03 16:42:30.180 D/nativeloader( 3841): Configuring clns-shared-4 for other apk /system/app/dangbei-screencast/dangbei-screencast.apk. target_sdk_version=28, uses_libraries=, library_path=/system/app/dangbei-screencast/lib/arm:/system/app/dangbei-screencast/dangbei-screencast.apk!/lib/armeabi-v7a:/system/lib:/system_ext/lib, permitted_path=/data:/mnt/expand:/data/user/0/com.dangbei.screencast:/system/app/dangbei-screencast:/system/lib:/system_ext/lib
11-03 16:42:30.215 V/GraphicsEnvironment( 3841): Currently set values for:
11-03 16:42:30.215 V/GraphicsEnvironment( 3841): angle_gl_driver_selection_pkgs=[]
11-03 16:42:30.216 V/GraphicsEnvironment( 3841): angle_gl_driver_selection_values=[]
11-03 16:42:30.216 V/GraphicsEnvironment( 3841): ANGLE GameManagerService for com.dangbei.screencast: false
11-03 16:42:30.216 V/GraphicsEnvironment( 3841): com.dangbei.screencast is not listed in per-application setting
11-03 16:42:30.217 V/GraphicsEnvironment( 3841): Neither updatable production driver nor prerelease driver is supported.
11-03 16:42:30.221 I/MultiDex( 3841): VM with version 2.1.0 has multidex support
11-03 16:42:30.221 I/MultiDex( 3841): Installing application
11-03 16:42:30.221 I/MultiDex( 3841): VM has multidex support, MultiDex support library is disabled.
11-03 16:42:30.222 D/CompatibilityChangeReporter( 3841): Compat change id reported: 247079863; UID 10043; state: DISABLED
11-03 16:42:30.253 I/crashsdk( 3841): version unique build id: 6230cced
11-03 16:42:30.254 D/crashsdk( 3841): Native log stat thread 3872 setup, waiting
11-03 16:42:30.245 I/Thread-3( 3841): type=1400 audit(0.0:1355): avc: denied { read } for name="version" dev="proc" ino=4026532005 scontext=u:r:untrusted_app_27:s0:c43,c256,c512,c768 tcontext=u:object_r:proc_version:s0 tclass=file permissive=1 app=com.dangbei.screencast
11-03 16:42:30.256 I/crashsdk( 3841): begin hack android.os.Process
11-03 16:42:30.256 I/crashsdk( 3841): end hack android.os.Process
11-03 16:42:30.245 I/Thread-3( 3841): type=1400 audit(0.0:1356): avc: denied { open } for path="/proc/version" dev="proc" ino=4026532005 scontext=u:r:untrusted_app_27:s0:c43,c256,c512,c768 tcontext=u:object_r:proc_version:s0 tclass=file permissive=1 app=com.dangbei.screencast
11-03 16:42:30.273 W/efs.send_log( 3841): tryFileLock start!
11-03 16:42:30.274 I/Matrix.AnrTracer( 3841): anrTrace, final mAnrBeatTime:400, mAnrBeatRate:400
11-03 16:42:30.277 E/LaunchManager( 3841): Non main process !
11-03 16:42:30.277 I/efs.config( 3841): --->>> 删除旧的配置文件 false
11-03 16:42:30.277 W/System.err( 3841): java.lang.NullPointerException: Attempt to invoke virtual method 'boolean com.efs.sdk.launch.LaunchConfigManager.enableTracer()' on a null object reference
11-03 16:42:30.278 W/System.err( 3841): at com.umeng.umcrash.UMCrash.init(Unknown Source:403)
11-03 16:42:30.278 W/System.err( 3841): at java.lang.reflect.Method.invoke(Native Method)
11-03 16:42:30.278 W/System.err( 3841): at com.umeng.commonsdk.UMConfigure.init(Unknown Source:811)
11-03 16:42:30.278 W/System.err( 3841): at b.f.f.b.a(:4)
11-03 16:42:30.278 W/System.err( 3841): at h.o.a.run(Unknown Source:2)
11-03 16:42:30.278 I/TDLog ( 3841): setReportUncaughtExceptions: true
11-03 16:42:30.279 I/efs.config( 3841): current config version (-1) is older than another (1735614866)
11-03 16:42:30.279 E/Application( 3841): onCreate:Version:v2.8.3/20830/883432e
11-03 16:42:30.279 I/efs.config( 3841): load config from storage and notify observer
11-03 16:42:30.279 I/efs.base( 3841): lt=event`ev_ct=efs_core`ev_ac=pvuv`tm=2025-11-03 16:42:27`dn=7ecbfcb9-adfb-4a10-8245-cba3b42d956a`ps=com.huawei.connection`um_os=android`stime=1762159350129`pid=3841`fr=android`pkg=com.dangbei.screencast`vcode=20830`dsp_w=1920`uid=7ecbfcb9-adfb-4a10-8245-cba3b42d956a`rom=14`wid=7ecbfcb9-adfb-4a10-8245-cba3b42d956a`um_app_carrier=`um_access=wifi`um_app_channel=os`um_crash_sdk_version=1.4.0`ctime=1762159350`model=dbbox-a3`lang=zh`net=wifi`brand=amlogic`dsp_h=1080`um_network_type=0`ver=v2.8.3`build_model=DBBOX-A3`w_tm=1762159350`appid=5fc60c21094d637f3130af19`um_umid_header=ai71e95a882fdb07fe4d86a28a67de4042`sdk=34`tzone=Asia/Shanghai`sdk_ver=1.3.6.umeng
11-03 16:42:30.299 I/crashsdk( 3841): Catcher mask: 5000, 20480
11-03 16:42:30.300 I/crashsdk( 3841): Catcher thread 3846
11-03 16:42:30.301 D/crashsdk( 3841): Register ANR handler ...
11-03 16:42:30.301 D/NearFieldManagerService( 3841): NearFieldManagerService.
11-03 16:42:30.317 D/NearFieldManagerService( 3841): onCreate, enter.
11-03 16:42:30.318 I/NearFieldManagerService( 3841): onBind, enter.
11-03 16:42:30.318 D/NearFieldManagerService( 3841): initService
11-03 16:42:30.318 D/NearFieldManagerService( 3841): NearField starting...
11-03 16:42:30.319 D/NearFieldUtils( 3841): checkSystemProperty in
11-03 16:42:30.319 D/NearFieldUtils( 3841): checkSystemProperty: systemProperties:
11-03 16:42:30.319 E/NearFieldUtils( 3841): validProperty: priority is null
11-03 16:42:30.323 D/NearFieldManager( 3681): service connected.
11-03 16:42:30.326 D/HiSight-Discovery( 3681): eventId: 4001
11-03 16:42:30.326 D/HiSight-Discovery( 3681): msg 4001
11-03 16:42:30.326 D/HiSight-Discovery( 3681): bind success, status Ready
11-03 16:42:30.327 D/HiSight-Discovery( 3681): startAdvertise 2
11-03 16:42:30.327 D/HiSight-Discovery( 3681): stopAdvertise.
11-03 16:42:30.327 D/HiSight-Discovery( 3681): nearFieldStartListen deviceType 46
11-03 16:42:30.328 I/NearFieldManagerImpl( 3841): setDeviceInfo, sDeviceId changes
11-03 16:42:30.328 I/NearFieldManagerImpl( 3841): setDeviceInfo, sDeviceName changes
11-03 16:42:30.329 D/NearFieldManagerImpl( 3841): setServiceData, sServiceData=[], serviceData=[32]
11-03 16:42:30.329 E/NearFieldManager( 3681): setIdnNetworkPriority: networkPortPriority is empty
11-03 16:42:30.330 D/NearFieldManager( 3681): StartListen moduleId: CastPlusDiscoveryModule
11-03 16:42:30.330 D/NearFieldManagerImpl( 3841): startListen: moduleId: CastPlusDiscoveryModule
11-03 16:42:30.331 D/NearFieldUtils( 3841): getPreferredIpAddress exec
11-03 16:42:30.331 D/NearFieldUtils( 3841): getPreferredIpAddress by custom priority
11-03 16:42:30.331 D/NearFieldUtils( 3841): getIpByInterfaceSetting customIdnNetworkPriority:[]
11-03 16:42:30.331 D/NearFieldUtils( 3841): getPreferredIpAddress by default priority
11-03 16:42:30.331 I/TDLog ( 3841): TalkingData SDK init...
11-03 16:42:30.331 I/TDLog ( 3841): SDK_VERSION is: Android+TD+V5.0.7 gp Type:Native Build_Num:2141
11-03 16:42:30.331 I/TDLog ( 3841): App ID is: B9D7815EC975466AB1332111FCE62DF5
11-03 16:42:30.331 I/TDLog ( 3841): App Channel is: os
11-03 16:42:30.331 I/TDLog ( 3841): App Custom is:
11-03 16:42:30.331 I/TDLog ( 3841): SDK_OVC is: TDOVC+a3bb7754719798526508b6caad480dd7+SaaS
11-03 16:42:30.335 D/TrafficStats( 3841): tagSocket(139) with statsTag=0xffffffff, statsUid=-1
11-03 16:42:30.342 D/NearFieldUtils( 3841): to get wlan0 ip address
11-03 16:42:30.342 D/NearFieldUtils( 3841): get wlan0 IP succeed.
11-03 16:42:30.342 D/NearFieldManagerImpl( 3841): sDeviceType: 46
11-03 16:42:30.342 D/NearFieldManagerImpl( 3841): registerDevice() is called.
11-03 16:42:30.342 E/NearFieldManagerUtilsNative( 3841): Begin System.loadLibrary()
11-03 16:42:30.348 I/HicomNfTimerManager( 3841): epoll fd:140 create success
11-03 16:42:30.348 I/HicomNfTimerManager( 3841): epoll add fd:141--->140 success
11-03 16:42:30.348 I/HicomNfTimerManager( 3841): time fd:141 add to epoll success
11-03 16:42:30.351 D/nStackXDFinder( 3841): NSTACKX_Init:[146] :nstack ctrl creat epollfd 142
11-03 16:42:30.352 I/nStackXDFinder( 3841): InitDefaultInterfaceName:[779] :InitDefaultInterfaceName exec
11-03 16:42:30.352 D/nStackXCoAP( 3841): CoapServerInit:[174] :CoapServerInit is called
11-03 16:42:30.352 E/nStackXDFinder( 3841): GetLocalIp:[401] :GetLocalIp exec
11-03 16:42:30.352 E/nStackXDFinder( 3841): GetLocalIp:[407] :GetLocalIp, ifInfo is null
11-03 16:42:30.352 I/HicomNfMainCtrlManager( 3841): NSTACKX_RegisterDevice is called
11-03 16:42:30.352 D/NearFieldManagerImpl( 3841): Register device success.
11-03 16:42:30.352 I/nStackXDFinder( 3841): UpdateLocalNetworkInterface:[472] :UpdateLocalNetworkInterface exec,initerfaceName:wlan0
11-03 16:42:30.352 I/NearFieldManagerImpl( 3841): serviceName is castPlus
11-03 16:42:30.352 E/nStackXDFinder( 3841): GetLocalIp:[401] :GetLocalIp exec
11-03 16:42:30.352 E/nStackXDFinder( 3841): GetLocalIp:[407] :GetLocalIp, ifInfo is null
11-03 16:42:30.352 I/nStackXDFinder( 3841): UpdateLocalNetworkInterface:[498] :UpdateLocalNetworkInterface copy ip value in default process
11-03 16:42:30.352 E/nStackXDFinder( 3841): GetLocalIp:[401] :GetLocalIp exec
11-03 16:42:30.352 D/nStackXCoAP( 3841): CoapServerInit:[174] :CoapServerInit is called
11-03 16:42:30.352 E/nStackXDFinder( 3841): GetLocalIp:[401] :GetLocalIp exec
11-03 16:42:30.352 D/NearFieldManagerImpl( 3841): registerCapability() called with: capabilityBitmapNum = 1, capabilityBitmap = [8]
11-03 16:42:30.352 I/nStackXUtil( 3841): BindToDevice:[352] :BindToDevice exec
11-03 16:42:30.352 I/HicomNf_java_to_c( 3841): registerCapability, capabilityBitmapNum: 1
11-03 16:42:30.352 I/nStackXUtil( 3841): GetInterfaceByPriority:[279] :GetInterfaceByPriority exec
11-03 16:42:30.352 I/HicomNfMainCtrlManager( 3841): RegisterCapability: 1, 8
11-03 16:42:30.352 D/NearFieldManagerImpl( 3841): Register capability succeed with capabilityBitmapNum = 1, capabilityBitmap = [8]
11-03 16:42:30.352 I/nStackXUtil( 3841): GetInterfaceByDefault:[309] :GetInterfaceByDefault exec
11-03 16:42:30.353 I/nStackXUtil( 3841): GetInterfaceByDefault:[316] :GetInterfaceByDefault, ndevice name: lo
11-03 16:42:30.353 I/nStackXUtil( 3841): GetInterfaceByDefault:[316] :GetInterfaceByDefault, ndevice name: wlan0
11-03 16:42:30.353 D/NearFieldManagerImpl( 3841): registerServiceData() called with: serviceData = 32
11-03 16:42:30.353 I/nStackXUtil( 3841): BindToDevice:[374] :BindToDevice, Bind localAddr name: wlan0
11-03 16:42:30.353 I/nStackXUtil( 3841): BindToDeviceInner:[191] :binding interface wlan0 success
11-03 16:42:30.353 D/nStackXCoAP( 3841): CoapInitResources:[744] :CoapInitResources g_wlanOrEthContext update
11-03 16:42:30.353 D/NearFieldManagerImpl( 3841): registerModule() called with: packageModuleName = com.huawei.connection+CastPlusDiscoveryModule
