11-03 17:02:00.310 I/ActivityManager( 697): com.droidlogic.mictoggle is exempt from freezer
11-03 17:02:00.311 D/CompatibilityChangeReporter( 697): Compat change id reported: 135634846; UID 1000; state: DISABLED
11-03 17:02:00.314 D/HDMI ( 697): Process pid:1429 is calling addHotplugEventListener
11-03 17:02:00.316 I/BootReceiver( 697): Copying audit failures to DropBox
11-03 17:02:00.319 D/HDMI ( 697): addVendorCommandListener 1877008
11-03 17:02:00.321 I/BootReceiver( 697): Copied 12032 worth of audits to DropBox
11-03 17:02:00.322 I/DropBoxManagerService( 697): add tag=SYSTEM_AUDIT isTagEnabled=true flags=0x2
11-03 17:02:00.325 I/BootReceiver( 697): Checking for fsck errors
11-03 17:02:00.326 I/BootReceiver( 697): fs_stat, partition:param stat:0x10013
11-03 17:02:00.326 I/BootReceiver( 697): fs_stat, partition:tee stat:0x3
11-03 17:02:00.326 I/BootReceiver( 697): fs_stat, partition:factory stat:0x0
11-03 17:02:00.327 I/BootReceiver( 697): fs_stat, partition:userdata stat:0x0
11-03 17:02:00.329 D/HDMI ( 697): [R]: 5F:87:00:05:CD
11-03 17:02:00.344 W/ContextImpl( 1429): Calling a method in the system process without a qualified user: android.app.ContextImpl.bindService:1988 android.content.ContextWrapper.bindService:861 com.dangbei.lerad.etna.lib.client.EtnaClient.bindServer:138 com.dangbei.lerad.etna.lib.client.EtnaClient.access$600:29 com.dangbei.lerad.etna.lib.client.EtnaClient$3.call:205
11-03 17:02:00.371 D/CompatibilityChangeReporter( 697): Compat change id reported: 135634846; UID 10017; state: DISABLED
11-03 17:02:00.371 D/CompatibilityChangeReporter( 697): Compat change id reported: 177438394; UID 10017; state: DISABLED
11-03 17:02:00.372 D/CompatibilityChangeReporter( 697): Compat change id reported: 135772972; UID 10017; state: DISABLED
11-03 17:02:00.372 D/CompatibilityChangeReporter( 697): Compat change id reported: 135754954; UID 10017; state: ENABLED
11-03 17:02:00.379 W/ContextImpl( 1429): Calling a method in the system process without a qualified user: android.app.ContextImpl.bindService:1988 android.content.ContextWrapper.bindService:861 com.dangbei.lerad.etna.lib.client.EtnaClient.bindServer:138 com.dangbei.lerad.etna.lib.client.EtnaClient.access$600:29 com.dangbei.lerad.etna.lib.client.EtnaClient$3.call:205
11-03 17:02:00.384 W/ActivityManager( 697): Slow operation: 74ms so far, now at startProcess: returned from zygote!
11-03 17:02:00.384 W/ActivityManager( 697): Slow operation: 74ms so far, now at startProcess: done updating battery stats
11-03 17:02:00.384 W/ActivityManager( 697): Slow operation: 74ms so far, now at startProcess: building log message
11-03 17:02:00.384 I/ActivityManager( 697): Start proc 1629:com.droidlogic.mictoggle/1000 for broadcast {com.droidlogic.mictoggle/com.droidlogic.mictoggle.AssistantMicMuteReceiver}
11-03 17:02:00.384 W/ActivityManager( 697): Slow operation: 74ms so far, now at startProcess: starting to update pids map
11-03 17:02:00.384 W/ActivityManager( 697): Slow operation: 74ms so far, now at startProcess: done updating pids map
11-03 17:02:00.385 D/CompatibilityChangeReporter( 697): Compat change id reported: 143937733; UID 10017; state: ENABLED
11-03 17:02:00.428 D/CompatibilityChangeReporter( 697): Compat change id reported: 168419799; UID 1000; state: DISABLED
11-03 17:02:00.429 D/CompatibilityChangeReporter( 697): Compat change id reported: 273564678; UID 1000; state: DISABLED
11-03 17:02:00.462 E/ActivityThread( 1499): Failed to find provider info for com.bili.xds.sdk.bilidev.provider
11-03 17:02:00.462 W/ActivityManager( 697): Slow operation: 92ms so far, now at startProcess: returned from zygote!
11-03 17:02:00.462 W/ActivityManager( 697): Slow operation: 93ms so far, now at startProcess: done updating battery stats
11-03 17:02:00.463 W/ActivityManager( 697): Slow operation: 93ms so far, now at startProcess: building log message
11-03 17:02:00.463 I/ActivityManager( 697): Start proc 1647:android.process.media/u0a17 for content provider {com.android.providers.downloads/com.android.providers.downloads.DownloadProvider}
11-03 17:02:00.463 W/ActivityManager( 697): Slow operation: 93ms so far, now at startProcess: starting to update pids map
11-03 17:02:00.463 W/ActivityManager( 697): Slow operation: 93ms so far, now at startProcess: done updating pids map
11-03 17:02:00.509 D/CompatibilityChangeReporter( 697): Compat change id reported: 168419799; UID 10017; state: DISABLED
11-03 17:02:00.509 D/CompatibilityChangeReporter( 697): Compat change id reported: 273564678; UID 10017; state: DISABLED
11-03 17:02:00.513 D/CompatibilityChangeReporter( 697): Compat change id reported: 265195908; UID 10017; state: ENABLED
11-03 17:02:00.526 E/UsbDeviceManager( 697): Usb setCurrentUsbFunctionsCb failed ,functions:4 ,status:1 ,transactionId:6
11-03 17:02:00.527 I/UsbDeviceManager( 697): notifyCurrentFunction request:1 status:1
11-03 17:02:00.536 D/CompatibilityChangeReporter( 697): Compat change id reported: 170503758; UID 10017; state: ENABLED
11-03 17:02:00.662 W/ContextImpl( 1629): Calling a method in the system process without a qualified user: android.app.ContextImpl.startService:1899 android.content.ContextWrapper.startService:825 android.content.ContextWrapper.startService:825 com.droidlogic.mictoggle.AssistantMicMuteReceiver.onReceive:48 android.app.ActivityThread.handleReceiver:4494
11-03 17:02:00.687 W/ContextImpl( 950): Calling a method in the system process without a qualified user: android.app.ContextImpl.startService:1899 android.content.ContextWrapper.startService:825 android.content.ContextWrapper.startService:825 com.droidlogic.AiPqReceiver.onReceive:31 android.app.ActivityThread.handleReceiver:4494
11-03 17:02:00.689 D/HDMI ( 697): receive android.intent.action.BOOT_COMPLETED
11-03 17:02:00.690 I/HDMI ( 697): Receive boot completed broadcast
11-03 17:02:00.707 I/CheckInBootCompletedReceiver( 1363): Received boot completed intent
11-03 17:02:00.714 I/ActivityManager( 697): com.android.dynsystem is exempt from freezer
11-03 17:02:00.715 D/CompatibilityChangeReporter( 697): Compat change id reported: 135634846; UID 1000; state: DISABLED
11-03 17:02:00.745 I/DlcClient( 1363): Binding com.android.devicelockcontroller/.storage.GlobalParametersService
11-03 17:02:00.751 D/CompatibilityChangeReporter( 697): Compat change id reported: 253665015; UID 10055; state: ENABLED
11-03 17:02:00.751 D/CompatibilityChangeReporter( 697): Compat change id reported: 194532703; UID 10055; state: ENABLED
11-03 17:02:00.759 I/DeviceCheckInHelper( 1363): enqueueDeviceCheckInWork with delay: PT0S
11-03 17:02:00.792 W/ActivityManager( 697): Slow operation: 78ms so far, now at startProcess: returned from zygote!
11-03 17:02:00.793 W/ActivityManager( 697): Slow operation: 79ms so far, now at startProcess: done updating battery stats
11-03 17:02:00.793 W/ActivityManager( 697): Slow operation: 79ms so far, now at startProcess: building log message
11-03 17:02:00.793 I/ActivityManager( 697): Start proc 1700:com.android.dynsystem/1000 for broadcast {com.android.dynsystem/com.android.dynsystem.BootCompletedReceiver}
11-03 17:02:00.793 W/ActivityManager( 697): Slow operation: 79ms so far, now at startProcess: starting to update pids map
11-03 17:02:00.793 W/ActivityManager( 697): Slow operation: 79ms so far, now at startProcess: done updating pids map
11-03 17:02:00.813 W/StorageManagerService( 697): Reporting emulated;0 unmounted due to system locked
11-03 17:02:00.817 W/StorageManagerService( 697): Reporting emulated;0 unmounted due to system locked
11-03 17:02:00.819 D/CompatibilityChangeReporter( 697): Compat change id reported: 261072174; UID 1000; state: DISABLED
11-03 17:02:00.831 W/StorageManagerService( 697): Reporting emulated;0 unmounted due to system locked
11-03 17:02:00.837 W/StorageManagerService( 697): Reporting emulated;0 unmounted due to system locked
11-03 17:02:00.838 W/StorageManagerService( 697): Reporting emulated;0 unmounted due to system locked
11-03 17:02:00.839 W/StorageManagerService( 697): Reporting emulated;0 unmounted due to system locked
11-03 17:02:00.852 W/StorageManagerService( 697): Reporting emulated;0 unmounted due to system locked
11-03 17:02:00.881 D/CompatibilityChangeReporter( 697): Compat change id reported: 168419799; UID 1000; state: DISABLED
11-03 17:02:00.881 D/CompatibilityChangeReporter( 697): Compat change id reported: 273564678; UID 1000; state: DISABLED
11-03 17:02:00.913 W/StorageManagerService( 697): Reporting emulated;0 unmounted due to system locked
11-03 17:02:00.944 W/WindowManager( 697): Failed looking up window session=Session{7159bd4 1459:1000} callers=com.android.server.wm.WindowManagerService.windowForClientLocked:6077 com.android.server.wm.Session.updateRequestedVisibleTypes:695 android.view.IWindowSession$Stub.onTransact:1034
11-03 17:02:00.948 W/WindowManager( 697): [addWindow] title:com.dangbei.leard.leradlauncher/com.dangbei.launcher.home.LauncherActivity
11-03 17:02:00.968 D/CoreBackPreview( 697): Window{61aa140 u0 com.dangbei.leard.leradlauncher/com.dangbei.launcher.home.LauncherActivity}: Setting back callback OnBackInvokedCallbackInfo{mCallback=android.window.IOnBackInvokedCallback$Stub$Proxy@d435858, mPriority=0, mIsAnimationCallback=false}
11-03 17:02:00.975 W/StorageManagerService( 697): Reporting emulated;0 unmounted due to system locked
11-03 17:02:00.976 W/StorageManagerService( 697): Reporting emulated;0 unmounted due to system locked
11-03 17:02:00.981 W/StorageManagerService( 697): Reporting emulated;0 unmounted due to system locked
11-03 17:02:00.994 W/StorageManagerService( 697): Reporting emulated;0 unmounted due to system locked
11-03 17:02:00.996 W/StorageManagerService( 697): Reporting emulated;0 unmounted due to system locked
11-03 17:02:01.001 I/vold ( 258): fuse-bpf is enabled because /sys/fs/fuse/features/fuse_bpf reads 'supported'
11-03 17:02:01.001 I/vold ( 258): Setting ro.fuse.bpf.is_running to true
11-03 17:02:01.002 I/vold ( 258): Configuring read_ahead of /mnt/user/0/emulated fuse filesystem to 256kb
11-03 17:02:01.003 I/vold ( 258): Writing 256 to /sys/class/bdi/0:60/read_ahead_kb
11-03 17:02:01.003 I/vold ( 258): Configuring max_ratio of /mnt/user/0/emulated fuse filesystem to 40
11-03 17:02:01.003 I/vold ( 258): Writing 40 to /sys/class/bdi/0:60/max_ratio
11-03 17:02:01.005 I/StorageManagerService( 697): Mounted volume VolumeInfo{emulated;0}:
11-03 17:02:01.005 I/StorageManagerService( 697): type=EMULATED diskId=null partGuid= mountFlags=PRIMARY|VISIBLE_FOR_WRITE
11-03 17:02:01.005 I/StorageManagerService( 697): mountUserId=0 state=MOUNTED
11-03 17:02:01.005 I/StorageManagerService( 697): fsType=null fsUuid=null fsLabel=null
11-03 17:02:01.005 I/StorageManagerService( 697): path=/storage/emulated internalPath=/data/media
11-03 17:02:01.006 I/StorageSessionController( 697): Notifying volume state changed for session with id: emulated;0
11-03 17:02:01.010 W/StorageManagerService( 697): Reporting emulated;0 unmounted due to system locked
11-03 17:02:01.030 I/StorageSessionController( 697): Notifying volume state changed for session with id: emulated;0
11-03 17:02:01.042 D/CompatibilityChangeReporter( 697): Compat change id reported: 171306433; UID 1000; state: DISABLED
11-03 17:02:01.044 W/wificond( 592): Scan is not started. Ignore abort request
11-03 17:02:01.055 I/StorageSessionController( 697): Notifying volume state changed for session with id: emulated;0
11-03 17:02:01.061 W/ContextImpl( 697): Calling a method in the system process without a qualified user: android.app.ContextImpl.startService:1899 com.android.server.wm.DisplayPolicy.lambda$focusChangedLw$5:2126 com.android.server.wm.DisplayPolicy.$r8$lambda$Znxk63oh-WzVnzo_WQefN7uxV48:0 com.android.server.wm.DisplayPolicy$$ExternalSyntheticLambda13.run:0 android.os.Handler.handleCallback:958
11-03 17:02:01.110 W/ContextImpl( 1429): Calling a method in the system process without a qualified user: android.app.ContextImpl.sendBroadcast:1220 android.content.ContextWrapper.sendBroadcast:504 com.dangbei.lerad.etna.core.EtnaManager.sendRebootBroadcast:82 com.dangbei.lerad.etna.core.EtnaService.onStartCommand:89 android.app.ActivityThread.handleServiceArgs:4866
11-03 17:02:01.129 W/ContextImpl( 1429): Calling a method in the system process without a qualified user: android.app.ContextImpl.bindService:1988 android.content.ContextWrapper.bindService:861 com.dangbei.lerad.etna.lib.client.EtnaClient.bindServer:138 com.dangbei.lerad.etna.lib.client.EtnaClient.access$600:29 com.dangbei.lerad.etna.lib.client.EtnaClient$3.call:205
11-03 17:02:01.130 W/ContextImpl( 1429): Calling a method in the system process without a qualified user: android.app.ContextImpl.bindService:1988 android.content.ContextWrapper.bindService:861 com.dangbei.lerad.etna.lib.client.EtnaClient.bindServer:138 com.dangbei.lerad.etna.lib.client.EtnaClient.access$600:29 com.dangbei.lerad.etna.lib.client.EtnaClient$3.call:205
11-03 17:02:01.147 W/BroadcastLoopers( 697): Found previously unknown looper Thread[StorageManagerService,5,main]
11-03 17:02:01.151 W/ContextImpl( 1429): Calling a method in the system process without a qualified user: android.app.ContextImpl.startService:1899 android.content.ContextWrapper.startService:825 com.dangbei.etna.setting.core.SettingHelper.startRocky:286 com.dangbei.etna.setting.core.SettingHelper.sendCycleCheckBootGuideStatusMessage:233 com.dangbei.etna.setting.core.SettingHelper.startLoop:222
11-03 17:02:01.154 D/vold ( 258): /system/bin/sgdisk
11-03 17:02:01.154 D/vold ( 258): --android-dump
11-03 17:02:01.154 D/vold ( 258): /dev/block/vold/disk:8,0
11-03 17:02:01.159 W/ContextImpl( 1429): Calling a method in the system process without a qualified user: android.app.ContextImpl.startService:1899 android.content.ContextWrapper.startService:825 com.dangbei.etna.setting.core.SettingHelper.startRocky:286 com.dangbei.etna.setting.core.SettingHelper.sendCycleCheckBootGuideStatusMessage:233 com.dangbei.etna.setting.core.SettingHelper.startLoop:222
11-03 17:02:01.164 W/ContextImpl( 1429): Calling a method in the system process without a qualified user: android.app.ContextImpl.bindService:1988 android.content.ContextWrapper.bindService:861 com.dangbei.lerad.etna.lib.client.EtnaClient.bindServer:138 com.dangbei.lerad.etna.lib.client.EtnaClient.access$600:29 com.dangbei.lerad.etna.lib.client.EtnaClient$3.call:205
11-03 17:02:01.235 D/WallpaperManagerService( 697): Wallpaper_selinux_restorecon-0
11-03 17:02:01.300 D/CompatibilityChangeReporter( 697): Compat change id reported: 271850009; UID 10068; state: ENABLED
11-03 17:02:01.301 D/CompatibilityChangeReporter( 697): Compat change id reported: 253665015; UID 10068; state: ENABLED
11-03 17:02:01.303 D/CompatibilityChangeReporter( 697): Compat change id reported: 194532703; UID 10068; state: ENABLED
11-03 17:02:01.307 D/vold ( 258): DISK mbr
11-03 17:02:01.307 D/vold ( 258): PART 1 7
11-03 17:02:01.309 I/vold ( 258): now can access :/dev/block/sda1
11-03 17:02:01.310 W/vold ( 258): table kMbr part type 7
11-03 17:02:01.310 D/StorageManagerService( 697): Volume emulated;0 broadcasting mounted to UserHandle{0}
11-03 17:02:01.722 D/HDMI ( 697): [S]: 40:83
11-03 17:02:01.980 D/HDMI ( 697): [R]: 0F:84:00:00:00
11-03 17:02:01.981 D/HDMI ( 697): addCecDevice new:CEC: logical_address: 0x00 device_type: 0 cec_version: 5 vendor_id: 60426 display_name: TV power_status: 0 physical_address: 0x0000 port_id: -1 old:CEC: logical_address: 0x00 device_type: 0 cec_version: 5 vendor_id: 60426 display_name: TV power_status: 0 physical_address: 0xFFFF port_id: -1
11-03 17:02:01.982 D/HdmiControlService( 697): Switching to full volume behavior
11-03 17:02:01.983 D/HDMI ( 697): [S]: 45:46
11-03 17:02:02.137 V/WindowManagerShell( 933): onTransitionReady android.os.BinderProxy@661c364: {id=1 t=CLOSE f=0x0 trk=0 r=[0@Point(0, 0)] c=[{WCT{android.window.IWindowContainerToken$Stub$Proxy@c388173} m=OPEN f=MOVE_TO_TOP leash=Surface(name=Task=224)/@0x6aac3c4 sb=Rect(0, 0 - 1920, 1080) eb=Rect(0, 0 - 1920, 1080) d=0},{WCT{android.window.IWindowContainerToken$Stub$Proxy@d725830} m=CLOSE f=SHOW_WALLPAPER leash=Surface(name=Task=3)/@0xbf342ad sb=Rect(0, 0 - 1920, 1080) eb=Rect(0, 0 - 1920, 1080) d=0}]}
11-03 17:02:02.138 V/WindowManagerShell( 933): Playing animation for (#1)android.os.BinderProxy@661c364@0
11-03 17:02:02.139 V/WindowManagerShell( 933): try handler com.android.wm.shell.keyguard.KeyguardTransitionHandler@5ae5ca9
11-03 17:02:02.139 V/WindowManagerShell( 933): try handler com.android.wm.shell.pip.tv.TvPipTransition@f2f222e
11-03 17:02:02.139 V/WindowManagerShell( 933): try handler com.android.wm.shell.activityembedding.ActivityEmbeddingController@10fc1cf
11-03 17:02:02.139 V/WindowManagerShell( 933): try handler com.android.wm.shell.transition.RemoteTransitionHandler@5dcc75c
11-03 17:02:02.139 V/WindowManagerShell( 933): Transition doesn't have explicit remote, search filters for match for {id=1 t=CLOSE f=0x0 trk=0 r=[0@Point(0, 0)] c=[{WCT{android.window.IWindowContainerToken$Stub$Proxy@c388173} m=OPEN f=MOVE_TO_TOP leash=Surface(name=Task=224)/@0x6aac3c4 sb=Rect(0, 0 - 1920, 1080) eb=Rect(0, 0 - 1920, 1080) d=0},{WCT{android.window.IWindowContainerToken$Stub$Proxy@d725830} m=CLOSE f=SHOW_WALLPAPER leash=Surface(name=Task=3)/@0xbf342ad sb=Rect(0, 0 - 1920, 1080) eb=Rect(0, 0 - 1920, 1080) d=0}]}
11-03 17:02:02.139 V/WindowManagerShell( 933): Delegate animation for #1 to null
11-03 17:02:02.139 V/WindowManagerShell( 933): try handler com.android.wm.shell.transition.DefaultTransitionHandler@e71a65
11-03 17:02:02.139 V/WindowManagerShell( 933): start default transition animation, info = {id=1 t=CLOSE f=0x0 trk=0 r=[0@Point(0, 0)] c=[{WCT{android.window.IWindowContainerToken$Stub$Proxy@c388173} m=OPEN f=MOVE_TO_TOP leash=Surface(name=Task=224)/@0x6aac3c4 sb=Rect(0, 0 - 1920, 1080) eb=Rect(0, 0 - 1920, 1080) d=0},{WCT{android.window.IWindowContainerToken$Stub$Proxy@d725830} m=CLOSE f=SHOW_WALLPAPER leash=Surface(name=Task=3)/@0xbf342ad sb=Rect(0, 0 - 1920, 1080) eb=Rect(0, 0 - 1920, 1080) d=0}]}
11-03 17:02:02.140 W/ActivityManager( 697): Slow operation: 987ms so far, now at startProcess: done creating new process record
11-03 17:02:02.140 W/ActivityManager( 697): Slow operation: 987ms so far, now at startProcess: stepping in to startProcess
11-03 17:02:02.140 V/WindowManager( 697): Sent Transition #1 createdAt=11-03 17:01:58.905 via request=TransitionRequestInfo { type = 2, triggerTask = TaskInfo{userId=0 taskId=3 displayId=0 isRunning=false baseIntent=Intent { act=android.intent.action.MAIN cat=[android.intent.category.HOME] flg=0x10800100 cmp=com.android.tv.settings/.system.FallbackHome } baseActivity=null topActivity=null origActivity=null realActivity=ComponentInfo{com.android.tv.settings/com.android.tv.settings.system.FallbackHome} numActivities=0 lastActiveTime=24824 supportsMultiWindow=true resizeMode=0 isResizeable=false minWidth=-1 minHeight=-1 defaultMinSize=220 token=WCT{RemoteToken{42e5099 Task{1232d2e #3 type=home A=1000:com.android.tv.settings}}} topActivityType=2 pictureInPictureParams=null shouldDockBigOverlays=false launchIntoPipHostTaskId=-1 lastParentTaskIdBeforePip=-1 displayCutoutSafeInsets=null topActivityInfo=null launchCookies=[] positionInParent=Point(0, 0) parentTaskId=-1 isFocused=true isVisible=true isVisibleRequested=true isSleeping=false topActivityInSizeCompat=false topActivityEligibleForLetterboxEducation= false isLetterboxDoubleTapEnabled= false topActivityEligibleForUserAspectRatioButton= false topActivityBoundsLetterboxed= false isFromLetterboxDoubleTap= false topActivityLetterboxVerticalPosition= -1 topActivityLetterboxHorizontalPosition= -1 topActivityLetterboxWidth=-1 topActivityLetterboxHeight=-1 isUserFullscreenOverrideEnabled=false isTopActivityTransparent=false locusId=null displayAreaFeatureId=1 cameraCompatControlState=hidden}, remoteTransition = null, displayChange = null, flags = 0 }
11-03 17:02:02.140 I/ActivityManager( 697): com.dangbei.lerad.rocky is exempt from freezer
11-03 17:02:02.140 V/WindowManager( 697): startWCT=WindowContainerTransaction { changes = {} hops = [] errorCallbackToken=null taskFragmentOrganizer=null }
11-03 17:02:02.141 D/CompatibilityChangeReporter( 697): Compat change id reported: 135634846; UID 1000; state: DISABLED
11-03 17:02:02.141 V/WindowManager( 697): info={id=1 t=CLOSE f=0x0 trk=0 r=[0@Point(0, 0)] c=[{WCT{RemoteToken{a292f3f Task{a838fea #224 type=home A=1000:com.dangbei.leard.leradlauncher}}} m=OPEN f=MOVE_TO_TOP leash=Surface(name=Task=224)/@0x8f9d412 sb=Rect(0, 0 - 1920, 1080) eb=Rect(0, 0 - 1920, 1080) d=0},{WCT{RemoteToken{42e5099 Task{1232d2e #3 type=home A=1000:com.android.tv.settings}}} m=CLOSE f=SHOW_WALLPAPER leash=Surface(name=Task=3)/@0x9b6d79d sb=Rect(0, 0 - 1920, 1080) eb=Rect(0, 0 - 1920, 1080) d=0}]}
11-03 17:02:02.141 W/ActivityManager( 697): Slow operation: 988ms so far, now at startProcess: done starting proc!
11-03 17:02:02.143 V/WindowManagerShell( 933): loadAnimation: anim=android.view.animation.AlphaAnimation@33f7e1 animAttr=0x13 type=CLOSE isEntrance=false
11-03 17:02:02.144 V/WindowManagerShell( 933): loadAnimation: anim=android.view.animation.AlphaAnimation@aac1bc7 animAttr=0x12 type=CLOSE isEntrance=true
11-03 17:02:02.149 V/WindowManagerShell( 933): animated by com.android.wm.shell.transition.DefaultTransitionHandler@e71a65
11-03 17:02:02.154 W/ActivityManager( 697): Slow operation: 978ms so far, now at finishAttachApplicationInner: after mServices.attachApplicationLocked
11-03 17:02:02.154 W/ContextImpl( 1429): Calling a method in the system process without a qualified user: android.app.ContextImpl.sendBroadcast:1220 android.content.ContextWrapper.sendBroadcast:504 com.dangbei.etna.setting.core.SettingHelper.sendCycleToProjector:276 com.dangbei.etna.setting.core.SettingHelper.sendCycleCheckBroadcast:245 com.dangbei.etna.setting.core.SettingHelper.sendCycleCheckBootGuideStatusMessage:234
11-03 17:02:02.155 W/ActivityManager( 697): Slow operation: 979ms so far, now at finishAttachApplicationInner: after dispatching broadcasts
11-03 17:02:02.155 W/ContextImpl( 1429): Calling a method in the system process without a qualified user: android.app.ContextImpl.sendBroadcast:1220 android.content.ContextWrapper.sendBroadcast:504 com.dangbei.etna.setting.core.SettingHelper.sendCycleToProjector:276 com.dangbei.etna.setting.core.SettingHelper.sendCycleCheckBroadcast:245 com.dangbei.etna.setting.core.SettingHelper.sendCycleCheckBootGuideStatusMessage:234
11-03 17:02:02.161 D/StorageManagerService( 697): Volume emulated;0 broadcasting checking to UserHandle{0}
11-03 17:02:02.163 D/StorageManagerService( 697): Volume emulated;0 broadcasting mounted to UserHandle{0}
11-03 17:02:02.173 I/ActivityManager( 697): com.android.managedprovisioning is exempt from freezer
11-03 17:02:02.173 D/CompatibilityChangeReporter( 697): Compat change id reported: 135634846; UID 10022; state: DISABLED
11-03 17:02:02.174 D/CompatibilityChangeReporter( 697): Compat change id reported: 177438394; UID 10022; state: DISABLED
11-03 17:02:02.174 W/ContextImpl( 697): Calling a method in the system process without a qualified user: android.app.ContextImpl.sendStickyBroadcast:1626 com.android.server.wifi.ClientModeImpl.sendNetworkChangeBroadcast:3008 com.android.server.wifi.ClientModeImpl.lambda$sendNetworkChangeBroadcastWithCurrentState$14:2985 com.android.server.wifi.ClientModeImpl.$r8$lambda$q-j88Pjw4gROgoJFr8wBlBVbuJI:0 com.android.server.wifi.ClientModeImpl$$ExternalSyntheticLambda4.send:0
11-03 17:02:02.174 D/CompatibilityChangeReporter( 697): Compat change id reported: 135772972; UID 10022; state: DISABLED
11-03 17:02:02.174 D/CompatibilityChangeReporter( 697): Compat change id reported: 135754954; UID 10022; state: ENABLED
11-03 17:02:02.182 W/ContextImpl( 1429): Calling a method in the system process without a qualified user: android.app.ContextImpl.sendBroadcast:1220 android.content.ContextWrapper.sendBroadcast:504 com.dangbei.etna.setting.core.SettingHelper.sendCycleToVoice:261 com.dangbei.etna.setting.core.SettingHelper.sendCycleCheckBroadcast:246 com.dangbei.etna.setting.core.SettingHelper.sendCycleCheckBootGuideStatusMessage:234
11-03 17:02:02.184 I/StorageManagerService( 697): Mounting volume VolumeInfo{public:8,1}:
11-03 17:02:02.184 I/StorageManagerService( 697): type=PUBLIC diskId=disk:8,0 partGuid= mountFlags=VISIBLE_FOR_WRITE
11-03 17:02:02.184 I/StorageManagerService( 697): mountUserId=0 state=UNMOUNTED
11-03 17:02:02.184 I/StorageManagerService( 697): fsType=null fsUuid=null fsLabel=null
11-03 17:02:02.184 I/StorageManagerService( 697): path=null internalPath=null
11-03 17:02:02.187 D/vold ( 258): /system/bin/blkid
11-03 17:02:02.187 D/vold ( 258): -c
11-03 17:02:02.187 D/vold ( 258): /dev/null
11-03 17:02:02.187 D/vold ( 258): -s
11-03 17:02:02.187 D/vold ( 258): TYPE
11-03 17:02:02.187 D/vold ( 258): -s
11-03 17:02:02.187 D/vold ( 258): UUID
11-03 17:02:02.187 D/vold ( 258): -s
11-03 17:02:02.187 D/vold ( 258): LABEL
11-03 17:02:02.187 D/vold ( 258): /dev/block/vold/public:8,1
11-03 17:02:02.190 I/ActivityManager( 697): com.android.localtransport is exempt from freezer
11-03 17:02:02.192 W/ContextImpl( 1459): Calling a method in the system process without a qualified user: android.app.ContextImpl.bindService:1988 android.content.ContextWrapper.bindService:861 ve.b.h:57 ve.b$c.call:3 xe.c$a.run:5
11-03 17:02:02.216 D/HDMI ( 697): [R]: 3F:87:00:05:CD
11-03 17:02:02.226 D/CoreBackPreview( 697): Window{6e976ff u0 com.android.tv.settings/com.android.tv.settings.system.FallbackHome}: Setting back callback null
11-03 17:02:02.255 I/ActivityManager( 697): com.android.dynsystem is exempt from freezer
11-03 17:02:02.260 W/ContextImpl( 1429): Calling a method in the system process without a qualified user: android.app.ContextImpl.sendBroadcast:1220 android.content.ContextWrapper.sendBroadcast:504 com.dangbei.etna.setting.core.SettingHelper.sendCycleToVoice:261 com.dangbei.etna.setting.core.SettingHelper.sendCycleCheckBroadcast:246 com.dangbei.etna.setting.core.SettingHelper.sendCycleCheckBootGuideStatusMessage:234
11-03 17:02:02.275 D/CompatibilityChangeReporter( 697): Compat change id reported: 261072174; UID 1000; state: DISABLED
11-03 17:02:02.303 D/CompatibilityChangeReporter( 697): Compat change id reported: 161145287; UID 10017; state: ENABLED
11-03 17:02:02.304 W/ActivityManager( 697): Slow operation: 164ms so far, now at startProcess: returned from zygote!
11-03 17:02:02.304 W/ActivityManager( 697): Slow operation: 164ms so far, now at startProcess: done updating battery stats
11-03 17:02:02.304 W/ActivityManager( 697): Slow operation: 164ms so far, now at startProcess: building log message
11-03 17:02:02.304 I/ActivityManager( 697): Start proc 1831:com.dangbei.lerad.rocky/1000 for service {com.dangbei.lerad.rocky/com.dangbei.rocky.RockyService}
11-03 17:02:02.304 W/ActivityManager( 697): Slow operation: 164ms so far, now at startProcess: starting to update pids map
11-03 17:02:02.304 W/ActivityManager( 697): Slow operation: 164ms so far, now at startProcess: done updating pids map
11-03 17:02:02.304 W/ActivityManager( 697): Slow operation: 131ms so far, now at startProcess: asking zygote to start proc
11-03 17:02:02.304 D/CompatibilityChangeReporter( 697): Compat change id reported: 143937733; UID 10022; state: ENABLED
11-03 17:02:02.319 W/ContextImpl( 697): Calling a method in the system process without a qualified user: android.app.ContextImpl.sendStickyBroadcast:1626 com.android.server.wifi.ClientModeImpl.sendNetworkChangeBroadcast:3008 com.android.server.wifi.ClientModeImpl.lambda$sendNetworkChangeBroadcastWithCurrentState$14:2985 com.android.server.wifi.ClientModeImpl.$r8$lambda$q-j88Pjw4gROgoJFr8wBlBVbuJI:0 com.android.server.wifi.ClientModeImpl$$ExternalSyntheticLambda4.send:0
11-03 17:02:02.390 W/ContextImpl( 697): Calling a method in the system process without a qualified user: android.app.ContextImpl.sendStickyBroadcast:1626 com.android.server.wifi.ClientModeImpl.sendNetworkChangeBroadcast:3008 com.android.server.wifi.ClientModeImpl.lambda$sendNetworkChangeBroadcastWithCurrentState$14:2985 com.android.server.wifi.ClientModeImpl.$r8$lambda$q-j88Pjw4gROgoJFr8wBlBVbuJI:0 com.android.server.wifi.ClientModeImpl$$ExternalSyntheticLambda4.send:0
11-03 17:02:02.415 W/ActivityManager( 697): Slow operation: 242ms so far, now at startProcess: returned from zygote!
11-03 17:02:02.415 W/ActivityManager( 697): Slow operation: 242ms so far, now at startProcess: done updating battery stats
11-03 17:02:02.415 W/ActivityManager( 697): Slow operation: 242ms so far, now at startProcess: building log message
11-03 17:02:02.415 I/ActivityManager( 697): Start proc 1858:com.android.managedprovisioning/u0a22 for broadcast {com.android.managedprovisioning/com.android.managedprovisioning.BootReminder}
11-03 17:02:02.415 W/ActivityManager( 697): Slow operation: 242ms so far, now at startProcess: starting to update pids map
11-03 17:02:02.415 W/ActivityManager( 697): Slow operation: 242ms so far, now at startProcess: done updating pids map
11-03 17:02:02.415 W/ActivityManager( 697): Slow operation: 226ms so far, now at startProcess: asking zygote to start proc
11-03 17:02:02.423 D/CompatibilityChangeReporter( 697): Compat change id reported: 168419799; UID 1000; state: DISABLED
11-03 17:02:02.424 D/CompatibilityChangeReporter( 697): Compat change id reported: 273564678; UID 1000; state: DISABLED
11-03 17:02:02.451 D/CompatibilityChangeReporter( 697): Compat change id reported: 214016041; UID 1000; state: ENABLED
11-03 17:02:02.451 D/CompatibilityChangeReporter( 697): Compat change id reported: 214016041; UID 1000; state: DISABLED
11-03 17:02:02.463 D/CompatibilityChangeReporter( 697): Compat change id reported: 135634846; UID 10040; state: DISABLED
11-03 17:02:02.501 W/ActivityManager( 697): Slow operation: 311ms so far, now at startProcess: returned from zygote!
11-03 17:02:02.502 W/ActivityManager( 697): Slow operation: 312ms so far, now at startProcess: done updating battery stats
11-03 17:02:02.502 W/ActivityManager( 697): Slow operation: 312ms so far, now at startProcess: building log message
11-03 17:02:02.502 I/ActivityManager( 697): Start proc 1897:com.android.localtransport/1000 for service {com.android.localtransport/com.android.localtransport.LocalTransportService}
11-03 17:02:02.502 W/ActivityManager( 697): Slow operation: 312ms so far, now at startProcess: starting to update pids map
11-03 17:02:02.502 W/ActivityManager( 697): Slow operation: 312ms so far, now at startProcess: done updating pids map
11-03 17:02:02.502 W/ActivityManager( 697): Slow operation: 249ms so far, now at startProcess: asking zygote to start proc
11-03 17:02:02.527 D/HDMI ( 697): [R]: 0F:84:00:00:00
11-03 17:02:02.531 D/HDMI ( 697): addCecDevice new:CEC: logical_address: 0x00 device_type: 0 cec_version: 5 vendor_id: 60426 display_name: TV power_status: 0 physical_address: 0x0000 port_id: -1 old:CEC: logical_address: 0x00 device_type: 0 cec_version: 5 vendor_id: 60426 display_name: TV power_status: 0 physical_address: 0x0000 port_id: -1
11-03 17:02:02.532 D/HdmiControlService( 697): Switching to full volume behavior
11-03 17:02:02.532 I/HdmiCecLocalDevice( 697): Ignored while Device Discovery Action is in progress: 0F:84:00:00:00
11-03 17:02:02.543 D/CompatibilityChangeReporter( 697): Compat change id reported: 168419799; UID 10022; state: DISABLED
11-03 17:02:02.543 D/CompatibilityChangeReporter( 697): Compat change id reported: 273564678; UID 10022; state: DISABLED
11-03 17:02:02.544 W/ActivityManager( 697): Slow operation: 291ms so far, now at startProcess: returned from zygote!
11-03 17:02:02.564 V/WindowManagerShell( 933): Transition animation finished (aborted=false), notifying core (#1)android.os.BinderProxy@661c364@0
11-03 17:02:02.576 V/WindowManagerShell( 933): Track 0 became idle
11-03 17:02:02.576 V/WindowManagerShell( 933): All active transition animations finished
11-03 17:02:02.585 W/ContextImpl( 697): Calling a method in the system process without a qualified user: android.app.ContextImpl.sendStickyBroadcast:1626 com.android.server.wifi.ClientModeImpl.sendNetworkChangeBroadcast:3008 com.android.server.wifi.ClientModeImpl.lambda$sendNetworkChangeBroadcastWithCurrentState$14:2985 com.android.server.wifi.ClientModeImpl.$r8$lambda$q-j88Pjw4gROgoJFr8wBlBVbuJI:0 com.android.server.wifi.ClientModeImpl$$ExternalSyntheticLambda4.send:0
11-03 17:02:02.589 W/ActivityManager( 697): Slow operation: 336ms so far, now at startProcess: done updating battery stats
11-03 17:02:02.589 W/ActivityManager( 697): Slow operation: 336ms so far, now at startProcess: building log message
11-03 17:02:02.589 I/ActivityManager( 697): Start proc 1911:com.android.dynsystem:dynsystem/1000 for service {com.android.dynsystem/com.android.dynsystem.DynamicSystemInstallationService}
11-03 17:02:02.589 W/ActivityManager( 697): Slow operation: 336ms so far, now at startProcess: starting to update pids map
11-03 17:02:02.589 W/ActivityManager( 697): Slow operation: 336ms so far, now at startProcess: done updating pids map
11-03 17:02:02.589 W/ActivityManager( 697): Slow operation: 128ms so far, now at startProcess: asking zygote to start proc
11-03 17:02:02.590 D/CompatibilityChangeReporter( 697): Compat change id reported: 143937733; UID 10040; state: DISABLED
11-03 17:02:02.593 D/CompatibilityChangeReporter( 697): Compat change id reported: 168419799; UID 1000; state: DISABLED
11-03 17:02:02.594 D/CompatibilityChangeReporter( 697): Compat change id reported: 273564678; UID 1000; state: DISABLED
11-03 17:02:02.613 D/CompatibilityChangeReporter( 697): Compat change id reported: 170503758; UID 10022; state: ENABLED
11-03 17:02:02.613 D/CompatibilityChangeReporter( 697): Compat change id reported: 265195908; UID 10022; state: ENABLED
11-03 17:02:02.614 V/WindowManager( 697): Finish Transition #1: created at
11-03 17:01:58.905 collect-started=0.101ms request-sent=0.933ms started=11.597ms ready=653.272ms sent=3221.943ms finished=3660.749ms
11-03 17:02:02.636 W/ActivityManager( 697): Slow operation: 174ms so far, now at startProcess: returned from zygote!
11-03 17:02:02.637 W/ActivityManager( 697): Slow operation: 175ms so far, now at startProcess: done updating battery stats
11-03 17:02:02.637 W/ActivityManager( 697): Slow operation: 175ms so far, now at startProcess: building log message
11-03 17:02:02.637 I/ActivityManager( 697): Start proc 1937:com.sohu.inputmethod.sogou.tv/u0a40 for service {com.sohu.inputmethod.sogou.tv/com.sohu.inputmethod.sogou.tv.SogouIME}
11-03 17:02:02.637 W/ActivityManager( 697): Slow operation: 175ms so far, now at startProcess: starting to update pids map
11-03 17:02:02.637 W/ActivityManager( 697): Slow operation: 175ms so far, now at startProcess: done updating pids map
11-03 17:02:02.650 E/ActivityThread( 1499): Failed to find provider info for com.tcl.xian.StartandroidService.MyContentProvider
11-03 17:02:02.670 D/CompatibilityChangeReporter( 697): Compat change id reported: 171306433; UID 1073; state: ENABLED
11-03 17:02:02.684 D/vold ( 258): /dev/block/vold/public:8,1: UUID="02E24445E2443EE3" LABEL="meida" TYPE="ntfs"
11-03 17:02:02.685 I/vold ( 258): IsSupported() --> 1
11-03 17:02:02.685 I/vold ( 258): Check OK
11-03 17:02:02.843 W/ActivityManager( 697): Slow operation: 117ms so far, now at finishAttachApplicationInner: after mServices.attachApplicationLocked
11-03 17:02:02.843 W/ActivityManager( 697): Slow operation: 117ms so far, now at finishAttachApplicationInner: after dispatching broadcasts
11-03 17:02:02.844 D/CompatibilityChangeReporter( 697): Compat change id reported: 168419799; UID 10040; state: DISABLED
11-03 17:02:02.844 D/CompatibilityChangeReporter( 697): Compat change id reported: 171306433; UID 1000; state: ENABLED
11-03 17:02:02.845 D/CompatibilityChangeReporter( 697): Compat change id reported: 273564678; UID 10040; state: DISABLED
11-03 17:02:02.848 W/ActivityManager( 697): Slow operation: 114ms so far, now at finishAttachApplicationInner: after mServices.attachApplicationLocked
11-03 17:02:02.848 W/ActivityManager( 697): Slow operation: 114ms so far, now at finishAttachApplicationInner: after dispatching broadcasts
11-03 17:02:02.858 I/ActivityManager( 697): com.android.packageinstaller is exempt from freezer
11-03 17:02:02.858 D/CompatibilityChangeReporter( 697): Compat change id reported: 135634846; UID 10025; state: DISABLED
11-03 17:02:02.859 D/CompatibilityChangeReporter( 697): Compat change id reported: 177438394; UID 10025; state: DISABLED
11-03 17:02:02.859 D/CompatibilityChangeReporter( 697): Compat change id reported: 135772972; UID 10025; state: DISABLED
11-03 17:02:02.859 D/CompatibilityChangeReporter( 697): Compat change id reported: 135754954; UID 10025; state: ENABLED
11-03 17:02:02.860 D/CompatibilityChangeReporter( 697): Compat change id reported: 143937733; UID 10025; state: ENABLED
11-03 17:02:02.867 D/CompatibilityChangeReporter( 697): Compat change id reported: 265195908; UID 10040; state: ENABLED
11-03 17:02:02.881 I/ActivityManager( 697): Start proc 1973:com.android.packageinstaller/u0a25 for broadcast {com.android.packageinstaller/com.android.packageinstaller.TemporaryFileManager}
11-03 17:02:02.883 D/CompatibilityChangeReporter( 697): Compat change id reported: 170503758; UID 10040; state: DISABLED
11-03 17:02:02.910 I/DynamicSystemService( 697): isInstalled(): false
11-03 17:02:02.936 I/TransportConnection( 697): LocalTransportService#0: Notifying [TransportManager.registerTransport()] transport = BackupTransportClient
11-03 17:02:02.947 D/CompatibilityChangeReporter( 697): Compat change id reported: 182734110; UID 10055; state: ENABLED
11-03 17:02:02.958 D/BackupTransportManager( 697): [UserID:0] Transport com.android.localtransport/.LocalTransportService registered
11-03 17:02:02.958 D/BackupManagerService( 697): [UserID:0] Transport com.android.localtransport/.LocalTransport registered 3849ms after first request (delay = 3000ms)
11-03 17:02:02.968 D/HDMI ( 697): [R]: 54:47:41:56:52:2D:58:31:36:30:30:48
11-03 17:02:02.969 D/HdmiCecNetwork( 697): Updating device OSD name from AudioSystem to AVR-X1600H
11-03 17:02:02.970 D/HDMI ( 697): [S]: 43:46
11-03 17:02:02.981 D/CompatibilityChangeReporter( 697): Compat change id reported: 168419799; UID 10025; state: DISABLED
11-03 17:02:02.981 D/CompatibilityChangeReporter( 697): Compat change id reported: 273564678; UID 10025; state: DISABLED
11-03 17:02:02.996 D/CompatibilityChangeReporter( 697): Compat change id reported: 265195908; UID 10025; state: ENABLED
11-03 17:02:03.054 D/CompatibilityChangeReporter( 697): Compat change id reported: 170503758; UID 10025; state: ENABLED
11-03 17:02:03.066 I/BackupManagerService( 697): [UserID:0] Found 47 stale backup journal(s), scheduling.
11-03 17:02:03.215 W/Looper ( 933): Slow dispatch took 2168ms SysUiBg h=android.os.Handler c=android.app.LoadedApk$ReceiverDispatcher$Args$$ExternalSyntheticLambda0@644ad63 m=0
11-03 17:02:03.216 W/Looper ( 933): Slow delivery took 1469ms SysUiBg h=android.os.Handler c=android.net.TetheringManager$4$$ExternalSyntheticLambda4@5a42d60 m=0
11-03 17:02:03.229 W/ContextImpl( 1831): Calling a method in the system process without a qualified user: android.app.ContextImpl.startService:1899 android.content.ContextWrapper.startService:825 com.cvte.tv.api.TvApiSDKManager.:177 com.cvte.tv.api.TvApiSDKManager.init:217 com.dangbei.rocky.component.system.SystemControlUtils.initSystemAidl:82
11-03 17:02:03.242 W/ActivityManager( 697): Unable to start service Intent { act=com.cvte.tv.api.TV_API_SERVICE pkg=com.cvte.tv.api.impl } U=0: not found
11-03 17:02:03.244 W/ContextImpl( 1831): Calling a method in the system process without a qualified user: android.app.ContextImpl.bindService:1988 android.content.ContextWrapper.bindService:861 com.cvte.tv.api.TvApiSDKManager.:178 com.cvte.tv.api.TvApiSDKManager.init:217 com.dangbei.rocky.component.system.SystemControlUtils.initSystemAidl:82
11-03 17:02:03.274 W/ActivityManager( 697): Unable to start service Intent { act=com.cvte.tv.api.TV_API_SERVICE pkg=com.cvte.tv.api.impl } U=0: not found
11-03 17:02:03.293 W/ContextImpl( 1831): Calling a method in the system process without a qualified user: android.app.ContextImpl.startService:1899 android.content.ContextWrapper.startService:825 com.cvte.tv.api.TvApiSDKManager.getTvApi:361 com.dangbei.rocky.component.system.SystemControlUtils.initSystemAidl:83 com.dangbei.rocky.component.system.SystemComponent.onAttached:38
11-03 17:02:03.311 D/CompatibilityChangeReporter( 697): Compat change id reported: 261072174; UID 10077; state: DISABLED
11-03 17:02:03.312 W/ActivityManager( 697): Unable to start service Intent { act=com.cvte.tv.api.TV_API_SERVICE pkg=com.cvte.tv.api.impl } U=0: not found
11-03 17:02:03.317 W/Looper ( 1499): Slow dispatch took 3863ms main h=android.app.ActivityThread$H c=null m=110
11-03 17:02:03.323 W/ContextImpl( 1831): Calling a method in the system process without a qualified user: android.app.ContextImpl.bindService:1988 android.content.ContextWrapper.bindService:861 com.cvte.tv.api.TvApiSDKManager.getTvApi:362 com.dangbei.rocky.component.system.SystemControlUtils.initSystemAidl:83 com.dangbei.rocky.component.system.SystemComponent.onAttached:38
11-03 17:02:03.325 W/ActivityManager( 697): Unable to start service Intent { act=com.cvte.tv.api.TV_API_SERVICE pkg=com.cvte.tv.api.impl } U=0: not found
11-03 17:02:03.343 W/Looper ( 1499): Slow delivery took 3308ms main h=android.app.ActivityThread$H c=null m=164
11-03 17:02:03.366 D/CompatibilityChangeReporter( 697): Compat change id reported: 135634846; UID 10067; state: DISABLED
11-03 17:02:03.366 D/CompatibilityChangeReporter( 697): Compat change id reported: 177438394; UID 10067; state: DISABLED
11-03 17:02:03.367 D/CompatibilityChangeReporter( 697): Compat change id reported: 135772972; UID 10067; state: DISABLED
11-03 17:02:03.367 D/CompatibilityChangeReporter( 697): Compat change id reported: 135754954; UID 10067; state: ENABLED
11-03 17:02:03.367 D/CompatibilityChangeReporter( 697): Compat change id reported: 143937733; UID 10067; state: ENABLED
11-03 17:02:03.379 W/ContextImpl( 1831): Calling a method in the system process without a qualified user: android.app.ContextImpl.startService:1899 android.content.ContextWrapper.startService:825 com.dangbei.phrike.core.DownloadManager.register:294 com.dangbei.component_appcontrol.phrike.XPhrikeAppCreator.register:47 com.dangbei.component_appcontrol.AppControlComponent.onAttached:65
11-03 17:02:03.434 W/ContextImpl( 697): Calling a method in the system process without a qualified user: android.app.ContextImpl.sendStickyBroadcast:1626 com.android.server.wifi.ClientModeImpl.sendNetworkChangeBroadcast:3008 com.android.server.wifi.ClientModeImpl.lambda$sendNetworkChangeBroadcastWithCurrentState$14:2985 com.android.server.wifi.ClientModeImpl.$r8$lambda$q-j88Pjw4gROgoJFr8wBlBVbuJI:0 com.android.server.wifi.ClientModeImpl$$ExternalSyntheticLambda4.send:0
11-03 17:02:03.449 W/OverlayManager( 697): service 'idmap' died
11-03 17:02:03.483 I/MediaSessionStack( 697): addSession to bottom of stack | record: com.xiaodianshi.tv.yst/YstMediaService (userId=0)
11-03 17:02:03.498 W/ActivityManager( 697): Slow operation: 132ms so far, now at startProcess: returned from zygote!
11-03 17:02:03.498 W/ActivityManager( 697): Slow operation: 132ms so far, now at startProcess: done updating battery stats
11-03 17:02:03.498 W/ActivityManager( 697): Slow operation: 133ms so far, now at startProcess: building log message
11-03 17:02:03.498 I/ActivityManager( 697): Start proc 2057:com.android.permissioncontroller/u0a67 for broadcast {com.android.permissioncontroller/com.android.permissioncontroller.permission.service.LocationAccessCheck$SetupPeriodicBackgroundLocationAccessCheck}
11-03 17:02:03.498 W/ActivityManager( 697): Slow operation: 133ms so far, now at startProcess: starting to update pids map
11-03 17:02:03.499 W/ActivityManager( 697): Slow operation: 133ms so far, now at startProcess: done updating pids map
11-03 17:02:03.529 W/ContextImpl( 697): Calling a method in the system process without a qualified user: android.app.ContextImpl.sendStickyBroadcast:1626 com.android.server.wifi.ClientModeImpl.sendNetworkChangeBroadcast:3008 com.android.server.wifi.ClientModeImpl.lambda$sendNetworkChangeBroadcastWithCurrentState$14:2985 com.android.server.wifi.ClientModeImpl.$r8$lambda$q-j88Pjw4gROgoJFr8wBlBVbuJI:0 com.android.server.wifi.ClientModeImpl$$ExternalSyntheticLambda4.send:0
11-03 17:02:03.533 W/BroadcastLoopers( 697): Found previously unknown looper Thread[ConnectivityServiceThread,5,main]
11-03 17:02:03.580 W/WindowManager( 697): [addWindow] title:InputMethod
11-03 17:02:03.594 D/CompatibilityChangeReporter( 697): Compat change id reported: 161145287; UID 10040; state: DISABLED
11-03 17:02:03.598 D/CompatibilityChangeReporter( 697): Compat change id reported: 168419799; UID 10067; state: DISABLED
11-03 17:02:03.598 D/CompatibilityChangeReporter( 697): Compat change id reported: 273564678; UID 10067; state: DISABLED
11-03 17:02:03.611 I/ActivityManager( 697): Background started FGS: Allowed [callingPackage: com.xiaodianshi.tv.yst; callingUid: 10077; uidState: IMPF; uidBFSL: n/a; intent: Intent { cmp=com.xiaodianshi.tv.yst/com.bilibili.opd.app.bizcommon.hybridruntime.mod.TickBackGroundService }; code:SYSTEM_ALERT_WINDOW_PERMISSION; tempAllowListReason:; targetSdkVersion:26; callerTargetSdkVersion:26; startForegroundCount:0; bindFromPackage:null: isBindService:false]
11-03 17:02:03.612 D/CompatibilityChangeReporter( 697): Compat change id reported: 265195908; UID 10067; state: ENABLED
11-03 17:02:03.617 D/OomAdjuster( 697): Not killing cached processes
11-03 17:02:03.646 D/CompatibilityChangeReporter( 697): Compat change id reported: 161252188; UID 10077; state: DISABLED
11-03 17:02:03.648 D/CompatibilityChangeReporter( 697): Compat change id reported: 170503758; UID 10067; state: ENABLED
11-03 17:02:03.669 D/CompatibilityChangeReporter( 697): Compat change id reported: 170668199; UID 10077; state: DISABLED
11-03 17:02:03.671 W/ActivityManager( 697): Foreground service started from background can not have location/camera/microphone access: service com.xiaodianshi.tv.yst/com.bilibili.opd.app.bizcommon.hybridruntime.mod.TickBackGroundService
11-03 17:02:03.671 D/CompatibilityChangeReporter( 697): Compat change id reported: 255038118; UID 10077; state: DISABLED
11-03 17:02:03.671 D/CompatibilityChangeReporter( 697): Compat change id reported: 255042465; UID 10077; state: DISABLED
11-03 17:02:03.674 W/ForegroundServiceTypeLoggerModule( 697): Foreground service start for UID: 10077 does not have any types
11-03 17:02:03.675 V/ActivityManager( 697): Attempted to start a foreground service (com.xiaodianshi.tv.yst/com.bilibili.opd.app.bizcommon.hybridruntime.mod.TickBackGroundService) with a broken notification (no icon: Notification(channel=3 shortcut=null contentView=null vibrate=null sound=null defaults=0x0 flags=0x40 color=0x00000000 vis=PRIVATE))
11-03 17:02:03.722 I/ActivityManager( 697): Deferring FGS notification in legacy app com.xiaodianshi.tv.yst/u0a77 : Notification(channel=3 shortcut=null contentView=null vibrate=null sound=null defaults=0x0 flags=0x40 color=0x00000000 vis=PRIVATE)
11-03 17:02:03.769 I/MediaSessionStack( 697): removeSession | record: com.xiaodianshi.tv.yst/YstMediaService (userId=0)
11-03 17:02:03.769 D/HDMI ( 697): [R]: 34:47:41:56:20:52:65:63:65:69:76:65:72
11-03 17:02:03.770 D/HdmiCecNetwork( 697): Updating device OSD name from Tuner_1 to AV Receiver
11-03 17:02:03.780 D/CoreBackPreview( 697): Window{58aacc5 u0 InputMethod}: Setting back callback OnBackInvokedCallbackInfo{mCallback=android.window.IOnBackInvokedCallback$Stub$Proxy@8fb739c, mPriority=0, mIsAnimationCallback=false}
11-03 17:02:03.786 D/HDMI ( 697): [S]: 40:46
11-03 17:02:03.810 I/MediaSessionStack( 697): addSession to bottom of stack | record: com.xiaodianshi.tv.yst/YstMediaService (userId=0)
11-03 17:02:03.838 E/NetlinkEvent( 448): NetlinkEvent::FindParam(): Parameter 'INTERFACE' not found
11-03 17:02:03.838 E/NetlinkEvent( 448): NetlinkEvent::FindParam(): Parameter 'STATE' not found
11-03 17:02:03.838 E/NetlinkEvent( 448): NetlinkEvent::FindParam(): Parameter 'TIME_NS' not found
11-03 17:02:03.838 E/NetlinkEvent( 448): NetlinkEvent::FindParam(): Parameter 'UID' not found
11-03 17:02:03.877 I/ActivityManager( 697): reportOnUserCompletedEvent(0): stored=10, eligible=111
11-03 17:02:03.878 D/SystemServerTimingAsync( 697): ssm.CompletedEventUser-0
11-03 17:02:03.878 I/SystemServiceManager( 697): Calling onCompletedEventUser 0
11-03 17:02:03.881 D/SystemServerTimingAsync( 697): ssm.onCompletedEventUser-0_{|Unlocked|}_com.android.server.pm.Installer
11-03 17:02:03.882 D/SystemServerTimingAsync( 697): ssm.onCompletedEventUser-0_{|Unlocked|}_com.android.server.flags.FeatureFlagsService
11-03 17:02:03.882 D/SystemServerTimingAsync( 697): ssm.onCompletedEventUser-0_{|Unlocked|}_com.android.server.uri.UriGrantsManagerService$Lifecycle
11-03 17:02:03.882 D/SystemServerTimingAsync( 697): ssm.onCompletedEventUser-0_{|Unlocked|}_com.android.server.powerstats.PowerStatsService
11-03 17:02:03.882 D/SystemServerTimingAsync( 697): ssm.onCompletedEventUser-0_{|Unlocked|}_com.android.server.permission.access.AccessCheckingService
11-03 17:02:03.882 D/SystemServerTimingAsync( 697): ssm.onCompletedEventUser-0_{|Unlocked|}_com.android.server.wm.ActivityTaskManagerService$Lifecycle
11-03 17:02:03.882 D/SystemServerTimingAsync( 697): ssm.onCompletedEventUser-0_{|Unlocked|}_com.android.server.am.ActivityManagerService$Lifecycle
11-03 17:02:03.882 D/SystemServerTimingAsync( 697): ssm.onCompletedEventUser-0_{|Unlocked|}_com.android.server.pm.DataLoaderManagerService
11-03 17:02:03.882 D/SystemServerTimingAsync( 697): ssm.onCompletedEventUser-0_{|Unlocked|}_com.android.server.power.PowerManagerService
