11-03 17:08:23.525 I/SystemControl( 323): SystemControlHal frameRateDisplay 0,[0 0 0 0]
11-03 17:08:23.525 I/SystemControl( 323): [/SysWrite.cpp, getKernelReleaseVersion, 701] getKernelReleaseVersion: 5.15
11-03 17:08:23.525 D/SystemControl( 323): axis is 3840x2160
11-03 17:08:23.525 E/SystemControl( 323): inScreen 3840 2160 [ 0 0 0 0]
11-03 17:08:23.525 D/SystemControl( 323): SystemControlHal frect.inscreen() 0
11-03 17:08:23.525 I/SystemControl( 323): [/SysWrite.cpp, getKernelReleaseVersion, 701] getKernelReleaseVersion: 5.15
11-03 17:08:23.525 D/SystemControl( 323): axis is 3840x2160
11-03 17:08:23.525 E/SystemControl( 323): inScreen 3840 2160 [ 0 0 0 0]
11-03 17:08:23.525 I/SystemControl-FRA( 323): [/FrameRateAutoAdaption.cpp, isFrameRateOn, 176] hdmi frame rate is on
11-03 17:08:23.525 V/MesonDisplayServer( 299): GetDisplayMode:2160p60hz
11-03 17:08:23.525 I/SystemControl-FRA( 323): [/FrameRateAutoAdaption.cpp, setVideoLayerOn, 227] policycontrol by setVideoLayerOn 1 on 0 lastframe 0 and cost 1224312165
11-03 17:08:23.526 V/MesonDisplayServer( 299): GetDisplayMode:2160p60hz
11-03 17:08:23.526 I/SystemControl( 323): [frameRateDisplay] ---
11-03 17:08:23.532 D/SystemControl( 323): [CPQControl]:onVframeSizeChange: event value = 10(0xa)
11-03 17:08:23.532 D/SystemControl( 323): [CPQControl]:Cpq_GetSourceHDRType: newHdrType:6, source_input:10
11-03 17:08:23.532 I/SystemControl( 323): [/UEventObserver.cpp, HDMITxUenventThreadLoop, 451] HDMI TX switch_name:hdmitx_current_status, switch_state: 27
11-03 17:08:23.541 I/audio_hw_hal_primary( 461): [audiohal_get_latency:1036] io 469: out:0xf1bc2110 frames:4352 rate:48000 whole_latency:90 alsa_latency:90
11-03 17:08:23.541 I/audio_hw_hal_primary( 461): [out_pause_new:1211] io: 469: out:0xf1bc2110 pause:0 dolby_type:1 continuous:0 hw_sync:0 ms12_enable:0
11-03 17:08:23.541 E/audio_hw_hal_alsamgr( 461): out->pcm and adev->pcm are assumed same handle
11-03 17:08:23.542 I/audio_hw_hal_primary( 461): [out_pause_new:1323] io 469: out:0xf1bc2110 exit
11-03 17:08:23.542 I/audio_hw_hal_primary( 461): [out_flush_new:1428] io 469: out:0xf1bc2110
11-03 17:08:23.542 I/audio_hw_hal_spdifout( 461): aml_audio_spdifout_stop enter
11-03 17:08:23.542 I/audio_hw_hal_primary( 461): [out_flush_new:1592] io 469: out:0xf1bc2110 exit
11-03 17:08:23.542 I/audio_hw_hal_primary( 461): [out_resume_new:1335] io 469: out:0xf1bc2110 standby:0, pause_status:0
11-03 17:08:23.542 E/audio_hw_hal_primary( 461): Amlogic_HAL - out_resume_new: cannot resume, because output stream isn't in standby or paused state.
11-03 17:08:23.542 I/audio_hw_hal_primary( 461): [out_resume_new:1417] io 469: out:0xf1bc2110 exit
11-03 17:08:23.542 W/StreamHAL( 461): Error from HAL stream in function resume: Unknown error -3
11-03 17:08:23.543 E/AudioFlinger( 503): Error when resuming output stream: -61
11-03 17:08:23.553 W/ContextImpl( 697): Calling a method in the system process without a qualified user: android.app.ContextImpl.startService:1899 com.android.server.wm.DisplayPolicy.lambda$focusChangedLw$5:2126 com.android.server.wm.DisplayPolicy.$r8$lambda$Znxk63oh-WzVnzo_WQefN7uxV48:0 com.android.server.wm.DisplayPolicy$$ExternalSyntheticLambda13.run:0 android.os.Handler.handleCallback:958
11-03 17:08:23.553 I/audio_hw_hal_primary( 461): [audiohal_get_latency:1036] io 469: out:0xf1bc2110 frames:6144 rate:48000 whole_latency:128 alsa_latency:128
11-03 17:08:23.558 D/aaa ( 1479): LedStatusService onStartCommand begin
11-03 17:08:23.558 D/aaa ( 1479): topPkg is -------------- :com.cibn.tv
11-03 17:08:23.564 I/audio_hw_hal_primary( 461): [audiohal_get_latency:1036] io 469: out:0xf1bc2110 frames:6144 rate:48000 whole_latency:128 alsa_latency:128
11-03 17:08:23.569 I/ImeTracker( 697): com.cibn.tv:6f2ce39d: onRequestHide at ORIGIN_SERVER_HIDE_INPUT reason HIDE_UNSPECIFIED_WINDOW
11-03 17:08:23.569 I/ImeTracker( 697): com.cibn.tv:6f2ce39d: onCancelled at PHASE_SERVER_SHOULD_HIDE
11-03 17:08:23.571 I/DefaultIMS( 1937): onStartInput attribute=android.view.inputmethod.EditorInfo@2ad0d5c restarting=false inputType: 0
11-03 17:08:23.571 D/MotuCrashSDK( 4419): onActivitySaveInstanceState:com.youku.tv.home.activity.HomeActivity
11-03 17:08:23.575 I/audio_hw_hal_primary( 461): [audiohal_get_latency:1036] io 469: out:0xf1bc2110 frames:6144 rate:48000 whole_latency:128 alsa_latency:128
11-03 17:08:23.575 D/MotuCrashSDK( 4419): onActivityStopped:com.youku.tv.home.activity.HomeActivity
11-03 17:08:23.576 E/Passport.4419.2( 4419): onActivityStopped,com.youku.tv.home.activity.HomeActivity_@156fb16
11-03 17:08:23.586 I/com.cibn.tv( 4419): Background young concurrent copying GC freed 232238(16MB) AllocSpace objects, 39(2312KB) LOS objects, 21% free, 56MB/71MB, paused 34.482ms,220us total 331.582ms
11-03 17:08:23.586 I/audio_hw_hal_primary( 461): [audiohal_get_latency:1036] io 469: out:0xf1bc2110 frames:6144 rate:48000 whole_latency:128 alsa_latency:128
11-03 17:08:23.597 I/audio_hw_hal_primary( 461): [audiohal_get_latency:1036] io 469: out:0xf1bc2110 frames:6144 rate:48000 whole_latency:128 alsa_latency:128
11-03 17:08:23.607 I/audio_hw_hal_primary( 461): [audiohal_get_latency:1036] io 469: out:0xf1bc2110 frames:6144 rate:48000 whole_latency:128 alsa_latency:128
11-03 17:08:23.618 I/audio_hw_hal_primary( 461): [audiohal_get_latency:1036] io 469: out:0xf1bc2110 frames:6144 rate:48000 whole_latency:128 alsa_latency:128
11-03 17:08:23.628 I/audio_hw_hal_primary( 461): [audiohal_get_latency:1036] io 469: out:0xf1bc2110 frames:6144 rate:48000 whole_latency:128 alsa_latency:128
11-03 17:08:23.638 I/audio_hw_hal_primary( 461): [audiohal_get_latency:1036] io 469: out:0xf1bc2110 frames:6144 rate:48000 whole_latency:128 alsa_latency:128
11-03 17:08:23.639 D/audioserver( 503): logFgsApiEnd: FGS Logger Transaction failed, -129
11-03 17:08:23.645 D/audioserver( 503): logFgsApiEnd: FGS Logger Transaction failed, -129
11-03 17:08:23.645 I/audio_hw_hal_primary( 461): [adev_release_audio_patch:7569] ++ handle(12)
11-03 17:08:23.646 I/audio_hw_device_patchmgr( 461): [patch_mgr_release_patch:995] Patch 12: MIX->DEVICE patch_src:INVAL
11-03 17:08:23.646 I/audio_hw_device_patchmgr( 461): [patch_mgr_release_patch:1029] Patch 12: mix(io:469) -> dev_0[OUT_HDMI(id:81)]
11-03 17:08:23.646 I/audio_hw_device_patchmgr( 461): [unregister_audio_patch:677] delete the Patch: 12
11-03 17:08:23.646 D/UEventObserver( 950): change@/devices/platform/auge_sound/sound/card0/controlC0ACTION=changeDEVPATH=/devices/platform/auge_sound/sound/card0/controlC0SUBSYSTEM=soundAUDIO_FORMAT=0MAJOR=116MINOR=13DEVNAME=snd/controlC0SEQNUM=3972
11-03 17:08:23.646 D/audio_hw_hal_primary( 461): [out_standby_new:5508] io 469: out:0xf1bc2110 streamType:RAW_DIRECT
11-03 17:08:23.646 I/audio_hw_hal_primary( 461): [do_output_standby_l:5428] io 469: out:0xf1bc2110, stream streamType:RAW_DIRECT, continuous:0
11-03 17:08:23.646 I/audio_hw_hal_primary( 461): do_output_standby_l out(0xf1bc2110)standby close
11-03 17:08:23.646 I/audio_hw_hal_spdifout( 461): aml_audio_spdifout_stop enter
11-03 17:08:23.646 I/audio_hw_hal_streamMgr( 461): [aml_get_is_exist_active_stream:249] ptmp:0xf4a84d70 pStream:0xf1bc39d0, amlStream:0xf1bc39d0, streamCount:3 nodeIndex:1, retValue:1
11-03 17:08:23.646 D/audio_hw_hal_primary( 461): [out_standby_new:5560] io 469: out:0xf1bc2110 streamType:RAW_DIRECT exit
11-03 17:08:23.647 D/audio_hw_hal_primary( 461): [out_dump:758] io 469: out:0xf1bc2110, fd:33
11-03 17:08:23.648 D/ShowHdrAudioLogoService( 950): receive broadcast, audio format:0
11-03 17:08:23.649 D/ShowHdrAudioLogoService( 950): clearContent
11-03 17:08:23.649 D/audio_hw_hal_primary( 461): [out_set_parameters:779] out:0xf1bc2110 kvpairs:closing=true;exiting=1 out->out_device:0x400, adev->out_device:0x80002
11-03 17:08:23.650 E/audio_hw_hal_primary( 461): out_set_parameters, ret:-2, hw_sync_mode:is false
11-03 17:08:23.650 I/audio_hw_hal_primary( 461): out_set_parameters stream 0xf1bc2110 is_closing
11-03 17:08:23.650 E/AudioFlinger( 503): Error when calling exit(): -61
11-03 17:08:23.650 D/AudioFlinger( 503): ro.audio.silent is ignored since no output device is set
11-03 17:08:23.651 I/audio_hw_hal_primary( 461): [out_set_event_callback:2889] io 469: out:0xf1bc2110, callback:0xf3fd09ed cookie:0xf4300010
11-03 17:08:23.654 I/audio_hw_hal_primary( 461): [adev_close_output_stream_new:7445] io handle 469: out:0xf1bc2110
11-03 17:08:23.654 D/audio_hw_hal_primary( 461): adev_close_output_stream_new: enter streamType = RAW_DIRECT
11-03 17:08:23.654 I/aml_volume_shaper( 461): [aml_volume_shaper_release:432] volume_shaper 0xf1bc2850 done !
11-03 17:08:23.654 I/audio_hw_hal_primary( 461): [adev_close_output_stream:3406] io 469: out:0xf1bc2110 dev:OUT_HDMI(0x400) flags:0x1, streamType:RAW_DIRECT
11-03 17:08:23.654 D/audio_hw_hal_primary( 461): [out_standby_new:5508] io 469: out:0xf1bc2110 streamType:RAW_DIRECT
11-03 17:08:23.654 I/audio_hw_hal_primary( 461): already standby, do nothing
11-03 17:08:23.654 I/audio_hw_hal_spdifout( 461): aml_audio_spdifout_close close spdif output bitstream id=1 handle 0xf49c0160, phandle:0xf4300a90
11-03 17:08:23.654 I/audio_hw_hal_alsamgr( 461):
11-03 17:08:23.654 I/audio_hw_hal_alsamgr( 461): +aml_alsa_output_close_new() handle 0xf49c0160
11-03 17:08:23.654 I/audio_hw_utils_tinyalsa( 461): pcm_close(): fd = 17
11-03 17:08:23.656 I/audio_hw_hal_alsamgr( 461): -aml_alsa_output_close_new()
11-03 17:08:23.656 I/audio_hw_hal_alsamgr( 461):
11-03 17:08:23.656 E/audio_hw_hal_audiomixer( 461): [subMixingOutputRestart:3200] audio_mixer is null pointer
11-03 17:08:23.656 I/audio_hw_hal_kara_mngr( 461): [karaoke_close:961] enter
11-03 17:08:23.656 I/audio_hw_hal_kara_mngr( 461): [karaoke_close:971] exit
11-03 17:08:23.656 I/audio_hw_decoder_dts( 461): dca_decoder_release_patch enter
11-03 17:08:23.656 I/SoftDCA ( 461): [dca_decoder_deinit][226]: Done
11-03 17:08:23.657 I/audio_hw_hal_primary( 461): adev_close_output_stream restore dolby lib =2
11-03 17:08:23.657 I/audio_hw_hal_resourcemgr( 461): [is_output_device_muted:723] device:0x2 port_mute:0, fade_mute:0
11-03 17:08:23.657 I/audio_hw_hal_streamMgr( 461): [aml_stream_unregister:467] item:0xf4a86230 ptmp:0xf4a86230 lNode:0xf4a86230 pStream:0xf1bc2110
11-03 17:08:23.657 I/audio_hw_hal_primary( 461): [adev_close_output_stream:3596] io 469: out:0xf1bc2110 exit ------
11-03 17:08:23.684 I/audio_hw_hal_primary( 461): mixer_aux_buffer_write(), 0x400, Switching system output to MS12, need MS12 reconfig output
11-03 17:08:23.684 D/audio_hw_hal_profile( 461): get_hdmi_sink_cap_new is running...
11-03 17:08:23.685 D/audio_hw_hal_profile( 461): query hdmi format...
11-03 17:08:23.685 D/audio_hw_hal_profile( 461): get_hdmi_sink_cap_new ddp is supported; ddp-joc(atmos) is supported;
11-03 17:08:23.685 I/audio_hw_hal_profile( 461): get_hdmi_sink_cap_new dts-hd vendor special byte3:0x3
11-03 17:08:23.685 I/audio_hw_hal_profile( 461): PCM cap Max channel =8
11-03 17:08:23.685 I/audio_hw_hal_stream( 461): get_sink_capability mbox+dvb case sink_capability = 0x24000000
11-03 17:08:23.685 I/audio_hw_hal_stream( 461): force ddp out =0
11-03 17:08:23.685 D/audio_hw_hal_profile( 461): get_hdmi_sink_cap_new is running...
11-03 17:08:23.685 D/audio_hw_hal_profile( 461): query hdmi format...
11-03 17:08:23.685 D/audio_hw_hal_profile( 461): get_hdmi_sink_cap_new ddp is supported; ddp-joc(atmos) is supported;
11-03 17:08:23.685 I/audio_hw_hal_profile( 461): get_hdmi_sink_cap_new dts-hd vendor special byte3:0x3
11-03 17:08:23.685 I/audio_hw_hal_profile( 461): PCM cap Max channel =8
11-03 17:08:23.685 I/audio_hw_hal_stream( 461): [get_sink_dts_capability:213] mbox+dvb case sink_capability: DTS_HD(0xc000000)
11-03 17:08:23.685 D/audio_hw_hal_profile( 461): get_hdmi_sink_cap_new is running...
11-03 17:08:23.685 D/audio_hw_hal_profile( 461): query hdmi format...
11-03 17:08:23.685 D/audio_hw_hal_profile( 461): get_hdmi_sink_cap_new ddp is supported; ddp-joc(atmos) is supported;
11-03 17:08:23.685 I/audio_hw_hal_profile( 461): get_hdmi_sink_cap_new dts-hd vendor special byte3:0x3
11-03 17:08:23.685 I/audio_hw_hal_profile( 461): PCM cap Max channel =8
11-03 17:08:23.685 I/audio_hw_hal_stream( 461): [get_sink_mpegh_capability:246] mbox+dvb case sink_capability: PCM_16_BIT(0x1)
11-03 17:08:23.685 D/audio_hw_hal_profile( 461): get_hdmi_sink_cap_new is running...
11-03 17:08:23.685 D/audio_hw_hal_profile( 461): [get_hdmi_sink_cap_new:967] query hdmi sample_rate... format: PCM_16_BIT(0x1)
11-03 17:08:23.685 I/audio_hw_hal_profile( 461): get_hdmi_sink_cap_new format =0x1 support rate =sup_sampling_rates=32000|44100|48000|88200|96000|176400|192000
11-03 17:08:23.685 I/audio_hw_hal_stream( 461): pcm_fmt support sample_rate_mask:0x7f
11-03 17:08:23.685 I/audio_hw_hal_stream( 461): get_sink_dv_capability : /sys/class/amhdmitx/amhdmitx0/hdmi_hdr_status = HDR10-GAMMA_ST2084
11-03 17:08:23.685 I/audio_hw_hal_stream( 461): get_sink_dv_capability : dv enable 0
11-03 17:08:23.685 I/audio_hw_hal_stream( 461): [get_sink_format:450] out:0xf1bc39d0 out devices:0x80002 cur_out_devices:0x400 format:PCM_16_BIT(0x1) digital_mode(AUTO) sink cap:MAT(0x24000000)
11-03 17:08:23.685 I/audio_hw_hal_stream( 461): get_sink_format() HDMI ARC or mbox + dvb case
11-03 17:08:23.685 I/audio_hw_hal_stream( 461): [get_sink_format:649] sink_format:MAT(0x24000000) max channel:2 optical_format:MAT(0x24000000) dual_output 0
11-03 17:08:23.685 I/audio_hw_hal_primary( 461): [config_output:5656] out:0xf1bc39d0 hal_internal_format:PCM_16_BIT(0x1) dolby_lib_type: 2 reset_decoder 1 rate =48000 ch=2
11-03 17:08:23.685 I/audio_hw_hal_primary( 461): continuous_mode(adev) 0 ms12->dolby_ms12_enable 0
11-03 17:08:23.685 I/audio_hw_hal_utils( 461): netflix_request_dd_output : ret 0, dolby_lib 2, dual_spdif 1, netflix 0, optical_format 0x24000000, digital_audio_mode 5
11-03 17:08:23.685 D/audio_hw_hal_primary( 461): adev_ms12_prepare: enter
11-03 17:08:23.685 D/audio_hw_hal_primary( 461): [adev_open_output_stream_new:7236] enter: dev=0xf1e44ba0 handle=0 devices=0x0/'' flags=0x0/'' config=(rt=48000 ch_mask=0x3 fmt=0x1) address='ms12_stream'
11-03 17:08:23.685 D/audio_hw_hal_primary( 461): adev_open_output_stream_new: enter
11-03 17:08:23.685 I/audio_hw_hal_primary( 461): [adev_open_output_stream:3011] io 0: out:0xf1bc2110 dev:INVALID_ENUM(0) addr:ms12_stream
11-03 17:08:23.685 I/audio_hw_hal_primary( 461): [adev_open_output_stream:3013] ch_mask:0x3 rate:48000 format:PCM_16_BIT(0x1) flags:0
11-03 17:08:23.685 I/audio_hw_utils_speed( 461): aml_audio_speed_init_start_ts
11-03 17:08:23.686 I/audio_hw_utils_speed( 461): aml_audio_speed_clear_start_ts
11-03 17:08:23.686 I/audio_hw_hal_primary( 461): [adev_open_output_stream:3333] result profile ch_mask:0x3 rate:48000 format:PCM_16_BIT(0x1) streamType:PCM_NORMAL
11-03 17:08:23.686 I/audio_hw_hal_utils( 461): aml_get_stream_dump_file_name line 3052 file_name /data/vendor/audiohal/output_stream_in.pcm
11-03 17:08:23.686 I/aml_volume_shaper( 461): [aml_volume_shaper_init:412] volume_shaper 0xf1bc2850 done !
11-03 17:08:23.686 I/audio_hw_hal_primary( 461): [adev_open_output_stream_new:7430] io 0: out: 0xf1bc2110 card:0 alsa devices:0 exit ------
11-03 17:08:23.686 D/audio_hw_hal_profile( 461): get_hdmi_sink_cap_new is running...
11-03 17:08:23.686 D/audio_hw_hal_profile( 461): query hdmi format...
11-03 17:08:23.686 D/audio_hw_hal_profile( 461): get_hdmi_sink_cap_new ddp is supported; ddp-joc(atmos) is supported;
11-03 17:08:23.686 I/audio_hw_hal_profile( 461): get_hdmi_sink_cap_new dts-hd vendor special byte3:0x3
11-03 17:08:23.686 I/audio_hw_hal_profile( 461): PCM cap Max channel =8
11-03 17:08:23.686 I/audio_hw_hal_stream( 461): get_sink_capability mbox+dvb case sink_capability = 0x24000000
11-03 17:08:23.686 I/audio_hw_hal_stream( 461): force ddp out =0
11-03 17:08:23.686 D/audio_hw_hal_profile( 461): get_hdmi_sink_cap_new is running...
11-03 17:08:23.686 D/audio_hw_hal_profile( 461): query hdmi format...
11-03 17:08:23.686 D/audio_hw_hal_profile( 461): get_hdmi_sink_cap_new ddp is supported; ddp-joc(atmos) is supported;
11-03 17:08:23.686 I/audio_hw_hal_profile( 461): get_hdmi_sink_cap_new dts-hd vendor special byte3:0x3
11-03 17:08:23.686 I/audio_hw_hal_profile( 461): PCM cap Max channel =8
11-03 17:08:23.686 I/audio_hw_hal_stream( 461): [get_sink_dts_capability:213] mbox+dvb case sink_capability: DTS_HD(0xc000000)
11-03 17:08:23.686 D/audio_hw_hal_profile( 461): get_hdmi_sink_cap_new is running...
11-03 17:08:23.686 D/audio_hw_hal_profile( 461): query hdmi format...
11-03 17:08:23.686 D/audio_hw_hal_profile( 461): get_hdmi_sink_cap_new ddp is supported; ddp-joc(atmos) is supported;
11-03 17:08:23.686 I/audio_hw_hal_profile( 461): get_hdmi_sink_cap_new dts-hd vendor special byte3:0x3
11-03 17:08:23.686 I/audio_hw_hal_profile( 461): PCM cap Max channel =8
11-03 17:08:23.686 I/audio_hw_hal_stream( 461): [get_sink_mpegh_capability:246] mbox+dvb case sink_capability: PCM_16_BIT(0x1)
11-03 17:08:23.686 D/audio_hw_hal_profile( 461): get_hdmi_sink_cap_new is running...
11-03 17:08:23.686 D/audio_hw_hal_profile( 461): [get_hdmi_sink_cap_new:967] query hdmi sample_rate... format: PCM_16_BIT(0x1)
11-03 17:08:23.686 I/audio_hw_hal_profile( 461): get_hdmi_sink_cap_new format =0x1 support rate =sup_sampling_rates=32000|44100|48000|88200|96000|176400|192000
11-03 17:08:23.686 I/audio_hw_hal_stream( 461): pcm_fmt support sample_rate_mask:0x7f
11-03 17:08:23.686 I/audio_hw_hal_stream( 461): get_sink_dv_capability : /sys/class/amhdmitx/amhdmitx0/hdmi_hdr_status = HDR10-GAMMA_ST2084
11-03 17:08:23.686 I/audio_hw_hal_stream( 461): get_sink_dv_capability : dv enable 0
11-03 17:08:23.686 I/audio_hw_hal_stream( 461): [get_sink_format:450] out:0xf1bc2110 out devices:0x80002 cur_out_devices:0x400 format:PCM_16_BIT(0x1) digital_mode(AUTO) sink cap:MAT(0x24000000)
11-03 17:08:23.686 I/audio_hw_hal_stream( 461): get_sink_format() HDMI ARC or mbox + dvb case
11-03 17:08:23.686 I/audio_hw_hal_stream( 461): [get_sink_format:649] sink_format:MAT(0x24000000) max channel:2 optical_format:MAT(0x24000000) dual_output 0
11-03 17:08:23.686 I/audio_hw_hal_ms12v2( 461): +get_the_dolby_ms12_prepared() aml_out:0xf1bc2110 input_format 0xa000000
11-03 17:08:23.686 I/audio_hw_hal_ms12v2( 461):
11-03 17:08:23.686 I/audio_hw_hal_ms12v2( 461): +get_the_dolby_ms12_prepared()
11-03 17:08:23.686 I/audio_hw_hal_ms12v2( 461): ++get_the_dolby_ms12_prepared(), locked
11-03 17:08:23.686 D/audio_hw_decoder_ms12v2( 461): DolbyMS12Status()
11-03 17:08:23.686 I/audio_hw_decoder_ms12v2( 461): setDapOnly() mDapOnly 0
11-03 17:08:23.686 I/audio_hw_decoder_ms12v2( 461): setActiveOTTSignalFlag() set mActivateOTTSignal 1
11-03 17:08:23.686 I/audio_hw_decoder_ms12v2( 461): setAtmosLockFlag() set mAtmosLock 0
11-03 17:08:23.686 I/audio_hw_hal_ms12v2( 461): get_the_dolby_ms12_prepared adev->ms12_out = 0xf1bc2110
11-03 17:08:23.687 D/audio_hw_hal_timer( 461): func:audio_timer_create create timer.0 success.
11-03 17:08:23.687 I/audio_hw_hal_ms12v2( 461): func:get_the_dolby_ms12_prepared timer_id:0
11-03 17:08:23.687 I/audio_hw_hal_ms12v2( 461): dap_init_mode = 0
11-03 17:08:23.687 I/audio_hw_hal_utils( 461): netflix_request_dd_output : ret 0, dolby_lib 2, dual_spdif 1, netflix 0, optical_format 0x24000000, digital_audio_mode 5
11-03 17:08:23.687 I/audio_hw_hal_ms12v2( 461): set_dolby_ms12_drc_parameters dolby_ms12_set_drc_mode RF MODE
11-03 17:08:23.687 I/audio_hw_hal_ms12v2( 461): get_the_dolby_ms12_prepared : continuous_mode 1, continuous_enable_mixer_max_size 1, ms12->enable_mixer_max_size 1
11-03 17:08:23.687 I/audio_hw_hal_api( 461): DEV(/dev/audio_utils) exits!
11-03 17:08:23.687 I/audio_hw_hal_api( 461): get_ms12_path return lib /dev/audio_utils
11-03 17:08:23.687 I/audio_hw_decoder_ms12v2( 461): +aml_ms12_config() 87
11-03 17:08:23.687 I/audio_hw_decoder_ms12v2( 461): aml_ms12_config() config input format 0xa000000 channel mask 0x3 samplerate 48000 output config 0x1c
11-03 17:08:23.687 D/audio_hw_decoder_ms12v2( 461): +SetAudioStreamOutParams()
11-03 17:08:23.687 D/audio_hw_decoder_ms12v2( 461): -SetAudioStreamOutParams() AudioStreamOut Flags 2 Format 0xa000000 InputChannelMask 3 SampleRate 48000 OutputConfig 0x1c
11-03 17:08:23.687 D/audio_hw_decoder_ms12v2( 461): +GetDolbyMS12ConfigParams()
11-03 17:08:23.687 D/audio_hw_decoder_ms12v2( 461): SetInputOutputFileName() line 466 main1 /data/main.ac3 main2 dummy.ac3
11-03 17:08:23.687 I/audio_hw_decoder_ms12v2( 461): isAssociatedAudioControlSuitable() curMask 0x13 heaac_dual_input 0x408 is_heaac_dual_input 0
11-03 17:08:23.687 I/audio_hw_decoder_ms12v2( 461): isAssociatedAudioControlSuitable() curMask 0x13 heaac_dual_input 0x408 is_heaac_dual_input 0
11-03 17:08:23.687 I/audio_hw_decoder_ms12v2( 461): param #0: ms12_exec
11-03 17:08:23.687 I/audio_hw_decoder_ms12v2( 461): param #1: -im
11-03 17:08:23.687 I/audio_hw_decoder_ms12v2( 461): param #2: /data/main.ac3
11-03 17:08:23.687 I/audio_hw_decoder_ms12v2( 461): param #3: -im2
11-03 17:08:23.687 I/audio_hw_decoder_ms12v2( 461): param #4: dummy.ac3
11-03 17:08:23.687 I/audio_hw_decoder_ms12v2( 461): param #5: -is
11-03 17:08:23.687 I/audio_hw_decoder_ms12v2( 461): param #6: /data/system48000Hz.wav
11-03 17:08:23.687 I/audio_hw_decoder_ms12v2( 461): param #7: -ias
11-03 17:08:23.687 I/audio_hw_decoder_ms12v2( 461): param #8: /data/app48000Hz.wav
11-03 17:08:23.687 I/audio_hw_decoder_ms12v2( 461): param #9: -omat
11-03 17:08:23.687 I/audio_hw_decoder_ms12v2( 461): param #10: /data/output.mat
11-03 17:08:23.687 I/audio_hw_decoder_ms12v2( 461): param #11: -om
11-03 17:08:23.687 I/audio_hw_decoder_ms12v2( 461): param #12: /data/outputmulti.wav
11-03 17:08:23.687 I/audio_hw_decoder_ms12v2( 461): param #13: -oms
11-03 17:08:23.687 I/audio_hw_decoder_ms12v2( 461): param #14: /data/outputdownmix.wav
11-03 17:08:23.687 I/audio_hw_decoder_ms12v2( 461): param #15: -bs
11-03 17:08:23.687 I/audio_hw_decoder_ms12v2( 461): param #16: 0
11-03 17:08:23.687 I/audio_hw_decoder_ms12v2( 461): param #17: -cs
11-03 17:08:23.687 I/audio_hw_decoder_ms12v2( 461): param #18: 0
11-03 17:08:23.687 I/audio_hw_decoder_ms12v2( 461): param #19: -b
11-03 17:08:23.687 I/audio_hw_decoder_ms12v2( 461): param #20: 0
11-03 17:08:23.687 I/audio_hw_decoder_ms12v2( 461): param #21: -c
11-03 17:08:23.687 I/audio_hw_decoder_ms12v2( 461): param #22: 0
11-03 17:08:23.687 I/audio_hw_decoder_ms12v2( 461): param #23: -chas
11-03 17:08:23.687 I/audio_hw_decoder_ms12v2( 461): param #24: 2
11-03 17:08:23.687 I/audio_hw_decoder_ms12v2( 461): param #25: -chs
11-03 17:08:23.687 I/audio_hw_decoder_ms12v2( 461): param #26: 2
11-03 17:08:23.687 I/audio_hw_decoder_ms12v2( 461): param #27: -drc
11-03 17:08:23.687 I/audio_hw_decoder_ms12v2( 461): param #28: 1
11-03 17:08:23.687 I/audio_hw_decoder_ms12v2( 461): param #29: -las
11-03 17:08:23.687 I/audio_hw_decoder_ms12v2( 461): param #30: 0
11-03 17:08:23.687 I/audio_hw_decoder_ms12v2( 461): param #31: -ls
11-03 17:08:23.687 I/audio_hw_decoder_ms12v2( 461): param #32: 0
11-03 17:08:23.687 I/audio_hw_decoder_ms12v2( 461): param #33: -chmod_locking
11-03 17:08:23.687 I/audio_hw_decoder_ms12v2( 461): param #34: 0
11-03 17:08:23.687 I/audio_hw_decoder_ms12v2( 461): param #35: -v
11-03 17:08:23.687 I/audio_hw_decoder_ms12v2( 461): param #36: 2
11-03 17:08:23.687 I/audio_hw_decoder_ms12v2( 461): param #37: -w
11-03 17:08:23.687 I/audio_hw_decoder_ms12v2( 461): param #38: 16
11-03 17:08:23.687 I/audio_hw_decoder_ms12v2( 461): param #39: -w2
11-03 17:08:23.687 I/audio_hw_decoder_ms12v2( 461): param #40: 16
11-03 17:08:23.687 I/audio_hw_decoder_ms12v2( 461): param #41: -xs
11-03 17:08:23.687 I/audio_hw_decoder_ms12v2( 461): param #42: 1
11-03 17:08:23.687 I/audio_hw_decoder_ms12v2( 461): param #43: -main1_mixgain
11-03 17:08:23.687 I/audio_hw_decoder_ms12v2( 461): param #44: 0,0,0
11-03 17:08:23.687 I/audio_hw_decoder_ms12v2( 461): param #45: -sys_prim_mixgain
11-03 17:08:23.687 I/audio_hw_decoder_ms12v2( 461): param #46: 0,0,0
11-03 17:08:23.687 I/audio_hw_decoder_ms12v2( 461): param #47: -sys_apps_mixgain
11-03 17:08:23.687 I/audio_hw_decoder_ms12v2( 461): param #48: 0,0,0
11-03 17:08:23.687 I/audio_hw_decoder_ms12v2( 461): param #49: -sys_syss_mixgain
11-03 17:08:23.687 I/audio_hw_decoder_ms12v2( 461): param #50: 0,0,0
11-03 17:08:23.687 I/audio_hw_decoder_ms12v2( 461): param #51: -ott
11-03 17:08:23.687 I/audio_hw_decoder_ms12v2( 461): param #52: -atmos_lock
11-03 17:08:23.687 I/audio_hw_decoder_ms12v2( 461): param #53: 0
11-03 17:08:23.687 I/audio_hw_decoder_ms12v2( 461): param #54: -pause
11-03 17:08:23.687 I/audio_hw_decoder_ms12v2( 461): param #55: 0
11-03 17:08:23.687 D/audio_hw_decoder_ms12v2( 461): -GetDolbyMS12ConfigParams()
11-03 17:08:23.687 D/audio_hw_decoder_ms12v2( 461): aml_ms12_config() dolby_ms12_init_argv 0xf2bc5ab0 argc 56 dolby ms12 output config 0x1c samplerate 48000 channelmask 0x3
11-03 17:08:23.687 D/audio_hw_decoder_ms12v2( 461): +get_dolby_ms12_init()
11-03 17:08:23.687 D/audio_hw_decoder_ms12v2( 461): +GetLibHandle()
11-03 17:08:23.687 I/audio_hw_decoder_ms12v2( 461): GetLibHandle lib exists
11-03 17:08:23.687 I/audio_hw_decoder_ms12v2( 461): get_dolby_ms12_init : enable_mixer_max_size 1
11-03 17:08:23.687 D/audio_hw_decoder_ms12v2( 461): +DolbyMS12Init()
11-03 17:08:23.687 D/libdolbyms12( 461): ms12_init():527
11-03 17:08:23.687 I/libdolbyms12( 461): Dolby MS12 SIDK version:Version:2.4.1.9a2a6f10
11-03 17:08:23.687 I/libdolbyms12( 461): Dolby MS12 SIDK git version:9a2a6f1043be33eb8e949d1320eec9399aef3a90,branch ms12-dual-main
11-03 17:08:23.687 I/libdolbyms12( 461): Dolby MS12 SIDK version serial:20400019a2a6f10
11-03 17:08:23.687 I/libdolbyms12( 461): Dolby MS12 SIDK Last Changed:Date: Fri Sep 5 07:21:45 2025 +0000
11-03 17:08:23.687 I/libdolbyms12( 461): Dolby MS12 SIDK Last Build: Tue Sep 16 06:11:26 AM UTC 2025
11-03 17:08:23.687 I/libdolbyms12( 461): Dolby MS12 SIDK Builer Name:Amlogic SH multi-media team
11-03 17:08:23.687 I/libdolbyms12( 461): creating Dolby security session...
11-03 17:08:23.687 I/AUDIO-INFO( 461): Amlogic - open device node /dev/dolby_fw successfully.
11-03 17:08:23.698 I/AUDIO-INFO( 461): Amlogic - this chip supports Dolby audio effect.
11-03 17:08:23.698 I/libdolbyms12( 461): Amlogic - Dolby security recognize success!
11-03 17:08:23.698 I/libdolbyms12( 461): Dolby MS12 enable,customer info AML-A-INFO:shenzhen_dangs_S7D_Android_U32_v20250916
11-03 17:08:23.698 I/libdolbyms12( 461): get_digital_terresteral_tv_standards line 433 value 0
11-03 17:08:23.698 I/libdolbyms12( 461): atmos_lock 0
11-03 17:08:23.698 I/libdolbyms12( 461): ms12_init current main volume 1.000000
11-03 17:08:23.698 I/libdolbyms12( 461): ms12_init SchedulerOpen down
11-03 17:08:23.698 D/libdolbyms12( 461): Aml_MS12_InitPostProcessInput() done
11-03 17:08:23.698 I/libdolbyms12( 461): audio format is 0x0, acmod 2, lfe 0
11-03 17:08:23.698 I/libdolbyms12( 461): audio format is 0x0, acmod 2, lfe 0
11-03 17:08:23.698 I/libdolbyms12( 461): aml input type is 0
11-03 17:08:23.699 I/libdolbyms12( 461): h_mix_node:0xf0c08800 last_volume:1.000000 current_volume:1.000000 ----ease init over in node open----
11-03 17:08:23.699 I/libdolbyms12( 461): file_writer_node_open() line 1168 p_filename /data/outputdownmix.wav
11-03 17:08:23.699 I/libdolbyms12( 461): file_writer_node_open() line 1168 p_filename /data/outputmulti.wav
11-03 17:08:23.699 I/libdolbyms12( 461): ms12_init SetupPostProcessGraph down
11-03 17:08:23.699 D/libdolbyms12( 461): ms12_init():755
11-03 17:08:23.699 D/audio_hw_decoder_ms12v2( 461): -DolbyMS12Init() dolby_ms12_init_ret 0xf0cf0050
11-03 17:08:23.700 D/audio_hw_decoder_ms12v2( 461): +GetMS12OutputMaxSize()
11-03 17:08:23.700 D/audio_hw_decoder_ms12v2( 461): -GetMS12OutputMaxSize() ret 24576
11-03 17:08:23.700 D/audio_hw_decoder_ms12v2( 461): get_dolby_ms12_init() dolby ms12 output config 0x1c
11-03 17:08:23.700 D/audio_hw_decoder_ms12v2( 461): get_dolby_ms12_init() init DolbyMS12 success
11-03 17:08:23.700 D/audio_hw_decoder_ms12v2( 461): -get_dolby_ms12_init() dolby_ms12_enable 1
11-03 17:08:23.700 I/audio_hw_decoder_ms12v2( 461): -aml_ms12_config() 126
11-03 17:08:23.700 I/audio_hw_hal_ms12v2( 461): usecase_device_adapter_with_ms12 usecase_device 0 output_format 0x1
11-03 17:08:23.700 I/audio_hw_hal_ms12v2( 461): get_the_dolby_ms12_prepared out [dual_output_flag 0] adev [format sink 0x24000000 optical 0x24000000] ms12 [output-format 0x1c device 0]
11-03 17:08:23.700 I/audio_hw_hal_cfgpara( 461): get_hardware_config_parameters()
11-03 17:08:23.700 I/audio_hw_hal_cfgpara( 461): get_hardware_config_parameters() channels 2 format 0 period_count 8 period_size 1024 rate 48000
11-03 17:08:23.700 I/libdolbyms12( 461): atmos_lock 0
11-03 17:08:23.700 E/libdolbyms12( 461): ms_get_runtime_params() line 3239
11-03 17:08:23.700 E/libdolbyms12( 461):
11-03 17:08:23.700 E/libdolbyms12( 461): Inapplicable or unsupported parameter - "im"
11-03 17:08:23.700 E/libdolbyms12( 461):
11-03 17:08:23.700 E/libdolbyms12( 461):
11-03 17:08:23.700 E/libdolbyms12( 461): ms_handle_parser_retval() line 162
11-03 17:08:23.700 E/libdolbyms12( 461):
11-03 17:08:23.700 E/libdolbyms12( 461): ERROR:
11-03 17:08:23.700 E/libdolbyms12( 461):
11-03 17:08:23.700 D/libdolbyms12( 461): b_legacy_ddplus_out 0, s32NumRawMcChannels 10
11-03 17:08:23.700 I/libdolbyms12( 461): file_writer_node_open() line 1168 p_filename /data/output.mat
11-03 17:08:23.700 I/libdolbyms12( 461): ms12_encoder_open SetupEncGraph down
11-03 17:08:23.700 E/libdolbyms12( 461): MS12_CONFIG_MAIN_VOLUME is abandoned, should not use
11-03 17:08:23.700 I/audio_hw_hal_ms12v2( 461): get_the_dolby_ms12_prepared line 1488 set ms12 main volume as 1.0
11-03 17:08:23.700 I/audio_hw_hal_ms12v2( 461): set ms12 sys pos =11454720
11-03 17:08:23.700 D/audio_hw_hal_ms12v2( 461): get_the_dolby_ms12_prepared init ms12 standby semaphore successful
11-03 17:08:23.700 I/audio_hw_hal_ms12v2( 461): set ms12 deep buf pos =3480960
11-03 17:08:23.700 I/audio_hw_hal_utils( 461): get_digital_terresteral_tv_standards line 3746 value 0
11-03 17:08:23.700 I/audio_hw_hal_ms12v2( 461): get_the_dolby_ms12_prepared() line 1535 system_sound_target -8 dB (only do pre attenuation for DTV-patch&System PCM on DRC-RF mode)
11-03 17:08:23.700 I/libdolbyms12( 461): ms12_audio_config s32LimitFrame = 1024
11-03 17:08:23.700 I/libdolbyms12( 461): ms12_audio_config scheduler_sleep_enable = 1
11-03 17:08:23.701 D/libdolbyms12( 461): mch_enable 0
11-03 17:08:23.701 D/audio_hw_hal_continuous_standby( 461): audio_continuous_standby_open, output_callback 0xf22a1cfd, priv_data 0xf1bc2110
11-03 17:08:23.701 D/audio_hw_hal_continuous_standby( 461): audio_continuous_standby_set, type 1, params 28
11-03 17:08:23.701 I/audio_hw_hal_ms12v2( 461): get_the_dolby_ms12_prepared() thread is build, get dolby_ms12_threadID -291012160
11-03 17:08:23.701 I/audio_hw_hal_ms12v2( 461): --get_the_dolby_ms12_prepared(), locked
11-03 17:08:23.701 I/audio_hw_hal_ms12v2( 461): -get_the_dolby_ms12_prepared()
11-03 17:08:23.701 I/audio_hw_hal_ms12v2( 461):
11-03 17:08:23.701 I/audio_hw_hal_ms12common( 461): audiohal_send_msg_2_ms12 mesg_type:MS12_MESG_TYPE_RESET_MS12_ENCODER entry
11-03 17:08:23.701 I/audio_hw_hal_ms12v2( 461): +dolby_ms12_threadloop()
11-03 17:08:23.701 I/audio_hw_decoder_ms12v2( 461): dolby_ms12_set_quit_flag() is_quit 0
11-03 17:08:23.701 D/audio_hw_hal_ms12common( 461): ms12_message_threadloop(), msg type: MS12_MESG_TYPE_RESET_MS12_ENCODER
11-03 17:08:23.701 I/audio_hw_hal_ms12v2( 461): +dolby_ms12_encoder_reconfig()
11-03 17:08:23.701 D/audio_hw_hal_utils( 461): [aml_set_thread_priority:2144] thread:DOLBY_MS12 set priority, ret:0 policy:1 priority:5
11-03 17:08:23.701 I/audio_hw_hal_ms12v2( 461): dolby_ms12_threadloop alsa is not running
11-03 17:08:23.701 D/libdolbyms12( 461): mch_enable 0
11-03 17:08:23.701 D/audio_hw_hal_continuous_standby( 461): audio_continuous_standby_set, type 1, params 12
11-03 17:08:23.701 D/audio_hw_hal_ms12common( 461): ms12_message_threadloop mesg_list is empty, loop waiting......
11-03 17:08:23.701 I/libdolbyms12( 461): file_reader_set_param App Sound Reader Node : id 17, acmod 2
11-03 17:08:23.701 I/libdolbyms12( 461): file_reader_set_param App Sound Reader Node : id 18, b_lfe 0
11-03 17:08:23.701 I/libdolbyms12( 461): file_reader_set_param System Sound Reader Node : id 15, acmod 2
11-03 17:08:23.701 I/libdolbyms12( 461): file_reader_set_param System Sound Reader Node : id 16, b_lfe 0
11-03 17:08:23.701 D/libdolbyms12( 461): set runtime mch_enable 0
11-03 17:08:23.701 D/libdolbyms12( 461): Aml_MS12_PcmrDynamicParamsSet mch_dynamic_enable change 0
11-03 17:08:23.701 I/libdolbyms12( 461): continuous underrun 0
11-03 17:08:23.701 I/libdolbyms12( 461): continuous underrun 1
11-03 17:08:23.701 I/libdolbyms12( 461): continuous underrun 2
11-03 17:08:23.701 I/libdolbyms12( 461): continuous underrun 3
11-03 17:08:23.701 I/libdolbyms12( 461): continuous underrun 4
11-03 17:08:23.701 I/libdolbyms12( 461): continuous underrun 5
11-03 17:08:23.701 I/audio_hw_hal_ms12common( 461): audiohal_send_msg_2_ms12 mesg_type:MS12_MESG_TYPE_RESET_MS12_ENCODER exit
11-03 17:08:23.701 I/audio_hw_hal_primary( 461): [config_output:5849] out stream alsa port device:1
11-03 17:08:23.701 W/ringbuffer( 461): resized buffer size exceed largest buffer size, max 0, cur 24576
11-03 17:08:23.701 I/ringbuffer( 461): reset buffer size from 0 to 24576
11-03 17:08:23.701 I/libdolbyms12( 461): storage_audio_stream_out_data system : ring_buffer_size change from 0 to 24576
11-03 17:08:23.701 D/audio_hw_hal_virtualbuf( 461): audio_virtual_buf_open ms12 system input buf_begin=16000000 buf_target=64000000 time=1000000000
11-03 17:08:23.701 I/libdolbyms12( 461): file_writer_node_activate : /data/outputdownmix.wav change pcm_array from 0 to 1024
11-03 17:08:23.701 I/audio_hw_hal_ms12v2( 461): sink_format_changed, reset spdif output
11-03 17:08:23.701 I/audio_hw_hal_output( 461): hw_write, aml_out 0xf1bc2110 alsa open output_format 0x1
11-03 17:08:23.701 I/audio_hw_hal_alsamgr( 461): [aml_alsa_output_open:248] device=0/I2S_DEVICE cfg=(fmt=0,rt=48000,ch=2,period=8*1024,thr=1024-0,sil=0-0,avail_min=0) path=dby/ms12
11-03 17:08:23.701 D/audio_hw_utils_alsaparser( 461): auge sound card, pAdd=0xf2c814b0 fix alsaPORT:0 to :2
11-03 17:08:23.701 I/audio_hw_hal_alsamgr( 461): pcm device already opened,close the handle 0xf40002e0 to reopen
11-03 17:08:23.702 I/audio_hw_utils_tinyalsa( 461): pcm_close(): fd = 16
11-03 17:08:23.705 I/audio_hw_hal_alsamgr( 461): [aml_alsa_output_open:310] alsa_dev=0/I2S_DEVICE port=0/PORT_I2S card=0 dev=2 cfg=(fmt=0,rt=48000,ch=2,period=8*1024,thr=1024-0,sil=0-0,avail_min=0)
11-03 17:08:23.706 E/audio_hw_hal_primary( 461): [out_get_presentation_position:1950] stream 0xf1bc39d0, frames 11227696 fallback, correct to last_frame_reported 11452960
11-03 17:08:23.706 I/audio_hw_hal_stream( 461): aml_stream_out_info_print: out:0xf1bc39d0, stream_type:pcm, sync_mode:non tunnel, input_size:45822720 bytes
11-03 17:08:23.706 I/audio_hw_hal_stream( 461): aml_stream_out_info_print: last_time:407906 ms (sec:407, nsec:906096943), last_position:238603 ms (11452960), cur_time:395894 ms (sec:395, nsec:894970312), cur_position:238603 ms (11452960)
11-03 17:08:23.706 I/audio_hw_hal_stream( 461): aml_stream_out_info_print: time_gap:-12012 ms (thr:100 ms), position_gap:0 ms, delay:56 ms, jitter: Position gap is ahead of system time gap by 12012 ms (thr:100 ms)
11-03 17:08:23.707 I/audio_hw_utils_tinyalsa( 461): pcm_open(): card=0 device=2 flag=0x0 cfg=(fmt=0 rt=48000 ch=2 period=1024*8 thr=1024-0-0 sil_sz=0 avail_min=0) fd=16
11-03 17:08:23.707 I/audio_hw_hal_alsamgr( 461): -aml_alsa_output_open, audio out(0xf1bc2110) device(0) refs(6) is_normal_pcm 1, handle 0xf40002e0
11-03 17:08:23.707 I/audio_hw_hal_alsamgr( 461):
11-03 17:08:23.707 I/audio_hw_hal_alsamgr( 461): +aml_alsa_output_open, adev->pcm_handle[0] 0xf40002e0
11-03 17:08:23.716 E/audio_hw_hal_primary( 461): [out_get_presentation_position:1950] stream 0xf1bc39d0, frames 11227696 fallback, correct to last_frame_reported 11452960
11-03 17:08:23.718 I/SystemControl( 323): [/UEventObserver.cpp, HDMITxUenventThreadLoop, 451] HDMI TX switch_name:hdmitx_current_status, switch_state: 28
11-03 17:08:23.720 I/libdolbyms12( 461): ms12_audio_config scheduler_sleep_enable = 0
11-03 17:08:23.721 I/audio_hw_hal_ms12v2( 461): dolby_ms12_threadloop alsa is not running
11-03 17:08:23.722 I/libdolbyms12( 461): handle=0xf1e00010 continuous fade mute begin duration=32, incnt 5
11-03 17:08:23.722 I/libdolbyms12( 461): eTagContinuousState 0, eCurContinuousState 6, s32InCnt 5
11-03 17:08:23.723 I/audio_hw_hal_ms12v2( 461): dolby_ms12_threadloop alsa is not running
11-03 17:08:23.723 I//apex/com.android.adbd/bin/adbd( 1361): type=1400 audit(0.0:3715): avc: denied { search } for comm=75736220666673206F70656E name="/" dev="functionfs" ino=25275 scontext=u:r:su:s0 tcontext=u:object_r:functionfs:s0 tclass=dir permissive=1
11-03 17:08:23.725 I/audio_hw_hal_ms12v2( 461): dolby_ms12_threadloop alsa is not running
11-03 17:08:23.726 E/audio_hw_hal_primary( 461): [out_get_presentation_position:1950] stream 0xf1bc39d0, frames 11449904 fallback, correct to last_frame_reported 11452960
11-03 17:08:23.726 I/audio_hw_hal_stream( 461): aml_stream_out_info_print: out:0xf1bc39d0, stream_type:pcm, sync_mode:non tunnel, input_size:45826560 bytes
11-03 17:08:23.726 I/audio_hw_hal_stream( 461): aml_stream_out_info_print: last_time:395894 ms (sec:395, nsec:894970312), last_position:238603 ms (11452960), cur_time:407958 ms (sec:407, nsec:958497276), cur_position:238603 ms (11452960)
11-03 17:08:23.726 I/audio_hw_hal_stream( 461): aml_stream_out_info_print: time_gap:12064 ms (thr:100 ms), position_gap:0 ms, delay:76 ms, jitter: Position gap is behind system time gap by 12064 ms (thr:100 ms)
11-03 17:08:23.726 I/AudioSPDIF( 461): SPDIFEncoder: mBurstBufferSizeBytes = 61440, littleEndian = 1
11-03 17:08:23.726 I/audio_hw_utils_spidfenc( 461): SPDIFEncoderAD() format 0x24000000 outBuf 0xf28bf000 outBufSize 122880
11-03 17:08:23.726 I/audio_hw_utils_spidfenc( 461): init SPDIFEncoderAD done
11-03 17:08:23.726 I/audio_hw_hal_spdifencoder( 461): aml_spdif_encoder_open handle =0xf5ad2820
11-03 17:08:23.727 I/audio_hw_hal_spdifout( 461): select_digital_device dual_spdif_support:1
11-03 17:08:23.727 I/audio_hw_hal_spdifout( 461): select_digital_device return device_id:2, audio_format:0x24000000
11-03 17:08:23.727 I/audio_hw_hal_spdifout( 461): aml_audio_spdifout_open device_id:2 device_config.device_port:6
11-03 17:08:23.727 I/audio_hw_hal_spdifout( 461): aml_audio_spdifout_open channel =0x63f spdif format =0x7 spdif_port=0x6
11-03 17:08:23.727 I/audio_hw_hal_spdifout( 461): [aml_audio_select_src_to_hdmi:320] src =3
11-03 17:08:23.727 I/audio_hw_hal_spdifout( 461): aml_audio_spdifout_open set i2s:1 to hdmi format 0x7
11-03 17:08:23.727 I/audio_hw_hal_cfgpara( 461): get_hardware_config_parameters()
11-03 17:08:23.727 I/audio_hw_hal_cfgpara( 461): get_hardware_config_parameters() channels 8 format 0 period_count 4 period_size 3072 rate 192000
11-03 17:08:23.727 E/audio_hw_hal_alsamgr( 461): [convert_audio_format_2_alsa_format:1414] invalid format:0x24000000, return 16bit format.
11-03 17:08:23.727 I/audio_hw_hal_alsamgr( 461): In pcm open ch=8 rate=192000
11-03 17:08:23.727 I/audio_hw_hal_alsamgr( 461): aml_alsa_output_open_new, audio open card(0), device(1)
11-03 17:08:23.727 I/audio_hw_hal_alsamgr( 461): ALSA open configs: channels 8 format 0 period_count 4 period_size 3072 rate 192000
11-03 17:08:23.727 I/audio_hw_hal_alsamgr( 461): ALSA open configs: threshold start 6144 stop 0 silence 0 silence_size 0 avail_min 0
11-03 17:08:23.727 I/audio_hw_utils_tinyalsa( 461): pcm_open(): card=0 device=1 flag=0x0 cfg=(fmt=0 rt=192000 ch=8 period=3072*4 thr=6144-0-0 sil_sz=0 avail_min=0) fd=17
11-03 17:08:23.728 I/audio_hw_hal_spdifout( 461): dev alsa handle device id=2 alsa_handle=0xf49c1740
11-03 17:08:23.728 I/audio_hw_hal_spdifout( 461): aml_audio_spdifout_open success ret=0 spdifout_handle:0xf43011b0 format =0x24000000
11-03 17:08:23.730 I/audio_hw_hal_ms12v2( 461): dolby_ms12_threadloop alsa is not running
11-03 17:08:23.730 I/audio_hw_hal_alsamgr( 461): aml_alsa_output_write alsa_running_status[0xf1bc2110] change from 0 to 1
11-03 17:08:23.737 E/audio_hw_hal_primary( 461): [out_get_presentation_position:1950] stream 0xf1bc39d0, frames 11450160 fallback, correct to last_frame_reported 11452960
11-03 17:08:23.743 I/libdolbyms12( 461): handle=0xf1e00010 continuous fade in begin duration=32, incnt 5
11-03 17:08:23.743 I/libdolbyms12( 461): eTagContinuousState 0, eCurContinuousState 5, s32InCnt 5
11-03 17:08:23.744 E/audio_hw_hal_primary( 461): [out_get_presentation_position:1950] stream 0xf1bc39d0, frames 11450672 fallback, correct to last_frame_reported 11452960
11-03 17:08:23.754 E/audio_hw_hal_primary( 461): [out_get_presentation_position:1950] stream 0xf1bc39d0, frames 11451184 fallback, correct to last_frame_reported 11452960
11-03 17:08:23.763 E/audio_hw_hal_primary( 461): [out_get_presentation_position:1950] stream 0xf1bc39d0, frames 11451440 fallback, correct to last_frame_reported 11452960
11-03 17:08:23.773 E/audio_hw_hal_primary( 461): [out_get_presentation_position:1950] stream 0xf1bc39d0, frames 11451952 fallback, correct to last_frame_reported 11452960
11-03 17:08:23.780 I/libdolbyms12( 461): eTagContinuousState 0, eCurContinuousState 0, s32InCnt 5
11-03 17:08:23.782 E/audio_hw_hal_primary( 461): [out_get_presentation_position:1950] stream 0xf1bc39d0, frames 11452464 fallback, correct to last_frame_reported 11452960
11-03 17:08:23.801 D/audio_hw_hal_stream( 461): update_audio_hal_info() audio hal format change to 1, atmos flag = 0, is_dolby_atmos = 0, dts_hp_x = 0, update_type = 0 is_dolby_atmos_off = 1 virtual_bass_enable 0
11-03 17:08:23.801 D/audio_hw_hal_stream( 461): update_audio_hal_info() cur_out_devices 0x400, dap_bypass_enable = 0, is_ms12_tuning_dat = 0, dolby_ms12_enable = 1, output_config = 0xc
11-03 17:08:23.801 D/UEventObserver( 950): change@/devices/platform/auge_sound/sound/card0/controlC0ACTION=changeDEVPATH=/devices/platform/auge_sound/sound/card0/controlC0SUBSYSTEM=soundAUDIO_FORMAT=0MAJOR=116MINOR=13DEVNAME=snd/controlC0SEQNUM=3974
11-03 17:08:23.803 D/ShowHdrAudioLogoService( 950): receive broadcast, audio format:0
11-03 17:08:23.803 D/ShowHdrAudioLogoService( 950): clearContent
11-03 17:08:24.026 D/SystemControl( 323): really getLastFrame 0 0
11-03 17:08:24.159 I/BLEAudioDrive_HV412( 461): fd:25 data len: 9 1
11-03 17:08:24.164 D/audioserver( 503): logFgsApiBegin: FGS Logger Transaction failed, -129
11-03 17:08:24.165 I/audio_hw_hal_primary( 461): out_update_source_metadata_v7() line 1743 usage:1 content_type:2
11-03 17:08:24.166 I/SogouIME( 1937): onKeyDown: keyoCode=20
11-03 17:08:24.166 I/DefaultIMS( 1937): onKeyDown: keyoCode=20
11-03 17:08:24.169 W/Resources( 4419): Drawable com.cibn.tv:drawable/i7 has unresolved theme attributes! Consider using Resources.getDrawable(int, Theme) or Context.getDrawable(int).
11-03 17:08:24.169 W/Resources( 4419): java.lang.RuntimeException
11-03 17:08:24.169 W/Resources( 4419): at android.content.res.Resources.getDrawable(Resources.java:910)
11-03 17:08:24.169 W/Resources( 4419): at com.aliott.agileplugin.runtime.MergedResources_.getDrawable(MergedResources.java:1)
11-03 17:08:24.169 W/Resources( 4419): at com.aliott.agileplugin.redirect.Resources.getDrawable(Resources.java:1)
11-03 17:08:24.169 W/Resources( 4419): at com.youku.raptor.framework.resource.ResourceKit.getDrawable(ResourceKit.java:7)
11-03 17:08:24.169 W/Resources( 4419): at com.youku.raptor.framework.resource.ResourceKit.getDrawable(ResourceKit.java:5)
11-03 17:08:24.169 W/Resources( 4419): at com.youku.tv.resource.utils.ResUtil.getDrawable(ResUtil.java:1)
11-03 17:08:24.169 W/Resources( 4419): at d.s.s.E.b.onFocusChange(PlayLabActivity.java:13)
11-03 17:08:24.169 W/Resources( 4419): at android.view.View.onFocusChanged(View.java:8340)
11-03 17:08:24.169 W/Resources( 4419): at android.view.View.handleFocusGainInternal(View.java:8003)
11-03 17:08:24.169 W/Resources( 4419): at android.view.ViewGroup.handleFocusGainInternal(ViewGroup.java:847)
11-03 17:08:24.169 W/Resources( 4419): at android.view.View.requestFocusNoSearch(View.java:14519)
11-03 17:08:24.169 W/Resources( 4419): at android.view.View.requestFocus(View.java:14493)
11-03 17:08:24.169 W/Resources( 4419): at android.view.ViewGroup.requestFocus(ViewGroup.java:3332)
11-03 17:08:24.169 W/Resources( 4419): at android.view.ViewRootImpl$ViewPostImeInputStage.performFocusNavigation(ViewRootImpl.java:7099)
11-03 17:08:24.169 W/Resources( 4419): at android.view.ViewRootImpl$ViewPostImeInputStage.processKeyEvent(ViewRootImpl.java:7218)
11-03 17:08:24.169 W/Resources( 4419): at android.view.ViewRootImpl$ViewPostImeInputStage.onProcess(ViewRootImpl.java:7028)
11-03 17:08:24.169 W/Resources( 4419): at android.view.ViewRootImpl$InputStage.deliver(ViewRootImpl.java:6435)
11-03 17:08:24.169 W/Resources( 4419): at android.view.ViewRootImpl$InputStage.onDeliverToNext(ViewRootImpl.java:6492)
11-03 17:08:24.169 W/Resources( 4419): at android.view.ViewRootImpl$InputStage.forward(ViewRootImpl.java:6458)
11-03 17:08:24.169 W/Resources( 4419): at android.view.ViewRootImpl$AsyncInputStage.forward(ViewRootImpl.java:6623)
11-03 17:08:24.169 W/Resources( 4419): at android.view.ViewRootImpl$InputStage.apply(ViewRootImpl.java:6466)
11-03 17:08:24.169 W/Resources( 4419): at android.view.ViewRootImpl$AsyncInputStage.apply(ViewRootImpl.java:6680)
11-03 17:08:24.169 W/Resources( 4419): at android.view.ViewRootImpl$InputStage.deliver(ViewRootImpl.java:6439)
11-03 17:08:24.169 W/Resources( 4419): at android.view.ViewRootImpl$InputStage.onDeliverToNext(ViewRootImpl.java:6492)
11-03 17:08:24.169 W/Resources( 4419): at android.view.ViewRootImpl$InputStage.forward(ViewRootImpl.java:6458)
11-03 17:08:24.169 W/Resources( 4419): at android.view.ViewRootImpl$InputStage.apply(ViewRootImpl.java:6466)
11-03 17:08:24.169 W/Resources( 4419): at android.view.ViewRootImpl$InputStage.deliver(ViewRootImpl.java:6439)
11-03 17:08:24.169 W/Resources( 4419): at android.view.ViewRootImpl$InputStage.onDeliverToNext(ViewRootImpl.java:6492)
11-03 17:08:24.169 W/Resources( 4419): at android.view.ViewRootImpl$InputStage.forward(ViewRootImpl.java:6458)
11-03 17:08:24.169 W/Resources( 4419): at android.view.ViewRootImpl$AsyncInputStage.forward(ViewRootImpl.java:6656)
11-03 17:08:24.169 W/Resources( 4419): at android.view.ViewRootImpl$ImeInputStage.onFinishedInputEvent(ViewRootImpl.java:6867)
11-03 17:08:24.169 W/Resources( 4419): at android.view.inputmethod.InputMethodManager$PendingEvent.run(InputMethodManager.java:4303)
11-03 17:08:24.169 W/Resources( 4419): at android.view.inputmethod.InputMethodManager.invokeFinishedInputEventCallback(InputMethodManager.java:3740)
11-03 17:08:24.169 W/Resources( 4419): at android.view.inputmethod.InputMethodManager.finishedInputEvent(InputMethodManager.java:3731)
11-03 17:08:24.169 W/Resources( 4419): at android.view.inputmethod.InputMethodManager.-$$Nest$mfinishedInputEvent(Unknown Source:0)
11-03 17:08:24.169 W/Resources( 4419): at android.view.inputmethod.InputMethodManager$ImeInputEventSender.onInputEventFinished(InputMethodManager.java:4280)
11-03 17:08:24.169 W/Resources( 4419): at android.view.InputEventSender.dispatchInputEventFinished(InputEventSender.java:154)
11-03 17:08:24.169 W/Resources( 4419): at android.os.MessageQueue.nativePollOnce(Native Method)
11-03 17:08:24.169 W/Resources( 4419): at android.os.MessageQueue.next(MessageQueue.java:335)
11-03 17:08:24.169 W/Resources( 4419): at android.os.Looper.loopOnce(Looper.java:162)
11-03 17:08:24.169 W/Resources( 4419): at android.os.Looper.loop(Looper.java:294)
11-03 17:08:24.169 W/Resources( 4419): at android.app.ActivityThread.main(ActivityThread.java:8255)
11-03 17:08:24.169 W/Resources( 4419): at java.lang.reflect.Method.invoke(Native Method)
11-03 17:08:24.169 W/Resources( 4419): at com.android.internal.os.RuntimeInit$MethodAndArgsCaller.run(RuntimeInit.java:552)
11-03 17:08:24.169 W/Resources( 4419): at com.android.internal.os.ZygoteInit.main(ZygoteInit.java:978)
11-03 17:08:24.172 I/DefaultIMS( 1937): onStartInput attribute=android.view.inputmethod.EditorInfo@ee8e865 restarting=false inputType: 0
11-03 17:08:24.174 D/audioserver( 503): logFgsApiBegin: FGS Logger Transaction failed, -129
11-03 17:08:24.184 I/audio_hw_hal_primary( 461): out_update_source_metadata_v7() line 1743 usage:1 content_type:2
11-03 17:08:24.279 I/audio_hw_hal_primary( 461): [audiohal_get_latency:1036] io 13: out:0xf1bc39d0 frames:1152 rate:48000 whole_latency:24 alsa_latency:24
11-03 17:08:24.298 I/audio_hw_hal_primary( 461): [audiohal_get_latency:1036] io 13: out:0xf1bc39d0 frames:1024 rate:48000 whole_latency:21 alsa_latency:21
11-03 17:08:24.306 I/BLEAudioDrive_HV412( 461): fd:25 data len: 9 1
11-03 17:08:24.308 I/SogouIME( 1937): onKeyUp: keyoCode=20
11-03 17:08:24.308 I/DefaultIMS( 1937): onKeyUp: keyoCode=20
11-03 17:08:24.314 E/speedtest( 4419): mtop_rt:0|63|54|61|59|171|0|0|0|0|0|0|0|0|0|51|0|55|69|0|51|44|58|59|0|0|0|0|44|61|,traffic_info:[3564, 2480, 3360],rx_byte:-1|1001|419|584|42|1782|261|2735|240|3828|1962|36|2485|1902|202|860|4235|2231|39|41|4615|1150|3775|1800|3564|2480|680|1354|6077|3098|,nc_type:0
11-03 17:08:24.317 I/audio_hw_hal_primary( 461): [audiohal_get_latency:1036] io 13: out:0xf1bc39d0 frames:1152 rate:48000 whole_latency:24 alsa_latency:24
11-03 17:08:24.336 I/audio_hw_hal_primary( 461): [audiohal_get_latency:1036] io 13: out:0xf1bc39d0 frames:1280 rate:48000 whole_latency:26 alsa_latency:26
11-03 17:08:24.355 I/audio_hw_hal_primary( 461): [audiohal_get_latency:1036] io 13: out:0xf1bc39d0 frames:1024 rate:48000 whole_latency:21 alsa_latency:21
11-03 17:08:24.355 I/audio_hw_hal_primary( 461): [audiohal_get_latency:1036] io 13: out:0xf1bc39d0 frames:1024 rate:48000 whole_latency:21 alsa_latency:21
