11-03 17:01:53.618 W/ActivityTaskManager( 697): startActivity called from non-Activity context; forcing Intent.FLAG_ACTIVITY_NEW_TASK for: Intent { flg=0x840000 cmp=com.android.systemui/.sensorprivacy.television.TvSensorPrivacyChangedActivity (has extras) }
11-03 17:01:53.621 I/ActivityTaskManager( 697): START u0 {flg=0x840000 cmp=com.android.systemui/.sensorprivacy.television.TvSensorPrivacyChangedActivity (has extras)} with LAUNCH_SINGLE_TOP from uid 1000 (BAL_ALLOW_ALLOWLISTED_UID) result code=3
11-03 17:01:53.624 W/ActivityTaskManager( 697): startActivity called from non-Activity context; forcing Intent.FLAG_ACTIVITY_NEW_TASK for: Intent { flg=0x840000 cmp=com.android.systemui/.sensorprivacy.television.TvSensorPrivacyChangedActivity (has extras) }
11-03 17:01:53.626 I/ActivityTaskManager( 697): START u0 {flg=0x840000 cmp=com.android.systemui/.sensorprivacy.television.TvSensorPrivacyChangedActivity (has extras)} with LAUNCH_SINGLE_TOP from uid 1000 (BAL_ALLOW_ALLOWLISTED_UID) result code=3
11-03 17:01:53.626 W/SystemServiceManager( 697): Service com.android.server.sensorprivacy.SensorPrivacyService took 171 ms in onStartUser-0
11-03 17:01:53.626 D/SystemServerTimingAsync( 697): ssm.onStartUser-0_com.android.server.sensors.SensorService
11-03 17:01:53.626 D/SystemServerTimingAsync( 697): ssm.onStartUser-0_com.android.server.SystemConfigService
11-03 17:01:53.626 D/SystemServerTimingAsync( 697): ssm.onStartUser-0_com.android.server.BatteryService
11-03 17:01:53.626 D/SystemServerTimingAsync( 697): ssm.onStartUser-0_com.android.server.usage.UsageStatsService
11-03 17:01:53.626 D/SystemServerTimingAsync( 697): ssm.onStartUser-0_com.android.server.webkit.WebViewUpdateService
11-03 17:01:53.626 D/SystemServerTimingAsync( 697): ssm.onStartUser-0_com.android.server.CachedDeviceStateService
11-03 17:01:53.626 D/SystemServerTimingAsync( 697): ssm.onStartUser-0_com.android.server.BinderCallsStatsService$LifeCycle
11-03 17:01:53.626 D/SystemServerTimingAsync( 697): ssm.onStartUser-0_com.android.server.LooperStatsService$Lifecycle
11-03 17:01:53.626 D/SystemServerTimingAsync( 697): ssm.onStartUser-0_com.android.server.rollback.RollbackManagerService
11-03 17:01:53.626 D/SystemServerTimingAsync( 697): ssm.onStartUser-0_com.android.server.os.NativeTombstoneManagerService
11-03 17:01:53.626 D/SystemServerTimingAsync( 697): ssm.onStartUser-0_com.android.server.os.BugreportManagerService
11-03 17:01:53.626 D/SystemServerTimingAsync( 697): ssm.onStartUser-0_com.android.server.gpu.GpuService
11-03 17:01:53.626 D/SystemServerTimingAsync( 697): ssm.onStartUser-0_com.android.server.security.rkp.RemoteProvisioningService
11-03 17:01:53.626 D/SystemServerTimingAsync( 697): ssm.onStartUser-0_com.android.server.security.KeyChainSystemService
11-03 17:01:53.626 D/SystemServerTimingAsync( 697): ssm.onStartUser-0_com.android.server.BinaryTransparencyService
11-03 17:01:53.626 D/SystemServerTimingAsync( 697): ssm.onStartUser-0_com.android.server.accounts.AccountManagerService$Lifecycle
11-03 17:01:53.626 D/SystemServerTimingAsync( 697): ssm.onStartUser-0_com.android.server.content.ContentService$Lifecycle
11-03 17:01:53.627 D/SystemServerTimingAsync( 697): ssm.onStartUser-0_com.android.server.deviceconfig.DeviceConfigInit$Lifecycle
11-03 17:01:53.627 D/SystemServerTimingAsync( 697): ssm.onStartUser-0_com.android.server.DropBoxManagerService
11-03 17:01:53.627 D/SystemServerTimingAsync( 697): ssm.onStartUser-0_com.android.role.RoleService
11-03 17:01:53.634 D/SystemServerTimingAsync( 697): ssm.onStartUser-0_com.android.server.vibrator.VibratorManagerService$Lifecycle
11-03 17:01:53.634 D/SystemServerTimingAsync( 697): ssm.onStartUser-0_com.android.server.tare.InternalResourceService
11-03 17:01:53.634 D/SystemServerTimingAsync( 697): ssm.onStartUser-0_com.android.server.alarm.AlarmManagerService
11-03 17:01:53.634 D/SystemServerTimingAsync( 697): ssm.onStartUser-0_com.android.server.devicestate.DeviceStateManagerService
11-03 17:01:53.634 D/SystemServerTimingAsync( 697): ssm.onStartUser-0_com.android.server.camera.CameraServiceProxy
11-03 17:01:53.635 D/SystemServerTimingAsync( 697): ssm.onStartUser-0_com.android.server.bluetooth.BluetoothService
11-03 17:01:53.647 V/WindowManagerShell( 933): Adding init callback for FullscreenTaskListener
11-03 17:01:53.651 D/CompatibilityChangeReporter( 697): Compat change id reported: 253665015; UID 1073; state: ENABLED
11-03 17:01:53.651 D/CompatibilityChangeReporter( 697): Compat change id reported: 194532703; UID 1073; state: ENABLED
11-03 17:01:53.659 V/WindowManagerShell( 933): Adding init callback for ActivityEmbeddingController
11-03 17:01:53.679 D/CompatibilityChangeReporter( 697): Compat change id reported: 135634846; UID 1002; state: DISABLED
11-03 17:01:53.682 D/CompatibilityChangeReporter( 697): Compat change id reported: 161145287; UID 10052; state: ENABLED
11-03 17:01:53.691 V/WindowManagerShell( 933): Adding init callback for StartingWindowController
11-03 17:01:53.691 V/WindowManagerShell( 933): Adding init callback for ProtoLogController
11-03 17:01:53.698 V/WindowManagerShell( 933): Adding init callback for TvPipTransition
11-03 17:01:53.706 I/ActivityManager( 697): Start proc 1067:com.android.bluetooth/1002 for service {com.android.bluetooth/com.android.bluetooth.btservice.AdapterService}
11-03 17:01:53.733 D/WindowManagerShell( 933): TvPipActionsProvider: onMediaActionsChanged()
11-03 17:01:53.734 D/WindowManagerShell( 933): TvPipActionsProvider: replaceCustomActions, count: 0
11-03 17:01:53.734 D/WindowManagerShell( 933): TvPipMenuController: setDelegate(), delegate=com.android.wm.shell.pip.tv.TvPipController@500d495
11-03 17:01:53.734 V/WindowManagerShell( 933): Adding init callback for TvPipController
11-03 17:01:53.734 V/WindowManagerShell( 933): Adding init callback for KeyguardTransitionHandler
11-03 17:01:53.738 V/WindowManagerShell( 933): Adding init callback for BackAnimationController
11-03 17:01:53.741 V/WindowManagerShell( 933): Initializing Shell Components: 18
11-03 17:01:53.746 V/WindowManagerShell( 933): DisplayChangeController init took 5ms
11-03 17:01:53.748 V/WindowManagerShell( 933): DisplayController init took 1ms
11-03 17:01:53.751 V/WindowManagerShell( 933): DisplayInsetsController init took 3ms
11-03 17:01:53.751 V/WindowManagerShell( 933): DisplayImeController init took 0ms
11-03 17:01:53.751 V/WindowManagerShell( 933): Adding dump callback for ShellController
11-03 17:01:53.751 V/WindowManagerShell( 933): ShellController init took 1ms
11-03 17:01:53.751 V/WindowManagerShell( 933): Adding external interface from DragAndDropController with key extra_shell_drag_and_drop
11-03 17:01:53.752 V/WindowManagerShell( 933): Adding dump callback for DragAndDropController
11-03 17:01:53.752 V/WindowManagerShell( 933): DragAndDropController init took 0ms
11-03 17:01:53.752 V/WindowManagerShell( 933): Adding command class compatui for CompatUIShellCommandHandler
11-03 17:01:53.752 V/WindowManagerShell( 933): CompatUIController init took 0ms
11-03 17:01:53.752 V/WindowManagerShell( 933): Adding dump callback for ShellTaskOrganizer
11-03 17:01:53.768 D/GameManagerService( 697): User ID '0' does not have a Game Mode selected for package: 'com.android.bluetooth'
11-03 17:01:53.768 D/CompatibilityChangeReporter( 697): Compat change id reported: 168419799; UID 1002; state: DISABLED
11-03 17:01:53.769 D/CompatibilityChangeReporter( 697): Compat change id reported: 273564678; UID 1002; state: DISABLED
11-03 17:01:53.769 V/WindowManagerShell( 933): ShellTaskOrganizer init took 17ms
11-03 17:01:53.773 D/CompatibilityChangeReporter( 697): Compat change id reported: 265195908; UID 1002; state: ENABLED
11-03 17:01:53.783 W/SystemServiceManager( 697): Service com.android.server.bluetooth.BluetoothService took 148 ms in onStartUser-0
11-03 17:01:53.783 D/SystemServerTimingAsync( 697): ssm.onStartUser-0_com.android.server.connectivity.IpConnectivityMetrics
11-03 17:01:53.783 D/SystemServerTimingAsync( 697): ssm.onStartUser-0_com.android.server.net.watchlist.NetworkWatchlistService$Lifecycle
11-03 17:01:53.783 D/SystemServerTimingAsync( 697): ssm.onStartUser-0_com.android.server.PinnerService
11-03 17:01:53.783 D/SystemServerTimingAsync( 697): ssm.onStartUser-0_com.android.server.integrity.AppIntegrityManagerService
11-03 17:01:53.783 D/SystemServerTimingAsync( 697): ssm.onStartUser-0_com.android.server.logcat.LogcatManagerService
11-03 17:01:53.783 D/SystemServerTimingAsync( 697): ssm.onStartUser-0_com.android.server.inputmethod.InputMethodManagerService$Lifecycle
11-03 17:01:53.783 D/SystemServerTimingAsync( 697): ssm.onStartUser-0_com.android.server.accessibility.AccessibilityManagerService$Lifecycle
11-03 17:01:53.783 D/SystemServerTimingAsync( 697): ssm.onStartUser-0_com.android.server.StorageManagerService$Lifecycle
11-03 17:01:53.785 V/StorageManagerService( 697): Package com.dangbei.lerad.leradwatcher has legacy storage
11-03 17:01:53.786 V/StorageManagerService( 697): Package com.android.cts.priv.ctsshim does not have legacy storage
11-03 17:01:53.786 V/StorageManagerService( 697): Package com.android.uwb.resources does not have legacy storage
11-03 17:01:53.786 V/StorageManagerService( 697): Package com.android.adservices.api does not have legacy storage
11-03 17:01:53.786 V/StorageManagerService( 697): Package com.android.dynsystem does not have legacy storage
11-03 17:01:53.786 V/StorageManagerService( 697): Package com.dangbei.lerad.rocky does not have legacy storage
11-03 17:01:53.786 V/StorageManagerService( 697): Package com.android.healthconnect.controller does not have legacy storage
11-03 17:01:53.786 V/StorageManagerService( 697): Package com.android.providers.calendar does not have legacy storage
11-03 17:01:53.786 V/StorageManagerService( 697): Package com.android.tv.settings does not have legacy storage
11-03 17:01:53.786 V/StorageManagerService( 697): Package com.xiaodianshi.tv.yst has legacy storage
11-03 17:01:53.786 V/StorageManagerService( 697): Package com.android.providers.media does not have legacy storage
11-03 17:01:53.786 V/StorageManagerService( 697): Package com.android.health.connect.backuprestore does not have legacy storage
11-03 17:01:53.786 V/StorageManagerService( 697): Package com.android.virtualmachine.res does not have legacy storage
11-03 17:01:53.786 V/StorageManagerService( 697): Package com.dangbei.zhushou.os does not have legacy storage
11-03 17:01:53.786 V/StorageManagerService( 697): Package com.sohu.inputmethod.sogou.tv has legacy storage
11-03 17:01:53.786 V/StorageManagerService( 697): Package com.droidlogic.tvprovider.overlay does not have legacy storage
11-03 17:01:53.786 V/StorageManagerService( 697): Package com.android.externalstorage does not have legacy storage
11-03 17:01:53.786 V/StorageManagerService( 697): Package com.android.htmlviewer does not have legacy storage
11-03 17:01:53.786 V/StorageManagerService( 697): Package com.android.companiondevicemanager does not have legacy storage
11-03 17:01:53.786 V/StorageManagerService( 697): Package com.android.providers.downloads does not have legacy storage
11-03 17:01:53.786 V/StorageManagerService( 697): Package com.android.providers.tv does not have legacy storage
11-03 17:01:53.786 V/StorageManagerService( 697): Package com.droidlogic.mediacenter does not have legacy storage
11-03 17:01:53.786 V/StorageManagerService( 697): Package com.android.federatedcompute.services does not have legacy storage
11-03 17:01:53.787 V/StorageManagerService( 697): Package com.droidlogic does not have legacy storage
11-03 17:01:53.787 V/StorageManagerService( 697): Package com.droidlogic.tv.settings does not have legacy storage
11-03 17:01:53.787 V/StorageManagerService( 697): Package com.oranth.ledstatus does not have legacy storage
11-03 17:01:53.787 V/StorageManagerService( 697): Package com.ktcp.video has legacy storage
11-03 17:01:53.787 V/StorageManagerService( 697): Package com.dangbei.lerad.videoposter has legacy storage
11-03 17:01:53.787 V/StorageManagerService( 697): Package com.android.tv.overlay.settingsprovider does not have legacy storage
11-03 17:01:53.787 V/StorageManagerService( 697): Package com.android.safetycenter.resources does not have legacy storage
11-03 17:01:53.787 V/StorageManagerService( 697): Package com.android.pacprocessor does not have legacy storage
11-03 17:01:53.787 V/StorageManagerService( 697): Package com.android.networkstack does not have legacy storage
11-03 17:01:53.787 V/StorageManagerService( 697): Package com.vcinema.client.tv has legacy storage
11-03 17:01:53.787 V/StorageManagerService( 697): Package com.android.connectivity.resources does not have legacy storage
11-03 17:01:53.787 V/StorageManagerService( 697): Package com.android.modulemetadata does not have legacy storage
11-03 17:01:53.787 V/StorageManagerService( 697): Package com.android.certinstaller does not have legacy storage
11-03 17:01:53.787 V/StorageManagerService( 697): Package com.android.wifi.dialog does not have legacy storage
11-03 17:01:53.787 V/StorageManagerService( 697): Package com.dangbei.dbmusic.dbos.tab has legacy storage
11-03 17:01:53.787 V/StorageManagerService( 697): Package android does not have legacy storage
11-03 17:01:53.787 V/StorageManagerService( 697): Package com.android.camera2 does not have legacy storage
11-03 17:01:53.787 V/StorageManagerService( 697): Package com.android.mtp does not have legacy storage
11-03 17:01:53.787 V/StorageManagerService( 697): Package com.android.backupconfirm does not have legacy storage
11-03 17:01:53.787 V/StorageManagerService( 697): Package com.android.systemui.auto_generated_rro_vendor__ does not have legacy storage
11-03 17:01:53.787 V/StorageManagerService( 697): Package com.android.tv.overlay.networkstack does not have legacy storage
11-03 17:01:53.787 V/StorageManagerService( 697): Package com.android.statementservice does not have legacy storage
11-03 17:01:53.787 V/StorageManagerService( 697): Package com.dangbei.screencast has legacy storage
11-03 17:01:53.788 V/StorageManagerService( 697): Package com.android.settings.intelligence does not have legacy storage
11-03 17:01:53.788 V/StorageManagerService( 697): Package com.dangbei.leard.leradlauncher does not have legacy storage
11-03 17:01:53.788 V/StorageManagerService( 697): Package com.android.providers.settings does not have legacy storage
11-03 17:01:53.788 V/StorageManagerService( 697): Package com.android.sharedstoragebackup does not have legacy storage
11-03 17:01:53.788 V/StorageManagerService( 697): Package com.android.printspooler does not have legacy storage
11-03 17:01:53.788 V/StorageManagerService( 697): Package com.hpplay.happyplay.aw has legacy storage
11-03 17:01:53.788 V/StorageManagerService( 697): Package com.android.dreams.basic does not have legacy storage
11-03 17:01:53.788 V/StorageManagerService( 697): Package com.android.webview does not have legacy storage
11-03 17:01:53.788 V/StorageManagerService( 697): Package com.android.se does not have legacy storage
11-03 17:01:53.788 V/StorageManagerService( 697): Package com.android.inputdevices does not have legacy storage
11-03 17:01:53.788 V/StorageManagerService( 697): Package com.android.rkpdapp does not have legacy storage
11-03 17:01:53.788 V/StorageManagerService( 697): Package com.android.tv.overlay.wifi.resources does not have legacy storage
11-03 17:01:53.788 V/StorageManagerService( 697): Package com.oranth.inputmacsn does not have legacy storage
11-03 17:01:53.788 V/StorageManagerService( 697): Package com.android.musicfx does not have legacy storage
11-03 17:01:53.788 V/StorageManagerService( 697): Package com.tencent.karaoketv does not have legacy storage
11-03 17:01:53.788 V/StorageManagerService( 697): Package com.dangbei.hqguide does not have legacy storage
11-03 17:01:53.788 V/StorageManagerService( 697): Package com.dangbei.hqmedia does not have legacy storage
11-03 17:01:53.788 V/StorageManagerService( 697): Package com.droidlogic.systemui.overlay does not have legacy storage
11-03 17:01:53.788 V/StorageManagerService( 697): Package android.ext.shared does not have legacy storage
11-03 17:01:53.788 V/StorageManagerService( 697): Package com.android.keychain does not have legacy storage
11-03 17:01:53.788 V/StorageManagerService( 697): Package com.dlg.framework.overlay does not have legacy storage
11-03 17:01:53.788 V/StorageManagerService( 697): Package android.ext.services does not have legacy storage
11-03 17:01:53.788 V/StorageManagerService( 697): Package com.android.wifi.resources does not have legacy storage
11-03 17:01:53.789 V/StorageManagerService( 697): Package com.newtv.cboxtv has legacy storage
11-03 17:01:53.789 V/StorageManagerService( 697): Package com.android.cameraextensions does not have legacy storage
11-03 17:01:53.789 V/StorageManagerService( 697): Package com.android.localtransport does not have legacy storage
11-03 17:01:53.789 V/StorageManagerService( 697): Package com.android.networkstack.tethering.droidlogic does not have legacy storage
11-03 17:01:53.789 V/StorageManagerService( 697): Package com.droidlogic.mictoggle does not have legacy storage
11-03 17:01:53.789 V/StorageManagerService( 697): Package com.android.packageinstaller does not have legacy storage
11-03 17:01:53.789 V/StorageManagerService( 697): Package com.tencent.qqmusictv does not have legacy storage
11-03 17:01:53.789 V/StorageManagerService( 697): Package com.cskj.factorytest does not have legacy storage
11-03 17:01:53.789 V/StorageManagerService( 697): Package com.dangbei.dbmusic does not have legacy storage
11-03 17:01:53.789 V/StorageManagerService( 697): Package cn.miguvideo.migutv does not have legacy storage
11-03 17:01:53.789 V/StorageManagerService( 697): Package com.android.proxyhandler does not have legacy storage
11-03 17:01:53.789 V/StorageManagerService( 697): Package com.android.intentresolver does not have legacy storage
11-03 17:01:53.789 V/StorageManagerService( 697): Package com.android.nearby.halfsheet does not have legacy storage
11-03 17:01:53.789 V/StorageManagerService( 697): Package com.android.managedprovisioning does not have legacy storage
11-03 17:01:53.789 V/StorageManagerService( 697): Package com.oranth.usbopenft does not have legacy storage
11-03 17:01:53.789 V/StorageManagerService( 697): Package com.android.networkstack.tethering does not have legacy storage
11-03 17:01:53.789 V/StorageManagerService( 697): Package com.android.soundpicker does not have legacy storage
11-03 17:01:53.789 V/StorageManagerService( 697): Package com.droidlogic.tvsettings.energymode.resoverlay does not have legacy storage
11-03 17:01:53.789 V/StorageManagerService( 697): Package com.dangbei.lerad.etna.haqu does not have legacy storage
11-03 17:01:53.789 V/StorageManagerService( 697): Package com.droidlogic.miracast does not have legacy storage
11-03 17:01:53.789 V/StorageManagerService( 697): Package com.amlogic.tv.overlay.matchcontent does not have legacy storage
11-03 17:01:53.789 V/StorageManagerService( 697): Package com.droidlogic.wifitetheringoverlay does not have legacy storage
11-03 17:01:53.789 V/StorageManagerService( 697): Package com.tv.filemanager.os has legacy storage
11-03 17:01:53.789 V/StorageManagerService( 697): Package com.oranth.powerwindow does not have legacy storage
11-03 17:01:53.790 V/StorageManagerService( 697): Package com.changba.sd has legacy storage
11-03 17:01:53.790 V/StorageManagerService( 697): Package com.android.cts.ctsshim does not have legacy storage
11-03 17:01:53.790 V/StorageManagerService( 697): Package com.dangbei.lerad.screensaver does not have legacy storage
11-03 17:01:53.790 V/StorageManagerService( 697): Package com.droidlogic.wifion does not have legacy storage
11-03 17:01:53.790 V/StorageManagerService( 697): Package com.android.vpndialogs does not have legacy storage
11-03 17:01:53.790 V/StorageManagerService( 697): Package com.android.music does not have legacy storage
11-03 17:01:53.790 V/StorageManagerService( 697): Package com.android.shell does not have legacy storage
11-03 17:01:53.790 V/StorageManagerService( 697): Package com.android.sdksandbox does not have legacy storage
11-03 17:01:53.790 V/StorageManagerService( 697): Package com.android.wallpaperbackup does not have legacy storage
11-03 17:01:53.790 V/StorageManagerService( 697): Package com.android.providers.userdictionary does not have legacy storage
11-03 17:01:53.790 V/StorageManagerService( 697): Package com.android.providers.media.module does not have legacy storage
11-03 17:01:53.790 V/StorageManagerService( 697): Package com.oranth.storage does not have legacy storage
11-03 17:01:53.790 V/StorageManagerService( 697): Package com.tvbc.mddtv has legacy storage
11-03 17:01:53.790 V/StorageManagerService( 697): Package com.android.hotspot2.osulogin does not have legacy storage
11-03 17:01:53.790 V/StorageManagerService( 697): Package com.android.location.fused does not have legacy storage
11-03 17:01:53.790 V/StorageManagerService( 697): Package com.android.deskclock does not have legacy storage
11-03 17:01:53.790 V/StorageManagerService( 697): Package com.android.systemui does not have legacy storage
11-03 17:01:53.790 V/StorageManagerService( 697): Package com.dangbei.haqusetting does not have legacy storage
11-03 17:01:53.790 V/StorageManagerService( 697): Package com.android.tv.overlay.framework does not have legacy storage
11-03 17:01:53.790 V/StorageManagerService( 697): Package com.android.permissioncontroller does not have legacy storage
11-03 17:01:53.790 V/StorageManagerService( 697): Package com.droidlogic.appinstall does not have legacy storage
11-03 17:01:53.790 V/StorageManagerService( 697): Package com.netease.cloudmusic.tv does not have legacy storage
11-03 17:01:53.790 V/StorageManagerService( 697): Package com.android.ondevicepersonalization.services does not have legacy storage
11-03 17:01:53.791 V/StorageManagerService( 697): Package com.android.bluetooth does not have legacy storage
11-03 17:01:53.791 V/StorageManagerService( 697): Package com.android.providers.contacts does not have legacy storage
11-03 17:01:53.791 V/StorageManagerService( 697): Package com.android.captiveportallogin does not have legacy storage
11-03 17:01:53.791 V/StorageManagerService( 697): Package com.droidlogic.overlay does not have legacy storage
11-03 17:01:53.791 V/StorageManagerService( 697): Package com.android.devicelockcontroller does not have legacy storage
11-03 17:01:53.791 V/StorageManagerService( 697): Package com.cibn.tv has legacy storage
11-03 17:01:53.791 V/StorageManagerService( 697): Package com.android.ext.adservices.api does not have legacy storage
11-03 17:01:53.791 V/StorageManagerService( 697): Package android.auto_generated_rro_vendor__ does not have legacy storage
11-03 17:01:53.828 D/SystemServerTimingAsync( 697): ssm.onStartUser-0_com.android.server.usage.StorageStatsService$Lifecycle
11-03 17:01:53.828 D/SystemServerTimingAsync( 697): ssm.onStartUser-0_com.android.server.UiModeManagerService
11-03 17:01:53.828 D/SystemServerTimingAsync( 697): ssm.onStartUser-0_com.android.server.locales.LocaleManagerService
11-03 17:01:53.828 D/SystemServerTimingAsync( 697): ssm.onStartUser-0_com.android.server.grammaticalinflection.GrammaticalInflectionService
11-03 17:01:53.828 D/SystemServerTimingAsync( 697): ssm.onStartUser-0_com.android.server.apphibernation.AppHibernationService
11-03 17:01:53.828 D/SystemServerTimingAsync( 697): ssm.onStartUser-0_com.android.server.locksettings.LockSettingsService$Lifecycle
11-03 17:01:53.828 D/SystemServerTimingAsync( 697): ssm.onStartUser-0_com.android.server.PersistentDataBlockService
11-03 17:01:53.828 D/SystemServerTimingAsync( 697): ssm.onStartUser-0_com.android.server.testharness.TestHarnessModeService
11-03 17:01:53.828 D/SystemServerTimingAsync( 697): ssm.onStartUser-0_com.android.server.oemlock.OemLockService
11-03 17:01:53.828 D/SystemServerTimingAsync( 697): ssm.onStartUser-0_com.android.server.DeviceIdleController
11-03 17:01:53.828 D/SystemServerTimingAsync( 697): ssm.onStartUser-0_com.android.server.devicepolicy.DevicePolicyManagerService$Lifecycle
11-03 17:01:53.875 D/SystemServerTimingAsync( 697): ssm.onStartUser-0_com.android.server.texttospeech.TextToSpeechManagerService
11-03 17:01:53.876 D/SystemServerTimingAsync( 697): ssm.onStartUser-0_com.android.server.ambientcontext.AmbientContextManagerService
11-03 17:01:53.876 D/SystemServerTimingAsync( 697): ssm.onStartUser-0_com.android.server.wearable.WearableSensingManagerService
11-03 17:01:53.876 D/SystemServerTimingAsync( 697): ssm.onStartUser-0_com.android.server.speech.SpeechRecognitionManagerService
11-03 17:01:53.876 D/SystemServerTimingAsync( 697): ssm.onStartUser-0_com.android.server.searchui.SearchUiManagerService
11-03 17:01:53.876 D/SystemServerTimingAsync( 697): ssm.onStartUser-0_com.android.server.smartspace.SmartspaceManagerService
11-03 17:01:53.876 D/SystemServerTimingAsync( 697): ssm.onStartUser-0_com.android.server.graphics.fonts.FontManagerService$Lifecycle
11-03 17:01:53.876 D/SystemServerTimingAsync( 697): ssm.onStartUser-0_com.android.server.textservices.TextServicesManagerService$Lifecycle
11-03 17:01:53.876 D/SystemServerTimingAsync( 697): ssm.onStartUser-0_com.android.server.textclassifier.TextClassificationManagerService$Lifecycle
11-03 17:01:53.894 D/SystemServerTimingAsync( 697): ssm.onStartUser-0_com.android.server.NetworkScoreService$Lifecycle
11-03 17:01:53.894 D/SystemServerTimingAsync( 697): ssm.onStartUser-0_com.android.server.NetworkStatsServiceInitializer
11-03 17:01:53.894 D/SystemServerTimingAsync( 697): ssm.onStartUser-0_com.android.server.wifi.WifiService
11-03 17:01:53.894 D/SystemServerTimingAsync( 697): ssm.onStartUser-0_com.android.server.wifi.scanner.WifiScanningService
11-03 17:01:53.894 D/SystemServerTimingAsync( 697): ssm.onStartUser-0_com.android.server.wifi.p2p.WifiP2pService
11-03 17:01:53.894 D/SystemServerTimingAsync( 697): ssm.onStartUser-0_com.android.server.ConnectivityServiceInitializer
11-03 17:01:53.894 D/SystemServerTimingAsync( 697): ssm.onStartUser-0_com.android.server.notification.NotificationManagerService
11-03 17:01:53.894 D/SystemServerTimingAsync( 697): ssm.onStartUser-0_com.android.server.storage.DeviceStorageMonitorService
11-03 17:01:53.894 D/SystemServerTimingAsync( 697): ssm.onStartUser-0_com.android.server.timedetector.TimeDetectorService$Lifecycle
11-03 17:01:53.894 D/SystemServerTimingAsync( 697): ssm.onStartUser-0_com.android.server.location.LocationManagerService$Lifecycle
11-03 17:01:53.895 D/SystemServerTimingAsync( 697): ssm.onStartUser-0_com.android.server.timezonedetector.TimeZoneDetectorService$Lifecycle
11-03 17:01:53.895 D/SystemServerTimingAsync( 697): ssm.onStartUser-0_com.android.server.location.altitude.AltitudeService$Lifecycle
11-03 17:01:53.895 D/SystemServerTimingAsync( 697): ssm.onStartUser-0_com.android.server.timezonedetector.location.LocationTimeZoneManagerService$Lifecycle
11-03 17:01:53.895 D/SystemServerTimingAsync( 697): ssm.onStartUser-0_com.android.server.search.SearchManagerService$Lifecycle
11-03 17:01:53.895 D/SystemServerTimingAsync( 697): ssm.onStartUser-0_com.android.server.wallpaper.WallpaperManagerService$Lifecycle
11-03 17:01:53.895 D/SystemServerTimingAsync( 697): ssm.onStartUser-0_com.android.server.wallpapereffectsgeneration.WallpaperEffectsGenerationManagerService
11-03 17:01:53.895 D/SystemServerTimingAsync( 697): ssm.onStartUser-0_com.android.server.audio.AudioService$Lifecycle
11-03 17:01:53.895 D/SystemServerTimingAsync( 697): ssm.onStartUser-0_com.android.server.soundtrigger_middleware.SoundTriggerMiddlewareService$Lifecycle
11-03 17:01:53.895 D/SystemServerTimingAsync( 697): ssm.onStartUser-0_com.android.server.adb.AdbService$Lifecycle
11-03 17:01:53.895 D/SystemServerTimingAsync( 697): ssm.onStartUser-0_com.android.server.usb.UsbService$Lifecycle
11-03 17:01:53.895 D/SystemServerTimingAsync( 697): ssm.onStartUser-0_com.android.server.twilight.TwilightService
11-03 17:01:53.895 D/SystemServerTimingAsync( 697): ssm.onStartUser-0_com.android.server.display.color.ColorDisplayService
11-03 17:01:53.895 D/SystemServerTimingAsync( 697): ssm.onStartUser-0_com.android.server.job.JobSchedulerService
11-03 17:01:53.895 D/SystemServerTimingAsync( 697): ssm.onStartUser-0_com.android.server.soundtrigger.SoundTriggerService
11-03 17:01:53.895 D/SystemServerTimingAsync( 697): ssm.onStartUser-0_com.android.server.trust.TrustManagerService
11-03 17:01:53.895 D/SystemServerTimingAsync( 697): ssm.onStartUser-0_com.android.server.backup.BackupManagerService$Lifecycle
11-03 17:01:53.896 D/SystemServerTimingAsync( 697): ssm.onStartUser-0_com.android.server.appwidget.AppWidgetService
11-03 17:01:53.896 D/SystemServerTimingAsync( 697): ssm.onStartUser-0_com.android.server.voiceinteraction.VoiceInteractionManagerService
11-03 17:01:53.897 W/VoiceInteractionManager( 697): no available voice recognition services found for user 0
11-03 17:01:53.897 D/SystemServerTimingAsync( 697): ssm.onStartUser-0_com.android.server.GestureLauncherService
11-03 17:01:53.897 D/SystemServerTimingAsync( 697): ssm.onStartUser-0_com.android.server.SensorNotificationService
11-03 17:01:53.897 D/SystemServerTimingAsync( 697): ssm.onStartUser-0_com.android.server.emergency.EmergencyAffordanceService
11-03 17:01:53.897 D/SystemServerTimingAsync( 697): ssm.onStartUser-0_com.android.server.blob.BlobStoreManagerService
11-03 17:01:53.897 D/SystemServerTimingAsync( 697): ssm.onStartUser-0_com.android.server.dreams.DreamManagerService
11-03 17:01:53.897 D/SystemServerTimingAsync( 697): ssm.onStartUser-0_com.android.server.security.AttestationVerificationManagerService
11-03 17:01:53.897 D/SystemServerTimingAsync( 697): ssm.onStartUser-0_com.android.server.restrictions.RestrictionsManagerService
11-03 17:01:53.897 D/SystemServerTimingAsync( 697): ssm.onStartUser-0_com.android.server.media.MediaSessionService
11-03 17:01:53.897 D/SystemServerTimingAsync( 697): ssm.onStartUser-0_com.android.server.hdmi.HdmiControlService
11-03 17:01:53.897 D/SystemServerTimingAsync( 697): ssm.onStartUser-0_com.android.server.tv.interactive.TvInteractiveAppManagerService
11-03 17:01:53.897 D/SystemServerTimingAsync( 697): ssm.onStartUser-0_com.android.server.tv.TvInputManagerService
11-03 17:01:53.897 D/SystemServerTimingAsync( 697): ssm.onStartUser-0_com.android.server.media.MediaResourceMonitorService
11-03 17:01:53.897 D/SystemServerTimingAsync( 697): ssm.onStartUser-0_com.android.server.tv.TvRemoteService
11-03 17:01:53.897 D/SystemServerTimingAsync( 697): ssm.onStartUser-0_com.android.server.biometrics.BiometricService
11-03 17:01:53.897 D/SystemServerTimingAsync( 697): ssm.onStartUser-0_com.android.server.biometrics.AuthService
11-03 17:01:53.897 D/SystemServerTimingAsync( 697): ssm.onStartUser-0_com.android.server.pm.ShortcutService$Lifecycle
11-03 17:01:53.897 D/SystemServerTimingAsync( 697): ssm.onStartUser-0_com.android.server.pm.LauncherAppsService
11-03 17:01:53.897 D/SystemServerTimingAsync( 697): ssm.onStartUser-0_com.android.server.pm.CrossProfileAppsService
11-03 17:01:53.897 D/SystemServerTimingAsync( 697): ssm.onStartUser-0_com.android.server.people.PeopleService
11-03 17:01:53.897 D/SystemServerTimingAsync( 697): ssm.onStartUser-0_com.android.server.media.metrics.MediaMetricsManagerService
11-03 17:01:53.897 D/SystemServerTimingAsync( 697): ssm.onStartUser-0_com.android.server.pm.BackgroundInstallControlService
11-03 17:01:53.897 D/SystemServerTimingAsync( 697): ssm.onStartUser-0_com.android.server.media.projection.MediaProjectionManagerService
11-03 17:01:53.897 D/SystemServerTimingAsync( 697): ssm.onStartUser-0_com.android.server.slice.SliceManagerService$Lifecycle
11-03 17:01:53.897 D/SystemServerTimingAsync( 697): ssm.onStartUser-0_com.android.server.stats.StatsCompanion$Lifecycle
11-03 17:01:53.897 D/SystemServerTimingAsync( 697): ssm.onStartUser-0_com.android.server.scheduling.RebootReadinessManagerService$Lifecycle
11-03 17:01:53.897 D/SystemServerTimingAsync( 697): ssm.onStartUser-0_com.android.server.stats.pull.StatsPullAtomService
11-03 17:01:53.897 D/SystemServerTimingAsync( 697): ssm.onStartUser-0_com.android.server.stats.bootstrap.StatsBootstrapAtomService$Lifecycle
11-03 17:01:53.898 D/SystemServerTimingAsync( 697): ssm.onStartUser-0_com.android.server.incident.IncidentCompanionService
11-03 17:01:53.898 D/SystemServerTimingAsync( 697): ssm.onStartUser-0_com.android.server.sdksandbox.SdkSandboxManagerService$Lifecycle
11-03 17:01:53.898 D/SystemServerTimingAsync( 697): ssm.onStartUser-0_com.android.server.adservices.AdServicesManagerService$Lifecycle
11-03 17:01:53.898 D/SystemServerTimingAsync( 697): ssm.onStartUser-0_com.android.server.ondevicepersonalization.OnDevicePersonalizationSystemService$Lifecycle
11-03 17:01:53.898 D/SystemServerTimingAsync( 697): ssm.onStartUser-0_com.android.server.autofill.AutofillManagerService
11-03 17:01:53.898 V/WindowManagerShell( 933): DefaultTransitionHandler init took 128ms
11-03 17:01:53.898 D/SystemServerTimingAsync( 697): ssm.onStartUser-0_com.android.server.clipboard.ClipboardService
11-03 17:01:53.898 D/SystemServerTimingAsync( 697): ssm.onStartUser-0_com.android.server.appbinding.AppBindingService$Lifecycle
11-03 17:01:53.898 W/AppBindingService( 697): [Default SMS app] u0 Target package not found
11-03 17:01:53.898 D/SystemServerTimingAsync( 697): ssm.onStartUser-0_com.android.server.tracing.TracingServiceProxy
11-03 17:01:53.899 D/SystemServerTimingAsync( 697): ssm.onStartUser-0_com.android.server.policy.PermissionPolicyService
11-03 17:01:53.899 D/SystemServerTimingAsync( 697): ssm.onStartUser-0_com.android.server.pm.StagingManager$Lifecycle
11-03 17:01:53.899 D/SystemServerTimingAsync( 697): ssm.onStartUser-0_com.android.server.app.GameManagerService$Lifecycle
11-03 17:01:53.899 D/GameManagerService( 697): Starting user 0
11-03 17:01:53.899 V/WindowManagerShell( 933): Adding external interface from Transitions with key extra_shell_shell_transitions
11-03 17:01:53.906 D/SystemServerTimingAsync( 697): ssm.onStartUser-0_com.android.safetycenter.SafetyCenterService
11-03 17:01:53.906 D/SystemServerTimingAsync( 697): ssm.onStartUser-0_com.android.server.appsearch.AppSearchModule$Lifecycle
11-03 17:01:53.906 D/SystemServerTimingAsync( 697): ssm.onStartUser-0_com.android.server.media.MediaCommunicationService
11-03 17:01:53.908 D/SystemServerTimingAsync( 697): ssm.onStartUser-0_com.android.server.compat.overrides.AppCompatOverridesService$Lifecycle
11-03 17:01:53.909 D/SystemServerTimingAsync( 697): ssm.onStartUser-0_com.android.server.healthconnect.HealthConnectManagerService
11-03 17:01:53.909 D/SystemServerTimingAsync( 697): ssm.onStartUser-0_com.android.server.devicelock.DeviceLockService
11-03 17:01:53.912 D/SystemServerTiming( 697): startPersistentApps
11-03 17:01:53.914 D/CompatibilityChangeReporter( 697): Compat change id reported: 135634846; UID 1068; state: DISABLED
11-03 17:01:53.915 D/SystemServerTiming( 697): startHomeOnAllDisplays
11-03 17:01:53.917 D/WindowManager( 697): ThemeHomeDelay: Home launch was deferred.
11-03 17:01:53.917 D/SystemServerTiming( 697): showSystemReadyErrorDialogs
11-03 17:01:54.018 I/android.hardware.wifi-service.droidlogic( 475): check loading wifi driver is ok...
11-03 17:01:54.018 W/android.hardware.wifi-service.droidlogic( 475): driver loaded
11-03 17:01:54.021 I/android.hardware.wifi-service.droidlogic( 475): After driver loaded, wifi_name:aml_w2_s
11-03 17:01:54.022 I/android.hardware.wifi-service.droidlogic( 475): Even /data/vendor/wifi/wpa/wpa_supplicant.conf exists, still overwrite it.
11-03 17:01:54.022 I/android.hardware.wifi-service.droidlogic( 475): Migrated conf file from /vendor/etc/wifi/unbcm_supplicant.conf to /data/vendor/wifi/wpa/wpa_supplicant.conf: Operation not permitted
11-03 17:01:54.025 I/android.hardware.wifi-service.droidlogic( 475): Even /data/vendor/wifi/wpa/p2p_supplicant.conf exists, still overwrite it.
11-03 17:01:54.025 I/android.hardware.wifi-service.droidlogic( 475): Migrated conf file from /vendor/etc/wifi/p2p_supplicant.conf to /data/vendor/wifi/wpa/p2p_supplicant.conf: Read-only file system
11-03 17:01:54.025 I/android.hardware.wifi-service.droidlogic( 475): no bcm and uwe wifi ,need use p2p0 with p2p interface
11-03 17:01:54.026 I/android.hardware.wifi-service.droidlogic( 475): Wifi HAL started
11-03 17:01:54.042 W/android.hardware.wifi-service.droidlogic( 475): No active wlan interfaces in use! Using default
11-03 17:01:54.042 E/android.hardware.wifi-service.droidlogic( 475): Unknown iface name: wlan0
11-03 17:01:54.042 E/android.hardware.wifi-service.droidlogic( 475): Unknown iface name: wlan0
11-03 17:01:54.058 W/android.hardware.wifi-service.droidlogic( 475): No active wlan interfaces in use! Using default
11-03 17:01:54.058 E/android.hardware.wifi-service.droidlogic( 475): Unknown iface name: wlan0
11-03 17:01:54.058 E/android.hardware.wifi-service.droidlogic( 475): Unknown iface name: wlan0
11-03 17:01:54.172 I/android.hardware.wifi-service.droidlogic( 475): Adding interface handle for p2p0
11-03 17:01:54.172 I/android.hardware.wifi-service.droidlogic( 475): Adding interface handle for ap0
11-03 17:01:54.172 I/android.hardware.wifi-service.droidlogic( 475): Adding interface handle for wlan0
11-03 17:01:54.172 W/android.hardware.wifi-service.droidlogic( 475): No active wlan interfaces in use! Using default
11-03 17:01:54.172 E/android.hardware.wifi-service.droidlogic( 475): Failed to register radio mode change callback
11-03 17:01:54.172 W/android.hardware.wifi-service.droidlogic( 475): No active wlan interfaces in use! Using default
11-03 17:01:54.174 E/android.hardware.wifi-service.droidlogic( 475): Failed to get SupportedIfaceCombinations matrix from legacy HAL: NOT_SUPPORTED
11-03 17:01:54.174 I/android.hardware.wifi-service.droidlogic( 475): Configured chip in mode 3
11-03 17:01:54.174 W/android.hardware.wifi-service.droidlogic( 475): No active wlan interfaces in use! Using default
11-03 17:01:54.455 W/android.hardware.wifi-service.droidlogic( 475): No active wlan interfaces in use! Using default
11-03 17:01:54.474 I/android.hardware.wifi-service.droidlogic( 475): Adding interface handle for p2p0
11-03 17:01:54.474 I/android.hardware.wifi-service.droidlogic( 475): Adding interface handle for ap0
11-03 17:01:54.474 I/android.hardware.wifi-service.droidlogic( 475): Adding interface handle for wlan0
11-03 17:01:54.475 E/android.hardware.wifi-service.droidlogic( 475): Failed to set DFS flag; DFS channels may be unavailable.
11-03 17:01:54.805 E/android.hardware.wifi-service.droidlogic( 475): Failed to get chip capabilities from legacy HAL: NOT_SUPPORTED
11-03 17:01:54.819 I/wificond( 592): createClientInterface: wiphy_index 0 iface_name wlan0
11-03 17:01:54.821 I/wificond( 592): create scanner for interface with index: 16
11-03 17:01:54.821 I/wificond( 592): subscribe scan result for interface with index: 16
11-03 17:01:54.822 I/wificond( 592): add channel type 0 support at wiphy index: 0
11-03 17:01:54.822 I/wificond( 592): add channel type 1 support at wiphy index: 0
11-03 17:01:54.960 E/Build ( 697): Vendor interface is incompatible, error=1
11-03 17:01:54.960 E/ActivityTaskManager( 697): Build fingerprint is not consistent, warning user
11-03 17:01:54.968 V/WindowManagerShell( 933): Adding command class transitions for Transitions
11-03 17:01:54.968 V/WindowManagerShell( 933): Transitions init took 1070ms
11-03 17:01:54.969 V/WindowManagerShell( 933): FullscreenTaskListener init took 1ms
11-03 17:01:54.969 V/WindowManagerShell( 933): addHandler: ActivityEmbeddingController
11-03 17:01:54.969 V/WindowManagerShell( 933): ActivityEmbeddingController init took 0ms
11-03 17:01:54.969 V/WindowManagerShell( 933): Adding external interface from StartingWindowController with key extra_shell_starting_window
11-03 17:01:54.969 V/WindowManagerShell( 933): StartingWindowController init took 0ms
11-03 17:01:54.969 V/WindowManagerShell( 933): Adding command class protolog for ProtoLogController
11-03 17:01:54.969 V/WindowManagerShell( 933): ProtoLogController init took 0ms
11-03 17:01:54.969 V/WindowManagerShell( 933): addHandler: TvPipTransition
11-03 17:01:54.969 V/WindowManagerShell( 933): TvPipTransition init took 0ms
11-03 17:01:54.974 V/WindowManagerShell( 933): TvPipController init took 5ms
11-03 17:01:54.975 V/WindowManagerShell( 933): addHandler: KeyguardTransitionHandler
11-03 17:01:54.975 V/WindowManagerShell( 933): KeyguardTransitionHandler init took 1ms
11-03 17:01:54.978 D/ShellBackPreview( 933): Back animation enabled=false
11-03 17:01:54.981 V/WindowManagerShell( 933): Adding external interface from BackAnimationController with key extra_shell_back_animation
11-03 17:01:54.990 V/WindowManagerShell( 933): BackAnimationController init took 15ms
11-03 17:01:54.997 V/ShellDragAndDrop( 933): Display added: 0
11-03 17:01:55.010 D/SystemServerTiming( 697): sendUserStartBroadcast
11-03 17:01:55.011 D/SystemServerTiming( 697): resumeTopActivities
11-03 17:01:55.014 D/SystemServerTiming( 697): sendUserSwitchBroadcasts
11-03 17:01:55.019 D/SystemServerTiming( 697): setBinderProxies
11-03 17:01:55.019 D/SystemServerTiming( 697): componentAlias
11-03 17:01:55.023 D/ComponentAliasResolver( 697): Compat listener set.
11-03 17:01:55.023 D/SystemServerTiming( 697): LockSettingsThirdPartyAppsStarted
11-03 17:01:55.023 D/SystemServerTiming( 697): StartSystemUI
11-03 17:01:55.036 W/ActivityManager( 697): Unable to start service Intent { flg=0x100 cmp=com.droidlogic/.StubKeyguardService } U=0: not found
11-03 17:01:55.037 W/ActivityManager( 697): Slow operation: 1123ms so far, now at startProcess: done updating battery stats
11-03 17:01:55.037 W/ActivityManager( 697): Slow operation: 1123ms so far, now at startProcess: building log message
11-03 17:01:55.037 I/ActivityManager( 697): Start proc 1088:com.android.se/1068 for added application com.android.se
11-03 17:01:55.037 W/ActivityManager( 697): Slow operation: 1123ms so far, now at startProcess: starting to update pids map
11-03 17:01:55.037 W/ActivityManager( 697): Slow operation: 1123ms so far, now at startProcess: done updating pids map
11-03 17:01:55.038 D/CompatibilityChangeReporter( 697): Compat change id reported: 168419799; UID 1068; state: DISABLED
11-03 17:01:55.039 D/CompatibilityChangeReporter( 697): Compat change id reported: 273564678; UID 1068; state: DISABLED
11-03 17:01:55.051 D/CompatibilityChangeReporter( 697): Compat change id reported: 161145287; UID 1073; state: ENABLED
11-03 17:01:55.058 D/CompatibilityChangeReporter( 697): Compat change id reported: 265195908; UID 1068; state: ENABLED
11-03 17:01:55.093 D/CompatibilityChangeReporter( 697): Compat change id reported: 171306433; UID 1000; state: ENABLED
11-03 17:01:55.094 D/CompatibilityChangeReporter( 697): Compat change id reported: 218533173; UID 10071; state: DISABLED
11-03 17:01:55.095 D/CompatibilityChangeReporter( 697): Compat change id reported: 262645982; UID 10071; state: DISABLED
11-03 17:01:55.102 D/CompatibilityChangeReporter( 697): Compat change id reported: 218533173; UID 10056; state: ENABLED
11-03 17:01:55.106 D/CompatibilityChangeReporter( 697): Compat change id reported: 262645982; UID 10056; state: ENABLED
11-03 17:01:55.107 D/SystemServerTiming( 697): startApexServices
11-03 17:01:55.107 D/SystemServerTiming( 697): starting com.android.server.scheduling.RebootReadinessManagerService$Lifecycle
11-03 17:01:55.107 W/WindowManager( 697): [addWindow] title:ShellDropTarget
11-03 17:01:55.111 I/SystemServiceManager( 697): Starting com.android.server.scheduling.RebootReadinessManagerService$Lifecycle
11-03 17:01:55.111 I/SystemServiceManager( 697): Not starting an already started service com.android.server.scheduling.RebootReadinessManagerService$Lifecycle
11-03 17:01:55.111 D/SystemServerTiming( 697): UpdateWatchdogTimeout
11-03 17:01:55.111 I/Watchdog( 697): Watchdog timeout updated to 60000 millis
11-03 17:01:55.140 D/CompatibilityChangeReporter( 697): Compat change id reported: 168419799; UID 10052; state: DISABLED
11-03 17:01:55.145 D/CompatibilityChangeReporter( 697): Compat change id reported: 273564678; UID 10052; state: DISABLED
11-03 17:01:55.173 D/CompatibilityChangeReporter( 697): Compat change id reported: 218533173; UID 10053; state: ENABLED
11-03 17:01:55.180 D/CompatibilityChangeReporter( 697): Compat change id reported: 262645982; UID 10053; state: ENABLED
11-03 17:01:55.201 D/CompatibilityChangeReporter( 697): Compat change id reported: 218533173; UID 10073; state: ENABLED
11-03 17:01:55.202 D/CompatibilityChangeReporter( 697): Compat change id reported: 262645982; UID 10073; state: ENABLED
11-03 17:01:55.203 D/CompatibilityChangeReporter( 697): Compat change id reported: 218533173; UID 10016; state: ENABLED
11-03 17:01:55.203 D/CompatibilityChangeReporter( 697): Compat change id reported: 262645982; UID 10016; state: ENABLED
11-03 17:01:55.203 E/android.hardware.wifi-service.droidlogic( 475): Failed to get SupportedRadioCombinations matrix from legacy HAL: NOT_SUPPORTED
11-03 17:01:55.204 D/CompatibilityChangeReporter( 697): Compat change id reported: 218533173; UID 10077; state: DISABLED
11-03 17:01:55.204 D/CompatibilityChangeReporter( 697): Compat change id reported: 262645982; UID 10077; state: DISABLED
11-03 17:01:55.211 W/Looper ( 697): Slow delivery took 6786ms main h=android.app.PropertyInvalidatedCache$AutoCorker$1 c=null m=0
11-03 17:01:55.230 I/DisplayDeviceRepository( 697): Display device changed: DisplayDeviceInfo{"内置屏幕": uniqueId="local:4616733697779729419", 3840 x 2160, modeId 3, renderFrameRate 59.94006, defaultModeId 3, supportedModes [{id=1, width=1920, height=1080, fps=59.94006, alternativeRefreshRates=[], supportedHdrTypes=[2]}, {id=2, width=1920, height=1080, fps=60.000004, alternativeRefreshRates=[], supportedHdrTypes=[2]}, {id=3, width=3840, height=2160, fps=59.94006, alternativeRefreshRates=[], supportedHdrTypes=[2]}, {id=4, width=3840, height=2160, fps=60.000004, alternativeRefreshRates=[], supportedHdrTypes=[2]}, {id=5, width=3840, height=2160, fps=50.0, alternativeRefreshRates=[], supportedHdrTypes=[2]}, {id=6, width=3840, height=2160, fps=29.97003, alternativeRefreshRates=[], supportedHdrTypes=[2]}, {id=7, width=3840, height=2160, fps=30.000002, alternativeRefreshRates=[], supportedHdrTypes=[2]}, {id=8, width=3840, height=2160, fps=25.0, alternativeRefreshRates=[], supportedHdrTypes=[2]}, {id=9, width=3840, height=2160, fps=23.976025, alternativeRefreshRates=[], supportedHdrTypes=[2]}, {id=10, width=3840, height=2160, fps=24.000002, alternativeRefreshRates=[], supportedHdrTypes=[2]}, {id=11, width=1920, height=1080, fps=50.0, alternativeRefreshRates=[], supportedHdrTypes=[2]}, {id=12, width=1280, height=720, fps=59.94006, alternativeRefreshRates=[], supportedHdrTypes=[2]}, {id=13, width=1280, height=720, fps=60.000004, alternativeRefreshRates=[], supportedHdrTypes=[2]}, {id=14, width=1280, height=720, fps=50.0, alternativeRefreshRates=[], supportedHdrTypes=[2]}], colorMode 0, supportedColorModes [0], hdrCapabilities HdrCapabilities{mSupportedHdrTypes=[2], mMaxLuminance=1000.0, mMaxAverageLuminance=1000.0, mMinLuminance=0.0}, allmSupported false, gameContentTypeSupported true, density 480, 79.947 x 79.513 dpi, appVsyncOff 2000000, presDeadline 13683333, touch INTERNAL, rotation 0, type INTERNAL, address {port=11, model=0x4011eed66ebc84}, deviceProductInfo DeviceProductInfo{name=DENON-AVR, manufacturerPnpId=DON, productId=100, modelYear=null, manufactureDate=ManufactureDate{week=null, year=2019}, connectionToSinkType=3}, state ON, committedState ON, frameRateOverride , brightnessMinimum 0.0, brightnessMaximum 1.0, brightnessDefault 0.39763778, hdrSdrRatio NaN, FLAG_ALLOWED_TO_BE_DEFAULT_DISPLAY, FLAG_ROTATES_WITH_CONTENT, FLAG_SECURE, FLAG_SUPPORTS_PROTECTED_BUFFERS, FLAG_TRUSTED, installOrientation 0, displayShape DisplayShape{ spec=-545313861 displayWidth=3840 displayHeight=2160 physicalPixelDisplaySizeRatio=1.0 rotation=0 offsetX=0 offsetY=0 scale=1.0}}
11-03 17:01:55.237 D/ConditionProviders.SCP( 697): onConnected
11-03 17:01:55.238 D/ConditionProviders.SCP( 697): onSubscribe condition://android/schedule?days=1.2.3.4.5.6.7&start=22.0&end=7.0&exitAtAlarm=true
11-03 17:01:55.238 D/ConditionProviders.SCP( 697): setRegistered true
11-03 17:01:55.260 D/ConditionProviders.SCP( 697): evaluateSubscriptionLocked cal=ScheduleCalendar[mDays={1, 2, 3, 4, 5, 6, 7}, mSchedule=ScheduleInfo{days=[1, 2, 3, 4, 5, 6, 7], startHour=22, startMinute=0, endHour=7, endMinute=0, exitAtAlarm=true, nextAlarm=Thu Jan 01 08:00:00 GMT+08:00 1970 (0)}], now=Mon Nov 03 17:01:55 GMT+08:00 2025 (1762160515238), nextUserAlarmTime=Thu Jan 01 08:00:00 GMT+08:00 1970 (0)
11-03 17:01:55.260 D/ConditionProviders.SCP( 697): notifyCondition condition://android/schedule?days=1.2.3.4.5.6.7&start=22.0&end=7.0&exitAtAlarm=true STATE_FALSE reason=!meetsSchedule
11-03 17:01:55.262 D/CompatibilityChangeReporter( 697): Compat change id reported: 218533173; UID 10017; state: ENABLED
11-03 17:01:55.264 D/WindowManagerShell( 933): TvPipController: onImeVisibilityChanged(), visible=false, height=0
11-03 17:01:55.274 D/CompatibilityChangeReporter( 697): Compat change id reported: 262645982; UID 10017; state: ENABLED
11-03 17:01:55.280 D/ConditionProviders.SCP( 697): Scheduling evaluate for Mon Nov 03 22:00:00 GMT+08:00 2025 (1762178400000), in +4h58m4s762ms, now=Mon Nov 03 17:01:55 GMT+08:00 2025 (1762160515238)
11-03 17:01:55.302 D/CompatibilityChangeReporter( 697): Compat change id reported: 218533173; UID 10074; state: ENABLED
11-03 17:01:55.302 D/CompatibilityChangeReporter( 697): Compat change id reported: 262645982; UID 10074; state: ENABLED
11-03 17:01:55.306 D/CompatibilityChangeReporter( 697): Compat change id reported: 218533173; UID 1000; state: ENABLED
