11-03 17:05:17.159 V/WindowManagerShell( 933): start default transition animation, info = {id=25 t=OPEN f=0x0 trk=0 r=[0@Point(0, 0)] c=[{null m=OPEN f=FILLS_TASK leash=Surface(name=ActivityRecord{726fb9f u0 com.cibn.tv/com.youku.tv.playlab.PlayLabCheckerActivity)/@0xbad4a6b sb=Rect(0, 0 - 0, 0) eb=Rect(0, 0 - 1920, 1080) d=-1->0 r=-1->0:-1},{null m=TO_BACK f=FILLS_TASK leash=Surface(name=ActivityRecord{811f63e u0 com.cibn.tv/com.youku.tv.lab.PlayLabActivity)/@0xf3779c8 sb=Rect(0, 0 - 1920, 1080) eb=Rect(0, 0 - 1920, 1080) d=0}]}
11-03 17:05:17.162 V/WindowManagerShell( 933): loadAnimation: anim=android.view.animation.AlphaAnimation@92e6a74 animAttr=0x5 type=OPEN isEntrance=false
11-03 17:05:17.163 V/WindowManagerShell( 933): loadAnimation: anim=android.view.animation.AlphaAnimation@9578812 animAttr=0x4 type=OPEN isEntrance=true
11-03 17:05:17.165 V/WindowManagerShell( 933): animated by com.android.wm.shell.transition.DefaultTransitionHandler@e71a65
11-03 17:05:17.219 W/ContextImpl( 697): Calling a method in the system process without a qualified user: android.app.ContextImpl.startService:1899 com.android.server.wm.DisplayPolicy.lambda$focusChangedLw$5:2126 com.android.server.wm.DisplayPolicy.$r8$lambda$Znxk63oh-WzVnzo_WQefN7uxV48:0 com.android.server.wm.DisplayPolicy$$ExternalSyntheticLambda13.run:0 android.os.Handler.handleCallback:958
11-03 17:05:17.583 V/WindowManagerShell( 933): Transition animation finished (aborted=false), notifying core (#25)android.os.BinderProxy@9307bdc@0
11-03 17:05:17.590 V/WindowManagerShell( 933): Track 0 became idle
11-03 17:05:17.590 V/WindowManagerShell( 933): All active transition animations finished
11-03 17:05:17.590 V/WindowManager( 697): Finish Transition #25: created at
11-03 17:05:16.972 collect-started=0.1ms request-sent=7.093ms started=12.154ms ready=29.712ms sent=175.486ms finished=614.288ms
11-03 17:05:17.635 D/OomAdjuster( 697): Not killing cached processes
11-03 17:05:34.932 D/OomAdjuster( 697): Not killing cached processes
11-03 17:05:44.281 F/DEBUG ( 6316): *** *** *** *** *** *** *** *** *** *** *** *** *** *** *** ***
11-03 17:05:44.281 F/DEBUG ( 6316): Build fingerprint: 'Amlogic/ross/Dangbei:14/UD2A.240505.001.W1/eng.server.20251030.104340:user/release-keys'
11-03 17:05:44.281 F/DEBUG ( 6316): Revision: '0'
11-03 17:05:44.281 F/DEBUG ( 6316): ABI: 'arm'
11-03 17:05:44.281 F/DEBUG ( 6316): Timestamp: 2025-11-03 17:05:43.900491426+0800
11-03 17:05:44.281 F/DEBUG ( 6316): Process uptime: 31s
11-03 17:05:44.281 F/DEBUG ( 6316): Cmdline: /vendor/bin/hw/android.hardware.media.c2@1.2-service
11-03 17:05:44.281 F/DEBUG ( 6316): pid: 6316, tid: 6560, name: io.decoder.eac3 >>> /vendor/bin/hw/android.hardware.media.c2@1.2-service <<<
11-03 17:05:44.281 F/DEBUG ( 6316): uid: 1046
11-03 17:05:44.281 F/DEBUG ( 6316): signal 0 (SIGABRT), code -1 (SI_QUEUE), fault addr --------
11-03 17:05:44.281 F/DEBUG ( 6316): Abort message: 'ubsan: sub-overflow by 0xeb855ca1'
11-03 17:05:44.281 F/DEBUG ( 6316): r0 00000000 r1 000019a0 r2 00000006 r3 ec6c4db8
11-03 17:05:44.281 F/DEBUG ( 6316): r4 ec6c4dc8 r5 ec6c4db0 r6 000018ac r7 0000016b
11-03 17:05:44.281 F/DEBUG ( 6316): r8 00000000 r9 ffffffff r10 ec6c4db8 r11 ed380580
11-03 17:05:44.281 F/DEBUG ( 6316): ip 000019a0 sp ec6c4d98 lr eedcc603 pc eedcc616
11-03 17:05:44.281 F/DEBUG ( 6316): 11 total frames
11-03 17:05:44.281 F/DEBUG ( 6316): backtrace:
11-03 17:05:44.281 F/DEBUG ( 6316): #00 pc 0004a616 /apex/com.android.runtime/lib/bionic/libc.so (abort+138) (BuildId: 8e93a972dad1c40fabed7c4c768acf47)
11-03 17:05:44.281 F/DEBUG ( 6316): #01 pc 000f9b34 /vendor/lib/libcodec2_aml_audio_decoder.so (__ubsan_handle_sub_overflow_minimal_abort+108) (BuildId: 0e8b6d4b5806fa407b68d72a23a04ba3)
11-03 17:05:44.281 F/DEBUG ( 6316): #02 pc 00078c9d /vendor/lib/libcodec2_aml_audio_decoder.so (android::C2AudioEAC3Decoder::process(std::__1::unique_ptr > const&, std::__1::shared_ptr const&)+1400) (BuildId: 0e8b6d4b5806fa407b68d72a23a04ba3)
11-03 17:05:44.282 F/DEBUG ( 6316): #03 pc 00061e69 /vendor/lib/libcodec2_aml_audio_decoder.so (android::C2AudioDecComponent::processQueue()+1800) (BuildId: 0e8b6d4b5806fa407b68d72a23a04ba3)
11-03 17:05:44.282 F/DEBUG ( 6316): #04 pc 00061569 /vendor/lib/libcodec2_aml_audio_decoder.so (android::C2AudioDecComponent::WorkHandler::onMessageReceived(android::sp const&)+72) (BuildId: 0e8b6d4b5806fa407b68d72a23a04ba3)
11-03 17:05:44.282 F/DEBUG ( 6316): #05 pc 0001fa5d /apex/com.android.vndk.v34/lib/libstagefright_foundation.so (android::AHandler::deliverMessage(android::sp const&)+80) (BuildId: 699accee3fcbbd23345321ed37670961)
11-03 17:05:44.282 F/DEBUG ( 6316): #06 pc 000224f9 /apex/com.android.vndk.v34/lib/libstagefright_foundation.so (android::AMessage::deliver()+60) (BuildId: 699accee3fcbbd23345321ed37670961)
11-03 17:05:44.282 F/DEBUG ( 6316): #07 pc 00020319 /apex/com.android.vndk.v34/lib/libstagefright_foundation.so (android::ALooper::loop()+564) (BuildId: 699accee3fcbbd23345321ed37670961)
11-03 17:05:44.282 F/DEBUG ( 6316): #08 pc 0001c85f /apex/com.android.vndk.v34/lib/libutils.so (android::Thread::_threadLoop(void*)+294) (BuildId: ba635657eb511ed6b2ba9e2f659c41ff)
11-03 17:05:44.282 F/DEBUG ( 6316): #09 pc 00094b4f /apex/com.android.runtime/lib/bionic/libc.so (__pthread_start(void*)+40) (BuildId: 8e93a972dad1c40fabed7c4c768acf47)
11-03 17:05:44.282 F/DEBUG ( 6316): #10 pc 0004b613 /apex/com.android.runtime/lib/bionic/libc.so (__start_thread+30) (BuildId: 8e93a972dad1c40fabed7c4c768acf47)
11-03 17:05:44.322 E/NativeTombstoneManager( 697): Tombstone's UID (1046) not an app, ignoring
11-03 17:05:44.334 I/BootReceiver( 697): Copying /data/tombstones/tombstone_04 to DropBox (SYSTEM_TOMBSTONE)
11-03 17:05:44.334 I/DropBoxManagerService( 697): add tag=SYSTEM_TOMBSTONE isTagEnabled=true flags=0x6
11-03 17:05:44.354 E/NativeTombstoneManager( 697): Tombstone's UID (1046) not an app, ignoring
11-03 17:05:44.362 I/DropBoxManagerService( 697): add tag=SYSTEM_TOMBSTONE_PROTO_WITH_HEADERS isTagEnabled=true flags=0x4
11-03 17:05:45.908 F/DEBUG ( 6580): *** *** *** *** *** *** *** *** *** *** *** *** *** *** *** ***
11-03 17:05:45.908 F/DEBUG ( 6580): Build fingerprint: 'Amlogic/ross/Dangbei:14/UD2A.240505.001.W1/eng.server.20251030.104340:user/release-keys'
11-03 17:05:45.909 F/DEBUG ( 6580): Revision: '0'
11-03 17:05:45.909 F/DEBUG ( 6580): ABI: 'arm'
11-03 17:05:45.909 F/DEBUG ( 6580): Timestamp: 2025-11-03 17:05:45.620735552+0800
11-03 17:05:45.909 F/DEBUG ( 6580): Process uptime: 2s
11-03 17:05:45.909 F/DEBUG ( 6580): Cmdline: /vendor/bin/hw/android.hardware.media.c2@1.2-service
11-03 17:05:45.909 F/DEBUG ( 6580): pid: 6580, tid: 6605, name: io.decoder.eac3 >>> /vendor/bin/hw/android.hardware.media.c2@1.2-service <<<
11-03 17:05:45.909 F/DEBUG ( 6580): uid: 1046
11-03 17:05:45.909 F/DEBUG ( 6580): signal 0 (SIGABRT), code -1 (SI_QUEUE), fault addr --------
11-03 17:05:45.909 F/DEBUG ( 6580): Abort message: 'ubsan: sub-overflow by 0xf0390ca1'
11-03 17:05:45.909 F/DEBUG ( 6580): r0 00000000 r1 000019cd r2 00000006 r3 efc7fdb8
11-03 17:05:45.909 F/DEBUG ( 6580): r4 efc7fdc8 r5 efc7fdb0 r6 000019b4 r7 0000016b
11-03 17:05:45.909 F/DEBUG ( 6580): r8 00000000 r9 ffffffff r10 efc7fdb8 r11 f0b01d10
11-03 17:05:45.909 F/DEBUG ( 6580): ip 000019cd sp efc7fd98 lr f3812603 pc f3812616
11-03 17:05:45.909 F/DEBUG ( 6580): 11 total frames
11-03 17:05:45.909 F/DEBUG ( 6580): backtrace:
11-03 17:05:45.909 F/DEBUG ( 6580): #00 pc 0004a616 /apex/com.android.runtime/lib/bionic/libc.so (abort+138) (BuildId: 8e93a972dad1c40fabed7c4c768acf47)
11-03 17:05:45.909 F/DEBUG ( 6580): #01 pc 000f9b34 /vendor/lib/libcodec2_aml_audio_decoder.so (__ubsan_handle_sub_overflow_minimal_abort+108) (BuildId: 0e8b6d4b5806fa407b68d72a23a04ba3)
11-03 17:05:45.909 F/DEBUG ( 6580): #02 pc 00078c9d /vendor/lib/libcodec2_aml_audio_decoder.so (android::C2AudioEAC3Decoder::process(std::__1::unique_ptr > const&, std::__1::shared_ptr const&)+1400) (BuildId: 0e8b6d4b5806fa407b68d72a23a04ba3)
11-03 17:05:45.910 F/DEBUG ( 6580): #03 pc 00061e69 /vendor/lib/libcodec2_aml_audio_decoder.so (android::C2AudioDecComponent::processQueue()+1800) (BuildId: 0e8b6d4b5806fa407b68d72a23a04ba3)
11-03 17:05:45.910 F/DEBUG ( 6580): #04 pc 00061569 /vendor/lib/libcodec2_aml_audio_decoder.so (android::C2AudioDecComponent::WorkHandler::onMessageReceived(android::sp const&)+72) (BuildId: 0e8b6d4b5806fa407b68d72a23a04ba3)
11-03 17:05:45.910 F/DEBUG ( 6580): #05 pc 0001fa5d /apex/com.android.vndk.v34/lib/libstagefright_foundation.so (android::AHandler::deliverMessage(android::sp const&)+80) (BuildId: 699accee3fcbbd23345321ed37670961)
11-03 17:05:45.910 F/DEBUG ( 6580): #06 pc 000224f9 /apex/com.android.vndk.v34/lib/libstagefright_foundation.so (android::AMessage::deliver()+60) (BuildId: 699accee3fcbbd23345321ed37670961)
11-03 17:05:45.910 F/DEBUG ( 6580): #07 pc 00020319 /apex/com.android.vndk.v34/lib/libstagefright_foundation.so (android::ALooper::loop()+564) (BuildId: 699accee3fcbbd23345321ed37670961)
11-03 17:05:45.910 F/DEBUG ( 6580): #08 pc 0001c85f /apex/com.android.vndk.v34/lib/libutils.so (android::Thread::_threadLoop(void*)+294) (BuildId: ba635657eb511ed6b2ba9e2f659c41ff)
11-03 17:05:45.910 F/DEBUG ( 6580): #09 pc 00094b4f /apex/com.android.runtime/lib/bionic/libc.so (__pthread_start(void*)+40) (BuildId: 8e93a972dad1c40fabed7c4c768acf47)
11-03 17:05:45.910 F/DEBUG ( 6580): #10 pc 0004b613 /apex/com.android.runtime/lib/bionic/libc.so (__start_thread+30) (BuildId: 8e93a972dad1c40fabed7c4c768acf47)
11-03 17:05:45.942 E/NativeTombstoneManager( 697): Tombstone's UID (1046) not an app, ignoring
11-03 17:05:45.952 I/BootReceiver( 697): Copying /data/tombstones/tombstone_05 to DropBox (SYSTEM_TOMBSTONE)
11-03 17:05:45.952 I/DropBoxManagerService( 697): add tag=SYSTEM_TOMBSTONE isTagEnabled=true flags=0x6
11-03 17:05:45.975 E/NativeTombstoneManager( 697): Tombstone's UID (1046) not an app, ignoring
11-03 17:05:45.982 I/DropBoxManagerService( 697): add tag=SYSTEM_TOMBSTONE_PROTO_WITH_HEADERS isTagEnabled=true flags=0x4
11-03 17:05:48.799 D/OomAdjuster( 697): Not killing cached processes
11-03 17:05:50.034 F/DEBUG ( 6653): *** *** *** *** *** *** *** *** *** *** *** *** *** *** *** ***
11-03 17:05:50.034 F/DEBUG ( 6653): Build fingerprint: 'Amlogic/ross/Dangbei:14/UD2A.240505.001.W1/eng.server.20251030.104340:user/release-keys'
11-03 17:05:50.034 F/DEBUG ( 6653): Revision: '0'
11-03 17:05:50.034 F/DEBUG ( 6653): ABI: 'arm'
11-03 17:05:50.034 F/DEBUG ( 6653): Timestamp: 2025-11-03 17:05:49.827496096+0800
11-03 17:05:50.034 F/DEBUG ( 6653): Process uptime: 2s
11-03 17:05:50.034 F/DEBUG ( 6653): Cmdline: /vendor/bin/hw/android.hardware.media.c2@1.2-service
11-03 17:05:50.034 F/DEBUG ( 6653): pid: 6653, tid: 6663, name: io.decoder.eac3 >>> /vendor/bin/hw/android.hardware.media.c2@1.2-service <<<
11-03 17:05:50.034 F/DEBUG ( 6653): uid: 1046
11-03 17:05:50.034 F/DEBUG ( 6653): signal 0 (SIGABRT), code -1 (SI_QUEUE), fault addr --------
11-03 17:05:50.034 F/DEBUG ( 6653): Abort message: 'ubsan: sub-overflow by 0xe570dca1'
11-03 17:05:50.034 F/DEBUG ( 6653): r0 00000000 r1 00001a07 r2 00000006 r3 e5690db8
11-03 17:05:50.034 F/DEBUG ( 6653): r4 e5690dc8 r5 e5690db0 r6 000019fd r7 0000016b
11-03 17:05:50.034 F/DEBUG ( 6653): r8 00000000 r9 ffffffff r10 e5690db8 r11 e64834a0
11-03 17:05:50.034 F/DEBUG ( 6653): ip 00001a07 sp e5690d98 lr e8a0b603 pc e8a0b616
11-03 17:05:50.034 F/DEBUG ( 6653): 11 total frames
11-03 17:05:50.034 F/DEBUG ( 6653): backtrace:
11-03 17:05:50.034 F/DEBUG ( 6653): #00 pc 0004a616 /apex/com.android.runtime/lib/bionic/libc.so (abort+138) (BuildId: 8e93a972dad1c40fabed7c4c768acf47)
11-03 17:05:50.034 F/DEBUG ( 6653): #01 pc 000f9b34 /vendor/lib/libcodec2_aml_audio_decoder.so (__ubsan_handle_sub_overflow_minimal_abort+108) (BuildId: 0e8b6d4b5806fa407b68d72a23a04ba3)
11-03 17:05:50.034 F/DEBUG ( 6653): #02 pc 00078c9d /vendor/lib/libcodec2_aml_audio_decoder.so (android::C2AudioEAC3Decoder::process(std::__1::unique_ptr > const&, std::__1::shared_ptr const&)+1400) (BuildId: 0e8b6d4b5806fa407b68d72a23a04ba3)
11-03 17:05:50.035 F/DEBUG ( 6653): #03 pc 00061e69 /vendor/lib/libcodec2_aml_audio_decoder.so (android::C2AudioDecComponent::processQueue()+1800) (BuildId: 0e8b6d4b5806fa407b68d72a23a04ba3)
11-03 17:05:50.035 F/DEBUG ( 6653): #04 pc 00061569 /vendor/lib/libcodec2_aml_audio_decoder.so (android::C2AudioDecComponent::WorkHandler::onMessageReceived(android::sp const&)+72) (BuildId: 0e8b6d4b5806fa407b68d72a23a04ba3)
11-03 17:05:50.035 F/DEBUG ( 6653): #05 pc 0001fa5d /apex/com.android.vndk.v34/lib/libstagefright_foundation.so (android::AHandler::deliverMessage(android::sp const&)+80) (BuildId: 699accee3fcbbd23345321ed37670961)
11-03 17:05:50.035 F/DEBUG ( 6653): #06 pc 000224f9 /apex/com.android.vndk.v34/lib/libstagefright_foundation.so (android::AMessage::deliver()+60) (BuildId: 699accee3fcbbd23345321ed37670961)
11-03 17:05:50.035 F/DEBUG ( 6653): #07 pc 00020319 /apex/com.android.vndk.v34/lib/libstagefright_foundation.so (android::ALooper::loop()+564) (BuildId: 699accee3fcbbd23345321ed37670961)
11-03 17:05:50.035 F/DEBUG ( 6653): #08 pc 0001c85f /apex/com.android.vndk.v34/lib/libutils.so (android::Thread::_threadLoop(void*)+294) (BuildId: ba635657eb511ed6b2ba9e2f659c41ff)
11-03 17:05:50.035 F/DEBUG ( 6653): #09 pc 00094b4f /apex/com.android.runtime/lib/bionic/libc.so (__pthread_start(void*)+40) (BuildId: 8e93a972dad1c40fabed7c4c768acf47)
11-03 17:05:50.035 F/DEBUG ( 6653): #10 pc 0004b613 /apex/com.android.runtime/lib/bionic/libc.so (__start_thread+30) (BuildId: 8e93a972dad1c40fabed7c4c768acf47)
11-03 17:05:50.059 E/NativeTombstoneManager( 697): Tombstone's UID (1046) not an app, ignoring
11-03 17:05:50.060 E/NativeTombstoneManager( 697): Tombstone's UID (1046) not an app, ignoring
11-03 17:05:55.204 V/WindowManagerShell( 933): Transition requested: android.os.BinderProxy@e22135e TransitionRequestInfo { type = 2, triggerTask = null, remoteTransition = null, displayChange = null, flags = 0 }
11-03 17:05:55.222 V/WindowManager( 697): app ------------- force_land :0
11-03 17:05:55.305 V/WindowManager( 697): Sent Transition #26 createdAt=11-03 17:05:55.203 via request=TransitionRequestInfo { type = 2, triggerTask = null, remoteTransition = null, displayChange = null, flags = 0 }
11-03 17:05:55.305 V/WindowManager( 697): startWCT=WindowContainerTransaction { changes = {} hops = [] errorCallbackToken=null taskFragmentOrganizer=null }
11-03 17:05:55.305 V/WindowManager( 697): info={id=26 t=CLOSE f=0x0 trk=0 r=[0@Point(0, 0)] c=[{null m=CLOSE f=FILLS_TASK leash=Surface(name=ActivityRecord{726fb9f u0 com.cibn.tv/com.youku.tv.playlab.PlayLabCheckerActivity)/@0x30e331 sb=Rect(0, 0 - 1920, 1080) eb=Rect(0, 0 - 1920, 1080) d=0},{null m=TO_FRONT f=FILLS_TASK leash=Surface(name=ActivityRecord{811f63e u0 com.cibn.tv/com.youku.tv.lab.PlayLabActivity)/@0xa3f7a6d sb=Rect(0, 0 - 1920, 1080) eb=Rect(0, 0 - 1920, 1080) d=0}]}
11-03 17:05:55.308 V/WindowManagerShell( 933): onTransitionReady android.os.BinderProxy@e22135e: {id=26 t=CLOSE f=0x0 trk=0 r=[0@Point(0, 0)] c=[{null m=CLOSE f=FILLS_TASK leash=Surface(name=ActivityRecord{726fb9f u0 com.cibn.tv/com.youku.tv.playlab.PlayLabCheckerActivity)/@0xf1d133f sb=Rect(0, 0 - 1920, 1080) eb=Rect(0, 0 - 1920, 1080) d=0},{null m=TO_FRONT f=FILLS_TASK leash=Surface(name=ActivityRecord{811f63e u0 com.cibn.tv/com.youku.tv.lab.PlayLabActivity)/@0xcf8940c sb=Rect(0, 0 - 1920, 1080) eb=Rect(0, 0 - 1920, 1080) d=0}]}
11-03 17:05:55.309 V/WindowManagerShell( 933): Playing animation for (#26)android.os.BinderProxy@e22135e@0
11-03 17:05:55.309 V/WindowManagerShell( 933): try handler com.android.wm.shell.keyguard.KeyguardTransitionHandler@5ae5ca9
11-03 17:05:55.309 V/WindowManagerShell( 933): try handler com.android.wm.shell.pip.tv.TvPipTransition@f2f222e
11-03 17:05:55.309 V/WindowManagerShell( 933): try handler com.android.wm.shell.activityembedding.ActivityEmbeddingController@10fc1cf
11-03 17:05:55.309 V/WindowManagerShell( 933): try handler com.android.wm.shell.transition.RemoteTransitionHandler@5dcc75c
11-03 17:05:55.309 V/WindowManagerShell( 933): Transition doesn't have explicit remote, search filters for match for {id=26 t=CLOSE f=0x0 trk=0 r=[0@Point(0, 0)] c=[{null m=CLOSE f=FILLS_TASK leash=Surface(name=ActivityRecord{726fb9f u0 com.cibn.tv/com.youku.tv.playlab.PlayLabCheckerActivity)/@0xf1d133f sb=Rect(0, 0 - 1920, 1080) eb=Rect(0, 0 - 1920, 1080) d=0},{null m=TO_FRONT f=FILLS_TASK leash=Surface(name=ActivityRecord{811f63e u0 com.cibn.tv/com.youku.tv.lab.PlayLabActivity)/@0xcf8940c sb=Rect(0, 0 - 1920, 1080) eb=Rect(0, 0 - 1920, 1080) d=0}]}
11-03 17:05:55.309 V/WindowManagerShell( 933): Delegate animation for #26 to null
11-03 17:05:55.309 V/WindowManagerShell( 933): try handler com.android.wm.shell.transition.DefaultTransitionHandler@e71a65
11-03 17:05:55.309 V/WindowManagerShell( 933): start default transition animation, info = {id=26 t=CLOSE f=0x0 trk=0 r=[0@Point(0, 0)] c=[{null m=CLOSE f=FILLS_TASK leash=Surface(name=ActivityRecord{726fb9f u0 com.cibn.tv/com.youku.tv.playlab.PlayLabCheckerActivity)/@0xf1d133f sb=Rect(0, 0 - 1920, 1080) eb=Rect(0, 0 - 1920, 1080) d=0},{null m=TO_FRONT f=FILLS_TASK leash=Surface(name=ActivityRecord{811f63e u0 com.cibn.tv/com.youku.tv.lab.PlayLabActivity)/@0xcf8940c sb=Rect(0, 0 - 1920, 1080) eb=Rect(0, 0 - 1920, 1080) d=0}]}
11-03 17:05:55.310 V/WindowManagerShell( 933): loadAnimation: anim=android.view.animation.AlphaAnimation@4a0e4f8 animAttr=0x6 type=CLOSE isEntrance=true
11-03 17:05:55.311 V/WindowManagerShell( 933): loadAnimation: anim=android.view.animation.AlphaAnimation@8873036 animAttr=0x7 type=CLOSE isEntrance=false
11-03 17:05:55.313 V/WindowManagerShell( 933): animated by com.android.wm.shell.transition.DefaultTransitionHandler@e71a65
11-03 17:05:55.334 D/WindowManagerShell( 933): TvPipController: onTaskStackChanged()
11-03 17:05:55.374 W/ContextImpl( 697): Calling a method in the system process without a qualified user: android.app.ContextImpl.startService:1899 com.android.server.wm.DisplayPolicy.lambda$focusChangedLw$5:2126 com.android.server.wm.DisplayPolicy.$r8$lambda$Znxk63oh-WzVnzo_WQefN7uxV48:0 com.android.server.wm.DisplayPolicy$$ExternalSyntheticLambda13.run:0 android.os.Handler.handleCallback:958
11-03 17:05:55.376 D/OomAdjuster( 697): Not killing cached processes
11-03 17:05:55.676 W/ProcessStats( 697): Tracking association SourceState{bb6d735 com.ktcp.video:daemon/10089 Fgs #939} whose proc state 3 is better than process ProcessState{ff256f5 com.ktcp.video/10089 pkg=com.ktcp.video} proc state 10 (5 skipped)
11-03 17:05:55.721 V/WindowManagerShell( 933): Transition animation finished (aborted=false), notifying core (#26)android.os.BinderProxy@e22135e@0
11-03 17:05:55.729 V/WindowManager( 697): Finish Transition #26: created at
11-03 17:05:55.203 collect-started=0.073ms request-sent=0.144ms started=3.422ms ready=21.264ms sent=99.742ms finished=519.745ms
11-03 17:05:55.729 V/WindowManagerShell( 933): Track 0 became idle
11-03 17:05:55.729 V/WindowManagerShell( 933): All active transition animations finished
11-03 17:05:55.802 D/CoreBackPreview( 697): Window{2ffd34a u0 com.cibn.tv/com.youku.tv.playlab.PlayLabCheckerActivity}: Setting back callback null
11-03 17:06:00.093 D/HDMI ( 697): [R]: 04:8F
11-03 17:06:00.094 D/HDMI ( 697): [S]: 40:90:00
11-03 17:06:00.520 V/WindowManagerShell( 933): Transition requested: android.os.BinderProxy@d8e19c2 TransitionRequestInfo { type = 2, triggerTask = null, remoteTransition = null, displayChange = null, flags = 0 }
11-03 17:06:00.533 V/WindowManager( 697): app ------------- force_land :0
11-03 17:06:00.550 W/ActivityTaskManager( 697): Duplicate finish request for r=ActivityRecord{811f63e u0 com.cibn.tv/com.youku.tv.lab.PlayLabActivity t230 f}}
11-03 17:06:00.599 V/WindowManager( 697): Sent Transition #27 createdAt=11-03 17:06:00.520 via request=TransitionRequestInfo { type = 2, triggerTask = null, remoteTransition = null, displayChange = null, flags = 0 }
11-03 17:06:00.599 V/WindowManager( 697): startWCT=WindowContainerTransaction { changes = {} hops = [] errorCallbackToken=null taskFragmentOrganizer=null }
11-03 17:06:00.599 V/WindowManager( 697): info={id=27 t=CLOSE f=0x0 trk=0 r=[0@Point(0, 0)] c=[{null m=CLOSE f=FILLS_TASK leash=Surface(name=ActivityRecord{811f63e u0 com.cibn.tv/com.youku.tv.lab.PlayLabActivity)/@0xa3f7a6d sb=Rect(0, 0 - 1920, 1080) eb=Rect(0, 0 - 1920, 1080) d=0},{null m=TO_FRONT f=FILLS_TASK leash=Surface(name=ActivityRecord{c7cba5a u0 com.cibn.tv/com.youku.tv.home.activity.HomeActivity)/@0xaa9fb2a sb=Rect(0, 0 - 1920, 1080) eb=Rect(0, 0 - 1920, 1080) d=0}]}
11-03 17:06:00.599 V/WindowManagerShell( 933): onTransitionReady android.os.BinderProxy@d8e19c2: {id=27 t=CLOSE f=0x0 trk=0 r=[0@Point(0, 0)] c=[{null m=CLOSE f=FILLS_TASK leash=Surface(name=ActivityRecord{811f63e u0 com.cibn.tv/com.youku.tv.lab.PlayLabActivity)/@0xf6643d3 sb=Rect(0, 0 - 1920, 1080) eb=Rect(0, 0 - 1920, 1080) d=0},{null m=TO_FRONT f=FILLS_TASK leash=Surface(name=ActivityRecord{c7cba5a u0 com.cibn.tv/com.youku.tv.home.activity.HomeActivity)/@0xf675b10 sb=Rect(0, 0 - 1920, 1080) eb=Rect(0, 0 - 1920, 1080) d=0}]}
11-03 17:06:00.599 V/WindowManagerShell( 933): Playing animation for (#27)android.os.BinderProxy@d8e19c2@0
11-03 17:06:00.600 V/WindowManagerShell( 933): try handler com.android.wm.shell.keyguard.KeyguardTransitionHandler@5ae5ca9
11-03 17:06:00.600 V/WindowManagerShell( 933): try handler com.android.wm.shell.pip.tv.TvPipTransition@f2f222e
11-03 17:06:00.600 V/WindowManagerShell( 933): try handler com.android.wm.shell.activityembedding.ActivityEmbeddingController@10fc1cf
11-03 17:06:00.600 V/WindowManagerShell( 933): try handler com.android.wm.shell.transition.RemoteTransitionHandler@5dcc75c
11-03 17:06:00.600 V/WindowManagerShell( 933): Transition doesn't have explicit remote, search filters for match for {id=27 t=CLOSE f=0x0 trk=0 r=[0@Point(0, 0)] c=[{null m=CLOSE f=FILLS_TASK leash=Surface(name=ActivityRecord{811f63e u0 com.cibn.tv/com.youku.tv.lab.PlayLabActivity)/@0xf6643d3 sb=Rect(0, 0 - 1920, 1080) eb=Rect(0, 0 - 1920, 1080) d=0},{null m=TO_FRONT f=FILLS_TASK leash=Surface(name=ActivityRecord{c7cba5a u0 com.cibn.tv/com.youku.tv.home.activity.HomeActivity)/@0xf675b10 sb=Rect(0, 0 - 1920, 1080) eb=Rect(0, 0 - 1920, 1080) d=0}]}
11-03 17:06:00.600 V/WindowManagerShell( 933): Delegate animation for #27 to null
11-03 17:06:00.600 V/WindowManagerShell( 933): try handler com.android.wm.shell.transition.DefaultTransitionHandler@e71a65
11-03 17:06:00.600 V/WindowManagerShell( 933): start default transition animation, info = {id=27 t=CLOSE f=0x0 trk=0 r=[0@Point(0, 0)] c=[{null m=CLOSE f=FILLS_TASK leash=Surface(name=ActivityRecord{811f63e u0 com.cibn.tv/com.youku.tv.lab.PlayLabActivity)/@0xf6643d3 sb=Rect(0, 0 - 1920, 1080) eb=Rect(0, 0 - 1920, 1080) d=0},{null m=TO_FRONT f=FILLS_TASK leash=Surface(name=ActivityRecord{c7cba5a u0 com.cibn.tv/com.youku.tv.home.activity.HomeActivity)/@0xf675b10 sb=Rect(0, 0 - 1920, 1080) eb=Rect(0, 0 - 1920, 1080) d=0}]}
11-03 17:06:00.600 V/WindowManagerShell( 933): loadAnimation: anim=null animAttr=0x6 type=CLOSE isEntrance=true
11-03 17:06:00.600 V/WindowManagerShell( 933): loadAnimation: anim=null animAttr=0x7 type=CLOSE isEntrance=false
11-03 17:06:00.602 V/WindowManagerShell( 933): Transition animation finished (aborted=false), notifying core (#27)android.os.BinderProxy@d8e19c2@0
11-03 17:06:00.602 D/OomAdjuster( 697): Not killing cached processes
11-03 17:06:00.604 V/WindowManager( 697): Finish Transition #27: created at
11-03 17:06:00.520 collect-started=0.063ms request-sent=0.136ms started=4.417ms ready=14.348ms sent=76.954ms finished=83.003ms
11-03 17:06:00.606 V/WindowManagerShell( 933): Track 0 became idle
11-03 17:06:00.606 V/WindowManagerShell( 933): All active transition animations finished
11-03 17:06:00.606 V/WindowManagerShell( 933): animated by com.android.wm.shell.transition.DefaultTransitionHandler@e71a65
11-03 17:06:00.606 V/WindowManagerShell( 933): Track 0 became idle
11-03 17:06:00.606 V/WindowManagerShell( 933): All active transition animations finished
11-03 17:06:00.631 D/CoreBackPreview( 697): Window{2748f16 u0 com.cibn.tv/com.youku.tv.lab.PlayLabActivity}: Setting back callback null
11-03 17:06:00.635 D/WindowManagerShell( 933): TvPipController: onTaskStackChanged()
11-03 17:06:00.667 W/ContextImpl( 697): Calling a method in the system process without a qualified user: android.app.ContextImpl.startService:1899 com.android.server.wm.DisplayPolicy.lambda$focusChangedLw$5:2126 com.android.server.wm.DisplayPolicy.$r8$lambda$Znxk63oh-WzVnzo_WQefN7uxV48:0 com.android.server.wm.DisplayPolicy$$ExternalSyntheticLambda13.run:0 android.os.Handler.handleCallback:958
11-03 17:06:01.110 I/PowerManagerService( 697): Allowing device wake-up without android.permission.TURN_SCREEN_ON for com.cibn.tv
11-03 17:06:07.708 V/HotPlugDetectionAction( 697): Poll all devices.
11-03 17:06:07.840 W/WindowManager( 697): [addWindow] title:com.cibn.tv/com.youku.tv.home.activity.HomeActivity
11-03 17:06:07.854 D/CoreBackPreview( 697): Window{63845cf u0 com.cibn.tv/com.youku.tv.home.activity.HomeActivity}: Setting back callback OnBackInvokedCallbackInfo{mCallback=android.window.IOnBackInvokedCallback$Stub$Proxy@5ed3e65, mPriority=0, mIsAnimationCallback=false}
11-03 17:06:07.945 W/ContextImpl( 697): Calling a method in the system process without a qualified user: android.app.ContextImpl.startService:1899 com.android.server.wm.DisplayPolicy.lambda$focusChangedLw$5:2126 com.android.server.wm.DisplayPolicy.$r8$lambda$Znxk63oh-WzVnzo_WQefN7uxV48:0 com.android.server.wm.DisplayPolicy$$ExternalSyntheticLambda13.run:0 android.os.Handler.handleCallback:958
11-03 17:06:07.947 D/OomAdjuster( 697): Not killing cached processes
11-03 17:06:08.130 D/HdmiCecController( 697): [P]:AllocatedAddress=[0, 3, 5]
11-03 17:06:10.294 D/CoreBackPreview( 697): Window{63845cf u0 com.cibn.tv/com.youku.tv.home.activity.HomeActivity}: Setting back callback null
11-03 17:06:10.308 V/WindowManager( 697): Unknown focus tokens, dropping reportFocusChanged
11-03 17:06:10.403 W/ContextImpl( 697): Calling a method in the system process without a qualified user: android.app.ContextImpl.startService:1899 com.android.server.wm.DisplayPolicy.lambda$focusChangedLw$5:2126 com.android.server.wm.DisplayPolicy.$r8$lambda$Znxk63oh-WzVnzo_WQefN7uxV48:0 com.android.server.wm.DisplayPolicy$$ExternalSyntheticLambda13.run:0 android.os.Handler.handleCallback:958
11-03 17:06:21.069 D/OomAdjuster( 697): Not killing cached processes
11-03 17:06:24.153 W/WindowManager( 697): [addWindow] title:com.cibn.tv/com.youku.tv.home.activity.HomeActivity
11-03 17:06:24.163 D/CoreBackPreview( 697): Window{84a8f0 u0 com.cibn.tv/com.youku.tv.home.activity.HomeActivity}: Setting back callback OnBackInvokedCallbackInfo{mCallback=android.window.IOnBackInvokedCallback$Stub$Proxy@fc5c0ee, mPriority=0, mIsAnimationCallback=false}
11-03 17:06:24.256 W/ContextImpl( 697): Calling a method in the system process without a qualified user: android.app.ContextImpl.startService:1899 com.android.server.wm.DisplayPolicy.lambda$focusChangedLw$5:2126 com.android.server.wm.DisplayPolicy.$r8$lambda$Znxk63oh-WzVnzo_WQefN7uxV48:0 com.android.server.wm.DisplayPolicy$$ExternalSyntheticLambda13.run:0 android.os.Handler.handleCallback:958
11-03 17:06:29.144 E/Transition( 697): Trying to add a ready-group twice: Display{#0 state=ON size=1920x1080 ROTATION_0}
11-03 17:06:29.145 I/ActivityTaskManager( 697): START u0 {dat=cibntv_yingshi://playlab_start/... cmp=com.cibn.tv/com.youku.tv.lab.PlayLabActivity (has extras)} with LAUNCH_SINGLE_TASK from uid 10003 (BAL_ALLOW_VISIBLE_WINDOW) result code=0
11-03 17:06:29.145 V/WindowManagerShell( 933): Transition requested: android.os.BinderProxy@8c74a2f TransitionRequestInfo { type = 1, triggerTask = TaskInfo{userId=0 taskId=230 displayId=0 isRunning=true baseIntent=Intent { act=android.intent.action.MAIN cat=[android.intent.category.LAUNCHER] flg=0x10000000 pkg=com.cibn.tv cmp=com.cibn.tv/com.youku.tv.home.activity.HomeActivity } baseActivity=ComponentInfo{com.cibn.tv/com.youku.tv.home.activity.HomeActivity} topActivity=ComponentInfo{com.cibn.tv/com.youku.tv.lab.PlayLabActivity} origActivity=null realActivity=ComponentInfo{com.cibn.tv/com.youku.tv.home.activity.HomeActivity} numActivities=2 lastActiveTime=293375 supportsMultiWindow=true resizeMode=1 isResizeable=true minWidth=-1 minHeight=-1 defaultMinSize=220 token=WCT{android.window.IWindowContainerToken$Stub$Proxy@4cf183c} topActivityType=1 pictureInPictureParams=null shouldDockBigOverlays=true launchIntoPipHostTaskId=-1 lastParentTaskIdBeforePip=-1 displayCutoutSafeInsets=null topActivityInfo=ActivityInfo{ff7c9c5 com.youku.tv.lab.PlayLabActivity} launchCookies=[] positionInParent=Point(0, 0) parentTaskId=-1 isFocused=true isVisible=true isVisibleRequested=true isSleeping=false topActivityInSizeCompat=false topActivityEligibleForLetterboxEducation= false isLetterboxDoubleTapEnabled= false topActivityEligibleForUserAspectRatioButton= false topActivityBoundsLetterboxed= false isFromLetterboxDoubleTap= false topActivityLetterboxVerticalPosition= -1 topActivityLetterboxHorizontalPosition= -1 topActivityLetterboxWidth=-1 topActivityLetterboxHeight=-1 isUserFullscreenOverrideEnabled=false isTopActivityTransparent=false locusId=null displayAreaFeatureId=1 cameraCompatControlState=hidden}, remoteTransition = null, displayChange = null, flags = 0 }
11-03 17:06:29.146 D/CoreBackPreview( 697): Window{84a8f0 u0 com.cibn.tv/com.youku.tv.home.activity.HomeActivity}: Setting back callback null
11-03 17:06:29.162 V/WindowManager( 697): Unknown focus tokens, dropping reportFocusChanged
11-03 17:06:29.260 W/ContextImpl( 697): Calling a method in the system process without a qualified user: android.app.ContextImpl.startService:1899 com.android.server.wm.DisplayPolicy.lambda$focusChangedLw$5:2126 com.android.server.wm.DisplayPolicy.$r8$lambda$Znxk63oh-WzVnzo_WQefN7uxV48:0 com.android.server.wm.DisplayPolicy$$ExternalSyntheticLambda13.run:0 android.os.Handler.handleCallback:958
11-03 17:06:29.261 D/OomAdjuster( 697): Not killing cached processes
11-03 17:06:29.275 V/WindowManager( 697): app ------------- force_land :0
11-03 17:06:29.286 W/ProcessStats( 697): Tracking association SourceState{bb6d735 com.ktcp.video:daemon/10089 Fgs #965} whose proc state 3 is better than process ProcessState{ff256f5 com.ktcp.video/10089 pkg=com.ktcp.video} proc state 10 (3 skipped)
11-03 17:06:29.381 D/WindowManagerShell( 933): TvPipController: onTaskStackChanged()
11-03 17:06:29.436 W/WindowManager( 697): Failed looking up window session=Session{ade2e99 4419:u0a10003} callers=com.android.server.wm.WindowManagerService.windowForClientLocked:6077 com.android.server.wm.Session.updateRequestedVisibleTypes:695 android.view.IWindowSession$Stub.onTransact:1034
11-03 17:06:29.436 W/WindowManager( 697): [addWindow] title:com.cibn.tv/com.youku.tv.lab.PlayLabActivity
11-03 17:06:29.445 D/CoreBackPreview( 697): Window{d69c14d u0 com.cibn.tv/com.youku.tv.lab.PlayLabActivity}: Setting back callback OnBackInvokedCallbackInfo{mCallback=android.window.IOnBackInvokedCallback$Stub$Proxy@f3eb113, mPriority=0, mIsAnimationCallback=false}
11-03 17:06:29.484 V/WindowManagerShell( 933): onTransitionReady android.os.BinderProxy@8c74a2f: {id=28 t=OPEN f=0x0 trk=0 r=[0@Point(0, 0)] c=[{null m=OPEN f=FILLS_TASK leash=Surface(name=ActivityRecord{bea9495 u0 com.cibn.tv/com.youku.tv.lab.PlayLabActivity)/@0xf591f1a sb=Rect(0, 0 - 0, 0) eb=Rect(0, 0 - 1920, 1080) d=-1->0 r=-1->0:-1},{null m=TO_BACK f=FILLS_TASK leash=Surface(name=ActivityRecord{c7cba5a u0 com.cibn.tv/com.youku.tv.home.activity.HomeActivity)/@0x8885a4b sb=Rect(0, 0 - 1920, 1080) eb=Rect(0, 0 - 1920, 1080) d=0}]}
11-03 17:06:29.485 V/WindowManagerShell( 933): Playing animation for (#28)android.os.BinderProxy@8c74a2f@0
11-03 17:06:29.485 V/WindowManagerShell( 933): try handler com.android.wm.shell.keyguard.KeyguardTransitionHandler@5ae5ca9
11-03 17:06:29.485 V/WindowManagerShell( 933): try handler com.android.wm.shell.pip.tv.TvPipTransition@f2f222e
11-03 17:06:29.485 V/WindowManagerShell( 933): try handler com.android.wm.shell.activityembedding.ActivityEmbeddingController@10fc1cf
11-03 17:06:29.485 V/WindowManagerShell( 933): try handler com.android.wm.shell.transition.RemoteTransitionHandler@5dcc75c
11-03 17:06:29.485 V/WindowManagerShell( 933): Transition doesn't have explicit remote, search filters for match for {id=28 t=OPEN f=0x0 trk=0 r=[0@Point(0, 0)] c=[{null m=OPEN f=FILLS_TASK leash=Surface(name=ActivityRecord{bea9495 u0 com.cibn.tv/com.youku.tv.lab.PlayLabActivity)/@0xf591f1a sb=Rect(0, 0 - 0, 0) eb=Rect(0, 0 - 1920, 1080) d=-1->0 r=-1->0:-1},{null m=TO_BACK f=FILLS_TASK leash=Surface(name=ActivityRecord{c7cba5a u0 com.cibn.tv/com.youku.tv.home.activity.HomeActivity)/@0x8885a4b sb=Rect(0, 0 - 1920, 1080) eb=Rect(0, 0 - 1920, 1080) d=0}]}
11-03 17:06:29.485 V/WindowManagerShell( 933): Delegate animation for #28 to null
11-03 17:06:29.485 V/WindowManagerShell( 933): try handler com.android.wm.shell.transition.DefaultTransitionHandler@e71a65
11-03 17:06:29.485 V/WindowManagerShell( 933): start default transition animation, info = {id=28 t=OPEN f=0x0 trk=0 r=[0@Point(0, 0)] c=[{null m=OPEN f=FILLS_TASK leash=Surface(name=ActivityRecord{bea9495 u0 com.cibn.tv/com.youku.tv.lab.PlayLabActivity)/@0xf591f1a sb=Rect(0, 0 - 0, 0) eb=Rect(0, 0 - 1920, 1080) d=-1->0 r=-1->0:-1},{null m=TO_BACK f=FILLS_TASK leash=Surface(name=ActivityRecord{c7cba5a u0 com.cibn.tv/com.youku.tv.home.activity.HomeActivity)/@0x8885a4b sb=Rect(0, 0 - 1920, 1080) eb=Rect(0, 0 - 1920, 1080) d=0}]}
11-03 17:06:29.485 V/WindowManagerShell( 933): loadAnimation: anim=null animAttr=0x5 type=OPEN isEntrance=false
11-03 17:06:29.485 V/WindowManagerShell( 933): loadAnimation: anim=null animAttr=0x4 type=OPEN isEntrance=true
11-03 17:06:29.488 V/WindowManagerShell( 933): Transition animation finished (aborted=false), notifying core (#28)android.os.BinderProxy@8c74a2f@0
11-03 17:06:29.492 V/WindowManager( 697): Sent Transition #28 createdAt=11-03 17:06:29.136 via request=TransitionRequestInfo { type = 1, triggerTask = TaskInfo{userId=0 taskId=230 displayId=0 isRunning=true baseIntent=Intent { act=android.intent.action.MAIN cat=[android.intent.category.LAUNCHER] flg=0x10000000 pkg=com.cibn.tv cmp=com.cibn.tv/com.youku.tv.home.activity.HomeActivity } baseActivity=ComponentInfo{com.cibn.tv/com.youku.tv.home.activity.HomeActivity} topActivity=ComponentInfo{com.cibn.tv/com.youku.tv.lab.PlayLabActivity} origActivity=null realActivity=ComponentInfo{com.cibn.tv/com.youku.tv.home.activity.HomeActivity} numActivities=2 lastActiveTime=293375 supportsMultiWindow=true resizeMode=1 isResizeable=true minWidth=-1 minHeight=-1 defaultMinSize=220 token=WCT{RemoteToken{9c80236 Task{d7ef48b #230 type=standard A=10003:com.cibn.tv}}} topActivityType=1 pictureInPictureParams=null shouldDockBigOverlays=true launchIntoPipHostTaskId=-1 lastParentTaskIdBeforePip=-1 displayCutoutSafeInsets=null topActivityInfo=ActivityInfo{ea84e4e com.youku.tv.lab.PlayLabActivity} launchCookies=[] positionInParent=Point(0, 0) parentTaskId=-1 isFocused=true isVisible=true isVisibleRequested=true isSleeping=false topActivityInSizeCompat=false topActivityEligibleForLetterboxEducation= false isLetterboxDoubleTapEnabled= false topActivityEligibleForUserAspectRatioButton= false topActivityBoundsLetterboxed= false isFromLetterboxDoubleTap= false topActivityLetterboxVerticalPosition= -1 topActivityLetterboxHorizontalPosition= -1 topActivityLetterboxWidth=-1 topActivityLetterboxHeight=-1 isUserFullscreenOverrideEnabled=false isTopActivityTransparent=false locusId=null displayAreaFeatureId=1 cameraCompatControlState=hidden}, remoteTransition = null, displayChange = null, flags = 0 }
11-03 17:06:29.492 V/WindowManager( 697): startWCT=WindowContainerTransaction { changes = {} hops = [] errorCallbackToken=null taskFragmentOrganizer=null }
11-03 17:06:29.494 V/WindowManagerShell( 933): Track 0 became idle
11-03 17:06:29.494 V/WindowManager( 697): info={id=28 t=OPEN f=0x0 trk=0 r=[0@Point(0, 0)] c=[{null m=OPEN f=FILLS_TASK leash=Surface(name=ActivityRecord{bea9495 u0 com.cibn.tv/com.youku.tv.lab.PlayLabActivity)/@0xf575f50 sb=Rect(0, 0 - 0, 0) eb=Rect(0, 0 - 1920, 1080) d=-1->0 r=-1->0:-1},{null m=TO_BACK f=FILLS_TASK leash=Surface(name=ActivityRecord{c7cba5a u0 com.cibn.tv/com.youku.tv.home.activity.HomeActivity)/@0xaa9fb2a sb=Rect(0, 0 - 1920, 1080) eb=Rect(0, 0 - 1920, 1080) d=0}]}
11-03 17:06:29.494 V/WindowManagerShell( 933): All active transition animations finished
11-03 17:06:29.494 V/WindowManagerShell( 933): animated by com.android.wm.shell.transition.DefaultTransitionHandler@e71a65
11-03 17:06:29.494 V/WindowManagerShell( 933): Track 0 became idle
11-03 17:06:29.494 V/WindowManagerShell( 933): All active transition animations finished
11-03 17:06:29.494 V/WindowManager( 697): Finish Transition #28: created at
11-03 17:06:29.136 collect-started=0.079ms request-sent=7.851ms started=9.652ms ready=143.886ms sent=346.095ms finished=355.271ms
11-03 17:06:29.553 W/ContextImpl( 697): Calling a method in the system process without a qualified user: android.app.ContextImpl.startService:1899 com.android.server.wm.DisplayPolicy.lambda$focusChangedLw$5:2126 com.android.server.wm.DisplayPolicy.$r8$lambda$Znxk63oh-WzVnzo_WQefN7uxV48:0 com.android.server.wm.DisplayPolicy$$ExternalSyntheticLambda13.run:0 android.os.Handler.handleCallback:958
11-03 17:06:35.101 D/OomAdjuster( 697): Not killing cached processes
11-03 17:06:43.886 W/WindowManager( 697): [addWindow] title:com.cibn.tv/com.youku.tv.lab.PlayLabActivity
11-03 17:06:43.897 D/CoreBackPreview( 697): Window{6bdf2b9 u0 com.cibn.tv/com.youku.tv.lab.PlayLabActivity}: Setting back callback OnBackInvokedCallbackInfo{mCallback=android.window.IOnBackInvokedCallback$Stub$Proxy@e8a750a, mPriority=0, mIsAnimationCallback=false}
11-03 17:06:43.991 W/ContextImpl( 697): Calling a method in the system process without a qualified user: android.app.ContextImpl.startService:1899 com.android.server.wm.DisplayPolicy.lambda$focusChangedLw$5:2126 com.android.server.wm.DisplayPolicy.$r8$lambda$Znxk63oh-WzVnzo_WQefN7uxV48:0 com.android.server.wm.DisplayPolicy$$ExternalSyntheticLambda13.run:0 android.os.Handler.handleCallback:958
11-03 17:06:43.992 D/OomAdjuster( 697): Not killing cached processes
11-03 17:06:45.242 V/WindowManagerShell( 933): Transition requested: android.os.BinderProxy@85a12e6 TransitionRequestInfo { type = 2, triggerTask = null, remoteTransition = null, displayChange = null, flags = 0 }
11-03 17:06:45.246 D/CoreBackPreview( 697): Window{6bdf2b9 u0 com.cibn.tv/com.youku.tv.lab.PlayLabActivity}: Setting back callback null
11-03 17:06:45.257 V/WindowManager( 697): Unknown focus tokens, dropping reportFocusChanged
11-03 17:06:45.265 V/WindowManager( 697): app ------------- force_land :0
11-03 17:06:45.282 W/ActivityTaskManager( 697): Duplicate finish request for r=ActivityRecord{bea9495 u0 com.cibn.tv/com.youku.tv.lab.PlayLabActivity t230 f}}
11-03 17:06:45.333 V/WindowManagerShell( 933): onTransitionReady android.os.BinderProxy@85a12e6: {id=29 t=CLOSE f=0x0 trk=0 r=[0@Point(0, 0)] c=[{null m=CLOSE f=FILLS_TASK leash=Surface(name=ActivityRecord{bea9495 u0 com.cibn.tv/com.youku.tv.lab.PlayLabActivity)/@0x4005027 sb=Rect(0, 0 - 1920, 1080) eb=Rect(0, 0 - 1920, 1080) d=0},{null m=TO_FRONT f=FILLS_TASK leash=Surface(name=ActivityRecord{c7cba5a u0 com.cibn.tv/com.youku.tv.home.activity.HomeActivity)/@0x1b832d4 sb=Rect(0, 0 - 1920, 1080) eb=Rect(0, 0 - 1920, 1080) d=0}]}
11-03 17:06:45.334 V/WindowManager( 697): Sent Transition #29 createdAt=11-03 17:06:45.241 via request=TransitionRequestInfo { type = 2, triggerTask = null, remoteTransition = null, displayChange = null, flags = 0 }
11-03 17:06:45.334 V/WindowManager( 697): startWCT=WindowContainerTransaction { changes = {} hops = [] errorCallbackToken=null taskFragmentOrganizer=null }
11-03 17:06:45.334 V/WindowManager( 697): info={id=29 t=CLOSE f=0x0 trk=0 r=[0@Point(0, 0)] c=[{null m=CLOSE f=FILLS_TASK leash=Surface(name=ActivityRecord{bea9495 u0 com.cibn.tv/com.youku.tv.lab.PlayLabActivity)/@0xf575f50 sb=Rect(0, 0 - 1920, 1080) eb=Rect(0, 0 - 1920, 1080) d=0},{null m=TO_FRONT f=FILLS_TASK leash=Surface(name=ActivityRecord{c7cba5a u0 com.cibn.tv/com.youku.tv.home.activity.HomeActivity)/@0xaa9fb2a sb=Rect(0, 0 - 1920, 1080) eb=Rect(0, 0 - 1920, 1080) d=0}]}
11-03 17:06:45.334 V/WindowManagerShell( 933): Playing animation for (#29)android.os.BinderProxy@85a12e6@0
11-03 17:06:45.334 V/WindowManagerShell( 933): try handler com.android.wm.shell.keyguard.KeyguardTransitionHandler@5ae5ca9
11-03 17:06:45.334 V/WindowManagerShell( 933): try handler com.android.wm.shell.pip.tv.TvPipTransition@f2f222e
11-03 17:06:45.334 V/WindowManagerShell( 933): try handler com.android.wm.shell.activityembedding.ActivityEmbeddingController@10fc1cf
11-03 17:06:45.334 V/WindowManagerShell( 933): try handler com.android.wm.shell.transition.RemoteTransitionHandler@5dcc75c
11-03 17:06:45.334 V/WindowManagerShell( 933): Transition doesn't have explicit remote, search filters for match for {id=29 t=CLOSE f=0x0 trk=0 r=[0@Point(0, 0)] c=[{null m=CLOSE f=FILLS_TASK leash=Surface(name=ActivityRecord{bea9495 u0 com.cibn.tv/com.youku.tv.lab.PlayLabActivity)/@0x4005027 sb=Rect(0, 0 - 1920, 1080) eb=Rect(0, 0 - 1920, 1080) d=0},{null m=TO_FRONT f=FILLS_TASK leash=Surface(name=ActivityRecord{c7cba5a u0 com.cibn.tv/com.youku.tv.home.activity.HomeActivity)/@0x1b832d4 sb=Rect(0, 0 - 1920, 1080) eb=Rect(0, 0 - 1920, 1080) d=0}]}
11-03 17:06:45.334 V/WindowManagerShell( 933): Delegate animation for #29 to null
11-03 17:06:45.335 V/WindowManagerShell( 933): try handler com.android.wm.shell.transition.DefaultTransitionHandler@e71a65
11-03 17:06:45.335 V/WindowManagerShell( 933): start default transition animation, info = {id=29 t=CLOSE f=0x0 trk=0 r=[0@Point(0, 0)] c=[{null m=CLOSE f=FILLS_TASK leash=Surface(name=ActivityRecord{bea9495 u0 com.cibn.tv/com.youku.tv.lab.PlayLabActivity)/@0x4005027 sb=Rect(0, 0 - 1920, 1080) eb=Rect(0, 0 - 1920, 1080) d=0},{null m=TO_FRONT f=FILLS_TASK leash=Surface(name=ActivityRecord{c7cba5a u0 com.cibn.tv/com.youku.tv.home.activity.HomeActivity)/@0x1b832d4 sb=Rect(0, 0 - 1920, 1080) eb=Rect(0, 0 - 1920, 1080) d=0}]}
11-03 17:06:45.335 V/WindowManagerShell( 933): loadAnimation: anim=null animAttr=0x6 type=CLOSE isEntrance=true
11-03 17:06:45.335 V/WindowManagerShell( 933): loadAnimation: anim=null animAttr=0x7 type=CLOSE isEntrance=false
11-03 17:06:45.337 W/ProcessStats( 697): Tracking association SourceState{bb6d735 com.ktcp.video:daemon/10089 Fgs #978} whose proc state 3 is better than process ProcessState{ff256f5 com.ktcp.video/10089 pkg=com.ktcp.video} proc state 10 (2 skipped)
11-03 17:06:45.338 V/WindowManagerShell( 933): Transition animation finished (aborted=false), notifying core (#29)android.os.BinderProxy@85a12e6@0
11-03 17:06:45.342 V/WindowManager( 697): Finish Transition #29: created at
11-03 17:06:45.241 collect-started=0.088ms request-sent=0.185ms started=3.942ms ready=26.521ms sent=90.345ms finished=99.829ms
11-03 17:06:45.349 V/WindowManagerShell( 933): Track 0 became idle
11-03 17:06:45.349 V/WindowManagerShell( 933): All active transition animations finished
11-03 17:06:45.349 V/WindowManagerShell( 933): animated by com.android.wm.shell.transition.DefaultTransitionHandler@e71a65
11-03 17:06:45.349 V/WindowManagerShell( 933): Track 0 became idle
11-03 17:06:45.349 V/WindowManagerShell( 933): All active transition animations finished
11-03 17:06:45.368 D/WindowManagerShell( 933): TvPipController: onTaskStackChanged()
11-03 17:06:45.369 D/CoreBackPreview( 697): Window{d69c14d u0 com.cibn.tv/com.youku.tv.lab.PlayLabActivity}: Setting back callback null
11-03 17:06:45.411 W/ContextImpl( 697): Calling a method in the system process without a qualified user: android.app.ContextImpl.startService:1899 com.android.server.wm.DisplayPolicy.lambda$focusChangedLw$5:2126 com.android.server.wm.DisplayPolicy.$r8$lambda$Znxk63oh-WzVnzo_WQefN7uxV48:0 com.android.server.wm.DisplayPolicy$$ExternalSyntheticLambda13.run:0 android.os.Handler.handleCallback:958
11-03 17:06:45.841 I/PowerManagerService( 697): Allowing device wake-up without android.permission.TURN_SCREEN_ON for com.cibn.tv
11-03 17:06:57.611 W/WindowManager( 697): [addWindow] title:com.cibn.tv/com.youku.tv.home.activity.HomeActivity
11-03 17:06:57.621 D/CoreBackPreview( 697): Window{65d8546 u0 com.cibn.tv/com.youku.tv.home.activity.HomeActivity}: Setting back callback OnBackInvokedCallbackInfo{mCallback=android.window.IOnBackInvokedCallback$Stub$Proxy@4afdc34, mPriority=0, mIsAnimationCallback=false}
11-03 17:06:57.714 W/ContextImpl( 697): Calling a method in the system process without a qualified user: android.app.ContextImpl.startService:1899 com.android.server.wm.DisplayPolicy.lambda$focusChangedLw$5:2126 com.android.server.wm.DisplayPolicy.$r8$lambda$Znxk63oh-WzVnzo_WQefN7uxV48:0 com.android.server.wm.DisplayPolicy$$ExternalSyntheticLambda13.run:0 android.os.Handler.handleCallback:958
11-03 17:06:57.715 D/OomAdjuster( 697): Not killing cached processes
11-03 17:07:00.083 D/HDMI ( 697): [R]: 04:8F
11-03 17:07:00.084 D/HDMI ( 697): [S]: 40:90:00
11-03 17:07:01.640 E/Transition( 697): Trying to add a ready-group twice: Display{#0 state=ON size=1920x1080 ROTATION_0}
11-03 17:07:01.641 I/ActivityTaskManager( 697): START u0 {dat=cibntv_yingshi://playlab_start/... cmp=com.cibn.tv/com.youku.tv.lab.PlayLabActivity (has extras)} with LAUNCH_SINGLE_TASK from uid 10003 (BAL_ALLOW_VISIBLE_WINDOW) result code=0
11-03 17:07:01.642 V/WindowManagerShell( 933): Transition requested: android.os.BinderProxy@517c7c3 TransitionRequestInfo { type = 1, triggerTask = TaskInfo{userId=0 taskId=230 displayId=0 isRunning=true baseIntent=Intent { act=android.intent.action.MAIN cat=[android.intent.category.LAUNCHER] flg=0x10000000 pkg=com.cibn.tv cmp=com.cibn.tv/com.youku.tv.home.activity.HomeActivity } baseActivity=ComponentInfo{com.cibn.tv/com.youku.tv.home.activity.HomeActivity} topActivity=ComponentInfo{com.cibn.tv/com.youku.tv.lab.PlayLabActivity} origActivity=null realActivity=ComponentInfo{com.cibn.tv/com.youku.tv.home.activity.HomeActivity} numActivities=2 lastActiveTime=325870 supportsMultiWindow=true resizeMode=1 isResizeable=true minWidth=-1 minHeight=-1 defaultMinSize=220 token=WCT{android.window.IWindowContainerToken$Stub$Proxy@dcfa840} topActivityType=1 pictureInPictureParams=null shouldDockBigOverlays=true launchIntoPipHostTaskId=-1 lastParentTaskIdBeforePip=-1 displayCutoutSafeInsets=null topActivityInfo=ActivityInfo{82e5379 com.youku.tv.lab.PlayLabActivity} launchCookies=[] positionInParent=Point(0, 0) parentTaskId=-1 isFocused=true isVisible=true isVisibleRequested=true isSleeping=false topActivityInSizeCompat=false topActivityEligibleForLetterboxEducation= false isLetterboxDoubleTapEnabled= false topActivityEligibleForUserAspectRatioButton= false topActivityBoundsLetterboxed= false isFromLetterboxDoubleTap= false topActivityLetterboxVerticalPosition= -1 topActivityLetterboxHorizontalPosition= -1 topActivityLetterboxWidth=-1 topActivityLetterboxHeight=-1 isUserFullscreenOverrideEnabled=false isTopActivityTransparent=false locusId=null displayAreaFeatureId=1 cameraCompatControlState=hidden}, remoteTransition = null, displayChange = null, flags = 0 }
11-03 17:07:01.644 D/CoreBackPreview( 697): Window{65d8546 u0 com.cibn.tv/com.youku.tv.home.activity.HomeActivity}: Setting back callback null
11-03 17:07:01.656 V/WindowManager( 697): Unknown focus tokens, dropping reportFocusChanged
11-03 17:07:01.753 W/ContextImpl( 697): Calling a method in the system process without a qualified user: android.app.ContextImpl.startService:1899 com.android.server.wm.DisplayPolicy.lambda$focusChangedLw$5:2126 com.android.server.wm.DisplayPolicy.$r8$lambda$Znxk63oh-WzVnzo_WQefN7uxV48:0 com.android.server.wm.DisplayPolicy$$ExternalSyntheticLambda13.run:0 android.os.Handler.handleCallback:958
11-03 17:07:01.916 V/WindowManager( 697): app ------------- force_land :0
11-03 17:07:01.927 W/ProcessStats( 697): Tracking association SourceState{bb6d735 com.ktcp.video:daemon/10089 Fgs #991} whose proc state 3 is better than process ProcessState{ff256f5 com.ktcp.video/10089 pkg=com.ktcp.video} proc state 10 (1 skipped)
11-03 17:07:02.020 D/WindowManagerShell( 933): TvPipController: onTaskStackChanged()
11-03 17:07:02.028 W/WindowManager( 697): Failed looking up window session=Session{ade2e99 4419:u0a10003} callers=com.android.server.wm.WindowManagerService.windowForClientLocked:6077 com.android.server.wm.Session.updateRequestedVisibleTypes:695 android.view.IWindowSession$Stub.onTransact:1034
11-03 17:07:02.028 W/WindowManager( 697): [addWindow] title:com.cibn.tv/com.youku.tv.lab.PlayLabActivity
11-03 17:07:02.039 D/CoreBackPreview( 697): Window{fba289b u0 com.cibn.tv/com.youku.tv.lab.PlayLabActivity}: Setting back callback OnBackInvokedCallbackInfo{mCallback=android.window.IOnBackInvokedCallback$Stub$Proxy@bb9fc11, mPriority=0, mIsAnimationCallback=false}
