11-03 17:08:28.511 E/DOWNLOADER_LOG( 4419): [RetryableStream.cpp::Close:1348] [tunnel:25][stream_id:89][KeyFlow] close stream [cdn_ip:(null)][url:http://valipl10.cp31.ott.cibntv.net/6976569070E32716DFB473775/0501550000656DA7255A99E7C14A78CB7B1E11-3353-4F66-8934-CE3FA28A1B64_audio_init.mp4?ccode=0103010102&duration=0&expire=18000&psid=491b12ee9f6864cbd87f203b3325d02a42346&ups_client_netip=7157521f&ups_ts=1762160907&ups_userid=1400807978&apscid=&mnid=&rid=2000000066947585B0D6C420FA083B898B4704DA02000000&operate_type=1&umt=1&type=cmfa4hd3_51&utid=aQSc5ul7QxsDADFIplqlGPrV&vid=XNTk2NDM1MjEyOA%3D%3D&s=ddbf820df3884e3480f6&iv=1&t=9e0de6505e515f2&cug=2&bc=2&si=583&eo=1&ykfs=160956&ckt=5&m_onoff=0&vkey=Bc8a941d66238232dc1d4095f9e0e1423&fms=4c06aa114c65e8a2&tr=6902&le=2c4b8f25669fb0fc0813ebfb36f1d46e&yk_pid=cd719a991a008182&app_key=23299685&app_ver=2131300103]
11-03 17:08:28.511 E/DOWNLOADER_LOG( 4419): [RetryableStream.cpp::Close:1382] [tunnel:25][stream_id:89]tunnelstat:b0>0^b1>0^b2>0^b3>0^b1r>0^b3r>0^pcdn>
11-03 17:08:28.524 I/HTTP_KIT_LOG( 4419): [operator():463] SCENE_PCDN_NG:[jobId_270] notify complete
11-03 17:08:28.527 I/DnaLog[NoTag][14]( 4419): [DNAEvent_Info:StreamIndex0=Audio: eac3 (ec-3 / 0x332D6365), 48000 Hz, 5.1(side), fltp, 256 kb/s;]
11-03 17:08:28.528 E/DnaLog[SourceParser][24]( 4419): [_SetFormatSpec][978]waring, no audio extradata extradata_size:0!
11-03 17:08:28.538 I/HTTP_KIT_LOG( 4419): [Close:281] SCENE_PCDN_NG:[jobId_270] Close
11-03 17:08:28.538 I/HTTP_KIT_LOG( 4419): [PrintStr:417] SCENE_PCDN_NG:[jobId_270] ReportStat: {"appconnectTime":85.99,"connectTime":85.99,"dnsTime":592.0,"downloadSize":459000.0,"downloadTime":62791.0,"error_rtt":-1.0,"firstBTime":41593.0,"firstKBTime":41593.0,"firstMBTime":0.0,"last32KTime":44016.0,"redirectTime":0.0,"speed":7309.96,"starttransferTime":37471.0}
11-03 17:08:28.540 E/DOWNLOADER_LOG( 4419): [FlowRateController.cpp::DumpFlowInfoInterval:436] FLOWRATE->FlowDrain Total t_id:[25]inlet>1486_^outlet>1487_^f_history>0|1_
11-03 17:08:28.545 E/DnaLog[player_monitor][15]( 4419): CPlayerMonitor IMonitor Construct type()!
11-03 17:08:28.551 E/DnaLog[AdaptiveStream][15]( 4419): AdaptiveStreamController not init ! LINE:1040
11-03 17:08:28.552 I/DnaLog[VideoConsumer][24]( 4419): [DNAEvent_Info:DecodeMode=2;DecoderType=2;RenderType=1;SurfaceType:2;]
11-03 17:08:28.552 E/DnaLog[player_monitor][15]( 4419): CPlayerMonitor IMonitor Construct type()!
11-03 17:08:28.560 E/DnaLog[AudioConsumer][24]( 4419): CAudioConsumer::Open start
11-03 17:08:28.560 E/DnaLog[base_consumer][24]( 4419): FillAudioCodecInfo, extra_size not found, data:0x0, size:0
11-03 17:08:28.561 E/DnaLog[OpenCoreImpl][24]( 4419): OpenCoreImpl enter state 4
11-03 17:08:28.561 E/DnaLog[OpenCoreImpl][24]( 4419): [DNA2_KLog][HandlePrepare][1498]
11-03 17:08:28.561 E/DnaLog[OpenCoreImpl][24]( 4419): [DNAEvent_KeyFlow:Prepared]
11-03 17:08:28.562 I/AlixPlayer-Java( 4419): send prepared msg to queue front
11-03 17:08:28.562 D/AlixPlayer-Java( 4419): MEDIA_INFO_PREPARED index=0, type=0
11-03 17:08:28.562 D/PlayerStateMachine( 4419): handleEvent: event=ON_PREPARED,AliPlayer:com.youku.alixplayer.instances.Aliplayer@f44a87c SourceState=STATE_PREPARING, DestState=STATE_PREPARED
11-03 17:08:28.562 D/DnaPlayer[state:2]( 4419): onDateMsg: PREPARE_MSG
11-03 17:08:28.562 I/Ap_Api_AliPlayerImpl_79817847_Milestone( 4419): start
11-03 17:08:28.563 E/ottp_sdk_VpmLogManager( 4419): videoPlayBeforeEnd isAdvert:false ,advertPlayBefore : false videoPlayBefore : true advertPlayBeforeEnd : false videoPlayBeforeEnd : false
11-03 17:08:28.563 E/DnaLog[OpenCoreImpl][24]( 4419): audio passthrough not support set volume!
11-03 17:08:28.563 W/ottp_sdk_VideoViewImpl( 4419): mVideoStateChangeListener is null
11-03 17:08:28.563 D/AlixPlayer-Java( 4419): getIntParameter key:1532 value:2
11-03 17:08:28.564 I/ALIX_LOG( 4419): [int alix::MixedCodecsPlayer::getVideoWidth():402] enter
11-03 17:08:28.564 I/ALIX_LOG( 4419): [int alix::MixedCodecsPlayer::getVideoHeight():412] enter
11-03 17:08:28.564 E/DnaLog[interface_instance][24]( 4419): mbWaiPtsFlag is true, use seek position(344426) instead !
11-03 17:08:28.566 E/ottp_sdk_VpmLogManager( 4419): videoPlayBeforeEnd isAdvert:false ,advertPlayBefore : false videoPlayBefore : true advertPlayBeforeEnd : false videoPlayBeforeEnd : true
11-03 17:08:28.566 W/ottp_sdk_VpmLogManager( 4419): commitVideoPlayStatisticsInfo videoCode: 1
11-03 17:08:28.569 E/speedtest( 4419): NetQuality:30300,netscore:3
11-03 17:08:28.569 I/VpmLogManager( 4419): [stop cost report] getExtrasInfo end calc end cost 0
11-03 17:08:28.569 I/VpmLogManager( 4419): [stop cost report] getextras_video_info end calc end cost 0
11-03 17:08:28.570 E/CIBN-ottp_sdk_VpmLogManager( 4419): firstframe simple noad type:begin vid:XNTk2NDM1MjEyOA== ups:373.0 prepare:699 decode:0 total:1.0 sdkCost:6 callapi:411664
11-03 17:08:28.570 I/ALIX_LOG( 4419): [int alix::MiscNotificationHandler::HandleIndependentNotificationEvent(alix::PeriodInfo, int, int, int, aliplayer::Param, alix::Para &):434] loading str: currentBufferDuration=3328;
11-03 17:08:28.573 I/Ap_Api_AliPlayerImpl_79817847_Milestone( 4419): mPlayObj setParameter 11115:64251078
11-03 17:08:28.573 D/AlixPlayer-Java( 4419): setParameter int String key:11115 value:64251078
11-03 17:08:28.574 I/VpmLogManager( 4419): PlayCost playType:begin PlayCostInfo:;callApi=0;beforeUps=10;upsReq=373;beforeSetUrl=43;beforeStar=-17702;playcoreNet=699;playcoreDecode=-412795;sdkCost=416;firstframeTime=416;userFirstFrame=0;setvideoTs=411664;firstframeTs=0;playTs=1762160907433;realVideoStartTs=0;stopTs=1762160908574
11-03 17:08:28.574 I/Ap_Api_AliPlayerImpl_79817847_Milestone( 4419): start
11-03 17:08:28.574 D/AlixPlayer-Java-core( 4419): alixplayer start
11-03 17:08:28.574 I/ALIX_LOG( 4419): [int alix::MixedCodecsPlayer::start():211] enter
11-03 17:08:28.574 I/ALIX_LOG( 4419): [int alix::MixedCodecsPlayer::start(const int):216] enter
11-03 17:08:28.575 E/DnaLog[OpenCoreImpl][24]( 4419): [DNAEvent_KeyFlow:Start]
11-03 17:08:28.575 E/DnaLog[OpenCoreImpl][24]( 4419): [DNA2_KLog][HandleStartPlay][1504], gPrepareCnt:25, gStartCnt:22, gStopCnt:24
11-03 17:08:28.575 E/DnaLog[OpenSourceManager2][-1]( 4419): [GetNextMediaType][1014]first frame we output video frame!
11-03 17:08:28.575 E/DnaLog[AudioConsumer][24]( 4419): CAudioConsumer::Start
11-03 17:08:28.575 I/DnaLog[AudioConsumer][24]( 4419): audioPassthrough codec:4
11-03 17:08:28.575 I/OPENCODEC::COpenDecoder( 4419): [Create:86] mimetype is [audio/raw]
11-03 17:08:28.575 I/OPENCODEC::COpenDecoder( 4419): [COpenDecoder:205] [-1]enter Release Time: (Apr 2 2025-10:16:46) mimetype:audio/raw
11-03 17:08:28.576 E/DnaLog[VideoConsumer][24]( 4419): CVideoConsumer::Start[DecodeFrameBeforeStart=0;NotRenderOutput=0;]
11-03 17:08:28.578 E/DnaLog[VideoConsumer][24]( 4419): [DNAEvent_KeyFlow:VideoInitDecoder]sIsDecoderIdle:1 gCreateCnt:23 gReleaseCnt:23
11-03 17:08:28.578 D/uninstall( 3004): isAllowStart last_delay 0, current_time 1762160908
11-03 17:08:28.578 I/uninstall( 3004): enable_service com.ktcp.video/com.tencent.qqlivetv.keeplive.proc.DaemonService com.ktcp.video/(null)
11-03 17:08:28.578 I/OPENCODEC::COpenDecoder( 4419): [Create:86] mimetype is [video/hevc]
11-03 17:08:28.578 E/DnaLog[OpenCoreImpl][24]( 4419): OpenCoreImpl enter state 8
11-03 17:08:28.578 E/DnaLog[OpenCoreImpl][24]( 4419): OpenCoreImpl enter state 8
11-03 17:08:28.578 E/DnaLog[OpenCoreImpl][24]( 4419): [DNA2_KLog][HandleStartPlay][1565]
11-03 17:08:28.578 D/uninstall( 3004): enable_service waitpid
11-03 17:08:28.579 D/uninstall( 8262): enable_service pid == 0
11-03 17:08:28.579 D/uninstall( 8262): enable_service version >= 17 || version == 0 version == 34
11-03 17:08:28.579 I/OPENCODEC::COpenDecoder( 4419): [COpenDecoder:205] [-1]enter Release Time: (Apr 2 2025-10:16:46) mimetype:video/hevc
11-03 17:08:28.579 I/OPENCODEC::AMediaCodecVideoDecoder( 4419): [CreateDecoder:143] enter gCreateCnt:23, gReleaseCnt:23
11-03 17:08:28.579 I/OPENCODEC::openDecoder( 4419): [ZVIDEO]:get sdk version(34), version(34)
11-03 17:08:28.579 I/OPENCODEC::AMediaCodecVideoDecoder( 4419): CreateDecoder AsyncDecode:0
11-03 17:08:28.579 I/OPENCODEC::AMediaCodecVideoDecoder( 4419): [CreateDecoder:198] end
11-03 17:08:28.579 D/PlayerStateMachine( 4419): handleEvent: event=START,AliPlayer:com.youku.alixplayer.instances.Aliplayer@f44a87c SourceState=STATE_PREPARED, DestState=STATE_STARTING
11-03 17:08:28.579 I/OPENCODEC::COpenDecoder( 4419): [SetOption][544][MaxRef]set nSwitch:1, mbMaxRefNumRefine:1
11-03 17:08:28.579 I/OPENCODEC::COpenDecoder( 4419): [SetOption,521] set mInputTimeoutMs:2000
11-03 17:08:28.579 I/OPENCODEC::COpenDecoder( 4419): [SetOption,529] set mOutputTimeoutMs:2000
11-03 17:08:28.579 I/OPENCODEC::openDecoder( 4419): [ZVIDEO]:get sdk version(34), version(34)
11-03 17:08:28.579 W/ottp_sdk_VideoViewImpl( 4419): mVideoStateChangeListener is null
11-03 17:08:28.580 I/ALIX_LOG( 4419): [int alix::MixedCodecsPlayer::getCurrentPeriodDuration(int64_t *):387] enter
11-03 17:08:28.580 I/ALIX_LOG( 4419): [int64_t alix::Timeline::GetPeriodDuration(int):929] duration:6917374
11-03 17:08:28.580 E/ottp_sdk_MediaPlayerWrapper[199526324][state:4][XNTk2NDM1MjEyOA==+24+1762160907852]( 4419): getDuration mMediaPlayer=a.g.a.a.h.d.playo@2d3f36f, curDuration=6917374
11-03 17:08:28.580 I/OPENCODEC::AMediaCodecVideoDecoder( 4419): CreateMediaFormat configure mime:video/hevc, width:3840, height:2160, preferColorFormat:19, color-format:2135033992, frameRate:24.000000, csd size:117, surface:0x6bce, type:2, pushblack:0, omxPriority:-1 maxWidth:0,maxHeight:0, sdrRatio:
11-03 17:08:28.580 I/OPENCODEC::AMediaCodecVideoDecoder( 4419): [CreateMediaFormat:434] end
11-03 17:08:28.580 E/ottp_sdk_OTTVideoView[64251078]( 4419): showWaterMark waterMarkInfo is null
11-03 17:08:28.580 I/OPENCODEC::openDecoder( 4419): DrmHelper::Create ver:1
11-03 17:08:28.580 E/CIBN-ottp_sdk_VpmLogManager( 4419): onFirstFrameShow calc reportTime:412812 isSysFirstFrameForImpl:true sdkFirstCost:1148 callapi:411664 ups:389 onprepared:699 decode:17
11-03 17:08:28.581 I/HTTP_KIT_LOG( 4419): [Send:235] SCENE_PCDN_NG:[jobId_271] Send url http://pgw-cld-ml.alicdn.com:80/control1
11-03 17:08:28.581 I/HTTP_KIT_LOG( 4419): [UpdateConfig:108] SCENE_PCDN_NG:[jobId_271] dump config:content-type :application/octet-stream
11-03 17:08:28.581 W/CIBN-AdSdk( 4419): [009345e4-BasePluginVideo_7] sendLossUT, loss type: 0, extend: NULL
11-03 17:08:28.582 I/HTTP_KIT_LOG( 4419): [UpdateUrl:66] use domain pgw-cld-ml.alicdn.com:80
11-03 17:08:28.582 I/HTTP_KIT_LOG( 4419): [InstallTimer:128] SCENE_PCDN_NG:[jobId_271] start open timeout timer=20000
11-03 17:08:28.582 E/HTTP_KIT_LOG( 4419): [Lookup:95] SCENE_PCDN_NG:[jobId_271] SmartDns use ip_url for domain:pgw-cld-ml.alicdn.com:80
11-03 17:08:28.584 D/MediaCodecList( 4419): codecHandlesFormat: no format, so no extra checks
11-03 17:08:28.584 I/HTTP_KIT_LOG( 4419): [AddRequestHeader:498] job:SCENE_PCDN_NG:[jobId_271] add header:[ range_from:0,cur_download:0,range:default:0- | content-type :application/octet-stream
11-03 17:08:28.584 I/HTTP_KIT_LOG( 4419): User-Agent :Youku-ntk;Android;13.0.1.3;Scene4
11-03 17:08:28.584 I/HTTP_KIT_LOG( 4419): | Add Ip Resolve: pgw-cld-ml.alicdn.com:80 ]
11-03 17:08:28.585 I/PCDN_TAG( 4419): [SDK] PCDNGet invoked, type:[vod],key:[work-mode-s-v],result:[-1]
11-03 17:08:28.586 I/PCDN_TAG( 4419): [ 4735]Cal::pcdn_get work-mode-s-v,result:[-1].
11-03 17:08:28.586 D/MediaCodecList( 4419): codecHandlesFormat: no format, so no extra checks
11-03 17:08:28.588 D/VpmLogManager( 4419): VVBegin
11-03 17:08:28.588 D/VpmLogManager( 4419): MotuMediaInfo : {OrangeSession=2120220610145539028, playerCore=1, productBrand=Amlogic, extras=wifiInfo=quality:30300,netscore:3,netType:wifi,ipv4:192.168.3.201,ipv6:fe80::ad80:514c:8697:7435%wlan0,ssid:"DB-machines5G",rssi:-53|-53|-54|-53|-54|-53|,freq:5G,metered:0,gate_ip:192.168.3.1,RTTs:,devCnt:0,qualityCode:1100,mtop_rt:0|63|54|61|59|171|0|0|0|0|0|0|0|0|0|51|0|55|69|0|51|44|58|59|0|0|0|0|44|61|,traffic_info:[3564, 2480, 3360],rx_byte:-1|1001|419|584|42|1782|261|2735|240|3828|1962|36|2485|1902|202|860|4235|2231|39|41|4615|1150|3775|1800|3564|2480|680|1354|6077|3098|,nc_type:0,NetInfoStats:2480|3775|85|0|0;received701Detail=701_1;isFirstFrameShow=0;isPrivateFirstFrameShow=0;fromSetvideoCost=1137;CoreEnableDynamicBuffer=0;CoreEncVersion=;CoreImplCount=25,22,24,;CoreOmxDrmVer=2;CoreSkipTryDecodeFrame=1;CoreSrcInitType=0;CoreisUseDna2=1;maxbufferduration=30;maxbuffersize=30;videoRenderType=1;reqSubtitleCode=default;subtitle_close=0;, kernelinfo=, deviceChip=s7d, vvId=9f2913a5-22ca-4423-bd60-ecd0c3af285c, extras_player_info=pid=cd719a991a008182;;streamType=cmfv5hd4_hbr_bit10_cmfa4hd3_51;allDef=0,1,2,3,9,;spmCnt=8524800;playCost=all:-411664_ups:432_onpre:699_dec:-412795;mainInfo=vid:XNTk2NDM1MjEyOA==_show:ddbf820df3884e3480f6_ad:true_pos:com27,331_def:com27,9_lan:default;drmType=copyrightDRM;ott_device_score=-923;videoWidth=3840;videoHeight=2160;surfaceSize=0_;videoSize=3840_2160_1.78;decoderWidth=2048;decoderHeight=2048;threshold=150;is_fullscreen=0;trace=;open_source_poxy=0;player_server=0;degrade_shuttle_proxy=0;is_ad_play=0;mAdDuration=0;multiScreen=0;multiScreenOut=0;multiScreenAd=0;multiScreenSessionId=;multiScreenClueId=;spmB=8524800;onlayOutFull=1;isPcdnOn=1;playerView=smallplayer_ts;videoType=1;homeStyle=2;v_model=F;startPos=344426;first_slice_state=firstTsFail_nofs;m3u8Size=5;getM3u8Cost=0;usePreloadVideo=false;notUsePreloadVideoReason=-1;playbackVVSource=2;playerTypeR=isDts=false isDOLBY=true;pipType=nu;lastStopCost=59;stopPlayVpmCost=48;stopAliplayerCost=198;setvideoinfoCost=25;mNeedTrail=1;PassthroughRst=1;UserForcePassthrough=1;needSubtitle=1;isReqSubtitle=1;NoReqSubtitleR=-1;userPos=329426;mLastOffset=411664;mHaveBfYk=1;onPrepared=1;detail_version=3;short_play=0;flowAdDuration=15000;isTunnelSupported=1;loadDna=1;CurTime=1762160619;force=false;upsReqType=MTOP_MTOP;upsRetryCount=0;errRetryCount=0;playReason=0;retrycode=0;innerRetryFlow=xpr:0|lee:0|;firstErr=;closeAdvStream=0;skipR=noHead,noTail;vvid=9f2913a5-22ca-4423-bd60-ecd0c3af285c;playerType=dna_hw_player;playtrigger=1;session_id=XNTk2NDM1MjEyOA==+24+1762160907852;deviceboard=Dangbei;devicename=ross;;playerPrepareTs=1762160907865;playerPreparedTs=1762160908564;stopCost=2;danmakuOpen=false;exitReasonLevel1=0;exitReasonLevel2=;process=4419;sysStarTime=1762160495;sysRunTime=412;appRunTime=294;DnaReady=1;SysSoOK=1;standardBrand=Others;devModel=DBBOX-A3;CHD=WISEPLAY_UUIDFail;codecSupport=false;noNeedCheckDeviceH265=false;deviceNeedH265=false;H265Failed=false;CloseH265=false;mForceH265=false;H265DNAReady=true;ottplayersdk=13.0.0.35;noveladsdk=12.7.0.1-SNAPSHOT;isLogin=1;displayWidth=1920;displayHeight=1080;displayDensity=1.5;storeTotal=55669;storeFree=51032;loadDnaOk=true;loSoSuc=true;loadSysSuc=true;storeFree=51032;4kCfg=cfg_open;upsAbility=,UpsBegin:,dolby=1,z10bit=1,dolby_around=1,z4k=1,z2k=1,z1080=1,UpsEnd,;pcdn_ng=10.25.2.4140;pcdn_live=10.25.42.1210;upsCahe=1;pendSize=1;mDolbycodec=audio/eac3:c2.amlogic.audio.decoder.eac3,;dtscodec=audio/vnd.dts:c2.amlogic.audio.decoder.dts,audio/vnd.dts.hd..profile__lbr:c2.amlogic.audio.decoder.dtse,audio/vnd.dts.hd:c2.amlogic.audio.decoder.dtshd,;mH265codec=video/hevc:c2.amlogic.hevc.decoder;AV1Codec=video/av01:c2.amlogic.av1.decoder,video/av01:c2.android.av1.decoder,;unRelease=205889251_AiHome;;unStop=155131795_play_lab;28386215_play_lab;171712981_play_lab;;encodings=2,18,5,6,7,13,;channelCount=8;memTotal=3856MB;memFree=1872MB;ScrnDtSwitch=0;ScrnDtErrorCode=1449;ScrnScreenCnt=0;ScrnDtCnt=0;ScrnDtAbnCnt=0;ScrnDtBlackCnt=0;ScrnDtGreenCnt=0;ScrnD
11-03 17:08:28.588 D/VpmLogManager( 4419): MotuStatisticsInfo : {cdnUrlReqDuration=0.0, drm_support=4.0, totalDownloadBufferSize=0.0, videoLocalCacheSize=0.0, impairmentDegree=0.0, adPlayerPrepare=0.0, D_UPS_PreAd=0.0, serverCost=176.0, videoFirstFrameDuration=1.0, seekCount=0.0, seekDuration=0.0, isEnableTargetBufferAdaptive=0.0, impairmentFrequencyTotal=0.0, D_PIPE_Create=0.0, adPlayDuration=0.0, videoUrlReqTime=373.0, shuttleLimitSpeed=0.0, p2pCode=0.0, unUsedBufferSize=0.0, netCost=110.0, D_CDN_ONPrepare=0.0, jsonParserCost=8.0, adMergeUrlCost=0.0, videoPlayerPrepare=699.0, duration=0.0, D_CND_OPEN_AVIO=0.0, D_Ups_parseAd_Seg=2.0, D_CDN_READ_First_Frame=0.0, DolbyTime=0.0, D_CDN_M3U8_Download=0.0, D_CND_OPEN_Header=0.0, D_CDN_M3U8_Parser=0.0, avgKeyFrameSize=0.0, D_CDN_Find_StreamInfo=0.0, ups_url_req_times=373.0, impairmentUseTsCache=0.0, switchCount=0.0, adUrlReqTime=0.0, speedX=1.0, avgVideoBitrate=0.0, impairmentFrequency=0.0, impairmentDuration=0.0, D_CDN_ONPrepare_open=0.0, videoFrameRate=0.0, bufferLatency=1.0, videoPlayDuration=0.0, beginStage=2.0, ckeyCost=36.0, impairmentDurationTotal=0.0} playScene : null
11-03 17:08:28.592 D/MediaCodecList( 4419): codecHandlesFormat: no format, so no extra checks
11-03 17:08:28.592 D/VpmLogManager( 4419): onFirstFrameShow position=344426
11-03 17:08:28.594 D/CCodec ( 4419): allocate(c2.android.raw.decoder)
11-03 17:08:28.595 W/CIBN-起播阶段( 4419): 视频第一帧 : 412812
11-03 17:08:28.595 W/CIBN-起播阶段( 4419): 酷喵背景显示耗时 ups开始请求 ups请求返回 起播开始 m3u8开始 m3u8OK 首切片开始 首切片OK 起播就绪 第一帧耗时 总耗时
11-03 17:08:28.595 W/CIBN-起播阶段( 4419): 0 0 0 0 0 0 0 0 0 412812 412812
11-03 17:08:28.596 E/CIBN-ottp_sdk_VpmLogManager( 4419): onFirstFrameShow hadAd = false bufferLatency : 1089 videoPlayUrlLoadingTime : 373 advertPlayUrlLoadingTime : 0 videoPlayPreparingTime : 699 cdnUrlCost : 17 totalVV : 1141
11-03 17:08:28.597 I/CCodec ( 4419): setting up 'default' as default (vendor) store
11-03 17:08:28.598 W/CIBN-DetailPlayLogManager( 4419): getUserPlayDuration isValidData false=
11-03 17:08:28.599 E/CIBN-ottp_sdk_VpmLogManager( 4419): onFirstFrameShow calc reportTime:412830 isSysFirstFrameForImpl:true sdkFirstCost:1166 callapi:411664 ups:389 onprepared:699 decode:35
11-03 17:08:28.599 W/ottp_sdk_VideoViewImpl( 4419): isDts isDts:false streamType:cmfv5hd4_hbr_bit10_cmfa4hd3_51
11-03 17:08:28.615 E/NAccs.InAppConn_youku( 4419): sendMessage end dataId:1762160908589.31 status:true
11-03 17:08:28.617 I/HTTP_KIT_LOG( 4419): [operator():463] SCENE_PCDN_NG:[jobId_267] notify complete
11-03 17:08:28.628 I/CCodec ( 4419): Created component [c2.android.raw.decoder]
11-03 17:08:28.629 D/CCodecConfig( 4419): read media type: audio/raw
11-03 17:08:28.631 D/ReflectedParamUpdater( 4419): extent() != 1 for single value type: algo.buffers.max-count.values
11-03 17:08:28.632 D/ReflectedParamUpdater( 4419): extent() != 1 for single value type: output.subscribed-indices.values
11-03 17:08:28.632 D/ReflectedParamUpdater( 4419): extent() != 1 for single value type: input.buffers.allocator-ids.values
11-03 17:08:28.632 D/ReflectedParamUpdater( 4419): extent() != 1 for single value type: output.buffers.allocator-ids.values
11-03 17:08:28.632 D/ReflectedParamUpdater( 4419): extent() != 1 for single value type: algo.buffers.allocator-ids.values
11-03 17:08:28.633 D/ReflectedParamUpdater( 4419): extent() != 1 for single value type: output.buffers.pool-ids.values
11-03 17:08:28.634 D/ReflectedParamUpdater( 4419): extent() != 1 for single value type: algo.buffers.pool-ids.values
11-03 17:08:28.636 D/CCodec ( 4419): allocate(c2.amlogic.hevc.decoder)
11-03 17:08:28.638 I/CCodec ( 4419): setting up 'default' as default (vendor) store
11-03 17:08:28.639 I/C2VendorComponentStore( 7986): C2VendorComponentStore::createComponent name c2.amlogic.hevc.decoder
11-03 17:08:28.639 I/C2VendorComponentStore( 7986): findComponent
11-03 17:08:28.639 I/C2VendorComponentStore( 7986): C2VendorComponentStore::createComponent fetchModule
11-03 17:08:28.639 I/C2VendorComponentStore( 7986): localModule libpath libcodec2_aml_video_decoder.so 2
11-03 17:08:28.639 V/C2VendorComponentStore( 7986): Loading dll
11-03 17:08:28.639 W/CIBN-SqlLastplayDao( 4419): addLastPlayProgram----> program yoku.
11-03 17:08:28.639 I/C2VendorComponentStore( 7986): in init ===> start codec:2 secure:0 isAudio:0
11-03 17:08:28.640 V/C2VendorComponentStore( 7986): init libPath:libcodec2_aml_video_decoder.so --> isAudio:0, createFactoryName:CreateC2VdecH265Factory
11-03 17:08:28.640 V/C2VdecComponent( 7986): create component H265 secure:0
11-03 17:08:28.640 I/C2VendorComponentStore( 7986): GetCodec2VendorComponentStore, line:883
11-03 17:08:28.640 W/C2VdecComponent( 7986): Initialize() instances: 0
11-03 17:08:28.640 E/C2VdecCodecConfig( 7986): c2.amlogic.hevc.decoder can support 4K
11-03 17:08:28.641 I/C2VdecCodecConfig( 7986): isCodecSupportHdr10Plus hdr10:(1)
11-03 17:08:28.641 E/C2VdecCodecConfig( 7986): can support 8K
11-03 17:08:28.641 I/C2VdecComponentIntfImpl( 7986): [onHdrDeclareParam:1048] mSupportHdr10Plus 1
11-03 17:08:28.641 D/NovelAdSdk( 4419): [FusionAdPresenter] init
11-03 17:08:28.642 I/C2VdecComponentIntfImpl( 7986): not set prop not support 10bit
11-03 17:08:28.642 I/C2VdecComponent( 7986): [2##-1]"Create C2VdecComponent(c2.amlogic.hevc.decoder)"
11-03 17:08:28.643 I/C2VdecComponent( 7986): vendor.media.c2.loglevels is not set used def = 1
11-03 17:08:28.643 I/DebugUtil( 7986): vendor.media.c2.loglevels is not set used def = 1
11-03 17:08:28.643 I/DebugUtil( 7986): [DebugUtil:66]
11-03 17:08:28.643 I/C2VdecDequeueThreadUtil( 7986): vendor.media.c2.loglevels is not set used def = 1
11-03 17:08:28.643 I/C2VdecDequeueThreadUtil( 7986): Creat DequeueThreadUtil!!
11-03 17:08:28.643 V/C2VendorComponentStore( 7986): In ~ComponentModule
11-03 17:08:28.643 V/C2VendorComponentStore( 7986): Unloading dll
11-03 17:08:28.645 D/NovelAdSdk( 4419): [NovelAdTimePointDao] YingshiDetail send dot Request
11-03 17:08:28.647 W/CIBN-kumiao-4419-T1326( 4419): [OttAdFulllinkUtUtil.java:onOttAdReqSucc:3][OttAdFulllinkUtUtil] ott ad req succ, type: 27, report advItems, cnt: 1
11-03 17:08:28.649 I/CCodec ( 4419): Created component [c2.amlogic.hevc.decoder]
11-03 17:08:28.650 W/Codec2Client( 4419): query -- param skipped: index = 2684356613.
11-03 17:08:28.650 D/CCodecConfig( 4419): Query domain & kind failed => BAD_INDEX
11-03 17:08:28.650 D/CCodecConfig( 4419): read media type: video/hevc
11-03 17:08:28.651 D/CCodecConfig( 4419): read media type: video/hevc
11-03 17:08:28.653 W/ottp_sdk_[160173986]VideoViewProxy( 4419): commonApi called,22 param=false mVideoView=com.yunos.tv.player.media.view.OTTVideoView{3d464c6 V.E...... ........ 0,0-1920,1080} mCommapiInfoMap={}
11-03 17:08:28.653 W/ottp_sdk_[160173986]VideoViewProxy( 4419): commonApi called,42 param=null mVideoView=com.yunos.tv.player.media.view.OTTVideoView{3d464c6 V.E...... ........ 0,0-1920,1080} mCommapiInfoMap={}
11-03 17:08:28.653 W/ottp_sdk_[160173986]VideoViewProxy( 4419): commonApi called,56 param=null mVideoView=com.yunos.tv.player.media.view.OTTVideoView{3d464c6 V.E...... ........ 0,0-1920,1080} mCommapiInfoMap={}
11-03 17:08:28.653 I/CCodecConfig( 4419): query failed after returning 8 values (BAD_INDEX)
11-03 17:08:28.653 W/ottp_sdk_VideoViewImpl( 4419): getWaterMark:[{"displayDTOS":[{"duration":0,"posX":9,"posY":14,"start":0,"width":142,"height":16}],"rsUrl":"","alpha":1,"watermarkImgListDTOS":[{"img":"https:\/\/img.alicdn.com\/imgextra\/i4\/O1CN01QUGUkW1pCRanY9h4u_!!6000000005324-2-tps-315-45.png","timeSec":60},{"img":"http:\/\/ykimg.alicdn.com\/develop\/image\/2021-12-21\/52b3e53e4c073dee301e188ab5761209.png","timeSec":60},{"img":"https:\/\/img.alicdn.com\/imgextra\/i1\/O1CN01nlAWSg1yF2NK4cwne_!!6000000006548-2-tps-315-45.png","timeSec":60},{"img":"http:\/\/ykimg.alicdn.com\/develop\/image\/2021-12-21\/52b3e53e4c073dee301e188ab5761209.png","timeSec":60}],"type":17,"refWnd":1,"displayMode":0,"rsType":0,"autoScale":0,"refCoord":1},{"displayDTOS":[{"duration":20000,"posX":30,"posY":50,"start":0,"width":0,"height":0}],"textSize":16,"alpha":1,"watermarkImgListDTOS":[],"text":"登记号:08283040030253207","type":2,"refWnd":0,"textColor":"0xFFFFFF","displayMode":0,"rsType":1,"autoScale":0,"refCoord":1}]
11-03 17:08:28.653 D/CCodecConfig( 4419): c2 config diff is Dict {
11-03 17:08:28.653 D/CCodecConfig( 4419): c2::u32 coded.bitrate.value = 64000
11-03 17:08:28.653 D/CCodecConfig( 4419): c2::u32 input.buffers.max-size.value = 65536
11-03 17:08:28.653 D/CCodecConfig( 4419): c2::u32 input.delay.value = 0
11-03 17:08:28.653 D/CCodecConfig( 4419): string input.media-type.value = "audio/raw"
11-03 17:08:28.653 D/CCodecConfig( 4419): string output.media-type.value = "audio/raw"
11-03 17:08:28.653 D/CCodecConfig( 4419): c2::u32 raw.channel-count.value = 2
11-03 17:08:28.653 D/CCodecConfig( 4419): c2::u32 raw.pcm-encoding.value = 0
11-03 17:08:28.653 D/CCodecConfig( 4419): c2::u32 raw.sample-rate.value = 44100
11-03 17:08:28.653 D/CCodecConfig( 4419): }
11-03 17:08:28.667 D/NovelAdSdk( 4419): [InventoryAdPresenter] init
11-03 17:08:28.668 D/ReflectedParamUpdater( 4419): extent() != 1 for single value type: input.buffers.allocator-ids.values
11-03 17:08:28.668 D/ReflectedParamUpdater( 4419): extent() != 1 for single value type: output.buffers.allocator-ids.values
11-03 17:08:28.669 D/TrafficStats( 4419): tagSocket(251) with statsTag=0xffffffff, statsUid=-1
11-03 17:08:28.671 W/ottp_sdk_VideoViewImpl( 4419): mVideoStateChangeListener is null
11-03 17:08:28.672 W/ottp_sdk_DnaPlayer[state:4][XNTk2NDM1MjEyOA==+24+1762160907852]( 4419): start invalid state 4
11-03 17:08:28.672 W/ottp_sdk_VideoViewImpl( 4419): mVideoStateChangeListener is null
11-03 17:08:28.672 D/TrafficStats( 4419): tagSocket(461) with statsTag=0xffffffff, statsUid=-1
11-03 17:08:28.675 D/ReflectedParamUpdater( 4419): extent() != 1 for single value type: output.buffers.pool-ids.values
11-03 17:08:28.676 W/CIBN-DetailV2VideoHolder( 4419): setASRPlayState return
11-03 17:08:28.677 W/CIBN-DetailPlayLogManager( 4419): getUserPlayDuration isValidData false=
11-03 17:08:28.680 D/ReflectedParamUpdater( 4419): extent() != 1 for single value type: output.tunneled-render.sync-id
11-03 17:08:28.681 D/ReflectedParamUpdater( 4419): extent() != 1 for single value type: output.tunnel-handle.values
11-03 17:08:28.686 I/OPENCODEC::openDecoder( 4419): [ZVIDEO]:get sdk version(34), version(34)
11-03 17:08:28.686 I/OPENCODEC::AMediaCodecAudioDecoder( 4419): [CreateMediaFormat][234] mimetype:audio/raw sample_rate:48000, channels:6 extraSize:2
11-03 17:08:28.686 I/OPENCODEC::openDecoder( 4419): DrmHelper::Create ver:1
11-03 17:08:28.686 D/MediaCodec( 4419): flushMediametrics
11-03 17:08:28.687 D/CCodec ( 4419): [c2.android.raw.decoder] buffers are bound to CCodec for this session
11-03 17:08:28.687 D/CCodecConfig( 4419): no c2 equivalents for flags
11-03 17:08:28.687 W/CIBN-DetailPlayLogManager( 4419): getUserPlayDuration isValidData false=
11-03 17:08:28.691 W/CIBN-DetailV2VideoHolder( 4419): setASRPlayState return
11-03 17:08:28.691 D/CCodecConfig( 4419): c2 config diff is c2::u32 raw.channel-count.value = 6
11-03 17:08:28.691 D/CCodecConfig( 4419): c2::u32 raw.sample-rate.value = 48000
11-03 17:08:28.693 D/CCodecConfig( 4419): ignoring local param raw.size (0xd2001800) as it is already supported
11-03 17:08:28.693 D/CCodecConfig( 4419): ignoring local param default.color (0x5200180b) as it is already supported
11-03 17:08:28.693 D/CCodecConfig( 4419): ignoring local param raw.hdr-static-info (0xd200180a) as it is already supported
11-03 17:08:28.694 W/Codec2Client( 4419): query -- param skipped: index = 1107298332.
11-03 17:08:28.694 D/CCodec ( 4419): encoding statistics level = 0
11-03 17:08:28.694 D/CCodec ( 4419): setup formats input: AMessage(what = 0x00000000) = {
11-03 17:08:28.694 D/CCodec ( 4419): int32_t android._codec-pcm-encoding = 2
11-03 17:08:28.694 D/CCodec ( 4419): int32_t bitrate = 64000
11-03 17:08:28.694 D/CCodec ( 4419): int32_t channel-count = 6
11-03 17:08:28.694 D/CCodec ( 4419): int32_t max-input-size = 65536
11-03 17:08:28.694 D/CCodec ( 4419): string mime = "audio/raw"
11-03 17:08:28.694 D/CCodec ( 4419): int32_t pcm-encoding = 2
11-03 17:08:28.694 D/CCodec ( 4419): int32_t sample-rate = 48000
11-03 17:08:28.694 D/CCodec ( 4419): }
11-03 17:08:28.694 D/CCodec ( 4419): setup formats output: AMessage(what = 0x00000000) = {
11-03 17:08:28.694 D/CCodec ( 4419): int32_t android._codec-pcm-encoding = 2
11-03 17:08:28.694 D/CCodec ( 4419): int32_t channel-count = 6
11-03 17:08:28.694 D/CCodec ( 4419): string mime = "audio/raw"
11-03 17:08:28.694 D/CCodec ( 4419): int32_t pcm-encoding = 2
11-03 17:08:28.694 D/CCodec ( 4419): int32_t sample-rate = 48000
11-03 17:08:28.694 D/CCodec ( 4419): int32_t android._config-pcm-encoding = 2
11-03 17:08:28.694 D/CCodec ( 4419): }
11-03 17:08:28.694 I/CCodecConfig( 4419): query failed after returning 8 values (BAD_INDEX)
11-03 17:08:28.695 I/OPENCODEC::AMediaCodecAudioDecoder( 4419): [ConfigureDecoder:273] MC_configure crypto[0x0]:0
11-03 17:08:28.695 I/CCodecConfig( 4419): query failed after returning 17 values (BAD_INDEX)
11-03 17:08:28.695 I/OPENCODEC::COpenDecoder( 4419): [InitDecoder:602] [24] end MediaType[1], result:0
11-03 17:08:28.696 D/CCodecConfig( 4419): c2 config diff is Dict {
11-03 17:08:28.696 D/CCodecConfig( 4419): c2::u32 algo.delay.value = 0
11-03 17:08:28.696 D/CCodecConfig( 4419): c2::u32 algo.low-latency.value = 0
11-03 17:08:28.696 D/CCodecConfig( 4419): c2::float coded.frame-rate.value = 30
11-03 17:08:28.696 D/CCodecConfig( 4419): c2::u32 coded.pl.level = 24838
11-03 17:08:28.696 D/CCodecConfig( 4419): c2::u32 coded.pl.profile = 24576
11-03 17:08:28.696 D/CCodecConfig( 4419): c2::u32 coded.vui.color.matrix = 0
11-03 17:08:28.696 D/CCodecConfig( 4419): c2::u32 coded.vui.color.primaries = 0
11-03 17:08:28.696 D/CCodecConfig( 4419): c2::u32 coded.vui.color.range = 0
11-03 17:08:28.696 D/CCodecConfig( 4419): c2::u32 coded.vui.color.transfer = 0
11-03 17:08:28.696 D/CCodecConfig( 4419): c2::u32 default.color.matrix = 0
11-03 17:08:28.696 D/CCodecConfig( 4419): c2::u32 default.color.primaries = 0
11-03 17:08:28.696 D/CCodecConfig( 4419): c2::u32 default.color.range = 0
11-03 17:08:28.696 D/CCodecConfig( 4419): c2::u32 default.color.transfer = 0
11-03 17:08:28.696 D/CCodecConfig( 4419): c2::u32 input.buffers.max-size.value = 1310720
11-03 17:08:28.696 D/CCodecConfig( 4419): c2::u32 input.delay.value = 4
11-03 17:08:28.696 D/CCodecConfig( 4419): Buffer input.hdr-dynamic-info.data = {
11-03 17:08:28.696 D/CCodecConfig( 4419): }
11-03 17:08:28.696 D/CCodecConfig( 4419): c2::u32 input.hdr-dynamic-info.type = 0
11-03 17:08:28.696 D/CCodecConfig( 4419): string input.media-type.value = "video/hevc"
11-03 17:08:28.696 D/CCodecConfig( 4419): c2::u32 output.delay.value = 3
11-03 17:08:28.696 D/CCodecConfig( 4419): Buffer output.hdr-dynamic-info.data = {
11-03 17:08:28.696 D/CCodecConfig( 4419): }
11-03 17:08:28.696 D/CCodecConfig( 4419): c2::u32 output.hdr-dynamic-info.type = 0
11-03 17:08:28.696 D/CCodecConfig( 4419): string output.media-type.value = "video/raw"
11-03 17:08:28.696 D/CCodecConfig( 4419): c2::u32 output.tunnel-start-render.value = 0
11-03 17:08:28.696 D/CCodecConfig( 4419): c2::u32 raw.color.matrix = 0
11-03 17:08:28.696 D/CCodecConfig( 4419): c2::u32 raw.color.primaries = 0
11-03 17:08:28.696 D/CCodecConfig( 4419): c2::u32 raw.color.range = 0
11-03 17:08:28.696 I/OPENCODEC::COpenDecoder( 4419): [Open:254] [24] end MediaType[1]
11-03 17:08:28.696 I/OPENCODEC::AMediaCodecAudioDecoder( 4419): [StartDecoder:64] enter
11-03 17:08:28.698 W/CIBN-DetailPlayLogManager( 4419): updateUserPlayDuration no valid=
11-03 17:08:28.698 W/Codec2Client( 4419): query -- param skipped: index = 1342179345.
11-03 17:08:28.698 W/Codec2Client( 4419): query -- param skipped: index = 2415921170.
11-03 17:08:28.699 W/ColorUtils( 4419): expected specified color aspects (0:0:0:0)
11-03 17:08:28.700 D/CCodecBufferChannel( 4419): [c2.android.raw.decoder#331] Created input block pool with allocatorID 16 => poolID 57 - OK (0)
11-03 17:08:28.701 E/CodecServiceRegistrant( 594): querySupportedValues -- transaction failed.
11-03 17:08:28.702 D/BufferPoolAccessor2.0( 4419): Destruction - bufferpool2 0xa71a2be8 cached: 0/0M, 0/0% in use; allocs: 5, 0% recycled; transfers: 2274, 100% unfetched
11-03 17:08:28.703 I/CCodecBufferChannel( 4419): [c2.android.raw.decoder#331] Created output block pool with allocatorID 16 => poolID 30 - OK
11-03 17:08:28.704 I/OPENCODEC::AMediaCodecVideoDecoder( 4419): [ConfigureDecoder:483] surface:0x6bce, type:2
11-03 17:08:28.706 D/CCodecBufferChannel( 4419): [c2.android.raw.decoder#331] Configured output block pool ids 30 => OK
11-03 17:08:28.708 I/C2VendorComponentStore( 7986): setDmaBufUsage 5
11-03 17:08:28.708 D/MediaCodec( 4419): flushMediametrics
11-03 17:08:28.708 D/SurfaceUtils( 4419): connecting to surface 0xa64a4368, reason connectToSurface
11-03 17:08:28.708 I/MediaCodec( 4419): [c2.amlogic.hevc.decoder] setting surface generation to 4525080
11-03 17:08:28.708 D/SurfaceUtils( 4419): disconnecting from surface 0xa64a4368, reason connectToSurface(reconnect)
11-03 17:08:28.708 D/SurfaceUtils( 4419): connecting to surface 0xa64a4368, reason connectToSurface(reconnect)
11-03 17:08:28.709 W/CIBN-DetailPlayLogManager( 4419): getUserPlayDuration isValidData false=
11-03 17:08:28.709 D/CCodec ( 4419): [c2.amlogic.hevc.decoder] buffers are bound to CCodec for this session
11-03 17:08:28.710 D/CCodecConfig( 4419): no c2 equivalents for prefer-color-format
11-03 17:08:28.710 D/CCodecConfig( 4419): no c2 equivalents for native-window
11-03 17:08:28.710 D/CCodecConfig( 4419): no c2 equivalents for flags
11-03 17:08:28.710 I/C2VdecComponentIntfImpl( 7986): [2##2]config frame rate:24.000000
11-03 17:08:28.711 I/C2VdecComponentIntfImpl( 7986): [2##2]config picture w:3840 h:2160
11-03 17:08:28.711 E/CodecServiceRegistrant( 594): querySupportedValues -- transaction failed.
11-03 17:08:28.711 D/SimpleC2Component( 594): Using output block pool with poolID 30 => got 30 - 0
11-03 17:08:28.711 D/CCodecConfig( 4419): c2 config diff is c2::float coded.frame-rate.value = 24
11-03 17:08:28.711 D/CCodecConfig( 4419): c2::u32 raw.size.height = 2160
11-03 17:08:28.711 D/CCodecConfig( 4419): c2::u32 raw.size.width = 3840
11-03 17:08:28.713 W/Codec2Client( 4419): query -- param skipped: index = 1107298332.
11-03 17:08:28.713 D/CCodec ( 4419): encoding statistics level = 0
11-03 17:08:28.713 D/CCodec ( 4419): setup formats input: AMessage(what = 0x00000000) = {
11-03 17:08:28.713 D/CCodec ( 4419): int32_t frame-rate = 24
11-03 17:08:28.713 D/CCodec ( 4419): int32_t height = 2160
11-03 17:08:28.713 D/CCodec ( 4419): int32_t level = 8388608
11-03 17:08:28.713 D/CCodec ( 4419): int32_t max-input-size = 8388608
11-03 17:08:28.713 D/CCodec ( 4419): string mime = "video/hevc"
11-03 17:08:28.713 D/CCodec ( 4419): int32_t profile = 1
11-03 17:08:28.713 D/CCodec ( 4419): int32_t width = 3840
11-03 17:08:28.713 D/CCodec ( 4419): Rect crop(0, 0, 3839, 2159)
11-03 17:08:28.713 D/CCodec ( 4419): }
11-03 17:08:28.713 D/CCodec ( 4419): setup formats output: AMessage(what = 0x00000000) = {
11-03 17:08:28.713 D/CCodec ( 4419): int32_t android._video-scaling = 1
11-03 17:08:28.713 D/CCodec ( 4419): int32_t android._dataspace = 281411584
11-03 17:08:28.713 D/CCodec ( 4419): int32_t color-standard = 6
11-03 17:08:28.713 D/CCodec ( 4419): int32_t color-range = 2
11-03 17:08:28.713 D/CCodec ( 4419): int32_t color-transfer = 3
11-03 17:08:28.713 D/CCodec ( 4419): int32_t sar-height = 1
11-03 17:08:28.713 D/CCodec ( 4419): int32_t rotation-degrees = 0
11-03 17:08:28.713 D/CCodec ( 4419): Buffer hdr-static-info = {
11-03 17:08:28.713 D/CCodec ( 4419): 00000000: 00 00 00 00 00 00 00 00 00 00 00 00 00 00 00 00 ................
11-03 17:08:28.713 D/CCodec ( 4419): 00000010: 00 00 00 00 00 00 00 00 00 .........
11-03 17:08:28.713 D/CCodec ( 4419): }
11-03 17:08:28.713 D/CCodec ( 4419): int32_t sar-width = 1
11-03 17:08:28.713 D/CCodec ( 4419): Rect crop(0, 0, 3839, 2159)
11-03 17:08:28.713 D/CCodec ( 4419): int32_t width = 3840
11-03 17:08:28.713 D/CCodec ( 4419): int32_t frame-rate = 24
11-03 17:08:28.713 D/CCodec ( 4419): int32_t height = 2160
11-03 17:08:28.713 D/CCodec ( 4419): string mime = "video/raw"
11-03 17:08:28.713 D/CCodec ( 4419): Buffer output.hdr-dynamic-info.data = {
11-03 17:08:28.713 D/CCodec ( 4419): }
11-03 17:08:28.713 D/CCodec ( 4419): int32_t output.hdr-dynamic-info.type = 0
11-03 17:08:28.713 D/CCodec ( 4419): int32_t color-format = 2130708361
11-03 17:08:28.713 D/CCodec ( 4419): }
11-03 17:08:28.714 I/CCodecConfig( 4419): query failed after returning 17 values (BAD_INDEX)
11-03 17:08:28.714 D/CCodecConfig( 4419): c2 config diff is c2::u32 input.buffers.max-size.value = 8388608
11-03 17:08:28.715 I/OPENCODEC::AMediaCodecVideoDecoder( 4419): [ConfigureDecoder:528] MC_configure mCrypto[0x0]:0
11-03 17:08:28.715 I/OPENCODEC::AMediaCodecVideoDecoder( 4419): [ConfigureDecoder:540] end
11-03 17:08:28.716 I/OPENCODEC::COpenDecoder( 4419): [InitDecoder:602] [24] end MediaType[0], result:0
11-03 17:08:28.716 I/OPENCODEC::COpenDecoder( 4419): [Open:254] [24] end MediaType[0]
11-03 17:08:28.716 I/OPENCODEC::AMediaCodecVideoDecoder( 4419): [StartDecoder:98] enter
11-03 17:08:28.716 I/C2VdecComponent( 7986): [2##-1]"[start]"
11-03 17:08:28.717 I/C2VdecComponent( 7986): [2##-1]"OnStart DolbyVision:0"
11-03 17:08:28.717 I/C2VdecComponent( 7986): debug.vendor.media.c2.vdec.priority is not set used def = 0
11-03 17:08:28.717 I/DebugUtil( 7986): [2##-1][setComponent:77]
11-03 17:08:28.717 D/C2DBG ( 7986): adding client to C2_VDEC
11-03 17:08:28.717 I/VideoDecWraper( 7986): vendor.media.c2.loglevels is not set used def = 1
11-03 17:08:28.717 I/VideoDecWraper( 7986): [-1##-1]"VideoDecWraper"
11-03 17:08:28.717 I/C2VdecDeviceUtil( 7986): vendor.media.c2.loglevels is not set used def = 1
11-03 17:08:28.717 I/C2VdecCodecConfig( 7986): isCodecSupportHdr10Plus hdr10:(1)
11-03 17:08:28.717 I/C2VdecGrallocWraper( 7986): vendor.media.c2.loglevels is not set used def = 1
11-03 17:08:28.717 I/C2VdecDeviceUtil( 7986): [DeviceUtil:66]mSupportHdr10Plus:1
11-03 17:08:28.717 I/C2VdecDeviceUtil( 7986): [2##-1][setComponent:154]
11-03 17:08:28.717 I/C2VdecDeviceUtil( 7986): [2#-1]"No HDR ColorAspects set"
11-03 17:08:28.717 I/C2VdecDeviceUtil( 7986): setSkipReallocBufMode:0
11-03 17:08:28.718 I/C2VdecDeviceUtil( 7986): [0#-1]"[codecConfig:499] query frame rate:24.000000 updata mDurationUs = 41666, unstablePts :0 isAviDiscard :0"
11-03 17:08:28.718 I/C2VdecDeviceUtil( 7986): [0#-1]"Disable low latency mode to v4l2 decoder."
11-03 17:08:28.719 I/C2VdecDeviceUtil( 7986): [codecConfig:522] clear vendor.media.llp
11-03 17:08:28.719 I/C2VdecDeviceUtil( 7986): vendor.media.c2.vdec.h264_mmu_width is not set used def = 2560
11-03 17:08:28.719 I/C2VdecDeviceUtil( 7986): vendor.media.c2.vdec.h264_mmu_height is not set used def = 2160
11-03 17:08:28.719 I/C2VdecDeviceUtil( 7986): [0#-1]"mEnableAvc4kMMU = 1, mmu open width:2560, height:2160"
11-03 17:08:28.719 I/C2VdecDeviceUtil( 7986): [0#-1]"configure width:3840 height:2160"
11-03 17:08:28.719 E/C2VdecCodecConfig( 7986): can support 8K
11-03 17:08:28.719 I/C2VdecDeviceUtil( 7986): [0#-1]"[codecConfig:569] Codec is Support 8k"
11-03 17:08:28.719 I/C2VdecDeviceUtil( 7986): [0#-1]"DoubleWriteMode 3, margin:6 \n"
11-03 17:08:28.719 I/C2VdecDeviceUtil( 7986): [0#-1]"Enable DIPOST"
11-03 17:08:28.719 I/C2VdecDeviceUtil( 7986): [0#-1]"Buf dma mode 0x100000"
11-03 17:08:28.719 I/C2VdecDeviceUtil( 7986): [0#-1]"C2 need disable error policy"
11-03 17:08:28.719 I/C2VdecDeviceUtil( 7986): [codecConfig] set triple write:0
11-03 17:08:28.719 I/V4l2Adaptor( 7986): V4l2Adaptor::GetSupportedProfiles inputcoded 1, inputFormatFourcc 43564548
11-03 17:08:28.719 I/android.hardware.media.c2@1.2-service( 7986): vendor.mediahal.loglevels is not set, used defaultValue = 1
11-03 17:08:28.719 I/OPENCODEC::AMediaCodecAudioDecoder( 4419): [StartDecoder:78] end
11-03 17:08:28.719 I/OPENCODEC::COpenDecoder( 4419): [Start:297][24] end MediaType[1]
11-03 17:08:28.731 I/OPENCODEC::AMediaCodecAudioDecoder( 4419): [ProcessOutputData][425]format changed, channel_count:[6->6], sample_rate:[48000->48000] pcm_encoding:2, channel_mask:0
11-03 17:08:28.732 I/HTTP_KIT_LOG( 4419): [StopTimer:165] SCENE_PCDN_NG:[jobId_271] stop open timeout timer
11-03 17:08:28.732 E/HTTP_KIT_LOG( 4419): [OnResponse:205] SCENE_PCDN_NG:[jobId_271] OnResponse content-length:96 of content-type:application/octet-stream, file-size:96
11-03 17:08:28.732 E/HTTP_KIT_LOG( 4419): headers:
11-03 17:08:28.732 I/HTTP_KIT_LOG( 4419): [operator():492] SCENE_PCDN_NG:[jobId_271] notify response
11-03 17:08:28.736 I/HTTP_KIT_LOG( 4419): [Close:281] SCENE_PCDN_NG:[jobId_267] Close
11-03 17:08:28.736 I/HTTP_KIT_LOG( 4419): [PrintStr:417] SCENE_PCDN_NG:[jobId_267] ReportStat: {"appconnectTime":89.0,"connectTime":88.0,"dnsTime":157.0,"downloadSize":5457571.0,"downloadTime":517816.0,"error_rtt":-1.0,"firstBTime":16872.0,"firstKBTime":16872.0,"firstMBTime":80095.0,"last32KTime":19244.0,"redirectTime":0.0,"speed":10539.59,"starttransferTime":12556.0}
11-03 17:08:28.736 I/HTTP_KIT_LOG( 4419): [operator():463] SCENE_PCDN_NG:[jobId_271] notify complete
11-03 17:08:28.737 I/HTTP_KIT_LOG( 4419): [Send:235] SCENE_PCDN_NG:[jobId_272] Send url http://valipl10.cp31.ott.cibntv.net/67756D6080932713CFC02204E/0501100000669B4DCC0467A4424B4B3097ED14-F4B3-466F-B55E-A2D791FCC5D0_video_00026.mp4?ccode=0103010102&duration=6917&expire=18000&psid=491b12ee9f6864cbd87f203b3325d02a42346&ups_client_netip=7157521f&ups_ts=1762160907&ups_userid=1400807978&utid=aQSc5ul7QxsDADFIplqlGPrV&vid=XNTk2NDM1MjEyOA%3D%3D&s=ddbf820df3884e3480f6&iv=1&eo=1&t=9e0de6505e515f1&cug=1&fms=46f28f0c1cdcd5ab&tr=6917&le=dd79ff955e68478725912d3c990803f2&ckt=5&m_onoff=0&rid=20000000BE2C224CE2BDABCB8431FEC525F7F0D702000000&type=cmfv5hd4_hbr_bit10&bc=2&dre=u151&si=573&dst=1&yk_pid=cd719a991a008182&sm=1&operate_type=1&app_key=23299685&app_ver=2131300103&vkey=B01cd54f6aa0df8de861fea6e69680904
11-03 17:08:28.737 I/HTTP_KIT_LOG( 4419): [UpdateConfig:108] SCENE_PCDN_NG:[jobId_272] dump config:Range :bytes=7423651-12469922
11-03 17:08:28.737 I/HTTP_KIT_LOG( 4419): [UpdateUrl:66] use domain valipl10.cp31.ott.cibntv.net
11-03 17:08:28.737 I/HTTP_KIT_LOG( 4419): [InstallTimer:128] SCENE_PCDN_NG:[jobId_272] start open timeout timer=999999
11-03 17:08:28.737 E/HTTP_KIT_LOG( 4419): [Lookup:118] SCENE_PCDN_NG:[jobId_272] SmartDns use cache domain:valipl10.cp31.ott.cibntv.net addrs:125.94.42.155[2],125.94.42.156[1],
11-03 17:08:28.738 I/HTTP_KIT_LOG( 4419): [AddRequestHeader:498] job:SCENE_PCDN_NG:[jobId_272] add header:[ range_from:7423651,cur_download:0 | User-Agent :Youku-ntk;Android;13.0.1.3;Scene4
11-03 17:08:28.738 I/HTTP_KIT_LOG( 4419): Range :bytes=7423651-12469922
11-03 17:08:28.738 I/HTTP_KIT_LOG( 4419): | Add Ip Resolve: 125.94.42.155 ]
11-03 17:08:28.738 I/audio_hw_hal_stream( 461): aml_stream_out_info_print: out:0xf1bc39d0, stream_type:pcm, sync_mode:non tunnel, input_size:46798080 bytes
11-03 17:08:28.738 I/audio_hw_hal_stream( 461): aml_stream_out_info_print: last_time:412957 ms (sec:412, nsec:957928904), last_position:243537 ms (11689776), cur_time:412967 ms (sec:412, nsec:967498904), cur_position:243547 ms (11690288)
11-03 17:08:28.738 I/audio_hw_hal_stream( 461): aml_stream_out_info_print: time_gap:10 ms (thr:100 ms), position_gap:10 ms, delay:192 ms, jitter: Position gap is ahead of system time gap by 0 ms (thr:100 ms)
11-03 17:08:28.739 D/ApsConfigUtils( 4419): getConfig, namespace: ns_dna_spatial_audio, key: enable_spatial_audio, defVal: 1
11-03 17:08:28.740 D/ApsConfigUtils( 4419): getConfig, namespace: ns_opr2_audio, key: opr_audio_gain_flag, defVal: 0
11-03 17:08:28.741 D/ApsConfigUtils( 4419): getConfig, namespace: ns_opr_audio, key: enable_check_exception, defVal: 1
11-03 17:08:28.742 D/ApsConfigUtils( 4419): getConfig, namespace: ns_opr_audio, key: enable_latency_correct, defVal: 1
11-03 17:08:28.742 D/ApsConfigUtils( 4419): getConfig, namespace: ns_opr_heartbeat, key: enable_heartbeat_print, defVal: 1
11-03 17:08:28.749 E/NAccs.InAppConn_youku( 4419): onDataReceive type:200 dataid:-1
11-03 17:08:28.751 E/NAccs.InAppConn_youku( 4419): onDataScheduled dataid:-1
11-03 17:08:28.751 E/NAccs.MsgRecv_youku( 4419): parseMessage dataId:1762160908589.31 target:reg0qxJQrPMv1cCNcrX5nyQT0BH25X0o|com.cibn.tv|accs-youku-scheduler|
11-03 17:08:28.753 I/uninstall( 3004): watchdaemon process_name = com.ktcp.video:daemon has gone, start it
11-03 17:08:28.755 D/uninstall( 3004): watchdaemon waitpid
11-03 17:08:28.755 D/uninstall( 8279): watchdaemon pid == 0
11-03 17:08:28.755 D/uninstall( 8279): watchdaemon version >= 17 || version == 0 version == 34
11-03 17:08:28.756 E/NAccs.MsgRecv_youku( 4419): handleMessage dataId:1762160908589.31 type:DATA reqType:ACK resType:NO_ACK target:reg0qxJQrPMv1cCNcrX5nyQT0BH25X0o|com.cibn.tv|accs-youku-scheduler|
11-03 17:08:28.759 D/ApsConfigUtils( 4419): getConfig, namespace: ns_dna_audiotrack, key: enable_audiotrack_opt, defVal: 1
11-03 17:08:28.760 E/NAccs.AccsHandler( 4419): onReceiveData dataId:1762160908589.31 serviceId:accs-youku-scheduler command:100 className:d.t.f.J.c.b.a.a.a.a
11-03 17:08:28.766 D/ApsConfigUtils( 4419): getConfig, namespace: ns_dna_audiotrack, key: enable_audiotrack_write21, defVal: 0
11-03 17:08:28.766 D/ApsConfigUtils( 4419): getConfig, namespace: ns_dna_audiotrack, key: enable_audiotrack_write21_pass, defVal: 1
11-03 17:08:28.768 I/HTTP_KIT_LOG( 4419): [StopTimer:165] SCENE_PCDN_NG:[jobId_272] stop open timeout timer
11-03 17:08:28.769 I/HTTP_KIT_LOG( 4419): [operator():492] SCENE_PCDN_NG:[jobId_272] notify response
11-03 17:08:28.770 E/HTTP_KIT_LOG( 4419): [OnResponse:205] SCENE_PCDN_NG:[jobId_272] OnResponse content-length:5046272 of content-type:video/mp4, file-size:14586863
11-03 17:08:28.770 E/HTTP_KIT_LOG( 4419): headers:Content-Range:bytes 7423651-12469922/14586863
11-03 17:08:28.770 E/HTTP_KIT_LOG( 4419): Etag:"F4DBB4AEE471C8B1A119CB2BF7384E85"
11-03 17:08:28.770 E/HTTP_KIT_LOG( 4419): Via:cache22.l2cn2651[95,95,200-0,H], cache23.l2cn2651[95,0], ens-cache16.cn8685[107,131,304-0,M], ens-cache13.cn8685[134,0],cache06.jslianyungang-mp01[0,200-0,H],cache48.jslianyungang-mp01[2,206],cache08.gdgz-ct126[0,200-0,H],cache01.gdgz-ct126[2,206]
11-03 17:08:28.777 W/CIBN-DetailPlayLogManager( 4419): getUserPlayDuration isValidData false=
11-03 17:08:28.778 E/Firebrick( 4419): get cookie, disable web view cookies.
11-03 17:08:28.780 D/ApsConfigUtils( 4419): getConfig, namespace: ns_dna_audiotrack, key: enable_timestamp_latency, defVal: 0
11-03 17:08:28.780 I/VideoDecWraper( 7986): AmVideoDec_getSupportedProfiles data:0xf2ac1f90, size:3
11-03 17:08:28.780 I/VideoDecWraper( 7986): [0##-1]"initialize:mime:video/hevc secureMode is 0 flags is 0x8001"
11-03 17:08:28.780 E/VideoDecWraper( 7986): version 1.1 use create AmVideoDec_create
11-03 17:08:28.780 I/AmVideoDec( 7986): AmVideoDec version: V3.32.72-gf47f57ff (drm.autobuild Sun Apr 27 10:25:39 CST 2025), mHalInstanceID 1, mHalInstancenum 0
11-03 17:08:28.780 I/android.hardware.media.c2@1.2-service( 7986): vendor.mediahal.loglevels is not set, used defaultValue = 1
11-03 17:08:28.781 I/AmVideoDec( 7986): [No--1]-[0]"new VideoDec\n"
11-03 17:08:28.781 I/AmVideoDec( 7986): open dec_stat fd -1 mLowMem:0
11-03 17:08:28.781 I/android.hardware.media.c2@1.2-service( 7986): vendor.amtsplayer.pipeline is not set, used defaultValue = 1
11-03 17:08:28.781 I/VideoDecWraper( 7986): GetAmVideoDec ok
11-03 17:08:28.781 D/ResmanWrapper( 7986): resManWrapper CODEC2-0 init, fd = 10
11-03 17:08:28.781 I/AmVideoDec( 7986): [No--1]-[0]"checkResource.-- mem size:160--dim:0 w:[3840]H[2160]\n"
11-03 17:08:28.785 D/ApsConfigUtils( 4419): getConfig, namespace: ns_dna_audiotrack, key: calc_all_latency_method, defVal: 0
11-03 17:08:28.786 D/ApsConfigUtils( 4419): getConfig, namespace: ns_dna_audiotrack, key: enable_soft_mute, defVal: 0
11-03 17:08:28.786 D/ApsConfigUtils( 4419): getConfig, namespace: ns_dna_audiotrack, key: use_audio_latency, defVal: 0
11-03 17:08:28.787 D/ApsConfigUtils( 4419): getConfig, namespace: ns_dna_audiotrack, key: use_max_latency, defVal: 1
11-03 17:08:28.787 D/ApsConfigUtils( 4419): getConfig, namespace: ns_dna_audiotrack, key: get_latency_quick, defVal: 0
11-03 17:08:28.789 D/ApsConfigUtils( 4419): getConfig, namespace: ns_dna_audiotrack, key: getlatency_pre_time, defVal: 2000
11-03 17:08:28.799 I/AmVideoDec( 7986): [No--1]-[0]"res_status.v.query.avail 328 -mmsize: 160 -adjust 0\n"
11-03 17:08:28.799 I/resman ( 7986): acquire fd:10, resid:7, preempt:1, time_out:10000, arg:
11-03 17:08:28.808 I/AudioFlinger( 503): openOutput() this 0xf3ac1000, module 10 Device AUDIO_DEVICE_OUT_HDMI, @:, SamplingRate 48000, Format 0xa000000, Channels 0x3f, flags 0x11
11-03 17:08:28.809 D/audio_hw_hal_primary( 461): [adev_open_output_stream_new:7236] enter: dev=0xf1e44ba0 handle=1dd devices=0x400/'HDMI,' flags=0x11/'DIRECT,COMPRESS_OFFLOAD,' config=(rt=48000 ch_mask=0x3f fmt=0xa000000) address=''
11-03 17:08:28.809 D/audio_hw_hal_primary( 461): adev_open_output_stream_new: enter
11-03 17:08:28.809 I/audio_hw_hal_primary( 461): [adev_open_output_stream:3011] io 477: out:0xf1bcad50 dev:OUT_HDMI(0x400) addr:
11-03 17:08:28.809 I/audio_hw_hal_primary( 461): [adev_open_output_stream:3013] ch_mask:0x3f rate:48000 format:E_AC3(0xa000000) flags:0x11
11-03 17:08:28.809 I/audio_hw_hal_primary( 461): adev_open_output_stream: for raw audio output,force alsa stereo output
11-03 17:08:28.809 I/audio_hw_utils_speed( 461): aml_audio_speed_init_start_ts
11-03 17:08:28.809 I/audio_hw_utils_speed( 461): aml_audio_speed_clear_start_ts
11-03 17:08:28.809 I/audio_hw_hal_primary( 461): [adev_open_output_stream:3333] result profile ch_mask:0x3f rate:48000 format:E_AC3(0xa000000) streamType:RAW_DIRECT
11-03 17:08:28.809 I/audio_hw_hal_utils( 461): aml_get_stream_dump_file_name line 3052 file_name /data/vendor/audiohal/output_stream_in.ddp
11-03 17:08:28.809 I/aml_volume_shaper( 461): [aml_volume_shaper_init:412] volume_shaper 0xf1bcb490 done !
