11-03 17:08:05.709 V/WindowManagerShell( 933): onTransitionReady android.os.BinderProxy@e7446a0: {id=34 t=CLOSE f=0x0 trk=0 r=[0@Point(0, 0)] c=[{null m=CLOSE f=FILLS_TASK leash=Surface(name=ActivityRecord{2e9ba32 u0 com.cibn.tv/com.youku.tv.playlab.PlayLabCheckerActivity)/@0x4c70259 sb=Rect(0, 0 - 1920, 1080) eb=Rect(0, 0 - 1920, 1080) d=0},{null m=TO_FRONT f=FILLS_TASK leash=Surface(name=ActivityRecord{a36915d u0 com.cibn.tv/com.youku.tv.lab.PlayLabActivity)/@0x5494e1e sb=Rect(0, 0 - 1920, 1080) eb=Rect(0, 0 - 1920, 1080) d=0}]}
11-03 17:08:05.709 V/WindowManagerShell( 933): Playing animation for (#34)android.os.BinderProxy@e7446a0@0
11-03 17:08:05.709 V/WindowManagerShell( 933): try handler com.android.wm.shell.keyguard.KeyguardTransitionHandler@5ae5ca9
11-03 17:08:05.709 V/WindowManagerShell( 933): try handler com.android.wm.shell.pip.tv.TvPipTransition@f2f222e
11-03 17:08:05.710 V/WindowManagerShell( 933): try handler com.android.wm.shell.activityembedding.ActivityEmbeddingController@10fc1cf
11-03 17:08:05.710 V/WindowManagerShell( 933): try handler com.android.wm.shell.transition.RemoteTransitionHandler@5dcc75c
11-03 17:08:05.710 V/WindowManagerShell( 933): Transition doesn't have explicit remote, search filters for match for {id=34 t=CLOSE f=0x0 trk=0 r=[0@Point(0, 0)] c=[{null m=CLOSE f=FILLS_TASK leash=Surface(name=ActivityRecord{2e9ba32 u0 com.cibn.tv/com.youku.tv.playlab.PlayLabCheckerActivity)/@0x4c70259 sb=Rect(0, 0 - 1920, 1080) eb=Rect(0, 0 - 1920, 1080) d=0},{null m=TO_FRONT f=FILLS_TASK leash=Surface(name=ActivityRecord{a36915d u0 com.cibn.tv/com.youku.tv.lab.PlayLabActivity)/@0x5494e1e sb=Rect(0, 0 - 1920, 1080) eb=Rect(0, 0 - 1920, 1080) d=0}]}
11-03 17:08:05.710 V/WindowManagerShell( 933): Delegate animation for #34 to null
11-03 17:08:05.710 V/WindowManagerShell( 933): try handler com.android.wm.shell.transition.DefaultTransitionHandler@e71a65
11-03 17:08:05.710 V/WindowManagerShell( 933): start default transition animation, info = {id=34 t=CLOSE f=0x0 trk=0 r=[0@Point(0, 0)] c=[{null m=CLOSE f=FILLS_TASK leash=Surface(name=ActivityRecord{2e9ba32 u0 com.cibn.tv/com.youku.tv.playlab.PlayLabCheckerActivity)/@0x4c70259 sb=Rect(0, 0 - 1920, 1080) eb=Rect(0, 0 - 1920, 1080) d=0},{null m=TO_FRONT f=FILLS_TASK leash=Surface(name=ActivityRecord{a36915d u0 com.cibn.tv/com.youku.tv.lab.PlayLabActivity)/@0x5494e1e sb=Rect(0, 0 - 1920, 1080) eb=Rect(0, 0 - 1920, 1080) d=0}]}
11-03 17:08:05.711 V/WindowManagerShell( 933): loadAnimation: anim=android.view.animation.AlphaAnimation@6b82e2a animAttr=0x6 type=CLOSE isEntrance=true
11-03 17:08:05.712 V/WindowManagerShell( 933): loadAnimation: anim=android.view.animation.AlphaAnimation@bc049b8 animAttr=0x7 type=CLOSE isEntrance=false
11-03 17:08:05.716 V/WindowManagerShell( 933): animated by com.android.wm.shell.transition.DefaultTransitionHandler@e71a65
11-03 17:08:05.734 D/WindowManagerShell( 933): TvPipController: onTaskStackChanged()
11-03 17:08:05.774 W/ContextImpl( 697): Calling a method in the system process without a qualified user: android.app.ContextImpl.startService:1899 com.android.server.wm.DisplayPolicy.lambda$focusChangedLw$5:2126 com.android.server.wm.DisplayPolicy.$r8$lambda$Znxk63oh-WzVnzo_WQefN7uxV48:0 com.android.server.wm.DisplayPolicy$$ExternalSyntheticLambda13.run:0 android.os.Handler.handleCallback:958
11-03 17:08:06.090 W/ProcessStats( 697): Tracking association SourceState{bb6d735 com.ktcp.video:daemon/10089 Fgs #1048} whose proc state 3 is better than process ProcessState{ff256f5 com.ktcp.video/10089 pkg=com.ktcp.video} proc state 10 (6 skipped)
11-03 17:08:06.135 V/WindowManagerShell( 933): Transition animation finished (aborted=false), notifying core (#34)android.os.BinderProxy@e7446a0@0
11-03 17:08:06.138 V/WindowManager( 697): Finish Transition #34: created at
11-03 17:08:05.613 collect-started=0.101ms request-sent=0.18ms started=8.001ms ready=19.069ms sent=92.768ms finished=522.537ms
11-03 17:08:06.140 V/WindowManagerShell( 933): Track 0 became idle
11-03 17:08:06.140 V/WindowManagerShell( 933): All active transition animations finished
11-03 17:08:06.208 D/CoreBackPreview( 697): Window{56b8539 u0 com.cibn.tv/com.youku.tv.playlab.PlayLabCheckerActivity}: Setting back callback null
11-03 17:08:07.710 V/HotPlugDetectionAction( 697): Poll all devices.
11-03 17:08:08.105 D/HdmiCecController( 697): [P]:AllocatedAddress=[0, 3, 5]
11-03 17:08:08.730 V/WindowManagerShell( 933): Transition requested: android.os.BinderProxy@d0c4964 TransitionRequestInfo { type = 2, triggerTask = null, remoteTransition = null, displayChange = null, flags = 0 }
11-03 17:08:08.739 V/WindowManager( 697): app ------------- force_land :0
11-03 17:08:08.751 W/ActivityTaskManager( 697): Duplicate finish request for r=ActivityRecord{a36915d u0 com.cibn.tv/com.youku.tv.lab.PlayLabActivity t230 f}}
11-03 17:08:08.797 V/WindowManager( 697): Sent Transition #35 createdAt=11-03 17:08:08.727 via request=TransitionRequestInfo { type = 2, triggerTask = null, remoteTransition = null, displayChange = null, flags = 0 }
11-03 17:08:08.797 V/WindowManager( 697): startWCT=WindowContainerTransaction { changes = {} hops = [] errorCallbackToken=null taskFragmentOrganizer=null }
11-03 17:08:08.798 V/WindowManager( 697): info={id=35 t=CLOSE f=0x0 trk=0 r=[0@Point(0, 0)] c=[{null m=CLOSE f=FILLS_TASK leash=Surface(name=ActivityRecord{a36915d u0 com.cibn.tv/com.youku.tv.lab.PlayLabActivity)/@0xa092c82 sb=Rect(0, 0 - 1920, 1080) eb=Rect(0, 0 - 1920, 1080) d=0},{null m=TO_FRONT f=FILLS_TASK leash=Surface(name=ActivityRecord{c7cba5a u0 com.cibn.tv/com.youku.tv.home.activity.HomeActivity)/@0xaa9fb2a sb=Rect(0, 0 - 1920, 1080) eb=Rect(0, 0 - 1920, 1080) d=0}]}
11-03 17:08:08.798 V/WindowManagerShell( 933): onTransitionReady android.os.BinderProxy@d0c4964: {id=35 t=CLOSE f=0x0 trk=0 r=[0@Point(0, 0)] c=[{null m=CLOSE f=FILLS_TASK leash=Surface(name=ActivityRecord{a36915d u0 com.cibn.tv/com.youku.tv.lab.PlayLabActivity)/@0x3efe7cd sb=Rect(0, 0 - 1920, 1080) eb=Rect(0, 0 - 1920, 1080) d=0},{null m=TO_FRONT f=FILLS_TASK leash=Surface(name=ActivityRecord{c7cba5a u0 com.cibn.tv/com.youku.tv.home.activity.HomeActivity)/@0xb545882 sb=Rect(0, 0 - 1920, 1080) eb=Rect(0, 0 - 1920, 1080) d=0}]}
11-03 17:08:08.798 V/WindowManagerShell( 933): Playing animation for (#35)android.os.BinderProxy@d0c4964@0
11-03 17:08:08.798 V/WindowManagerShell( 933): try handler com.android.wm.shell.keyguard.KeyguardTransitionHandler@5ae5ca9
11-03 17:08:08.798 V/WindowManagerShell( 933): try handler com.android.wm.shell.pip.tv.TvPipTransition@f2f222e
11-03 17:08:08.798 V/WindowManagerShell( 933): try handler com.android.wm.shell.activityembedding.ActivityEmbeddingController@10fc1cf
11-03 17:08:08.798 V/WindowManagerShell( 933): try handler com.android.wm.shell.transition.RemoteTransitionHandler@5dcc75c
11-03 17:08:08.798 V/WindowManagerShell( 933): Transition doesn't have explicit remote, search filters for match for {id=35 t=CLOSE f=0x0 trk=0 r=[0@Point(0, 0)] c=[{null m=CLOSE f=FILLS_TASK leash=Surface(name=ActivityRecord{a36915d u0 com.cibn.tv/com.youku.tv.lab.PlayLabActivity)/@0x3efe7cd sb=Rect(0, 0 - 1920, 1080) eb=Rect(0, 0 - 1920, 1080) d=0},{null m=TO_FRONT f=FILLS_TASK leash=Surface(name=ActivityRecord{c7cba5a u0 com.cibn.tv/com.youku.tv.home.activity.HomeActivity)/@0xb545882 sb=Rect(0, 0 - 1920, 1080) eb=Rect(0, 0 - 1920, 1080) d=0}]}
11-03 17:08:08.799 V/WindowManagerShell( 933): Delegate animation for #35 to null
11-03 17:08:08.799 V/WindowManagerShell( 933): try handler com.android.wm.shell.transition.DefaultTransitionHandler@e71a65
11-03 17:08:08.799 V/WindowManagerShell( 933): start default transition animation, info = {id=35 t=CLOSE f=0x0 trk=0 r=[0@Point(0, 0)] c=[{null m=CLOSE f=FILLS_TASK leash=Surface(name=ActivityRecord{a36915d u0 com.cibn.tv/com.youku.tv.lab.PlayLabActivity)/@0x3efe7cd sb=Rect(0, 0 - 1920, 1080) eb=Rect(0, 0 - 1920, 1080) d=0},{null m=TO_FRONT f=FILLS_TASK leash=Surface(name=ActivityRecord{c7cba5a u0 com.cibn.tv/com.youku.tv.home.activity.HomeActivity)/@0xb545882 sb=Rect(0, 0 - 1920, 1080) eb=Rect(0, 0 - 1920, 1080) d=0}]}
11-03 17:08:08.799 V/WindowManagerShell( 933): loadAnimation: anim=null animAttr=0x6 type=CLOSE isEntrance=true
11-03 17:08:08.799 V/WindowManagerShell( 933): loadAnimation: anim=null animAttr=0x7 type=CLOSE isEntrance=false
11-03 17:08:08.800 V/WindowManagerShell( 933): Transition animation finished (aborted=false), notifying core (#35)android.os.BinderProxy@d0c4964@0
11-03 17:08:08.802 V/WindowManager( 697): Finish Transition #35: created at
11-03 17:08:08.727 collect-started=0.063ms request-sent=0.126ms started=4.08ms ready=13.392ms sent=68.942ms finished=73.719ms
11-03 17:08:08.803 V/WindowManagerShell( 933): Track 0 became idle
11-03 17:08:08.803 V/WindowManagerShell( 933): All active transition animations finished
11-03 17:08:08.803 V/WindowManagerShell( 933): animated by com.android.wm.shell.transition.DefaultTransitionHandler@e71a65
11-03 17:08:08.804 V/WindowManagerShell( 933): Track 0 became idle
11-03 17:08:08.804 V/WindowManagerShell( 933): All active transition animations finished
11-03 17:08:08.839 D/CoreBackPreview( 697): Window{eed6af7 u0 com.cibn.tv/com.youku.tv.lab.PlayLabActivity}: Setting back callback null
11-03 17:08:08.842 D/WindowManagerShell( 933): TvPipController: onTaskStackChanged()
11-03 17:08:08.867 W/ContextImpl( 697): Calling a method in the system process without a qualified user: android.app.ContextImpl.startService:1899 com.android.server.wm.DisplayPolicy.lambda$focusChangedLw$5:2126 com.android.server.wm.DisplayPolicy.$r8$lambda$Znxk63oh-WzVnzo_WQefN7uxV48:0 com.android.server.wm.DisplayPolicy$$ExternalSyntheticLambda13.run:0 android.os.Handler.handleCallback:958
11-03 17:08:09.293 I/PowerManagerService( 697): Allowing device wake-up without android.permission.TURN_SCREEN_ON for com.cibn.tv --------- beginning of main
11-03 17:08:13.045 I/HTTP_KIT_LOG( 4419): [AddRequestHeader:498] job:SCENE_PCDN_NG:[jobId_250] add header:[ range_from:1487540,cur_download:0 | User-Agent :Youku-ntk;Android;13.0.1.3;Scene4
11-03 17:08:13.045 I/HTTP_KIT_LOG( 4419): Range :bytes=1487540-2536115
11-03 17:08:13.045 I/HTTP_KIT_LOG( 4419): | Add Ip Resolve: 125.94.42.155 ]
11-03 17:08:13.053 E/DOWNLOADER_LOG( 4419): [NewPCDNDownloadFilter.cpp::Read:770] [tunnel:24][stream_id:78][player_id:23][52]read eof 1536204totalsize:1536204
11-03 17:08:13.054 E/DOWNLOADER_LOG( 4419): [NewPCDNDownloadFilter.cpp::ReportLastInfo:978] [tunnel:24][stream_id:78][player_id:23][52]pcdn excInfo:out_pcdn>0^out_ec>40012^pcdn_ng_crc>0^pcdn_ng_cdn>1^pcdn_ng_range>0--1^pcdn_ng_size>1536204^dp1>18^dp2>28^dp3>0^ep1>0^ep2>0^ep3>0^dw_bytes>6291456
11-03 17:08:13.054 E/DOWNLOADER_LOG( 4419): [RetryableStream.cpp::Read:1229] [tunnel:24][stream_id:78][23] internalRead level:1, downgrade switch:0, stream time out:0, result:5, result size:0
11-03 17:08:13.054 E/DOWNLOADER_LOG( 4419): [RetryableStream.cpp::Read:1269] [tunnel:24][stream_id:78][23] read result:5, second:5, level:1, size:0, packet size:35652, hash:0, offset:1536204, hsoffset:0, heoffset:0, vid:(null), file:07001800006704E49D08ED93983D7CD50906A8-48C1-4984-8F10-C34EC8AC6F40_audio_00026, internal duration:0, duration:1
11-03 17:08:13.055 W/YKABRLog[[ABR]]( 4419): CABRStrategy::setExternalSpeedValue 2047968 Bps, limit (0, 125000000], use external speed 1
11-03 17:08:13.057 E/DOWNLOADER_LOG( 4419): [RetryableStream.cpp::Open:924] [tunnel:24][stream_id:80][23] RetryableStream open url:http://valipl10.cp31.ott.cibntv.net/69759DC852F377193539D2117/07001800006704E49D08ED93983D7CD50906A8-48C1-4984-8F10-C34EC8AC6F40_audio_00027.mp4?ccode=0103010102&duration=0&expire=18000&psid=a1304d33d4c1c9ee75dea6ee40150d0442346&ups_client_netip=7157521f&ups_ts=1762160889&ups_userid=1400807978&apscid=&mnid=&rid=20000000FCB9C0D745455205120D7D1F03EE3F1902000000&operate_type=1&umt=1&type=cmfa3hd5_dtsc51&utid=aQSc5ul7QxsDADFIplqlGPrV&vid=XNTk2NDM1MjEyOA%3D%3D&s=ddbf820df3884e3480f6&iv=1&t=93474ffdd30e57c&cug=2&bc=2&si=583&eo=1&ykfs=1064140&ckt=5&m_onoff=0&vkey=Beb4d3061cde05ebe438c6b9780796780&fms=740c581331c8c54b&tr=6902&le=efa86e471d9c400a4077189869fb1d76&yk_pid=cd719a991a008182&app_key=23299685&app_ver=2131300103&pcdn_did=49&pcdn_url_no=27, need trace:0, default_pack_size:32768
11-03 17:08:13.058 E/DOWNLOADER_LOG( 4419): [CacheWriter.cpp::AcquireDataStore:705] AcquireDataStore,miss cache:07001800006704E49D08ED93983D7CD50906A8-48C1-4984-8F10-C34EC8AC6F40_audio_00027
11-03 17:08:13.058 E/DOWNLOADER_LOG( 4419): [CacheDownloadFilter.cpp::ShouldRespond:111] memory data store:nullptr
11-03 17:08:13.058 E/DOWNLOADER_LOG( 4419): [NewPCDNDownloadFilter.cpp::ShouldRespond:340] [playerid:23] isFreeFlow=0 url=http://valipl10.cp31.ott.cibntv.net/69759DC852F377193539D2117/07001800006704E49D08ED93983D7CD50906A8-48C1-4984-8F10-C34EC8AC6F40_audio_00027.mp4?ccode=0103010102&duration=0&expire=18000&psid=a1304d33d4c1c9ee75dea6ee40150d0442346&ups_client_netip=7157521f&ups_ts=1762160889&ups_userid=1400807978&apscid=&mnid=&rid=20000000FCB9C0D745455205120D7D1F03EE3F1902000000&operate_type=1&umt=1&type=cmfa3hd5_dtsc51&utid=aQSc5ul7QxsDADFIplqlGPrV&vid=XNTk2NDM1MjEyOA%3D%3D&s=ddbf820df3884e3480f6&iv=1&t=93474ffdd30e57c&cug=2&bc=2&si=583&eo=1&ykfs=1064140&ckt=5&m_onoff=0&vkey=Beb4d3061cde05ebe438c6b9780796780&fms=740c581331c8c54b&tr=6902&le=efa86e471d9c400a4077189869fb1d76&yk_pid=cd719a991a008182&app_key=23299685&app_ver=2131300103&pcdn_did=49&pcdn_url_no=27
11-03 17:08:13.063 I/HTTP_KIT_LOG( 4419): [StopTimer:165] SCENE_PCDN_NG:[jobId_250] stop open timeout timer
11-03 17:08:13.066 E/DOWNLOADER_LOG( 4419): [RetryableStream.cpp::operator():1999] [tunnel:24][stream_id:80]FLOWRATE-> MonitorHook OnOpen curl_level: 1
11-03 17:08:13.066 E/HTTP_KIT_LOG( 4419): [OnResponse:205] SCENE_PCDN_NG:[jobId_250] OnResponse content-length:1048576 of content-type:video/mp4, file-size:10089637
11-03 17:08:13.066 E/HTTP_KIT_LOG( 4419): headers:Content-Range:bytes 1487540-2536115/10089637
11-03 17:08:13.066 E/HTTP_KIT_LOG( 4419): Etag:"B5506E4301B3605DD6B3E2AB0268CE12"
11-03 17:08:13.066 E/HTTP_KIT_LOG( 4419): Via:ens-cache15.l2cn7146[0,0,304-0,H], ens-cache40.l2cn7146[2,0], ens-cache40.l2cn7146[2,0], ens-cache26.cn8704[48,90,304-0,H], ens-cache18.cn8704[94,0],cache23.hnchangsha-mp02[0,200-0,H],cache33.hnchangsha-mp02[1,206],cache05.gdgz-ct126[0,200-0,H],cache01.gdgz-ct126[3,206]
11-03 17:08:13.068 I/HTTP_KIT_LOG( 4419): [operator():492] SCENE_PCDN_NG:[jobId_250] notify response
11-03 17:08:13.074 F/[PCDN_NG]( 4419): [reader.cpp::access_log_commit:453] T_access utdid:did[49]sid[52]uno[26] content:
11-03 17:08:13.074 E/[PCDN_NG]( 4419): [reader.cpp::access_log_commit:453] T_access utdid:did[49]sid[52]uno[26] content:
11-03 17:08:13.074 F/[PCDN_NG]( 4419): {"peer_id":"300000017BFFB69425639CDB7D8DBFDCBF8B06E2","utdid":"aQSc5ul7QxsDADFIplqlGPrV","version":"10.25.2.4140","proxy_type":"12","server_type":"1","dnsType":"","did":"49","sid":"52","index":"26","file_size":"1536204","content_length":"1536204","body_send":"1536204","out_byte":"1536204","downloaded":"1536204","play_time":"2323","speed":"661","completed_":"1","pcdn_reader_start_ts":"1762160890541","pcdn_determine_t1_ts":"1762160890544","pcdn_send_complete_ts":"1762160892864","ttfb":"0","request_range":"0--1","offset":"0","rid":"20000000FCB9C0D745455205120D7D1F03EE3F1902000000","time_stamp":"1762160893073","cdn_url":"http://valipl10.cp31.ott.cibntv.net/677436566823C71B8ABF32A3B/07001800006704E49D08ED93983D7CD50906A8-48C1-4984-8F10-C34EC8AC6F40_audio_00026.mp4?ccode=0103010102&duration=0&expire=18000&psid=a1304d33d4c1c9ee75dea6ee40150d0442346&ups_client_netip=7157521f&ups_ts=1762160889&ups_userid=1400807978&apscid=&mnid=&rid=20000000FCB9C0D745455205120D7D1F03EE3F1902000000&operate_type=1&umt=1&type=cmfa3hd5_d
11-03 17:08:13.074 E/[PCDN_NG]( 4419): {"peer_id":"300000017BFFB69425639CDB7D8DBFDCBF8B06E2","utdid":"aQSc5ul7QxsDADFIplqlGPrV","version":"10.25.2.4140","proxy_type":"12","server_type":"1","dnsType":"","did":"49","sid":"52","index":"26","file_size":"1536204","content_length":"1536204","body_send":"1536204","out_byte":"1536204","downloaded":"1536204","play_time":"2323","speed":"661","completed_":"1","pcdn_reader_start_ts":"1762160890541","pcdn_determine_t1_ts":"1762160890544","pcdn_send_complete_ts":"1762160892864","ttfb":"0","request_range":"0--1","offset":"0","rid":"20000000FCB9C0D745455205120D7D1F03EE3F1902000000","time_stamp":"1762160893073","cdn_url":"http://valipl10.cp31.ott.cibntv.net/677436566823C71B8ABF32A3B/07001800006704E49D08ED93983D7CD50906A8-48C1-4984-8F10-C34EC8AC6F40_audio_00026.mp4?ccode=0103010102&duration=0&expire=18000&psid=a1304d33d4c1c9ee75dea6ee40150d0442346&ups_client_netip=7157521f&ups_ts=1762160889&ups_userid=1400807978&apscid=&mnid=&rid=20000000FCB9C0D745455205120D7D1F03EE3F1902000000&operate_type=1&umt=1&type=cmfa3hd5_dtsc51&utid=aQSc5ul7QxsDADFIplqlGPrV&vid=XNTk2NDM1MjEyOA%3D%3D&s=ddbf820df3884e3480f6&iv=1&t=93474ffdd30e57c&cug=2&bc=2&si=583&eo=1&ykfs=1536204&ckt=5&m_onoff=0&vkey=B3f7f7617afd8cbaa81ff8b8213689409&fms=740c581331c8c54b&tr=6902&le=efa86e471d9c400a4077189869fb1d76&yk_pid=cd719a991a008182&app_key=23299685&app_ver=2131300103","domain":"pl.cp31.ott.cibntv.net","ctl_cost_time":"0","ips":"125.94.42.155","t1_down_spy":"1179648","t2_down_spy":"0","t3_down_spy":"0","t31_down_spy":"0","from_beat":"1","cdn_detail":"did[49]sid[52]uno[26][2#208][2#208-2#216]task:url_no:26offset:1511776length:56172,url_no:27offset:0length:533652,did[49]sid[52]uno[26][2#217][2#247-2#254]task:url_no:26offset:963528length:100612,url_no:27offset:0length:423676,did[49]sid[52]uno[26][2#221][2#221-2#221]task:url_no:26offset:795796length:65536,","p2p_detail":"did[49]sid[52]uno[26][2#217-2#246]task:from:T2","controller":"1,1,123,1,1,1,1,1,1,1,","cdn_reason":"","p2p_reason":"","out_pcdn_reason":"40012"
11-03 17:08:13.074 F/[PCDN_NG]( 4419): ,"down_id":"[2#221]","read_id":"[2#232]","down_buffer":"1968","playable_zone":"1968","play_speed":"1.000000","error_code":"0","ntk_last_report":"@BizType>pcdn_ng^yecs_downgrade>0^tcp_info>^yecs_list>^transfer_speeds>^strategyList>^hostIpList>125.94.42.155[2],125.94.42.156[1]^effectiveUrl>^header>Server%3ATengine-HSY%0AContent-Type%3Avideo%2Fmp4%0AContent-Length%3A65536%0AVia%3Acache23.l2cn1852%5B86%2C86%2C200-0%2CH%5D%2C%20cache28.l2cn1852%5B88%2C0%5D%2C%20cache28.l2cn1852%5B88%2C0%5D%2C%20ens-cache34.cn7773%5B112%2C112%2C304-0%2CM%5D%2C%20ens-cache24.cn7773%5B119%2C0%5D%2Ccache04.fjquanzhou-mp02%5B12%2C200-0%2CH%5D%2Ccache20.fjquanzhou-mp02%5B13%2C206%5D%2Ccache08.gdgz-ct126%5B0%2C200-0%2CH%5D%2Ccache10.gdgz-ct126%5B2%2C206%5D%0AX-Cache%3AHIT%20TCP_HIT%0AContent-Range%3Abytes%20795796-861331%2F1536204%0A^error_rtt>-1^firstBTime>19970^speed>2826.3^dnsType>2^httpCode>206^errorCodeList>0^yecs_error_codes>^cdnIp>125.94.42.155[2]^downloadSize>65536^url>^connectTime>93","down_id_from":"2","down_id_duration":"2.00
11-03 17:08:13.074 E/[PCDN_NG]( 4419): ,"down_id":"[2#221]","read_id":"[2#232]","down_buffer":"1968","playable_zone":"1968","play_speed":"1.000000","error_code":"0","ntk_last_report":"@BizType>pcdn_ng^yecs_downgrade>0^tcp_info>^yecs_list>^transfer_speeds>^strategyList>^hostIpList>125.94.42.155[2],125.94.42.156[1]^effectiveUrl>^header>Server%3ATengine-HSY%0AContent-Type%3Avideo%2Fmp4%0AContent-Length%3A65536%0AVia%3Acache23.l2cn1852%5B86%2C86%2C200-0%2CH%5D%2C%20cache28.l2cn1852%5B88%2C0%5D%2C%20cache28.l2cn1852%5B88%2C0%5D%2C%20ens-cache34.cn7773%5B112%2C112%2C304-0%2CM%5D%2C%20ens-cache24.cn7773%5B119%2C0%5D%2Ccache04.fjquanzhou-mp02%5B12%2C200-0%2CH%5D%2Ccache20.fjquanzhou-mp02%5B13%2C206%5D%2Ccache08.gdgz-ct126%5B0%2C200-0%2CH%5D%2Ccache10.gdgz-ct126%5B2%2C206%5D%0AX-Cache%3AHIT%20TCP_HIT%0AContent-Range%3Abytes%20795796-861331%2F1536204%0A^error_rtt>-1^firstBTime>19970^speed>2826.3^dnsType>2^httpCode>206^errorCodeList>0^yecs_error_codes>^cdnIp>125.94.42.155[2]^downloadSize>65536^url>^connectTime>93","down_id_from":"2","down_id_duration":"2.009000","crc":"0"}
11-03 17:08:13.075 E/DOWNLOADER_LOG( 4419): [NewPCDNDownloadFilter.cpp::UpdateRequestSize:1017] [tunnel:24][stream_id:80][player_id:23][54][54]size:1064140
11-03 17:08:13.076 E/DOWNLOADER_LOG( 4419): [RetryableStream.cpp::operator():1048] [tunnel:24][stream_id:80][23] open uri:http://valipl10.cp31.ott.cibntv.net/69759DC852F377193539D2117/07001800006704E49D08ED93983D7CD50906A8-48C1-4984-8F10-C34EC8AC6F40_audio_00027.mp4?ccode=0103010102&duration=0&expire=18000&psid=a1304d33d4c1c9ee75dea6ee40150d0442346&ups_client_netip=7157521f&ups_ts=1762160889&ups_userid=1400807978&apscid=&mnid=&rid=20000000FCB9C0D745455205120D7D1F03EE3F1902000000&operate_type=1&umt=1&type=cmfa3hd5_dtsc51&utid=aQSc5ul7QxsDADFIplqlGPrV&vid=XNTk2NDM1MjEyOA%3D%3D&s=ddbf820df3884e3480f6&iv=1&t=93474ffdd30e57c&cug=2&bc=2&si=583&eo=1&ykfs=1064140&ckt=5&m_onoff=0&vkey=Beb4d3061cde05ebe438c6b9780796780&fms=740c581331c8c54b&tr=6902&le=efa86e471d9c400a4077189869fb1d76&yk_pid=cd719a991a008182&app_key=23299685&app_ver=2131300103&pcdn_did=49&pcdn_url_no=27 with level 1, result:0
11-03 17:08:13.078 E/DOWNLOADER_LOG( 4419): [RetryableStream.cpp::Open:1185] [tunnel:24][stream_id:80][23] retryable stream done with uri:http://valipl10.cp31.ott.cibntv.net/69759DC852F377193539D2117/07001800006704E49D08ED93983D7CD50906A8-48C1-4984-8F10-C34EC8AC6F40_audio_00027.mp4?ccode=0103010102&duration=0&expire=18000&psid=a1304d33d4c1c9ee75dea6ee40150d0442346&ups_client_netip=7157521f&ups_ts=1762160889&ups_userid=1400807978&apscid=&mnid=&rid=20000000FCB9C0D745455205120D7D1F03EE3F1902000000&operate_type=1&umt=1&type=cmfa3hd5_dtsc51&utid=aQSc5ul7QxsDADFIplqlGPrV&vid=XNTk2NDM1MjEyOA%3D%3D&s=ddbf820df3884e3480f6&iv=1&t=93474ffdd30e57c&cug=2&bc=2&si=583&eo=1&ykfs=1064140&ckt=5&m_onoff=0&vkey=Beb4d3061cde05ebe438c6b9780796780&fms=740c581331c8c54b&tr=6902&le=efa86e471d9c400a4077189869fb1d76&yk_pid=cd719a991a008182&app_key=23299685&app_ver=2131300103&pcdn_did=49&pcdn_url_no=27 with level 1, result:0
11-03 17:08:13.079 E/DOWNLOADER_LOG( 4419): [RetryableStream.cpp::Close:1348] [tunnel:24][stream_id:78][KeyFlow] close stream [cdn_ip:125.94.42.155][url:http://valipl10.cp31.ott.cibntv.net/677436566823C71B8ABF32A3B/07001800006704E49D08ED93983D7CD50906A8-48C1-4984-8F10-C34EC8AC6F40_audio_00026.mp4?ccode=0103010102&duration=0&expire=18000&psid=a1304d33d4c1c9ee75dea6ee40150d0442346&ups_client_netip=7157521f&ups_ts=1762160889&ups_userid=1400807978&apscid=&mnid=&rid=20000000FCB9C0D745455205120D7D1F03EE3F1902000000&operate_type=1&umt=1&type=cmfa3hd5_dtsc51&utid=aQSc5ul7QxsDADFIplqlGPrV&vid=XNTk2NDM1MjEyOA%3D%3D&s=ddbf820df3884e3480f6&iv=1&t=93474ffdd30e57c&cug=2&bc=2&si=583&eo=1&ykfs=1536204&ckt=5&m_onoff=0&vkey=B3f7f7617afd8cbaa81ff8b8213689409&fms=740c581331c8c54b&tr=6902&le=efa86e471d9c400a4077189869fb1d76&yk_pid=cd719a991a008182&app_key=23299685&app_ver=2131300103&pcdn_did=49&pcdn_url_no=26]
11-03 17:08:13.079 E/DOWNLOADER_LOG( 4419): [RetryableStream.cpp::Close:1382] [tunnel:24][stream_id:78]tunnelstat:b0>0^b1>0^b2>0^b3>0^b1r>0^b3r>0^pcdn>
11-03 17:08:13.080 E/DOWNLOADER_LOG( 4419): [NewPCDNDownloadFilter.cpp::Close:820] [tunnel:24][stream_id:78][player_id:23][52]Close size:1536204totalSize:1536204
11-03 17:08:13.081 I/HTTP_KIT_LOG( 4419): [Send:235] SCENE_PCDN_NG:[jobId_251] Send url http://valipl10.cp31.ott.cibntv.net/69759DC852F377193539D2117/07001800006704E49D08ED93983D7CD50906A8-48C1-4984-8F10-C34EC8AC6F40_audio_00027.mp4?ccode=0103010102&duration=0&expire=18000&psid=a1304d33d4c1c9ee75dea6ee40150d0442346&ups_client_netip=7157521f&ups_ts=1762160889&ups_userid=1400807978&apscid=&mnid=&rid=20000000FCB9C0D745455205120D7D1F03EE3F1902000000&operate_type=1&umt=1&type=cmfa3hd5_dtsc51&utid=aQSc5ul7QxsDADFIplqlGPrV&vid=XNTk2NDM1MjEyOA%3D%3D&s=ddbf820df3884e3480f6&iv=1&t=93474ffdd30e57c&cug=2&bc=2&si=583&eo=1&ykfs=1064140&ckt=5&m_onoff=0&vkey=Beb4d3061cde05ebe438c6b9780796780&fms=740c581331c8c54b&tr=6902&le=efa86e471d9c400a4077189869fb1d76&yk_pid=cd719a991a008182&app_key=23299685&app_ver=2131300103
11-03 17:08:13.081 I/HTTP_KIT_LOG( 4419): [UpdateConfig:108] SCENE_PCDN_NG:[jobId_251] dump config:Range :bytes=570312-635847
11-03 17:08:13.081 I/HTTP_KIT_LOG( 4419): [UpdateUrl:66] use domain valipl10.cp31.ott.cibntv.net
11-03 17:08:13.081 I/HTTP_KIT_LOG( 4419): [InstallTimer:128] SCENE_PCDN_NG:[jobId_251] start open timeout timer=999999
11-03 17:08:13.081 E/HTTP_KIT_LOG( 4419): [Lookup:118] SCENE_PCDN_NG:[jobId_251] SmartDns use cache domain:valipl10.cp31.ott.cibntv.net addrs:125.94.42.155[2],125.94.42.156[1],
11-03 17:08:13.085 I/HTTP_KIT_LOG( 4419): [AddRequestHeader:498] job:SCENE_PCDN_NG:[jobId_251] add header:[ range_from:570312,cur_download:0 | User-Agent :Youku-ntk;Android;13.0.1.3;Scene4
11-03 17:08:13.085 I/HTTP_KIT_LOG( 4419): Range :bytes=570312-635847
11-03 17:08:13.085 I/HTTP_KIT_LOG( 4419): | Add Ip Resolve: 125.94.42.155 ]
11-03 17:08:13.105 I/HTTP_KIT_LOG( 4419): [StopTimer:165] SCENE_PCDN_NG:[jobId_251] stop open timeout timer
11-03 17:08:13.105 I/HTTP_KIT_LOG( 4419): [operator():492] SCENE_PCDN_NG:[jobId_251] notify response
11-03 17:08:13.105 E/HTTP_KIT_LOG( 4419): [OnResponse:205] SCENE_PCDN_NG:[jobId_251] OnResponse content-length:65536 of content-type:video/mp4, file-size:1064140
11-03 17:08:13.105 E/HTTP_KIT_LOG( 4419): headers:Content-Range:bytes 570312-635847/1064140
11-03 17:08:13.105 E/HTTP_KIT_LOG( 4419): Etag:"58585AFF6FB5BA411B58F1CBC2A15281"
11-03 17:08:13.105 E/HTTP_KIT_LOG( 4419): Via:cache12.l2cn3008[0,18,200-0,H], cache35.l2cn3008[20,0], ens-vcache10.cn4355[42,42,206-0,M], ens-vcache26.cn4355[43,0],cache53.hnchangsha-mp02[11,200-0,H],cache46.hnchangsha-mp02[13,206],cache10.gdgz-ct126[0,200-0,H],cache10.gdgz-ct126[1,206]
11-03 17:08:13.119 I/HTTP_KIT_LOG( 4419): [operator():463] SCENE_PCDN_NG:[jobId_251] notify complete
11-03 17:08:13.138 I/HTTP_KIT_LOG( 4419): [operator():463] SCENE_PCDN_NG:[jobId_250] notify complete
11-03 17:08:13.152 I/HTTP_KIT_LOG( 4419): [Close:281] SCENE_PCDN_NG:[jobId_251] Close
11-03 17:08:13.152 E/DOWNLOADER_LOG( 4419): [NewPCDNDownloadFilter.cpp::SetDownloadComplete:847] filesize is 1064140 data received cost 76 total cost 89
11-03 17:08:13.153 I/HTTP_KIT_LOG( 4419): [PrintStr:417] SCENE_PCDN_NG:[jobId_251] ReportStat: {"appconnectTime":89.99,"connectTime":89.99,"dnsTime":143.0,"downloadSize":65536.0,"downloadTime":25837.0,"error_rtt":-1.0,"firstBTime":24462.0,"firstKBTime":24462.0,"firstMBTime":0.0,"last32KTime":24462.0,"redirectTime":0.0,"speed":2536.51,"starttransferTime":17958.0}
11-03 17:08:13.157 I/HTTP_KIT_LOG( 4419): [Close:281] SCENE_PCDN_NG:[jobId_250] Close
11-03 17:08:13.157 I/HTTP_KIT_LOG( 4419): [PrintStr:417] SCENE_PCDN_NG:[jobId_250] ReportStat: {"appconnectTime":94.0,"connectTime":94.0,"dnsTime":422.0,"downloadSize":1048576.0,"downloadTime":88387.0,"error_rtt":-1.0,"firstBTime":22062.0,"firstKBTime":22062.0,"firstMBTime":88121.0,"last32KTime":22062.0,"redirectTime":0.0,"speed":11863.46,"starttransferTime":15574.0}
11-03 17:08:13.160 I/HTTP_KIT_LOG( 4419): [Send:235] SCENE_PCDN_NG:[jobId_252] Send url http://valipl10.cp31.ott.cibntv.net/67756D6080932713CFC02204E/0501100000669B4DCC0467A4424B4B3097ED14-F4B3-466F-B55E-A2D791FCC5D0_video_00027.mp4?ccode=0103010102&duration=6917&expire=18000&psid=a1304d33d4c1c9ee75dea6ee40150d0442346&ups_client_netip=7157521f&ups_ts=1762160889&ups_userid=1400807978&utid=aQSc5ul7QxsDADFIplqlGPrV&vid=XNTk2NDM1MjEyOA%3D%3D&s=ddbf820df3884e3480f6&iv=1&eo=1&t=93474ffdd30e57f&cug=1&fms=1516d2ab8ae8a9c1&tr=6917&le=90570a0cfcfeb6ac9eee54fc135d083e&ckt=5&m_onoff=0&rid=20000000BE2C224CE2BDABCB8431FEC525F7F0D702000000&type=cmfv5hd4_hbr_bit10&bc=2&dre=u151&si=573&dst=1&yk_pid=cd719a991a008182&sm=1&operate_type=1&app_key=23299685&app_ver=2131300103&vkey=B1b3ee07f635d31e0af34d69e96d8b692
11-03 17:08:13.161 I/HTTP_KIT_LOG( 4419): [UpdateConfig:108] SCENE_PCDN_NG:[jobId_252] dump config:Range :bytes=6337204-7385779
11-03 17:08:13.161 I/HTTP_KIT_LOG( 4419): [UpdateUrl:66] use domain valipl10.cp31.ott.cibntv.net
11-03 17:08:13.161 I/HTTP_KIT_LOG( 4419): [InstallTimer:128] SCENE_PCDN_NG:[jobId_252] start open timeout timer=999999
11-03 17:08:13.161 E/HTTP_KIT_LOG( 4419): [Lookup:118] SCENE_PCDN_NG:[jobId_252] SmartDns use cache domain:valipl10.cp31.ott.cibntv.net addrs:125.94.42.155[2],125.94.42.156[1],
11-03 17:08:13.162 I/HTTP_KIT_LOG( 4419): [AddRequestHeader:498] job:SCENE_PCDN_NG:[jobId_252] add header:[ range_from:6337204,cur_download:0 | User-Agent :Youku-ntk;Android;13.0.1.3;Scene4
11-03 17:08:13.162 I/HTTP_KIT_LOG( 4419): Range :bytes=6337204-7385779
11-03 17:08:13.162 I/HTTP_KIT_LOG( 4419): | Add Ip Resolve: 125.94.42.155 ]
11-03 17:08:13.230 I/HTTP_KIT_LOG( 4419): [StopTimer:165] SCENE_PCDN_NG:[jobId_252] stop open timeout timer
11-03 17:08:13.231 I/HTTP_KIT_LOG( 4419): [operator():492] SCENE_PCDN_NG:[jobId_252] notify response
11-03 17:08:13.232 E/HTTP_KIT_LOG( 4419): [OnResponse:205] SCENE_PCDN_NG:[jobId_252] OnResponse content-length:1048576 of content-type:video/mp4, file-size:10089637
11-03 17:08:13.232 E/HTTP_KIT_LOG( 4419): headers:Content-Range:bytes 6337204-7385779/10089637
11-03 17:08:13.232 E/HTTP_KIT_LOG( 4419): Etag:"B5506E4301B3605DD6B3E2AB0268CE12"
11-03 17:08:13.232 E/HTTP_KIT_LOG( 4419): Via:ens-cache15.l2cn7146[0,0,304-0,H], ens-cache40.l2cn7146[2,0], ens-cache40.l2cn7146[2,0], ens-cache26.cn8704[48,90,304-0,H], ens-cache18.cn8704[94,0],cache23.hnchangsha-mp02[0,200-0,H],cache33.hnchangsha-mp02[1,206],cache05.gdgz-ct126[0,200-0,H],cache01.gdgz-ct126[1,206]
11-03 17:08:13.276 I/VDA ( 7986): [0##103]"ServiceDeviceTask INs=56/63, OUTs=52/56"" {IN=7/8, OUT=9/13[kAtAccelerator(0) kAtDevice(4) kAtClient(9)]}"
11-03 17:08:13.307 E/DnaLog[util trace][15]( 4419): [DNAEvent_Abnormal:SectionTimeout]module name:audio consumer, SectionName:RenderOutput, cost: 160/266307, 1762160893307577 - 1762160893041270
11-03 17:08:13.313 E/DnaLog[VideoConsumer][23]( 4419): [DNAEvent_Abnormal:AVUnsync]av Unsync happened diff:-607080, videoPts(334125000), clockTime(333517920), mAVUnsyncCount(4), mMaxUnsyncInterval:600000
11-03 17:08:13.316 E/ottp_sdk_MediaPlayerWrapper[199526324][state:4][XNTk2NDM1MjEyOA==+23+1762160889717]( 4419): onInfoExtend: TYPE_MSG_RENDERTIMEOUT_VIDEO
11-03 17:08:13.316 E/ottp_sdk_VpmLogManager( 4419): onPlayerDataUpdate : {VideoRToCnt=0, AVUnsyncCount=4}
11-03 17:08:13.337 I/HTTP_KIT_LOG( 4419): [operator():463] SCENE_PCDN_NG:[jobId_252] notify complete
11-03 17:08:13.339 I/HTTP_KIT_LOG( 4419): [Close:281] SCENE_PCDN_NG:[jobId_252] Close
11-03 17:08:13.339 I/HTTP_KIT_LOG( 4419): [PrintStr:417] SCENE_PCDN_NG:[jobId_252] ReportStat: {"appconnectTime":99.99,"connectTime":99.0,"dnsTime":161.0,"downloadSize":1048576.0,"downloadTime":176255.0,"error_rtt":-1.0,"firstBTime":71163.0,"firstKBTime":71163.0,"firstMBTime":175839.0,"last32KTime":71738.0,"redirectTime":0.0,"speed":5949.19,"starttransferTime":60766.99}
11-03 17:08:13.475 I/CPUMonitor( 4419): type=1400 audit(0.0:3707): avc: denied { open } for path="/proc/stat" dev="proc" ino=4026532003 scontext=u:r:untrusted_app_25:s0:c512,c768 tcontext=u:object_r:proc_stat:s0 tclass=file permissive=1 app=com.cibn.tv
11-03 17:08:13.475 I/CPUMonitor( 4419): type=1400 audit(0.0:3708): avc: denied { getattr } for path="/proc/stat" dev="proc" ino=4026532003 scontext=u:r:untrusted_app_25:s0:c512,c768 tcontext=u:object_r:proc_stat:s0 tclass=file permissive=1 app=com.cibn.tv
11-03 17:08:13.547 I/HTTP_KIT_LOG( 4419): [Send:235] SCENE_PCDN_NG:[jobId_253] Send url http://valipl10.cp31.ott.cibntv.net/67756D6080932713CFC02204E/0501100000669B4DCC0467A4424B4B3097ED14-F4B3-466F-B55E-A2D791FCC5D0_video_00027.mp4?ccode=0103010102&duration=6917&expire=18000&psid=a1304d33d4c1c9ee75dea6ee40150d0442346&ups_client_netip=7157521f&ups_ts=1762160889&ups_userid=1400807978&utid=aQSc5ul7QxsDADFIplqlGPrV&vid=XNTk2NDM1MjEyOA%3D%3D&s=ddbf820df3884e3480f6&iv=1&eo=1&t=93474ffdd30e57f&cug=1&fms=1516d2ab8ae8a9c1&tr=6917&le=90570a0cfcfeb6ac9eee54fc135d083e&ckt=5&m_onoff=0&rid=20000000BE2C224CE2BDABCB8431FEC525F7F0D702000000&type=cmfv5hd4_hbr_bit10&bc=2&dre=u151&si=573&dst=1&yk_pid=cd719a991a008182&sm=1&operate_type=1&app_key=23299685&app_ver=2131300103&vkey=B1b3ee07f635d31e0af34d69e96d8b692
11-03 17:08:13.547 I/HTTP_KIT_LOG( 4419): [UpdateConfig:108] SCENE_PCDN_NG:[jobId_253] dump config:Range :bytes=7975604-9024179
11-03 17:08:13.547 I/HTTP_KIT_LOG( 4419): [UpdateUrl:66] use domain valipl10.cp31.ott.cibntv.net
11-03 17:08:13.547 I/HTTP_KIT_LOG( 4419): [InstallTimer:128] SCENE_PCDN_NG:[jobId_253] start open timeout timer=999999
11-03 17:08:13.547 E/HTTP_KIT_LOG( 4419): [Lookup:118] SCENE_PCDN_NG:[jobId_253] SmartDns use cache domain:valipl10.cp31.ott.cibntv.net addrs:125.94.42.155[2],125.94.42.156[1],
11-03 17:08:13.548 I/HTTP_KIT_LOG( 4419): [AddRequestHeader:498] job:SCENE_PCDN_NG:[jobId_253] add header:[ range_from:7975604,cur_download:0 | User-Agent :Youku-ntk;Android;13.0.1.3;Scene4
11-03 17:08:13.548 I/HTTP_KIT_LOG( 4419): Range :bytes=7975604-9024179
11-03 17:08:13.548 I/HTTP_KIT_LOG( 4419): | Add Ip Resolve: 125.94.42.155 ]
11-03 17:08:13.572 I/HTTP_KIT_LOG( 4419): [StopTimer:165] SCENE_PCDN_NG:[jobId_253] stop open timeout timer
11-03 17:08:13.572 I/HTTP_KIT_LOG( 4419): [operator():492] SCENE_PCDN_NG:[jobId_253] notify response
11-03 17:08:13.572 E/HTTP_KIT_LOG( 4419): [OnResponse:205] SCENE_PCDN_NG:[jobId_253] OnResponse content-length:1048576 of content-type:video/mp4, file-size:10089637
11-03 17:08:13.572 E/HTTP_KIT_LOG( 4419): headers:Content-Range:bytes 7975604-9024179/10089637
11-03 17:08:13.572 E/HTTP_KIT_LOG( 4419): Etag:"B5506E4301B3605DD6B3E2AB0268CE12"
11-03 17:08:13.572 E/HTTP_KIT_LOG( 4419): Via:ens-cache15.l2cn7146[0,0,304-0,H], ens-cache40.l2cn7146[2,0], ens-cache40.l2cn7146[2,0], ens-cache26.cn8704[48,90,304-0,H], ens-cache18.cn8704[94,0],cache23.hnchangsha-mp02[0,200-0,H],cache33.hnchangsha-mp02[1,206],cache05.gdgz-ct126[0,200-0,H],cache01.gdgz-ct126[3,206]
11-03 17:08:13.646 E/DnaLog[hal_opr2_audio][23]( 4419): [ZAUDIO]:CHALOpr2Audio cmdType(1209)
11-03 17:08:13.646 E/DnaLog[util trace][15]( 4419): [DNAEvent_Abnormal:SectionTimeout]module name:audio consumer, SectionName:RenderOutput, cost: 160/242512, 1762160893646645 - 1762160893404133
11-03 17:08:13.742 I/HTTP_KIT_LOG( 4419): [operator():463] SCENE_PCDN_NG:[jobId_253] notify complete
11-03 17:08:13.748 I/HTTP_KIT_LOG( 4419): [Close:281] SCENE_PCDN_NG:[jobId_253] Close
11-03 17:08:13.749 I/HTTP_KIT_LOG( 4419): [PrintStr:417] SCENE_PCDN_NG:[jobId_253] ReportStat: {"appconnectTime":149.0,"connectTime":149.0,"dnsTime":128.0,"downloadSize":1048576.0,"downloadTime":194413.0,"error_rtt":-1.0,"firstBTime":25446.0,"firstKBTime":25446.0,"firstMBTime":193813.0,"last32KTime":25446.0,"redirectTime":0.0,"speed":5393.54,"starttransferTime":23481.0}
11-03 17:08:13.964 D/OPR_v3_OPRDanmakuModule( 4419): OPRDanmakuModule updatePosition: 320210
11-03 17:08:13.983 E/DnaLog[util trace][15]( 4419): [DNAEvent_Abnormal:SectionTimeout]module name:audio consumer, SectionName:RenderOutput, cost: 160/229082, 1762160893983162 - 1762160893754080
11-03 17:08:14.279 I/VDA ( 7986): [0##103]"ServiceDeviceTask INs=78/85, OUTs=74/78"" {IN=7/8, OUT=9/13[kAtAccelerator(0) kAtDevice(4) kAtClient(9)]}"
11-03 17:08:14.291 I//apex/com.android.adbd/bin/adbd( 1361): type=1400 audit(0.0:3709): avc: denied { read write } for comm=75736220666673206F70656E name="ep0" dev="functionfs" ino=25276 scontext=u:r:su:s0 tcontext=u:object_r:functionfs:s0 tclass=file permissive=1
11-03 17:08:14.291 I//apex/com.android.adbd/bin/adbd( 1361): type=1400 audit(0.0:3710): avc: denied { open } for comm=75736220666673206F70656E path="/dev/usb-ffs/adb/ep0" dev="functionfs" ino=25276 scontext=u:r:su:s0 tcontext=u:object_r:functionfs:s0 tclass=file permissive=1
11-03 17:08:14.312 E/speedtest( 4419): mtop_rt:0|63|54|61|59|171|0|0|0|0|0|0|0|0|0|51|0|55|69|0|51|44|58|59|0|0|0|0|44|,traffic_info:[3775, 3564, 2480],rx_byte:-1|1001|419|584|42|1782|261|2735|240|3828|1962|36|2485|1902|202|860|4235|2231|39|41|4615|1150|3775|1800|3564|2480|680|1354|6077|,nc_type:0
11-03 17:08:14.332 E/DnaLog[util trace][15]( 4419): [DNAEvent_Abnormal:SectionTimeout]module name:audio consumer, SectionName:RenderOutput, cost: 160/273016, 1762160894332215 - 1762160894059199
11-03 17:08:14.568 D/OPR_v3_OPRBarrageNativeView( 4419): commitOneBarrage bid:6334156214
11-03 17:08:14.570 D/OPR_v3_OPRBarrageNativeView( 4419): commitOneBarrage bid:6357627120
11-03 17:08:14.575 D/OPR_v3_OPRBarrageNativeView( 4419): commitOneBarrage barrageOnStart bid:6357627120
11-03 17:08:14.575 D/OPR_v3_OPRBarrageNativeView( 4419): commitOneBarrage barrageOnStart bid:6334156214
11-03 17:08:14.680 E/DnaLog[util trace][15]( 4419): [DNAEvent_Abnormal:SectionTimeout]module name:audio consumer, SectionName:RenderOutput, cost: 160/275290, 1762160894680770 - 1762160894405480
11-03 17:08:14.755 I/[NIP] ( 4419): [ng handler] update remote cfg last:1762160884744, cur:1762160894754
11-03 17:08:14.755 E/OTTPlayer( 4419): [NIP] [NIP][ng handler] update remote cfg last:1762160884744, cur:1762160894754
11-03 17:08:14.967 D/OPR_v3_OPRDanmakuModule( 4419): OPRDanmakuModule updatePosition: 321234
11-03 17:08:15.015 E/DnaLog[util trace][15]( 4419): [DNAEvent_Abnormal:SectionTimeout]module name:audio consumer, SectionName:RenderOutput, cost: 160/242602, 1762160895015926 - 1762160894773324
11-03 17:08:15.049 D/OPR_v3_OPRDanmakuModule( 4419): OPRDanmakuModule updatePosition: 321234
11-03 17:08:15.294 I/VDA ( 7986): [0##103]"ServiceDeviceTask INs=105/112, OUTs=101/106"" {IN=7/8, OUT=8/13[kAtAccelerator(0) kAtDevice(5) kAtClient(8)]}"
11-03 17:08:15.361 E/DnaLog[util trace][15]( 4419): [DNAEvent_Abnormal:SectionTimeout]module name:audio consumer, SectionName:RenderOutput, cost: 160/273021, 1762160895360972 - 1762160895087951
11-03 17:08:15.551 I/HTTP_KIT_LOG( 4419): [Send:235] SCENE_PCDN_NG:[jobId_254] Send url http://valipl10.cp31.ott.cibntv.net/67756D6080932713CFC02204E/0501100000669B4DCC0467A4424B4B3097ED14-F4B3-466F-B55E-A2D791FCC5D0_video_00027.mp4?ccode=0103010102&duration=6917&expire=18000&psid=a1304d33d4c1c9ee75dea6ee40150d0442346&ups_client_netip=7157521f&ups_ts=1762160889&ups_userid=1400807978&utid=aQSc5ul7QxsDADFIplqlGPrV&vid=XNTk2NDM1MjEyOA%3D%3D&s=ddbf820df3884e3480f6&iv=1&eo=1&t=93474ffdd30e57f&cug=1&fms=1516d2ab8ae8a9c1&tr=6917&le=90570a0cfcfeb6ac9eee54fc135d083e&ckt=5&m_onoff=0&rid=20000000BE2C224CE2BDABCB8431FEC525F7F0D702000000&type=cmfv5hd4_hbr_bit10&bc=2&dre=u151&si=573&dst=1&yk_pid=cd719a991a008182&sm=1&operate_type=1&app_key=23299685&app_ver=2131300103&vkey=B1b3ee07f635d31e0af34d69e96d8b692
11-03 17:08:15.551 I/HTTP_KIT_LOG( 4419): [UpdateConfig:108] SCENE_PCDN_NG:[jobId_254] dump config:Range :bytes=3519156-3584691
11-03 17:08:15.551 I/HTTP_KIT_LOG( 4419): [UpdateUrl:66] use domain valipl10.cp31.ott.cibntv.net
11-03 17:08:15.551 I/HTTP_KIT_LOG( 4419): [InstallTimer:128] SCENE_PCDN_NG:[jobId_254] start open timeout timer=999999
11-03 17:08:15.551 E/HTTP_KIT_LOG( 4419): [Lookup:118] SCENE_PCDN_NG:[jobId_254] SmartDns use cache domain:valipl10.cp31.ott.cibntv.net addrs:125.94.42.155[2],125.94.42.156[1],
11-03 17:08:15.551 I/HTTP_KIT_LOG( 4419): [AddRequestHeader:498] job:SCENE_PCDN_NG:[jobId_254] add header:[ range_from:3519156,cur_download:0 | User-Agent :Youku-ntk;Android;13.0.1.3;Scene4
11-03 17:08:15.551 I/HTTP_KIT_LOG( 4419): Range :bytes=3519156-3584691
11-03 17:08:15.551 I/HTTP_KIT_LOG( 4419): | Add Ip Resolve: 125.94.42.155 ]
11-03 17:08:15.607 I/WifiHAL ( 475): call wifi_get_link_stats handler
11-03 17:08:15.607 I/WifiHAL ( 475): Creating message to get link statistics; iface = 16
11-03 17:08:15.607 D/WifiHAL ( 475): error code -95 mapped to -3
11-03 17:08:15.607 E/WifiStaIfaceAidlImpl( 697): getLinkLayerStats failed with service-specific exception: android.os.ServiceSpecificException: (code 4)
11-03 17:08:15.696 E/DnaLog[util trace][15]( 4419): [DNAEvent_Abnormal:SectionTimeout]module name:audio consumer, SectionName:RenderOutput, cost: 160/259252, 1762160895696503 - 1762160895437251
11-03 17:08:15.874 I/HTTP_KIT_LOG( 4419): [StopTimer:165] SCENE_PCDN_NG:[jobId_254] stop open timeout timer
11-03 17:08:15.875 I/HTTP_KIT_LOG( 4419): [operator():492] SCENE_PCDN_NG:[jobId_254] notify response
11-03 17:08:15.880 E/HTTP_KIT_LOG( 4419): [OnResponse:205] SCENE_PCDN_NG:[jobId_254] OnResponse content-length:65536 of content-type:video/mp4, file-size:10089637
11-03 17:08:15.880 E/HTTP_KIT_LOG( 4419): headers:Content-Range:bytes 3519156-3584691/10089637
11-03 17:08:15.880 E/HTTP_KIT_LOG( 4419): Etag:"B5506E4301B3605DD6B3E2AB0268CE12"
11-03 17:08:15.880 E/HTTP_KIT_LOG( 4419): Via:ens-cache15.l2cn7146[0,0,304-0,H], ens-cache40.l2cn7146[2,0], ens-cache40.l2cn7146[2,0], ens-cache26.cn8704[48,90,304-0,H], ens-cache18.cn8704[94,0],cache23.hnchangsha-mp02[0,200-0,H],cache33.hnchangsha-mp02[1,206],cache05.gdgz-ct126[0,200-0,H],cache01.gdgz-ct126[2,206]
11-03 17:08:15.968 D/OPR_v3_OPRDanmakuModule( 4419): OPRDanmakuModule updatePosition: 322258
11-03 17:08:15.989 D/BufferPoolAccessor2.0( 4419): bufferpool2 0xa71a2be8 : 4(262144 size) total buffers - 4(262144 size) used buffers - 0/5 (recycle/alloc) - 4/928 (fetch/transfer)
11-03 17:08:15.989 D/BufferPoolAccessor2.0( 4419): evictor expired: 1, evicted: 1
11-03 17:08:15.991 D/BufferPoolAccessor2.0( 594): bufferpool2 0xe5882d28 : 0(0 size) total buffers - 0(0 size) used buffers - 0/0 (recycle/alloc) - 0/0 (fetch/transfer)
11-03 17:08:15.991 D/BufferPoolAccessor2.0( 594): evictor expired: 1, evicted: 1
11-03 17:08:16.039 E/DnaLog[util trace][15]( 4419): [DNAEvent_Abnormal:SectionTimeout]module name:audio consumer, SectionName:RenderOutput, cost: 160/257889, 1762160896039562 - 1762160895781673
11-03 17:08:16.052 I/HTTP_KIT_LOG( 4419): [operator():463] SCENE_PCDN_NG:[jobId_254] notify complete
11-03 17:08:16.053 I/HTTP_KIT_LOG( 4419): [Close:281] SCENE_PCDN_NG:[jobId_254] Close
11-03 17:08:16.053 I/HTTP_KIT_LOG( 4419): [PrintStr:417] SCENE_PCDN_NG:[jobId_254] ReportStat: {"appconnectTime":146.0,"connectTime":146.0,"dnsTime":217.0,"downloadSize":65536.0,"downloadTime":500553.0,"error_rtt":-1.0,"firstBTime":328944.0,"firstKBTime":481222.0,"firstMBTime":0.0,"last32KTime":500311.0,"redirectTime":0.0,"speed":130.92,"starttransferTime":321451.0}
11-03 17:08:16.054 I/HTTP_KIT_LOG( 4419): [Send:235] SCENE_PCDN_NG:[jobId_255] Send url http://valipl10.cp31.ott.cibntv.net/67756D6080932713CFC02204E/0501100000669B4DCC0467A4424B4B3097ED14-F4B3-466F-B55E-A2D791FCC5D0_video_00027.mp4?ccode=0103010102&duration=6917&expire=18000&psid=a1304d33d4c1c9ee75dea6ee40150d0442346&ups_client_netip=7157521f&ups_ts=1762160889&ups_userid=1400807978&utid=aQSc5ul7QxsDADFIplqlGPrV&vid=XNTk2NDM1MjEyOA%3D%3D&s=ddbf820df3884e3480f6&iv=1&eo=1&t=93474ffdd30e57f&cug=1&fms=1516d2ab8ae8a9c1&tr=6917&le=90570a0cfcfeb6ac9eee54fc135d083e&ckt=5&m_onoff=0&rid=20000000BE2C224CE2BDABCB8431FEC525F7F0D702000000&type=cmfv5hd4_hbr_bit10&bc=2&dre=u151&si=573&dst=1&yk_pid=cd719a991a008182&sm=1&operate_type=1&app_key=23299685&app_ver=2131300103&vkey=B1b3ee07f635d31e0af34d69e96d8b692
11-03 17:08:16.055 I/HTTP_KIT_LOG( 4419): [UpdateConfig:108] SCENE_PCDN_NG:[jobId_255] dump config:Range :bytes=6009524-6337203
11-03 17:08:16.055 I/HTTP_KIT_LOG( 4419): [UpdateUrl:66] use domain valipl10.cp31.ott.cibntv.net
11-03 17:08:16.055 I/HTTP_KIT_LOG( 4419): [InstallTimer:128] SCENE_PCDN_NG:[jobId_255] start open timeout timer=999999
11-03 17:08:16.056 E/HTTP_KIT_LOG( 4419): [Lookup:118] SCENE_PCDN_NG:[jobId_255] SmartDns use cache domain:valipl10.cp31.ott.cibntv.net addrs:125.94.42.155[2],125.94.42.156[1],
11-03 17:08:16.056 I/HTTP_KIT_LOG( 4419): [AddRequestHeader:498] job:SCENE_PCDN_NG:[jobId_255] add header:[ range_from:6009524,cur_download:0 | User-Agent :Youku-ntk;Android;13.0.1.3;Scene4
11-03 17:08:16.056 I/HTTP_KIT_LOG( 4419): Range :bytes=6009524-6337203
11-03 17:08:16.056 I/HTTP_KIT_LOG( 4419): | Add Ip Resolve: 125.94.42.155 ]
11-03 17:08:16.301 I/HTTP_KIT_LOG( 4419): [StopTimer:165] SCENE_PCDN_NG:[jobId_255] stop open timeout timer
11-03 17:08:16.301 E/HTTP_KIT_LOG( 4419): [OnResponse:205] SCENE_PCDN_NG:[jobId_255] OnResponse content-length:327680 of content-type:video/mp4, file-size:10089637
11-03 17:08:16.301 E/HTTP_KIT_LOG( 4419): headers:Content-Range:bytes 6009524-6337203/10089637
11-03 17:08:16.301 E/HTTP_KIT_LOG( 4419): Etag:"B5506E4301B3605DD6B3E2AB0268CE12"
11-03 17:08:16.301 E/HTTP_KIT_LOG( 4419): Via:ens-cache15.l2cn7146[0,0,304-0,H], ens-cache40.l2cn7146[2,0], ens-cache40.l2cn7146[2,0], ens-cache26.cn8704[48,90,304-0,H], ens-cache18.cn8704[94,0],cache23.hnchangsha-mp02[0,200-0,H],cache33.hnchangsha-mp02[1,206],cache05.gdgz-ct126[0,200-0,H],cache01.gdgz-ct126[1,206]
11-03 17:08:16.302 I/HTTP_KIT_LOG( 4419): [operator():492] SCENE_PCDN_NG:[jobId_255] notify response
11-03 17:08:16.307 I/DebugUtil( 7986): [0##103]in/out status {INS/OUTS=139(1)/126(0)}, pipeline status {IN=8/8, OUT=9/13[Component(0) Accelerator(4) Client(9)]}
11-03 17:08:16.311 I/HTTP_KIT_LOG( 4419): [operator():463] SCENE_PCDN_NG:[jobId_255] notify complete
11-03 17:08:16.320 I/VDA ( 7986): [0##103]"ServiceDeviceTask INs=131/138, OUTs=127/131"" {IN=7/8, OUT=9/13[kAtAccelerator(0) kAtDevice(4) kAtClient(9)]}"
11-03 17:08:16.322 I/HTTP_KIT_LOG( 4419): [Close:281] SCENE_PCDN_NG:[jobId_255] Close
11-03 17:08:16.323 I/HTTP_KIT_LOG( 4419): [PrintStr:417] SCENE_PCDN_NG:[jobId_255] ReportStat: {"appconnectTime":101.0,"connectTime":101.0,"dnsTime":293.0,"downloadSize":327680.0,"downloadTime":255755.0,"error_rtt":-1.0,"firstBTime":246472.0,"firstKBTime":246472.0,"firstMBTime":0.0,"last32KTime":246976.0,"redirectTime":0.0,"speed":1281.22,"starttransferTime":244156.99}
11-03 17:08:16.384 E/DnaLog[util trace][15]( 4419): [DNAEvent_Abnormal:SectionTimeout]module name:audio consumer, SectionName:RenderOutput, cost: 160/261111, 1762160896384904 - 1762160896123793
11-03 17:08:16.659 D/BufferPoolAccessor2.0( 4419): bufferpool2 0xa71aad48 : 9(75497472 size) total buffers - 8(67108864 size) used buffers - 0/9 (recycle/alloc) - 9/148 (fetch/transfer)
11-03 17:08:16.715 E/DnaLog[util trace][15]( 4419): [DNAEvent_Abnormal:SectionTimeout]module name:audio consumer, SectionName:RenderOutput, cost: 160/245139, 1762160896715595 - 1762160896470456
11-03 17:08:16.969 D/OPR_v3_OPRDanmakuModule( 4419): OPRDanmakuModule updatePosition: 323282
11-03 17:08:16.989 D/BufferPoolAccessor2.0( 4419): evictor expired: 2, evicted: 1
11-03 17:08:17.052 I/audio_hw_hal_stream( 461): aml_stream_out_info_print: out:0xf1bc2110, stream_type:raw, sync_mode:non tunnel, input_size:524288 bytes
11-03 17:08:17.052 I/audio_hw_hal_stream( 461): aml_stream_out_info_print: last_time:400942 ms (sec:400, nsec:942240065), last_position:5098 ms (244736), cur_time:401283 ms (sec:401, nsec:283915732), cur_position:5440 ms (261120)
11-03 17:08:17.052 I/audio_hw_hal_stream( 461): aml_stream_out_info_print: time_gap:341 ms (thr:100 ms), position_gap:341 ms, delay:0 ms, jitter: Position gap is ahead of system time gap by 0 ms (thr:100 ms)
11-03 17:08:17.065 E/DnaLog[util trace][15]( 4419): [DNAEvent_Abnormal:SectionTimeout]module name:audio consumer, SectionName:RenderOutput, cost: 160/261636, 1762160897065801 - 1762160896804165
11-03 17:08:17.085 D/OPR_v3_OPRDanmakuModule( 4419): OPRDanmakuModule updatePosition: 323282
11-03 17:08:17.321 I/VDA ( 7986): [0##103]"ServiceDeviceTask INs=155/162, OUTs=151/155"" {IN=7/8, OUT=9/13[kAtAccelerator(0) kAtDevice(4) kAtClient(9)]}"
11-03 17:08:17.397 E/DnaLog[util trace][15]( 4419): [DNAEvent_Abnormal:SectionTimeout]module name:audio consumer, SectionName:RenderOutput, cost: 160/257682, 1762160897397827 - 1762160897140145
11-03 17:08:17.540 I/HTTP_KIT_LOG( 4419): [Send:235] SCENE_PCDN_NG:[jobId_256] Send url http://valipl10.cp31.ott.cibntv.net/67756D6080932713CFC02204E/0501100000669B4DCC0467A4424B4B3097ED14-F4B3-466F-B55E-A2D791FCC5D0_video_00027.mp4?ccode=0103010102&duration=6917&expire=18000&psid=a1304d33d4c1c9ee75dea6ee40150d0442346&ups_client_netip=7157521f&ups_ts=1762160889&ups_userid=1400807978&utid=aQSc5ul7QxsDADFIplqlGPrV&vid=XNTk2NDM1MjEyOA%3D%3D&s=ddbf820df3884e3480f6&iv=1&eo=1&t=93474ffdd30e57f&cug=1&fms=1516d2ab8ae8a9c1&tr=6917&le=90570a0cfcfeb6ac9eee54fc135d083e&ckt=5&m_onoff=0&rid=20000000BE2C224CE2BDABCB8431FEC525F7F0D702000000&type=cmfv5hd4_hbr_bit10&bc=2&dre=u151&si=573&dst=1&yk_pid=cd719a991a008182&sm=1&operate_type=1&app_key=23299685&app_ver=2131300103&vkey=B1b3ee07f635d31e0af34d69e96d8b692
11-03 17:08:17.540 I/HTTP_KIT_LOG( 4419): [UpdateConfig:108] SCENE_PCDN_NG:[jobId_256] dump config:Range :bytes=5812916-5878451
11-03 17:08:17.540 I/HTTP_KIT_LOG( 4419): [UpdateUrl:66] use domain valipl10.cp31.ott.cibntv.net
11-03 17:08:17.540 I/HTTP_KIT_LOG( 4419): [InstallTimer:128] SCENE_PCDN_NG:[jobId_256] start open timeout timer=999999
11-03 17:08:17.540 E/HTTP_KIT_LOG( 4419): [Lookup:118] SCENE_PCDN_NG:[jobId_256] SmartDns use cache domain:valipl10.cp31.ott.cibntv.net addrs:125.94.42.155[2],125.94.42.156[1],
11-03 17:08:17.540 I/HTTP_KIT_LOG( 4419): [AddRequestHeader:498] job:SCENE_PCDN_NG:[jobId_256] add header:[ range_from:5812916,cur_download:0 | User-Agent :Youku-ntk;Android;13.0.1.3;Scene4
11-03 17:08:17.540 I/HTTP_KIT_LOG( 4419): Range :bytes=5812916-5878451
11-03 17:08:17.540 I/HTTP_KIT_LOG( 4419): | Add Ip Resolve: 125.94.42.155 ]
11-03 17:08:17.554 I/HTTP_KIT_LOG( 4419): [StopTimer:165] SCENE_PCDN_NG:[jobId_256] stop open timeout timer
11-03 17:08:17.554 I/HTTP_KIT_LOG( 4419): [operator():492] SCENE_PCDN_NG:[jobId_256] notify response
11-03 17:08:17.554 E/HTTP_KIT_LOG( 4419): [OnResponse:205] SCENE_PCDN_NG:[jobId_256] OnResponse content-length:65536 of content-type:video/mp4, file-size:10089637
11-03 17:08:17.554 E/HTTP_KIT_LOG( 4419): headers:Content-Range:bytes 5812916-5878451/10089637
11-03 17:08:17.554 E/HTTP_KIT_LOG( 4419): Etag:"B5506E4301B3605DD6B3E2AB0268CE12"
