11-03 17:09:04.330 E/speedtest( 4419): mtop_rt:59|171|0|0|0|0|0|0|0|0|0|51|0|55|69|0|51|44|58|59|0|0|0|0|44|61|47|0|0|0|,traffic_info:[2480, 3360, 4802],rx_byte:42|1782|261|2735|240|3828|1962|36|2485|1902|202|860|4235|2231|39|41|4615|1150|3775|1800|3564|2480|680|1354|6077|3098|4802|42|33|33|,nc_type:0
11-03 17:09:04.349 E/speedtest( 4419): netType:wifi,ipv4:192.168.3.201,ipv6:fe80::ad80:514c:8697:7435%wlan0,ssid:"DB-machines5G",rssi:-54|-53|-54|-53|-52|-53|,freq:5G,metered:0,gate_ip:192.168.3.1,RTTs:,devCnt:0,qualityCode:1100
11-03 17:09:04.787 I/[NIP] ( 4419): [ng handler] update remote cfg last:1762160934781, cur:1762160944786
11-03 17:09:04.787 E/OTTPlayer( 4419): [NIP] [NIP][ng handler] update remote cfg last:1762160934781, cur:1762160944786
11-03 17:09:05.273 D/WanClient( 1429): sendHeartMessage
11-03 17:09:05.274 D/WanClient( 1429): -----final------sendMessage: {"type":"2bKPMh2jwmQ="}
11-03 17:09:05.291 D/WanClient( 1429): onMessage:Thread[WebSocketConnectReadThread-70,5,main]--{"msg":"+MSejyjwlbc="}
11-03 17:09:05.294 D/WanClient( 1429): onMessageReceived:Thread[WebSocketConnectReadThread-70,5,main] {"msg":"+MSejyjwlbc="}
11-03 17:09:05.294 D/WanClient( 1429): type: null
11-03 17:09:05.294 D/WanClient( 1429): send:HB7FxtN64oc=
11-03 17:09:05.294 D/WanClient( 1429): leave:uQ3qCmhm4oA=
11-03 17:09:05.294 D/WanClient( 1429): join:7EsoetslBbs=
11-03 17:09:05.294 D/WanClient( 1429): q5TrJmBoEmShmpfjN3vFNg==
11-03 17:09:05.602 D/OomAdjuster( 697): Not killing cached processes
11-03 17:09:05.603 I/adbd ( 1361): type=1400 audit(0.0:3740): avc: denied { write } for path="socket:[34170]" dev="sockfs" ino=34170 scontext=u:r:su:s0 tcontext=u:r:adbd:s0 tclass=unix_stream_socket permissive=1
11-03 17:09:05.603 I/adbd ( 1361): type=1400 audit(0.0:3741): avc: denied { read } for path="socket:[34171]" dev="sockfs" ino=34171 scontext=u:r:su:s0 tcontext=u:r:adbd:s0 tclass=unix_stream_socket permissive=1
11-03 17:09:05.645 I/BLEAudioDrive_HV412( 461): select timeout!
11-03 17:09:06.743 I/WifiHAL ( 475): call wifi_get_link_stats handler
11-03 17:09:06.743 I/WifiHAL ( 475): Creating message to get link statistics; iface = 16
11-03 17:09:06.743 D/WifiHAL ( 475): error code -95 mapped to -3
11-03 17:09:06.743 E/WifiStaIfaceAidlImpl( 697): getLinkLayerStats failed with service-specific exception: android.os.ServiceSpecificException: (code 4)
11-03 17:09:07.712 V/HotPlugDetectionAction( 697): Poll all devices.
11-03 17:09:07.769 D/hdmicecd( 471): [CEC]:printCecMessage, [4 -> 0] len: 0, body:, result:success
11-03 17:09:07.825 D/hdmicecd( 471): [CEC]:printCecMessage, [4 -> 1] len: 0, body:, result:no ack
11-03 17:09:07.881 D/hdmicecd( 471): [CEC]:printCecMessage, [4 -> 3] len: 0, body:, result:success
11-03 17:09:07.941 D/hdmicecd( 471): [CEC]:printCecMessage, [4 -> 5] len: 0, body:, result:success
11-03 17:09:08.001 D/hdmicecd( 471): [CEC]:printCecMessage, [4 -> 8] len: 0, body:, result:no ack
11-03 17:09:08.057 D/hdmicecd( 471): [CEC]:printCecMessage, [4 -> b] len: 0, body:, result:no ack
11-03 17:09:08.112 I/HTTP_KIT_LOG( 4419): [Send:235] SCENE_PCDN_NG:[jobId_294] Send url http://pgw-tel-cld-sl.alicdn.com:80/groupkeep
11-03 17:09:08.112 I/HTTP_KIT_LOG( 4419): [UpdateConfig:108] SCENE_PCDN_NG:[jobId_294] dump config:content-type :application/octet-stream
11-03 17:09:08.112 I/HTTP_KIT_LOG( 4419): [UpdateUrl:66] use domain pgw-tel-cld-sl.alicdn.com:80
11-03 17:09:08.112 I/HTTP_KIT_LOG( 4419): [InstallTimer:128] SCENE_PCDN_NG:[jobId_294] start open timeout timer=20000
11-03 17:09:08.112 E/HTTP_KIT_LOG( 4419): [Lookup:95] SCENE_PCDN_NG:[jobId_294] SmartDns use ip_url for domain:pgw-tel-cld-sl.alicdn.com:80
11-03 17:09:08.113 I/HTTP_KIT_LOG( 4419): [AddRequestHeader:498] job:SCENE_PCDN_NG:[jobId_294] add header:[ range_from:0,cur_download:0,range:default:0- | content-type :application/octet-stream
11-03 17:09:08.113 I/HTTP_KIT_LOG( 4419): User-Agent :Youku-ntk;Android;13.0.1.3;Scene4
11-03 17:09:08.113 I/HTTP_KIT_LOG( 4419): | Add Ip Resolve: pgw-tel-cld-sl.alicdn.com:80 ]
11-03 17:09:08.113 D/hdmicecd( 471): [CEC]:printCecMessage, [4 -> e] len: 0, body:, result:no ack
11-03 17:09:08.114 D/HdmiCecController( 697): [P]:AllocatedAddress=[0, 3, 5]
11-03 17:09:08.159 I/HTTP_KIT_LOG( 4419): [StopTimer:165] SCENE_PCDN_NG:[jobId_294] stop open timeout timer
11-03 17:09:08.160 I/HTTP_KIT_LOG( 4419): [operator():492] SCENE_PCDN_NG:[jobId_294] notify response
11-03 17:09:08.160 E/HTTP_KIT_LOG( 4419): [OnResponse:205] SCENE_PCDN_NG:[jobId_294] OnResponse content-length:0 of content-type:, file-size:0
11-03 17:09:08.160 E/HTTP_KIT_LOG( 4419): headers:
11-03 17:09:08.160 I/HTTP_KIT_LOG( 4419): [operator():463] SCENE_PCDN_NG:[jobId_294] notify complete
11-03 17:09:08.160 I/HTTP_KIT_LOG( 4419): [Close:281] SCENE_PCDN_NG:[jobId_294] Close
11-03 17:09:08.161 I/HTTP_KIT_LOG( 4419): [PrintStr:417] SCENE_PCDN_NG:[jobId_294] ReportStat: {"appconnectTime":204.0,"connectTime":203.0,"dnsTime":138.0,"downloadSize":0.0,"downloadTime":47773.0,"error_rtt":-1.0,"firstBTime":0.0,"firstKBTime":0.0,"firstMBTime":0.0,"last32KTime":0.0,"redirectTime":0.0,"speed":0.0,"starttransferTime":46162.99}
11-03 17:09:08.272 I/PCDN_TAG( 4419): [ 4894]Peer::pulse,state:3,port:8909,fr:0,fmode=C1FF,ftype=C000
11-03 17:09:09.355 D/uninstall( 3004): isAllowStart last_delay 0, current_time 1762160949
11-03 17:09:09.356 I/uninstall( 3004): enable_service com.ktcp.video/com.tencent.qqlivetv.keeplive.proc.DaemonService com.ktcp.video/(null)
11-03 17:09:09.357 D/uninstall( 3004): enable_service waitpid
11-03 17:09:09.357 D/uninstall( 8411): enable_service pid == 0
11-03 17:09:09.357 D/uninstall( 8411): enable_service version >= 17 || version == 0 version == 34
11-03 17:09:09.403 I/uninstall( 3004): watchdaemon process_name = com.ktcp.video:daemon has gone, start it
11-03 17:09:09.404 D/uninstall( 3004): watchdaemon waitpid
11-03 17:09:09.404 D/uninstall( 8415): watchdaemon pid == 0
11-03 17:09:09.404 D/uninstall( 8415): watchdaemon version >= 17 || version == 0 version == 34
11-03 17:09:09.749 I/WifiHAL ( 475): call wifi_get_link_stats handler
11-03 17:09:09.749 I/WifiHAL ( 475): Creating message to get link statistics; iface = 16
11-03 17:09:09.749 D/WifiHAL ( 475): error code -95 mapped to -3
11-03 17:09:09.750 E/WifiStaIfaceAidlImpl( 697): getLinkLayerStats failed with service-specific exception: android.os.ServiceSpecificException: (code 4)
11-03 17:09:12.755 I/WifiHAL ( 475): call wifi_get_link_stats handler
11-03 17:09:12.756 I/WifiHAL ( 475): Creating message to get link statistics; iface = 16
11-03 17:09:12.756 D/WifiHAL ( 475): error code -95 mapped to -3
11-03 17:09:12.756 E/WifiStaIfaceAidlImpl( 697): getLinkLayerStats failed with service-specific exception: android.os.ServiceSpecificException: (code 4)
11-03 17:09:12.925 I/audio_hw_hal_alsamgr( 461): alsa format =0x1 delay frames =768 total frames=2363456
11-03 17:09:13.323 D/TrafficStats( 4419): tagSocket(177) with statsTag=0xffffffff, statsUid=-1
11-03 17:09:14.333 E/speedtest( 4419): mtop_rt:171|0|0|0|0|0|0|0|0|0|51|0|55|69|0|51|44|58|59|0|0|0|0|44|61|47|0|0|0|0|,traffic_info:[2480, 3360, 4802],rx_byte:1782|261|2735|240|3828|1962|36|2485|1902|202|860|4235|2231|39|41|4615|1150|3775|1800|3564|2480|680|1354|6077|3098|4802|42|33|33|39|,nc_type:0
11-03 17:09:14.796 I/[NIP] ( 4419): [ng handler] update remote cfg last:1762160944786, cur:1762160954794
11-03 17:09:14.796 E/OTTPlayer( 4419): [NIP] [NIP][ng handler] update remote cfg last:1762160944786, cur:1762160954794
11-03 17:09:15.652 I/BLEAudioDrive_HV412( 461): select timeout!
11-03 17:09:15.760 I/WifiHAL ( 475): call wifi_get_link_stats handler
11-03 17:09:15.761 I/WifiHAL ( 475): Creating message to get link statistics; iface = 16
11-03 17:09:15.761 D/WifiHAL ( 475): error code -95 mapped to -3
11-03 17:09:15.761 E/WifiStaIfaceAidlImpl( 697): getLinkLayerStats failed with service-specific exception: android.os.ServiceSpecificException: (code 4)
11-03 17:09:18.277 I/PCDN_TAG( 4419): [ 4894]Peer::pulse,state:3,port:8909,fr:0,fmode=C1FF,ftype=C000
11-03 17:09:18.548 I/XcdnEngine-N( 4419): 2025-11-03 17:09:18.548 [connection_manager.cpp:426] send error:Network is unreachable
11-03 17:09:18.764 I/WifiHAL ( 475): call wifi_get_link_stats handler
11-03 17:09:18.764 I/WifiHAL ( 475): Creating message to get link statistics; iface = 16
11-03 17:09:18.765 D/WifiHAL ( 475): error code -95 mapped to -3
11-03 17:09:18.765 E/WifiStaIfaceAidlImpl( 697): getLinkLayerStats failed with service-specific exception: android.os.ServiceSpecificException: (code 4)
11-03 17:09:19.460 D/uninstall( 3004): isAllowStart last_delay 0, current_time 1762160959
11-03 17:09:19.460 I/uninstall( 3004): enable_service com.ktcp.video/com.tencent.qqlivetv.keeplive.proc.DaemonService com.ktcp.video/(null)
11-03 17:09:19.461 D/uninstall( 3004): enable_service waitpid
11-03 17:09:19.461 D/uninstall( 8431): enable_service pid == 0
11-03 17:09:19.462 D/uninstall( 8431): enable_service version >= 17 || version == 0 version == 34
11-03 17:09:19.510 I/uninstall( 3004): watchdaemon process_name = com.ktcp.video:daemon has gone, start it
11-03 17:09:19.510 D/uninstall( 3004): watchdaemon waitpid
11-03 17:09:19.510 D/uninstall( 8435): watchdaemon pid == 0
11-03 17:09:19.510 D/uninstall( 8435): watchdaemon version >= 17 || version == 0 version == 34
11-03 17:09:19.825 D/TrafficStats( 4419): tagSocket(177) with statsTag=0xffffffff, statsUid=-1
11-03 17:09:21.771 I/WifiHAL ( 475): call wifi_get_link_stats handler
11-03 17:09:21.771 I/WifiHAL ( 475): Creating message to get link statistics; iface = 16
11-03 17:09:21.771 D/WifiHAL ( 475): error code -95 mapped to -3
11-03 17:09:21.772 E/WifiStaIfaceAidlImpl( 697): getLinkLayerStats failed with service-specific exception: android.os.ServiceSpecificException: (code 4)
11-03 17:09:22.421 I/com.ktcp.video( 2389): Background concurrent copying GC freed 189719(6736KB) AllocSpace objects, 0(0B) LOS objects, 49% free, 6441KB/12MB, paused 127us,67us total 145.789ms
11-03 17:09:23.706 I/audio_hw_hal_alsamgr( 461): alsa format =0x24000000 delay frames =4192 total frames=11520000
11-03 17:09:24.335 E/speedtest( 4419): mtop_rt:0|0|0|0|0|0|0|0|0|51|0|55|69|0|51|44|58|59|0|0|0|0|44|61|47|0|0|0|0|0|,traffic_info:[2480, 3360, 4802],rx_byte:261|2735|240|3828|1962|36|2485|1902|202|860|4235|2231|39|41|4615|1150|3775|1800|3564|2480|680|1354|6077|3098|4802|42|33|33|39|44|,nc_type:0
11-03 17:09:24.777 I/WifiHAL ( 475): call wifi_get_link_stats handler
11-03 17:09:24.777 I/WifiHAL ( 475): Creating message to get link statistics; iface = 16
11-03 17:09:24.777 D/WifiHAL ( 475): error code -95 mapped to -3
11-03 17:09:24.777 E/WifiStaIfaceAidlImpl( 697): getLinkLayerStats failed with service-specific exception: android.os.ServiceSpecificException: (code 4)
11-03 17:09:24.803 I/[NIP] ( 4419): [ng handler] update remote cfg last:1762160954794, cur:1762160964802
11-03 17:09:24.803 E/OTTPlayer( 4419): [NIP] [NIP][ng handler] update remote cfg last:1762160954794, cur:1762160964802
11-03 17:09:25.273 D/WanClient( 1429): sendHeartMessage
11-03 17:09:25.274 D/WanClient( 1429): -----final------sendMessage: {"type":"2bKPMh2jwmQ="}
11-03 17:09:25.291 D/WanClient( 1429): onMessage:Thread[WebSocketConnectReadThread-70,5,main]--{"msg":"+MSejyjwlbc="}
11-03 17:09:25.293 D/WanClient( 1429): onMessageReceived:Thread[WebSocketConnectReadThread-70,5,main] {"msg":"+MSejyjwlbc="}
11-03 17:09:25.293 D/WanClient( 1429): type: null
11-03 17:09:25.293 D/WanClient( 1429): send:HB7FxtN64oc=
11-03 17:09:25.293 D/WanClient( 1429): leave:uQ3qCmhm4oA=
11-03 17:09:25.293 D/WanClient( 1429): join:7EsoetslBbs=
11-03 17:09:25.293 D/WanClient( 1429): q5TrJmBoEmShmpfjN3vFNg==
11-03 17:09:25.660 I/BLEAudioDrive_HV412( 461): select timeout!
11-03 17:09:27.782 I/WifiHAL ( 475): call wifi_get_link_stats handler
11-03 17:09:27.782 I/WifiHAL ( 475): Creating message to get link statistics; iface = 16
11-03 17:09:27.782 D/WifiHAL ( 475): error code -95 mapped to -3
11-03 17:09:27.782 E/WifiStaIfaceAidlImpl( 697): getLinkLayerStats failed with service-specific exception: android.os.ServiceSpecificException: (code 4)
11-03 17:09:28.281 I/PCDN_TAG( 4419): [ 4894]Peer::pulse,state:3,port:8909,fr:0,fmode=C1FF,ftype=C000
11-03 17:09:28.850 D/OomAdjuster( 697): Not killing cached processes
11-03 17:09:28.850 W/ProcessStats( 697): Tracking association SourceState{bb6d735 com.ktcp.video:daemon/10089 Fgs #1085} whose proc state 3 is better than process ProcessState{ff256f5 com.ktcp.video/10089 pkg=com.ktcp.video} proc state 10 (4 skipped)
11-03 17:09:29.039 I/adbd ( 1361): host-13: read thread spawning
11-03 17:09:29.039 I/adbd ( 1361): host-13: write thread spawning
11-03 17:09:29.035 I//apex/com.android.adbd/bin/adbd( 1361): type=1400 audit(0.0:3742): avc: denied { getopt } for comm=73657276657220736F636B6574 laddr=::ffff:192.168.3.201 lport=5555 faddr=::ffff:192.168.15.14 fport=64374 scontext=u:r:su:s0 tcontext=u:r:su:s0 tclass=tcp_socket permissive=1
11-03 17:09:29.035 I//apex/com.android.adbd/bin/adbd( 1361): type=1400 audit(0.0:3743): avc: denied { write } for comm=73657276657220736F636B6574 name="fwmarkd" dev="tmpfs" ino=837 scontext=u:r:su:s0 tcontext=u:object_r:fwmarkd_socket:s0 tclass=sock_file permissive=1
11-03 17:09:29.035 I//apex/com.android.adbd/bin/adbd( 1361): type=1400 audit(0.0:3744): avc: denied { connectto } for comm=73657276657220736F636B6574 path="/dev/socket/fwmarkd" scontext=u:r:su:s0 tcontext=u:r:netd:s0 tclass=unix_stream_socket permissive=1
11-03 17:09:29.048 I/adbd ( 1361): authentication not required
11-03 17:09:29.035 I/binder:448_2( 448): type=1400 audit(0.0:3745): avc: denied { use } for path="socket:[35057]" dev="sockfs" ino=35057 scontext=u:r:netd:s0 tcontext=u:r:su:s0 tclass=fd permissive=1
11-03 17:09:29.035 I/binder:448_2( 448): type=1400 audit(0.0:3746): avc: denied { read write } for path="socket:[35057]" dev="sockfs" ino=35057 scontext=u:r:netd:s0 tcontext=u:r:su:s0 tclass=tcp_socket permissive=1
11-03 17:09:29.035 I/binder:448_2( 448): type=1400 audit(0.0:3747): avc: denied { getopt } for laddr=::ffff:192.168.3.201 lport=5555 faddr=::ffff:192.168.15.14 fport=64374 scontext=u:r:netd:s0 tcontext=u:r:su:s0 tclass=tcp_socket permissive=1
11-03 17:09:29.035 I/binder:448_2( 448): type=1400 audit(0.0:3748): avc: denied { setopt } for laddr=::ffff:192.168.3.201 lport=5555 faddr=::ffff:192.168.15.14 fport=64374 scontext=u:r:netd:s0 tcontext=u:r:su:s0 tclass=tcp_socket permissive=1
11-03 17:09:29.035 I//apex/com.android.adbd/bin/adbd( 1361): type=1400 audit(0.0:3749): avc: denied { setopt } for comm=73657276657220736F636B6574 laddr=::ffff:192.168.3.201 lport=5555 faddr=::ffff:192.168.15.14 fport=64374 scontext=u:r:su:s0 tcontext=u:r:su:s0 tclass=tcp_socket permissive=1
11-03 17:09:29.607 D/uninstall( 3004): isAllowStart last_delay 0, current_time 1762160969
11-03 17:09:29.607 I/uninstall( 3004): enable_service com.ktcp.video/com.tencent.qqlivetv.keeplive.proc.DaemonService com.ktcp.video/(null)
11-03 17:09:29.608 D/uninstall( 3004): enable_service waitpid
11-03 17:09:29.608 D/uninstall( 8451): enable_service pid == 0
11-03 17:09:29.608 D/uninstall( 8451): enable_service version >= 17 || version == 0 version == 34
11-03 17:09:29.652 I/uninstall( 3004): watchdaemon process_name = com.ktcp.video:daemon has gone, start it
11-03 17:09:29.653 D/uninstall( 3004): watchdaemon waitpid
11-03 17:09:29.653 D/uninstall( 8455): watchdaemon pid == 0
11-03 17:09:29.653 D/uninstall( 8455): watchdaemon version >= 17 || version == 0 version == 34
11-03 17:09:30.788 I/WifiHAL ( 475): call wifi_get_link_stats handler
11-03 17:09:30.788 I/WifiHAL ( 475): Creating message to get link statistics; iface = 16
11-03 17:09:30.788 D/WifiHAL ( 475): error code -95 mapped to -3
11-03 17:09:30.789 E/WifiStaIfaceAidlImpl( 697): getLinkLayerStats failed with service-specific exception: android.os.ServiceSpecificException: (code 4)
11-03 17:09:32.926 I/audio_hw_hal_alsamgr( 461): alsa format =0x1 delay frames =640 total frames=3323456
11-03 17:09:33.795 I/WifiHAL ( 475): call wifi_get_link_stats handler
11-03 17:09:33.795 I/WifiHAL ( 475): Creating message to get link statistics; iface = 16
11-03 17:09:33.795 D/WifiHAL ( 475): error code -95 mapped to -3
11-03 17:09:33.795 E/WifiStaIfaceAidlImpl( 697): getLinkLayerStats failed with service-specific exception: android.os.ServiceSpecificException: (code 4)
11-03 17:09:34.337 E/speedtest( 4419): mtop_rt:0|0|0|0|0|0|0|0|51|0|55|69|0|51|44|58|59|0|0|0|0|44|61|47|0|0|0|0|0|0|,traffic_info:[2480, 3360, 4802],rx_byte:2735|240|3828|1962|36|2485|1902|202|860|4235|2231|39|41|4615|1150|3775|1800|3564|2480|680|1354|6077|3098|4802|42|33|33|39|44|51|,nc_type:0
11-03 17:09:34.362 E/speedtest( 4419): netType:wifi,ipv4:192.168.3.201,ipv6:fe80::ad80:514c:8697:7435%wlan0,ssid:"DB-machines5G",rssi:-53|-54|-53|-52|-53|-53|,freq:5G,metered:0,gate_ip:192.168.3.1,RTTs:,devCnt:0,qualityCode:1100
11-03 17:09:34.813 I/[NIP] ( 4419): [ng handler] update remote cfg last:1762160964802, cur:1762160974812
11-03 17:09:34.813 E/OTTPlayer( 4419): [NIP] [NIP][ng handler] update remote cfg last:1762160964802, cur:1762160974812
11-03 17:09:34.899 I/adbd ( 1361): type=1400 audit(0.0:3757): avc: denied { read } for name="u:object_r:device_logging_prop:s0" dev="tmpfs" ino=213 scontext=u:r:su:s0 tcontext=u:object_r:device_logging_prop:s0 tclass=file permissive=1
11-03 17:09:34.899 I/adbd ( 1361): type=1400 audit(0.0:3758): avc: denied { open } for path="/dev/__properties__/u:object_r:device_logging_prop:s0" dev="tmpfs" ino=213 scontext=u:r:su:s0 tcontext=u:object_r:device_logging_prop:s0 tclass=file permissive=1
11-03 17:09:34.899 I/adbd ( 1361): type=1400 audit(0.0:3759): avc: denied { getattr } for path="/dev/__properties__/u:object_r:device_logging_prop:s0" dev="tmpfs" ino=213 scontext=u:r:su:s0 tcontext=u:object_r:device_logging_prop:s0 tclass=file permissive=1
11-03 17:09:34.899 I/adbd ( 1361): type=1400 audit(0.0:3760): avc: denied { map } for path="/dev/__properties__/u:object_r:device_logging_prop:s0" dev="tmpfs" ino=213 scontext=u:r:su:s0 tcontext=u:object_r:device_logging_prop:s0 tclass=file permissive=1
11-03 17:09:34.903 I/adbd ( 8467): type=1400 audit(0.0:3761): avc: denied { execute } for name="sh" dev="dm-16" ino=27997868 scontext=u:r:su:s0 tcontext=u:object_r:shell_exec:s0 tclass=file permissive=1
11-03 17:09:35.668 I/BLEAudioDrive_HV412( 461): select timeout!
11-03 17:09:35.691 D/OomAdjuster( 697): Not killing cached processes
11-03 17:09:35.903 E/ottp_sdk_PlayAbility_SwitchConfig( 4419): enbaleCheckAbnormalStop:true,isForceStop:false,abnormal stop exception times:0
11-03 17:09:35.903 E/ottp_sdk_PlayAbility_SwitchConfig( 4419): final orangeEnable:true
11-03 17:09:35.906 E/AlixPlayerManager( 4419): create system player with mediahub:0,-1
11-03 17:09:35.909 D/AndroidPlayer( 4419): new AndroidPlayer ,remoteSo not load
11-03 17:09:35.913 D/AndroidPlayer( 4419): PlayerServer is null remoteSo:false
11-03 17:09:35.913 I/PCDN_TAG( 4419): [SDK] PCDNGet invoked, type:[vod],key:[version],result:[9.8.2.6190]
11-03 17:09:35.913 D/AndroidPlayer( 4419): addOnPlayerStateListener
11-03 17:09:35.913 D/AndroidPlayer( 4419): addOnInfoListener android.media.MediaPlayer@e31c04b
11-03 17:09:35.914 D/AndroidPlayer( 4419): addOnQualityChangeListener
11-03 17:09:35.914 D/AndroidPlayer( 4419): addOnSeekCompleteListener android.media.MediaPlayer@e31c04b a.f.a.c.playq@8c7ea28
11-03 17:09:35.916 E/ ( 4419): [Performance] requesetUpsInfo level UI+1
11-03 17:09:35.920 I/Ap_ups_Milestone( 4419): requestUpsInfo vid:XNTkyNTI5NzIyMA==; utid: aQSc5ul7QxsDADFIplqlGPrV; clientIp: 192.168.3.201; clientTs: 1762160975
11-03 17:09:35.931 I//apex/com.android.adbd/bin/adbd( 1361): type=1400 audit(0.0:3775): avc: denied { search } for comm=75736220666673206F70656E name="/" dev="functionfs" ino=25275 scontext=u:r:su:s0 tcontext=u:object_r:functionfs:s0 tclass=dir permissive=1
11-03 17:09:35.957 D/TrafficStats( 4419): tagSocket(306) with statsTag=0xffffffff, statsUid=-1
11-03 17:09:36.124 E/ups https ( 4419): upsType https isSuccess=true vid:XNTkyNTI5NzIyMA== showid:null
11-03 17:09:36.125 E/Ap_ups ( 4419): PPStreamConfig JSON is null
11-03 17:09:36.125 E/Ap_ups ( 4419): PPStreamConfig JSON is null
11-03 17:09:36.125 E/ups https( 4419): upsType https get request over! ups cost totalCost: 172 net:170 ser:1 json:1
11-03 17:09:36.126 E/Ap_ups ( 4419): doUpsInfoRequest onSuccess, but has error:10
11-03 17:09:36.126 E/Ap_ups ( 4419): doUpsInfoRequest onSuccess, but has error:10
11-03 17:09:36.129 E/Ap_Api_playa( 4419): onRequestFail:20010
11-03 17:09:36.129 E/Ap_Api_playa( 4419): onRequestFail:20010
11-03 17:09:36.130 E/ottp_sdk_PlayAbility_TestController( 4419): 1015|200020010-onRequestFail,aliUpsClientErrorInfo.extranull,msg:exceed deviceModel circle num
11-03 17:09:36.131 I/Ap_Api_AliPlayerImpl_176574511_Milestone( 4419): reset
11-03 17:09:36.131 D/AndroidPlayer( 4419): stop
11-03 17:09:36.131 V/MediaPlayer( 4419): resetDrmState: mDrmInfo=null mDrmProvisioningThread=null mPrepareDrmInProgress=false mActiveDrmScheme=false
11-03 17:09:36.131 V/MediaPlayer( 4419): cleanDrmObj: mDrmObj=null mDrmSessionId=null
11-03 17:09:36.131 V/MediaPlayer( 4419): resetDrmState: mDrmInfo=null mDrmProvisioningThread=null mPrepareDrmInProgress=false mActiveDrmScheme=false
11-03 17:09:36.132 V/MediaPlayer( 4419): cleanDrmObj: mDrmObj=null mDrmSessionId=null
11-03 17:09:36.132 I/Ap_Api_AliPlayerImpl_176574511_Milestone( 4419): release
11-03 17:09:36.132 I/Ap_Api_AliPlayerImpl_176574511_Milestone( 4419): releaseReal
11-03 17:09:36.133 D/AndroidPlayer( 4419): release null
11-03 17:09:36.133 I/Ap_Api_AliPlayerImpl_176574511_Milestone( 4419): recycle
11-03 17:09:36.133 E/AndroidPlayer( 4419): reset
11-03 17:09:36.135 E/ottp_sdk_PlayAbility_SwitchConfig( 4419): enbaleCheckAbnormalStop:true,isForceStop:false,abnormal stop exception times:0
11-03 17:09:36.135 E/ottp_sdk_PlayAbility_SwitchConfig( 4419): final orangeEnable:true
11-03 17:09:36.141 E/AlixPlayer-Java( 4419): AlixPlayer create RemoveUnUseAPI true mAlixNum=1
11-03 17:09:36.141 E/Alix_InstancePool( 4419): InstancePool count=0
11-03 17:09:36.143 I/PCDN_TAG( 4419): [SDK] PCDNGet invoked, type:[vod],key:[version],result:[9.8.2.6190]
11-03 17:09:36.145 E/ ( 4419): [Performance] requesetUpsInfo level UI+1
11-03 17:09:36.148 I/Ap_ups_Milestone( 4419): requestUpsInfo vid:XNTkyNTI5NzIyMA==; utid: aQSc5ul7QxsDADFIplqlGPrV; clientIp: 192.168.3.201; clientTs: 1762160976
11-03 17:09:36.233 E/ups https ( 4419): upsType https isSuccess=true vid:XNTkyNTI5NzIyMA== showid:null
11-03 17:09:36.233 E/Ap_ups ( 4419): PPStreamConfig JSON is null
11-03 17:09:36.233 E/Ap_ups ( 4419): PPStreamConfig JSON is null
11-03 17:09:36.233 E/ups https( 4419): upsType https get request over! ups cost totalCost: 62 net:60 ser:1 json:1
11-03 17:09:36.234 E/Ap_ups ( 4419): doUpsInfoRequest onSuccess, but has error:10
11-03 17:09:36.234 E/Ap_ups ( 4419): doUpsInfoRequest onSuccess, but has error:10
11-03 17:09:36.231 I/adbd ( 1361): type=1400 audit(0.0:3776): avc: denied { write } for path="socket:[35057]" dev="sockfs" ino=35057 scontext=u:r:su:s0 tcontext=u:r:su:s0 tclass=tcp_socket permissive=1
11-03 17:09:36.236 E/Ap_Api_playa( 4419): onRequestFail:20010
11-03 17:09:36.236 E/Ap_Api_playa( 4419): onRequestFail:20010
11-03 17:09:36.237 E/ottp_sdk_PlayAbility_TestController( 4419): 1015|200020010-onRequestFail,aliUpsClientErrorInfo.extranull,msg:exceed deviceModel circle num
11-03 17:09:36.238 E/ottp_sdk_PlayAbility_TestController( 4419): 1011|-1-error,enable soft false
11-03 17:09:36.239 I/Ap_Api_AliPlayerImpl_461678_Milestone( 4419): reset
11-03 17:09:36.240 E/AlixPlayer-Java( 4419): stop()>>
11-03 17:09:36.235 I/adbd ( 1361): type=1400 audit(0.0:3777): avc: denied { read } for path="socket:[35057]" dev="sockfs" ino=35057 scontext=u:r:su:s0 tcontext=u:r:su:s0 tclass=tcp_socket permissive=1
11-03 17:09:36.240 D/PlayerStateMachine( 4419): handleEvent: event=STOP,AliPlayer:null SourceState=STATE_IDLE, DestState=STATE_IDLE
11-03 17:09:36.240 E/AlixPlayer-Java( 4419): stop()<<
11-03 17:09:36.240 I/Ap_Api_AliPlayerImpl_461678_Milestone( 4419): release
11-03 17:09:36.240 I/Ap_Api_AliPlayerImpl_461678_Milestone( 4419): recycle
11-03 17:09:36.240 I/Ap_Api_AliPlayerImpl_461678_Milestone( 4419): releaseReal
11-03 17:09:36.240 E/AlixPlayer-Java( 4419): release()>>
11-03 17:09:36.240 E/AlixPlayer-Java-core( 4419): alixplayer release mAlixNum=0
11-03 17:09:36.240 D/AlixPlayer-Java( 4419): release()
11-03 17:09:36.240 D/PlayerStateMachine( 4419): handleEvent: event=RELEASE,AliPlayer:null SourceState=STATE_IDLE, DestState=STATE_IDLE
11-03 17:09:36.240 E/AlixPlayer-Java( 4419): release() <<
11-03 17:09:36.242 E/ottp_sdk_PlayAbility_SwitchConfig( 4419): enbaleCheckAbnormalStop:true,isForceStop:false,abnormal stop exception times:0
11-03 17:09:36.242 E/ottp_sdk_PlayAbility_SwitchConfig( 4419): final orangeEnable:true
11-03 17:09:36.248 E/AlixPlayerManager( 4419): create system player with mediahub:0,-1
11-03 17:09:36.248 D/AndroidPlayer( 4419): new AndroidPlayer ,remoteSo not load
11-03 17:09:36.251 D/AndroidPlayer( 4419): PlayerServer is null remoteSo:false
11-03 17:09:36.251 I/PCDN_TAG( 4419): [SDK] PCDNGet invoked, type:[vod],key:[version],result:[9.8.2.6190]
11-03 17:09:36.252 D/AndroidPlayer( 4419): addOnPlayerStateListener
11-03 17:09:36.252 D/AndroidPlayer( 4419): addOnInfoListener android.media.MediaPlayer@f07d682
11-03 17:09:36.252 D/AndroidPlayer( 4419): addOnQualityChangeListener
11-03 17:09:36.252 D/AndroidPlayer( 4419): addOnSeekCompleteListener android.media.MediaPlayer@f07d682 a.f.a.c.playq@43e2193
11-03 17:09:36.254 E/ ( 4419): [Performance] requesetUpsInfo level UI+1
11-03 17:09:36.260 I/Ap_ups_Milestone( 4419): requestUpsInfo vid:XNTkyMzQ4Njc3Mg==; utid: aQSc5ul7QxsDADFIplqlGPrV; clientIp: 192.168.3.201; clientTs: 1762160976
11-03 17:09:36.325 E/ups https ( 4419): upsType https isSuccess=true vid:XNTkyMzQ4Njc3Mg== showid:null
11-03 17:09:36.325 E/Ap_ups ( 4419): PPStreamConfig JSON is null
11-03 17:09:36.325 E/Ap_ups ( 4419): PPStreamConfig JSON is null
11-03 17:09:36.326 E/ups https( 4419): upsType https get request over! ups cost totalCost: 42 net:41 ser:1 json:0
11-03 17:09:36.326 E/Ap_ups ( 4419): doUpsInfoRequest onSuccess, but has error:10
11-03 17:09:36.326 E/Ap_ups ( 4419): doUpsInfoRequest onSuccess, but has error:10
11-03 17:09:36.327 E/Ap_Api_playa( 4419): onRequestFail:20010
11-03 17:09:36.327 E/Ap_Api_playa( 4419): onRequestFail:20010
11-03 17:09:36.328 I/Ap_Api_AliPlayerImpl_145878058_Milestone( 4419): reset
11-03 17:09:36.328 D/AndroidPlayer( 4419): stop
11-03 17:09:36.328 V/MediaPlayer( 4419): resetDrmState: mDrmInfo=null mDrmProvisioningThread=null mPrepareDrmInProgress=false mActiveDrmScheme=false
11-03 17:09:36.328 V/MediaPlayer( 4419): cleanDrmObj: mDrmObj=null mDrmSessionId=null
11-03 17:09:36.329 V/MediaPlayer( 4419): resetDrmState: mDrmInfo=null mDrmProvisioningThread=null mPrepareDrmInProgress=false mActiveDrmScheme=false
11-03 17:09:36.329 V/MediaPlayer( 4419): cleanDrmObj: mDrmObj=null mDrmSessionId=null
11-03 17:09:36.329 I/Ap_Api_AliPlayerImpl_145878058_Milestone( 4419): release
11-03 17:09:36.329 I/Ap_Api_AliPlayerImpl_145878058_Milestone( 4419): releaseReal
11-03 17:09:36.329 D/AndroidPlayer( 4419): release null
11-03 17:09:36.329 I/Ap_Api_AliPlayerImpl_145878058_Milestone( 4419): recycle
11-03 17:09:36.330 E/AndroidPlayer( 4419): reset
11-03 17:09:36.330 E/ottp_sdk_PlayAbility_SwitchConfig( 4419): enbaleCheckAbnormalStop:true,isForceStop:false,abnormal stop exception times:0
11-03 17:09:36.331 E/ottp_sdk_PlayAbility_SwitchConfig( 4419): final orangeEnable:true
11-03 17:09:36.334 E/AlixPlayer-Java( 4419): AlixPlayer create RemoveUnUseAPI true mAlixNum=1
11-03 17:09:36.334 E/Alix_InstancePool( 4419): InstancePool count=0
11-03 17:09:36.336 I/PCDN_TAG( 4419): [SDK] PCDNGet invoked, type:[vod],key:[version],result:[9.8.2.6190]
11-03 17:09:36.338 E/ ( 4419): [Performance] requesetUpsInfo level UI+1
11-03 17:09:36.342 I/Ap_ups_Milestone( 4419): requestUpsInfo vid:XNTkyMzQ4Njc3Mg==; utid: aQSc5ul7QxsDADFIplqlGPrV; clientIp: 192.168.3.201; clientTs: 1762160976
11-03 17:09:36.419 E/ups https ( 4419): upsType https isSuccess=true vid:XNTkyMzQ4Njc3Mg== showid:null
11-03 17:09:36.419 E/Ap_ups ( 4419): PPStreamConfig JSON is null
11-03 17:09:36.419 E/Ap_ups ( 4419): PPStreamConfig JSON is null
11-03 17:09:36.419 E/ups https( 4419): upsType https get request over! ups cost totalCost: 55 net:53 ser:1 json:1
11-03 17:09:36.419 E/Ap_ups ( 4419): doUpsInfoRequest onSuccess, but has error:10
11-03 17:09:36.419 E/Ap_ups ( 4419): doUpsInfoRequest onSuccess, but has error:10
11-03 17:09:36.424 E/Ap_Api_playa( 4419): onRequestFail:20010
11-03 17:09:36.424 E/Ap_Api_playa( 4419): onRequestFail:20010
11-03 17:09:36.426 E/ottp_sdk_PlayAbility_Utils( 4419): java.lang.IllegalArgumentException: codec does not support type
11-03 17:09:36.426 I/Ap_Api_AliPlayerImpl_143003125_Milestone( 4419): reset
11-03 17:09:36.426 E/AlixPlayer-Java( 4419): stop()>>
11-03 17:09:36.426 D/PlayerStateMachine( 4419): handleEvent: event=STOP,AliPlayer:null SourceState=STATE_IDLE, DestState=STATE_IDLE
11-03 17:09:36.426 E/AlixPlayer-Java( 4419): stop()<<
11-03 17:09:36.426 I/Ap_Api_AliPlayerImpl_143003125_Milestone( 4419): release
11-03 17:09:36.427 I/Ap_Api_AliPlayerImpl_143003125_Milestone( 4419): recycle
11-03 17:09:36.427 I/Ap_Api_AliPlayerImpl_143003125_Milestone( 4419): releaseReal
11-03 17:09:36.427 E/AlixPlayer-Java( 4419): release()>>
11-03 17:09:36.427 E/AlixPlayer-Java-core( 4419): alixplayer release mAlixNum=0
11-03 17:09:36.427 D/AlixPlayer-Java( 4419): release()
11-03 17:09:36.427 D/PlayerStateMachine( 4419): handleEvent: event=RELEASE,AliPlayer:null SourceState=STATE_IDLE, DestState=STATE_IDLE
11-03 17:09:36.427 E/AlixPlayer-Java( 4419): release() <<
11-03 17:09:36.430 E/ActivityThread( 4419): Failed to find provider info for com.tianci.provider
11-03 17:09:36.450 E/ottp_sdk_PlayAbility_BenchMarkStat( 4419): isDefaultDNAplayer:true
11-03 17:09:36.800 I/WifiHAL ( 475): call wifi_get_link_stats handler
11-03 17:09:36.800 I/WifiHAL ( 475): Creating message to get link statistics; iface = 16
11-03 17:09:36.801 D/WifiHAL ( 475): error code -95 mapped to -3
11-03 17:09:36.801 E/WifiStaIfaceAidlImpl( 697): getLinkLayerStats failed with service-specific exception: android.os.ServiceSpecificException: (code 4)
11-03 17:09:38.286 I/PCDN_TAG( 4419): [ 4894]Peer::pulse,state:3,port:8909,fr:0,fmode=C1FF,ftype=C000
11-03 17:09:38.559 I/XcdnEngine-N( 4419): 2025-11-03 17:09:38.559 [connection_manager.cpp:426] send error:Network is unreachable
11-03 17:09:38.560 I/XcdnEngine-N( 4419): 2025-11-03 17:09:38.559 [connection_manager.cpp:426] send error:Network is unreachable
11-03 17:09:38.861 W/ProcessStats( 697): Tracking association SourceState{bb6d735 com.ktcp.video:daemon/10089 Fgs #1088} whose proc state 3 is better than process ProcessState{ff256f5 com.ktcp.video/10089 pkg=com.ktcp.video} proc state 10 (0 skipped)
11-03 17:09:39.749 D/uninstall( 3004): isAllowStart last_delay 0, current_time 1762160979
11-03 17:09:39.749 I/uninstall( 3004): enable_service com.ktcp.video/com.tencent.qqlivetv.keeplive.proc.DaemonService com.ktcp.video/(null)
11-03 17:09:39.750 D/uninstall( 3004): enable_service waitpid
11-03 17:09:39.750 D/uninstall( 8486): enable_service pid == 0
11-03 17:09:39.750 D/uninstall( 8486): enable_service version >= 17 || version == 0 version == 34
11-03 17:09:39.786 I/uninstall( 3004): watchdaemon process_name = com.ktcp.video:daemon has gone, start it
11-03 17:09:39.788 D/uninstall( 3004): watchdaemon waitpid
11-03 17:09:39.788 D/uninstall( 8490): watchdaemon pid == 0
11-03 17:09:39.788 D/uninstall( 8490): watchdaemon version >= 17 || version == 0 version == 34
11-03 17:09:39.806 I/WifiHAL ( 475): call wifi_get_link_stats handler
11-03 17:09:39.807 I/WifiHAL ( 475): Creating message to get link statistics; iface = 16
11-03 17:09:39.807 D/WifiHAL ( 475): error code -95 mapped to -3
11-03 17:09:39.807 E/WifiStaIfaceAidlImpl( 697): getLinkLayerStats failed with service-specific exception: android.os.ServiceSpecificException: (code 4)
11-03 17:09:42.813 I/WifiHAL ( 475): call wifi_get_link_stats handler
11-03 17:09:42.813 I/WifiHAL ( 475): Creating message to get link statistics; iface = 16
11-03 17:09:42.813 D/WifiHAL ( 475): error code -95 mapped to -3
11-03 17:09:42.814 E/WifiStaIfaceAidlImpl( 697): getLinkLayerStats failed with service-specific exception: android.os.ServiceSpecificException: (code 4)
11-03 17:09:43.707 I/audio_hw_hal_alsamgr( 461): alsa format =0x24000000 delay frames =4064 total frames=15360000
11-03 17:09:44.339 E/speedtest( 4419): mtop_rt:0|0|0|0|0|0|0|51|0|55|69|0|51|44|58|59|0|0|0|0|44|61|47|0|0|0|0|0|0|0|,traffic_info:[2480, 3360, 4802],rx_byte:240|3828|1962|36|2485|1902|202|860|4235|2231|39|41|4615|1150|3775|1800|3564|2480|680|1354|6077|3098|4802|42|33|33|39|44|51|43|,nc_type:0
11-03 17:09:44.823 I/[NIP] ( 4419): [ng handler] update remote cfg last:1762160974812, cur:1762160984821
11-03 17:09:44.823 E/OTTPlayer( 4419): [NIP] [NIP][ng handler] update remote cfg last:1762160974812, cur:1762160984821
11-03 17:09:45.273 D/WanClient( 1429): sendHeartMessage
11-03 17:09:45.274 D/WanClient( 1429): -----final------sendMessage: {"type":"2bKPMh2jwmQ="}
11-03 17:09:45.290 D/WanClient( 1429): onMessage:Thread[WebSocketConnectReadThread-70,5,main]--{"msg":"+MSejyjwlbc="}
11-03 17:09:45.293 D/WanClient( 1429): onMessageReceived:Thread[WebSocketConnectReadThread-70,5,main] {"msg":"+MSejyjwlbc="}
11-03 17:09:45.293 D/WanClient( 1429): type: null
11-03 17:09:45.293 D/WanClient( 1429): send:HB7FxtN64oc=
11-03 17:09:45.293 D/WanClient( 1429): leave:uQ3qCmhm4oA=
11-03 17:09:45.293 D/WanClient( 1429): join:7EsoetslBbs=
11-03 17:09:45.293 D/WanClient( 1429): q5TrJmBoEmShmpfjN3vFNg==
11-03 17:09:45.324 W/System ( 1429): A resource failed to call close.
11-03 17:09:45.324 W/System ( 1429): A resource failed to call close.
11-03 17:09:45.324 W/System ( 1429): A resource failed to call close.
11-03 17:09:45.678 I/BLEAudioDrive_HV412( 461): select timeout!
11-03 17:09:45.821 I/WifiHAL ( 475): call wifi_get_link_stats handler
11-03 17:09:45.821 I/WifiHAL ( 475): Creating message to get link statistics; iface = 16
11-03 17:09:45.821 D/WifiHAL ( 475): error code -95 mapped to -3
11-03 17:09:45.822 E/WifiStaIfaceAidlImpl( 697): getLinkLayerStats failed with service-specific exception: android.os.ServiceSpecificException: (code 4)
11-03 17:09:48.282 I/HTTP_KIT_LOG( 4419): [Send:235] SCENE_PCDN_NG:[jobId_295] Send url http://pss.alicdn.com/iku/log/acc?ver=10.25.2.4140&flag=1000000&t=1&mytype=c90y-other
11-03 17:09:48.282 I/HTTP_KIT_LOG( 4419): [UpdateConfig:108] SCENE_PCDN_NG:[jobId_295] dump config:User-Agent :ikuacc
11-03 17:09:48.282 I/HTTP_KIT_LOG( 4419): Content-Type :application/octet-stream
11-03 17:09:48.282 I/HTTP_KIT_LOG( 4419): Host :pss.alicdn.com
11-03 17:09:48.282 I/HTTP_KIT_LOG( 4419): Content-Length :811
11-03 17:09:48.282 I/HTTP_KIT_LOG( 4419): Connection :close
11-03 17:09:48.282 I/HTTP_KIT_LOG( 4419): [UpdateUrl:66] use domain pss.alicdn.com
11-03 17:09:48.283 I/HTTP_KIT_LOG( 4419): [InstallTimer:128] SCENE_PCDN_NG:[jobId_295] start open timeout timer=10000
11-03 17:09:48.285 E/HTTP_KIT_LOG( 4419): [Lookup:133] SCENE_PCDN_NG:[jobId_295] SmartDns did lookup http dns c:1!,cost:2
11-03 17:09:48.285 E/HTTP_KIT_LOG( 4419): [Lookup:161] SCENE_PCDN_NG:[jobId_295] SmartDns did lookup local dns c:0!
11-03 17:09:48.286 E/HTTP_KIT_LOG( 4419): [Lookup:191] SCENE_PCDN_NG:[jobId_295] SmartDns look up domain:pss.alicdn.com addrs:pss.alicdn.com_106.15.163.128[2],
11-03 17:09:48.286 I/HTTP_KIT_LOG( 4419): [AddRequestHeader:498] job:SCENE_PCDN_NG:[jobId_295] add header:[ range_from:0,cur_download:0,range:default:0- | User-Agent :ikuacc
11-03 17:09:48.286 I/HTTP_KIT_LOG( 4419): Content-Type :application/octet-stream
11-03 17:09:48.286 I/HTTP_KIT_LOG( 4419): Host :pss.alicdn.com
11-03 17:09:48.286 I/HTTP_KIT_LOG( 4419): Content-Length :811
11-03 17:09:48.286 I/HTTP_KIT_LOG( 4419): Connection :close
11-03 17:09:48.286 I/HTTP_KIT_LOG( 4419): | Add Ip Resolve: 106.15.163.128 ]
11-03 17:09:48.290 I/PCDN_TAG( 4419): [ 4894]Peer::pulse,state:3,port:8909,fr:0,fmode=C1FF,ftype=C000
11-03 17:09:48.368 I/HTTP_KIT_LOG( 4419): [StopTimer:165] SCENE_PCDN_NG:[jobId_295] stop open timeout timer
11-03 17:09:48.369 I/HTTP_KIT_LOG( 4419): [operator():492] SCENE_PCDN_NG:[jobId_295] notify response
11-03 17:09:48.369 E/HTTP_KIT_LOG( 4419): [OnResponse:205] SCENE_PCDN_NG:[jobId_295] OnResponse content-length:5 of content-type:application/json; charset=utf-8, file-size:5
11-03 17:09:48.369 E/HTTP_KIT_LOG( 4419): headers:
11-03 17:09:48.370 I/HTTP_KIT_LOG( 4419): [operator():463] SCENE_PCDN_NG:[jobId_295] notify complete
11-03 17:09:48.370 I/HTTP_KIT_LOG( 4419): [Close:281] SCENE_PCDN_NG:[jobId_295] Close
11-03 17:09:48.370 I/HTTP_KIT_LOG( 4419): [PrintStr:417] SCENE_PCDN_NG:[jobId_295] ReportStat: {"appconnectTime":0.0,"connectTime":45964.0,"dnsTime":3118.0,"downloadSize":5.0,"downloadTime":87057.0,"error_rtt":-1.0,"firstBTime":86455.0,"firstKBTime":0.0,"firstMBTime":0.0,"last32KTime":0.0,"redirectTime":0.0,"speed":0.05,"starttransferTime":81704.0}
11-03 17:09:48.743 I/com.cibn.tv( 4419): Background young concurrent copying GC freed 383417(21MB) AllocSpace objects, 36(1684KB) LOS objects, 32% free, 48MB/72MB, paused 270us,199us total 106.821ms
11-03 17:09:48.755 D/AlixPlayer-Java( 4419): finalize called
11-03 17:09:48.755 D/AlixPlayer-Java( 4419): finalize called
11-03 17:09:48.825 I/WifiHAL ( 475): call wifi_get_link_stats handler
11-03 17:09:48.825 I/WifiHAL ( 475): Creating message to get link statistics; iface = 16
11-03 17:09:48.825 D/WifiHAL ( 475): error code -95 mapped to -3
11-03 17:09:48.826 E/WifiStaIfaceAidlImpl( 697): getLinkLayerStats failed with service-specific exception: android.os.ServiceSpecificException: (code 4)
11-03 17:09:49.872 D/uninstall( 3004): isAllowStart last_delay 0, current_time 1762160989
11-03 17:09:49.872 I/uninstall( 3004): enable_service com.ktcp.video/com.tencent.qqlivetv.keeplive.proc.DaemonService com.ktcp.video/(null)
11-03 17:09:49.873 D/uninstall( 3004): enable_service waitpid
11-03 17:09:49.873 D/uninstall( 8511): enable_service pid == 0
11-03 17:09:49.873 D/uninstall( 8511): enable_service version >= 17 || version == 0 version == 34
11-03 17:09:49.920 I/uninstall( 3004): watchdaemon process_name = com.ktcp.video:daemon has gone, start it
11-03 17:09:49.921 D/uninstall( 3004): watchdaemon waitpid
11-03 17:09:49.921 D/uninstall( 8515): watchdaemon pid == 0
11-03 17:09:49.921 D/uninstall( 8515): watchdaemon version >= 17 || version == 0 version == 34
11-03 17:09:50.041 D/TrafficStats( 4419): tagSocket(166) with statsTag=0xffffffff, statsUid=-1
11-03 17:09:50.043 D/TrafficStats( 4419): tagSocket(183) with statsTag=0xffffffff, statsUid=-1
11-03 17:09:50.052 D/TrafficStats( 4419): tagSocket(123) with statsTag=0xffffffff, statsUid=-1
11-03 17:09:50.261 D/TrafficStats( 4419): tagSocket(177) with statsTag=0xffffffff, statsUid=-1
11-03 17:09:50.805 D/TrafficStats( 4419): tagSocket(177) with statsTag=0xffffffff, statsUid=-1
11-03 17:09:51.649 D/TrafficStats( 4143): tagSocket(5) with statsTag=0xffffffff, statsUid=-1
11-03 17:09:51.832 I/WifiHAL ( 475): call wifi_get_link_stats handler
11-03 17:09:51.832 I/WifiHAL ( 475): Creating message to get link statistics; iface = 16
11-03 17:09:51.832 D/WifiHAL ( 475): error code -95 mapped to -3
11-03 17:09:51.833 E/WifiStaIfaceAidlImpl( 697): getLinkLayerStats failed with service-specific exception: android.os.ServiceSpecificException: (code 4)
11-03 17:09:52.923 I/audio_hw_hal_alsamgr( 461): alsa format =0x1 delay frames =768 total frames=4283456
11-03 17:09:54.342 E/speedtest( 4419): mtop_rt:0|0|0|0|0|0|51|0|55|69|0|51|44|58|59|0|0|0|0|44|61|47|0|0|0|0|0|0|0|0|,traffic_info:[2480, 3360, 4802],rx_byte:3828|1962|36|2485|1902|202|860|4235|2231|39|41|4615|1150|3775|1800|3564|2480|680|1354|6077|3098|4802|42|33|33|39|44|51|43|48|,nc_type:0
11-03 17:09:54.833 I/[NIP] ( 4419): [ng handler] update remote cfg last:1762160984821, cur:1762160994831
11-03 17:09:54.833 E/OTTPlayer( 4419): [NIP] [NIP][ng handler] update remote cfg last:1762160984821, cur:1762160994831
11-03 17:09:54.837 I/WifiHAL ( 475): call wifi_get_link_stats handler
11-03 17:09:54.837 I/WifiHAL ( 475): Creating message to get link statistics; iface = 16
11-03 17:09:54.837 D/WifiHAL ( 475): error code -95 mapped to -3
11-03 17:09:54.838 E/WifiStaIfaceAidlImpl( 697): getLinkLayerStats failed with service-specific exception: android.os.ServiceSpecificException: (code 4)
11-03 17:09:55.436 D/TrafficStats( 4419): tagSocket(177) with statsTag=0xffffffff, statsUid=-1
11-03 17:09:55.688 I/BLEAudioDrive_HV412( 461): select timeout!
11-03 17:09:57.842 I/WifiHAL ( 475): call wifi_get_link_stats handler
11-03 17:09:57.842 I/WifiHAL ( 475): Creating message to get link statistics; iface = 16
11-03 17:09:57.842 D/WifiHAL ( 475): error code -95 mapped to -3
11-03 17:09:57.843 E/WifiStaIfaceAidlImpl( 697): getLinkLayerStats failed with service-specific exception: android.os.ServiceSpecificException: (code 4)
11-03 17:09:58.294 I/PCDN_TAG( 4419): [ 4894]Peer::pulse,state:3,port:8909,fr:0,fmode=C1FF,ftype=C000
11-03 17:09:58.569 I/XcdnEngine-N( 4419): 2025-11-03 17:09:58.569 [connection_manager.cpp:426] send error:Network is unreachable
11-03 17:10:00.009 D/TrafficStats( 4143): tagSocket(5) with statsTag=0xffffffff, statsUid=-1
11-03 17:10:00.014 D/uninstall( 3004): isAllowStart last_delay 0, current_time 1762161000
11-03 17:10:00.014 I/uninstall( 3004): enable_service com.ktcp.video/com.tencent.qqlivetv.keeplive.proc.DaemonService com.ktcp.video/(null)
11-03 17:10:00.015 D/uninstall( 3004): enable_service waitpid
11-03 17:10:00.015 D/uninstall( 8533): enable_service pid == 0
11-03 17:10:00.016 D/uninstall( 8533): enable_service version >= 17 || version == 0 version == 34
11-03 17:10:00.065 I/uninstall( 3004): watchdaemon process_name = com.ktcp.video:daemon has gone, start it
11-03 17:10:00.066 D/uninstall( 3004): watchdaemon waitpid
11-03 17:10:00.066 D/uninstall( 8537): watchdaemon pid == 0
11-03 17:10:00.066 D/uninstall( 8537): watchdaemon version >= 17 || version == 0 version == 34
11-03 17:10:00.097 D/hdmicecd( 471): [CEC]:printCecMsgBuf, msg: 04 8f
11-03 17:10:00.099 D/HDMI ( 697): [R]: 04:8F
11-03 17:10:00.100 D/HDMI ( 697): [S]: 40:90:00
11-03 17:10:00.290 D/OomAdjuster( 697): Not killing cached processes
11-03 17:10:00.294 D/bbb ( 1556): onStartCommand begin !!!!!!! data分区剩余 51058MB
11-03 17:10:00.382 D/hdmicecd( 471): [CEC]:printCecMessage, [4 -> 0] len: 2, body: 90 00, result:success
11-03 17:10:00.382 E/IPCThreadState( 471): binder thread pool (1 threads) starved for 282 ms
11-03 17:10:00.442 W/i.d.a.e.b.m( 4419): clinglog:I/O exception during HTTP request processing: Connection reset
11-03 17:10:00.848 I/WifiHAL ( 475): call wifi_get_link_stats handler
11-03 17:10:00.848 I/WifiHAL ( 475): Creating message to get link statistics; iface = 16
11-03 17:10:00.848 D/WifiHAL ( 475): error code -95 mapped to -3
11-03 17:10:00.849 E/WifiStaIfaceAidlImpl( 697): getLinkLayerStats failed with service-specific exception: android.os.ServiceSpecificException: (code 4)
11-03 17:10:03.607 D/TrafficStats( 4419): tagSocket(192) with statsTag=0xffffffff, statsUid=-1
11-03 17:10:03.707 I/audio_hw_hal_alsamgr( 461): alsa format =0x24000000 delay frames =4160 total frames=19200000
11-03 17:10:03.853 I/WifiHAL ( 475): call wifi_get_link_stats handler
11-03 17:10:03.853 I/WifiHAL ( 475): Creating message to get link statistics; iface = 16
11-03 17:10:03.854 D/WifiHAL ( 475): error code -95 mapped to -3
11-03 17:10:03.854 E/WifiStaIfaceAidlImpl( 697): getLinkLayerStats failed with service-specific exception: android.os.ServiceSpecificException: (code 4)
11-03 17:10:04.344 E/speedtest( 4419): mtop_rt:0|0|0|0|0|51|0|55|69|0|51|44|58|59|0|0|0|0|44|61|47|0|0|0|0|0|0|0|0|0|,traffic_info:[2480, 3360, 4802],rx_byte:1962|36|2485|1902|202|860|4235|2231|39|41|4615|1150|3775|1800|3564|2480|680|1354|6077|3098|4802|42|33|33|39|44|51|43|48|43|,nc_type:0
11-03 17:10:04.376 E/speedtest( 4419): netType:wifi,ipv4:192.168.3.201,ipv6:fe80::ad80:514c:8697:7435%wlan0,ssid:"DB-machines5G",rssi:-54|-53|-52|-53|-53|-53|,freq:5G,metered:0,gate_ip:192.168.3.1,RTTs:,devCnt:0,qualityCode:1100
11-03 17:10:04.843 I/[NIP] ( 4419): [ng handler] update remote cfg last:1762160994831, cur:1762161004842
11-03 17:10:04.843 E/OTTPlayer( 4419): [NIP] [NIP][ng handler] update remote cfg last:1762160994831, cur:1762161004842
11-03 17:10:05.274 D/WanClient( 1429): sendHeartMessage
11-03 17:10:05.275 D/WanClient( 1429): -----final------sendMessage: {"type":"2bKPMh2jwmQ="}
11-03 17:10:05.593 D/WanClient( 1429): onMessage:Thread[WebSocketConnectReadThread-70,5,main]--{"msg":"+MSejyjwlbc="}
11-03 17:10:05.596 D/WanClient( 1429): onMessageReceived:Thread[WebSocketConnectReadThread-70,5,main] {"msg":"+MSejyjwlbc="}
11-03 17:10:05.596 D/WanClient( 1429): type: null
11-03 17:10:05.596 D/WanClient( 1429): send:HB7FxtN64oc=
11-03 17:10:05.596 D/WanClient( 1429): leave:uQ3qCmhm4oA=
11-03 17:10:05.596 D/WanClient( 1429): join:7EsoetslBbs=
11-03 17:10:05.596 D/WanClient( 1429): q5TrJmBoEmShmpfjN3vFNg==
11-03 17:10:05.698 I/BLEAudioDrive_HV412( 461): select timeout!
11-03 17:10:05.790 D/OomAdjuster( 697): Not killing cached processes
11-03 17:10:06.429 W/SQLiteLog( 4419): (28) double-quoted string literal: "vpm"
11-03 17:10:06.429 W/SQLiteLog( 4419): (28) double-quoted string literal: "yk_devicemark"
11-03 17:10:06.860 I/WifiHAL ( 475): call wifi_get_link_stats handler
11-03 17:10:06.860 I/WifiHAL ( 475): Creating message to get link statistics; iface = 16
11-03 17:10:06.861 D/WifiHAL ( 475): error code -95 mapped to -3
11-03 17:10:06.861 E/WifiStaIfaceAidlImpl( 697): getLinkLayerStats failed with service-specific exception: android.os.ServiceSpecificException: (code 4)
11-03 17:10:07.715 V/HotPlugDetectionAction( 697): Poll all devices.
11-03 17:10:07.773 D/hdmicecd( 471): [CEC]:printCecMessage, [4 -> 0] len: 0, body:, result:success
11-03 17:10:07.829 D/hdmicecd( 471): [CEC]:printCecMessage, [4 -> 1] len: 0, body:, result:no ack
11-03 17:10:07.889 D/hdmicecd( 471): [CEC]:printCecMessage, [4 -> 3] len: 0, body:, result:success
11-03 17:10:07.945 D/hdmicecd( 471): [CEC]:printCecMessage, [4 -> 5] len: 0, body:, result:success
11-03 17:10:08.001 D/hdmicecd( 471): [CEC]:printCecMessage, [4 -> 8] len: 0, body:, result:no ack
11-03 17:10:08.057 D/hdmicecd( 471): [CEC]:printCecMessage, [4 -> b] len: 0, body:, result:no ack
11-03 17:10:08.113 D/hdmicecd( 471): [CEC]:printCecMessage, [4 -> e] len: 0, body:, result:no ack
11-03 17:10:08.113 D/HdmiCecController( 697): [P]:AllocatedAddress=[0, 3, 5]
11-03 17:10:08.299 I/PCDN_TAG( 4419): [ 4894]Peer::pulse,state:3,port:8909,fr:0,fmode=C1FF,ftype=C000
11-03 17:10:09.281 W/System ( 1499): A resource failed to call close.
11-03 17:10:09.869 I/WifiHAL ( 475): call wifi_get_link_stats handler
11-03 17:10:09.869 I/WifiHAL ( 475): Creating message to get link statistics; iface = 16
11-03 17:10:09.869 D/WifiHAL ( 475): error code -95 mapped to -3
11-03 17:10:09.869 E/WifiStaIfaceAidlImpl( 697): getLinkLayerStats failed with service-specific exception: android.os.ServiceSpecificException: (code 4)
11-03 17:10:10.160 D/uninstall( 3004): isAllowStart last_delay 0, current_time 1762161010
11-03 17:10:10.160 I/uninstall( 3004): enable_service com.ktcp.video/com.tencent.qqlivetv.keeplive.proc.DaemonService com.ktcp.video/(null)
11-03 17:10:10.161 D/uninstall( 3004): enable_service waitpid
11-03 17:10:10.162 D/uninstall( 8558): enable_service pid == 0
11-03 17:10:10.162 D/uninstall( 8558): enable_service version >= 17 || version == 0 version == 34
11-03 17:10:10.207 I/uninstall( 3004): watchdaemon process_name = com.ktcp.video:daemon has gone, start it
11-03 17:10:10.208 D/uninstall( 3004): watchdaemon waitpid
11-03 17:10:10.209 D/uninstall( 8562): watchdaemon pid == 0
11-03 17:10:10.209 D/uninstall( 8562): watchdaemon version >= 17 || version == 0 version == 34
11-03 17:10:12.875 I/WifiHAL ( 475): call wifi_get_link_stats handler
11-03 17:10:12.875 I/WifiHAL ( 475): Creating message to get link statistics; iface = 16
11-03 17:10:12.875 D/WifiHAL ( 475): error code -95 mapped to -3
11-03 17:10:12.876 E/WifiStaIfaceAidlImpl( 697): getLinkLayerStats failed with service-specific exception: android.os.ServiceSpecificException: (code 4)
11-03 17:10:12.924 I/audio_hw_hal_alsamgr( 461): alsa format =0x1 delay frames =768 total frames=5243456
11-03 17:10:14.345 E/speedtest( 4419): mtop_rt:0|0|0|0|51|0|55|69|0|51|44|58|59|0|0|0|0|44|61|47|0|0|0|0|0|0|0|0|0|0|,traffic_info:[2480, 3360, 4802],rx_byte:36|2485|1902|202|860|4235|2231|39|41|4615|1150|3775|1800|3564|2480|680|1354|6077|3098|4802|42|33|33|39|44|51|43|48|43|40|,nc_type:0
11-03 17:10:14.854 I/[NIP] ( 4419): [ng handler] update remote cfg last:1762161004842, cur:1762161014853
11-03 17:10:14.854 E/OTTPlayer( 4419): [NIP] [NIP][ng handler] update remote cfg last:1762161004842, cur:1762161014853
11-03 17:10:15.708 I/BLEAudioDrive_HV412( 461): select timeout!
11-03 17:10:15.881 I/WifiHAL ( 475): call wifi_get_link_stats handler
11-03 17:10:15.881 I/WifiHAL ( 475): Creating message to get link statistics; iface = 16
11-03 17:10:15.882 D/WifiHAL ( 475): error code -95 mapped to -3
11-03 17:10:15.882 E/WifiStaIfaceAidlImpl( 697): getLinkLayerStats failed with service-specific exception: android.os.ServiceSpecificException: (code 4)
11-03 17:10:18.303 I/PCDN_TAG( 4419): [ 4894]Peer::pulse,state:3,port:8909,fr:0,fmode=C1FF,ftype=C000
11-03 17:10:18.580 I/XcdnEngine-N( 4419): 2025-11-03 17:10:18.580 [connection_manager.cpp:426] send error:Network is unreachable
11-03 17:10:18.888 I/WifiHAL ( 475): call wifi_get_link_stats handler
11-03 17:10:18.888 I/WifiHAL ( 475): Creating message to get link statistics; iface = 16
