11-03 17:10:38.895 I/nStackXDFinder( 4311): GetLocalInterfaceDetail:[461] :GetLocalInterfaceDetail in
11-03 17:10:38.895 E/nStackXCoAP( 4311): IsInSameNetwork:[281] :IsInSameNetwork: not priority process
11-03 17:10:38.895 D/nStackXCoAP( 4311): ParseServiceDiscover:[330] :new device join
11-03 17:10:38.895 E/nStackXDFinder( 4311): GetLocalIp:[401] :GetLocalIp exec
11-03 17:10:38.898 I/audio_hw_hal_primary( 461): [audiohal_get_latency:1036] io 13: out:0xf1bc39d0 frames:1024 rate:48000 whole_latency:21 alsa_latency:21
11-03 17:10:38.898 I/audio_hw_hal_primary( 461): [audiohal_get_latency:1036] io 13: out:0xf1bc39d0 frames:1280 rate:48000 whole_latency:26 alsa_latency:26
11-03 17:10:38.899 E/ccc ( 3251): cccccc i will start scan
11-03 17:10:38.901 E/ccc ( 3251): cccccc 222222222222222222
11-03 17:10:38.905 D/InstantWifi( 697): Drop, size: 1
11-03 17:10:38.906 I/audio_hw_hal_primary( 461): [audiohal_get_latency:1036] io 13: out:0xf1bc39d0 frames:1152 rate:48000 whole_latency:24 alsa_latency:24
11-03 17:10:38.906 I/audio_hw_hal_primary( 461): [audiohal_get_latency:1036] io 13: out:0xf1bc39d0 frames:1152 rate:48000 whole_latency:24 alsa_latency:24
11-03 17:10:38.914 E/ccc ( 3251): cccccc sort 4 34
11-03 17:10:38.914 D/nStackXCoAP( 4311): CoapMessageHandler:[133] :2.01
11-03 17:10:38.915 E/ccc ( 3251): cccccc 4444444444444444444 CONNECTED
11-03 17:10:38.917 I/audio_hw_hal_primary( 461): [audiohal_get_latency:1036] io 13: out:0xf1bc39d0 frames:1152 rate:48000 whole_latency:24 alsa_latency:24
11-03 17:10:38.917 I/audio_hw_hal_primary( 461): [audiohal_get_latency:1036] io 13: out:0xf1bc39d0 frames:1152 rate:48000 whole_latency:24 alsa_latency:24
11-03 17:10:38.925 E/ccc ( 3251): cccccc sort 4 34
11-03 17:10:38.925 I/audio_hw_hal_primary( 461): [audiohal_get_latency:1036] io 13: out:0xf1bc39d0 frames:1280 rate:48000 whole_latency:26 alsa_latency:26
11-03 17:10:38.925 I/audio_hw_hal_primary( 461): [audiohal_get_latency:1036] io 13: out:0xf1bc39d0 frames:1280 rate:48000 whole_latency:26 alsa_latency:26
11-03 17:10:38.937 I/audio_hw_hal_primary( 461): [audiohal_get_latency:1036] io 13: out:0xf1bc39d0 frames:1152 rate:48000 whole_latency:24 alsa_latency:24
11-03 17:10:38.937 I/audio_hw_hal_primary( 461): [audiohal_get_latency:1036] io 13: out:0xf1bc39d0 frames:1152 rate:48000 whole_latency:24 alsa_latency:24
11-03 17:10:38.939 I/BLEAudioDrive_HV412( 461): fd:25 data len: 9 1
11-03 17:10:38.944 I/audio_hw_hal_primary( 461): [audiohal_get_latency:1036] io 13: out:0xf1bc39d0 frames:1152 rate:48000 whole_latency:24 alsa_latency:24
11-03 17:10:38.949 I/SogouIME( 1937): onKeyDown: keyoCode=20
11-03 17:10:38.949 I/DefaultIMS( 1937): onKeyDown: keyoCode=20
11-03 17:10:38.967 D/OpenGLRenderer( 3251): --- Failed to create image decoder with message 'unimplemented'
11-03 17:10:38.968 D/OpenGLRenderer( 3251): --- Failed to create image decoder with message 'unimplemented'
11-03 17:10:38.968 D/OpenGLRenderer( 3251): --- Failed to create image decoder with message 'unimplemented'
11-03 17:10:38.969 D/OpenGLRenderer( 3251): --- Failed to create image decoder with message 'unimplemented'
11-03 17:10:38.969 D/OpenGLRenderer( 3251): --- Failed to create image decoder with message 'unimplemented'
11-03 17:10:38.970 D/OpenGLRenderer( 3251): --- Failed to create image decoder with message 'unimplemented'
11-03 17:10:38.970 D/OpenGLRenderer( 3251): --- Failed to create image decoder with message 'unimplemented'
11-03 17:10:38.971 D/OpenGLRenderer( 3251): --- Failed to create image decoder with message 'unimplemented'
11-03 17:10:38.972 D/OpenGLRenderer( 3251): --- Failed to create image decoder with message 'unimplemented'
11-03 17:10:38.975 D/OpenGLRenderer( 3251): --- Failed to create image decoder with message 'unimplemented'
11-03 17:10:38.975 D/OpenGLRenderer( 3251): --- Failed to create image decoder with message 'unimplemented'
11-03 17:10:38.976 D/OpenGLRenderer( 3251): --- Failed to create image decoder with message 'unimplemented'
11-03 17:10:38.990 D/OpenGLRenderer( 3251): --- Failed to create image decoder with message 'unimplemented'
11-03 17:10:38.990 D/OpenGLRenderer( 3251): --- Failed to create image decoder with message 'unimplemented'
11-03 17:10:38.991 D/OpenGLRenderer( 3251): --- Failed to create image decoder with message 'unimplemented'
11-03 17:10:38.991 D/OpenGLRenderer( 3251): --- Failed to create image decoder with message 'unimplemented'
11-03 17:10:38.991 D/OpenGLRenderer( 3251): --- Failed to create image decoder with message 'unimplemented'
11-03 17:10:38.992 D/OpenGLRenderer( 3251): --- Failed to create image decoder with message 'unimplemented'
11-03 17:10:39.039 I/BLEAudioDrive_HV412( 461): fd:25 data len: 9 1
11-03 17:10:39.041 I/SogouIME( 1937): onKeyUp: keyoCode=20
11-03 17:10:39.041 I/DefaultIMS( 1937): onKeyUp: keyoCode=20
11-03 17:10:39.059 I/audio_hw_hal_primary( 461): [audiohal_get_latency:1036] io 13: out:0xf1bc39d0 frames:1152 rate:48000 whole_latency:24 alsa_latency:24
11-03 17:10:39.078 I/audio_hw_hal_primary( 461): [audiohal_get_latency:1036] io 13: out:0xf1bc39d0 frames:1024 rate:48000 whole_latency:21 alsa_latency:21
11-03 17:10:39.092 W/nStackXCoAP( 4311): ParseDeviceJsonData:[149] :Can't find hicom version
11-03 17:10:39.092 D/nStackXCoAP( 4311): IsInSameNetwork:[276] :IsInSameNetwork exec
11-03 17:10:39.092 I/nStackXDFinder( 4311): GetLocalInterfaceDetail:[461] :GetLocalInterfaceDetail in
11-03 17:10:39.092 E/nStackXCoAP( 4311): IsInSameNetwork:[281] :IsInSameNetwork: not priority process
11-03 17:10:39.092 D/nStackXCoAP( 4311): ParseServiceDiscover:[330] :new device join
11-03 17:10:39.092 E/nStackXDFinder( 4311): GetLocalIp:[401] :GetLocalIp exec
11-03 17:10:39.097 I/audio_hw_hal_primary( 461): [audiohal_get_latency:1036] io 13: out:0xf1bc39d0 frames:1152 rate:48000 whole_latency:24 alsa_latency:24
11-03 17:10:39.117 I/audio_hw_hal_primary( 461): [audiohal_get_latency:1036] io 13: out:0xf1bc39d0 frames:1280 rate:48000 whole_latency:26 alsa_latency:26
11-03 17:10:39.136 I/audio_hw_hal_primary( 461): [audiohal_get_latency:1036] io 13: out:0xf1bc39d0 frames:1152 rate:48000 whole_latency:24 alsa_latency:24
11-03 17:10:39.136 I/audio_hw_hal_primary( 461): [audiohal_get_latency:1036] io 13: out:0xf1bc39d0 frames:1152 rate:48000 whole_latency:24 alsa_latency:24
11-03 17:10:39.147 I/audio_hw_hal_primary( 461): [audiohal_get_latency:1036] io 13: out:0xf1bc39d0 frames:1152 rate:48000 whole_latency:24 alsa_latency:24
11-03 17:10:39.147 I/audio_hw_hal_primary( 461): [audiohal_get_latency:1036] io 13: out:0xf1bc39d0 frames:1152 rate:48000 whole_latency:24 alsa_latency:24
11-03 17:10:39.154 D/nStackXCoAP( 4311): CoapMessageHandler:[133] :2.01
11-03 17:10:39.155 I/audio_hw_hal_primary( 461): [audiohal_get_latency:1036] io 13: out:0xf1bc39d0 frames:1280 rate:48000 whole_latency:26 alsa_latency:26
11-03 17:10:39.155 I/audio_hw_hal_primary( 461): [audiohal_get_latency:1036] io 13: out:0xf1bc39d0 frames:1280 rate:48000 whole_latency:26 alsa_latency:26
11-03 17:10:39.164 D/CompatibilityChangeReporter( 3251): Compat change id reported: 263076149; UID 1000; state: DISABLED
11-03 17:10:39.166 I/audio_hw_hal_primary( 461): [audiohal_get_latency:1036] io 13: out:0xf1bc39d0 frames:1280 rate:48000 whole_latency:26 alsa_latency:26
11-03 17:10:39.166 I/audio_hw_hal_primary( 461): [audiohal_get_latency:1036] io 13: out:0xf1bc39d0 frames:1152 rate:48000 whole_latency:24 alsa_latency:24
11-03 17:10:39.173 I/audio_hw_hal_primary( 461): [audiohal_get_latency:1036] io 13: out:0xf1bc39d0 frames:1152 rate:48000 whole_latency:24 alsa_latency:24
11-03 17:10:39.174 I/audio_hw_hal_primary( 461): [audiohal_get_latency:1036] io 13: out:0xf1bc39d0 frames:1024 rate:48000 whole_latency:21 alsa_latency:21
11-03 17:10:39.174 W/nStackXCoAP( 4311): ParseDeviceJsonData:[149] :Can't find hicom version
11-03 17:10:39.174 D/nStackXCoAP( 4311): IsInSameNetwork:[276] :IsInSameNetwork exec
11-03 17:10:39.174 I/nStackXDFinder( 4311): GetLocalInterfaceDetail:[461] :GetLocalInterfaceDetail in
11-03 17:10:39.174 E/nStackXCoAP( 4311): IsInSameNetwork:[281] :IsInSameNetwork: not priority process
11-03 17:10:39.174 D/nStackXCoAP( 4311): ParseServiceDiscover:[330] :new device join
11-03 17:10:39.174 E/nStackXDFinder( 4311): GetLocalIp:[401] :GetLocalIp exec
11-03 17:10:39.185 I/audio_hw_hal_primary( 461): [audiohal_get_latency:1036] io 13: out:0xf1bc39d0 frames:1152 rate:48000 whole_latency:24 alsa_latency:24
11-03 17:10:39.185 I/audio_hw_hal_primary( 461): [audiohal_get_latency:1036] io 13: out:0xf1bc39d0 frames:1024 rate:48000 whole_latency:21 alsa_latency:21
11-03 17:10:39.185 I/BLEAudioDrive_HV412( 461): fd:25 data len: 9 1
11-03 17:10:39.193 I/audio_hw_hal_primary( 461): [audiohal_get_latency:1036] io 13: out:0xf1bc39d0 frames:1152 rate:48000 whole_latency:24 alsa_latency:24
11-03 17:10:39.212 I/audio_hw_hal_primary( 461): [audiohal_get_latency:1036] io 13: out:0xf1bc39d0 frames:1024 rate:48000 whole_latency:21 alsa_latency:21
11-03 17:10:39.227 I/SogouIME( 1937): onKeyDown: keyoCode=20
11-03 17:10:39.227 I/DefaultIMS( 1937): onKeyDown: keyoCode=20
11-03 17:10:39.236 D/nStackXCoAP( 4311): CoapMessageHandler:[133] :2.01
11-03 17:10:39.309 I/BLEAudioDrive_HV412( 461): fd:25 data len: 9 1
11-03 17:10:39.311 I/SogouIME( 1937): onKeyUp: keyoCode=20
11-03 17:10:39.311 I/DefaultIMS( 1937): onKeyUp: keyoCode=20
11-03 17:10:39.326 I/audio_hw_hal_primary( 461): [audiohal_get_latency:1036] io 13: out:0xf1bc39d0 frames:1152 rate:48000 whole_latency:24 alsa_latency:24
11-03 17:10:39.346 I/audio_hw_hal_primary( 461): [audiohal_get_latency:1036] io 13: out:0xf1bc39d0 frames:1280 rate:48000 whole_latency:26 alsa_latency:26
11-03 17:10:39.365 I/audio_hw_hal_primary( 461): [audiohal_get_latency:1036] io 13: out:0xf1bc39d0 frames:1152 rate:48000 whole_latency:24 alsa_latency:24
11-03 17:10:39.384 I/audio_hw_hal_primary( 461): [audiohal_get_latency:1036] io 13: out:0xf1bc39d0 frames:1280 rate:48000 whole_latency:26 alsa_latency:26
11-03 17:10:39.384 I/audio_hw_hal_primary( 461): [audiohal_get_latency:1036] io 13: out:0xf1bc39d0 frames:1280 rate:48000 whole_latency:26 alsa_latency:26
11-03 17:10:39.395 I/audio_hw_hal_primary( 461): [audiohal_get_latency:1036] io 13: out:0xf1bc39d0 frames:1280 rate:48000 whole_latency:26 alsa_latency:26
11-03 17:10:39.395 I/audio_hw_hal_primary( 461): [audiohal_get_latency:1036] io 13: out:0xf1bc39d0 frames:1152 rate:48000 whole_latency:24 alsa_latency:24
11-03 17:10:39.402 I/audio_hw_hal_primary( 461): [audiohal_get_latency:1036] io 13: out:0xf1bc39d0 frames:1152 rate:48000 whole_latency:24 alsa_latency:24
11-03 17:10:39.403 I/audio_hw_hal_primary( 461): [audiohal_get_latency:1036] io 13: out:0xf1bc39d0 frames:1152 rate:48000 whole_latency:24 alsa_latency:24
11-03 17:10:39.413 I/audio_hw_hal_primary( 461): [audiohal_get_latency:1036] io 13: out:0xf1bc39d0 frames:1152 rate:48000 whole_latency:24 alsa_latency:24
11-03 17:10:39.414 I/audio_hw_hal_primary( 461): [audiohal_get_latency:1036] io 13: out:0xf1bc39d0 frames:1152 rate:48000 whole_latency:24 alsa_latency:24
11-03 17:10:39.422 I/audio_hw_hal_primary( 461): [audiohal_get_latency:1036] io 13: out:0xf1bc39d0 frames:1152 rate:48000 whole_latency:24 alsa_latency:24
11-03 17:10:39.422 I/audio_hw_hal_primary( 461): [audiohal_get_latency:1036] io 13: out:0xf1bc39d0 frames:1152 rate:48000 whole_latency:24 alsa_latency:24
11-03 17:10:39.433 I/audio_hw_hal_primary( 461): [audiohal_get_latency:1036] io 13: out:0xf1bc39d0 frames:1152 rate:48000 whole_latency:24 alsa_latency:24
11-03 17:10:39.433 I/audio_hw_hal_primary( 461): [audiohal_get_latency:1036] io 13: out:0xf1bc39d0 frames:1152 rate:48000 whole_latency:24 alsa_latency:24
11-03 17:10:39.441 I/audio_hw_hal_primary( 461): [audiohal_get_latency:1036] io 13: out:0xf1bc39d0 frames:1024 rate:48000 whole_latency:21 alsa_latency:21
11-03 17:10:39.441 I/audio_hw_hal_primary( 461): [audiohal_get_latency:1036] io 13: out:0xf1bc39d0 frames:1024 rate:48000 whole_latency:21 alsa_latency:21
11-03 17:10:39.452 I/audio_hw_hal_primary( 461): [audiohal_get_latency:1036] io 13: out:0xf1bc39d0 frames:1024 rate:48000 whole_latency:21 alsa_latency:21
11-03 17:10:39.452 I/audio_hw_hal_primary( 461): [audiohal_get_latency:1036] io 13: out:0xf1bc39d0 frames:1280 rate:48000 whole_latency:26 alsa_latency:26
11-03 17:10:39.458 I/DroidAudioManager.J( 1429): getService get IDroidAudio service success. ^_^
11-03 17:10:39.460 I/audio_hw_hal_primary( 461): [audiohal_get_latency:1036] io 13: out:0xf1bc39d0 frames:1152 rate:48000 whole_latency:24 alsa_latency:24
11-03 17:10:39.460 I/DroidAudio( 254): [registerClient:120] pid:1429, uid:1000
11-03 17:10:39.460 I/audio_hw_hal_primary( 461): [audiohal_get_latency:1036] io 13: out:0xf1bc39d0 frames:1152 rate:48000 whole_latency:24 alsa_latency:24
11-03 17:10:39.460 I/DroidAudio( 254): [registerClient:130] client:0xee90445c, uid:1000 pid:1429, client cout:2
11-03 17:10:39.462 W/nStackXCoAP( 4311): ParseDeviceJsonData:[149] :Can't find hicom version
11-03 17:10:39.462 D/nStackXCoAP( 4311): IsInSameNetwork:[276] :IsInSameNetwork exec
11-03 17:10:39.462 I/nStackXDFinder( 4311): GetLocalInterfaceDetail:[461] :GetLocalInterfaceDetail in
11-03 17:10:39.462 E/nStackXCoAP( 4311): IsInSameNetwork:[281] :IsInSameNetwork: not priority process
11-03 17:10:39.462 D/nStackXCoAP( 4311): ParseServiceDiscover:[330] :new device join
11-03 17:10:39.462 E/nStackXDFinder( 4311): GetLocalIp:[401] :GetLocalIp exec
11-03 17:10:39.465 E/ccc ( 1429): cccccc led current is 100 标准
11-03 17:10:39.465 E/ccc ( 1429): cccccc led current is null
11-03 17:10:39.463 I/binder:1429_2( 1429): type=1400 audit(0.0:3779): avc: denied { open } for path="/dev/__properties__/u:object_r:vendor_default_prop:s0" dev="tmpfs" ino=377 scontext=u:r:system_app:s0 tcontext=u:object_r:vendor_default_prop:s0 tclass=file permissive=1
11-03 17:10:39.469 D/BluetoothAdapterService( 1067): cancelDiscovery
11-03 17:10:39.469 I/bt_btif_dm( 1067): packages/modules/Bluetooth/system/btif/src/btif_dm.cc:2470 btif_dm_cancel_discovery: Cancel search
11-03 17:10:39.469 I/bluetooth( 1067): packages/modules/Bluetooth/system/bta/dm/bta_dm_main.cc:96 bta_dm_search_sm_execute: state:BTA_DM_SEARCH_IDLE, event:BTA_DM_API_SEARCH_CANCEL_EVT[0x201]
11-03 17:10:39.471 I/audio_hw_hal_primary( 461): [audiohal_get_latency:1036] io 13: out:0xf1bc39d0 frames:1152 rate:48000 whole_latency:24 alsa_latency:24
11-03 17:10:39.472 I/audio_hw_hal_primary( 461): [audiohal_get_latency:1036] io 13: out:0xf1bc39d0 frames:1152 rate:48000 whole_latency:24 alsa_latency:24
11-03 17:10:39.463 I/binder:1429_2( 1429): type=1400 audit(0.0:3780): avc: denied { getattr } for path="/dev/__properties__/u:object_r:vendor_default_prop:s0" dev="tmpfs" ino=377 scontext=u:r:system_app:s0 tcontext=u:object_r:vendor_default_prop:s0 tclass=file permissive=1
11-03 17:10:39.473 E/ccc ( 1429): cccccc led current is 100 标准
11-03 17:10:39.473 E/ccc ( 1429): cccccc led current is null
11-03 17:10:39.463 I/binder:1429_2( 1429): type=1400 audit(0.0:3781): avc: denied { map } for path="/dev/__properties__/u:object_r:vendor_default_prop:s0" dev="tmpfs" ino=377 scontext=u:r:system_app:s0 tcontext=u:object_r:vendor_default_prop:s0 tclass=file permissive=1
11-03 17:10:39.479 I/audio_hw_hal_primary( 461): [audiohal_get_latency:1036] io 13: out:0xf1bc39d0 frames:1024 rate:48000 whole_latency:21 alsa_latency:21
11-03 17:10:39.479 I/audio_hw_hal_primary( 461): [audiohal_get_latency:1036] io 13: out:0xf1bc39d0 frames:1024 rate:48000 whole_latency:21 alsa_latency:21
11-03 17:10:39.489 I/audio_hw_hal_primary( 461): [audiohal_get_latency:1036] io 13: out:0xf1bc39d0 frames:1024 rate:48000 whole_latency:21 alsa_latency:21
11-03 17:10:39.489 I/audio_hw_hal_primary( 461): [audiohal_get_latency:1036] io 13: out:0xf1bc39d0 frames:1280 rate:48000 whole_latency:26 alsa_latency:26
11-03 17:10:39.498 I/audio_hw_hal_primary( 461): [audiohal_get_latency:1036] io 13: out:0xf1bc39d0 frames:1152 rate:48000 whole_latency:24 alsa_latency:24
11-03 17:10:39.498 I/audio_hw_hal_primary( 461): [audiohal_get_latency:1036] io 13: out:0xf1bc39d0 frames:1152 rate:48000 whole_latency:24 alsa_latency:24
11-03 17:10:39.508 I/audio_hw_hal_primary( 461): [audiohal_get_latency:1036] io 13: out:0xf1bc39d0 frames:1152 rate:48000 whole_latency:24 alsa_latency:24
11-03 17:10:39.508 I/audio_hw_hal_primary( 461): [audiohal_get_latency:1036] io 13: out:0xf1bc39d0 frames:1152 rate:48000 whole_latency:24 alsa_latency:24
11-03 17:10:39.509 D/audioserver( 503): logFgsApiEnd: FGS Logger Transaction failed, -129
11-03 17:10:39.510 I/audio_hw_hal_primary( 461): out_update_source_metadata_v7() line 1743 usage:1 content_type:2
11-03 17:10:39.517 I/audio_hw_hal_primary( 461): [audiohal_get_latency:1036] io 13: out:0xf1bc39d0 frames:1280 rate:48000 whole_latency:26 alsa_latency:26
11-03 17:10:39.527 I/audio_hw_hal_primary( 461): [audiohal_get_latency:1036] io 13: out:0xf1bc39d0 frames:1024 rate:48000 whole_latency:21 alsa_latency:21
11-03 17:10:39.533 D/nStackXCoAP( 4311): CoapMessageHandler:[133] :2.01
11-03 17:10:39.536 I/audio_hw_hal_primary( 461): [audiohal_get_latency:1036] io 13: out:0xf1bc39d0 frames:1152 rate:48000 whole_latency:24 alsa_latency:24
11-03 17:10:39.547 I/audio_hw_hal_primary( 461): [audiohal_get_latency:1036] io 13: out:0xf1bc39d0 frames:1152 rate:48000 whole_latency:24 alsa_latency:24
11-03 17:10:39.555 I/audio_hw_hal_primary( 461): [audiohal_get_latency:1036] io 13: out:0xf1bc39d0 frames:1280 rate:48000 whole_latency:26 alsa_latency:26
11-03 17:10:39.565 I/audio_hw_hal_primary( 461): [audiohal_get_latency:1036] io 13: out:0xf1bc39d0 frames:1280 rate:48000 whole_latency:26 alsa_latency:26
11-03 17:10:39.566 D/audioserver( 503): logFgsApiEnd: FGS Logger Transaction failed, -129
11-03 17:10:39.659 I//apex/com.android.adbd/bin/adbd( 1361): type=1400 audit(0.0:3782): avc: denied { dac_read_search } for comm=75736220666673206F70656E capability=2 scontext=u:r:su:s0 tcontext=u:r:su:s0 tclass=capability permissive=1
11-03 17:10:39.659 I//apex/com.android.adbd/bin/adbd( 1361): type=1400 audit(0.0:3783): avc: denied { dac_override } for comm=75736220666673206F70656E capability=1 scontext=u:r:su:s0 tcontext=u:r:su:s0 tclass=capability permissive=1
11-03 17:10:39.659 I//apex/com.android.adbd/bin/adbd( 1361): type=1400 audit(0.0:3784): avc: denied { connectto } for comm=75736220666673206F70656E path="/dev/socket/property_service" scontext=u:r:su:s0 tcontext=u:r:init:s0 tclass=unix_stream_socket permissive=1
11-03 17:10:39.707 W/nStackXCoAP( 4311): ParseDeviceJsonData:[149] :Can't find hicom version
11-03 17:10:39.707 D/nStackXCoAP( 4311): IsInSameNetwork:[276] :IsInSameNetwork exec
11-03 17:10:39.707 I/nStackXDFinder( 4311): GetLocalInterfaceDetail:[461] :GetLocalInterfaceDetail in
11-03 17:10:39.707 E/nStackXCoAP( 4311): IsInSameNetwork:[281] :IsInSameNetwork: not priority process
11-03 17:10:39.707 D/nStackXCoAP( 4311): ParseServiceDiscover:[330] :new device join
11-03 17:10:39.707 E/nStackXDFinder( 4311): GetLocalIp:[401] :GetLocalIp exec
11-03 17:10:39.932 I/WifiHAL ( 475): call wifi_get_link_stats handler
11-03 17:10:39.932 I/WifiHAL ( 475): Creating message to get link statistics; iface = 16
11-03 17:10:39.932 D/WifiHAL ( 475): error code -95 mapped to -3
11-03 17:10:39.932 E/WifiStaIfaceAidlImpl( 697): getLinkLayerStats failed with service-specific exception: android.os.ServiceSpecificException: (code 4)
11-03 17:10:40.059 D/nStackXCoAP( 4311): CoapMessageHandler:[133] :2.01
11-03 17:10:40.584 D/uninstall( 3004): isAllowStart last_delay 0, current_time 1762161040
11-03 17:10:40.584 I/uninstall( 3004): enable_service com.ktcp.video/com.tencent.qqlivetv.keeplive.proc.DaemonService com.ktcp.video/(null)
11-03 17:10:40.585 D/uninstall( 3004): enable_service waitpid
11-03 17:10:40.585 D/uninstall( 8643): enable_service pid == 0
11-03 17:10:40.585 D/uninstall( 8643): enable_service version >= 17 || version == 0 version == 34
11-03 17:10:40.623 I/uninstall( 3004): watchdaemon process_name = com.ktcp.video:daemon has gone, start it
11-03 17:10:40.624 D/uninstall( 3004): watchdaemon waitpid
11-03 17:10:40.624 D/uninstall( 8647): watchdaemon pid == 0
11-03 17:10:40.624 D/uninstall( 8647): watchdaemon version >= 17 || version == 0 version == 34
11-03 17:10:40.691 I/CPUMonitor( 4419): type=1400 audit(0.0:3785): avc: denied { open } for path="/proc/stat" dev="proc" ino=4026532003 scontext=u:r:untrusted_app_25:s0:c512,c768 tcontext=u:object_r:proc_stat:s0 tclass=file permissive=1 app=com.cibn.tv
11-03 17:10:40.691 I/CPUMonitor( 4419): type=1400 audit(0.0:3786): avc: denied { getattr } for path="/proc/stat" dev="proc" ino=4026532003 scontext=u:r:untrusted_app_25:s0:c512,c768 tcontext=u:object_r:proc_stat:s0 tclass=file permissive=1 app=com.cibn.tv
11-03 17:10:40.691 I/CPUMonitor( 4419): type=1400 audit(0.0:3787): avc: denied { read } for name="loadavg" dev="proc" ino=4026532001 scontext=u:r:untrusted_app_25:s0:c512,c768 tcontext=u:object_r:proc_loadavg:s0 tclass=file permissive=1 app=com.cibn.tv
11-03 17:10:40.691 I/CPUMonitor( 4419): type=1400 audit(0.0:3788): avc: denied { open } for path="/proc/loadavg" dev="proc" ino=4026532001 scontext=u:r:untrusted_app_25:s0:c512,c768 tcontext=u:object_r:proc_loadavg:s0 tclass=file permissive=1 app=com.cibn.tv
11-03 17:10:40.691 I/CPUMonitor( 4419): type=1400 audit(0.0:3789): avc: denied { getattr } for path="/proc/loadavg" dev="proc" ino=4026532001 scontext=u:r:untrusted_app_25:s0:c512,c768 tcontext=u:object_r:proc_loadavg:s0 tclass=file permissive=1 app=com.cibn.tv
11-03 17:10:41.585 D/WifiNl80211Manager( 697): Scan result ready event
11-03 17:10:41.585 D/WifiNative( 697): Scan result ready event
11-03 17:10:41.598 W/IE_Capabilities( 697): Unknown RSN cipher suite: 6ac0f00
11-03 17:10:41.632 E/hq ( 1459): NetWorkStateReceiver:::NetWorkStateReceiver onReceive: 网络变化广播 >>>> intent.action=android.net.wifi.SCAN_RESULTS
11-03 17:10:41.634 E/ccc ( 3251): cccccc SCAN_RESULTS_AVAILABLE_ACTION hhhh
11-03 17:10:41.636 I/WifiHAL ( 475): call wifi_get_link_stats handler
11-03 17:10:41.636 I/WifiHAL ( 475): Creating message to get link statistics; iface = 16
11-03 17:10:41.636 D/WifiHAL ( 475): error code -95 mapped to -3
11-03 17:10:41.636 E/WifiStaIfaceAidlImpl( 697): getLinkLayerStats failed with service-specific exception: android.os.ServiceSpecificException: (code 4)
11-03 17:10:41.646 W/eventbuscore( 1459): post Event:com.dangbei.leard.base.entity.event.NetWifiRssiEvent
11-03 17:10:41.656 E/ccc ( 3251): cccccc result is not empty call back
11-03 17:10:41.656 E/ccc ( 3251): cccccc 666666666666666
11-03 17:10:41.662 W/i.d.a.e.b.e( 4419): Get LocalAddress by datagram addreess
11-03 17:10:41.662 W/i.d.a.e.b.e( 4419): Get LocalAddress by datagram addreess
11-03 17:10:41.663 W/i.d.a.e.b.e( 4419): Get LocalAddress by datagram addreess
11-03 17:10:41.669 E/ccc ( 3251): cccccc sort 4 34
11-03 17:10:41.670 W/i.d.a.e.b.e( 4419): Get LocalAddress by datagram addreess
11-03 17:10:41.671 W/i.d.a.e.b.e( 4419): Get LocalAddress by datagram addreess
11-03 17:10:41.763 E/TaskPersister( 697): File error accessing recents directory (directory doesn't exist?).
11-03 17:10:41.847 W/i.d.a.e.b.e( 4419): Get LocalAddress by datagram addreess
11-03 17:10:41.943 W/i.d.a.e.b.e( 4419): Get LocalAddress by datagram addreess
11-03 17:10:42.023 W/i.d.a.e.b.e( 4419): Get LocalAddress by datagram addreess
11-03 17:10:42.110 I/BLEAudioDrive_HV412( 461): fd:25 data len: 9 1
11-03 17:10:42.113 W/i.d.a.e.b.e( 4419): Get LocalAddress by datagram addreess
11-03 17:10:42.122 D/audioserver( 503): logFgsApiBegin: FGS Logger Transaction failed, -129
11-03 17:10:42.125 I/SogouIME( 1937): onKeyDown: keyoCode=4
11-03 17:10:42.125 I/DefaultIMS( 1937): onKeyDown: keyoCode=4
11-03 17:10:42.130 I/audio_hw_hal_primary( 461): out_update_source_metadata_v7() line 1743 usage:1 content_type:2
11-03 17:10:42.205 W/i.d.a.e.b.e( 4419): Get LocalAddress by datagram addreess
11-03 17:10:42.245 I/BLEAudioDrive_HV412( 461): fd:25 data len: 9 1
11-03 17:10:42.248 I/SogouIME( 1937): onKeyUp: keyoCode=4
11-03 17:10:42.248 I/DefaultIMS( 1937): onKeyUp: keyoCode=4
11-03 17:10:42.255 V/WindowManagerShell( 933): Transition requested: android.os.BinderProxy@6dd14ea TransitionRequestInfo { type = 2, triggerTask = TaskInfo{userId=0 taskId=231 displayId=0 isRunning=false baseIntent=Intent { dat=haqu://setting:8080/... flg=0x10000000 pkg=com.dangbei.haqusetting cmp=com.dangbei.haqusetting/.ui.HomeActivity } baseActivity=null topActivity=null origActivity=null realActivity=ComponentInfo{com.dangbei.haqusetting/com.dangbei.haqusetting.ui.HomeActivity} numActivities=0 lastActiveTime=541998 supportsMultiWindow=true resizeMode=1 isResizeable=true minWidth=-1 minHeight=-1 defaultMinSize=220 token=WCT{android.window.IWindowContainerToken$Stub$Proxy@f7d63db} topActivityType=1 pictureInPictureParams=null shouldDockBigOverlays=false launchIntoPipHostTaskId=-1 lastParentTaskIdBeforePip=-1 displayCutoutSafeInsets=null topActivityInfo=null launchCookies=[] positionInParent=Point(0, 0) parentTaskId=-1 isFocused=true isVisible=true isVisibleRequested=true isSleeping=false topActivityInSizeCompat=false topActivityEligibleForLetterboxEducation= false isLetterboxDoubleTapEnabled= false topActivityEligibleForUserAspectRatioButton= false topActivityBoundsLetterboxed= false isFromLetterboxDoubleTap= false topActivityLetterboxVerticalPosition= -1 topActivityLetterboxHorizontalPosition= -1 topActivityLetterboxWidth=-1 topActivityLetterboxHeight=-1 isUserFullscreenOverrideEnabled=false isTopActivityTransparent=false locusId=null displayAreaFeatureId=1 cameraCompatControlState=hidden}, remoteTransition = null, displayChange = null, flags = 0 }
11-03 17:10:42.267 V/WindowManager( 697): app ------------- force_land :0
11-03 17:10:42.272 E/Firebrick( 4419): remove mark type app_pause_flag, current count 0.
11-03 17:10:42.272 D/Firebrick( 4419): remove markPauseFlag : 0
11-03 17:10:42.273 D/MotuCrashSDK( 4419): onActivityResumed:com.youku.tv.home.activity.HomeActivity
11-03 17:10:42.275 I/BpBinder( 274): onLastStrongRef automatically unlinking death recipients:
11-03 17:10:42.277 W/CIBN-LivePopManager( 4419): getDataJson mDataJson null:
11-03 17:10:42.280 V/WindowManagerShell( 933): onTransitionReady android.os.BinderProxy@6dd14ea: {id=39 t=CLOSE f=0x0 trk=0 r=[0@Point(0, 0)] c=[{WCT{android.window.IWindowContainerToken$Stub$Proxy@1ef95b6} m=CLOSE f=TRANSLUCENT leash=Surface(name=Task=231)/@0x3326e78 sb=Rect(0, 0 - 1920, 1080) eb=Rect(0, 0 - 1920, 1080) d=0}]}
11-03 17:10:42.280 V/WindowManagerShell( 933): Playing animation for (#39)android.os.BinderProxy@6dd14ea@0
11-03 17:10:42.281 V/WindowManagerShell( 933): try handler com.android.wm.shell.keyguard.KeyguardTransitionHandler@5ae5ca9
11-03 17:10:42.281 V/WindowManager( 697): Sent Transition #39 createdAt=11-03 17:10:42.253 via request=TransitionRequestInfo { type = 2, triggerTask = TaskInfo{userId=0 taskId=231 displayId=0 isRunning=false baseIntent=Intent { dat=haqu://setting:8080/... flg=0x10000000 pkg=com.dangbei.haqusetting cmp=com.dangbei.haqusetting/.ui.HomeActivity } baseActivity=null topActivity=null origActivity=null realActivity=ComponentInfo{com.dangbei.haqusetting/com.dangbei.haqusetting.ui.HomeActivity} numActivities=0 lastActiveTime=541998 supportsMultiWindow=true resizeMode=1 isResizeable=true minWidth=-1 minHeight=-1 defaultMinSize=220 token=WCT{RemoteToken{75a244 Task{c5d1b5f #231 type=standard A=1000:com.dangbei.haqusetting}}} topActivityType=1 pictureInPictureParams=null shouldDockBigOverlays=false launchIntoPipHostTaskId=-1 lastParentTaskIdBeforePip=-1 displayCutoutSafeInsets=null topActivityInfo=null launchCookies=[] positionInParent=Point(0, 0) parentTaskId=-1 isFocused=true isVisible=true isVisibleRequested=true isSleeping=false topActivityInSizeCompat=false topActivityEligibleForLetterboxEducation= false isLetterboxDoubleTapEnabled= false topActivityEligibleForUserAspectRatioButton= false topActivityBoundsLetterboxed= false isFromLetterboxDoubleTap= false topActivityLetterboxVerticalPosition= -1 topActivityLetterboxHorizontalPosition= -1 topActivityLetterboxWidth=-1 topActivityLetterboxHeight=-1 isUserFullscreenOverrideEnabled=false isTopActivityTransparent=false locusId=null displayAreaFeatureId=1 cameraCompatControlState=hidden}, remoteTransition = null, displayChange = null, flags = 0 }
11-03 17:10:42.281 V/WindowManagerShell( 933): try handler com.android.wm.shell.pip.tv.TvPipTransition@f2f222e
11-03 17:10:42.281 V/WindowManager( 697): startWCT=WindowContainerTransaction { changes = {} hops = [] errorCallbackToken=null taskFragmentOrganizer=null }
11-03 17:10:42.281 V/WindowManagerShell( 933): try handler com.android.wm.shell.activityembedding.ActivityEmbeddingController@10fc1cf
11-03 17:10:42.281 V/WindowManagerShell( 933): try handler com.android.wm.shell.transition.RemoteTransitionHandler@5dcc75c
11-03 17:10:42.281 V/WindowManager( 697): info={id=39 t=CLOSE f=0x0 trk=0 r=[0@Point(0, 0)] c=[{WCT{RemoteToken{75a244 Task{c5d1b5f #231 type=standard A=1000:com.dangbei.haqusetting}}} m=CLOSE f=TRANSLUCENT leash=Surface(name=Task=231)/@0xfa004f1 sb=Rect(0, 0 - 1920, 1080) eb=Rect(0, 0 - 1920, 1080) d=0}]}
11-03 17:10:42.281 V/WindowManagerShell( 933): Transition doesn't have explicit remote, search filters for match for {id=39 t=CLOSE f=0x0 trk=0 r=[0@Point(0, 0)] c=[{WCT{android.window.IWindowContainerToken$Stub$Proxy@1ef95b6} m=CLOSE f=TRANSLUCENT leash=Surface(name=Task=231)/@0x3326e78 sb=Rect(0, 0 - 1920, 1080) eb=Rect(0, 0 - 1920, 1080) d=0}]}
11-03 17:10:42.281 V/WindowManagerShell( 933): Delegate animation for #39 to null
11-03 17:10:42.281 V/WindowManagerShell( 933): try handler com.android.wm.shell.transition.DefaultTransitionHandler@e71a65
11-03 17:10:42.281 V/WindowManagerShell( 933): start default transition animation, info = {id=39 t=CLOSE f=0x0 trk=0 r=[0@Point(0, 0)] c=[{WCT{android.window.IWindowContainerToken$Stub$Proxy@1ef95b6} m=CLOSE f=TRANSLUCENT leash=Surface(name=Task=231)/@0x3326e78 sb=Rect(0, 0 - 1920, 1080) eb=Rect(0, 0 - 1920, 1080) d=0}]}
11-03 17:10:42.282 W/ActivityTaskManager( 697): Finishing task with all activities already finished
11-03 17:10:42.282 W/ActivityTaskManager( 697): Duplicate finish request for r=ActivityRecord{efaa7fe u0 com.dangbei.haqusetting/.ui.HomeActivity t231 f}}
11-03 17:10:42.282 V/WindowManagerShell( 933): loadAnimation: anim=android.view.animation.AlphaAnimation@36462b7 animAttr=0x7 type=CLOSE isEntrance=false
11-03 17:10:42.283 V/WindowManagerShell( 933): animated by com.android.wm.shell.transition.DefaultTransitionHandler@e71a65
11-03 17:10:42.292 D/OomAdjuster( 697): Not killing cached processes
11-03 17:10:42.295 W/i.d.a.e.b.e( 4419): Get LocalAddress by datagram addreess
11-03 17:10:42.298 I/ImeTracker( 697): com.cibn.tv:e0a8eaca: onRequestHide at ORIGIN_SERVER_HIDE_INPUT reason HIDE_UNSPECIFIED_WINDOW
11-03 17:10:42.299 I/ImeTracker( 697): com.cibn.tv:e0a8eaca: onCancelled at PHASE_SERVER_SHOULD_HIDE
11-03 17:10:42.301 I/DefaultIMS( 1937): onStartInput attribute=android.view.inputmethod.EditorInfo@9789e4c restarting=false inputType: 0
11-03 17:10:42.322 D/BluetoothAdapterService( 1067): cancelDiscovery
11-03 17:10:42.322 I/bt_btif_dm( 1067): packages/modules/Bluetooth/system/btif/src/btif_dm.cc:2470 btif_dm_cancel_discovery: Cancel search
11-03 17:10:42.322 I/bluetooth( 1067): packages/modules/Bluetooth/system/bta/dm/bta_dm_main.cc:96 bta_dm_search_sm_execute: state:BTA_DM_SEARCH_IDLE, event:BTA_DM_API_SEARCH_CANCEL_EVT[0x201]
11-03 17:10:42.326 W/WindowOnBackDispatcher( 3251): sendCancelIfRunning: isInProgress=falsecallback=android.view.ViewRootImpl$$ExternalSyntheticLambda17@40069b6
11-03 17:10:42.326 D/CoreBackPreview( 697): Window{255460a u0 com.dangbei.haqusetting/com.dangbei.haqusetting.ui.HomeActivity}: Setting back callback null
11-03 17:10:42.329 I/audio_hw_hal_primary( 461): [audiohal_get_latency:1036] io 13: out:0xf1bc39d0 frames:1152 rate:48000 whole_latency:24 alsa_latency:24
11-03 17:10:42.330 W/InputManager-JNI( 697): Input channel object '255460a com.dangbei.haqusetting/com.dangbei.haqusetting.ui.HomeActivity (client)' was disposed without first being removed with the input manager!
11-03 17:10:42.339 I/audio_hw_hal_primary( 461): [audiohal_get_latency:1036] io 13: out:0xf1bc39d0 frames:1152 rate:48000 whole_latency:24 alsa_latency:24
11-03 17:10:42.349 I/audio_hw_hal_primary( 461): [audiohal_get_latency:1036] io 13: out:0xf1bc39d0 frames:1280 rate:48000 whole_latency:26 alsa_latency:26
11-03 17:10:42.361 I/audio_hw_hal_primary( 461): [audiohal_get_latency:1036] io 13: out:0xf1bc39d0 frames:1152 rate:48000 whole_latency:24 alsa_latency:24
11-03 17:10:42.366 W/ContextImpl( 697): Calling a method in the system process without a qualified user: android.app.ContextImpl.startService:1899 com.android.server.wm.DisplayPolicy.lambda$focusChangedLw$5:2126 com.android.server.wm.DisplayPolicy.$r8$lambda$Znxk63oh-WzVnzo_WQefN7uxV48:0 com.android.server.wm.DisplayPolicy$$ExternalSyntheticLambda13.run:0 android.os.Handler.handleCallback:958
11-03 17:10:42.369 I/audio_hw_hal_primary( 461): [audiohal_get_latency:1036] io 13: out:0xf1bc39d0 frames:1024 rate:48000 whole_latency:21 alsa_latency:21
11-03 17:10:42.371 D/aaa ( 1479): LedStatusService onStartCommand begin
11-03 17:10:42.371 D/WindowManagerShell( 933): TvPipController: onTaskStackChanged()
11-03 17:10:42.372 D/aaa ( 1479): topPkg is -------------- :com.cibn.tv
11-03 17:10:42.380 I/audio_hw_hal_primary( 461): [audiohal_get_latency:1036] io 13: out:0xf1bc39d0 frames:1024 rate:48000 whole_latency:21 alsa_latency:21
11-03 17:10:42.380 E/Firebrick( 4419): get cookie, disable web view cookies.
11-03 17:10:42.382 D/TrafficStats( 4419): tagSocket(177) with statsTag=0xffffffff, statsUid=-1
11-03 17:10:42.389 I/audio_hw_hal_primary( 461): [audiohal_get_latency:1036] io 13: out:0xf1bc39d0 frames:1152 rate:48000 whole_latency:24 alsa_latency:24
11-03 17:10:42.399 I/audio_hw_hal_primary( 461): [audiohal_get_latency:1036] io 13: out:0xf1bc39d0 frames:1152 rate:48000 whole_latency:24 alsa_latency:24
11-03 17:10:42.409 I/audio_hw_hal_primary( 461): [audiohal_get_latency:1036] io 13: out:0xf1bc39d0 frames:1152 rate:48000 whole_latency:24 alsa_latency:24
11-03 17:10:42.419 I/audio_hw_hal_primary( 461): [audiohal_get_latency:1036] io 13: out:0xf1bc39d0 frames:1152 rate:48000 whole_latency:24 alsa_latency:24
11-03 17:10:42.429 I/audio_hw_hal_primary( 461): [audiohal_get_latency:1036] io 13: out:0xf1bc39d0 frames:1280 rate:48000 whole_latency:26 alsa_latency:26
11-03 17:10:42.433 D/TrafficStats( 4419): tagSocket(177) with statsTag=0xffffffff, statsUid=-1
11-03 17:10:42.439 I/audio_hw_hal_primary( 461): [audiohal_get_latency:1036] io 13: out:0xf1bc39d0 frames:1024 rate:48000 whole_latency:21 alsa_latency:21
11-03 17:10:42.449 I/audio_hw_hal_primary( 461): [audiohal_get_latency:1036] io 13: out:0xf1bc39d0 frames:1024 rate:48000 whole_latency:21 alsa_latency:21
11-03 17:10:42.460 I/audio_hw_hal_primary( 461): [audiohal_get_latency:1036] io 13: out:0xf1bc39d0 frames:1024 rate:48000 whole_latency:21 alsa_latency:21
11-03 17:10:42.469 I/audio_hw_hal_primary( 461): [audiohal_get_latency:1036] io 13: out:0xf1bc39d0 frames:1152 rate:48000 whole_latency:24 alsa_latency:24
11-03 17:10:42.477 I/audio_hw_hal_alsamgr( 461): alsa format =0x1 delay frames =1024 total frames=6661504
11-03 17:10:42.480 I/audio_hw_hal_primary( 461): [audiohal_get_latency:1036] io 13: out:0xf1bc39d0 frames:1152 rate:48000 whole_latency:24 alsa_latency:24
11-03 17:10:42.489 I/audio_hw_hal_primary( 461): [audiohal_get_latency:1036] io 13: out:0xf1bc39d0 frames:1152 rate:48000 whole_latency:24 alsa_latency:24
11-03 17:10:42.500 I/audio_hw_hal_primary( 461): [audiohal_get_latency:1036] io 13: out:0xf1bc39d0 frames:1152 rate:48000 whole_latency:24 alsa_latency:24
11-03 17:10:42.509 I/audio_hw_hal_primary( 461): [audiohal_get_latency:1036] io 13: out:0xf1bc39d0 frames:1280 rate:48000 whole_latency:26 alsa_latency:26
11-03 17:10:42.520 I/audio_hw_hal_primary( 461): [audiohal_get_latency:1036] io 13: out:0xf1bc39d0 frames:1280 rate:48000 whole_latency:26 alsa_latency:26
11-03 17:10:42.529 I/audio_hw_hal_primary( 461): [audiohal_get_latency:1036] io 13: out:0xf1bc39d0 frames:1024 rate:48000 whole_latency:21 alsa_latency:21
11-03 17:10:42.530 D/audioserver( 503): logFgsApiEnd: FGS Logger Transaction failed, -129
11-03 17:10:42.655 E/NOrange.AuthRequest( 4419): syncRequest fail code:-2 message:content is empty
11-03 17:10:42.691 V/WindowManagerShell( 933): Transition animation finished (aborted=false), notifying core (#39)android.os.BinderProxy@6dd14ea@0
11-03 17:10:42.693 V/WindowManager( 697): Finish Transition #39: created at
11-03 17:10:42.253 collect-started=0.091ms request-sent=0.283ms started=6.687ms ready=15.907ms sent=25.482ms finished=439.38ms
11-03 17:10:42.703 V/WindowManagerShell( 933): Track 0 became idle
11-03 17:10:42.703 V/WindowManagerShell( 933): All active transition animations finished
11-03 17:10:42.936 I/WifiHAL ( 475): call wifi_get_link_stats handler
11-03 17:10:42.936 I/WifiHAL ( 475): Creating message to get link statistics; iface = 16
11-03 17:10:42.936 D/WifiHAL ( 475): error code -95 mapped to -3
11-03 17:10:42.936 E/WifiStaIfaceAidlImpl( 697): getLinkLayerStats failed with service-specific exception: android.os.ServiceSpecificException: (code 4)
11-03 17:10:42.943 I/BLEAudioDrive_HV412( 461): fd:25 data len: 9 1
11-03 17:10:42.953 D/audioserver( 503): logFgsApiBegin: FGS Logger Transaction failed, -129
11-03 17:10:42.955 I/audio_hw_hal_primary( 461): out_update_source_metadata_v7() line 1743 usage:1 content_type:2
11-03 17:10:42.955 I/SogouIME( 1937): onKeyDown: keyoCode=23
11-03 17:10:42.955 I/DefaultIMS( 1937): onKeyDown: keyoCode=23
11-03 17:10:43.089 I/BLEAudioDrive_HV412( 461): fd:25 data len: 9 1
11-03 17:10:43.092 I/SogouIME( 1937): onKeyUp: keyoCode=23
11-03 17:10:43.092 I/DefaultIMS( 1937): onKeyUp: keyoCode=23
11-03 17:10:43.100 E/CIBN-SceneMonitor( 4419): onSceneStart: DetailPageLaunch, pageName: com.youku.tv.detail.activity.DetailActivity
11-03 17:10:43.100 E/CIBN-SceneMonitor( 4419): onSceneFinish: DetailPageLaunch, pageName: com.youku.tv.detail.activity.DetailActivity
11-03 17:10:43.100 D/audioserver( 503): logFgsApiBegin: FGS Logger Transaction failed, -129
11-03 17:10:43.101 W/CIBN-DetailPresenterImpl( 4419): loadFirstDetailNodes, account is Inited
11-03 17:10:43.102 E/CIBN-UXMonitor( 4419): send ux message: MONITOR, DetailPageLaunchScene
11-03 17:10:43.104 E/CIBN-UXMonitor( 4419): setMonitorPointSamplings success..
11-03 17:10:43.105 W/CIBN-BusinessReporter( 4419): fail to reportItemClicked with itemNode is null or reportIgnore.
11-03 17:10:43.106 W/CIBN-DetailPresenterImpl( 4419): onLoaded, srcType = mem, data is invalid
11-03 17:10:43.110 I/audio_hw_hal_primary( 461): out_update_source_metadata_v7() line 1743 usage:1 content_type:2
11-03 17:10:43.120 W/ottp_sdk_[51723567]VideoViewProxy( 4419): isAdPlaying called when videoView not ready
11-03 17:10:43.121 W/ottp_sdk_[51723567]VideoViewProxy( 4419): getCurrentState called when videoView not ready
11-03 17:10:43.121 W/ottp_sdk_[51723567]VideoViewProxy( 4419): getCurrentState called when videoView not ready
11-03 17:10:43.121 W/ottp_sdk_[51723567]VideoViewProxy( 4419): commonApi called,22 param=false mVideoView=null mCommapiInfoMap={}
11-03 17:10:43.121 W/ottp_sdk_[51723567]VideoViewProxy( 4419): isShrinkingVideo called when videoView not ready
11-03 17:10:43.121 W/ottp_sdk_[51723567]VideoViewProxy( 4419): setOnAdRemainTimeListener called when videoView not ready
11-03 17:10:43.127 I/OSP-NP-Priority( 4419): type=1400 audit(0.0:3794): avc: denied { search } for name="net" dev="sysfs" ino=12361 scontext=u:r:untrusted_app_25:s0:c512,c768 tcontext=u:object_r:sysfs_net:s0 tclass=dir permissive=1 app=com.cibn.tv
11-03 17:10:43.127 I/OSP-NP-Priority( 4419): type=1400 audit(0.0:3795): avc: denied { read } for name="address" dev="sysfs" ino=22143 scontext=u:r:untrusted_app_25:s0:c512,c768 tcontext=u:object_r:sysfs_net:s0 tclass=file permissive=1 app=com.cibn.tv
11-03 17:10:43.127 I/OSP-NP-Priority( 4419): type=1400 audit(0.0:3796): avc: denied { open } for path="/sys/devices/virtual/net/dummy0/address" dev="sysfs" ino=22143 scontext=u:r:untrusted_app_25:s0:c512,c768 tcontext=u:object_r:sysfs_net:s0 tclass=file permissive=1 app=com.cibn.tv
11-03 17:10:43.127 I/OSP-NP-Priority( 4419): type=1400 audit(0.0:3797): avc: denied { getattr } for path="/sys/devices/virtual/net/dummy0/address" dev="sysfs" ino=22143 scontext=u:r:untrusted_app_25:s0:c512,c768 tcontext=u:object_r:sysfs_net:s0 tclass=file permissive=1 app=com.cibn.tv
11-03 17:10:43.149 I/audio_hw_hal_primary( 461): [audiohal_get_latency:1036] io 13: out:0xf1bc39d0 frames:1280 rate:48000 whole_latency:26 alsa_latency:26
11-03 17:10:43.152 W/ottp_sdk_[51723567]VideoViewProxy( 4419): commonApi called,40 param=true mVideoView=null mCommapiInfoMap={22=false}
11-03 17:10:43.153 W/ottp_sdk_[51723567]VideoViewProxy( 4419): setDimensionMode called when videoView not ready
11-03 17:10:43.153 W/ottp_sdk_[51723567]VideoViewProxy( 4419): setOnPlayerUTListener called when videoView not ready
11-03 17:10:43.154 W/ottp_sdk_[51723567]VideoViewProxy( 4419): setOnFirstFrameListener called when videoView not ready
11-03 17:10:43.154 W/ottp_sdk_[51723567]VideoViewProxy( 4419): setOnInfoListener called when videoView not ready
11-03 17:10:43.154 W/ottp_sdk_[51723567]VideoViewProxy( 4419): setOnAdStateChangeListener called when videoView not ready
11-03 17:10:43.154 W/ottp_sdk_[51723567]VideoViewProxy( 4419): setFullScreenChangedListener called when videoView not ready
11-03 17:10:43.154 W/ottp_sdk_[51723567]VideoViewProxy( 4419): setAdActionListener called when videoView not ready
11-03 17:10:43.154 W/ottp_sdk_[51723567]VideoViewProxy( 4419): setOnAudioInfoListener called when videoView not ready
11-03 17:10:43.154 W/ottp_sdk_[51723567]VideoViewProxy( 4419): getCurrentState called when videoView not ready
11-03 17:10:43.154 W/ottp_sdk_[51723567]VideoViewProxy( 4419): getVideoInfo called when videoView not ready
11-03 17:10:43.155 W/ottp_sdk_[51723567]VideoViewProxy( 4419): setOnDefinitionChangedListener called when videoView not ready
11-03 17:10:43.155 W/ottp_sdk_[51723567]VideoViewProxy( 4419): setAccsChangeDefinitonCallback called when videoView not ready
11-03 17:10:43.156 W/CIBN-DetailV3Form( 4419): initGuideVideoParams enable close
11-03 17:10:43.163 E/Firebrick( 4419): get cookie, disable web view cookies.
11-03 17:10:43.163 W/ottp_sdk_[51723567]VideoViewProxy( 4419): onActivityStateChange called when videoView not ready
11-03 17:10:43.164 W/ottp_sdk_[51723567]VideoViewProxy( 4419): onActivityStateChange called when videoView not ready
11-03 17:10:43.166 E/CIBN-Home-Fragment( 4419): update home scene mode from HOME to PROGRAM
11-03 17:10:43.169 I/audio_hw_hal_primary( 461): [audiohal_get_latency:1036] io 13: out:0xf1bc39d0 frames:1024 rate:48000 whole_latency:21 alsa_latency:21
11-03 17:10:43.178 I/DefaultIMS( 1937): onStartInput attribute=android.view.inputmethod.EditorInfo@3171e77 restarting=false inputType: 0
11-03 17:10:43.189 I/audio_hw_hal_primary( 461): [audiohal_get_latency:1036] io 13: out:0xf1bc39d0 frames:1152 rate:48000 whole_latency:24 alsa_latency:24
11-03 17:10:43.208 E/CIBN-ImageLoader( 4419): load large bitmap, size: 1389x782
11-03 17:10:43.210 I/audio_hw_hal_primary( 461): [audiohal_get_latency:1036] io 13: out:0xf1bc39d0 frames:1152 rate:48000 whole_latency:24 alsa_latency:24
11-03 17:10:43.211 I/audio_hw_hal_primary( 461): [audiohal_get_latency:1036] io 13: out:0xf1bc39d0 frames:1152 rate:48000 whole_latency:24 alsa_latency:24
11-03 17:10:43.222 I/audio_hw_hal_primary( 461): [audiohal_get_latency:1036] io 13: out:0xf1bc39d0 frames:1152 rate:48000 whole_latency:24 alsa_latency:24
11-03 17:10:43.222 I/audio_hw_hal_primary( 461): [audiohal_get_latency:1036] io 13: out:0xf1bc39d0 frames:1152 rate:48000 whole_latency:24 alsa_latency:24
11-03 17:10:43.229 I/audio_hw_hal_primary( 461): [audiohal_get_latency:1036] io 13: out:0xf1bc39d0 frames:1024 rate:48000 whole_latency:21 alsa_latency:21
11-03 17:10:43.229 I/audio_hw_hal_primary( 461): [audiohal_get_latency:1036] io 13: out:0xf1bc39d0 frames:1024 rate:48000 whole_latency:21 alsa_latency:21
11-03 17:10:43.240 I/audio_hw_hal_primary( 461): [audiohal_get_latency:1036] io 13: out:0xf1bc39d0 frames:1280 rate:48000 whole_latency:26 alsa_latency:26
11-03 17:10:43.240 I/audio_hw_hal_primary( 461): [audiohal_get_latency:1036] io 13: out:0xf1bc39d0 frames:1280 rate:48000 whole_latency:26 alsa_latency:26
11-03 17:10:43.249 I/audio_hw_hal_primary( 461): [audiohal_get_latency:1036] io 13: out:0xf1bc39d0 frames:1024 rate:48000 whole_latency:21 alsa_latency:21
11-03 17:10:43.249 I/audio_hw_hal_primary( 461): [audiohal_get_latency:1036] io 13: out:0xf1bc39d0 frames:1024 rate:48000 whole_latency:21 alsa_latency:21
11-03 17:10:43.260 I/audio_hw_hal_primary( 461): [audiohal_get_latency:1036] io 13: out:0xf1bc39d0 frames:1280 rate:48000 whole_latency:26 alsa_latency:26
11-03 17:10:43.260 I/audio_hw_hal_primary( 461): [audiohal_get_latency:1036] io 13: out:0xf1bc39d0 frames:1280 rate:48000 whole_latency:26 alsa_latency:26
11-03 17:10:43.269 I/audio_hw_hal_primary( 461): [audiohal_get_latency:1036] io 13: out:0xf1bc39d0 frames:1152 rate:48000 whole_latency:24 alsa_latency:24
11-03 17:10:43.269 I/audio_hw_hal_primary( 461): [audiohal_get_latency:1036] io 13: out:0xf1bc39d0 frames:1152 rate:48000 whole_latency:24 alsa_latency:24
11-03 17:10:43.280 I/audio_hw_hal_primary( 461): [audiohal_get_latency:1036] io 13: out:0xf1bc39d0 frames:1152 rate:48000 whole_latency:24 alsa_latency:24
11-03 17:10:43.281 I/audio_hw_hal_primary( 461): [audiohal_get_latency:1036] io 13: out:0xf1bc39d0 frames:1024 rate:48000 whole_latency:21 alsa_latency:21
11-03 17:10:43.289 I/audio_hw_hal_primary( 461): [audiohal_get_latency:1036] io 13: out:0xf1bc39d0 frames:1152 rate:48000 whole_latency:24 alsa_latency:24
11-03 17:10:43.290 I/audio_hw_hal_primary( 461): [audiohal_get_latency:1036] io 13: out:0xf1bc39d0 frames:1152 rate:48000 whole_latency:24 alsa_latency:24
11-03 17:10:43.300 I/audio_hw_hal_primary( 461): [audiohal_get_latency:1036] io 13: out:0xf1bc39d0 frames:1152 rate:48000 whole_latency:24 alsa_latency:24
11-03 17:10:43.300 I/audio_hw_hal_primary( 461): [audiohal_get_latency:1036] io 13: out:0xf1bc39d0 frames:1152 rate:48000 whole_latency:24 alsa_latency:24
11-03 17:10:43.309 I/audio_hw_hal_primary( 461): [audiohal_get_latency:1036] io 13: out:0xf1bc39d0 frames:1280 rate:48000 whole_latency:26 alsa_latency:26
11-03 17:10:43.310 I/audio_hw_hal_primary( 461): [audiohal_get_latency:1036] io 13: out:0xf1bc39d0 frames:1152 rate:48000 whole_latency:24 alsa_latency:24
11-03 17:10:43.309 W/CIBN-BusinessFragment( 4419): handleMessage failed: fragment is destroyed = false, fragment is hidden = true
11-03 17:10:43.311 W/CIBN-PageFragment( 4419): sendFragmentState no resume return
11-03 17:10:43.320 I/audio_hw_hal_primary( 461): [audiohal_get_latency:1036] io 13: out:0xf1bc39d0 frames:1280 rate:48000 whole_latency:26 alsa_latency:26
11-03 17:10:43.320 I/audio_hw_hal_primary( 461): [audiohal_get_latency:1036] io 13: out:0xf1bc39d0 frames:1152 rate:48000 whole_latency:24 alsa_latency:24
11-03 17:10:43.327 W/ottp_sdk_[51723567]VideoViewProxy( 4419): isInPlaybackState called when videoView not ready
11-03 17:10:43.327 I/com.cibn.tv( 4419): Background young concurrent copying GC freed 416210(22MB) AllocSpace objects, 13(232KB) LOS objects, 30% free, 49MB/72MB, paused 295us,366us total 135.712ms
11-03 17:10:43.328 W/ottp_sdk_[51723567]VideoViewProxy( 4419): getVideoInfo called when videoView not ready
11-03 17:10:43.328 W/ottp_sdk_[51723567]VideoViewProxy( 4419): getVideoInfo called when videoView not ready
11-03 17:10:43.328 W/ottp_sdk_[51723567]VideoViewProxy( 4419): getCurrentState called when videoView not ready
11-03 17:10:43.328 W/ottp_sdk_[51723567]VideoViewProxy( 4419): isAdPlaying called when videoView not ready
11-03 17:10:43.329 W/ottp_sdk_[51723567]VideoViewProxy( 4419): isVideoFloat called when videoView not ready
11-03 17:10:43.329 I/audio_hw_hal_primary( 461): [audiohal_get_latency:1036] io 13: out:0xf1bc39d0 frames:1024 rate:48000 whole_latency:21 alsa_latency:21
11-03 17:10:43.329 I/audio_hw_hal_primary( 461): [audiohal_get_latency:1036] io 13: out:0xf1bc39d0 frames:1024 rate:48000 whole_latency:21 alsa_latency:21
11-03 17:10:43.331 W/ottp_sdk_[51723567]VideoViewProxy( 4419): commonApi called,45 param=true mVideoView=null mCommapiInfoMap={22=false}
11-03 17:10:43.331 W/ottp_sdk_[51723567]VideoViewProxy( 4419): isPlaying called when videoView not ready
11-03 17:10:43.331 W/CIBN-DetailBaseFragment( 4419): isInited = true, hasAccountInitCallback = false, isAccountInitTimeOut = false
11-03 17:10:43.331 W/ottp_sdk_[51723567]VideoViewProxy( 4419): getVideoInfo called when videoView not ready
11-03 17:10:43.331 W/ottp_sdk_[51723567]VideoViewProxy( 4419): getVideoInfo called when videoView not ready
11-03 17:10:43.331 W/ottp_sdk_[51723567]VideoViewProxy( 4419): getVideoInfo called when videoView not ready
11-03 17:10:43.331 W/ottp_sdk_[51723567]VideoViewProxy( 4419): getVideoInfo called when videoView not ready
11-03 17:10:43.335 W/CIBN-BasePageAdapter( 4419): resetComponentListData, no invalid component, should ignore this page
11-03 17:10:43.340 W/ottp_sdk_[51723567]VideoViewProxy( 4419): isPlaying called when videoView not ready
11-03 17:10:43.340 I/audio_hw_hal_primary( 461): [audiohal_get_latency:1036] io 13: out:0xf1bc39d0 frames:1024 rate:48000 whole_latency:21 alsa_latency:21
11-03 17:10:43.340 I/audio_hw_hal_primary( 461): [audiohal_get_latency:1036] io 13: out:0xf1bc39d0 frames:1024 rate:48000 whole_latency:21 alsa_latency:21
11-03 17:10:43.341 W/ottp_sdk_[51723567]VideoViewProxy( 4419): isAdPlaying called when videoView not ready
