11-03 17:10:43.349 I/audio_hw_hal_primary( 461): [audiohal_get_latency:1036] io 13: out:0xf1bc39d0 frames:1152 rate:48000 whole_latency:24 alsa_latency:24
11-03 17:10:43.349 I/audio_hw_hal_primary( 461): [audiohal_get_latency:1036] io 13: out:0xf1bc39d0 frames:1152 rate:48000 whole_latency:24 alsa_latency:24
11-03 17:10:43.349 D/audioserver( 503): logFgsApiEnd: FGS Logger Transaction failed, -129
11-03 17:10:43.351 I/audio_hw_hal_primary( 461): out_update_source_metadata_v7() line 1743 usage:13 content_type:4
11-03 17:10:43.363 I/audio_hw_hal_primary( 461): [audiohal_get_latency:1036] io 13: out:0xf1bc39d0 frames:1280 rate:48000 whole_latency:26 alsa_latency:26
11-03 17:10:43.369 I/audio_hw_hal_primary( 461): [audiohal_get_latency:1036] io 13: out:0xf1bc39d0 frames:1152 rate:48000 whole_latency:24 alsa_latency:24
11-03 17:10:43.380 I/audio_hw_hal_primary( 461): [audiohal_get_latency:1036] io 13: out:0xf1bc39d0 frames:1152 rate:48000 whole_latency:24 alsa_latency:24
11-03 17:10:43.389 I/audio_hw_hal_primary( 461): [audiohal_get_latency:1036] io 13: out:0xf1bc39d0 frames:1280 rate:48000 whole_latency:26 alsa_latency:26
11-03 17:10:43.398 E/Firebrick( 4419): get cookie, disable web view cookies.
11-03 17:10:43.400 I/audio_hw_hal_primary( 461): [audiohal_get_latency:1036] io 13: out:0xf1bc39d0 frames:1280 rate:48000 whole_latency:26 alsa_latency:26
11-03 17:10:43.405 E/CIBN-DetailBaseForm( 4419): showProgramWithInfo getDelayKeyEventTime
11-03 17:10:43.409 I/audio_hw_hal_primary( 461): [audiohal_get_latency:1036] io 13: out:0xf1bc39d0 frames:1024 rate:48000 whole_latency:21 alsa_latency:21
11-03 17:10:43.410 D/audioserver( 503): logFgsApiEnd: FGS Logger Transaction failed, -129
11-03 17:10:43.433 E/Firebrick( 4419): get cookie, disable web view cookies.
11-03 17:10:43.439 D/TrafficStats( 4419): tagSocket(188) with statsTag=0xffffffff, statsUid=-1
11-03 17:10:43.610 W/CIBN-XGou_trialPlaying_trialEnd( 4419): vipXgouResult customRender is null
11-03 17:10:43.611 W/ottp_sdk_[51723567]VideoViewProxy( 4419): isPlaying called when videoView not ready
11-03 17:10:43.613 W/ottp_sdk_[51723567]VideoViewProxy( 4419): getVideoInfo called when videoView not ready
11-03 17:10:43.613 W/ottp_sdk_[51723567]VideoViewProxy( 4419): isAdPlaying called when videoView not ready
11-03 17:10:43.615 W/ottp_sdk_[51723567]VideoViewProxy( 4419): getVideoInfo called when videoView not ready
11-03 17:10:43.615 W/ottp_sdk_[51723567]VideoViewProxy( 4419): getVideoInfo called when videoView not ready
11-03 17:10:43.615 W/ottp_sdk_[51723567]VideoViewProxy( 4419): isShrinkingVideo called when videoView not ready
11-03 17:10:43.699 I/audio_hw_hal_stream( 461): aml_stream_out_info_print: out:0xf1bc39d0, stream_type:pcm, sync_mode:non tunnel, input_size:48894720 bytes
11-03 17:10:43.699 I/audio_hw_hal_stream( 461): aml_stream_out_info_print: last_time:547919 ms (sec:547, nsec:919436218), last_position:254465 ms (12214320), cur_time:547930 ms (sec:547, nsec:930886551), cur_position:254475 ms (12214832)
11-03 17:10:43.699 I/audio_hw_hal_stream( 461): aml_stream_out_info_print: time_gap:11 ms (thr:100 ms), position_gap:10 ms, delay:184 ms, jitter: Position gap is behind system time gap by 1 ms (thr:100 ms)
11-03 17:10:43.715 I/audio_hw_hal_alsamgr( 461): alsa format =0x24000000 delay frames =2529 total frames=26880000
11-03 17:10:43.792 W/ottp_sdk_[51723567]VideoViewProxy( 4419): getVideoInfo called when videoView not ready
11-03 17:10:43.792 W/ottp_sdk_[51723567]VideoViewProxy( 4419): getVideoInfo called when videoView not ready
11-03 17:10:44.178 W/CIBN-LivePopManager( 4419): getDataJson mDataJson null:
11-03 17:10:44.352 E/speedtest( 4419): mtop_rt:0|51|0|55|69|0|51|44|58|59|0|0|0|0|44|61|47|0|0|0|0|0|0|0|0|0|0|0|0|129|,traffic_info:[2480, 3360, 4802],rx_byte:202|860|4235|2231|39|41|4615|1150|3775|1800|3564|2480|680|1354|6077|3098|4802|42|33|33|39|44|51|43|48|43|40|48|38|45|,nc_type:0
11-03 17:10:44.417 I/BLEAudioDrive_HV412( 461): fd:25 data len: 9 1
11-03 17:10:44.424 D/audioserver( 503): logFgsApiBegin: FGS Logger Transaction failed, -129
11-03 17:10:44.426 I/SogouIME( 1937): onKeyDown: keyoCode=23
11-03 17:10:44.426 I/DefaultIMS( 1937): onKeyDown: keyoCode=23
11-03 17:10:44.430 I/audio_hw_hal_primary( 461): out_update_source_metadata_v7() line 1743 usage:1 content_type:2
11-03 17:10:44.574 I/BLEAudioDrive_HV412( 461): fd:25 data len: 9 1
11-03 17:10:44.577 I/SogouIME( 1937): onKeyUp: keyoCode=23
11-03 17:10:44.577 I/DefaultIMS( 1937): onKeyUp: keyoCode=23
11-03 17:10:44.579 W/CIBN-DetailBaseFragment( 4419): isInited = true, hasAccountInitCallback = false, isAccountInitTimeOut = false
11-03 17:10:44.579 W/ottp_sdk_[51723567]VideoViewProxy( 4419): getCurrentState called when videoView not ready
11-03 17:10:44.579 W/ottp_sdk_[51723567]VideoViewProxy( 4419): isPlaying called when videoView not ready
11-03 17:10:44.579 W/ottp_sdk_[51723567]VideoViewProxy( 4419): isAdPlaying called when videoView not ready
11-03 17:10:44.579 W/ottp_sdk_[51723567]VideoViewProxy( 4419): setScreenOnWhilePlaying called when videoView not ready
11-03 17:10:44.580 W/ottp_sdk_[51723567]VideoViewProxy( 4419): isAdPlaying called when videoView not ready
11-03 17:10:44.580 W/ottp_sdk_[51723567]VideoViewProxy( 4419): setIsFullScreen called when videoView not ready
11-03 17:10:44.581 W/ottp_sdk_[51723567]VideoViewProxy( 4419): isAdPlaying called when videoView not ready
11-03 17:10:44.581 W/ottp_sdk_[51723567]VideoViewProxy( 4419): getCurrentState called when videoView not ready
11-03 17:10:44.581 W/ottp_sdk_[51723567]VideoViewProxy( 4419): getCurrentState called when videoView not ready
11-03 17:10:44.581 W/ottp_sdk_[51723567]VideoViewProxy( 4419): commonApi called,22 param=false mVideoView=null mCommapiInfoMap={22=false, 45=true}
11-03 17:10:44.581 W/ottp_sdk_[51723567]VideoViewProxy( 4419): isShrinkingVideo called when videoView not ready
11-03 17:10:44.581 W/ottp_sdk_[51723567]VideoViewProxy( 4419): setVideoFloat called when videoView not ready
11-03 17:10:44.582 W/ottp_sdk_[51723567]VideoViewProxy( 4419): commonApi called,30 param=fullscreenplayer mVideoView=null mCommapiInfoMap={22=false, 45=true}
11-03 17:10:44.582 W/ottp_sdk_[51723567]VideoViewProxy( 4419): isAdPlaying called when videoView not ready
11-03 17:10:44.582 W/ottp_sdk_[51723567]VideoViewProxy( 4419): isPlaying called when videoView not ready
11-03 17:10:44.582 W/ottp_sdk_[51723567]VideoViewProxy( 4419): getVideoInfo called when videoView not ready
11-03 17:10:44.582 W/ottp_sdk_[51723567]VideoViewProxy( 4419): getVideoInfo called when videoView not ready
11-03 17:10:44.582 W/ottp_sdk_[51723567]VideoViewProxy( 4419): isAdPlaying called when videoView not ready
11-03 17:10:44.582 W/ottp_sdk_[51723567]VideoViewProxy( 4419): isPlaying called when videoView not ready
11-03 17:10:44.582 W/ottp_sdk_[51723567]VideoViewProxy( 4419): isPlaying called when videoView not ready
11-03 17:10:44.582 W/ottp_sdk_[51723567]VideoViewProxy( 4419): isAdPlaying called when videoView not ready
11-03 17:10:44.582 W/ottp_sdk_[51723567]VideoViewProxy( 4419): isPlaying called when videoView not ready
11-03 17:10:44.583 W/ottp_sdk_[51723567]VideoViewProxy( 4419): isAdPlaying called when videoView not ready
11-03 17:10:44.583 E/CIBN-PLAY_MENU_BarrageUtils( 4419): showBarrage:
11-03 17:10:44.583 W/ottp_sdk_[51723567]VideoViewProxy( 4419): commonApi called,55 param=null mVideoView=null mCommapiInfoMap={22=false, 45=true, 30=fullscreenplayer}
11-03 17:10:44.583 W/ottp_sdk_[51723567]VideoViewProxy( 4419): isAdPlaying called when videoView not ready
11-03 17:10:44.585 W/ottp_sdk_[51723567]VideoViewProxy( 4419): isAdPlaying called when videoView not ready
11-03 17:10:44.585 W/ottp_sdk_[51723567]VideoViewProxy( 4419): getCurrentState called when videoView not ready
11-03 17:10:44.585 W/ottp_sdk_[51723567]VideoViewProxy( 4419): getCurrentState called when videoView not ready
11-03 17:10:44.585 W/ottp_sdk_[517235