11-03 17:08:29.239 I/mali_gralloc( 273): am_gralloc_get_uvm_decoder_para: parameters:[slot_id=0,w*h(1024*576),w_align=64,h_align=64,size=0,compress=1]
11-03 17:08:29.244 I/C2VdecBlockPoolUtil( 7986): Fetch the new block(ino:5895 fd:181 dup fd:184 id:12) and append.
11-03 17:08:29.245 I/V4l2Adaptor( 7986): importBufferForPicture pictureBufferId 12, dmabufFd 33, metaFd -1
11-03 17:08:29.245 I/V4l2Adaptor( 7986): onImportBufferForPicture pictureBufferId 12, dmabufFd 33, metaFd -1, plane size 1
11-03 17:08:29.245 I/V4l2Adaptor( 7986): onImportBufferForPicture addr 0x0, stride 0, offset 0, size 0
11-03 17:08:29.245 I/VDA ( 7986): [0##107]"ImportDynamicCaptureBufferForPictureTask fd=33, index=12\n"" {IN=7/8, OUT=3/13[kAtAccelerator(1) kAtDevice(9) kAtClient(3)]}"
11-03 17:08:29.279 W/CIBN-SqlLastplayDao( 4419): addLastPlayProgram----> program yoku.
11-03 17:08:29.307 I/HTTP_KIT_LOG( 4419): [Close:281] SCENE_PCDN_NG:[jobId_272] Close
11-03 17:08:29.307 I/HTTP_KIT_LOG( 4419): [PrintStr:417] SCENE_PCDN_NG:[jobId_272] ReportStat: {"appconnectTime":92.0,"connectTime":90.99,"dnsTime":163.0,"downloadSize":5046272.0,"downloadTime":437527.0,"error_rtt":-1.0,"firstBTime":33307.0,"firstKBTime":33307.0,"firstMBTime":107441.0,"last32KTime":33307.0,"redirectTime":0.0,"speed":11533.62,"starttransferTime":29137.99}
11-03 17:08:29.308 W/MonotonicFrameCounter( 503): updateAndGetMonotonicFrameCount: invalid (frame, time) pair newFrameCount:0 newFrameCount:0, using 0 as frameCount
11-03 17:08:29.309 I/audio_hw_hal_primary( 461): [out_set_volume:1110] out:0xf1bcad50 left:1.000000 continuous:1 internal_format:E_AC3 dolby:1 direct pcm:0 mmap_pcm:0
11-03 17:08:29.309 I/audio_hw_hal_primary( 461): out_set_volume line 1176 set ms12 main volume as 1.000000
11-03 17:08:29.309 I/audio_hw_decoder_ms12v2( 461): -dap_gains: 0
11-03 17:08:29.309 I/audio_hw_hal_primary( 461): out_update_source_metadata_v7() line 1743 usage:1 content_type:2
11-03 17:08:29.316 I/audio_hw_utils_parserac3( 461): is_ddp_contain_six_block frame_offset 0 frame_size 1024 channel_num 6 numblks 6
11-03 17:08:29.316 I/audio_hw_hal_primary( 461): out_write_new is_ddp_offload_use_split 1
11-03 17:08:29.316 D/audio_hw_hal_profile( 461): get_hdmi_sink_cap_new is running...
11-03 17:08:29.317 D/audio_hw_hal_profile( 461): query hdmi format...
11-03 17:08:29.317 D/audio_hw_hal_profile( 461): get_hdmi_sink_cap_new ddp is supported; ddp-joc(atmos) is supported;
11-03 17:08:29.317 I/audio_hw_hal_profile( 461): get_hdmi_sink_cap_new dts-hd vendor special byte3:0x3
11-03 17:08:29.317 I/audio_hw_hal_profile( 461): PCM cap Max channel =8
11-03 17:08:29.317 I/audio_hw_hal_stream( 461): get_sink_capability mbox+dvb case sink_capability = 0x24000000
11-03 17:08:29.317 I/audio_hw_hal_stream( 461): force ddp out =0
11-03 17:08:29.317 D/audio_hw_hal_profile( 461): get_hdmi_sink_cap_new is running...
11-03 17:08:29.317 D/audio_hw_hal_profile( 461): query hdmi format...
11-03 17:08:29.317 D/audio_hw_hal_profile( 461): get_hdmi_sink_cap_new ddp is supported; ddp-joc(atmos) is supported;
11-03 17:08:29.317 I/audio_hw_hal_profile( 461): get_hdmi_sink_cap_new dts-hd vendor special byte3:0x3
11-03 17:08:29.317 I/audio_hw_hal_profile( 461): PCM cap Max channel =8
11-03 17:08:29.317 I/audio_hw_hal_stream( 461): [get_sink_dts_capability:213] mbox+dvb case sink_capability: DTS_HD(0xc000000)
11-03 17:08:29.317 D/audio_hw_hal_profile( 461): get_hdmi_sink_cap_new is running...
11-03 17:08:29.317 D/audio_hw_hal_profile( 461): query hdmi format...
11-03 17:08:29.317 D/audio_hw_hal_profile( 461): get_hdmi_sink_cap_new ddp is supported; ddp-joc(atmos) is supported;
11-03 17:08:29.317 I/audio_hw_hal_profile( 461): get_hdmi_sink_cap_new dts-hd vendor special byte3:0x3
11-03 17:08:29.317 I/audio_hw_hal_profile( 461): PCM cap Max channel =8
11-03 17:08:29.317 I/audio_hw_hal_stream( 461): [get_sink_mpegh_capability:246] mbox+dvb case sink_capability: PCM_16_BIT(0x1)
11-03 17:08:29.317 D/audio_hw_hal_profile( 461): get_hdmi_sink_cap_new is running...
11-03 17:08:29.318 D/audio_hw_hal_profile( 461): [get_hdmi_sink_cap_new:967] query hdmi sample_rate... format: PCM_16_BIT(0x1)
11-03 17:08:29.318 I/audio_hw_hal_profile( 461): get_hdmi_sink_cap_new format =0x1 support rate =sup_sampling_rates=32000|44100|48000|88200|96000|176400|192000
11-03 17:08:29.318 I/audio_hw_hal_stream( 461): pcm_fmt support sample_rate_mask:0x7f
11-03 17:08:29.318 I/audio_hw_hal_stream( 461): get_sink_dv_capability : /sys/class/amhdmitx/amhdmitx0/hdmi_hdr_status = HDR10-GAMMA_ST2084
11-03 17:08:29.318 I/audio_hw_hal_stream( 461): get_sink_dv_capability : dv enable 0
11-03 17:08:29.318 I/audio_hw_hal_stream( 461): [get_sink_format:450] out:0xf1bcad50 out devices:0x80002 cur_out_devices:0x400 format:E_AC3(0xa000000) digital_mode(AUTO) sink cap:MAT(0x24000000)
11-03 17:08:29.318 I/audio_hw_hal_stream( 461): get_sink_format() HDMI ARC or mbox + dvb case
11-03 17:08:29.318 I/audio_hw_hal_stream( 461): [get_sink_format:649] sink_format:MAT(0x24000000) max channel:2 optical_format:MAT(0x24000000) dual_output 0
11-03 17:08:29.318 I/audio_hw_hal_primary( 461): [out_write_new:7049] io 477: out:0xf1bcad50 streamType:RAW_DIRECT, standby
11-03 17:08:29.318 I/audio_hw_parser_manager( 461): [aml_parser_init:554] config isHwsyncFlag:0 pAmlStream:0xf1bcad50 channel_count:6,mask:0x3f, sampleRate:48000, format:0xa000000 sub_format:0xa000000
11-03 17:08:29.318 I/audio_hw_utils_parserac3( 461): aml_ac3_parser_open exit =0xf5ad2f40
11-03 17:08:29.318 I/audio_hw_parser_manager( 461): [_create_parser_and_config_parserinfo:521] parser pFunc:0xf5ad3360, type:2 AC3, phandle:0xf5ad2f40
11-03 17:08:29.318 I/audio_hw_parser_manager( 461): [aml_parser_init:587] *ppAmlParser:0xf40014b0 done
11-03 17:08:29.318 I/audio_hw_hal_primary( 461): out_write_new(), stream[0xf1bcad50] write_status set to true
11-03 17:08:29.319 I/audio_hw_hal_primary( 461): [out_write_new:7049] io 477: out:0xf1bcad50 streamType:RAW_DIRECT, standby
11-03 17:08:29.319 I/audio_hw_hal_primary( 461): [mixer_main_buffer_write:5994] io 477: out:0xf1bcad50 streamType:RAW_DIRECT, standby to unstandby
11-03 17:08:29.319 E/libdolbyms12( 461): ms12_audio_config : not support config_type 19
11-03 17:08:29.319 I/audio_hw_hal_ms12v2( 461): dolby_ms12_main_open ms12_dec->tempo_speed = 1.000000
11-03 17:08:29.319 D/audio_hw_hal_profile( 461): get_hdmi_sink_cap_new is running...
11-03 17:08:29.319 D/audio_hw_hal_profile( 461): query hdmi format...
11-03 17:08:29.319 D/audio_hw_hal_profile( 461): get_hdmi_sink_cap_new ddp is supported; ddp-joc(atmos) is supported;
11-03 17:08:29.319 I/audio_hw_hal_profile( 461): get_hdmi_sink_cap_new dts-hd vendor special byte3:0x3
11-03 17:08:29.319 I/audio_hw_hal_profile( 461): PCM cap Max channel =8
11-03 17:08:29.319 I/audio_hw_hal_stream( 461): get_sink_capability mbox+dvb case sink_capability = 0x24000000
11-03 17:08:29.319 I/audio_hw_hal_stream( 461): force ddp out =0
11-03 17:08:29.319 D/audio_hw_hal_profile( 461): get_hdmi_sink_cap_new is running...
11-03 17:08:29.320 D/audio_hw_hal_profile( 461): query hdmi format...
11-03 17:08:29.320 D/audio_hw_hal_profile( 461): get_hdmi_sink_cap_new ddp is supported; ddp-joc(atmos) is supported;
11-03 17:08:29.320 I/audio_hw_hal_profile( 461): get_hdmi_sink_cap_new dts-hd vendor special byte3:0x3
11-03 17:08:29.320 I/audio_hw_hal_profile( 461): PCM cap Max channel =8
11-03 17:08:29.320 I/audio_hw_hal_stream( 461): [get_sink_dts_capability:213] mbox+dvb case sink_capability: DTS_HD(0xc000000)
11-03 17:08:29.320 D/audio_hw_hal_profile( 461): get_hdmi_sink_cap_new is running...
11-03 17:08:29.320 D/audio_hw_hal_profile( 461): query hdmi format...
11-03 17:08:29.320 D/audio_hw_hal_profile( 461): get_hdmi_sink_cap_new ddp is supported; ddp-joc(atmos) is supported;
11-03 17:08:29.320 I/audio_hw_hal_profile( 461): get_hdmi_sink_cap_new dts-hd vendor special byte3:0x3
11-03 17:08:29.320 I/audio_hw_hal_profile( 461): PCM cap Max channel =8
11-03 17:08:29.320 I/audio_hw_hal_stream( 461): [get_sink_mpegh_capability:246] mbox+dvb case sink_capability: PCM_16_BIT(0x1)
11-03 17:08:29.320 D/audio_hw_hal_profile( 461): get_hdmi_sink_cap_new is running...
11-03 17:08:29.320 D/audio_hw_hal_profile( 461): [get_hdmi_sink_cap_new:967] query hdmi sample_rate... format: PCM_16_BIT(0x1)
11-03 17:08:29.320 I/audio_hw_hal_profile( 461): get_hdmi_sink_cap_new format =0x1 support rate =sup_sampling_rates=32000|44100|48000|88200|96000|176400|192000
11-03 17:08:29.320 I/audio_hw_hal_stream( 461): pcm_fmt support sample_rate_mask:0x7f
11-03 17:08:29.321 I/audio_hw_hal_stream( 461): get_sink_dv_capability : /sys/class/amhdmitx/amhdmitx0/hdmi_hdr_status = HDR10-GAMMA_ST2084
11-03 17:08:29.321 I/audio_hw_hal_stream( 461): get_sink_dv_capability : dv enable 0
11-03 17:08:29.321 I/audio_hw_hal_stream( 461): [get_sink_format:450] out:0xf1bcad50 out devices:0x80002 cur_out_devices:0x400 format:E_AC3(0xa000000) digital_mode(AUTO) sink cap:MAT(0x24000000)
11-03 17:08:29.321 I/audio_hw_hal_stream( 461): get_sink_format() HDMI ARC or mbox + dvb case
11-03 17:08:29.321 I/audio_hw_hal_stream( 461): [get_sink_format:649] sink_format:MAT(0x24000000) max channel:2 optical_format:MAT(0x24000000) dual_output 0
11-03 17:08:29.321 I/audio_hw_hal_streamMgr( 461): aml_is_preempt_deep_buffer_stream main stream can preempt the system audio usage media (deep buffer) stream:1 and retValue:1
11-03 17:08:29.321 D/audio_hw_hal_virtualbuf( 461): audio_virtual_buf_open ms12 main input buf_begin=160000000 buf_target=160000000 time=1000000000
11-03 17:08:29.321 I/audio_hw_decoder_ms12v2( 461): +aml_ms12_main_decoder_open() 234 format=0xa000000
11-03 17:08:29.321 D/libdolbyms12( 461): AML_MS12_CreateCodec DecID a000000, AudioFormat 0xa000000, Ad 0, RestrictedAd 0
11-03 17:08:29.321 I/libdolbyms12( 461): aml input type is 1
11-03 17:08:29.322 I/libdolbyms12( 461): msf_node_avsync_init exit 0xf1a83ca0
11-03 17:08:29.322 D/libdolbyms12( 461): udc_node_open() h_udc_node 0xee6d9010 type main udc udc_avsync 0xf1a83ca0
11-03 17:08:29.323 D/libdolbyms12( 461): Aml_MS12_CodecDynamicConnect() find available Connections 0
11-03 17:08:29.323 D/libdolbyms12( 461): Continuous Set ConnectID 0 CodecPrivData 0xf1f020e0
11-03 17:08:29.323 D/libdolbyms12( 461): Continuous Set codec focus 0
11-03 17:08:29.323 D/libdolbyms12( 461): Aml_MS12_CodecRequestFocus, CodeId 0xa000000 request focus, ConnectId 0
11-03 17:08:29.323 D/libdolbyms12( 461): Continuous Set codec focus 0
11-03 17:08:29.323 I/libdolbyms12( 461): Continuous Main(0) Resume
11-03 17:08:29.323 D/libdolbyms12( 461): ms12_deocder_open() sucess pstCodecHandle 0xf1f020e0, ms12_decid 0xa000000, decindex 0, connectid 0
11-03 17:08:29.323 I/audio_hw_decoder_ms12v2( 461): -aml_ms12_main_decoder_open() 243 decid 167772160
11-03 17:08:29.323 I/audio_hw_hal_ms12v2( 461): stream:0xf1bcad50 ms12_dec_handle:0xf3940f30 set volume_leveler to 0,0. ret 0
11-03 17:08:29.323 I/audio_hw_hal_ms12v2( 461): stream:0xf1bcad50 ms12_dec_handle:0xf3940f30 set content_de to 0,0. ret 0
11-03 17:08:29.323 I/audio_hw_hal_ms12v2( 461): stream:0xf1bcad50 ms12_dec_handle:0xf3940f30 set ad mixing_enable to 0. ret 0
11-03 17:08:29.323 I/audio_hw_hal_ms12v2( 461): stream:0xf1bcad50 ms12_dec_handle:0xf3940f30 set ad mixing_level to 0. ret 0
11-03 17:08:29.323 I/audio_hw_hal_ms12v2( 461): stream:0xf1bcad50 ms12_dec_handle:0xf3940f30 set AD gain 0dB,10ms,shape:0. ret 0
11-03 17:08:29.323 D/libdolbyms12( 461): CodecBuf Sync enable 1
11-03 17:08:29.323 D/libdolbyms12( 461): CodecBuf Tempo enable 1
11-03 17:08:29.323 D/libdolbyms12( 461): CallBackProcess enable 1
11-03 17:08:29.324 I/audio_hw_utils_parserac3( 461): aml_ac3_parser_open exit =0xf5ad2e50
11-03 17:08:29.324 I/audio_hw_utils_parserac3( 461): aml_ac3_parser_open exit =0xf5ad2010
11-03 17:08:29.324 I/audio_truehd_parser( 461): aml_truehd_parser_open exit =0xf4a85e90
11-03 17:08:29.324 I/audio_hw_utils_spdifdec( 461): aml_spdif_decoder_open exit =0xf5ad2100
11-03 17:08:29.324 I/audio_hw_utils_spdifdec( 461): aml_spdif_decoder_open exit =0xf5ad3090
11-03 17:08:29.324 I/audio_hw_hal_bypass( 461): aml_ms12_bypass_open exit =0xf5ad37b0
11-03 17:08:29.324 I/audio_hw_hal_ms12common( 461): set_ms12_drc_params_for_stereo_and_dap_multi_pcm_output line 738 format 0xa000000
11-03 17:08:29.324 I/audio_hw_device_patchmgr( 461): is_dtv_patch_exist_mgr is dtv =0
11-03 17:08:29.324 I/audio_hw_decoder_ms12v2( 461): -bs DRCBoostStereo: 0
11-03 17:08:29.324 I/audio_hw_decoder_ms12v2( 461): -cs DRCCutStereo: 0
11-03 17:08:29.324 I/audio_hw_decoder_ms12v2( 461): -drc DRCModesOfDownmixedOutput: 1
11-03 17:08:29.324 I/audio_hw_hal_ms12common( 461): set_ms12_drc_params_for_stereo_and_dap_multi_pcm_output line 744 dynamic set drc RF MODE boost 0 cut 0 for stereo downmix output!
11-03 17:08:29.324 I/audio_hw_decoder_ms12v2( 461): -b DRCBoost: 0
11-03 17:08:29.324 I/audio_hw_decoder_ms12v2( 461): -c DRCCut: 0
11-03 17:08:29.324 I/audio_hw_decoder_ms12v2( 461): -dap_drc DAPDRCMode: 0
11-03 17:08:29.324 I/audio_hw_hal_ms12common( 461): set_ms12_drc_params_for_stereo_and_dap_multi_pcm_output line 748 dynamic set drc LINE MODE boost 0 cut 0 for multichannel and DAP output!
11-03 17:08:29.324 I/audio_hw_decoder_ms12v2( 461): setPauseFlag() set mPause 0
11-03 17:08:29.324 I/libdolbyms12( 461): Continuous Main(0) Resume
11-03 17:08:29.324 I/audio_hw_hal_ms12v2( 461): dolby_ms12_main_resume ms12_runtime_update_ret:0
11-03 17:08:29.327 I/audio_hw_hal_ms12v2( 461): [ms12_config_decoder_volume:6502] stream:0xf1bcad50 change volume 0.000000 to 1.000000, mute 0, ease_frames=1536
11-03 17:08:29.327 I/libdolbyms12( 461): handle=0xf1e00010 continuous fade mute begin duration=32, incnt 0
11-03 17:08:29.327 I/libdolbyms12( 461): eTagContinuousState 0, eCurContinuousState 6, s32InCnt 0
11-03 17:08:29.339 I/HTTP_KIT_LOG( 4419): [Send:235] SCENE_PCDN_NG:[jobId_273] Send url http://valipl10.cp31.ott.cibntv.net/67756D6080932713CFC02204E/0501100000669B4DCC0467A4424B4B3097ED14-F4B3-466F-B55E-A2D791FCC5D0_video_00026.mp4?ccode=0103010102&duration=6917&expire=18000&psid=491b12ee9f6864cbd87f203b3325d02a42346&ups_client_netip=7157521f&ups_ts=1762160907&ups_userid=1400807978&utid=aQSc5ul7QxsDADFIplqlGPrV&vid=XNTk2NDM1MjEyOA%3D%3D&s=ddbf820df3884e3480f6&iv=1&eo=1&t=9e0de6505e515f1&cug=1&fms=46f28f0c1cdcd5ab&tr=6917&le=dd79ff955e68478725912d3c990803f2&ckt=5&m_onoff=0&rid=20000000BE2C224CE2BDABCB8431FEC525F7F0D702000000&type=cmfv5hd4_hbr_bit10&bc=2&dre=u151&si=573&dst=1&yk_pid=cd719a991a008182&sm=1&operate_type=1&app_key=23299685&app_ver=2131300103&vkey=B01cd54f6aa0df8de861fea6e69680904
11-03 17:08:29.339 I/HTTP_KIT_LOG( 4419): [UpdateConfig:108] SCENE_PCDN_NG:[jobId_273] dump config:Range :bytes=12469923-14586862
11-03 17:08:29.339 I/HTTP_KIT_LOG( 4419): [UpdateUrl:66] use domain valipl10.cp31.ott.cibntv.net
11-03 17:08:29.340 I/HTTP_KIT_LOG( 4419): [InstallTimer:128] SCENE_PCDN_NG:[jobId_273] start open timeout timer=999999
11-03 17:08:29.340 E/HTTP_KIT_LOG( 4419): [Lookup:118] SCENE_PCDN_NG:[jobId_273] SmartDns use cache domain:valipl10.cp31.ott.cibntv.net addrs:125.94.42.155[2],125.94.42.156[1],
11-03 17:08:29.340 I/HTTP_KIT_LOG( 4419): [AddRequestHeader:498] job:SCENE_PCDN_NG:[jobId_273] add header:[ range_from:12469923,cur_download:0 | User-Agent :Youku-ntk;Android;13.0.1.3;Scene4
11-03 17:08:29.340 I/HTTP_KIT_LOG( 4419): Range :bytes=12469923-14586862
11-03 17:08:29.340 I/HTTP_KIT_LOG( 4419): | Add Ip Resolve: 125.94.42.155 ]
11-03 17:08:29.335 I/OSP-H-9 ( 4419): type=1400 audit(0.0:3718): avc: denied { search } for name="net" dev="sysfs" ino=12361 scontext=u:r:untrusted_app_25:s0:c512,c768 tcontext=u:object_r:sysfs_net:s0 tclass=dir permissive=1 app=com.cibn.tv
11-03 17:08:29.354 D/audio_hw_hal_stream( 461): update_audio_hal_info() audio hal format change to a000000, atmos flag = 0, is_dolby_atmos = 0, dts_hp_x = 0, update_type = 4 is_dolby_atmos_off = 1 virtual_bass_enable 0
11-03 17:08:29.354 D/audio_hw_hal_stream( 461): update_audio_hal_info() cur_out_devices 0x400, dap_bypass_enable = 0, is_ms12_tuning_dat = 0, dolby_ms12_enable = 1, output_config = 0xc
11-03 17:08:29.355 I/aml_volume_shaper( 461): aml_volume_shaper_update_start_frames frames 0, timeUs 413586760
11-03 17:08:29.355 I/audio_hw_hal_stream( 461): aml_stream_out_info_print: out:0xf1bcad50, stream_type:raw, sync_mode:non tunnel, input_size:4096 bytes
11-03 17:08:29.355 I/audio_hw_hal_stream( 461): aml_stream_out_info_print: last_time:413041 ms (sec:413, nsec:41131112), last_position:0 ms (0), cur_time:413586 ms (sec:413, nsec:586689487), cur_position:0 ms (0)
11-03 17:08:29.355 I/audio_hw_hal_stream( 461): aml_stream_out_info_print: time_gap:545 ms (thr:100 ms), position_gap:0 ms, delay:0 ms, jitter: Position gap is behind system time gap by 413586 ms (thr:100 ms)
11-03 17:08:29.356 D/UEventObserver( 950): change@/devices/platform/auge_sound/sound/card0/controlC0ACTION=changeDEVPATH=/devices/platform/auge_sound/sound/card0/controlC0SUBSYSTEM=soundAUDIO_FORMAT=4MAJOR=116MINOR=13DEVNAME=snd/controlC0SEQNUM=3981
11-03 17:08:29.362 D/ShowHdrAudioLogoService( 950): receive broadcast, audio format:4
11-03 17:08:29.365 I/libdolbyms12( 461): handle=0xf1e00010 continuous fade in begin duration=32, incnt 0
11-03 17:08:29.365 I/libdolbyms12( 461): eTagContinuousState 0, eCurContinuousState 5, s32InCnt 0
11-03 17:08:29.374 I/HTTP_KIT_LOG( 4419): [StopTimer:165] SCENE_PCDN_NG:[jobId_273] stop open timeout timer
11-03 17:08:29.374 D/HdrAudioView( 950): res id <= 0, don't pop up audio logo
11-03 17:08:29.374 E/HTTP_KIT_LOG( 4419): [OnResponse:205] SCENE_PCDN_NG:[jobId_273] OnResponse content-length:2116940 of content-type:video/mp4, file-size:14586863
11-03 17:08:29.374 E/HTTP_KIT_LOG( 4419): headers:Content-Range:bytes 12469923-14586862/14586863
11-03 17:08:29.374 E/HTTP_KIT_LOG( 4419): Etag:"F4DBB4AEE471C8B1A119CB2BF7384E85"
11-03 17:08:29.374 E/HTTP_KIT_LOG( 4419): Via:cache22.l2cn2651[95,95,200-0,H], cache23.l2cn2651[95,0], ens-cache16.cn8685[107,131,304-0,M], ens-cache13.cn8685[134,0],cache06.jslianyungang-mp01[0,200-0,H],cache48.jslianyungang-mp01[2,206],cache08.gdgz-ct126[0,200-0,H],cache01.gdgz-ct126[2,206]
11-03 17:08:29.377 D/ShowHdrAudioLogoService( 950): mLogoView.isCreated()true,show:true
11-03 17:08:29.378 D/HdrAudioView( 950): show view
11-03 17:08:29.375 I/HTTP_KIT_LOG( 4419): [operator():492] SCENE_PCDN_NG:[jobId_273] notify response
11-03 17:08:29.388 I/aml_volume_shaper( 461): aml_volume_shaper_update_start_frames frames 0, timeUs 413620614
11-03 17:08:29.389 I/aml_volume_shaper( 461): aml_volume_shaper_update_start_frames frames 0, timeUs 413621543
11-03 17:08:29.400 W/WindowManager( 697): [addWindow] title:
11-03 17:08:29.401 I/libdolbyms12( 461): eTagContinuousState 0, eCurContinuousState 0, s32InCnt 0
11-03 17:08:29.411 W/WindowManager( 697): App com.droidlogic has a system alert window (type = 2006) with FLAG_NOT_TOUCHABLE and LayoutParams.alpha = 1.00 > 0.80, setting alpha to 0.80 to let touches pass through (if this is isn't desirable, remove flag FLAG_NOT_TOUCHABLE).
11-03 17:08:29.417 I/aml_volume_shaper( 461): aml_volume_shaper_update_start_frames frames 0, timeUs 413649146
11-03 17:08:29.426 W/WindowManager( 697): App com.droidlogic has a system alert window (type = 2006) with FLAG_NOT_TOUCHABLE and LayoutParams.alpha = 1.00 > 0.80, setting alpha to 0.80 to let touches pass through (if this is isn't desirable, remove flag FLAG_NOT_TOUCHABLE).
11-03 17:08:29.431 D/CoreBackPreview( 697): Window{b5a5a9 u0 com.droidlogic}: Setting back callback OnBackInvokedCallbackInfo{mCallback=android.window.IOnBackInvokedCallback$Stub$Proxy@af6b2cf, mPriority=0, mIsAnimationCallback=false}
11-03 17:08:29.437 E/OpenGLRenderer( 950): Unable to match the desired swap behavior.
11-03 17:08:29.461 I/aml_volume_shaper( 461): aml_volume_shaper_update_start_frames frames 270, timeUs 413692838
11-03 17:08:29.531 E/Firebrick( 4419): get cookie, disable web view cookies.
11-03 17:08:29.538 I/HTTP_KIT_LOG( 4419): [operator():463] SCENE_PCDN_NG:[jobId_273] notify complete
11-03 17:08:29.548 I/HTTP_KIT_LOG( 4419): [Close:281] SCENE_PCDN_NG:[jobId_273] Close
11-03 17:08:29.548 I/HTTP_KIT_LOG( 4419): [PrintStr:417] SCENE_PCDN_NG:[jobId_273] ReportStat: {"appconnectTime":484.99,"connectTime":484.99,"dnsTime":194.0,"downloadSize":2116940.0,"downloadTime":198665.0,"error_rtt":-1.0,"firstBTime":34884.0,"firstKBTime":34884.0,"firstMBTime":166486.0,"last32KTime":34884.0,"redirectTime":0.0,"speed":10655.82,"starttransferTime":15796.99}
11-03 17:08:29.550 I/HTTP_KIT_LOG( 4419): [Send:235] SCENE_PCDN_NG:[jobId_274] Send url http://valipl10.cp31.ott.cibntv.net/67756D6080932713CFC02204E/0501100000669B4DCC0467A4424B4B3097ED14-F4B3-466F-B55E-A2D791FCC5D0_video_00027.mp4?ccode=0103010102&duration=6917&expire=18000&psid=491b12ee9f6864cbd87f203b3325d02a42346&ups_client_netip=7157521f&ups_ts=1762160907&ups_userid=1400807978&utid=aQSc5ul7QxsDADFIplqlGPrV&vid=XNTk2NDM1MjEyOA%3D%3D&s=ddbf820df3884e3480f6&iv=1&eo=1&t=9e0de6505e515f1&cug=1&fms=46f28f0c1cdcd5ab&tr=6917&le=dd79ff955e68478725912d3c990803f2&ckt=5&m_onoff=0&rid=20000000BE2C224CE2BDABCB8431FEC525F7F0D702000000&type=cmfv5hd4_hbr_bit10&bc=2&dre=u151&si=573&dst=1&yk_pid=cd719a991a008182&sm=1&operate_type=1&app_key=23299685&app_ver=2131300103&vkey=Bf4cbe52decc0cb11ea049bed1fce280d
11-03 17:08:29.551 I/HTTP_KIT_LOG( 4419): [UpdateConfig:108] SCENE_PCDN_NG:[jobId_274] dump config:Range :bytes=0-1880755
11-03 17:08:29.551 I/HTTP_KIT_LOG( 4419): [UpdateUrl:66] use domain valipl10.cp31.ott.cibntv.net
11-03 17:08:29.551 I/HTTP_KIT_LOG( 4419): [InstallTimer:128] SCENE_PCDN_NG:[jobId_274] start open timeout timer=999999
11-03 17:08:29.551 E/HTTP_KIT_LOG( 4419): [Lookup:118] SCENE_PCDN_NG:[jobId_274] SmartDns use cache domain:valipl10.cp31.ott.cibntv.net addrs:125.94.42.155[2],125.94.42.156[1],
11-03 17:08:29.551 I/HTTP_KIT_LOG( 4419): [AddRequestHeader:498] job:SCENE_PCDN_NG:[jobId_274] add header:[ range_from:0,cur_download:0 | User-Agent :Youku-ntk;Android;13.0.1.3;Scene4
11-03 17:08:29.551 I/HTTP_KIT_LOG( 4419): Range :bytes=0-1880755
11-03 17:08:29.551 I/HTTP_KIT_LOG( 4419): | Add Ip Resolve: 125.94.42.155 ]
11-03 17:08:29.566 I/HTTP_KIT_LOG( 4419): [StopTimer:165] SCENE_PCDN_NG:[jobId_274] stop open timeout timer
11-03 17:08:29.570 I/HTTP_KIT_LOG( 4419): [operator():492] SCENE_PCDN_NG:[jobId_274] notify response
11-03 17:08:29.570 E/HTTP_KIT_LOG( 4419): [OnResponse:205] SCENE_PCDN_NG:[jobId_274] OnResponse content-length:1880756 of content-type:video/mp4, file-size:10089637
11-03 17:08:29.570 E/HTTP_KIT_LOG( 4419): headers:Content-Range:bytes 0-1880755/10089637
11-03 17:08:29.570 E/HTTP_KIT_LOG( 4419): Etag:"B5506E4301B3605DD6B3E2AB0268CE12"
11-03 17:08:29.570 E/HTTP_KIT_LOG( 4419): Via:ens-cache15.l2cn7146[0,0,304-0,H], ens-cache40.l2cn7146[2,0], ens-cache40.l2cn7146[2,0], ens-cache26.cn8704[48,90,304-0,H], ens-cache18.cn8704[94,0],cache23.hnchangsha-mp02[0,200-0,H],cache33.hnchangsha-mp02[1,206],cache05.gdgz-ct126[0,200-0,H],cache01.gdgz-ct126[2,206]
11-03 17:08:29.608 E/ottp_sdk_OTTVideoView[64251078]( 4419): sendFinalGainBroadcast PPStreamConfig:a.f.m.b.playi@80415dd
11-03 17:08:29.608 E/ottp_sdk_OTTVideoView[64251078]( 4419): sendFinalGainBroadcast PPStreamConfigString:null,Lang ja, streamType cmfv5hd4_hbr_bit10_cmfa4hd3_51
11-03 17:08:29.652 E/DanmakuMTopRequest( 4419): getDanmakuProfile result: {"api":"mtop.youku.danmu.profile.v2","data":{"code":1,"cost":5,"data":{"activityId":-1,"danmuSwitch":true,"danmu_force_enable":9,"groupInterval":5,"groupListUrl":"https://group-ssl-danmu-ori.youku.com/danmu/api/groupListFile?auth_key=1762168109-bac881534cb2425aa3e794172adf1cf9-50001-87b22e49ae7559971b09069904d3302e&msg=eyJidWNrZXQiOjEwMDIsInZpZCI6IlhOVGsyTkRNMU1qRXlPQT09In0%3D&sign=663aa7a0124a043ace6ae55c386914f3","listUrl":"https://res-danmu.youku.com/danmu/api/list?auth_key=1762168109-4cc4eabae01a4f618101e00b4d8cb02a-50001-e20d587a590ac4d9e3f5032bfcc8a7e6&msg=eyJidWNrZXQiOjAsInZpZCI6IlhOVGsyTkRNMU1qRXlPQT09In0%3D&sign=a9090b88ba5ea9dacf5c34d94e36696b&guid=aQSc5ul7QxsDADFIplqlGPrV&keg=1002","m_points":"1111111111111111111111111111111111111111111111111111111111111111111111111111111111111111111111111111111111111111111100000000000010000010","options":{"highLikeDisplayStrategy":{"maxHighLikeCountPerMin":30,"maxRecommendLikeCountPerMin":15},"voteDisplay":{"displayVote":23,"maxVoteDown":5,"maxVoteUp":20,"maxVoteUpLead":15}},"properties":"{\"hidden\":3,\"density\":20,\"questionFontColor\":16380420,\"questionIcon\":\"https://gw.alicdn.com/tfs/TB1j.H7mQCWBuNjy0FaXXXUlXXa-66-66.png\",\"strokeWeight\":0.5,\"displayArea\":0.3,\"letterSpacing\":0.0,\"securityArea\":{\"small\":{\"v\":50,\"h\":80},\"large\":{\"v\":50,\"h\":90}},\"lineSpacing\":5.0,\"speed\":1.0,\"densityRange\":[5,10,20,25,35,45,50,60,65,75,85,90],\"enableSecurityArea\":1,\"alpha\":0.85,\"fontSize\":2,\"strokeColor\":3355443,\"fontWeight\":\"normal\"}","smartShieldEnable":0,"user_shut_up":false,"videoUploader":{"bigAvatar":"https://image.9xsecndns.cn/image/uicon/9a999c0cd11e0ebe8b08f30bbb4d24975b527b1792da71.jpg","id":729465423,"middleAvatar":"https://image.9xsecndns.cn/image/uicon/9a999c0cd11e0ebe8b08f30bbb4d24975b527b1792da71.jpg","nickname":"优酷会员","smallAvatar":"https://image.9xsecndns.cn/image/uicon/9a999c0cd11e0ebe8b08f30bbb4d24975b527b1792da71.jpg"}},"httpStatusCode":200,"message":"success"},"ret":["SUCCESS::调用成功"],"v":"1.0"}
11-03 17:08:29.652 E/OPR_v3_OprEngine( 4419): requestMTop onSuccess: {"api":"mtop.youku.danmu.profile.v2","data":{"code":1,"cost":5,"data":{"activityId":-1,"danmuSwitch":true,"danmu_force_enable":9,"groupInterval":5,"groupListUrl":"https://group-ssl-danmu-ori.youku.com/danmu/api/groupListFile?auth_key=1762168109-bac881534cb2425aa3e794172adf1cf9-50001-87b22e49ae7559971b09069904d3302e&msg=eyJidWNrZXQiOjEwMDIsInZpZCI6IlhOVGsyTkRNMU1qRXlPQT09In0%3D&sign=663aa7a0124a043ace6ae55c386914f3","listUrl":"https://res-danmu.youku.com/danmu/api/list?auth_key=1762168109-4cc4eabae01a4f618101e00b4d8cb02a-50001-e20d587a590ac4d9e3f5032bfcc8a7e6&msg=eyJidWNrZXQiOjAsInZpZCI6IlhOVGsyTkRNMU1qRXlPQT09In0%3D&sign=a9090b88ba5ea9dacf5c34d94e36696b&guid=aQSc5ul7QxsDADFIplqlGPrV&keg=1002","m_points":"1111111111111111111111111111111111111111111111111111111111111111111111111111111111111111111111111111111111111111111100000000000010000010","options":{"highLikeDisplayStrategy":{"maxHighLikeCountPerMin":30,"maxRecommendLikeCountPerMin":15},"voteDisplay":{"displayVote":23,"maxVoteDown":5,"maxVoteUp":20,"maxVoteUpLead":15}},"properties":"{\"hidden\":3,\"density\":20,\"questionFontColor\":16380420,\"questionIcon\":\"https://gw.alicdn.com/tfs/TB1j.H7mQCWBuNjy0FaXXXUlXXa-66-66.png\",\"strokeWeight\":0.5,\"displayArea\":0.3,\"letterSpacing\":0.0,\"securityArea\":{\"small\":{\"v\":50,\"h\":80},\"large\":{\"v\":50,\"h\":90}},\"lineSpacing\":5.0,\"speed\":1.0,\"densityRange\":[5,10,20,25,35,45,50,60,65,75,85,90],\"enableSecurityArea\":1,\"alpha\":0.85,\"fontSize\":2,\"strokeColor\":3355443,\"fontWeight\":\"normal\"}","smartShieldEnable":0,"user_shut_up":false,"videoUploader":{"bigAvatar":"https://image.9xsecndns.cn/image/uicon/9a999c0cd11e0ebe8b08f30bbb4d24975b527b1792da71.jpg","id":729465423,"middleAvatar":"https://image.9xsecndns.cn/image/uicon/9a999c0cd11e0ebe8b08f30bbb4d24975b527b1792da71.jpg","nickname":"优酷会员","smallAvatar":"https://image.9xsecndns.cn/image/uicon/9a999c0cd11e0ebe8b08f30bbb4d24975b527b1792da71.jpg"}},"httpStatusCode":200,"message":"success"},"ret":["SUCCESS::调用成功"],"v":"1.0"}
11-03 17:08:29.683 I/HTTP_KIT_LOG( 4419): [operator():463] SCENE_PCDN_NG:[jobId_274] notify complete
11-03 17:08:29.684 I/HTTP_KIT_LOG( 4419): [Close:281] SCENE_PCDN_NG:[jobId_274] Close
11-03 17:08:29.685 I/HTTP_KIT_LOG( 4419): [PrintStr:417] SCENE_PCDN_NG:[jobId_274] ReportStat: {"appconnectTime":122.0,"connectTime":121.0,"dnsTime":383.0,"downloadSize":1880756.0,"downloadTime":132566.0,"error_rtt":-1.0,"firstBTime":22382.0,"firstKBTime":22382.0,"firstMBTime":99739.0,"last32KTime":23871.0,"redirectTime":0.0,"speed":14187.31,"starttransferTime":13505.0}
11-03 17:08:29.735 D/OPR_v3_OPRDanmakuModule( 4419): OPRDanmakuModule updatePosition: 319432
11-03 17:08:29.737 E/[OPR_v3]( 4419): [opr_object]OPRDanmakuDataStore::userBarragesAtSecond failed, cannot find, formVideoId is XNTk2NDM1MjEyOA==, currentSecond is 19, cunrrentMinute is 5
11-03 17:08:29.746 E/OPR_v3_OprEngine( 4419): NOTIFY_OPR_REQUEST_HTTP: com.youku.android.barrage.utils.OPRDanmuReqHttp@23d509b
11-03 17:08:29.746 E/OPR_v3_OprEngine( 4419): NOTIFY_OPR_REQUEST_MTOP meta.mHeaders: Referer, value: https://danmu.youku.com
11-03 17:08:29.746 E/OPR_v3_OprEngine( 4419): NOTIFY_OPR_REQUEST_HTTP meta.mUrl: https://res-danmu.youku.com/danmu/api/list?auth_key=1762168109-4cc4eabae01a4f618101e00b4d8cb02a-50001-e20d587a590ac4d9e3f5032bfcc8a7e6&msg=eyJidWNrZXQiOjAsInZpZCI6IlhOVGsyTkRNMU1qRXlPQT09In0%3D&sign=a9090b88ba5ea9dacf5c34d94e36696b&guid=aQSc5ul7QxsDADFIplqlGPrV&keg=1002&grade=0&mat=5
11-03 17:08:29.748 E/Firebrick( 4419): get cookie, disable web view cookies.
11-03 17:08:29.750 D/TrafficStats( 4419): tagSocket(540) with statsTag=0xffffffff, statsUid=-1
11-03 17:08:29.759 I/cling--ap-19( 4143): type=1400 audit(0.0:3719): avc: denied { read } for name="address" dev="sysfs" ino=22143 scontext=u:r:untrusted_app_27:s0:c43,c256,c512,c768 tcontext=u:object_r:sysfs_net:s0 tclass=file permissive=1 app=com.dangbei.screencast
11-03 17:08:29.759 I/cling--ap-19( 4143): type=1400 audit(0.0:3720): avc: denied { open } for path="/sys/devices/virtual/net/dummy0/address" dev="sysfs" ino=22143 scontext=u:r:untrusted_app_27:s0:c43,c256,c512,c768 tcontext=u:object_r:sysfs_net:s0 tclass=file permissive=1 app=com.dangbei.screencast
11-03 17:08:29.779 D/TrafficStats( 4419): tagSocket(630) with statsTag=0xffffffff, statsUid=-1
11-03 17:08:29.759 I/cling--ap-19( 4143): type=1400 audit(0.0:3721): avc: denied { getattr } for path="/sys/devices/virtual/net/dummy0/address" dev="sysfs" ino=22143 scontext=u:r:untrusted_app_27:s0:c43,c256,c512,c768 tcontext=u:object_r:sysfs_net:s0 tclass=file permissive=1 app=com.dangbei.screencast
11-03 17:08:29.903 I/VDA ( 7986): [0##107]"ServiceDeviceTask INs=56/63, OUTs=51/59"" {IN=7/8, OUT=5/13[kAtAccelerator(0) kAtDevice(8) kAtClient(5)]}"
11-03 17:08:29.920 E/DOWNLOADER_LOG( 4419): [FlowRateController.cpp::CalculateDrain:375] FLOWRATE->FlowDrain t_id:[25] downgrade->1 cur_buffer:1,downgrade:1,cur_level:1,cur_sd:0.707107,cur_slope:1,b_h:12,seeking:0,pause:0,speed:1,b_history:0_1_,target_slope:1,target_sd:0,target_rat:0.7,inlet_info:1486_5785_
11-03 17:08:29.920 E/DOWNLOADER_LOG( 4419):
11-03 17:08:29.920 E/DOWNLOADER_LOG( 4419): [RetryableStream.cpp::ShouldDoDownloadLevelDegrade:1798] [tunnel:25][stream_id:88][24] FLOWRATE-> DrainCalculator result:1
11-03 17:08:29.920 E/DOWNLOADER_LOG( 4419): [RetryableStream.cpp::HandleReadDowngrade:2102] [tunnel:25][stream_id:88]FLOWRATE-> will HandleReadDowngrade: playerid[24] cur_level:1
11-03 17:08:29.926 I/HTTP_KIT_LOG( 4419): [Send:235] SCENE_PCDN_NG:[jobId_275] Send url http://valipl10.cp31.ott.cibntv.net/67756D6080932713CFC02204E/0501100000669B4DCC0467A4424B4B3097ED14-F4B3-466F-B55E-A2D791FCC5D0_video_00026.mp4?ccode=0103010102&duration=6917&expire=18000&psid=491b12ee9f6864cbd87f203b3325d02a42346&ups_client_netip=7157521f&ups_ts=1762160907&ups_userid=1400807978&utid=aQSc5ul7QxsDADFIplqlGPrV&vid=XNTk2NDM1MjEyOA%3D%3D&s=ddbf820df3884e3480f6&iv=1&eo=1&t=9e0de6505e515f1&cug=1&fms=46f28f0c1cdcd5ab&tr=6917&le=dd79ff955e68478725912d3c990803f2&ckt=5&m_onoff=0&rid=20000000BE2C224CE2BDABCB8431FEC525F7F0D702000000&type=cmfv5hd4_hbr_bit10&bc=2&dre=u151&si=573&dst=1&yk_pid=cd719a991a008182&sm=1&operate_type=1&app_key=23299685&app_ver=2131300103&vkey=B01cd54f6aa0df8de861fea6e69680904
11-03 17:08:29.926 I/HTTP_KIT_LOG( 4419): [UpdateConfig:108] SCENE_PCDN_NG:[jobId_275] dump config:Range :bytes=6309539-6375074
11-03 17:08:29.926 I/HTTP_KIT_LOG( 4419): [UpdateUrl:66] use domain valipl10.cp31.ott.cibntv.net
11-03 17:08:29.926 I/HTTP_KIT_LOG( 4419): [InstallTimer:128] SCENE_PCDN_NG:[jobId_275] start open timeout timer=999999
11-03 17:08:29.927 E/HTTP_KIT_LOG( 4419): [Lookup:118] SCENE_PCDN_NG:[jobId_275] SmartDns use cache domain:valipl10.cp31.ott.cibntv.net addrs:125.94.42.155[2],125.94.42.156[1],
11-03 17:08:29.927 I/HTTP_KIT_LOG( 4419): [AddRequestHeader:498] job:SCENE_PCDN_NG:[jobId_275] add header:[ range_from:6309539,cur_download:0 | User-Agent :Youku-ntk;Android;13.0.1.3;Scene4
11-03 17:08:29.927 I/HTTP_KIT_LOG( 4419): Range :bytes=6309539-6375074
11-03 17:08:29.927 I/HTTP_KIT_LOG( 4419): | Add Ip Resolve: 125.94.42.155 ]
11-03 17:08:29.936 I/HTTP_KIT_LOG( 4419): [Send:235] SCENE_PCDN_NG:[jobId_276] Send url http://valipl10.cp31.ott.cibntv.net/6774C0EC7BA4E723F1D2743A9/0501550000656DA7255A99E7C14A78CB7B1E11-3353-4F66-8934-CE3FA28A1B64_audio_00026.mp4?ccode=0103010102&duration=0&expire=18000&psid=491b12ee9f6864cbd87f203b3325d02a42346&ups_client_netip=7157521f&ups_ts=1762160907&ups_userid=1400807978&apscid=&mnid=&rid=2000000066947585B0D6C420FA083B898B4704DA02000000&operate_type=1&umt=1&type=cmfa4hd3_51&utid=aQSc5ul7QxsDADFIplqlGPrV&vid=XNTk2NDM1MjEyOA%3D%3D&s=ddbf820df3884e3480f6&iv=1&t=9e0de6505e515f2&cug=2&bc=2&si=583&eo=1&ykfs=512200&ckt=5&m_onoff=0&vkey=B84a72b2b882da944f90679001f8d4159&fms=4c06aa114c65e8a2&tr=6902&le=2c4b8f25669fb0fc0813ebfb36f1d46e&yk_pid=cd719a991a008182&app_key=23299685&app_ver=2131300103
11-03 17:08:29.936 I/HTTP_KIT_LOG( 4419): [UpdateConfig:108] SCENE_PCDN_NG:[jobId_276] dump config:Range :bytes=459000-512199
11-03 17:08:29.936 I/HTTP_KIT_LOG( 4419): [UpdateUrl:66] use domain valipl10.cp31.ott.cibntv.net
11-03 17:08:29.936 I/HTTP_KIT_LOG( 4419): [InstallTimer:128] SCENE_PCDN_NG:[jobId_276] start open timeout timer=999999
11-03 17:08:29.937 E/HTTP_KIT_LOG( 4419): [Lookup:118] SCENE_PCDN_NG:[jobId_276] SmartDns use cache domain:valipl10.cp31.ott.cibntv.net addrs:125.94.42.155[2],125.94.42.156[1],
11-03 17:08:29.938 I/HTTP_KIT_LOG( 4419): [AddRequestHeader:498] job:SCENE_PCDN_NG:[jobId_276] add header:[ range_from:459000,cur_download:0 | User-Agent :Youku-ntk;Android;13.0.1.3;Scene4
11-03 17:08:29.938 I/HTTP_KIT_LOG( 4419): Range :bytes=459000-512199
11-03 17:08:29.938 I/HTTP_KIT_LOG( 4419): | Add Ip Resolve: 125.94.42.155 ]
11-03 17:08:29.944 I/HTTP_KIT_LOG( 4419): [StopTimer:165] SCENE_PCDN_NG:[jobId_275] stop open timeout timer
11-03 17:08:29.946 I/HTTP_KIT_LOG( 4419): [operator():492] SCENE_PCDN_NG:[jobId_275] notify response
11-03 17:08:29.950 E/OPR_v3_OprEngine( 4419): requestHttp onSuccess s: {"code":1,"message":"success","cost":0,"data":{"list":[{"id":9792343490,"aid":573660,"iid":"XNTk2NDM1MjEyOA==","uid":"UNDE1MTEzOTIxNg==","mat":5,"playat":310008,"content":"好听","propertis":"{\"flowLightCircleColors\":[9625327,15310055],\"appVersion\":\"11.1.43\",\"size\":1,\"color\":15448691,\"pos\":3,\"stream\":\"cmfv5hd3\",\"flowLightColorPositions\":[0,0.1420000046491623,0.2849999964237213,0.42800000309944153,0.5709999799728394,0.7139999866485596,1],\"flowLightColors\":[11488254,4980193,4443391,16735196,16777060,64501,11488254],\"effect\":0,\"smks\":0,\"dmfid\":0}","likeShow":null,"showDigRank":null,"extFields":{"grade":1,"aigc":0,"voteUp":0},"replies":null},{"id":10141907809,"aid":573660,"iid":"XNTk2NDM1MjEyOA==","uid":"UNzMzMDc1NzgzNg==","mat":5,"playat":305000,"content":"少羽同款头发","propertis":"{\"appVersion\":\"11.1.51\",\"color\":15448691,\"flowLightColorPositions\":[0,0.125,0.25,0.375,0.5,0.625,0.75,0.875,1],\"flowLightColors\":[12865023,16734650,16760381,16734650,12865023,16734650,16760381,16734650,12865023],\"renderBackgroudUrl\":\"https://img.alicdn.com/imgextra/i1/O1CN01kbR3et1vHNZnuLDbj_!!6000000006147-54-tps-300-90.apng\",\"bgCenterDynamic\":\"https://img.alicdn.com/imgextra/i4/O1CN01zG6cA31DG9RspbkyF_!!6000000000188-54-tps-274-60.apng\",\"svipStarry\":\"1\",\"flowLightCircleColors\":[\"9625327\",\"15310055\"],\"bgFrontDynamic\":\"https://img.alicdn.com/imgextra/i2/O1CN016oXTZN1ziddp3BNJi_!!6000000006748-54-tps-60-60.apng\",\"size\":1,\"pos\":3,\"stream\":\"hd3\",\"alpha\":1,\"bgBehindDynamic\":\"https://img.alicdn.com/imgextra/i1/O1CN01E2AdVg1JKAcTCWPdl_!!6000000001009-54-tps-96-60.apng\"}","likeShow":null,"showDigRank":null,"extFields":{"grade":3,"aigc":0,"voteUp":0},"replies":null},{"id":6330400395,"aid":573660,"iid":"XNTk2NDM1MjEyOA==","uid":"UNDI2NDc1OTAzNg==","mat":5,"playat":309596,"content":"在下33岁了哈哈","propertis":"{\"appVersion\":\"11.0.25\",\"size\":1,\"color\":16777215,\"pos\":3,\"stream\":\"mp5hd3\",\"effect\":0,\"smks\":0,\"dmfid\":0}","likeShow":true,"showDigRank":null,"extFields":{"grade":3,"aigc":0,"voteUp":33},"replies":null},{"id":10137002162,"aid":573660,"iid":"XNTk2NDM1MjEyOA==","uid":"UMTYyNjEyNTU4MA==","mat":5,"playat":333769,"content":"2025.08.18","propertis":"{\"size\":1,\"color\":16432790,\"pos\":3,\"alpha\":1}","likeShow":null,"showDigRank":null,"extFields":{"grade":2,"aigc":0,"voteUp":0},"replies":null},{"id":9893004815,"aid":573660,"iid":"XNTk2NDM1MjEyOA==","uid":"UMTQzNTMwNTgzODg=","mat":5,"playat":338000,"content":"2025年7月3号打卡","propertis":"{\"appVersion\":\"11.1.45\",\"size\":1,\"color\":16777215,\"pos\":3,\"stream\":\"hbr4k\",\"alpha\":1}","likeShow":null,"showDigRank":null,"extFields":{"grade":3,"aigc":0,"voteUp":0},"replies":null},{"id":10094756734,"aid":573660,"iid":"XNTk2NDM1MjEyOA==","uid":"UNjAyOTIyMDk4NA==","mat":5,"playat":327000,"content":"2025年8月","propertis":"{\"appVersion\":\"11.1.49\",\"size\":1,\"color\":16777215,\"pos\":3,\"stream\":\"hbr\",\"alpha\":1}","likeShow":null,"showDigRank":null,"extFields":{"grade":2,"aigc":0,"voteUp":0},"replies":null},{"id":9909345256,"aid":573660,"iid":"XNTk2NDM1MjEyOA==","uid":"UNDM1MjQ2MTk0MA==","mat":5,"playat":329000,"content":"什么时候航海?","propertis":"{\"appVersion\":\"11.1.45\",\"size\":1,\"color\":16777215,\"pos\":3,\"stream\":\"hd2\",\"alpha\":1}","likeShow":null,"showDigRank":null,"extFields":{"grade":3,"aigc":0,"voteUp":0},"replies":null},{"id":6331056309,"aid":573660,"iid":"XNTk2NDM1MjEyOA==","uid":"UMzk4ODg3Nzg5Ng==","mat":5,"playat":325000,"content":"执业医稳过!","propertis":"{\"appVersion\":\"11.0.2\",\"size\":1,\"color\":16777215,\"pos\":3,\"stream\":\"hd3\",\"alpha\":1}","likeShow":true,"showDigRank":null,"extFields":{"grade":3,"aigc":0,"voteUp":25},"replies":null},{"id":9754417286,"aid":573660,"iid":"XNTk2NDM1MjEyOA==","uid":"UMTUyOTkxMjE1OTY=","mat":5,"playat":329655,"content":"这个是不是3D的","propertis":"{\"appVersion\":\"11.1.41\",\"size\":1,\"color\":16777215,\"pos\":3,\"stream
11-03 17:08:29.952 E/HTTP_KIT_LOG( 4419): [OnResponse:205] SCENE_PCDN_NG:[jobId_275] OnResponse content-length:65536 of content-type:video/mp4, file-size:14586863
11-03 17:08:29.952 E/HTTP_KIT_LOG( 4419): headers:Content-Range:bytes 6309539-6375074/14586863
11-03 17:08:29.952 E/HTTP_KIT_LOG( 4419): Etag:"F4DBB4AEE471C8B1A119CB2BF7384E85"
11-03 17:08:29.952 E/HTTP_KIT_LOG( 4419): Via:cache22.l2cn2651[95,95,200-0,H], cache23.l2cn2651[95,0], ens-cache16.cn8685[107,131,304-0,M], ens-cache13.cn8685[134,0],cache06.jslianyungang-mp01[0,200-0,H],cache48.jslianyungang-mp01[2,206],cache08.gdgz-ct126[0,200-0,H],cache01.gdgz-ct126[1,206]
11-03 17:08:29.954 I/HTTP_KIT_LOG( 4419): [operator():463] SCENE_PCDN_NG:[jobId_275] notify complete
11-03 17:08:29.957 I/HTTP_KIT_LOG( 4419): [Close:281] SCENE_PCDN_NG:[jobId_275] Close
11-03 17:08:29.958 I/HTTP_KIT_LOG( 4419): [PrintStr:417] SCENE_PCDN_NG:[jobId_275] ReportStat: {"appconnectTime":164.0,"connectTime":164.0,"dnsTime":147.0,"downloadSize":65536.0,"downloadTime":27216.0,"error_rtt":-1.0,"firstBTime":25695.0,"firstKBTime":25695.0,"firstMBTime":0.0,"last32KTime":26852.0,"redirectTime":0.0,"speed":2407.99,"starttransferTime":10646.0}
11-03 17:08:29.963 I/HTTP_KIT_LOG( 4419): [Send:235] SCENE_PCDN_NG:[jobId_277] Send url http://valipl10.cp31.ott.cibntv.net/67756D6080932713CFC02204E/0501100000669B4DCC0467A4424B4B3097ED14-F4B3-466F-B55E-A2D791FCC5D0_video_00026.mp4?ccode=0103010102&duration=6917&expire=18000&psid=491b12ee9f6864cbd87f203b3325d02a42346&ups_client_netip=7157521f&ups_ts=1762160907&ups_userid=1400807978&utid=aQSc5ul7QxsDADFIplqlGPrV&vid=XNTk2NDM1MjEyOA%3D%3D&s=ddbf820df3884e3480f6&iv=1&eo=1&t=9e0de6505e515f1&cug=1&fms=46f28f0c1cdcd5ab&tr=6917&le=dd79ff955e68478725912d3c990803f2&ckt=5&m_onoff=0&rid=20000000BE2C224CE2BDABCB8431FEC525F7F0D702000000&type=cmfv5hd4_hbr_bit10&bc=2&dre=u151&si=573&dst=1&yk_pid=cd719a991a008182&sm=1&operate_type=1&app_key=23299685&app_ver=2131300103&vkey=B01cd54f6aa0df8de861fea6e69680904
11-03 17:08:29.964 I/HTTP_KIT_LOG( 4419): [UpdateConfig:108] SCENE_PCDN_NG:[jobId_277] dump config:Range :bytes=6768291-6833826
11-03 17:08:29.964 I/HTTP_KIT_LOG( 4419): [UpdateUrl:66] use domain valipl10.cp31.ott.cibntv.net
11-03 17:08:29.964 I/HTTP_KIT_LOG( 4419): [InstallTimer:128] SCENE_PCDN_NG:[jobId_277] start open timeout timer=999999
11-03 17:08:29.964 E/HTTP_KIT_LOG( 4419): [Lookup:118] SCENE_PCDN_NG:[jobId_277] SmartDns use cache domain:valipl10.cp31.ott.cibntv.net addrs:125.94.42.155[2],125.94.42.156[1],
11-03 17:08:29.965 I/HTTP_KIT_LOG( 4419): [StopTimer:165] SCENE_PCDN_NG:[jobId_276] stop open timeout timer
11-03 17:08:29.965 I/HTTP_KIT_LOG( 4419): [operator():492] SCENE_PCDN_NG:[jobId_276] notify response
11-03 17:08:29.965 E/HTTP_KIT_LOG( 4419): [OnResponse:205] SCENE_PCDN_NG:[jobId_276] OnResponse content-length:53200 of content-type:video/mp4, file-size:512200
11-03 17:08:29.965 E/HTTP_KIT_LOG( 4419): headers:Content-Range:bytes 459000-512199/512200
11-03 17:08:29.965 E/HTTP_KIT_LOG( 4419): Etag:"9D7E8972E12C725C13E258A109D42245"
11-03 17:08:29.965 E/HTTP_KIT_LOG( 4419): Via:cache41.l2cn7769[71,71,200-0,M], cache31.l2cn7769[72,0], ens-cache17.cn7773[103,102,206-0,M], ens-cache14.cn7773[104,0],cache32.jhmp03[33,200-0,H],cache02.jhmp03[33,206],cache10.gdgz-ct126[1,200-0,H],cache10.gdgz-ct126[2,206]
11-03 17:08:29.966 I/HTTP_KIT_LOG( 4419): [AddRequestHeader:498] job:SCENE_PCDN_NG:[jobId_277] add header:[ range_from:6768291,cur_download:0 | User-Agent :Youku-ntk;Android;13.0.1.3;Scene4
11-03 17:08:29.966 I/HTTP_KIT_LOG( 4419): Range :bytes=6768291-6833826
11-03 17:08:29.966 I/HTTP_KIT_LOG( 4419): | Add Ip Resolve: 125.94.42.155 ]
11-03 17:08:29.969 I/HTTP_KIT_LOG( 4419): [operator():463] SCENE_PCDN_NG:[jobId_276] notify complete
11-03 17:08:29.971 I/HTTP_KIT_LOG( 4419): [Close:281] SCENE_PCDN_NG:[jobId_276] Close
11-03 17:08:29.972 I/HTTP_KIT_LOG( 4419): [PrintStr:417] SCENE_PCDN_NG:[jobId_276] ReportStat: {"appconnectTime":93.0,"connectTime":92.0,"dnsTime":202.0,"downloadSize":53200.0,"downloadTime":32583.0,"error_rtt":-1.0,"firstBTime":28518.0,"firstKBTime":32092.0,"firstMBTime":0.0,"last32KTime":32092.0,"redirectTime":0.0,"speed":1632.75,"starttransferTime":11675.0}
11-03 17:08:29.973 I/HTTP_KIT_LOG( 4419): [Send:235] SCENE_PCDN_NG:[jobId_278] Send url http://valipl10.cp31.ott.cibntv.net/6774C0ECEEE3971A243BF43B3/0501550000656DA7255A99E7C14A78CB7B1E11-3353-4F66-8934-CE3FA28A1B64_audio_00027.mp4?ccode=0103010102&duration=0&expire=18000&psid=491b12ee9f6864cbd87f203b3325d02a42346&ups_client_netip=7157521f&ups_ts=1762160907&ups_userid=1400807978&apscid=&mnid=&rid=2000000066947585B0D6C420FA083B898B4704DA02000000&operate_type=1&umt=1&type=cmfa4hd3_51&utid=aQSc5ul7QxsDADFIplqlGPrV&vid=XNTk2NDM1MjEyOA%3D%3D&s=ddbf820df3884e3480f6&iv=1&t=9e0de6505e515f2&cug=2&bc=2&si=583&eo=1&ykfs=355528&ckt=5&m_onoff=0&vkey=B5a9b40dfef499328e464d4de33c15978&fms=4c06aa114c65e8a2&tr=6902&le=2c4b8f25669fb0fc0813ebfb36f1d46e&yk_pid=cd719a991a008182&app_key=23299685&app_ver=2131300103
11-03 17:08:29.974 I/HTTP_KIT_LOG( 4419): [UpdateConfig:108] SCENE_PCDN_NG:[jobId_278] dump config:Range :bytes=0-12335
11-03 17:08:29.974 I/HTTP_KIT_LOG( 4419): [UpdateUrl:66] use domain valipl10.cp31.ott.cibntv.net
11-03 17:08:29.974 I/HTTP_KIT_LOG( 4419): [InstallTimer:128] SCENE_PCDN_NG:[jobId_278] start open timeout timer=999999
11-03 17:08:29.974 E/HTTP_KIT_LOG( 4419): [Lookup:118] SCENE_PCDN_NG:[jobId_278] SmartDns use cache domain:valipl10.cp31.ott.cibntv.net addrs:125.94.42.155[2],125.94.42.156[1],
11-03 17:08:29.976 I/HTTP_KIT_LOG( 4419): [AddRequestHeader:498] job:SCENE_PCDN_NG:[jobId_278] add header:[ range_from:0,cur_download:0 | User-Agent :Youku-ntk;Android;13.0.1.3;Scene4
11-03 17:08:29.976 I/HTTP_KIT_LOG( 4419): Range :bytes=0-12335
11-03 17:08:29.976 I/HTTP_KIT_LOG( 4419): | Add Ip Resolve: 125.94.42.155 ]
11-03 17:08:29.977 I/HTTP_KIT_LOG( 4419): [StopTimer:165] SCENE_PCDN_NG:[jobId_277] stop open timeout timer
11-03 17:08:29.978 D/audio_hw_hal_primary( 461): [out_standby_new:5508] io 13: out:0xf1bc39d0 streamType:PCM_NORMAL
11-03 17:08:29.978 I/audio_hw_hal_primary( 461): [do_output_standby_l:5428] io 13: out:0xf1bc39d0, stream streamType:PCM_NORMAL, continuous:1
11-03 17:08:29.979 I/audio_hw_hal_streamMgr( 461): [aml_get_is_exist_active_stream:249] ptmp:0xf4a85b50 pStream:0xf1bcad50, amlStream:0xf1bcad50, streamCount:3 nodeIndex:3, retValue:1
11-03 17:08:29.979 D/audio_hw_hal_primary( 461): [out_standby_new:5560] io 13: out:0xf1bc39d0 streamType:PCM_NORMAL exit
11-03 17:08:29.979 I/HTTP_KIT_LOG( 4419): [operator():492] SCENE_PCDN_NG:[jobId_277] notify response
11-03 17:08:29.980 E/HTTP_KIT_LOG( 4419): [OnResponse:205] SCENE_PCDN_NG:[jobId_277] OnResponse content-length:65536 of content-type:video/mp4, file-size:14586863
11-03 17:08:29.980 E/HTTP_KIT_LOG( 4419): headers:Content-Range:bytes 6768291-6833826/14586863
11-03 17:08:29.980 E/HTTP_KIT_LOG( 4419): Etag:"F4DBB4AEE471C8B1A119CB2BF7384E85"
11-03 17:08:29.980 E/HTTP_KIT_LOG( 4419): Via:cache22.l2cn2651[95,95,200-0,H], cache23.l2cn2651[95,0], ens-cache16.cn8685[107,131,304-0,M], ens-cache13.cn8685[134,0],cache06.jslianyungang-mp01[0,200-0,H],cache48.jslianyungang-mp01[2,206],cache08.gdgz-ct126[0,200-0,H],cache01.gdgz-ct126[1,206]
11-03 17:08:29.983 I/HTTP_KIT_LOG( 4419): [operator():463] SCENE_PCDN_NG:[jobId_277] notify complete
11-03 17:08:29.985 I/HTTP_KIT_LOG( 4419): [Close:281] SCENE_PCDN_NG:[jobId_277] Close
11-03 17:08:29.985 I/HTTP_KIT_LOG( 4419): [PrintStr:417] SCENE_PCDN_NG:[jobId_277] ReportStat: {"appconnectTime":108.0,"connectTime":108.0,"dnsTime":203.0,"downloadSize":65536.0,"downloadTime":18956.0,"error_rtt":-1.0,"firstBTime":16476.0,"firstKBTime":16476.0,"firstMBTime":0.0,"last32KTime":18383.0,"redirectTime":0.0,"speed":3457.26,"starttransferTime":9734.0}
11-03 17:08:29.986 I/HTTP_KIT_LOG( 4419): [Send:235] SCENE_PCDN_NG:[jobId_279] Send url http://valipl10.cp31.ott.cibntv.net/67756D6080932713CFC02204E/0501100000669B4DCC0467A4424B4B3097ED14-F4B3-466F-B55E-A2D791FCC5D0_video_00026.mp4?ccode=0103010102&duration=6917&expire=18000&psid=491b12ee9f6864cbd87f203b3325d02a42346&ups_client_netip=7157521f&ups_ts=1762160907&ups_userid=1400807978&utid=aQSc5ul7QxsDADFIplqlGPrV&vid=XNTk2NDM1MjEyOA%3D%3D&s=ddbf820df3884e3480f6&iv=1&eo=1&t=9e0de6505e515f1&cug=1&fms=46f28f0c1cdcd5ab&tr=6917&le=dd79ff955e68478725912d3c990803f2&ckt=5&m_onoff=0&rid=20000000BE2C224CE2BDABCB8431FEC525F7F0D702000000&type=cmfv5hd4_hbr_bit10&bc=2&dre=u151&si=573&dst=1&yk_pid=cd719a991a008182&sm=1&operate_type=1&app_key=23299685&app_ver=2131300103&vkey=B01cd54f6aa0df8de861fea6e69680904
11-03 17:08:29.986 I/HTTP_KIT_LOG( 4419): [UpdateConfig:108] SCENE_PCDN_NG:[jobId_279] dump config:Range :bytes=7030435-7161506
11-03 17:08:29.987 I/HTTP_KIT_LOG( 4419): [UpdateUrl:66] use domain valipl10.cp31.ott.cibntv.net
11-03 17:08:29.987 I/HTTP_KIT_LOG( 4419): [InstallTimer:128] SCENE_PCDN_NG:[jobId_279] start open timeout timer=999999
11-03 17:08:29.988 E/HTTP_KIT_LOG( 4419): [Lookup:118] SCENE_PCDN_NG:[jobId_279] SmartDns use cache domain:valipl10.cp31.ott.cibntv.net addrs:125.94.42.155[2],125.94.42.156[1],
11-03 17:08:29.989 I/HTTP_KIT_LOG( 4419): [AddRequestHeader:498] job:SCENE_PCDN_NG:[jobId_279] add header:[ range_from:7030435,cur_download:0 | User-Agent :Youku-ntk;Android;13.0.1.3;Scene4
11-03 17:08:29.989 I/HTTP_KIT_LOG( 4419): Range :bytes=7030435-7161506
11-03 17:08:29.989 I/HTTP_KIT_LOG( 4419): | Add Ip Resolve: 125.94.42.155 ]
11-03 17:08:30.002 I/HTTP_KIT_LOG( 4419): [StopTimer:165] SCENE_PCDN_NG:[jobId_279] stop open timeout timer
11-03 17:08:30.003 E/HTTP_KIT_LOG( 4419): [OnResponse:205] SCENE_PCDN_NG:[jobId_279] OnResponse content-length:131072 of content-type:video/mp4, file-size:14586863
11-03 17:08:30.003 E/HTTP_KIT_LOG( 4419): headers:Content-Range:bytes 7030435-7161506/14586863
11-03 17:08:30.003 E/HTTP_KIT_LOG( 4419): Etag:"F4DBB4AEE471C8B1A119CB2BF7384E85"
11-03 17:08:30.003 E/HTTP_KIT_LOG( 4419): Via:cache22.l2cn2651[95,95,200-0,H], cache23.l2cn2651[95,0], ens-cache16.cn8685[107,131,304-0,M], ens-cache13.cn8685[134,0],cache06.jslianyungang-mp01[0,200-0,H],cache48.jslianyungang-mp01[2,206],cache08.gdgz-ct126[0,200-0,H],cache01.gdgz-ct126[2,206]
11-03 17:08:30.003 I/HTTP_KIT_LOG( 4419): [operator():492] SCENE_PCDN_NG:[jobId_279] notify response
11-03 17:08:30.012 I/HTTP_KIT_LOG( 4419): [operator():463] SCENE_PCDN_NG:[jobId_279] notify complete
11-03 17:08:30.018 I/HTTP_KIT_LOG( 4419): [Close:281] SCENE_PCDN_NG:[jobId_279] Close
11-03 17:08:30.018 I/HTTP_KIT_LOG( 4419): [PrintStr:417] SCENE_PCDN_NG:[jobId_279] ReportStat: {"appconnectTime":94.0,"connectTime":94.0,"dnsTime":1527.0,"downloadSize":131072.0,"downloadTime":25287.0,"error_rtt":-1.0,"firstBTime":17070.0,"firstKBTime":17070.0,"firstMBTime":0.0,"last32KTime":22897.0,"redirectTime":0.0,"speed":5183.37,"starttransferTime":12081.99}
