11-03 17:08:30.020 I/HTTP_KIT_LOG( 4419): [Send:235] SCENE_PCDN_NG:[jobId_280] Send url http://valipl10.cp31.ott.cibntv.net/67756D6080932713CFC02204E/0501100000669B4DCC0467A4424B4B3097ED14-F4B3-466F-B55E-A2D791FCC5D0_video_00026.mp4?ccode=0103010102&duration=6917&expire=18000&psid=491b12ee9f6864cbd87f203b3325d02a42346&ups_client_netip=7157521f&ups_ts=1762160907&ups_userid=1400807978&utid=aQSc5ul7QxsDADFIplqlGPrV&vid=XNTk2NDM1MjEyOA%3D%3D&s=ddbf820df3884e3480f6&iv=1&eo=1&t=9e0de6505e515f1&cug=1&fms=46f28f0c1cdcd5ab&tr=6917&le=dd79ff955e68478725912d3c990803f2&ckt=5&m_onoff=0&rid=20000000BE2C224CE2BDABCB8431FEC525F7F0D702000000&type=cmfv5hd4_hbr_bit10&bc=2&dre=u151&si=573&dst=1&yk_pid=cd719a991a008182&sm=1&operate_type=1&app_key=23299685&app_ver=2131300103&vkey=B01cd54f6aa0df8de861fea6e69680904
11-03 17:08:30.020 I/HTTP_KIT_LOG( 4419): [UpdateConfig:108] SCENE_PCDN_NG:[jobId_280] dump config:Range :bytes=7227043-7358114
11-03 17:08:30.021 I/HTTP_KIT_LOG( 4419): [UpdateUrl:66] use domain valipl10.cp31.ott.cibntv.net
11-03 17:08:30.021 I/HTTP_KIT_LOG( 4419): [InstallTimer:128] SCENE_PCDN_NG:[jobId_280] start open timeout timer=999999
11-03 17:08:30.021 E/HTTP_KIT_LOG( 4419): [Lookup:118] SCENE_PCDN_NG:[jobId_280] SmartDns use cache domain:valipl10.cp31.ott.cibntv.net addrs:125.94.42.155[2],125.94.42.156[1],
11-03 17:08:30.022 I/HTTP_KIT_LOG( 4419): [AddRequestHeader:498] job:SCENE_PCDN_NG:[jobId_280] add header:[ range_from:7227043,cur_download:0 | User-Agent :Youku-ntk;Android;13.0.1.3;Scene4
11-03 17:08:30.022 I/HTTP_KIT_LOG( 4419): Range :bytes=7227043-7358114
11-03 17:08:30.022 I/HTTP_KIT_LOG( 4419): | Add Ip Resolve: 125.94.42.155 ]
11-03 17:08:30.023 I/UsbFfs-monitor( 1361): type=1400 audit(0.0:3722): avc: denied { use } for path="anon_inode:[eventfd]" dev="anon_inodefs" ino=10204 scontext=u:r:su:s0 tcontext=u:r:adbd:s0 tclass=fd permissive=1
11-03 17:08:30.037 I/HTTP_KIT_LOG( 4419): [StopTimer:165] SCENE_PCDN_NG:[jobId_280] stop open timeout timer
11-03 17:08:30.038 I/HTTP_KIT_LOG( 4419): [operator():492] SCENE_PCDN_NG:[jobId_280] notify response
11-03 17:08:30.039 E/HTTP_KIT_LOG( 4419): [OnResponse:205] SCENE_PCDN_NG:[jobId_280] OnResponse content-length:131072 of content-type:video/mp4, file-size:14586863
11-03 17:08:30.039 E/HTTP_KIT_LOG( 4419): headers:Content-Range:bytes 7227043-7358114/14586863
11-03 17:08:30.039 E/HTTP_KIT_LOG( 4419): Etag:"F4DBB4AEE471C8B1A119CB2BF7384E85"
11-03 17:08:30.039 E/HTTP_KIT_LOG( 4419): Via:cache22.l2cn2651[95,95,200-0,H], cache23.l2cn2651[95,0], ens-cache16.cn8685[107,131,304-0,M], ens-cache13.cn8685[134,0],cache06.jslianyungang-mp01[0,200-0,H],cache48.jslianyungang-mp01[2,206],cache08.gdgz-ct126[0,200-0,H],cache01.gdgz-ct126[1,206]
11-03 17:08:30.041 E/DnaLog[hal_opr2_audio][24]( 4419): [ZAUDIO]:CHALOpr2Audio cmdType(1209)
11-03 17:08:30.042 I/libdolbyms12( 461): continuous underrun 5
11-03 17:08:30.049 I/HTTP_KIT_LOG( 4419): [operator():463] SCENE_PCDN_NG:[jobId_280] notify complete
11-03 17:08:30.052 I/HTTP_KIT_LOG( 4419): [Close:281] SCENE_PCDN_NG:[jobId_280] Close
11-03 17:08:30.053 E/DOWNLOADER_LOG( 4419): [NewPCDNDownloadFilter.cpp::SetDownloadComplete:847] filesize is 14586863 data received cost 1920 total cost 1995
11-03 17:08:30.055 I/HTTP_KIT_LOG( 4419): [PrintStr:417] SCENE_PCDN_NG:[jobId_280] ReportStat: {"appconnectTime":227.99,"connectTime":227.0,"dnsTime":190.0,"downloadSize":131072.0,"downloadTime":28281.0,"error_rtt":-1.0,"firstBTime":18404.0,"firstKBTime":18404.0,"firstMBTime":0.0,"last32KTime":26752.0,"redirectTime":0.0,"speed":4634.63,"starttransferTime":13616.99}
11-03 17:08:30.058 I/HTTP_KIT_LOG( 4419): [StopTimer:165] SCENE_PCDN_NG:[jobId_278] stop open timeout timer
11-03 17:08:30.058 I/HTTP_KIT_LOG( 4419): [operator():492] SCENE_PCDN_NG:[jobId_278] notify response
11-03 17:08:30.059 E/DnaLog[VideoConsumer][24]( 4419): [DNAEvent_Abnormal:AVUnsync]av Unsync happened diff:-1480096, videoPts(334500000), clockTime(333019904), mAVUnsyncCount(1), mMaxUnsyncInterval:600000
11-03 17:08:30.062 E/HTTP_KIT_LOG( 4419): [OnResponse:205] SCENE_PCDN_NG:[jobId_278] OnResponse content-length:12336 of content-type:video/mp4, file-size:355528
11-03 17:08:30.062 E/HTTP_KIT_LOG( 4419): headers:Content-Range:bytes 0-12335/355528
11-03 17:08:30.062 E/HTTP_KIT_LOG( 4419): Etag:"DCE48605D27695A474244716BC23A0D8"
11-03 17:08:30.062 E/HTTP_KIT_LOG( 4419): Via:cache34.l2cn1802[0,18,200-0,H], cache28.l2cn1802[20,0], vcache3.cn6923[56,56,304-0,M], vcache3.cn6923[59,0],cache37.nmhuhehaote-mp01[21,200-0,H],cache11.nmhuhehaote-mp01[23,206],cache05.gdgz-ct126[66,200-0,M],cache10.gdgz-ct126[68,206]
11-03 17:08:30.065 I/HTTP_KIT_LOG( 4419): [operator():463] SCENE_PCDN_NG:[jobId_278] notify complete
11-03 17:08:30.067 I/HTTP_KIT_LOG( 4419): [Close:281] SCENE_PCDN_NG:[jobId_278] Close
11-03 17:08:30.067 E/DOWNLOADER_LOG( 4419): [NewPCDNDownloadFilter.cpp::SetDownloadComplete:847] filesize is 512200 data received cost 1556 total cost 1755
11-03 17:08:30.069 I/HTTP_KIT_LOG( 4419): [PrintStr:417] SCENE_PCDN_NG:[jobId_278] ReportStat: {"appconnectTime":317.0,"connectTime":317.0,"dnsTime":472.0,"downloadSize":12336.0,"downloadTime":90466.0,"error_rtt":-1.0,"firstBTime":88029.0,"firstKBTime":88029.0,"firstMBTime":0.0,"last32KTime":0.0,"redirectTime":0.0,"speed":136.36,"starttransferTime":76584.0}
11-03 17:08:30.099 E/ottp_sdk_MediaPlayerWrapper[199526324][state:4][XNTk2NDM1MjEyOA==+24+1762160907852]( 4419): onInfoExtend: TYPE_MSG_RENDERTIMEOUT_VIDEO
11-03 17:08:30.100 E/ottp_sdk_VpmLogManager( 4419): onPlayerDataUpdate : {VideoRToCnt=0, AVUnsyncCount=2}
11-03 17:08:30.148 E/DOWNLOADER_LOG( 4419): [NewPCDNDownloadFilter.cpp::Read:770] [tunnel:25][stream_id:88][player_id:24][63]read eof 14586863totalsize:14586863
11-03 17:08:30.149 E/DOWNLOADER_LOG( 4419): [NewPCDNDownloadFilter.cpp::ReportLastInfo:978] [tunnel:25][stream_id:88][player_id:24][63]pcdn excInfo:out_pcdn>0^out_ec>40012^pcdn_ng_crc>0^pcdn_ng_cdn>1^pcdn_ng_range>0--1^pcdn_ng_size>14586863^dp1>228^dp2>24^dp3>0^ep1>0^ep2>0^ep3>0^dw_bytes>6291456
11-03 17:08:30.150 F/[PCDN_NG]( 4419): [reader.cpp::access_log_commit:453] T_access utdid:did[59]sid[63]uno[26] content:
11-03 17:08:30.150 E/[PCDN_NG]( 4419): [reader.cpp::access_log_commit:453] T_access utdid:did[59]sid[63]uno[26] content:
11-03 17:08:30.150 F/[PCDN_NG]( 4419): {"peer_id":"300000017BFFB69425639CDB7D8DBFDCBF8B06E2","utdid":"aQSc5ul7QxsDADFIplqlGPrV","version":"10.25.2.4140","proxy_type":"12","server_type":"1","dnsType":"","did":"59","sid":"63","index":"26","file_size":"14586863","content_length":"14586863","body_send":"14586863","out_byte":"14586863","downloaded":"14586863","play_time":"1994","speed":"7315","completed_":"1","pcdn_reader_start_ts":"1762160908059","pcdn_determine_t1_ts":"1762160908064","pcdn_send_complete_ts":"1762160910053","ttfb":"0","request_range":"0--1","offset":"0","rid":"20000000BE2C224CE2BDABCB8431FEC525F7F0D702000000","time_stamp":"1762160910150","cdn_url":"http://valipl10.cp31.ott.cibntv.net/67756D6080932713CFC02204E/0501100000669B4DCC0467A4424B4B3097ED14-F4B3-466F-B55E-A2D791FCC5D0_video_00026.mp4?ccode=0103010102&duration=6917&expire=18000&psid=491b12ee9f6864cbd87f203b3325d02a42346&ups_client_netip=7157521f&ups_ts=1762160907&ups_userid=1400807978&utid=aQSc5ul7QxsDADFIplqlGPrV&vid=XNTk2NDM1MjEyOA%3D%3D&s=ddbf820df3884e3480f6&iv=1&eo=1&t=9e0
11-03 17:08:30.151 E/[PCDN_NG]( 4419): {"peer_id":"300000017BFFB69425639CDB7D8DBFDCBF8B06E2","utdid":"aQSc5ul7QxsDADFIplqlGPrV","version":"10.25.2.4140","proxy_type":"12","server_type":"1","dnsType":"","did":"59","sid":"63","index":"26","file_size":"14586863","content_length":"14586863","body_send":"14586863","out_byte":"14586863","downloaded":"14586863","play_time":"1994","speed":"7315","completed_":"1","pcdn_reader_start_ts":"1762160908059","pcdn_determine_t1_ts":"1762160908064","pcdn_send_complete_ts":"1762160910053","ttfb":"0","request_range":"0--1","offset":"0","rid":"20000000BE2C224CE2BDABCB8431FEC525F7F0D702000000","time_stamp":"1762160910150","cdn_url":"http://valipl10.cp31.ott.cibntv.net/67756D6080932713CFC02204E/0501100000669B4DCC0467A4424B4B3097ED14-F4B3-466F-B55E-A2D791FCC5D0_video_00026.mp4?ccode=0103010102&duration=6917&expire=18000&psid=491b12ee9f6864cbd87f203b3325d02a42346&ups_client_netip=7157521f&ups_ts=1762160907&ups_userid=1400807978&utid=aQSc5ul7QxsDADFIplqlGPrV&vid=XNTk2NDM1MjEyOA%3D%3D&s=ddbf820df3884e3480f6&iv=1&eo=1&t=9e0de6505e515f1&cug=1&fms=46f28f0c1cdcd5ab&tr=6917&le=dd79ff955e68478725912d3c990803f2&ckt=5&m_onoff=0&rid=20000000BE2C224CE2BDABCB8431FEC525F7F0D702000000&type=cmfv5hd4_hbr_bit10&bc=2&dre=u151&si=573&dst=1&yk_pid=cd719a991a008182&sm=1&operate_type=1&app_key=23299685&app_ver=2131300103&vkey=B01cd54f6aa0df8de861fea6e69680904","domain":"valipl10.cp31.ott.cibntv.net","ctl_cost_time":"0","ips":"125.94.42.155","t1_down_spy":"14942208","t2_down_spy":"0","t3_down_spy":"0","t31_down_spy":"0","from_beat":"1","cdn_detail":"did[59]sid[63]uno[26][11#70][11#70-11#153]task:url_no:26offset:26439346length:47453,url_no:27offset:0length:5457571,did[59]sid[63]uno[26][11#154][11#184-12#4]task:url_no:26offset:7423651length:5046272,did[59]sid[63]uno[26][11#167][12#5-12#65]task:url_no:26offset:12469923length:2116940,url_no:27offset:0length:1880756,did[59]sid[63]uno[26][11#167][11#167-11#167]task:url_no:26offset:6309539length:65536,did[59]sid[63]uno[26][11#174][11#174-11#174]task:url_no:2
11-03 17:08:30.151 F/[PCDN_NG]( 4419): 6offset:6768291length:65536,did[59]sid[63]uno[26][11#178][11#178-11#179]task:url_no:26offset:7030435length:131072,did[59]sid[63]uno[26][11#181][11#181-11#182]task:url_no:26offset:7227043length:131072,","p2p_detail":"did[59]sid[63]uno[26][11#154-11#183]task:from:T2","controller":"1,1,1,1,1,1,1,1,1,1,","cdn_reason":"","p2p_reason":"","out_pcdn_reason":"40012","down_id":"[11#182]","read_id":"[11#182]","down_buffer":"2719","playable_zone":"1640","play_speed":"1.000000","error_code":"0","ntk_last_report":"@BizType>pcdn_ng^yecs_downgrade>0^tcp_info>^yecs_list>^transfer_speeds>^strategyList>^hostIpList>125.94.42.155[2],125.94.42.156[1]^effectiveUrl>^header>Server%3ATengine-HSY%0AContent-Type%3Avideo%2Fmp4%0AContent-Length%3A131072%0AVia%3Acache22.l2cn2651%5B95%2C95%2C200-0%2CH%5D%2C%20cache23.l2cn2651%5B95%2C0%5D%2C%20ens-cache16.cn8685%5B107%2C131%2C304-0%2CM%5D%2C%20ens-cache13.cn8685%5B134%2C0%5D%2Ccache06.jslianyungang-mp01%5B0%2C200-0%2CH%5D%2Ccache48.jslianyungang-mp01%5B2%2C206%5D%2Ccache08.gdgz-ct126%5B0%2C
11-03 17:08:30.151 E/[PCDN_NG]( 4419): 6offset:6768291length:65536,did[59]sid[63]uno[26][11#178][11#178-11#179]task:url_no:26offset:7030435length:131072,did[59]sid[63]uno[26][11#181][11#181-11#182]task:url_no:26offset:7227043length:131072,","p2p_detail":"did[59]sid[63]uno[26][11#154-11#183]task:from:T2","controller":"1,1,1,1,1,1,1,1,1,1,","cdn_reason":"","p2p_reason":"","out_pcdn_reason":"40012","down_id":"[11#182]","read_id":"[11#182]","down_buffer":"2719","playable_zone":"1640","play_speed":"1.000000","error_code":"0","ntk_last_report":"@BizType>pcdn_ng^yecs_downgrade>0^tcp_info>^yecs_list>^transfer_speeds>^strategyList>^hostIpList>125.94.42.155[2],125.94.42.156[1]^effectiveUrl>^header>Server%3ATengine-HSY%0AContent-Type%3Avideo%2Fmp4%0AContent-Length%3A131072%0AVia%3Acache22.l2cn2651%5B95%2C95%2C200-0%2CH%5D%2C%20cache23.l2cn2651%5B95%2C0%5D%2C%20ens-cache16.cn8685%5B107%2C131%2C304-0%2CM%5D%2C%20ens-cache13.cn8685%5B134%2C0%5D%2Ccache06.jslianyungang-mp01%5B0%2C200-0%2CH%5D%2Ccache48.jslianyungang-mp01%5B2%2C206%5D%2Ccache08.gdgz-ct126%5B0%2C200-0%2CH%5D%2Ccache01.gdgz-ct126%5B1%2C206%5D%0AX-Cache%3AHIT%20TCP_MEM_HIT%0AContent-Range%3Abytes%207227043-7358114%2F14586863%0A^error_rtt>-1^firstBTime>18404^speed>4634.6^dnsType>2^httpCode>206^errorCodeList>0^yecs_error_codes>^cdnIp>125.94.42.155[2]^downloadSize>1.3107e+05^url>^connectTime>227","down_id_from":"2","down_id_duration":"1.406000","crc":"0"}
11-03 17:08:30.151 E/DOWNLOADER_LOG( 4419): [RetryableStream.cpp::Read:1229] [tunnel:25][stream_id:88][24] internalRead level:1, downgrade switch:0, stream time out:0, result:5, result size:0
11-03 17:08:30.152 E/DOWNLOADER_LOG( 4419): [RetryableStream.cpp::Read:1269] [tunnel:25][stream_id:88][24] read result:5, second:5, level:1, size:0, packet size:45748, hash:0, offset:14586863, hsoffset:0, heoffset:0, vid:(null), file:0501100000669B4DCC0467A4424B4B3097ED14-F4B3-466F-B55E-A2D791FCC5D0_video_00026, internal duration:3, duration:4
11-03 17:08:30.153 W/YKABRLog[[ABR]]( 4419): CABRStrategy::setExternalSpeedValue 3855029 Bps, limit (0, 125000000], use external speed 1
11-03 17:08:30.155 E/DOWNLOADER_LOG( 4419): [RetryableStream.cpp::Open:924] [tunnel:25][stream_id:91][24] RetryableStream open url:http://valipl10.cp31.ott.cibntv.net/67756D6080932713CFC02204E/0501100000669B4DCC0467A4424B4B3097ED14-F4B3-466F-B55E-A2D791FCC5D0_video_00027.mp4?ccode=0103010102&duration=6917&expire=18000&psid=491b12ee9f6864cbd87f203b3325d02a42346&ups_client_netip=7157521f&ups_ts=1762160907&ups_userid=1400807978&utid=aQSc5ul7QxsDADFIplqlGPrV&vid=XNTk2NDM1MjEyOA%3D%3D&s=ddbf820df3884e3480f6&iv=1&eo=1&t=9e0de6505e515f1&cug=1&fms=46f28f0c1cdcd5ab&tr=6917&le=dd79ff955e68478725912d3c990803f2&ckt=5&m_onoff=0&rid=20000000BE2C224CE2BDABCB8431FEC525F7F0D702000000&type=cmfv5hd4_hbr_bit10&bc=2&dre=u151&si=573&dst=1&yk_pid=cd719a991a008182&sm=1&operate_type=1&app_key=23299685&app_ver=2131300103&vkey=Bf4cbe52decc0cb11ea049bed1fce280d&pcdn_did=59&pcdn_url_no=27, need trace:0, default_pack_size:32768
11-03 17:08:30.155 E/DOWNLOADER_LOG( 4419): [CacheWriter.cpp::AcquireDataStore:705] AcquireDataStore,miss cache:0501100000669B4DCC0467A4424B4B3097ED14-F4B3-466F-B55E-A2D791FCC5D0_video_00027
11-03 17:08:30.155 E/DOWNLOADER_LOG( 4419): [CacheDownloadFilter.cpp::ShouldRespond:111] memory data store:nullptr
11-03 17:08:30.156 E/DOWNLOADER_LOG( 4419): [NewPCDNDownloadFilter.cpp::ShouldRespond:340] [playerid:24] isFreeFlow=0 url=http://valipl10.cp31.ott.cibntv.net/67756D6080932713CFC02204E/0501100000669B4DCC0467A4424B4B3097ED14-F4B3-466F-B55E-A2D791FCC5D0_video_00027.mp4?ccode=0103010102&duration=6917&expire=18000&psid=491b12ee9f6864cbd87f203b3325d02a42346&ups_client_netip=7157521f&ups_ts=1762160907&ups_userid=1400807978&utid=aQSc5ul7QxsDADFIplqlGPrV&vid=XNTk2NDM1MjEyOA%3D%3D&s=ddbf820df3884e3480f6&iv=1&eo=1&t=9e0de6505e515f1&cug=1&fms=46f28f0c1cdcd5ab&tr=6917&le=dd79ff955e68478725912d3c990803f2&ckt=5&m_onoff=0&rid=20000000BE2C224CE2BDABCB8431FEC525F7F0D702000000&type=cmfv5hd4_hbr_bit10&bc=2&dre=u151&si=573&dst=1&yk_pid=cd719a991a008182&sm=1&operate_type=1&app_key=23299685&app_ver=2131300103&vkey=Bf4cbe52decc0cb11ea049bed1fce280d&pcdn_did=59&pcdn_url_no=27
11-03 17:08:30.157 E/DOWNLOADER_LOG( 4419): [RetryableStream.cpp::operator():1999] [tunnel:25][stream_id:91]FLOWRATE-> MonitorHook OnOpen curl_level: 1
11-03 17:08:30.158 E/DOWNLOADER_LOG( 4419): [NewPCDNDownloadFilter.cpp::UpdateRequestSize:1017] [tunnel:25][stream_id:91][player_id:24][65][65]size:10089637
11-03 17:08:30.158 E/DOWNLOADER_LOG( 4419): [RetryableStream.cpp::operator():1048] [tunnel:25][stream_id:91][24] open uri:http://valipl10.cp31.ott.cibntv.net/67756D6080932713CFC02204E/0501100000669B4DCC0467A4424B4B3097ED14-F4B3-466F-B55E-A2D791FCC5D0_video_00027.mp4?ccode=0103010102&duration=6917&expire=18000&psid=491b12ee9f6864cbd87f203b3325d02a42346&ups_client_netip=7157521f&ups_ts=1762160907&ups_userid=1400807978&utid=aQSc5ul7QxsDADFIplqlGPrV&vid=XNTk2NDM1MjEyOA%3D%3D&s=ddbf820df3884e3480f6&iv=1&eo=1&t=9e0de6505e515f1&cug=1&fms=46f28f0c1cdcd5ab&tr=6917&le=dd79ff955e68478725912d3c990803f2&ckt=5&m_onoff=0&rid=20000000BE2C224CE2BDABCB8431FEC525F7F0D702000000&type=cmfv5hd4_hbr_bit10&bc=2&dre=u151&si=573&dst=1&yk_pid=cd719a991a008182&sm=1&operate_type=1&app_key=23299685&app_ver=2131300103&vkey=Bf4cbe52decc0cb11ea049bed1fce280d&pcdn_did=59&pcdn_url_no=27 with level 1, result:0
11-03 17:08:30.158 E/DOWNLOADER_LOG( 4419): [RetryableStream.cpp::Open:1185] [tunnel:25][stream_id:91][24] retryable stream done with uri:http://valipl10.cp31.ott.cibntv.net/67756D6080932713CFC02204E/0501100000669B4DCC0467A4424B4B3097ED14-F4B3-466F-B55E-A2D791FCC5D0_video_00027.mp4?ccode=0103010102&duration=6917&expire=18000&psid=491b12ee9f6864cbd87f203b3325d02a42346&ups_client_netip=7157521f&ups_ts=1762160907&ups_userid=1400807978&utid=aQSc5ul7QxsDADFIplqlGPrV&vid=XNTk2NDM1MjEyOA%3D%3D&s=ddbf820df3884e3480f6&iv=1&eo=1&t=9e0de6505e515f1&cug=1&fms=46f28f0c1cdcd5ab&tr=6917&le=dd79ff955e68478725912d3c990803f2&ckt=5&m_onoff=0&rid=20000000BE2C224CE2BDABCB8431FEC525F7F0D702000000&type=cmfv5hd4_hbr_bit10&bc=2&dre=u151&si=573&dst=1&yk_pid=cd719a991a008182&sm=1&operate_type=1&app_key=23299685&app_ver=2131300103&vkey=Bf4cbe52decc0cb11ea049bed1fce280d&pcdn_did=59&pcdn_url_no=27 with level 1, result:0
11-03 17:08:30.159 E/DnaLog[SourceParserCmafSub][24]( 4419): [SubType:1] YKStreamMsgCB MSG_DATASOURCE_READ_SEGMENT_START, SeqNumber:28, GearIndex:-1, StreamType:
11-03 17:08:30.159 E/DOWNLOADER_LOG( 4419): [RetryableStream.cpp::Close:1348] [tunnel:25][stream_id:88][KeyFlow] close stream [cdn_ip:125.94.42.155][url:http://valipl10.cp31.ott.cibntv.net/67756D6080932713CFC02204E/0501100000669B4DCC0467A4424B4B3097ED14-F4B3-466F-B55E-A2D791FCC5D0_video_00026.mp4?ccode=0103010102&duration=6917&expire=18000&psid=491b12ee9f6864cbd87f203b3325d02a42346&ups_client_netip=7157521f&ups_ts=1762160907&ups_userid=1400807978&utid=aQSc5ul7QxsDADFIplqlGPrV&vid=XNTk2NDM1MjEyOA%3D%3D&s=ddbf820df3884e3480f6&iv=1&eo=1&t=9e0de6505e515f1&cug=1&fms=46f28f0c1cdcd5ab&tr=6917&le=dd79ff955e68478725912d3c990803f2&ckt=5&m_onoff=0&rid=20000000BE2C224CE2BDABCB8431FEC525F7F0D702000000&type=cmfv5hd4_hbr_bit10&bc=2&dre=u151&si=573&dst=1&yk_pid=cd719a991a008182&sm=1&operate_type=1&app_key=23299685&app_ver=2131300103&vkey=B01cd54f6aa0df8de861fea6e69680904&pcdn_did=59&pcdn_url_no=26]
11-03 17:08:30.159 E/DOWNLOADER_LOG( 4419): [RetryableStream.cpp::Close:1382] [tunnel:25][stream_id:88]tunnelstat:b0>0^b1>0^b2>0^b3>0^b1r>0^b3r>0^pcdn>
11-03 17:08:30.160 E/DOWNLOADER_LOG( 4419): [NewPCDNDownloadFilter.cpp::Close:820] [tunnel:25][stream_id:88][player_id:24][63]Close size:14586863totalSize:14586863
11-03 17:08:30.165 I/HTTP_KIT_LOG( 4419): [Send:235] SCENE_PCDN_NG:[jobId_281] Send url http://valipl10.cp31.ott.cibntv.net/67756D6080932713CFC02204E/0501100000669B4DCC0467A4424B4B3097ED14-F4B3-466F-B55E-A2D791FCC5D0_video_00027.mp4?ccode=0103010102&duration=6917&expire=18000&psid=491b12ee9f6864cbd87f203b3325d02a42346&ups_client_netip=7157521f&ups_ts=1762160907&ups_userid=1400807978&utid=aQSc5ul7QxsDADFIplqlGPrV&vid=XNTk2NDM1MjEyOA%3D%3D&s=ddbf820df3884e3480f6&iv=1&eo=1&t=9e0de6505e515f1&cug=1&fms=46f28f0c1cdcd5ab&tr=6917&le=dd79ff955e68478725912d3c990803f2&ckt=5&m_onoff=0&rid=20000000BE2C224CE2BDABCB8431FEC525F7F0D702000000&type=cmfv5hd4_hbr_bit10&bc=2&dre=u151&si=573&dst=1&yk_pid=cd719a991a008182&sm=1&operate_type=1&app_key=23299685&app_ver=2131300103&vkey=Bf4cbe52decc0cb11ea049bed1fce280d
11-03 17:08:30.166 I/HTTP_KIT_LOG( 4419): [UpdateConfig:108] SCENE_PCDN_NG:[jobId_281] dump config:Range :bytes=1880756-3322547
11-03 17:08:30.166 I/HTTP_KIT_LOG( 4419): [UpdateUrl:66] use domain valipl10.cp31.ott.cibntv.net
11-03 17:08:30.167 I/HTTP_KIT_LOG( 4419): [InstallTimer:128] SCENE_PCDN_NG:[jobId_281] start open timeout timer=999999
11-03 17:08:30.167 E/HTTP_KIT_LOG( 4419): [Lookup:118] SCENE_PCDN_NG:[jobId_281] SmartDns use cache domain:valipl10.cp31.ott.cibntv.net addrs:125.94.42.155[2],125.94.42.156[1],
11-03 17:08:30.167 I/HTTP_KIT_LOG( 4419): [AddRequestHeader:498] job:SCENE_PCDN_NG:[jobId_281] add header:[ range_from:1880756,cur_download:0 | User-Agent :Youku-ntk;Android;13.0.1.3;Scene4
11-03 17:08:30.167 I/HTTP_KIT_LOG( 4419): Range :bytes=1880756-3322547
11-03 17:08:30.167 I/HTTP_KIT_LOG( 4419): | Add Ip Resolve: 125.94.42.155 ]
11-03 17:08:30.170 E/Firebrick( 4419): get cookie, disable web view cookies.
11-03 17:08:30.174 E/DOWNLOADER_LOG( 4419): [NewPCDNDownloadFilter.cpp::Read:770] [tunnel:25][stream_id:90][player_id:24][64]read eof 512200totalsize:512200
11-03 17:08:30.174 E/DOWNLOADER_LOG( 4419): [NewPCDNDownloadFilter.cpp::ReportLastInfo:978] [tunnel:25][stream_id:90][player_id:24][64]pcdn excInfo:out_pcdn>0^out_ec>40012^pcdn_ng_crc>0^pcdn_ng_cdn>1^pcdn_ng_range>0--1^pcdn_ng_size>512200^dp1>9^dp2>11^dp3>0^ep1>0^ep2>0^ep3>0^dw_bytes>6291456
11-03 17:08:30.174 E/DOWNLOADER_LOG( 4419): [RetryableStream.cpp::Read:1229] [tunnel:25][stream_id:90][24] internalRead level:1, downgrade switch:0, stream time out:0, result:5, result size:0
11-03 17:08:30.175 E/DOWNLOADER_LOG( 4419): [RetryableStream.cpp::Read:1269] [tunnel:25][stream_id:90][24] read result:5, second:5, level:1, size:0, packet size:65536, hash:0, offset:512200, hsoffset:0, heoffset:0, vid:(null), file:0501550000656DA7255A99E7C14A78CB7B1E11-3353-4F66-8934-CE3FA28A1B64_audio_00026, internal duration:0, duration:0
11-03 17:08:30.175 F/[PCDN_NG]( 4419): [reader.cpp::access_log_commit:453] T_access utdid:did[61]sid[64]uno[26] content:
11-03 17:08:30.175 E/[PCDN_NG]( 4419): [reader.cpp::access_log_commit:453] T_access utdid:did[61]sid[64]uno[26] content:
11-03 17:08:30.176 W/YKABRLog[[ABR]]( 4419): CABRStrategy::setExternalSpeedValue 461514 Bps, limit (0, 125000000], use external speed 1
11-03 17:08:30.176 F/[PCDN_NG]( 4419): {"peer_id":"300000017BFFB69425639CDB7D8DBFDCBF8B06E2","utdid":"aQSc5ul7QxsDADFIplqlGPrV","version":"10.25.2.4140","proxy_type":"12","server_type":"1","dnsType":"","did":"61","sid":"64","index":"26","file_size":"512200","content_length":"512200","body_send":"512200","out_byte":"512200","downloaded":"512200","play_time":"1755","speed":"291","completed_":"1","pcdn_reader_start_ts":"1762160908312","pcdn_determine_t1_ts":"1762160908314","pcdn_send_complete_ts":"1762160910067","ttfb":"0","request_range":"0--1","offset":"0","rid":"2000000066947585B0D6C420FA083B898B4704DA02000000","time_stamp":"1762160910175","cdn_url":"http://valipl10.cp31.ott.cibntv.net/6774C0EC7BA4E723F1D2743A9/0501550000656DA7255A99E7C14A78CB7B1E11-3353-4F66-8934-CE3FA28A1B64_audio_00026.mp4?ccode=0103010102&duration=0&expire=18000&psid=491b12ee9f6864cbd87f203b3325d02a42346&ups_client_netip=7157521f&ups_ts=1762160907&ups_userid=1400807978&apscid=&mnid=&rid=2000000066947585B0D6C420FA083B898B4704DA02000000&operate_type=1&umt=1&type=cmfa4hd3_51&uti
11-03 17:08:30.176 E/[PCDN_NG]( 4419): {"peer_id":"300000017BFFB69425639CDB7D8DBFDCBF8B06E2","utdid":"aQSc5ul7QxsDADFIplqlGPrV","version":"10.25.2.4140","proxy_type":"12","server_type":"1","dnsType":"","did":"61","sid":"64","index":"26","file_size":"512200","content_length":"512200","body_send":"512200","out_byte":"512200","downloaded":"512200","play_time":"1755","speed":"291","completed_":"1","pcdn_reader_start_ts":"1762160908312","pcdn_determine_t1_ts":"1762160908314","pcdn_send_complete_ts":"1762160910067","ttfb":"0","request_range":"0--1","offset":"0","rid":"2000000066947585B0D6C420FA083B898B4704DA02000000","time_stamp":"1762160910175","cdn_url":"http://valipl10.cp31.ott.cibntv.net/6774C0EC7BA4E723F1D2743A9/0501550000656DA7255A99E7C14A78CB7B1E11-3353-4F66-8934-CE3FA28A1B64_audio_00026.mp4?ccode=0103010102&duration=0&expire=18000&psid=491b12ee9f6864cbd87f203b3325d02a42346&ups_client_netip=7157521f&ups_ts=1762160907&ups_userid=1400807978&apscid=&mnid=&rid=2000000066947585B0D6C420FA083B898B4704DA02000000&operate_type=1&umt=1&type=cmfa4hd3_51&utid=aQSc5ul7QxsDADFIplqlGPrV&vid=XNTk2NDM1MjEyOA%3D%3D&s=ddbf820df3884e3480f6&iv=1&t=9e0de6505e515f2&cug=2&bc=2&si=583&eo=1&ykfs=512200&ckt=5&m_onoff=0&vkey=B84a72b2b882da944f90679001f8d4159&fms=4c06aa114c65e8a2&tr=6902&le=2c4b8f25669fb0fc0813ebfb36f1d46e&yk_pid=cd719a991a008182&app_key=23299685&app_ver=2131300103","domain":"pl.cp31.ott.cibntv.net","ctl_cost_time":"0","ips":"125.94.42.155","t1_down_spy":"589824","t2_down_spy":"0","t3_down_spy":"0","t31_down_spy":"0","from_beat":"1","cdn_detail":"did[61]sid[64]uno[26][1#154][1#154-1#161]task:url_no:26offset:457152length:65288,url_no:27offset:0length:459000,did[61]sid[64]uno[26][1#162][1#162-1#162]task:url_no:26offset:459000length:53200,url_no:27offset:0length:12336,","p2p_detail":"did[61]sid[64]uno[26][1#162-1#173]task:from:T2","controller":"1,123,123,123,123,123,123,1,1,1,","cdn_reason":"","p2p_reason":"","out_pcdn_reason":"40012","down_id":"[1#162]","read_id":"[1#162]","down_buffer":"1640","playable_zone":"1640",
11-03 17:08:30.177 F/[PCDN_NG]( 4419): "play_speed":"1.000000","error_code":"0","ntk_last_report":"@BizType>pcdn_ng^yecs_downgrade>0^tcp_info>^yecs_list>^transfer_speeds>^strategyList>^hostIpList>125.94.42.155[2],125.94.42.156[1]^effectiveUrl>^header>Server%3ATengine-HSY%0AContent-Type%3Avideo%2Fmp4%0AContent-Length%3A12336%0AVia%3Acache34.l2cn1802%5B0%2C18%2C200-0%2CH%5D%2C%20cache28.l2cn1802%5B20%2C0%5D%2C%20vcache3.cn6923%5B56%2C56%2C304-0%2CM%5D%2C%20vcache3.cn6923%5B59%2C0%5D%2Ccache37.nmhuhehaote-mp01%5B21%2C200-0%2CH%5D%2Ccache11.nmhuhehaote-mp01%5B23%2C206%5D%2Ccache05.gdgz-ct126%5B66%2C200-0%2CM%5D%2Ccache10.gdgz-ct126%5B68%2C206%5D%0AX-Cache%3AMISS%0AContent-Range%3Abytes%200-12335%2F355528%0A^error_rtt>-1^firstBTime>88029^speed>136.36^dnsType>2^httpCode>206^errorCodeList>0^yecs_error_codes>^cdnIp>125.94.42.155[2]^downloadSize>12336^url>^connectTime>317","down_id_from":"2","down_id_duration":"1.411000","crc":"0"}
11-03 17:08:30.177 E/[PCDN_NG]( 4419): "play_speed":"1.000000","error_code":"0","ntk_last_report":"@BizType>pcdn_ng^yecs_downgrade>0^tcp_info>^yecs_list>^transfer_speeds>^strategyList>^hostIpList>125.94.42.155[2],125.94.42.156[1]^effectiveUrl>^header>Server%3ATengine-HSY%0AContent-Type%3Avideo%2Fmp4%0AContent-Length%3A12336%0AVia%3Acache34.l2cn1802%5B0%2C18%2C200-0%2CH%5D%2C%20cache28.l2cn1802%5B20%2C0%5D%2C%20vcache3.cn6923%5B56%2C56%2C304-0%2CM%5D%2C%20vcache3.cn6923%5B59%2C0%5D%2Ccache37.nmhuhehaote-mp01%5B21%2C200-0%2CH%5D%2Ccache11.nmhuhehaote-mp01%5B23%2C206%5D%2Ccache05.gdgz-ct126%5B66%2C200-0%2CM%5D%2Ccache10.gdgz-ct126%5B68%2C206%5D%0AX-Cache%3AMISS%0AContent-Range%3Abytes%200-12335%2F355528%0A^error_rtt>-1^firstBTime>88029^speed>136.36^dnsType>2^httpCode>206^errorCodeList>0^yecs_error_codes>^cdnIp>125.94.42.155[2]^downloadSize>12336^url>^connectTime>317","down_id_from":"2","down_id_duration":"1.411000","crc":"0"}
11-03 17:08:30.178 I/HTTP_KIT_LOG( 4419): [StopTimer:165] SCENE_PCDN_NG:[jobId_281] stop open timeout timer
11-03 17:08:30.179 E/DnaLog[player_monitor][24]( 4419): CPlayerMonitor:: media duration(6917374)!
11-03 17:08:30.180 E/DnaLog[player_monitor][24]( 4419): change audio hal [0x0] -> [0x9f658590]
11-03 17:08:30.186 I/HTTP_KIT_LOG( 4419): [operator():492] SCENE_PCDN_NG:[jobId_281] notify response
11-03 17:08:30.187 E/HTTP_KIT_LOG( 4419): [OnResponse:205] SCENE_PCDN_NG:[jobId_281] OnResponse content-length:1441792 of content-type:video/mp4, file-size:10089637
11-03 17:08:30.187 E/HTTP_KIT_LOG( 4419): headers:Content-Range:bytes 1880756-3322547/10089637
11-03 17:08:30.187 E/HTTP_KIT_LOG( 4419): Etag:"B5506E4301B3605DD6B3E2AB0268CE12"
11-03 17:08:30.187 E/HTTP_KIT_LOG( 4419): Via:ens-cache15.l2cn7146[0,0,304-0,H], ens-cache40.l2cn7146[2,0], ens-cache40.l2cn7146[2,0], ens-cache26.cn8704[48,90,304-0,H], ens-cache18.cn8704[94,0],cache23.hnchangsha-mp02[0,200-0,H],cache33.hnchangsha-mp02[1,206],cache05.gdgz-ct126[0,200-0,H],cache01.gdgz-ct126[1,206]
11-03 17:08:30.190 E/DOWNLOADER_LOG( 4419): [RetryableStream.cpp::Open:924] [tunnel:25][stream_id:92][24] RetryableStream open url:http://valipl10.cp31.ott.cibntv.net/6774C0ECEEE3971A243BF43B3/0501550000656DA7255A99E7C14A78CB7B1E11-3353-4F66-8934-CE3FA28A1B64_audio_00027.mp4?ccode=0103010102&duration=0&expire=18000&psid=491b12ee9f6864cbd87f203b3325d02a42346&ups_client_netip=7157521f&ups_ts=1762160907&ups_userid=1400807978&apscid=&mnid=&rid=2000000066947585B0D6C420FA083B898B4704DA02000000&operate_type=1&umt=1&type=cmfa4hd3_51&utid=aQSc5ul7QxsDADFIplqlGPrV&vid=XNTk2NDM1MjEyOA%3D%3D&s=ddbf820df3884e3480f6&iv=1&t=9e0de6505e515f2&cug=2&bc=2&si=583&eo=1&ykfs=355528&ckt=5&m_onoff=0&vkey=B5a9b40dfef499328e464d4de33c15978&fms=4c06aa114c65e8a2&tr=6902&le=2c4b8f25669fb0fc0813ebfb36f1d46e&yk_pid=cd719a991a008182&app_key=23299685&app_ver=2131300103&pcdn_did=61&pcdn_url_no=27, need trace:0, default_pack_size:32768
11-03 17:08:30.190 E/DOWNLOADER_LOG( 4419): [CacheWriter.cpp::AcquireDataStore:705] AcquireDataStore,miss cache:0501550000656DA7255A99E7C14A78CB7B1E11-3353-4F66-8934-CE3FA28A1B64_audio_00027
11-03 17:08:30.190 E/DOWNLOADER_LOG( 4419): [CacheDownloadFilter.cpp::ShouldRespond:111] memory data store:nullptr
11-03 17:08:30.191 E/DOWNLOADER_LOG( 4419): [NewPCDNDownloadFilter.cpp::ShouldRespond:340] [playerid:24] isFreeFlow=0 url=http://valipl10.cp31.ott.cibntv.net/6774C0ECEEE3971A243BF43B3/0501550000656DA7255A99E7C14A78CB7B1E11-3353-4F66-8934-CE3FA28A1B64_audio_00027.mp4?ccode=0103010102&duration=0&expire=18000&psid=491b12ee9f6864cbd87f203b3325d02a42346&ups_client_netip=7157521f&ups_ts=1762160907&ups_userid=1400807978&apscid=&mnid=&rid=2000000066947585B0D6C420FA083B898B4704DA02000000&operate_type=1&umt=1&type=cmfa4hd3_51&utid=aQSc5ul7QxsDADFIplqlGPrV&vid=XNTk2NDM1MjEyOA%3D%3D&s=ddbf820df3884e3480f6&iv=1&t=9e0de6505e515f2&cug=2&bc=2&si=583&eo=1&ykfs=355528&ckt=5&m_onoff=0&vkey=B5a9b40dfef499328e464d4de33c15978&fms=4c06aa114c65e8a2&tr=6902&le=2c4b8f25669fb0fc0813ebfb36f1d46e&yk_pid=cd719a991a008182&app_key=23299685&app_ver=2131300103&pcdn_did=61&pcdn_url_no=27
11-03 17:08:30.196 E/DOWNLOADER_LOG( 4419): [RetryableStream.cpp::operator():1999] [tunnel:25][stream_id:92]FLOWRATE-> MonitorHook OnOpen curl_level: 1
11-03 17:08:30.202 E/DOWNLOADER_LOG( 4419): [NewPCDNDownloadFilter.cpp::UpdateRequestSize:1017] [tunnel:25][stream_id:92][player_id:24][66][66]size:355528
11-03 17:08:30.203 E/DOWNLOADER_LOG( 4419): [NewPCDNDownloadFilter.cpp::SetDownloadComplete:847] filesize is 355528 data received cost 0 total cost 8
11-03 17:08:30.203 E/DOWNLOADER_LOG( 4419): [RetryableStream.cpp::operator():1048] [tunnel:25][stream_id:92][24] open uri:http://valipl10.cp31.ott.cibntv.net/6774C0ECEEE3971A243BF43B3/0501550000656DA7255A99E7C14A78CB7B1E11-3353-4F66-8934-CE3FA28A1B64_audio_00027.mp4?ccode=0103010102&duration=0&expire=18000&psid=491b12ee9f6864cbd87f203b3325d02a42346&ups_client_netip=7157521f&ups_ts=1762160907&ups_userid=1400807978&apscid=&mnid=&rid=2000000066947585B0D6C420FA083B898B4704DA02000000&operate_type=1&umt=1&type=cmfa4hd3_51&utid=aQSc5ul7QxsDADFIplqlGPrV&vid=XNTk2NDM1MjEyOA%3D%3D&s=ddbf820df3884e3480f6&iv=1&t=9e0de6505e515f2&cug=2&bc=2&si=583&eo=1&ykfs=355528&ckt=5&m_onoff=0&vkey=B5a9b40dfef499328e464d4de33c15978&fms=4c06aa114c65e8a2&tr=6902&le=2c4b8f25669fb0fc0813ebfb36f1d46e&yk_pid=cd719a991a008182&app_key=23299685&app_ver=2131300103&pcdn_did=61&pcdn_url_no=27 with level 1, result:0
11-03 17:08:30.203 E/DOWNLOADER_LOG( 4419): [RetryableStream.cpp::Open:1185] [tunnel:25][stream_id:92][24] retryable stream done with uri:http://valipl10.cp31.ott.cibntv.net/6774C0ECEEE3971A243BF43B3/0501550000656DA7255A99E7C14A78CB7B1E11-3353-4F66-8934-CE3FA28A1B64_audio_00027.mp4?ccode=0103010102&duration=0&expire=18000&psid=491b12ee9f6864cbd87f203b3325d02a42346&ups_client_netip=7157521f&ups_ts=1762160907&ups_userid=1400807978&apscid=&mnid=&rid=2000000066947585B0D6C420FA083B898B4704DA02000000&operate_type=1&umt=1&type=cmfa4hd3_51&utid=aQSc5ul7QxsDADFIplqlGPrV&vid=XNTk2NDM1MjEyOA%3D%3D&s=ddbf820df3884e3480f6&iv=1&t=9e0de6505e515f2&cug=2&bc=2&si=583&eo=1&ykfs=355528&ckt=5&m_onoff=0&vkey=B5a9b40dfef499328e464d4de33c15978&fms=4c06aa114c65e8a2&tr=6902&le=2c4b8f25669fb0fc0813ebfb36f1d46e&yk_pid=cd719a991a008182&app_key=23299685&app_ver=2131300103&pcdn_did=61&pcdn_url_no=27 with level 1, result:0
11-03 17:08:30.204 E/DOWNLOADER_LOG( 4419): [RetryableStream.cpp::Close:1348] [tunnel:25][stream_id:90][KeyFlow] close stream [cdn_ip:125.94.42.155][url:http://valipl10.cp31.ott.cibntv.net/6774C0EC7BA4E723F1D2743A9/0501550000656DA7255A99E7C14A78CB7B1E11-3353-4F66-8934-CE3FA28A1B64_audio_00026.mp4?ccode=0103010102&duration=0&expire=18000&psid=491b12ee9f6864cbd87f203b3325d02a42346&ups_client_netip=7157521f&ups_ts=1762160907&ups_userid=1400807978&apscid=&mnid=&rid=2000000066947585B0D6C420FA083B898B4704DA02000000&operate_type=1&umt=1&type=cmfa4hd3_51&utid=aQSc5ul7QxsDADFIplqlGPrV&vid=XNTk2NDM1MjEyOA%3D%3D&s=ddbf820df3884e3480f6&iv=1&t=9e0de6505e515f2&cug=2&bc=2&si=583&eo=1&ykfs=512200&ckt=5&m_onoff=0&vkey=B84a72b2b882da944f90679001f8d4159&fms=4c06aa114c65e8a2&tr=6902&le=2c4b8f25669fb0fc0813ebfb36f1d46e&yk_pid=cd719a991a008182&app_key=23299685&app_ver=2131300103&pcdn_did=61&pcdn_url_no=26]
11-03 17:08:30.204 E/DOWNLOADER_LOG( 4419): [RetryableStream.cpp::Close:1382] [tunnel:25][stream_id:90]tunnelstat:b0>0^b1>0^b2>0^b3>0^b1r>0^b3r>0^pcdn>
11-03 17:08:30.205 E/DOWNLOADER_LOG( 4419): [NewPCDNDownloadFilter.cpp::Close:820] [tunnel:25][stream_id:90][player_id:24][64]Close size:512200totalSize:512200
11-03 17:08:30.263 I/HTTP_KIT_LOG( 4419): [operator():463] SCENE_PCDN_NG:[jobId_281] notify complete
11-03 17:08:30.278 I/HTTP_KIT_LOG( 4419): [Close:281] SCENE_PCDN_NG:[jobId_281] Close
11-03 17:08:30.283 I/HTTP_KIT_LOG( 4419): [PrintStr:417] SCENE_PCDN_NG:[jobId_281] ReportStat: {"appconnectTime":196.0,"connectTime":196.0,"dnsTime":572.0,"downloadSize":1441792.0,"downloadTime":96390.0,"error_rtt":-1.0,"firstBTime":21142.0,"firstKBTime":21142.0,"firstMBTime":65739.0,"last32KTime":33247.0,"redirectTime":0.0,"speed":14957.9,"starttransferTime":9831.99}
11-03 17:08:30.285 I/HTTP_KIT_LOG( 4419): [Send:235] SCENE_PCDN_NG:[jobId_282] Send url http://valipl10.cp31.ott.cibntv.net/67756D6080932713CFC02204E/0501100000669B4DCC0467A4424B4B3097ED14-F4B3-466F-B55E-A2D791FCC5D0_video_00027.mp4?ccode=0103010102&duration=6917&expire=18000&psid=491b12ee9f6864cbd87f203b3325d02a42346&ups_client_netip=7157521f&ups_ts=1762160907&ups_userid=1400807978&utid=aQSc5ul7QxsDADFIplqlGPrV&vid=XNTk2NDM1MjEyOA%3D%3D&s=ddbf820df3884e3480f6&iv=1&eo=1&t=9e0de6505e515f1&cug=1&fms=46f28f0c1cdcd5ab&tr=6917&le=dd79ff955e68478725912d3c990803f2&ckt=5&m_onoff=0&rid=20000000BE2C224CE2BDABCB8431FEC525F7F0D702000000&type=cmfv5hd4_hbr_bit10&bc=2&dre=u151&si=573&dst=1&yk_pid=cd719a991a008182&sm=1&operate_type=1&app_key=23299685&app_ver=2131300103&vkey=Bf4cbe52decc0cb11ea049bed1fce280d
11-03 17:08:30.285 I/HTTP_KIT_LOG( 4419): [UpdateConfig:108] SCENE_PCDN_NG:[jobId_282] dump config:Range :bytes=7123636-8172211
11-03 17:08:30.285 I/HTTP_KIT_LOG( 4419): [UpdateUrl:66] use domain valipl10.cp31.ott.cibntv.net
11-03 17:08:30.285 I/HTTP_KIT_LOG( 4419): [InstallTimer:128] SCENE_PCDN_NG:[jobId_282] start open timeout timer=999999
11-03 17:08:30.285 E/HTTP_KIT_LOG( 4419): [Lookup:118] SCENE_PCDN_NG:[jobId_282] SmartDns use cache domain:valipl10.cp31.ott.cibntv.net addrs:125.94.42.155[2],125.94.42.156[1],
11-03 17:08:30.286 I/HTTP_KIT_LOG( 4419): [AddRequestHeader:498] job:SCENE_PCDN_NG:[jobId_282] add header:[ range_from:7123636,cur_download:0 | User-Agent :Youku-ntk;Android;13.0.1.3;Scene4
11-03 17:08:30.286 I/HTTP_KIT_LOG( 4419): Range :bytes=7123636-8172211
11-03 17:08:30.286 I/HTTP_KIT_LOG( 4419): | Add Ip Resolve: 125.94.42.155 ]
11-03 17:08:30.308 I/HTTP_KIT_LOG( 4419): [StopTimer:165] SCENE_PCDN_NG:[jobId_282] stop open timeout timer
11-03 17:08:30.308 I/HTTP_KIT_LOG( 4419): [operator():492] SCENE_PCDN_NG:[jobId_282] notify response
11-03 17:08:30.311 E/HTTP_KIT_LOG( 4419): [OnResponse:205] SCENE_PCDN_NG:[jobId_282] OnResponse content-length:1048576 of content-type:video/mp4, file-size:10089637
11-03 17:08:30.311 E/HTTP_KIT_LOG( 4419): headers:Content-Range:bytes 7123636-8172211/10089637
11-03 17:08:30.311 E/HTTP_KIT_LOG( 4419): Etag:"B5506E4301B3605DD6B3E2AB0268CE12"
11-03 17:08:30.311 E/HTTP_KIT_LOG( 4419): Via:ens-cache15.l2cn7146[0,0,304-0,H], ens-cache40.l2cn7146[2,0], ens-cache40.l2cn7146[2,0], ens-cache26.cn8704[48,90,304-0,H], ens-cache18.cn8704[94,0],cache23.hnchangsha-mp02[0,200-0,H],cache33.hnchangsha-mp02[1,206],cache05.gdgz-ct126[0,200-0,H],cache01.gdgz-ct126[1,206]
11-03 17:08:30.561 I/HTTP_KIT_LOG( 4419): [operator():463] SCENE_PCDN_NG:[jobId_282] notify complete
11-03 17:08:30.563 I/HTTP_KIT_LOG( 4419): [Close:281] SCENE_PCDN_NG:[jobId_282] Close
11-03 17:08:30.563 I/HTTP_KIT_LOG( 4419): [PrintStr:417] SCENE_PCDN_NG:[jobId_282] ReportStat: {"appconnectTime":178.0,"connectTime":178.0,"dnsTime":117.0,"downloadSize":1048576.0,"downloadTime":275712.0,"error_rtt":-1.0,"firstBTime":25819.0,"firstKBTime":25819.0,"firstMBTime":273340.0,"last32KTime":30379.0,"redirectTime":0.0,"speed":3803.15,"starttransferTime":20531.99}
11-03 17:08:30.570 I/com.cibn.tv( 4419): Background concurrent copying GC freed 377552(21MB) AllocSpace objects, 134(4844KB) LOS objects, 33% free, 48MB/72MB, paused 355us,941us total 1.023s
11-03 17:08:30.587 I/HTTP_KIT_LOG( 4419): [Send:235] SCENE_PCDN_NG:[jobId_283] Send url http://valipl10.cp31.ott.cibntv.net/67756D6080932713CFC02204E/0501100000669B4DCC0467A4424B4B3097ED14-F4B3-466F-B55E-A2D791FCC5D0_video_00027.mp4?ccode=0103010102&duration=6917&expire=18000&psid=491b12ee9f6864cbd87f203b3325d02a42346&ups_client_netip=7157521f&ups_ts=1762160907&ups_userid=1400807978&utid=aQSc5ul7QxsDADFIplqlGPrV&vid=XNTk2NDM1MjEyOA%3D%3D&s=ddbf820df3884e3480f6&iv=1&eo=1&t=9e0de6505e515f1&cug=1&fms=46f28f0c1cdcd5ab&tr=6917&le=dd79ff955e68478725912d3c990803f2&ckt=5&m_onoff=0&rid=20000000BE2C224CE2BDABCB8431FEC525F7F0D702000000&type=cmfv5hd4_hbr_bit10&bc=2&dre=u151&si=573&dst=1&yk_pid=cd719a991a008182&sm=1&operate_type=1&app_key=23299685&app_ver=2131300103&vkey=Bf4cbe52decc0cb11ea049bed1fce280d
11-03 17:08:30.588 I/HTTP_KIT_LOG( 4419): [UpdateConfig:108] SCENE_PCDN_NG:[jobId_283] dump config:Range :bytes=8172212-9220787
11-03 17:08:30.588 I/HTTP_KIT_LOG( 4419): [UpdateUrl:66] use domain valipl10.cp31.ott.cibntv.net
11-03 17:08:30.588 I/HTTP_KIT_LOG( 4419): [InstallTimer:128] SCENE_PCDN_NG:[jobId_283] start open timeout timer=999999
11-03 17:08:30.588 E/HTTP_KIT_LOG( 4419): [Lookup:118] SCENE_PCDN_NG:[jobId_283] SmartDns use cache domain:valipl10.cp31.ott.cibntv.net addrs:125.94.42.155[2],125.94.42.156[1],
11-03 17:08:30.589 I/HTTP_KIT_LOG( 4419): [AddRequestHeader:498] job:SCENE_PCDN_NG:[jobId_283] add header:[ range_from:8172212,cur_download:0 | User-Agent :Youku-ntk;Android;13.0.1.3;Scene4
11-03 17:08:30.589 I/HTTP_KIT_LOG( 4419): Range :bytes=8172212-9220787
11-03 17:08:30.589 I/HTTP_KIT_LOG( 4419): | Add Ip Resolve: 125.94.42.155 ]
11-03 17:08:30.592 E/DnaLog[VideoConsumer][24]( 4419): [DNAEvent_Abnormal:AVUnsync]av Unsync happened diff:-1309144, videoPts(334875000), clockTime(333565856), mAVUnsyncCount(9), mMaxUnsyncInterval:600000
11-03 17:08:30.601 D/OPR_v3_OPRDanmakuModule( 4419): OPRDanmakuModule updatePosition: 320232
11-03 17:08:30.606 I/HTTP_KIT_LOG( 4419): [StopTimer:165] SCENE_PCDN_NG:[jobId_283] stop open timeout timer
11-03 17:08:30.606 I/HTTP_KIT_LOG( 4419): [operator():492] SCENE_PCDN_NG:[jobId_283] notify response
11-03 17:08:30.606 E/HTTP_KIT_LOG( 4419): [OnResponse:205] SCENE_PCDN_NG:[jobId_283] OnResponse content-length:1048576 of content-type:video/mp4, file-size:10089637
11-03 17:08:30.606 E/HTTP_KIT_LOG( 4419): headers:Content-Range:bytes 8172212-9220787/10089637
11-03 17:08:30.606 E/HTTP_KIT_LOG( 4419): Etag:"B5506E4301B3605DD6B3E2AB0268CE12"
11-03 17:08:30.606 E/HTTP_KIT_LOG( 4419): Via:ens-cache15.l2cn7146[0,0,304-0,H], ens-cache40.l2cn7146[2,0], ens-cache40.l2cn7146[2,0], ens-cache26.cn8704[48,90,304-0,H], ens-cache18.cn8704[94,0],cache23.hnchangsha-mp02[0,200-0,H],cache33.hnchangsha-mp02[1,206],cache05.gdgz-ct126[0,200-0,H],cache01.gdgz-ct126[1,206]
11-03 17:08:30.673 I/WifiHAL ( 475): call wifi_get_link_stats handler
11-03 17:08:30.673 I/WifiHAL ( 475): Creating message to get link statistics; iface = 16
11-03 17:08:30.674 D/WifiHAL ( 475): error code -95 mapped to -3
11-03 17:08:30.676 E/WifiStaIfaceAidlImpl( 697): getLinkLayerStats failed with service-specific exception: android.os.ServiceSpecificException: (code 4)
11-03 17:08:30.677 I/HTTP_KIT_LOG( 4419): [operator():463] SCENE_PCDN_NG:[jobId_283] notify complete
11-03 17:08:30.687 W/CIBN-DetailPlayLogManager( 4419): getUserPlayDuration isValidData false=
11-03 17:08:30.701 E/ottp_sdk_MediaPlayerWrapper[199526324][state:4][XNTk2NDM1MjEyOA==+24+1762160907852]( 4419): onInfoExtend: TYPE_MSG_RENDERTIMEOUT_VIDEO
11-03 17:08:30.701 E/ottp_sdk_VpmLogManager( 4419): onPlayerDataUpdate : {VideoRToCnt=0, AVUnsyncCount=10}
11-03 17:08:30.717 I/HTTP_KIT_LOG( 4419): [Close:281] SCENE_PCDN_NG:[jobId_283] Close
11-03 17:08:30.718 I/HTTP_KIT_LOG( 4419): [PrintStr:417] SCENE_PCDN_NG:[jobId_283] ReportStat: {"appconnectTime":625.99,"connectTime":625.0,"dnsTime":665.0,"downloadSize":1048576.0,"downloadTime":88893.0,"error_rtt":-1.0,"firstBTime":18485.0,"firstKBTime":18485.0,"firstMBTime":87640.0,"last32KTime":21949.0,"redirectTime":0.0,"speed":11795.93,"starttransferTime":15503.0}
11-03 17:08:30.732 W/CIBN-SqlLastplayDao( 4419): addLastPlayProgram----> program yoku.
11-03 17:08:30.735 W/CIBN-DetailPlayLogManager( 4419): sendPlayLog timeScapeHis return=34
11-03 17:08:30.782 W/CIBN-SqlLastplayDao( 4419): addLastPlayProgram----> program yoku.
11-03 17:08:30.796 E/Firebrick( 4419): get cookie, disable web view cookies.
11-03 17:08:30.806 D/AlixPlayer-Java( 4419): finalize called
11-03 17:08:30.806 D/AlixPlayer-Java( 4419): finalize called
11-03 17:08:30.806 D/AlixPlayer-Java( 4419): finalize called
11-03 17:08:30.806 D/AlixPlayer-Java( 4419): finalize called
11-03 17:08:30.807 D/AlixPlayer-Java( 4419): finalize called
11-03 17:08:30.808 D/AlixPlayer-Java( 4419): finalize called
11-03 17:08:30.823 I/com.ktcp.video( 2389): Background young concurrent copying GC freed 179880(6509KB) AllocSpace objects, 0(0B) LOS objects, 48% free, 6778KB/12MB, paused 182us,91us total 176.093ms
11-03 17:08:30.921 D/TrafficStats( 4419): tagSocket(202) with statsTag=0xffffffff, statsUid=-1
11-03 17:08:30.981 I/VDA ( 7986): [0##107]"ServiceDeviceTask INs=76/83, OUTs=72/77"" {IN=7/8, OUT=8/13[kAtAccelerator(0) kAtDevice(5) kAtClient(8)]}"
11-03 17:08:31.039 I/CrashSDKBkgdHan( 4419): type=1400 audit(0.0:3724): avc: denied { open } for path="/proc/stat" dev="proc" ino=4026532003 scontext=u:r:untrusted_app_25:s0:c512,c768 tcontext=u:object_r:proc_stat:s0 tclass=file permissive=1 app=com.cibn.tv
11-03 17:08:31.112 E/DnaLog[VideoConsumer][24]( 4419): [DNAEvent_Abnormal:AVUnsync]av Unsync happened diff:-1132096, videoPts(335208000), clockTime(334075904), mAVUnsyncCount(16), mMaxUnsyncInterval:600000
11-03 17:08:31.115 I//apex/com.android.adbd/bin/adbd( 1361): type=1400 audit(0.0:3725): avc: denied { write } for comm=75736220666673206F70656E name="property_service" dev="tmpfs" ino=411 scontext=u:r:su:s0 tcontext=u:object_r:property_socket:s0 tclass=sock_file permissive=1
11-03 17:08:31.215 E/ottp_sdk_MediaPlayerWrapper[199526324][state:4][XNTk2NDM1MjEyOA==+24+1762160907852]( 4419): onInfoExtend: TYPE_MSG_RENDERTIMEOUT_VIDEO
11-03 17:08:31.215 E/ottp_sdk_VpmLogManager( 4419): onPlayerDataUpdate : {VideoRToCnt=0, AVUnsyncCount=18}
11-03 17:08:31.495 I/CPUMonitor( 4419): type=1400 audit(0.0:3726): avc: denied { getattr } for path="/proc/stat" dev="proc" ino=4026532003 scontext=u:r:untrusted_app_25:s0:c512,c768 tcontext=u:object_r:proc_stat:s0 tclass=file permissive=1 app=com.cibn.tv
11-03 17:08:31.637 E/DnaLog[VideoConsumer][24]( 4419): [DNAEvent_Abnormal:AVUnsync]av Unsync happened diff:-900256, videoPts(335500000), clockTime(334599744), mAVUnsyncCount(23), mMaxUnsyncInterval:600000
11-03 17:08:31.738 D/OPR_v3_OPRDanmakuModule( 4419): OPRDanmakuModule updatePosition: 321352
11-03 17:08:31.916 E/ottp_sdk_MediaPlayerWrapper[199526324][state:4][XNTk2NDM1MjEyOA==+24+1762160907852]( 4419): onInfoExtend: TYPE_MSG_RENDERTIMEOUT_VIDEO
11-03 17:08:31.916 E/ottp_sdk_VpmLogManager( 4419): onPlayerDataUpdate : {VideoRToCnt=0, AVUnsyncCount=26}
11-03 17:08:32.015 I/VDA ( 7986): [0##107]"ServiceDeviceTask INs=90/97, OUTs=85/90"" {IN=7/8, OUT=8/13[kAtAccelerator(0) kAtDevice(5) kAtClient(8)]}"
11-03 17:08:32.180 E/DnaLog[VideoConsumer][24]( 4419): [DNAEvent_Abnormal:AVUnsync]av Unsync happened diff:-639064, videoPts(335791000), clockTime(335151936), mAVUnsyncCount(30), mMaxUnsyncInterval:600000
11-03 17:08:32.186 D/OPR_v3_OPRBarrageNativeView( 4419): commitOneBarrage bid:9276937318
11-03 17:08:32.188 D/OPR_v3_OPRBarrageNativeView( 4419): commitOneBarrage bid:7838571858
11-03 17:08:32.193 D/OPR_v3_OPRBarrageNativeView( 4419): commitOneBarrage barrageOnStart bid:7838571858
11-03 17:08:32.193 D/OPR_v3_OPRBarrageNativeView( 4419): commitOneBarrage barrageOnStart bid:9276937318
11-03 17:08:32.623 D/ShowHdrAudioLogoService( 950): mLogoView.isCreated()true,show:false
11-03 17:08:32.623 D/HdrAudioView( 950): hide view
11-03 17:08:32.624 W/WindowOnBackDispatcher( 950): sendCancelIfRunning: isInProgress=falsecallback=android.view.ViewRootImpl$$ExternalSyntheticLambda17@bb2566e
11-03 17:08:32.624 D/CoreBackPreview( 697): Window{b5a5a9 u0 com.droidlogic}: Setting back callback null
11-03 17:08:32.634 W/InputManager-JNI( 697): Input channel object 'b5a5a9 com.droidlogic (client)' was disposed without first being removed with the input manager!
11-03 17:08:32.741 D/OPR_v3_OPRDanmakuModule( 4419): OPRDanmakuModule updatePosition: 322312
11-03 17:08:32.767 D/OPR_v3_OPRDanmakuModule( 4419): OPRDanmakuModule updatePosition: 322312
11-03 17:08:33.016 I/VDA ( 7986): [0##107]"ServiceDeviceTask INs=102/109, OUTs=98/103"" {IN=7/8, OUT=8/13[kAtAccelerator(0) kAtDevice(5) kAtClient(8)]}"
11-03 17:08:33.668 I/HTTP_KIT_LOG( 4419): [Send:235] SCENE_PCDN_NG:[jobId_284] Send url http://valipl10.cp31.ott.cibntv.net/67756D6080932713CFC02204E/0501100000669B4DCC0467A4424B4B3097ED14-F4B3-466F-B55E-A2D791FCC5D0_video_00027.mp4?ccode=0103010102&duration=6917&expire=18000&psid=491b12ee9f6864cbd87f203b3325d02a42346&ups_client_netip=7157521f&ups_ts=1762160907&ups_userid=1400807978&utid=aQSc5ul7QxsDADFIplqlGPrV&vid=XNTk2NDM1MjEyOA%3D%3D&s=ddbf820df3884e3480f6&iv=1&eo=1&t=9e0de6505e515f1&cug=1&fms=46f28f0c1cdcd5ab&tr=6917&le=dd79ff955e68478725912d3c990803f2&ckt=5&m_onoff=0&rid=20000000BE2C224CE2BDABCB8431FEC525F7F0D702000000&type=cmfv5hd4_hbr_bit10&bc=2&dre=u151&si=573&dst=1&yk_pid=cd719a991a008182&sm=1&operate_type=1&app_key=23299685&app_ver=2131300103&vkey=Bf4cbe52decc0cb11ea049bed1fce280d
11-03 17:08:33.669 I/HTTP_KIT_LOG( 4419): [UpdateConfig:108] SCENE_PCDN_NG:[jobId_284] dump config:Range :bytes=4240052-4305587
11-03 17:08:33.669 I/HTTP_KIT_LOG( 4419): [UpdateUrl:66] use domain valipl10.cp31.ott.cibntv.net
11-03 17:08:33.669 I/HTTP_KIT_LOG( 4419): [InstallTimer:128] SCENE_PCDN_NG:[jobId_284] start open timeout timer=999999
11-03 17:08:33.669 E/HTTP_KIT_LOG( 4419): [Lookup:118] SCENE_PCDN_NG:[jobId_284] SmartDns use cache domain:valipl10.cp31.ott.cibntv.net addrs:125.94.42.155[2],125.94.42.156[1],
11-03 17:08:33.670 I/HTTP_KIT_LOG( 4419): [AddRequestHeader:498] job:SCENE_PCDN_NG:[jobId_284] add header:[ range_from:4240052,cur_download:0 | User-Agent :Youku-ntk;Android;13.0.1.3;Scene4
11-03 17:08:33.670 I/HTTP_KIT_LOG( 4419): Range :bytes=4240052-4305587
11-03 17:08:33.670 I/HTTP_KIT_LOG( 4419): | Add Ip Resolve: 125.94.42.155 ]
11-03 17:08:33.684 I/HTTP_KIT_LOG( 4419): [StopTimer:165] SCENE_PCDN_NG:[jobId_284] stop open timeout timer
11-03 17:08:33.685 I/HTTP_KIT_LOG( 4419): [operator():492] SCENE_PCDN_NG:[jobId_284] notify response
11-03 17:08:33.685 E/HTTP_KIT_LOG( 4419): [OnResponse:205] SCENE_PCDN_NG:[jobId_284] OnResponse content-length:65536 of content-type:video/mp4, file-size:10089637
11-03 17:08:33.685 E/HTTP_KIT_LOG( 4419): headers:Content-Range:bytes 4240052-4305587/10089637
11-03 17:08:33.685 E/HTTP_KIT_LOG( 4419): Etag:"B5506E4301B3605DD6B3E2AB0268CE12"
11-03 17:08:33.685 E/HTTP_KIT_LOG( 4419): Via:ens-cache15.l2cn7146[0,0,304-0,H], ens-cache40.l2cn7146[2,0], ens-cache40.l2cn7146[2,0], ens-cache26.cn8704[48,90,304-0,H], ens-cache18.cn8704[94,0],cache23.hnchangsha-mp02[0,200-0,H],cache33.hnchangsha-mp02[1,206],cache05.gdgz-ct126[0,200-0,H],cache01.gdgz-ct126[1,206]
11-03 17:08:33.687 I/HTTP_KIT_LOG( 4419): [operator():463] SCENE_PCDN_NG:[jobId_284] notify complete
11-03 17:08:33.688 I/WifiHAL ( 475): call wifi_get_link_stats handler
11-03 17:08:33.688 I/WifiHAL ( 475): Creating message to get link statistics; iface = 16
11-03 17:08:33.688 D/WifiHAL ( 475): error code -95 mapped to -3
11-03 17:08:33.689 E/WifiStaIfaceAidlImpl( 697): getLinkLayerStats failed with service-specific exception: android.os.ServiceSpecificException: (code 4)
11-03 17:08:33.689 I/HTTP_KIT_LOG( 4419): [Close:281] SCENE_PCDN_NG:[jobId_284] Close
11-03 17:08:33.689 I/HTTP_KIT_LOG( 4419): [PrintStr:417] SCENE_PCDN_NG:[jobId_284] ReportStat: {"appconnectTime":150.99,"connectTime":150.0,"dnsTime":372.0,"downloadSize":65536.0,"downloadTime":17951.0,"error_rtt":-1.0,"firstBTime":15840.0,"firstKBTime":15840.0,"firstMBTime":0.0,"last32KTime":17011.0,"redirectTime":0.0,"speed":3650.82,"starttransferTime":12823.99}
11-03 17:08:33.691 I/HTTP_KIT_LOG( 4419): [Send:235] SCENE_PCDN_NG:[jobId_285] Send url http://valipl10.cp31.ott.cibntv.net/67756D6080932713CFC02204E/0501100000669B4DCC0467A4424B4B3097ED14-F4B3-466F-B55E-A2D791FCC5D0_video_00027.mp4?ccode=0103010102&duration=6917&expire=18000&psid=491b12ee9f6864cbd87f203b3325d02a42346&ups_client_netip=7157521f&ups_ts=1762160907&ups_userid=1400807978&utid=aQSc5ul7QxsDADFIplqlGPrV&vid=XNTk2NDM1MjEyOA%3D%3D&s=ddbf820df3884e3480f6&iv=1&eo=1&t=9e0de6505e515f1&cug=1&fms=46f28f0c1cdcd5ab&tr=6917&le=dd79ff955e68478725912d3c990803f2&ckt=5&m_onoff=0&rid=20000000BE2C224CE2BDABCB8431FEC525F7F0D702000000&type=cmfv5hd4_hbr_bit10&bc=2&dre=u151&si=573&dst=1&yk_pid=cd719a991a008182&sm=1&operate_type=1&app_key=23299685&app_ver=2131300103&vkey=Bf4cbe52decc0cb11ea049bed1fce280d
11-03 17:08:33.691 I/HTTP_KIT_LOG( 4419): [UpdateConfig:108] SCENE_PCDN_NG:[jobId_285] dump config:Range :bytes=6664884-7123635
11-03 17:08:33.691 I/HTTP_KIT_LOG( 4419): [UpdateUrl:66] use domain valipl10.cp31.ott.cibntv.net
11-03 17:08:33.691 I/HTTP_KIT_LOG( 4419): [InstallTimer:128] SCENE_PCDN_NG:[jobId_285] start open timeout timer=999999
