11-03 17:08:35.770 E/audio_hw_utils_parserac3( 461): aml_ac3_parser_reset exit
11-03 17:08:35.770 I/audio_hw_hal_bypass( 461): aml_ms12_bypass_reset exit release frame number=0
11-03 17:08:35.770 I/audio_hw_hal_ms12v2( 461): dolby_ms12_main_flush exit
11-03 17:08:35.770 I/audio_hw_decoder_ms12v2( 461): setPauseFlag() set mPause 0
11-03 17:08:35.770 I/libdolbyms12( 461): Continuous Main(0) Resume
11-03 17:08:35.770 I/audio_hw_hal_ms12v2( 461): dolby_ms12_main_resume ms12_runtime_update_ret:0
11-03 17:08:35.770 I/audio_hw_hal_primary( 461): [out_flush_new:1592] io 477: out:0xf1bcad50 exit
11-03 17:08:35.771 I/VDA ( 7986): [0##107]"SendPictureReady\n"
11-03 17:08:35.771 I/VDA ( 7986): [0##107]"post ResetDoneTask\n"
11-03 17:08:35.771 I/VDA ( 7986): [0##107]"ResetDoneTask\n"
11-03 17:08:35.771 I/VDA ( 7986): [0##107]"StartDevicePoll\n"
11-03 17:08:35.771 D/audio_hw_hal_primary( 461): [out_standby_new:5508] io 477: out:0xf1bcad50 streamType:RAW_DIRECT
11-03 17:08:35.771 I/audio_hw_hal_primary( 461): [do_output_standby_l:5428] io 477: out:0xf1bcad50, stream streamType:RAW_DIRECT, continuous:1
11-03 17:08:35.771 I/audio_hw_hal_streamMgr( 461): [aml_get_is_exist_active_stream:249] ptmp:0xf4a84d70 pStream:0xf1bc39d0, amlStream:0xf1bc39d0, streamCount:3 nodeIndex:1, retValue:1
11-03 17:08:35.771 D/audio_hw_hal_primary( 461): [out_standby_new:5560] io 477: out:0xf1bcad50 streamType:RAW_DIRECT exit
11-03 17:08:35.771 I/VDA ( 7986): [0##107]"NotifyResetDone\n"
11-03 17:08:35.771 I/AmVideoDec( 7986): [No--1]-[0]"notifyResetDone\n"
11-03 17:08:35.771 I/VideoDecWraper( 7986): [0##107]"onResetDone\n"
11-03 17:08:35.771 I/C2VdecComponent( 7986): [0##107]"[NotifyFlushOrStopDone]"
11-03 17:08:35.771 I/C2VdecComponent( 7986): [0##107]"[onFlushOrStopDone]"
11-03 17:08:35.771 I/C2VdecComponent( 7986): [0##107]"[onStopDone]"
11-03 17:08:35.771 I/C2VdecComponent( 7986): [0##107]"[onStopDone] clear decoder duration"
11-03 17:08:35.771 I/C2VdecDeviceUtil( 7986): [0#107]"into clearDecoderDuration"
11-03 17:08:35.771 I/AmlManagePts( 7986): [0]"setDuration error duration[0]type[2]\n"
11-03 17:08:35.771 I/hw-BpHwBinder( 4419): onLastStrongRef automatically unlinking death recipients
11-03 17:08:35.771 I/libdolbyms12( 461): Continuous do 0 flush
11-03 17:08:35.771 I/audio_hw_hal_primary( 461): [audiohal_get_latency:1036] io 13: out:0xf1bc39d0 frames:1152 rate:48000 whole_latency:24 alsa_latency:24
11-03 17:08:35.772 I/android.hardware.media.c2@1.2-service( 7986): (null) is not set, used defaultValue = 0
11-03 17:08:35.772 I/hw-BpHwBinder( 594): onLastStrongRef automatically unlinking death recipients
11-03 17:08:35.772 E/BufferQueueProducer( 4419): [SurfaceView[com.cibn.tv/com.youku.tv.home.activity.HomeActivity]#45(BLAST Consumer)45](id:11430000002d,api:0,p:-1,c:4419) cancelBuffer: BufferQueue has been abandoned
11-03 17:08:35.773 D/MediaCodec( 4419): flushMediametrics
11-03 17:08:35.773 I/audio_hw_hal_primary( 461): [out_set_event_callback:2889] io 477: out:0xf1bcad50, callback:0xf3fd09ed cookie:0xf4300730
11-03 17:08:35.773 I/audio_hw_hal_primary( 461): [adev_close_output_stream_new:7445] io handle 477: out:0xf1bcad50
11-03 17:08:35.773 D/audio_hw_hal_primary( 461): adev_close_output_stream_new: enter streamType = RAW_DIRECT
11-03 17:08:35.773 I/aml_volume_shaper( 461): [aml_volume_shaper_release:432] volume_shaper 0xf1bcb490 done !
11-03 17:08:35.773 I/audio_hw_hal_primary( 461): [adev_close_output_stream:3406] io 477: out:0xf1bcad50 dev:OUT_HDMI(0x400) flags:0x11, streamType:RAW_DIRECT
11-03 17:08:35.773 D/audio_hw_hal_primary( 461): [out_standby_new:5508] io 477: out:0xf1bcad50 streamType:RAW_DIRECT
11-03 17:08:35.773 I/audio_hw_hal_primary( 461): already standby, do nothing
11-03 17:08:35.773 I/libdolbyms12( 461): Set Continuous(0) Flush
11-03 17:08:35.773 D/libdolbyms12( 461): Continuous Set ConnectID 0 CodecPrivData 0x0
11-03 17:08:35.773 D/libdolbyms12( 461): Aml_MS12_CodecDynamicDisconnect() Success 0
11-03 17:08:35.773 I/libdolbyms12( 461): msf_node_avsync_release exit
11-03 17:08:35.773 I/libdolbyms12( 461): aml input type is 1
11-03 17:08:35.773 I/libdolbyms12( 461): Continuous do 0 flush
11-03 17:08:35.773 I/libdolbyms12( 461): msf_node_avsync_init exit 0xf1a83ca0
11-03 17:08:35.773 D/libdolbyms12( 461): udc_node_open() h_udc_node 0xee6d9010 type main udc udc_avsync 0xf1a83ca0
11-03 17:08:35.774 D/libdolbyms12( 461): Aml_MS12_CodecDynamicConnect() find available Connections 0
11-03 17:08:35.774 D/libdolbyms12( 461): Continuous Set ConnectID 0 CodecPrivData 0xf1f020e0
11-03 17:08:35.774 D/libdolbyms12( 461): Continuous Set codec focus 0
11-03 17:08:35.774 D/libdolbyms12( 461): CodecBuf Sync enable 1
11-03 17:08:35.774 D/libdolbyms12( 461): CodecBuf Tempo enable 1
11-03 17:08:35.774 D/libdolbyms12( 461): CodecBuf ScaleTempo enable 0
11-03 17:08:35.774 D/libdolbyms12( 461): CallBackProcess enable 1
11-03 17:08:35.774 E/audio_hw_utils_spdifdec( 461): aml_spdif_decoder_reset exit
11-03 17:08:35.774 E/audio_hw_utils_parserac3( 461): aml_ac3_parser_reset exit
11-03 17:08:35.774 I/audio_hw_hal_bypass( 461): aml_ms12_bypass_reset exit release frame number=0
11-03 17:08:35.774 I/audio_hw_hal_ms12v2( 461): dolby_ms12_main_flush exit
11-03 17:08:35.774 I/audio_hw_decoder_ms12v2( 461): setPauseFlag() set mPause 0
11-03 17:08:35.774 I/libdolbyms12( 461): Continuous Main(0) Resume
11-03 17:08:35.774 I/audio_hw_hal_ms12v2( 461): dolby_ms12_main_resume ms12_runtime_update_ret:0
11-03 17:08:35.774 I/audio_hw_hal_primary( 461): main stream message is processed cost =0 ms
11-03 17:08:35.774 I/audio_hw_hal_virtualbuf( 461): audio_virtual_buf_close name:ms12 main input
11-03 17:08:35.774 I/audio_hw_hal_virtualbuf( 461): audio_virtual_buf_close exit
11-03 17:08:35.774 D/libdolbyms12( 461): CodecBuf Sync enable 0
11-03 17:08:35.774 D/libdolbyms12( 461): CodecBuf Tempo enable 0
11-03 17:08:35.774 I/audio_hw_hal_ms12v2( 461): dolby_ms12_main_close set sync callback NULL
11-03 17:08:35.774 D/libdolbyms12( 461): CodecBuf Tempo enable 0
11-03 17:08:35.774 I/audio_truehd_parser( 461): aml_truehd_parser_close exit
11-03 17:08:35.774 E/audio_hw_utils_parserac3( 461): aml_ac3_parser_close exit
11-03 17:08:35.774 E/audio_hw_utils_spdifdec( 461): aml_spdif_decoder_close exit
11-03 17:08:35.774 E/audio_hw_utils_parserac3( 461): aml_ac3_parser_close exit
11-03 17:08:35.774 E/audio_hw_utils_spdifdec( 461): aml_spdif_decoder_close exit
11-03 17:08:35.774 I/audio_hw_hal_bypass( 461): aml_ms12_bypass_close exit
11-03 17:08:35.774 I/audio_hw_decoder_ms12v2( 461): aml_ms12_main_decoder_close() 249, dec_handle 0xf3940f30, dec_handle->dec_id 167772160
11-03 17:08:35.774 I/libdolbyms12( 461): Set Continuous(0) Flush
11-03 17:08:35.774 I/libdolbyms12( 461): Continuous Main(0) Resume
11-03 17:08:35.774 D/libdolbyms12( 461): Continuous Set ConnectID 0 CodecPrivData 0x0
11-03 17:08:35.774 D/libdolbyms12( 461): Aml_MS12_CodecDynamicDisconnect() Success 0
11-03 17:08:35.774 I/libdolbyms12( 461): msf_node_avsync_release exit
11-03 17:08:35.774 D/libdolbyms12( 461): ms12_deocder_close() down ms12_pointer 0xf0cf0050, ms12_decid 0xa000000
11-03 17:08:35.774 I/audio_hw_hal_ms12common( 461): set_ms12_drc_params_for_stereo_and_dap_multi_pcm_output line 738 format 0x1
11-03 17:08:35.774 I/audio_hw_device_patchmgr( 461): is_dtv_patch_exist_mgr is dtv =0
11-03 17:08:35.774 I/audio_hw_decoder_ms12v2( 461): -bs DRCBoostStereo: 0
11-03 17:08:35.774 I/audio_hw_decoder_ms12v2( 461): -cs DRCCutStereo: 0
11-03 17:08:35.774 I/audio_hw_decoder_ms12v2( 461): -drc DRCModesOfDownmixedOutput: 1
11-03 17:08:35.774 I/audio_hw_hal_ms12common( 461): set_ms12_drc_params_for_stereo_and_dap_multi_pcm_output line 744 dynamic set drc RF MODE boost 0 cut 0 for stereo downmix output!
11-03 17:08:35.774 I/audio_hw_decoder_ms12v2( 461): -b DRCBoost: 0
11-03 17:08:35.774 I/audio_hw_decoder_ms12v2( 461): -c DRCCut: 0
11-03 17:08:35.774 I/audio_hw_decoder_ms12v2( 461): -dap_drc DAPDRCMode: 0
11-03 17:08:35.774 I/audio_hw_hal_ms12common( 461): set_ms12_drc_params_for_stereo_and_dap_multi_pcm_output line 748 dynamic set drc LINE MODE boost 0 cut 0 for multichannel and DAP output!
11-03 17:08:35.774 I/audio_hw_hal_kara_mngr( 461): [karaoke_close:961] enter
11-03 17:08:35.774 I/audio_hw_hal_kara_mngr( 461): [karaoke_close:971] exit
11-03 17:08:35.775 E/audio_hw_utils_parserac3( 461): aml_ac3_parser_close exit
11-03 17:08:35.775 I/audio_hw_parser_manager( 461): [aml_parser_flush:381] pAmlParser:0xf40014b0 buffer list is_empty:1
11-03 17:08:35.775 I/audio_hw_parser_manager( 461): [aml_parser_deinit:464] done
11-03 17:08:35.775 I/audio_hw_hal_resourcemgr( 461): [is_output_device_muted:723] device:0x2 port_mute:0, fade_mute:0
11-03 17:08:35.775 I/audio_hw_hal_streamMgr( 461): [aml_stream_unregister:467] item:0xf4a85b50 ptmp:0xf4a85b50 lNode:0xf4a85b50 pStream:0xf1bcad50
11-03 17:08:35.775 I/audio_hw_hal_primary( 461): [adev_close_output_stream:3596] io 477: out:0xf1bcad50 exit ------
11-03 17:08:35.775 I/OPENCODEC::COpenDecoder( 4419): [Release:260] [24] enter MediaType[1]
11-03 17:08:35.775 I/OPENCODEC::COpenDecoder( 4419): [ReleaseUnDecodeQueue:619][24]enter MediaType[1]
11-03 17:08:35.775 I/OPENCODEC::COpenDecoder( 4419): [ReleaseUnDecodeQueue:632][24] end MediaType[1]
11-03 17:08:35.775 I/OPENCODEC::COpenDecoder( 4419): [ReleaseFrameMap:608][24] enter MediaType[1]
11-03 17:08:35.775 I/OPENCODEC::COpenDecoder( 4419): [ReleaseFrameMap:614][24] end MediaType[1]
11-03 17:08:35.775 I/OPENCODEC::COpenDecoder( 4419): [Release:271] [24] end MediaType[1]
11-03 17:08:35.775 E/DnaLog[AudioConsumer][24]( 4419): [DoStop][533]done stopRenderCost:9 stopCodecCost:0 stopClearBufferCost:13
11-03 17:08:35.776 I/libdolbyms12( 461): Continuous do 0 flush
11-03 17:08:35.776 I/libdolbyms12( 461): continuous underrun 0
11-03 17:08:35.776 D/BufferPoolAccessor2.0( 594): Destruction - bufferpool2 0xe5882f68 cached: 0/0M, 0/0% in use; allocs: 0, 0% recycled; transfers: 0, 0% unfetched
11-03 17:08:35.776 D/audioserver( 503): logFgsApiEnd: FGS Logger Transaction failed, -129
11-03 17:08:35.777 E/DOWNLOADER_LOG( 4419): [RetryableStream.cpp::Close:1382] [tunnel:25][stream_id:86]tunnelstat:b0>0^b1>0^b2>0^b3>0^b1r>0^b3r>0^pcdn>
11-03 17:08:35.777 E/DOWNLOADER_LOG( 4419): [NewPCDNDownloadFilter.cpp::Close:820] [tunnel:25][stream_id:86][player_id:24][62]Close size:454018totalSize:454018
11-03 17:08:35.777 E/DOWNLOADER_LOG( 4419): [NewPCDNDownloadFilter.cpp::Close:830] [tunnel:25][stream_id:86][player_id:24][62]Close m3u8
11-03 17:08:35.778 E/DnaLog[M3u8Extractor2][24]( 4419): M3u8Extractor2 p2p:0, ConfigP2PTask type:1, index:(99->99), mode:m3u8 stop, url:http://pl.cp31.ott.cibntv.net/playlist/m3u8?vid=XNTk2NDM1MjEyOA%3D%3D&type=cmfa4hd3_51&ups_client_netip=7157521f&utid=aQSc5ul7QxsDADFIplqlGPrV&ccode=0103010102&psid=491b12ee9f6864cbd87f203b3325d02a42346&ups_userid=1400807978&ups_ytid=1400807978&pid=cd719a991a008182&streamcoding=cmfva4&app_ver=2131300103&duration=0&expire=18000&drm_type=23&drm_device=4&drm_default=2&sm=1&nt=1&advInfo=%5B%7B%22dot%22%3A0%2C%22dotMs%22%3A0%2C%22sceId%22%3A%2254000000%22%2C%22source%22%3A%22YK%22%2C%22vid%22%3A%221625018011%22%7D%5D&mdg=1&media_type=standard&device_uuid=8039B5D9E52FE2C6F9FFDDB5F33B5BEF&dyt=0&device_type=DBBOX-A3&ups_ts=1762160907&onOff=65633&encr=1&ups_key=c25625f2cee155ef4106a8f31cdf3c49&yk_pid=cd719a991a008182&ckt=5&m_onoff=0&player_type=dnahard&pn=com.cibn.tv&extag_fields=STREAMTYPE&app_key=23299685&drm_type_value=copyrightDRM&v=v1&bkp=0
11-03 17:08:35.778 D/ShowHdrAudioLogoService( 950): receive broadcast, audio format:0
11-03 17:08:35.778 E/BufferQueueProducer( 4419): [SurfaceView[com.cibn.tv/com.youku.tv.home.activity.HomeActivity]#45(BLAST Consumer)45](id:11430000002d,api:0,p:-1,c:4419) cancelBuffer: BufferQueue has been abandoned
11-03 17:08:35.778 E/BufferQueueProducer( 4419): [SurfaceView[com.cibn.tv/com.youku.tv.home.activity.HomeActivity]#45(BLAST Consumer)45](id:11430000002d,api:0,p:-1,c:4419) cancelBuffer: BufferQueue has been abandoned
11-03 17:08:35.778 D/ShowHdrAudioLogoService( 950): clearContent
11-03 17:08:35.779 E/BufferQueueProducer( 4419): [SurfaceView[com.cibn.tv/com.youku.tv.home.activity.HomeActivity]#45(BLAST Consumer)45](id:11430000002d,api:0,p:-1,c:4419) cancelBuffer: BufferQueue has been abandoned
11-03 17:08:35.779 E/BufferQueueProducer( 4419): [SurfaceView[com.cibn.tv/com.youku.tv.home.activity.HomeActivity]#45(BLAST Consumer)45](id:11430000002d,api:0,p:-1,c:4419) cancelBuffer: BufferQueue has been abandoned
11-03 17:08:35.779 I/C2VdecBlockPoolUtil( 7986): ~C2VdecBlockPoolUtil success:162 count:305 fetch level:0.531148
11-03 17:08:35.780 I/C2VdecComponent( 7986): [0##107]"[stop] done"
11-03 17:08:35.780 D/C2BqBuffer( 7986): configuring null producer: igbp_information(0)
11-03 17:08:35.781 D/SurfaceUtils( 4419): disconnecting from surface 0xa64a4368, reason disconnectFromSurface
11-03 17:08:35.782 I/audio_hw_hal_primary( 461): [audiohal_get_latency:1036] io 13: out:0xf1bc39d0 frames:1152 rate:48000 whole_latency:24 alsa_latency:24
11-03 17:08:35.783 D/hwc_di ( 299): teardown.
11-03 17:08:35.783 D/hwc_di ( 299): threadMain exit.
11-03 17:08:35.783 D/hwc_di ( 299): teardown: wait last fence
11-03 17:08:35.784 D/hwc_di ( 299): teardown: wait last fence done
11-03 17:08:35.784 E/hwc_di ( 299): release mDi_Out i =1
11-03 17:08:35.788 I/C2VdecComponent( 7986): [0##107]"[release]"
11-03 17:08:35.788 I/C2VdecComponent( 7986): [0##107]"[reset]"
11-03 17:08:35.788 I/C2VdecComponent( 7986): [0##107]"[stop]"
11-03 17:08:35.788 I/DebugUtil( 7986): [~DebugUtil:71]
11-03 17:08:35.788 I/C2VdecComponent( 7986): [0##107]"[onDestroy]"
11-03 17:08:35.788 I/C2VdecDequeueThreadUtil( 7986): ~DequeueThreadUtil!!
11-03 17:08:35.788 I/VideoDecWraper( 7986): [0##107]"destroy"
11-03 17:08:35.788 D/ResmanWrapper( 7986): ~resManWrapper fd = 10
11-03 17:08:35.788 D/resman ( 7986): release all resource, fd = 10
11-03 17:08:35.788 I/VDA ( 7986): [0##107]"Destroy:1702"
11-03 17:08:35.788 I/VDA ( 7986): [0##107]"DestroyTask INS=0/0, OUTS=0/0"" {IN=0/8, OUT=13/13[kAtAccelerator(0) kAtDevice(0) kAtClient(13)]}"
11-03 17:08:35.788 I/VDA ( 7986): [0##107]"StopDevicePoll\n"
11-03 17:08:35.790 I/VDA ( 7986): [0##107]"StopInputStream input_streamon 0, input_buffer_map_.size 8\n"
11-03 17:08:35.790 I/AmlManagePts( 7986): [0]"resetPtsInfo into\n"
11-03 17:08:35.790 I/AmlManagePts( 7986): [0]"resetOutPutInfo into\n"
11-03 17:08:35.790 I/VDA ( 7986): [0##107]"DestroyInputBuffers:5083"
11-03 17:08:35.791 I/VDA ( 7986): [0##107]"DestroyOutputBuffers:5126"
11-03 17:08:35.791 I/audio_hw_hal_primary( 461): [audiohal_get_latency:1036] io 13: out:0xf1bc39d0 frames:1024 rate:48000 whole_latency:21 alsa_latency:21
11-03 17:08:35.793 E/NAccs.InAppConn_youku( 4419): onDataReceive type:200 dataid:-1
11-03 17:08:35.793 I/VDA ( 7986): [0##107]"DestroyTask:4223"
11-03 17:08:35.793 I/VDA ( 7986): [0##107]"DestroyTask:4225 destroy done signal."
11-03 17:08:35.794 I/BufferPoolWraper( 7986): [1]"free bufferpool region memory"
11-03 17:08:35.795 I/dmabufmanage( 7986): dmabufmanage_uninit-122 UnRegister dmabuf manager success 2
11-03 17:08:35.795 I/BufferPoolWraper( 7986): [1]"~BufferPoolWraper:163"
11-03 17:08:35.795 I/AmlManagePts( 7986): [0]"~AmlManagePts into\n"
11-03 17:08:35.795 I/VDA ( 7986): [0##107]"~V4L2VideoDecodeAccelerator:679"
11-03 17:08:35.796 E/NAccs.InAppConn_youku( 4419): onDataScheduled dataid:-1
11-03 17:08:35.796 E/NAccs.MsgRecv_youku( 4419): parseMessage dataId:1762160915724.32 target:reg0qxJQrPMv1cCNcrX5nyQT0BH25X0o|com.cibn.tv|accs-youku-scheduler|
11-03 17:08:35.799 I/DnaLog[SourceParserCmafSub][24]( 4419): [SubType:2] SourceParserCmafSub::Close() end
11-03 17:08:35.799 I/DnaLog[SourceParserCmafSub][24]( 4419): [SubType:2] [DNAEvent_KeyFlow:AudioCmafClose]
11-03 17:08:35.799 D/XM_HIDREAD( 1762): remove@ remove@/devices/platform/vdec/ammvdec_h265_v4l.0
11-03 17:08:35.799 I/DnaLog[SourceParserCmafSub][24]( 4419): [SubType:2] SourceParserCmafSub::Close() end
11-03 17:08:35.799 I/DnaLog[SourceParserCmafSub][24]( 4419): [SubType:1] [DNAEvent_KeyFlow:VideoCmafClose]
11-03 17:08:35.799 E/CIBN-Home-Fragment( 4419): update home scene mode from PROGRAM to HOME
11-03 17:08:35.800 I/SystemControl( 323): [/UEventObserver.cpp, HDMITxUenventThreadLoop, 451] HDMI TX switch_name:0, switch_state:
11-03 17:08:35.800 I/SystemControl-FRA( 323): [/FrameRateAutoAdaption.cpp, isFrameRateOn, 176] hdmi frame rate is on
11-03 17:08:35.800 I/DnaLog[SourceParserCmafSub][24]( 4419): [SubType:1] SourceParserCmafSub::Close() end
11-03 17:08:35.801 I/audio_hw_hal_primary( 461): [audiohal_get_latency:1036] io 13: out:0xf1bc39d0 frames:1024 rate:48000 whole_latency:21 alsa_latency:21
11-03 17:08:35.803 E/NAccs.MsgRecv_youku( 4419): handleMessage dataId:1762160915724.32 type:DATA reqType:ACK resType:NO_ACK target:reg0qxJQrPMv1cCNcrX5nyQT0BH25X0o|com.cibn.tv|accs-youku-scheduler|
11-03 17:08:35.804 I/VideoDecWraper( 7986): [0##107]"~VideoDecWraper"
11-03 17:08:35.804 I/AmVideoDec( 7986): [No--1]-[0]"~AmVideoDec IN[169:169] OUT[162:157]\n"
11-03 17:08:35.804 I/C2VdecDeviceUtil( 7986): [~DeviceUtil:70]
11-03 17:08:35.806 D/hwc_di ( 299): ~DiProcessor
11-03 17:08:35.806 I/SystemControl( 323): [frameRateDisplay] +++
11-03 17:08:35.806 I/SystemControl( 323): SystemControlHal frameRateDisplay 0,[0 0 0 0]
11-03 17:08:35.806 I/SystemControl( 323): [/SysWrite.cpp, getKernelReleaseVersion, 701] getKernelReleaseVersion: 5.15
11-03 17:08:35.807 D/SystemControl( 323): axis is 3840x2160
11-03 17:08:35.807 E/SystemControl( 323): inScreen 3840 2160 [ 0 0 0 0]
11-03 17:08:35.807 D/SystemControl( 323): SystemControlHal frect.inscreen() 0
11-03 17:08:35.807 I/SystemControl( 323): [/SysWrite.cpp, getKernelReleaseVersion, 701] getKernelReleaseVersion: 5.15
11-03 17:08:35.807 D/SystemControl( 323): axis is 3840x2160
11-03 17:08:35.807 E/SystemControl( 323): inScreen 3840 2160 [ 0 0 0 0]
11-03 17:08:35.807 I/SystemControl-FRA( 323): [/FrameRateAutoAdaption.cpp, isFrameRateOn, 176] hdmi frame rate is on
11-03 17:08:35.807 V/MesonDisplayServer( 299): GetDisplayMode:2160p60hz
11-03 17:08:35.808 I/DnaLog[SourceParserCmafSub][24]( 4419): [SubType:2] [DNAEvent_KeyFlow:AudioCmafClose]
11-03 17:08:35.808 I/SystemControl-FRA( 323): [/FrameRateAutoAdaption.cpp, setVideoLayerOn, 227] policycontrol by setVideoLayerOn 1 on 0 lastframe 0 and cost 1224324448
11-03 17:08:35.808 I/DnaLog[SourceParserCmafSub][24]( 4419): [SubType:2] SourceParserCmafSub::Close() end
11-03 17:08:35.808 I/DnaLog[SourceParserCmafSub][24]( 4419): [SubType:2] [DNAEvent_KeyFlow:AudioCmafClose]
11-03 17:08:35.808 I/DnaLog[SourceParserCmafSub][24]( 4419): [SubType:2] SourceParserCmafSub::Close() end
11-03 17:08:35.808 I/DnaLog[SourceParserCmafSub][24]( 4419): [SubType:2] [DNAEvent_KeyFlow:AudioCmafClose]
11-03 17:08:35.808 I/DnaLog[SourceParserCmafSub][24]( 4419): [SubType:2] SourceParserCmafSub::Close() end
11-03 17:08:35.808 V/MesonDisplayServer( 299): GetDisplayMode:2160p60hz
11-03 17:08:35.808 I/DnaLog[SourceParserCmafSub][24]( 4419): [SubType:1] [DNAEvent_KeyFlow:VideoCmafClose]
11-03 17:08:35.808 I/DnaLog[SourceParserCmafSub][24]( 4419): [SubType:1] SourceParserCmafSub::Close() end
11-03 17:08:35.808 I/SystemControl( 323): [frameRateDisplay] ---
11-03 17:08:35.808 E/DnaLog[interface][23]( 4419): Reply but no one wait mpResult:0x0 (timeout count:0)!!! result:0
11-03 17:08:35.810 I/audio_hw_hal_primary( 461): [audiohal_get_latency:1036] io 13: out:0xf1bc39d0 frames:1152 rate:48000 whole_latency:24 alsa_latency:24
11-03 17:08:35.811 D/SystemControl( 323): [CPQControl]:onVframeSizeChange: event value = 8(0x8)
11-03 17:08:35.811 D/SystemControl( 323): [CPQControl]:onVframeSizeChange: not hdrInfo event
11-03 17:08:35.814 I/C2VdecDeviceUtil( 7986): setSkipReallocBufMode:0
11-03 17:08:35.814 I/C2VdecDeviceUtil( 7986): [~DeviceUtil:76] clear vendor.media.llp
11-03 17:08:35.814 I/C2VdecGrallocWraper( 7986): free slot:0
11-03 17:08:35.815 I/gralloc ( 7986): am_gralloc_set_uvm_decoder_para: parameters:[slot_id=0,w*h(0*0),w_align=0,h_align=0,size=0,compress=0]
11-03 17:08:35.815 I/C2VdecComponent( 7986): [0##107]"[onDestroy] done"
11-03 17:08:35.817 I/SystemControl( 323): [/UEventObserver.cpp, HDMITxUenventThreadLoop, 451] HDMI TX switch_name:hdmitx_current_status, switch_state: 29
11-03 17:08:35.817 E/NAccs.AccsHandler( 4419): onReceiveData dataId:1762160915724.32 serviceId:accs-youku-scheduler command:100 className:d.t.f.J.c.b.a.a.a.a
11-03 17:08:35.821 I/audio_hw_hal_primary( 461): [audiohal_get_latency:1036] io 13: out:0xf1bc39d0 frames:1152 rate:48000 whole_latency:24 alsa_latency:24
11-03 17:08:35.827 D/SystemControl( 323): [CPQControl]:onVframeSizeChange: event value = 2(0x2)
11-03 17:08:35.827 E/SystemControl( 323): [CPQControl]:onVframeSizeChange: invalid case
11-03 17:08:35.827 D/SystemControl( 323): [CPQControl]:Cpq_GetSourceHDRType: newHdrType:6, source_input:10
11-03 17:08:35.830 I/audio_hw_hal_primary( 461): [audiohal_get_latency:1036] io 13: out:0xf1bc39d0 frames:1152 rate:48000 whole_latency:24 alsa_latency:24
11-03 17:08:35.840 I/audio_hw_hal_primary( 461): [audiohal_get_latency:1036] io 13: out:0xf1bc39d0 frames:1280 rate:48000 whole_latency:26 alsa_latency:26
11-03 17:08:35.841 W/ottp_sdk_YkAdApi( 4419): resetYKAdInfo, mVideoView:java.lang.ref.WeakReference@66c4e16,videoView:java.lang.ref.WeakReference@66c4e16
11-03 17:08:35.841 W/ottp_sdk_OTTVideoView[64251078]( 4419): onVideoStop already stopped, ignore
11-03 17:08:35.841 W/ottp_sdk_VideoViewImpl( 4419): mVideoStateChangeListener is null
11-03 17:08:35.842 W/ottp_sdk_VideoViewImpl( 4419): mVideoStateChangeListener is null
11-03 17:08:35.842 E/ottp_sdk_UpsRepositoryData( 4419): [ups_memCache]disable remove ups single item
11-03 17:08:35.843 W/ottp_sdk_[160173986]VideoViewProxy( 4419): commonApi called,34 param=null mVideoView=com.yunos.tv.player.media.view.OTTVideoView{3d464c6 V.E...... ......ID 0,0-1920,1080} mCommapiInfoMap={}
11-03 17:08:35.844 W/CIBN-DetailBaseForm( 4419): onDestroy
11-03 17:08:35.845 D/C2BqBuffer( 7986): configuring null producer: igbp_information(0)
11-03 17:08:35.850 I/audio_hw_hal_primary( 461): [audiohal_get_latency:1036] io 13: out:0xf1bc39d0 frames:1024 rate:48000 whole_latency:21 alsa_latency:21
11-03 17:08:35.850 D/MediaCodec( 4419): flushMediametrics
11-03 17:08:35.851 I/hw-BpHwBinder( 4419): onLastStrongRef automatically unlinking death recipients
11-03 17:08:35.852 I/hw-BpHwBinder( 7986): onLastStrongRef automatically unlinking death recipients
11-03 17:08:35.852 I/C2VdecComponent( 7986): [0##107]"~C2VdecComponent start"
11-03 17:08:35.852 I/C2VdecComponent( 7986): [0##107]"~C2VdecComponent done"
11-03 17:08:35.853 I/OPENCODEC::COpenDecoder( 4419): [Release:260] [24] enter MediaType[0]
11-03 17:08:35.853 I/OPENCODEC::COpenDecoder( 4419): [ReleaseUnDecodeQueue:619][24]enter MediaType[0]
11-03 17:08:35.853 I/OPENCODEC::COpenDecoder( 4419): [ReleaseUnDecodeQueue:632][24] end MediaType[0]
11-03 17:08:35.853 I/OPENCODEC::COpenDecoder( 4419): [ReleaseFrameMap:608][24] enter MediaType[0]
11-03 17:08:35.854 I/OPENCODEC::COpenDecoder( 4419): [ReleaseFrameMap:614][24] end MediaType[0]
11-03 17:08:35.854 I/OPENCODEC::COpenDecoder( 4419): [Release:271] [24] end MediaType[0]
11-03 17:08:35.854 I/OPENCODEC::AMediaCodecVideoDecoder( 4419): [Release:93] end
11-03 17:08:35.854 E/DnaLog[VideoConsumer][24]( 4419): [DoStop][757]done stopClearBufferCost:0 stopCodecCost:100 stopRenderCost:0 stopSurfaceCost:0, start:419985
11-03 17:08:35.854 E/DnaLog[util trace][14]( 4419): [DNAEvent_Abnormal:SectionTimeout]module name:video consumer, SectionName:ProcessCmd, cost: 50/100867, 1762160915854152 - 1762160915753285
11-03 17:08:35.854 E/DnaLog[OpenCoreImpl][24]( 4419): OpenCoreImpl enter state 1
11-03 17:08:35.854 E/DnaLog[OpenCoreImpl][24]( 4419): [DNA2_KLog][HandleStopPlay][1637]ret:0 StopPlayTotalCost:129 (pause:1, flush:27, stopPlayerMonitor:0 stopAudio:22 stopVideo:101 stopSource:101), stopAsync:1
11-03 17:08:35.854 W/CIBN-DetailBaseForm( 4419): onDestroy
11-03 17:08:35.862 I/audio_hw_hal_primary( 461): [audiohal_get_latency:1036] io 13: out:0xf1bc39d0 frames:1280 rate:48000 whole_latency:26 alsa_latency:26
11-03 17:08:35.864 E/DnaLog[OpenCoreImpl][24]( 4419): [DNAEvent_KeyFlow:CoreDelete] mbForceStopped:0, cnt:0
11-03 17:08:35.865 E/DnaLog[OpenCoreImpl][24]( 4419): Notify jni detach thread during engine thread exit
11-03 17:08:35.865 E/CIBN-DetailBaseFragment( 4419): detail v2 exit log: detail_v2_exit: [main]backkey-0; [main]onpause_enter-139; [main]onpause_video_enter-142; [main]onpause_video_prepause-144; [main]onpause_video_savehistory-147; [main]onpause_video_pause-147; [main]onpause_video_leave-208; [main]onpause_video_enter-209; [main]onpause_video_prepause-210; [main]onpause_video_savehistory-210; [main]onpause_video_pause-211; [main]onpause_video_leave-214; [main]onpause_leave-217; [main]onstop_enter-218; [main]onstop_leave-222; [main]home_onresume_enter-275; [main]home_onresume_done-282; [main]ondestroy-346
11-03 17:08:35.866 E/DnaLog[OpenSourceManager2][-1]( 4419): [Delete][60]begin
11-03 17:08:35.866 E/DnaLog[OpenSourceWrapper][24]( 4419): [Delete][361]ready to free itself
11-03 17:08:35.867 D/OPR_v3_OPRBarrageNativeView( 4419): commitOneBarrage barrageOnLeave bid:7838571858
11-03 17:08:35.867 D/OPR_v3_OPRBarrageNativeView( 4419): commitOneBarrage barrageOnLeave bid:9276937318
11-03 17:08:35.873 I/audio_hw_hal_primary( 461): [audiohal_get_latency:1036] io 13: out:0xf1bc39d0 frames:1152 rate:48000 whole_latency:24 alsa_latency:24
11-03 17:08:35.883 I/audio_hw_hal_primary( 461): [audiohal_get_latency:1036] io 13: out:0xf1bc39d0 frames:1152 rate:48000 whole_latency:24 alsa_latency:24
11-03 17:08:35.890 D/audio_hw_hal_stream( 461): update_audio_hal_info() audio hal format change to 1, atmos flag = 0, is_dolby_atmos = 0, dts_hp_x = 0, update_type = 0 is_dolby_atmos_off = 1 virtual_bass_enable 0
11-03 17:08:35.890 D/audio_hw_hal_stream( 461): update_audio_hal_info() cur_out_devices 0x400, dap_bypass_enable = 0, is_ms12_tuning_dat = 0, dolby_ms12_enable = 1, output_config = 0xc
11-03 17:08:35.890 D/UEventObserver( 950): change@/devices/platform/auge_sound/sound/card0/controlC0ACTION=changeDEVPATH=/devices/platform/auge_sound/sound/card0/controlC0SUBSYSTEM=soundAUDIO_FORMAT=0MAJOR=116MINOR=13DEVNAME=snd/controlC0SEQNUM=3990
11-03 17:08:35.890 I/audio_hw_hal_primary( 461): [audiohal_get_latency:1036] io 13: out:0xf1bc39d0 frames:1152 rate:48000 whole_latency:24 alsa_latency:24
11-03 17:08:35.892 D/ShowHdrAudioLogoService( 950): receive broadcast, audio format:0
11-03 17:08:35.892 D/ShowHdrAudioLogoService( 950): clearContent
11-03 17:08:35.896 E/DOWNLOADER_LOG( 4419): [YKTunnel.cpp::DestoryYkTunnel:42] preplay destory tunnel
11-03 17:08:35.897 E/DnaLog[OpenSourceManager2][-1]( 4419): [Delete][75]end
11-03 17:08:35.898 E/DnaLog[hal_video_android][1]( 4419): [ZVIDEO] CAndroidVideoOutHAL Delete
11-03 17:08:35.901 I/audio_hw_hal_primary( 461): [audiohal_get_latency:1036] io 13: out:0xf1bc39d0 frames:1152 rate:48000 whole_latency:24 alsa_latency:24
11-03 17:08:35.904 D/aliplayer_tracer( 4419): aliplayer_tracer_deinit cnt:0
11-03 17:08:35.905 D/PlayerStateMachine( 4419): handleEvent: event=STOP,AliPlayer:com.youku.alixplayer.instances.Aliplayer@f44a87c SourceState=STATE_VIDEO_PAUSED, DestState=STATE_STOPPED
11-03 17:08:35.908 E/Alix_QueueItem( 4419): removeItem queueItem=XNTk2NDM1MjEyOA==
11-03 17:08:35.908 E/Alix_InstancePool( 4419): release result=false
11-03 17:08:35.908 E/Alix_Aliplayer( 4419): destruct aliplayerNum=-23
11-03 17:08:35.908 I/ALIX_LOG( 4419): [virtual int alix::MixedCodecsPlayer::setListener(std::shared_ptr):710] enter
11-03 17:08:35.908 I/ALIX_LOG( 4419): [void alix::Timeline::SetSurface(CPSurface &):625] SetSurface delete old
11-03 17:08:35.908 I/ALIX_LOG( 4419): [void alix::Timeline::SetSurface(CPSurface &):625] SetSurface delete old
11-03 17:08:35.908 I/ALIX_LOG( 4419): [void alix_player::Deinit(JNIEnv *, jobject):1867] release old surface:0x6bce
11-03 17:08:35.908 E/ALIX_LOG( 4419): [void alix_player::Deinit(JNIEnv *, jobject):1874] Deinit MixedCodecsPlayer :0
11-03 17:08:35.908 I/ALIX_LOG( 4419): [virtual alix::MixedCodecsPlayer::~MixedCodecsPlayer():53] ~MixedCodecsPlayer gPlayerCount:0
11-03 17:08:35.908 I/ALIX_LOG( 4419): [alix::Timeline::~Timeline():101] Timeline deinit
11-03 17:08:35.909 I/ALIX_LOG( 4419): [auto alix::MessageLooper::Start()::(anonymous class)::operator()(std::shared_ptr, std::shared_ptr >, std::shared_ptr) const:109] MessageLooper::thread exit 2
11-03 17:08:35.909 I/ALIX_LOG( 4419): [alix::Timeline::~Timeline():101] Timeline deinit
11-03 17:08:35.909 I/ALIX_LOG( 4419): [auto alix::MessageLooper::Start()::(anonymous class)::operator()(std::shared_ptr, std::shared_ptr >, std::shared_ptr) const:109] MessageLooper::thread exit 1
11-03 17:08:35.909 E/Alix_InstancePool( 4419): release destruct t=com.youku.alixplayer.instances.Aliplayer@f44a87c aliplayerNum=0
11-03 17:08:35.909 E/ALIX_LOG( 4419): [void alix_period::Deinit(JNIEnv *, jobject):255] before ref count:4
11-03 17:08:35.909 E/ALIX_LOG( 4419): [void alix_period::Deinit(JNIEnv *, jobject):259] after ref count:3
11-03 17:08:35.909 E/AlixPlayer-Java( 4419): stop()<<
11-03 17:08:35.909 I/Ap_Api_AliPlayerImpl_79817847_Milestone( 4419): reset
11-03 17:08:35.909 E/AlixPlayer-Java( 4419): stop()>>
11-03 17:08:35.910 D/AlixPlayer-Java( 4419): stop in wrong state!
11-03 17:08:35.910 E/AlixPlayer-Java( 4419): stop()<<
11-03 17:08:35.910 I/audio_hw_hal_primary( 461): [audiohal_get_latency:1036] io 13: out:0xf1bc39d0 frames:1152 rate:48000 whole_latency:24 alsa_latency:24
11-03 17:08:35.911 D/audioserver( 503): logFgsApiEnd: FGS Logger Transaction failed, -129
11-03 17:08:35.911 D/Ap_Api_AliPlayerBase( 4419): setOnTimedTextListener
11-03 17:08:35.912 I/Ap_Api_AliPlayerImpl_79817847_Milestone( 4419): release
11-03 17:08:35.918 I/Ap_Api_AliPlayerImpl_79817847_Milestone( 4419): recycle
11-03 17:08:35.919 I/Ap_Api_AliPlayerImpl_79817847_Milestone( 4419): releaseReal
11-03 17:08:35.919 E/AlixPlayer-Java( 4419): release()>>
11-03 17:08:35.919 E/AlixPlayer-Java-core( 4419): alixplayer release mAlixNum=0
11-03 17:08:35.919 D/AlixPlayer-Java( 4419): release()
11-03 17:08:35.919 D/PlayerStateMachine( 4419): handleEvent: event=RELEASE,AliPlayer:com.youku.alixplayer.instances.Aliplayer@f44a87c SourceState=STATE_STOPPED, DestState=STATE_RELEASED
11-03 17:08:35.920 E/Alix_Aliplayer( 4419): destruct aliplayerNum=-24
11-03 17:08:35.920 E/AlixPlayer-Java( 4419): release() <<
11-03 17:08:35.920 I/MediaPlayerWrapper[199526324]( 4419): releaseMediaPlayer thread over setIsAsynStoping=false
11-03 17:08:35.911 I/OttAsyncExecuto( 4419): type=1400 audit(0.0:3736): avc: denied { write } for name="property_service" dev="tmpfs" ino=411 scontext=u:r:untrusted_app_25:s0:c512,c768 tcontext=u:object_r:property_socket:s0 tclass=sock_file permissive=1 app=com.cibn.tv
11-03 17:08:35.911 I/OttAsyncExecuto( 4419): type=1400 audit(0.0:3737): avc: denied { connectto } for path="/dev/socket/property_service" scontext=u:r:untrusted_app_25:s0:c512,c768 tcontext=u:r:init:s0 tclass=unix_stream_socket permissive=1 app=com.cibn.tv
11-03 17:08:35.921 D/Ap_Api_AliPlayerBase( 4419): setOnTimedTextListener
11-03 17:08:35.921 W/ottp_sdk_DnaPlayer[state:0][XNTk2NDM1MjEyOA==+24+1762160907852]( 4419): release invalid state 0
11-03 17:08:35.921 D/Ap_Api_AliPlayerBase( 4419): setOnTimedTextListener
11-03 17:08:35.921 I/Ap_Api_AliPlayerImpl_224226810_Milestone( 4419): recycle
11-03 17:08:35.921 I/Ap_Api_AliPlayerImpl_224226810_Milestone( 4419): releaseReal
11-03 17:08:35.921 E/AlixPlayer-Java( 4419): release()>>
11-03 17:08:35.921 E/AlixPlayer-Java( 4419): release() << alixplayer release return; mIsReleased=true
11-03 17:08:35.942 E/CIBN-ImageLoader( 4419): load large bitmap, size: 818x460
11-03 17:08:36.129 E/Firebrick( 4419): get cookie, disable web view cookies.
11-03 17:08:36.309 D/SystemControl( 323): really getLastFrame 0 0
11-03 17:08:36.695 I/WifiHAL ( 475): call wifi_get_link_stats handler
11-03 17:08:36.695 I/WifiHAL ( 475): Creating message to get link statistics; iface = 16
11-03 17:08:36.695 D/WifiHAL ( 475): error code -95 mapped to -3
11-03 17:08:36.695 E/WifiStaIfaceAidlImpl( 697): getLinkLayerStats failed with service-specific exception: android.os.ServiceSpecificException: (code 4)
11-03 17:08:36.795 W/CIBN-LivePopManager( 4419): getDataJson mDataJson null:
11-03 17:08:38.260 I/PCDN_TAG( 4419): [ 4894]Peer::pulse,state:3,port:8909,fr:0,fmode=C1FF,ftype=C000
11-03 17:08:38.529 I/XcdnEngine-N( 4419): 2025-11-03 17:08:38.529 [connection_manager.cpp:426] send error:Network is unreachable
11-03 17:08:38.710 D/audio_hw_hal_primary( 461): [out_standby_new:5508] io 13: out:0xf1bc39d0 streamType:PCM_NORMAL
11-03 17:08:38.710 I/audio_hw_hal_primary( 461): [do_output_standby_l:5428] io 13: out:0xf1bc39d0, stream streamType:PCM_NORMAL, continuous:1
11-03 17:08:38.710 I/audio_hw_hal_streamMgr( 461): [aml_get_is_exist_active_stream:249] ptmp:0xf4a85490 pStream:0xf1bc1090, amlStream:0xf1bc1090, streamCount:2 nodeIndex:2, retValue:0
11-03 17:08:38.710 I/audio_hw_hal_streamMgr( 461): [aml_get_is_exist_active_stream:249] ptmp:0xf4a85490 pStream:0xf1bc1090, amlStream:0xf1bc1090, streamCount:2 nodeIndex:2, retValue:0
11-03 17:08:38.710 I/audio_hw_hal_ms12common( 461): aml_set_ms12_scheduler_state ms12_scheduler_state:1, sch_state:1 SCHEDULER_STANDBY is sent to ms12
11-03 17:08:38.710 D/audio_hw_hal_primary( 461): [out_standby_new:5560] io 13: out:0xf1bc39d0 streamType:PCM_NORMAL exit
11-03 17:08:38.778 I/libdolbyms12( 461): continuous underrun 5
11-03 17:08:38.966 D/uninstall( 3004): isAllowStart last_delay 0, current_time 1762160918
11-03 17:08:38.966 I/uninstall( 3004): enable_service com.ktcp.video/com.tencent.qqlivetv.keeplive.proc.DaemonService com.ktcp.video/(null)
11-03 17:08:38.966 D/uninstall( 3004): enable_service waitpid
11-03 17:08:38.966 D/uninstall( 8351): enable_service pid == 0
11-03 17:08:38.966 D/uninstall( 8351): enable_service version >= 17 || version == 0 version == 34
11-03 17:08:39.007 I/uninstall( 3004): watchdaemon process_name = com.ktcp.video:daemon has gone, start it
11-03 17:08:39.007 D/uninstall( 3004): watchdaemon waitpid
11-03 17:08:39.007 D/uninstall( 8355): watchdaemon pid == 0
11-03 17:08:39.007 D/uninstall( 8355): watchdaemon version >= 17 || version == 0 version == 34
11-03 17:08:39.260 I/PCDN_TAG( 4419): [ 4898]ensure_directory_path access path[/storage/emulated/0/Android/data/com.cibn.tv/cache/20000002/accdata_vod/pcdn] result[0]
11-03 17:08:39.527 I//apex/com.android.adbd/bin/adbd( 1361): type=1400 audit(0.0:3738): avc: denied { read write } for comm=75736220666673206F70656E name="ep0" dev="functionfs" ino=25276 scontext=u:r:su:s0 tcontext=u:object_r:functionfs:s0 tclass=file permissive=1
11-03 17:08:39.527 I//apex/com.android.adbd/bin/adbd( 1361): type=1400 audit(0.0:3739): avc: denied { open } for comm=75736220666673206F70656E path="/dev/usb-ffs/adb/ep0" dev="functionfs" ino=25276 scontext=u:r:su:s0 tcontext=u:object_r:functionfs:s0 tclass=file permissive=1
11-03 17:08:39.694 I/audio_hw_hal_alsamgr( 461): alsa format =0x1 delay frames =1024 total frames=768000
11-03 17:08:39.699 I/WifiHAL ( 475): call wifi_get_link_stats handler
11-03 17:08:39.699 I/WifiHAL ( 475): Creating message to get link statistics; iface = 16
11-03 17:08:39.699 D/WifiHAL ( 475): error code -95 mapped to -3
11-03 17:08:39.700 E/WifiStaIfaceAidlImpl( 697): getLinkLayerStats failed with service-specific exception: android.os.ServiceSpecificException: (code 4)
11-03 17:08:40.276 W/CIBN-CdnUpdateManager( 4419): executeRefreshTask: module already updated, ignore this task, pageId = 1817, drawerIds = 51453,51424
11-03 17:08:40.276 W/CIBN-CdnUpdateManager( 4419): executeRefreshTask: module already updated, ignore this task, pageId = 934, drawerIds = 64072
11-03 17:08:40.294 D/TrafficStats( 4419): tagSocket(183) with statsTag=0xffffffff, statsUid=-1
11-03 17:08:40.772 D/BufferPoolAccessor2.0( 4419): bufferpool2 0xa6e86328 : 0(0 size) total buffers - 0(0 size) used buffers - 0/5 (recycle/alloc) - 4/500 (fetch/transfer)
11-03 17:08:40.772 D/BufferPoolAccessor2.0( 4419): evictor expired: 1, evicted: 1
11-03 17:08:40.777 D/BufferPoolAccessor2.0( 594): evictor expired: 1, evicted: 0
11-03 17:08:41.710 D/audio_hw_hal_ms12common( 461): func:ms12_timer_callback_handler sigv:0 ~~~~~~~~~~
11-03 17:08:41.710 D/audio_hw_hal_ms12v2( 461): set_dolby_ms12_continuous_state audio_continuous_standby_set status 1
11-03 17:08:41.710 D/audio_hw_hal_continuous_standby( 461): audio_continuous_standby_set, type 0, params 1
11-03 17:08:41.710 D/audio_hw_hal_ms12common( 461): aml_send_ms12_scheduler_state_2_ms12 adev:0xf1e44ba0, sch_state:1(SCHEDULER_STANDBY)
11-03 17:08:41.772 D/BufferPoolAccessor2.0( 4419): bufferpool2 0xa6e83628 : 0(0 size) total buffers - 0(0 size) used buffers - 1/9 (recycle/alloc) - 8/169 (fetch/transfer)
11-03 17:08:41.772 D/BufferPoolAccessor2.0( 4419): evictor expired: 1, evicted: 1
11-03 17:08:42.703 I/WifiHAL ( 475): call wifi_get_link_stats handler
11-03 17:08:42.703 I/WifiHAL ( 475): Creating message to get link statistics; iface = 16
11-03 17:08:42.703 D/WifiHAL ( 475): error code -95 mapped to -3
11-03 17:08:42.703 E/WifiStaIfaceAidlImpl( 697): getLinkLayerStats failed with service-specific exception: android.os.ServiceSpecificException: (code 4)
11-03 17:08:43.227 V/HTTP_KIT_LOG( 4419): [DumpInfo:79] ntk profile: job_read_ipv4_timeout3000| job_read_ipv6_timeout1500| job_max_retry_time120| job_open_timeout-1| job_read_timeout200| job_measure_ts_gap2000| job_measure_bytes_limit100000
11-03 17:08:43.227 E/HTTP_KIT_LOG( 4419): [GetRequestCaller:685] fetch aps config cost:10
11-03 17:08:43.227 I/HTTP_KIT_LOG( 4419): [Send:235] SCENE_PCDN:[jobId_292] Send url http://pss.alicdn.com/iku/log/acc?ver=10.25.42.1210&flag=1000000&t=1&mytype=c90y-other
11-03 17:08:43.227 I/HTTP_KIT_LOG( 4419): [UpdateConfig:108] SCENE_PCDN:[jobId_292] dump config:User-Agent :ikuacc
11-03 17:08:43.227 I/HTTP_KIT_LOG( 4419): Content-Type :application/octet-stream
11-03 17:08:43.227 I/HTTP_KIT_LOG( 4419): Host :pss.alicdn.com
11-03 17:08:43.227 I/HTTP_KIT_LOG( 4419): Content-Length :238
11-03 17:08:43.227 I/HTTP_KIT_LOG( 4419): [UpdateUrl:66] use domain pss.alicdn.com
11-03 17:08:43.227 I/HTTP_KIT_LOG( 4419): [InstallTimer:128] SCENE_PCDN:[jobId_292] start open timeout timer=10000
11-03 17:08:43.227 E/HTTP_KIT_LOG( 4419): [Lookup:118] SCENE_PCDN:[jobId_292] SmartDns use cache domain:pss.alicdn.com addrs:106.15.163.128[2],
11-03 17:08:43.227 I/HTTP_KIT_LOG( 4419): [AddRequestHeader:498] job:SCENE_PCDN:[jobId_292] add header:[ range_from:0,cur_download:0,range:default:0- | User-Agent :ikuacc
11-03 17:08:43.227 I/HTTP_KIT_LOG( 4419): Content-Type :application/octet-stream
11-03 17:08:43.227 I/HTTP_KIT_LOG( 4419): Host :pss.alicdn.com
11-03 17:08:43.227 I/HTTP_KIT_LOG( 4419): Content-Length :238
11-03 17:08:43.227 I/HTTP_KIT_LOG( 4419): | Add Ip Resolve: 106.15.163.128 ]
11-03 17:08:43.269 I/HTTP_KIT_LOG( 4419): [Send:235] SCENE_PCDN_NG:[jobId_293] Send url http://pss.alicdn.com/iku/log/acc?ver=10.25.2.4140&flag=1000000&t=1&mytype=c90y-other
11-03 17:08:43.269 I/HTTP_KIT_LOG( 4419): [UpdateConfig:108] SCENE_PCDN_NG:[jobId_293] dump config:User-Agent :ikuacc
11-03 17:08:43.269 I/HTTP_KIT_LOG( 4419): Content-Type :application/octet-stream
11-03 17:08:43.269 I/HTTP_KIT_LOG( 4419): Host :pss.alicdn.com
11-03 17:08:43.269 I/HTTP_KIT_LOG( 4419): Content-Length :662
11-03 17:08:43.269 I/HTTP_KIT_LOG( 4419): Connection :close
11-03 17:08:43.269 I/HTTP_KIT_LOG( 4419): [UpdateUrl:66] use domain pss.alicdn.com
11-03 17:08:43.269 I/HTTP_KIT_LOG( 4419): [InstallTimer:128] SCENE_PCDN_NG:[jobId_293] start open timeout timer=10000
11-03 17:08:43.269 E/HTTP_KIT_LOG( 4419): [Lookup:118] SCENE_PCDN_NG:[jobId_293] SmartDns use cache domain:pss.alicdn.com addrs:106.15.163.128[2],
11-03 17:08:43.270 I/HTTP_KIT_LOG( 4419): [AddRequestHeader:498] job:SCENE_PCDN_NG:[jobId_293] add header:[ range_from:0,cur_download:0,range:default:0- | User-Agent :ikuacc
11-03 17:08:43.270 I/HTTP_KIT_LOG( 4419): Content-Type :application/octet-stream
11-03 17:08:43.270 I/HTTP_KIT_LOG( 4419): Host :pss.alicdn.com
11-03 17:08:43.270 I/HTTP_KIT_LOG( 4419): Content-Length :662
11-03 17:08:43.270 I/HTTP_KIT_LOG( 4419): Connection :close
11-03 17:08:43.270 I/HTTP_KIT_LOG( 4419): | Add Ip Resolve: 106.15.163.128 ]
11-03 17:08:43.292 I/HTTP_KIT_LOG( 4419): [StopTimer:165] SCENE_PCDN:[jobId_292] stop open timeout timer
11-03 17:08:43.292 I/HTTP_KIT_LOG( 4419): [operator():492] SCENE_PCDN:[jobId_292] notify response
11-03 17:08:43.293 E/HTTP_KIT_LOG( 4419): [OnResponse:205] SCENE_PCDN:[jobId_292] OnResponse content-length:5 of content-type:application/json; charset=utf-8, file-size:5
11-03 17:08:43.293 E/HTTP_KIT_LOG( 4419): headers:
11-03 17:08:43.293 I/HTTP_KIT_LOG( 4419): [operator():463] SCENE_PCDN:[jobId_292] notify complete
11-03 17:08:43.293 I/HTTP_KIT_LOG( 4419): [Close:281] SCENE_PCDN:[jobId_292] Close
11-03 17:08:43.293 I/HTTP_KIT_LOG( 4419): [PrintStr:417] SCENE_PCDN:[jobId_292] ReportStat: {"appconnectTime":0.0,"connectTime":32324.0,"dnsTime":84.0,"downloadSize":5.0,"downloadTime":65688.0,"error_rtt":-1.0,"firstBTime":65357.0,"firstKBTime":0.0,"firstMBTime":0.0,"last32KTime":0.0,"redirectTime":0.0,"speed":0.07,"starttransferTime":64616.99}
11-03 17:08:43.337 I/HTTP_KIT_LOG( 4419): [StopTimer:165] SCENE_PCDN_NG:[jobId_293] stop open timeout timer
11-03 17:08:43.337 I/HTTP_KIT_LOG( 4419): [operator():492] SCENE_PCDN_NG:[jobId_293] notify response
11-03 17:08:43.337 E/HTTP_KIT_LOG( 4419): [OnResponse:205] SCENE_PCDN_NG:[jobId_293] OnResponse content-length:5 of content-type:application/json; charset=utf-8, file-size:5
11-03 17:08:43.337 E/HTTP_KIT_LOG( 4419): headers:
11-03 17:08:43.338 I/HTTP_KIT_LOG( 4419): [operator():463] SCENE_PCDN_NG:[jobId_293] notify complete
11-03 17:08:43.338 I/HTTP_KIT_LOG( 4419): [Close:281] SCENE_PCDN_NG:[jobId_293] Close
11-03 17:08:43.338 I/HTTP_KIT_LOG( 4419): [PrintStr:417] SCENE_PCDN_NG:[jobId_293] ReportStat: {"appconnectTime":0.0,"connectTime":33652.99,"dnsTime":84.0,"downloadSize":5.0,"downloadTime":68478.0,"error_rtt":-1.0,"firstBTime":68148.0,"firstKBTime":0.0,"firstMBTime":0.0,"last32KTime":0.0,"redirectTime":0.0,"speed":0.07,"starttransferTime":66760.0}
11-03 17:08:43.706 I/audio_hw_hal_alsamgr( 461): alsa format =0x24000000 delay frames =4288 total frames=3840000
11-03 17:08:44.327 E/speedtest( 4419): mtop_rt:54|61|59|171|0|0|0|0|0|0|0|0|0|51|0|55|69|0|51|44|58|59|0|0|0|0|44|61|47|0|,traffic_info:[2480, 3360, 4802],rx_byte:419|584|42|1782|261|2735|240|3828|1962|36|2485|1902|202|860|4235|2231|39|41|4615|1150|3775|1800|3564|2480|680|1354|6077|3098|4802|42|,nc_type:0
11-03 17:08:44.773 I/[NIP] ( 4419): [ng handler] update remote cfg last:1762160914768, cur:1762160924772
11-03 17:08:44.773 E/OTTPlayer( 4419): [NIP] [NIP][ng handler] update remote cfg last:1762160914768, cur:1762160924772
11-03 17:08:45.273 D/WanClient( 1429): sendHeartMessage
11-03 17:08:45.273 D/WanClient( 1429): -----final------sendMessage: {"type":"2bKPMh2jwmQ="}
11-03 17:08:45.289 D/WanClient( 1429): onMessage:Thread[WebSocketConnectReadThread-70,5,main]--{"msg":"+MSejyjwlbc="}
11-03 17:08:45.290 D/WanClient( 1429): onMessageReceived:Thread[WebSocketConnectReadThread-70,5,main] {"msg":"+MSejyjwlbc="}
11-03 17:08:45.290 D/WanClient( 1429): type: null
11-03 17:08:45.290 D/WanClient( 1429): send:HB7FxtN64oc=
11-03 17:08:45.290 D/WanClient( 1429): leave:uQ3qCmhm4oA=
11-03 17:08:45.290 D/WanClient( 1429): join:7EsoetslBbs=
11-03 17:08:45.290 D/WanClient( 1429): q5TrJmBoEmShmpfjN3vFNg==
11-03 17:08:45.632 I/BLEAudioDrive_HV412( 461): select timeout!
11-03 17:08:45.632 D/audio_so_hv_309( 461): HBG remote is powerdown!
11-03 17:08:45.709 I/WifiHAL ( 475): call wifi_get_link_stats handler
11-03 17:08:45.709 I/WifiHAL ( 475): Creating message to get link statistics; iface = 16
11-03 17:08:45.709 D/WifiHAL ( 475): error code -95 mapped to -3
11-03 17:08:45.709 E/WifiStaIfaceAidlImpl( 697): getLinkLayerStats failed with service-specific exception: android.os.ServiceSpecificException: (code 4)
11-03 17:08:48.265 I/PCDN_TAG( 4419): [ 4894]Peer::pulse,state:3,port:8909,fr:0,fmode=C1FF,ftype=C000
11-03 17:08:48.713 I/WifiHAL ( 475): call wifi_get_link_stats handler
11-03 17:08:48.713 I/WifiHAL ( 475): Creating message to get link statistics; iface = 16
11-03 17:08:48.713 D/WifiHAL ( 475): error code -95 mapped to -3
11-03 17:08:48.714 E/WifiStaIfaceAidlImpl( 697): getLinkLayerStats failed with service-specific exception: android.os.ServiceSpecificException: (code 4)
11-03 17:08:49.094 D/uninstall( 3004): isAllowStart last_delay 0, current_time 1762160929
11-03 17:08:49.094 I/uninstall( 3004): enable_service com.ktcp.video/com.tencent.qqlivetv.keeplive.proc.DaemonService com.ktcp.video/(null)
11-03 17:08:49.095 D/uninstall( 3004): enable_service waitpid
11-03 17:08:49.095 D/uninstall( 8370): enable_service pid == 0
11-03 17:08:49.095 D/uninstall( 8370): enable_service version >= 17 || version == 0 version == 34
11-03 17:08:49.131 I/uninstall( 3004): watchdaemon process_name = com.ktcp.video:daemon has gone, start it
11-03 17:08:49.132 D/uninstall( 3004): watchdaemon waitpid
11-03 17:08:49.132 D/uninstall( 8374): watchdaemon pid == 0
11-03 17:08:49.132 D/uninstall( 8374): watchdaemon version >= 17 || version == 0 version == 34
11-03 17:08:51.717 I/WifiHAL ( 475): call wifi_get_link_stats handler
11-03 17:08:51.717 I/WifiHAL ( 475): Creating message to get link statistics; iface = 16
11-03 17:08:51.717 D/WifiHAL ( 475): error code -95 mapped to -3
11-03 17:08:51.717 E/WifiStaIfaceAidlImpl( 697): getLinkLayerStats failed with service-specific exception: android.os.ServiceSpecificException: (code 4)
11-03 17:08:52.925 I/audio_hw_hal_alsamgr( 461): alsa format =0x1 delay frames =768 total frames=1403456
11-03 17:08:54.328 E/speedtest( 4419): mtop_rt:61|59|171|0|0|0|0|0|0|0|0|0|51|0|55|69|0|51|44|58|59|0|0|0|0|44|61|47|0|0|,traffic_info:[2480, 3360, 4802],rx_byte:584|42|1782|261|2735|240|3828|1962|36|2485|1902|202|860|4235|2231|39|41|4615|1150|3775|1800|3564|2480|680|1354|6077|3098|4802|42|33|,nc_type:0
11-03 17:08:54.721 I/WifiHAL ( 475): call wifi_get_link_stats handler
11-03 17:08:54.721 I/WifiHAL ( 475): Creating message to get link statistics; iface = 16
11-03 17:08:54.721 D/WifiHAL ( 475): error code -95 mapped to -3
11-03 17:08:54.722 E/WifiStaIfaceAidlImpl( 697): getLinkLayerStats failed with service-specific exception: android.os.ServiceSpecificException: (code 4)
11-03 17:08:54.783 I/[NIP] ( 4419): [ng handler] update remote cfg last:1762160924772, cur:1762160934781
11-03 17:08:54.783 E/OTTPlayer( 4419): [NIP] [NIP][ng handler] update remote cfg last:1762160924772, cur:1762160934781
11-03 17:08:55.638 I/BLEAudioDrive_HV412( 461): select timeout!
11-03 17:08:57.569 I/com.cibn.tv( 4419): Background young concurrent copying GC freed 292840(19MB) AllocSpace objects, 66(4432KB) LOS objects, 33% free, 48MB/72MB, paused 417us,218us total 126.205ms
11-03 17:08:57.726 I/WifiHAL ( 475): call wifi_get_link_stats handler
11-03 17:08:57.726 I/WifiHAL ( 475): Creating message to get link statistics; iface = 16
11-03 17:08:57.726 D/WifiHAL ( 475): error code -95 mapped to -3
11-03 17:08:57.726 E/WifiStaIfaceAidlImpl( 697): getLinkLayerStats failed with service-specific exception: android.os.ServiceSpecificException: (code 4)
11-03 17:08:58.269 I/PCDN_TAG( 4419): [ 4894]Peer::pulse,state:3,port:8909,fr:0,fmode=C1FF,ftype=C000
11-03 17:08:58.538 I/XcdnEngine-N( 4419): 2025-11-03 17:08:58.538 [connection_manager.cpp:426] send error:Network is unreachable
11-03 17:08:59.211 D/uninstall( 3004): isAllowStart last_delay 0, current_time 1762160939
11-03 17:08:59.212 I/uninstall( 3004): enable_service com.ktcp.video/com.tencent.qqlivetv.keeplive.proc.DaemonService com.ktcp.video/(null)
11-03 17:08:59.213 D/uninstall( 3004): enable_service waitpid
11-03 17:08:59.213 D/uninstall( 8387): enable_service pid == 0
11-03 17:08:59.213 D/uninstall( 8387): enable_service version >= 17 || version == 0 version == 34
11-03 17:08:59.262 I/uninstall( 3004): watchdaemon process_name = com.ktcp.video:daemon has gone, start it
11-03 17:08:59.263 D/uninstall( 3004): watchdaemon waitpid
11-03 17:08:59.263 D/uninstall( 8391): watchdaemon pid == 0
11-03 17:08:59.263 D/uninstall( 8391): watchdaemon version >= 17 || version == 0 version == 34
11-03 17:09:00.088 D/hdmicecd( 471): [CEC]:printCecMsgBuf, msg: 04 8f
11-03 17:09:00.089 D/HDMI ( 697): [R]: 04:8F
11-03 17:09:00.090 D/HDMI ( 697): [S]: 40:90:00
11-03 17:09:00.284 D/OomAdjuster( 697): Not killing cached processes
11-03 17:09:00.288 D/bbb ( 1556): onStartCommand begin !!!!!!! data分区剩余 51058MB
11-03 17:09:00.550 D/hdmicecd( 471): [CEC]:printCecMessage, [4 -> 0] len: 2, body: 90 00, result:success
11-03 17:09:00.550 E/IPCThreadState( 471): binder thread pool (1 threads) starved for 460 ms
11-03 17:09:00.730 I/WifiHAL ( 475): call wifi_get_link_stats handler
11-03 17:09:00.730 I/WifiHAL ( 475): Creating message to get link statistics; iface = 16
11-03 17:09:00.731 D/WifiHAL ( 475): error code -95 mapped to -3
11-03 17:09:00.731 E/WifiStaIfaceAidlImpl( 697): getLinkLayerStats failed with service-specific exception: android.os.ServiceSpecificException: (code 4)
11-03 17:09:01.935 D/TrafficStats( 4419): tagSocket(477) with statsTag=0xffffffff, statsUid=-1
11-03 17:09:03.705 I/audio_hw_hal_alsamgr( 461): alsa format =0x24000000 delay frames =4384 total frames=7680000
11-03 17:09:03.737 I/WifiHAL ( 475): call wifi_get_link_stats handler
11-03 17:09:03.737 I/WifiHAL ( 475): Creating message to get link statistics; iface = 16
11-03 17:09:03.737 D/WifiHAL ( 475): error code -95 mapped to -3
11-03 17:09:03.737 E/WifiStaIfaceAidlImpl( 697): getLinkLayerStats failed with service-specific exception: android.os.ServiceSpecificException: (code 4)
