11-03 17:10:18.888 D/WifiHAL ( 475): error code -95 mapped to -3
11-03 17:10:18.889 E/WifiStaIfaceAidlImpl( 697): getLinkLayerStats failed with service-specific exception: android.os.ServiceSpecificException: (code 4)
11-03 17:10:20.301 D/uninstall( 3004): isAllowStart last_delay 0, current_time 1762161020
11-03 17:10:20.301 I/uninstall( 3004): enable_service com.ktcp.video/com.tencent.qqlivetv.keeplive.proc.DaemonService com.ktcp.video/(null)
11-03 17:10:20.302 D/uninstall( 3004): enable_service waitpid
11-03 17:10:20.302 D/uninstall( 8576): enable_service pid == 0
11-03 17:10:20.302 D/uninstall( 8576): enable_service version >= 17 || version == 0 version == 34
11-03 17:10:20.347 I/uninstall( 3004): watchdaemon process_name = com.ktcp.video:daemon has gone, start it
11-03 17:10:20.348 D/uninstall( 3004): watchdaemon waitpid
11-03 17:10:20.348 D/uninstall( 8581): watchdaemon pid == 0
11-03 17:10:20.348 D/uninstall( 8581): watchdaemon version >= 17 || version == 0 version == 34
11-03 17:10:21.894 I/WifiHAL ( 475): call wifi_get_link_stats handler
11-03 17:10:21.895 I/WifiHAL ( 475): Creating message to get link statistics; iface = 16
11-03 17:10:21.895 D/WifiHAL ( 475): error code -95 mapped to -3
11-03 17:10:21.895 E/WifiStaIfaceAidlImpl( 697): getLinkLayerStats failed with service-specific exception: android.os.ServiceSpecificException: (code 4)
11-03 17:10:23.705 I/audio_hw_hal_alsamgr( 461): alsa format =0x24000000 delay frames =4448 total frames=23040000
11-03 17:10:24.347 E/speedtest( 4419): mtop_rt:0|0|0|51|0|55|69|0|51|44|58|59|0|0|0|0|44|61|47|0|0|0|0|0|0|0|0|0|0|0|,traffic_info:[2480, 3360, 4802],rx_byte:2485|1902|202|860|4235|2231|39|41|4615|1150|3775|1800|3564|2480|680|1354|6077|3098|4802|42|33|33|39|44|51|43|48|43|40|48|,nc_type:0
11-03 17:10:24.866 I/[NIP] ( 4419): [ng handler] update remote cfg last:1762161014853, cur:1762161024864
11-03 17:10:24.866 E/OTTPlayer( 4419): [NIP] [NIP][ng handler] update remote cfg last:1762161014853, cur:1762161024864
11-03 17:10:24.901 I/WifiHAL ( 475): call wifi_get_link_stats handler
11-03 17:10:24.901 I/WifiHAL ( 475): Creating message to get link statistics; iface = 16
11-03 17:10:24.901 D/WifiHAL ( 475): error code -95 mapped to -3
11-03 17:10:24.901 E/WifiStaIfaceAidlImpl( 697): getLinkLayerStats failed with service-specific exception: android.os.ServiceSpecificException: (code 4)
11-03 17:10:25.274 D/WanClient( 1429): sendHeartMessage
11-03 17:10:25.275 D/WanClient( 1429): -----final------sendMessage: {"type":"2bKPMh2jwmQ="}
11-03 17:10:25.291 D/WanClient( 1429): onMessage:Thread[WebSocketConnectReadThread-70,5,main]--{"msg":"+MSejyjwlbc="}
11-03 17:10:25.295 D/WanClient( 1429): onMessageReceived:Thread[WebSocketConnectReadThread-70,5,main] {"msg":"+MSejyjwlbc="}
11-03 17:10:25.295 D/WanClient( 1429): type: null
11-03 17:10:25.295 D/WanClient( 1429): send:HB7FxtN64oc=
11-03 17:10:25.295 D/WanClient( 1429): leave:uQ3qCmhm4oA=
11-03 17:10:25.295 D/WanClient( 1429): join:7EsoetslBbs=
11-03 17:10:25.295 D/WanClient( 1429): q5TrJmBoEmShmpfjN3vFNg==
11-03 17:10:25.718 I/BLEAudioDrive_HV412( 461): select timeout!
11-03 17:10:27.907 I/WifiHAL ( 475): call wifi_get_link_stats handler
11-03 17:10:27.907 I/WifiHAL ( 475): Creating message to get link statistics; iface = 16
11-03 17:10:27.907 D/WifiHAL ( 475): error code -95 mapped to -3
11-03 17:10:27.907 E/WifiStaIfaceAidlImpl( 697): getLinkLayerStats failed with service-specific exception: android.os.ServiceSpecificException: (code 4)
11-03 17:10:28.308 I/PCDN_TAG( 4419): [ 4894]Peer::pulse,state:3,port:8909,fr:0,fmode=C1FF,ftype=C000
11-03 17:10:30.442 D/uninstall( 3004): isAllowStart last_delay 0, current_time 1762161030
11-03 17:10:30.442 I/uninstall( 3004): enable_service com.ktcp.video/com.tencent.qqlivetv.keeplive.proc.DaemonService com.ktcp.video/(null)
11-03 17:10:30.444 D/uninstall( 3004): enable_service waitpid
11-03 17:10:30.444 D/uninstall( 8595): enable_service pid == 0
11-03 17:10:30.444 D/uninstall( 8595): enable_service version >= 17 || version == 0 version == 34
11-03 17:10:30.488 I/uninstall( 3004): watchdaemon process_name = com.ktcp.video:daemon has gone, start it
11-03 17:10:30.489 D/uninstall( 3004): watchdaemon waitpid
11-03 17:10:30.489 D/uninstall( 8599): watchdaemon pid == 0
11-03 17:10:30.489 D/uninstall( 8599): watchdaemon version >= 17 || version == 0 version == 34
11-03 17:10:30.914 I/WifiHAL ( 475): call wifi_get_link_stats handler
11-03 17:10:30.914 I/WifiHAL ( 475): Creating message to get link statistics; iface = 16
11-03 17:10:30.914 D/WifiHAL ( 475): error code -95 mapped to -3
11-03 17:10:30.915 E/WifiStaIfaceAidlImpl( 697): getLinkLayerStats failed with service-specific exception: android.os.ServiceSpecificException: (code 4)
11-03 17:10:32.926 I/audio_hw_hal_alsamgr( 461): alsa format =0x1 delay frames =640 total frames=6203456
11-03 17:10:33.920 I/WifiHAL ( 475): call wifi_get_link_stats handler
11-03 17:10:33.920 I/WifiHAL ( 475): Creating message to get link statistics; iface = 16
11-03 17:10:33.920 D/WifiHAL ( 475): error code -95 mapped to -3
11-03 17:10:33.921 E/WifiStaIfaceAidlImpl( 697): getLinkLayerStats failed with service-specific exception: android.os.ServiceSpecificException: (code 4)
11-03 17:10:34.350 E/speedtest( 4419): mtop_rt:0|0|51|0|55|69|0|51|44|58|59|0|0|0|0|44|61|47|0|0|0|0|0|0|0|0|0|0|0|0|,traffic_info:[2480, 3360, 4802],rx_byte:1902|202|860|4235|2231|39|41|4615|1150|3775|1800|3564|2480|680|1354|6077|3098|4802|42|33|33|39|44|51|43|48|43|40|48|38|,nc_type:0
11-03 17:10:34.386 E/speedtest( 4419): netType:wifi,ipv4:192.168.3.201,ipv6:fe80::ad80:514c:8697:7435%wlan0,ssid:"DB-machines5G",rssi:-53|-52|-53|-53|-53|-52|,freq:5G,metered:0,gate_ip:192.168.3.1,RTTs:,devCnt:0,qualityCode:1100
11-03 17:10:34.653 W/nStackXCoAP( 4311): ParseDeviceJsonData:[149] :Can't find hicom version
11-03 17:10:34.653 D/nStackXCoAP( 4311): IsInSameNetwork:[276] :IsInSameNetwork exec
11-03 17:10:34.653 I/nStackXDFinder( 4311): GetLocalInterfaceDetail:[461] :GetLocalInterfaceDetail in
11-03 17:10:34.653 E/nStackXCoAP( 4311): IsInSameNetwork:[281] :IsInSameNetwork: not priority process
11-03 17:10:34.653 D/nStackXCoAP( 4311): ParseServiceDiscover:[330] :new device join
11-03 17:10:34.653 I/nStackXDFinder( 4311): NotifyDeviceListChanged:[540] :notify callback: device list changed callback is null
11-03 17:10:34.653 E/nStackXDFinder( 4311): GetLocalIp:[401] :GetLocalIp exec
11-03 17:10:34.675 D/nStackXCoAP( 4311): CoapMessageHandler:[133] :2.01
11-03 17:10:34.871 I/[NIP] ( 4419): [ng handler] update remote cfg last:1762161024864, cur:1762161034869
11-03 17:10:34.871 E/OTTPlayer( 4419): [NIP] [NIP][ng handler] update remote cfg last:1762161024864, cur:1762161034869
11-03 17:10:34.956 W/nStackXCoAP( 4311): ParseDeviceJsonData:[149] :Can't find hicom version
11-03 17:10:34.956 D/nStackXCoAP( 4311): IsInSameNetwork:[276] :IsInSameNetwork exec
11-03 17:10:34.956 I/nStackXDFinder( 4311): GetLocalInterfaceDetail:[461] :GetLocalInterfaceDetail in
11-03 17:10:34.956 E/nStackXCoAP( 4311): IsInSameNetwork:[281] :IsInSameNetwork: not priority process
11-03 17:10:34.956 D/nStackXCoAP( 4311): ParseServiceDiscover:[330] :new device join
11-03 17:10:34.956 E/nStackXDFinder( 4311): GetLocalIp:[401] :GetLocalIp exec
11-03 17:10:34.958 W/nStackXCoAP( 4311): ParseDeviceJsonData:[149] :Can't find hicom version
11-03 17:10:34.958 D/nStackXCoAP( 4311): IsInSameNetwork:[276] :IsInSameNetwork exec
11-03 17:10:34.958 I/nStackXDFinder( 4311): GetLocalInterfaceDetail:[461] :GetLocalInterfaceDetail in
11-03 17:10:34.958 E/nStackXCoAP( 4311): IsInSameNetwork:[281] :IsInSameNetwork: not priority process
11-03 17:10:34.958 D/nStackXCoAP( 4311): ParseServiceDiscover:[330] :new device join
11-03 17:10:34.958 E/nStackXDFinder( 4311): GetLocalIp:[401] :GetLocalIp exec
11-03 17:10:35.050 D/nStackXCoAP( 4311): CoapMessageHandler:[133] :2.01
11-03 17:10:35.051 D/nStackXCoAP( 4311): CoapMessageHandler:[133] :2.01
11-03 17:10:35.283 W/nStackXCoAP( 4311): ParseDeviceJsonData:[149] :Can't find hicom version
11-03 17:10:35.283 D/nStackXCoAP( 4311): IsInSameNetwork:[276] :IsInSameNetwork exec
11-03 17:10:35.283 I/nStackXDFinder( 4311): GetLocalInterfaceDetail:[461] :GetLocalInterfaceDetail in
11-03 17:10:35.283 E/nStackXCoAP( 4311): IsInSameNetwork:[281] :IsInSameNetwork: not priority process
11-03 17:10:35.283 D/nStackXCoAP( 4311): ParseServiceDiscover:[330] :new device join
11-03 17:10:35.283 E/nStackXDFinder( 4311): GetLocalIp:[401] :GetLocalIp exec
11-03 17:10:35.566 D/nStackXCoAP( 4311): CoapMessageHandler:[133] :2.01
11-03 17:10:35.568 W/nStackXCoAP( 4311): ParseDeviceJsonData:[149] :Can't find hicom version
11-03 17:10:35.568 D/nStackXCoAP( 4311): IsInSameNetwork:[276] :IsInSameNetwork exec
11-03 17:10:35.568 I/nStackXDFinder( 4311): GetLocalInterfaceDetail:[461] :GetLocalInterfaceDetail in
11-03 17:10:35.568 E/nStackXCoAP( 4311): IsInSameNetwork:[281] :IsInSameNetwork: not priority process
11-03 17:10:35.568 D/nStackXCoAP( 4311): ParseServiceDiscover:[330] :new device join
11-03 17:10:35.568 E/nStackXDFinder( 4311): GetLocalIp:[401] :GetLocalIp exec
11-03 17:10:35.570 W/nStackXCoAP( 4311): ParseDeviceJsonData:[149] :Can't find hicom version
11-03 17:10:35.570 D/nStackXCoAP( 4311): IsInSameNetwork:[276] :IsInSameNetwork exec
11-03 17:10:35.570 I/nStackXDFinder( 4311): GetLocalInterfaceDetail:[461] :GetLocalInterfaceDetail in
11-03 17:10:35.570 E/nStackXCoAP( 4311): IsInSameNetwork:[281] :IsInSameNetwork: not priority process
11-03 17:10:35.570 D/nStackXCoAP( 4311): ParseServiceDiscover:[330] :new device join
11-03 17:10:35.571 E/nStackXDFinder( 4311): GetLocalIp:[401] :GetLocalIp exec
11-03 17:10:35.627 D/nStackXCoAP( 4311): CoapMessageHandler:[133] :2.01
11-03 17:10:35.628 D/nStackXCoAP( 4311): CoapMessageHandler:[133] :2.01
11-03 17:10:35.636 W/nStackXCoAP( 4311): ParseDeviceJsonData:[149] :Can't find hicom version
11-03 17:10:35.636 D/nStackXCoAP( 4311): IsInSameNetwork:[276] :IsInSameNetwork exec
11-03 17:10:35.636 I/nStackXDFinder( 4311): GetLocalInterfaceDetail:[461] :GetLocalInterfaceDetail in
11-03 17:10:35.636 E/nStackXCoAP( 4311): IsInSameNetwork:[281] :IsInSameNetwork: not priority process
11-03 17:10:35.636 D/nStackXCoAP( 4311): ParseServiceDiscover:[330] :new device join
11-03 17:10:35.636 E/nStackXDFinder( 4311): GetLocalIp:[401] :GetLocalIp exec
11-03 17:10:35.721 I/BLEAudioDrive_HV412( 461): select timeout!
11-03 17:10:35.742 D/nStackXCoAP( 4311): CoapMessageHandler:[133] :2.01
11-03 17:10:35.781 W/nStackXCoAP( 4311): ParseDeviceJsonData:[149] :Can't find hicom version
11-03 17:10:35.781 D/nStackXCoAP( 4311): IsInSameNetwork:[276] :IsInSameNetwork exec
11-03 17:10:35.781 I/nStackXDFinder( 4311): GetLocalInterfaceDetail:[461] :GetLocalInterfaceDetail in
11-03 17:10:35.781 E/nStackXCoAP( 4311): IsInSameNetwork:[281] :IsInSameNetwork: not priority process
11-03 17:10:35.781 D/nStackXCoAP( 4311): ParseServiceDiscover:[330] :new device join
11-03 17:10:35.781 E/nStackXDFinder( 4311): GetLocalIp:[401] :GetLocalIp exec
11-03 17:10:35.821 D/nStackXCoAP( 4311): CoapMessageHandler:[133] :2.01
11-03 17:10:35.884 D/OomAdjuster( 697): Not killing cached processes
11-03 17:10:35.923 W/nStackXCoAP( 4311): ParseDeviceJsonData:[149] :Can't find hicom version
11-03 17:10:35.923 D/nStackXCoAP( 4311): IsInSameNetwork:[276] :IsInSameNetwork exec
11-03 17:10:35.923 I/nStackXDFinder( 4311): GetLocalInterfaceDetail:[461] :GetLocalInterfaceDetail in
11-03 17:10:35.923 E/nStackXCoAP( 4311): IsInSameNetwork:[281] :IsInSameNetwork: not priority process
11-03 17:10:35.923 D/nStackXCoAP( 4311): ParseServiceDiscover:[330] :new device join
11-03 17:10:35.923 E/nStackXDFinder( 4311): GetLocalIp:[401] :GetLocalIp exec
11-03 17:10:35.982 D/nStackXCoAP( 4311): CoapMessageHandler:[133] :2.01
11-03 17:10:36.056 W/nStackXCoAP( 4311): ParseDeviceJsonData:[149] :Can't find hicom version
11-03 17:10:36.056 D/nStackXCoAP( 4311): IsInSameNetwork:[276] :IsInSameNetwork exec
11-03 17:10:36.056 I/nStackXDFinder( 4311): GetLocalInterfaceDetail:[461] :GetLocalInterfaceDetail in
11-03 17:10:36.056 E/nStackXCoAP( 4311): IsInSameNetwork:[281] :IsInSameNetwork: not priority process
11-03 17:10:36.056 D/nStackXCoAP( 4311): ParseServiceDiscover:[330] :new device join
11-03 17:10:36.056 E/nStackXDFinder( 4311): GetLocalIp:[401] :GetLocalIp exec
11-03 17:10:36.066 D/nStackXCoAP( 4311): CoapMessageHandler:[133] :2.01
11-03 17:10:36.341 W/nStackXCoAP( 4311): ParseDeviceJsonData:[149] :Can't find hicom version
11-03 17:10:36.341 D/nStackXCoAP( 4311): IsInSameNetwork:[276] :IsInSameNetwork exec
11-03 17:10:36.341 I/nStackXDFinder( 4311): GetLocalInterfaceDetail:[461] :GetLocalInterfaceDetail in
11-03 17:10:36.341 E/nStackXCoAP( 4311): IsInSameNetwork:[281] :IsInSameNetwork: not priority process
11-03 17:10:36.341 D/nStackXCoAP( 4311): ParseServiceDiscover:[330] :new device join
11-03 17:10:36.341 E/nStackXDFinder( 4311): GetLocalIp:[401] :GetLocalIp exec
11-03 17:10:36.357 D/nStackXCoAP( 4311): CoapMessageHandler:[133] :2.01
11-03 17:10:36.479 W/nStackXCoAP( 4311): ParseDeviceJsonData:[149] :Can't find hicom version
11-03 17:10:36.480 D/nStackXCoAP( 4311): IsInSameNetwork:[276] :IsInSameNetwork exec
11-03 17:10:36.480 I/nStackXDFinder( 4311): GetLocalInterfaceDetail:[461] :GetLocalInterfaceDetail in
11-03 17:10:36.480 E/nStackXCoAP( 4311): IsInSameNetwork:[281] :IsInSameNetwork: not priority process
11-03 17:10:36.480 D/nStackXCoAP( 4311): ParseServiceDiscover:[330] :new device join
11-03 17:10:36.480 E/nStackXDFinder( 4311): GetLocalIp:[401] :GetLocalIp exec
11-03 17:10:36.491 D/nStackXCoAP( 4311): CoapMessageHandler:[133] :2.01
11-03 17:10:36.623 W/nStackXCoAP( 4311): ParseDeviceJsonData:[149] :Can't find hicom version
11-03 17:10:36.623 D/nStackXCoAP( 4311): IsInSameNetwork:[276] :IsInSameNetwork exec
11-03 17:10:36.623 I/nStackXDFinder( 4311): GetLocalInterfaceDetail:[461] :GetLocalInterfaceDetail in
11-03 17:10:36.623 E/nStackXCoAP( 4311): IsInSameNetwork:[281] :IsInSameNetwork: not priority process
11-03 17:10:36.623 D/nStackXCoAP( 4311): ParseServiceDiscover:[330] :new device join
11-03 17:10:36.624 E/nStackXDFinder( 4311): GetLocalIp:[401] :GetLocalIp exec
11-03 17:10:36.659 D/nStackXCoAP( 4311): CoapMessageHandler:[133] :2.01
11-03 17:10:36.763 W/nStackXCoAP( 4311): ParseDeviceJsonData:[149] :Can't find hicom version
11-03 17:10:36.763 D/nStackXCoAP( 4311): IsInSameNetwork:[276] :IsInSameNetwork exec
11-03 17:10:36.763 I/nStackXDFinder( 4311): GetLocalInterfaceDetail:[461] :GetLocalInterfaceDetail in
11-03 17:10:36.764 E/nStackXCoAP( 4311): IsInSameNetwork:[281] :IsInSameNetwork: not priority process
11-03 17:10:36.764 D/nStackXCoAP( 4311): ParseServiceDiscover:[330] :new device join
11-03 17:10:36.764 E/nStackXDFinder( 4311): GetLocalIp:[401] :GetLocalIp exec
11-03 17:10:36.774 D/nStackXCoAP( 4311): CoapMessageHandler:[133] :2.01
11-03 17:10:36.900 W/nStackXCoAP( 4311): ParseDeviceJsonData:[149] :Can't find hicom version
11-03 17:10:36.900 D/nStackXCoAP( 4311): IsInSameNetwork:[276] :IsInSameNetwork exec
11-03 17:10:36.900 I/nStackXDFinder( 4311): GetLocalInterfaceDetail:[461] :GetLocalInterfaceDetail in
11-03 17:10:36.900 E/nStackXCoAP( 4311): IsInSameNetwork:[281] :IsInSameNetwork: not priority process
11-03 17:10:36.900 D/nStackXCoAP( 4311): ParseServiceDiscover:[330] :new device join
11-03 17:10:36.900 E/nStackXDFinder( 4311): GetLocalIp:[401] :GetLocalIp exec
11-03 17:10:36.912 D/nStackXCoAP( 4311): CoapMessageHandler:[133] :2.01
11-03 17:10:36.926 I/WifiHAL ( 475): call wifi_get_link_stats handler
11-03 17:10:36.926 I/WifiHAL ( 475): Creating message to get link statistics; iface = 16
11-03 17:10:36.927 D/WifiHAL ( 475): error code -95 mapped to -3
11-03 17:10:36.927 E/WifiStaIfaceAidlImpl( 697): getLinkLayerStats failed with service-specific exception: android.os.ServiceSpecificException: (code 4)
11-03 17:10:37.042 W/nStackXCoAP( 4311): ParseDeviceJsonData:[149] :Can't find hicom version
11-03 17:10:37.043 D/nStackXCoAP( 4311): IsInSameNetwork:[276] :IsInSameNetwork exec
11-03 17:10:37.043 I/nStackXDFinder( 4311): GetLocalInterfaceDetail:[461] :GetLocalInterfaceDetail in
11-03 17:10:37.043 E/nStackXCoAP( 4311): IsInSameNetwork:[281] :IsInSameNetwork: not priority process
11-03 17:10:37.043 D/nStackXCoAP( 4311): ParseServiceDiscover:[330] :new device join
11-03 17:10:37.043 E/nStackXDFinder( 4311): GetLocalIp:[401] :GetLocalIp exec
11-03 17:10:37.059 D/nStackXCoAP( 4311): CoapMessageHandler:[133] :2.01
11-03 17:10:37.253 W/nStackXCoAP( 4311): ParseDeviceJsonData:[149] :Can't find hicom version
11-03 17:10:37.253 D/nStackXCoAP( 4311): IsInSameNetwork:[276] :IsInSameNetwork exec
11-03 17:10:37.253 I/nStackXDFinder( 4311): GetLocalInterfaceDetail:[461] :GetLocalInterfaceDetail in
11-03 17:10:37.253 E/nStackXCoAP( 4311): IsInSameNetwork:[281] :IsInSameNetwork: not priority process
11-03 17:10:37.253 D/nStackXCoAP( 4311): ParseServiceDiscover:[330] :new device join
11-03 17:10:37.253 E/nStackXDFinder( 4311): GetLocalIp:[401] :GetLocalIp exec
11-03 17:10:37.276 D/nStackXCoAP( 4311): CoapMessageHandler:[133] :2.01
11-03 17:10:37.416 W/nStackXCoAP( 4311): ParseDeviceJsonData:[149] :Can't find hicom version
11-03 17:10:37.416 D/nStackXCoAP( 4311): IsInSameNetwork:[276] :IsInSameNetwork exec
11-03 17:10:37.416 I/nStackXDFinder( 4311): GetLocalInterfaceDetail:[461] :GetLocalInterfaceDetail in
11-03 17:10:37.416 E/nStackXCoAP( 4311): IsInSameNetwork:[281] :IsInSameNetwork: not priority process
11-03 17:10:37.417 D/nStackXCoAP( 4311): ParseServiceDiscover:[330] :new device join
11-03 17:10:37.417 E/nStackXDFinder( 4311): GetLocalIp:[401] :GetLocalIp exec
11-03 17:10:37.445 D/nStackXCoAP( 4311): CoapMessageHandler:[133] :2.01
11-03 17:10:37.545 W/nStackXCoAP( 4311): ParseDeviceJsonData:[149] :Can't find hicom version
11-03 17:10:37.545 D/nStackXCoAP( 4311): IsInSameNetwork:[276] :IsInSameNetwork exec
11-03 17:10:37.545 I/nStackXDFinder( 4311): GetLocalInterfaceDetail:[461] :GetLocalInterfaceDetail in
11-03 17:10:37.545 E/nStackXCoAP( 4311): IsInSameNetwork:[281] :IsInSameNetwork: not priority process
11-03 17:10:37.545 D/nStackXCoAP( 4311): ParseServiceDiscover:[330] :new device join
11-03 17:10:37.545 E/nStackXDFinder( 4311): GetLocalIp:[401] :GetLocalIp exec
11-03 17:10:37.566 D/audio_so_hv_309( 461): HBG remote is active!
11-03 17:10:37.566 I/BLEAudioDrive_HV412( 461): HBG remote PoweOn
11-03 17:10:37.566 I/BLEAudioDrive_HV412( 461): fd:25 data len: 9 1
11-03 17:10:37.569 I/SogouIME( 1937): onKeyDown: keyoCode=320
11-03 17:10:37.569 I/DefaultIMS( 1937): onKeyDown: keyoCode=320
11-03 17:10:37.654 D/nStackXCoAP( 4311): CoapMessageHandler:[133] :2.01
11-03 17:10:37.669 W/nStackXCoAP( 4311): ParseDeviceJsonData:[149] :Can't find hicom version
11-03 17:10:37.669 D/nStackXCoAP( 4311): IsInSameNetwork:[276] :IsInSameNetwork exec
11-03 17:10:37.670 I/nStackXDFinder( 4311): GetLocalInterfaceDetail:[461] :GetLocalInterfaceDetail in
11-03 17:10:37.670 E/nStackXCoAP( 4311): IsInSameNetwork:[281] :IsInSameNetwork: not priority process
11-03 17:10:37.670 D/nStackXCoAP( 4311): ParseServiceDiscover:[330] :new device join
11-03 17:10:37.670 E/nStackXDFinder( 4311): GetLocalIp:[401] :GetLocalIp exec
11-03 17:10:37.723 I/BLEAudioDrive_HV412( 461): fd:25 data len: 9 1
11-03 17:10:37.725 W/ContextImpl( 697): Calling a method in the system process without a qualified user: android.app.ContextImpl.sendBroadcast:1220 com.android.server.policy.PhoneWindowManager.interceptSystemKeysAndShortcuts:3670 com.android.server.policy.PhoneWindowManager.interceptKeyBeforeDispatching:3216 com.android.server.wm.InputManagerCallback.interceptKeyBeforeDispatching:183 com.android.server.input.InputManagerService.interceptKeyBeforeDispatching:2507
11-03 17:10:37.726 I/SogouIME( 1937): onKeyUp: keyoCode=320
11-03 17:10:37.726 I/DefaultIMS( 1937): onKeyUp: keyoCode=320
11-03 17:10:37.727 E/ccc ( 1429): cccccc doSetting uri is haqu://setting:8080/home
11-03 17:10:37.727 W/ContextImpl( 1429): Calling a method in the system process without a qualified user: android.app.ContextImpl.startActivity:1102 android.content.ContextWrapper.startActivity:436 com.dangbei.etna.setting.function.side.SideHelper.doSetting:165 com.dangbei.etna.setting.receiver.SettingModuleReceiver.onReceive:82 android.app.LoadedApk$ReceiverDispatcher$Args.lambda$getRunnable$0:1811
11-03 17:10:37.727 W/ContextImpl( 1429): Calling a method in the system process without a qualified user: android.app.ContextImpl.startActivity:1114 android.app.ContextImpl.startActivity:1103 android.content.ContextWrapper.startActivity:436 com.dangbei.etna.setting.function.side.SideHelper.doSetting:165 com.dangbei.etna.setting.receiver.SettingModuleReceiver.onReceive:82
11-03 17:10:37.728 E/hq ( 1459): HomeKeyReceiver:::onReceive com.dangbei.specialkey
11-03 17:10:37.729 D/EventBus( 3251): No subscribers registered for event class com.dangbei.haqusetting.model.bean.event.RootEvent
11-03 17:10:37.729 D/EventBus( 3251): No subscribers registered for event class org.greenrobot.eventbus.NoSubscriberEvent
11-03 17:10:37.738 E/CellBroadcastUtils( 697): getDefaultCellBroadcastReceiverPackageName: no package found
11-03 17:10:37.740 D/nStackXCoAP( 4311): CoapMessageHandler:[133] :2.01
11-03 17:10:37.749 I/ActivityTaskManager( 697): START u0 {dat=haqu://setting:8080/... flg=0x10000000 pkg=com.dangbei.haqusetting cmp=com.dangbei.haqusetting/.ui.HomeActivity} with LAUNCH_MULTIPLE from uid 1000 (BAL_ALLOW_ALLOWLISTED_UID) result code=0
11-03 17:10:37.750 V/WindowManagerShell( 933): Transition requested: android.os.BinderProxy@4975e3d TransitionRequestInfo { type = 1, triggerTask = TaskInfo{userId=0 taskId=231 displayId=0 isRunning=true baseIntent=Intent { dat=haqu://setting:8080/... flg=0x10000000 pkg=com.dangbei.haqusetting cmp=com.dangbei.haqusetting/.ui.HomeActivity } baseActivity=ComponentInfo{com.dangbei.haqusetting/com.dangbei.haqusetting.ui.HomeActivity} topActivity=ComponentInfo{com.dangbei.haqusetting/com.dangbei.haqusetting.ui.HomeActivity} origActivity=null realActivity=ComponentInfo{com.dangbei.haqusetting/com.dangbei.haqusetting.ui.HomeActivity} numActivities=1 lastActiveTime=541979 supportsMultiWindow=true resizeMode=1 isResizeable=true minWidth=-1 minHeight=-1 defaultMinSize=220 token=WCT{android.window.IWindowContainerToken$Stub$Proxy@357e632} topActivityType=1 pictureInPictureParams=null shouldDockBigOverlays=true launchIntoPipHostTaskId=-1 lastParentTaskIdBeforePip=-1 displayCutoutSafeInsets=null topActivityInfo=ActivityInfo{13c6f83 com.dangbei.haqusetting.ui.HomeActivity} launchCookies=[] positionInParent=Point(0, 0) parentTaskId=-1 isFocused=false isVisible=false isVisibleRequested=false isSleeping=false topActivityInSizeCompat=false topActivityEligibleForLetterboxEducation= false isLetterboxDoubleTapEnabled= false topActivityEligibleForUserAspectRatioButton= false topActivityBoundsLetterboxed= false isFromLetterboxDoubleTap= false topActivityLetterboxVerticalPosition= -1 topActivityLetterboxHorizontalPosition= -1 topActivityLetterboxWidth=-1 topActivityLetterboxHeight=-1 isUserFullscreenOverrideEnabled=false isTopActivityTransparent=true locusId=null displayAreaFeatureId=1 cameraCompatControlState=hidden}, remoteTransition = null, displayChange = null, flags = 0 }
11-03 17:10:37.751 D/Firebrick( 4419): onActivityPaused:com.youku.tv.home.activity.HomeActivity
11-03 17:10:37.751 E/Firebrick( 4419): record mark type app_pause_flag, current count 1.
11-03 17:10:37.751 D/Firebrick( 4419): mark markPauseFlag : 0
11-03 17:10:37.752 D/MotuCrashSDK( 4419): onActivityPaused:com.youku.tv.home.activity.HomeActivity
11-03 17:10:37.765 V/WindowManager( 697): app ------------- force_land :0
11-03 17:10:37.770 I/BpBinder( 274): onLastStrongRef automatically unlinking death recipients:
11-03 17:10:37.783 W/nStackXCoAP( 4311): ParseDeviceJsonData:[149] :Can't find hicom version
11-03 17:10:37.784 D/nStackXCoAP( 4311): IsInSameNetwork:[276] :IsInSameNetwork exec
11-03 17:10:37.784 I/nStackXDFinder( 4311): GetLocalInterfaceDetail:[461] :GetLocalInterfaceDetail in
11-03 17:10:37.784 E/nStackXCoAP( 4311): IsInSameNetwork:[281] :IsInSameNetwork: not priority process
11-03 17:10:37.784 D/nStackXCoAP( 4311): ParseServiceDiscover:[330] :new device join
11-03 17:10:37.784 E/nStackXDFinder( 4311): GetLocalIp:[401] :GetLocalIp exec
11-03 17:10:37.787 W/WindowManager( 697): [addWindow] title:com.dangbei.haqusetting/com.dangbei.haqusetting.ui.HomeActivity
11-03 17:10:37.802 D/CoreBackPreview( 697): Window{255460a u0 com.dangbei.haqusetting/com.dangbei.haqusetting.ui.HomeActivity}: Setting back callback OnBackInvokedCallbackInfo{mCallback=android.window.IOnBackInvokedCallback$Stub$Proxy@b4bd498, mPriority=0, mIsAnimationCallback=false}
11-03 17:10:37.809 E/OpenGLRenderer( 3251): Unable to match the desired swap behavior.
11-03 17:10:37.809 W/RecyclerView( 3251): No adapter attached; skipping layout
11-03 17:10:37.829 V/WindowManagerShell( 933): onTransitionReady android.os.BinderProxy@4975e3d: {id=38 t=OPEN f=0x0 trk=0 r=[0@Point(0, 0)] c=[{WCT{android.window.IWindowContainerToken$Stub$Proxy@b9a337e} m=OPEN f=TRANSLUCENT leash=Surface(name=Task=231)/@0x3079500 sb=Rect(0, 0 - 1920, 1080) eb=Rect(0, 0 - 1920, 1080) d=0}]}
11-03 17:10:37.830 V/WindowManagerShell( 933): Playing animation for (#38)android.os.BinderProxy@4975e3d@0
11-03 17:10:37.830 V/WindowManagerShell( 933): try handler com.android.wm.shell.keyguard.KeyguardTransitionHandler@5ae5ca9
11-03 17:10:37.830 V/WindowManagerShell( 933): try handler com.android.wm.shell.pip.tv.TvPipTransition@f2f222e
11-03 17:10:37.830 V/WindowManagerShell( 933): try handler com.android.wm.shell.activityembedding.ActivityEmbeddingController@10fc1cf
11-03 17:10:37.830 V/WindowManagerShell( 933): try handler com.android.wm.shell.transition.RemoteTransitionHandler@5dcc75c
11-03 17:10:37.830 V/WindowManagerShell( 933): Transition doesn't have explicit remote, search filters for match for {id=38 t=OPEN f=0x0 trk=0 r=[0@Point(0, 0)] c=[{WCT{android.window.IWindowContainerToken$Stub$Proxy@b9a337e} m=OPEN f=TRANSLUCENT leash=Surface(name=Task=231)/@0x3079500 sb=Rect(0, 0 - 1920, 1080) eb=Rect(0, 0 - 1920, 1080) d=0}]}
11-03 17:10:37.830 V/WindowManagerShell( 933): Delegate animation for #38 to null
11-03 17:10:37.830 V/WindowManagerShell( 933): try handler com.android.wm.shell.transition.DefaultTransitionHandler@e71a65
11-03 17:10:37.830 V/WindowManagerShell( 933): start default transition animation, info = {id=38 t=OPEN f=0x0 trk=0 r=[0@Point(0, 0)] c=[{WCT{android.window.IWindowContainerToken$Stub$Proxy@b9a337e} m=OPEN f=TRANSLUCENT leash=Surface(name=Task=231)/@0x3079500 sb=Rect(0, 0 - 1920, 1080) eb=Rect(0, 0 - 1920, 1080) d=0}]}
11-03 17:10:37.832 V/WindowManagerShell( 933): loadAnimation: anim=android.view.animation.AlphaAnimation@ad1012c animAttr=0x4 type=OPEN isEntrance=true
11-03 17:10:37.834 V/WindowManagerShell( 933): animated by com.android.wm.shell.transition.DefaultTransitionHandler@e71a65
11-03 17:10:37.835 I/ActivityTaskManager( 697): Displayed com.dangbei.haqusetting/.ui.HomeActivity for user 0: +95ms
11-03 17:10:37.835 W/ProcessStats( 697): Tracking association SourceState{bb6d735 com.ktcp.video:daemon/10089 Fgs #1098} whose proc state 3 is better than process ProcessState{ff256f5 com.ktcp.video/10089 pkg=com.ktcp.video} proc state 10 (0 skipped)
11-03 17:10:37.836 V/WindowManager( 697): Sent Transition #38 createdAt=11-03 17:10:37.736 via request=TransitionRequestInfo { type = 1, triggerTask = TaskInfo{userId=0 taskId=231 displayId=0 isRunning=true baseIntent=Intent { dat=haqu://setting:8080/... flg=0x10000000 pkg=com.dangbei.haqusetting cmp=com.dangbei.haqusetting/.ui.HomeActivity } baseActivity=ComponentInfo{com.dangbei.haqusetting/com.dangbei.haqusetting.ui.HomeActivity} topActivity=ComponentInfo{com.dangbei.haqusetting/com.dangbei.haqusetting.ui.HomeActivity} origActivity=null realActivity=ComponentInfo{com.dangbei.haqusetting/com.dangbei.haqusetting.ui.HomeActivity} numActivities=1 lastActiveTime=541979 supportsMultiWindow=true resizeMode=1 isResizeable=true minWidth=-1 minHeight=-1 defaultMinSize=220 token=WCT{RemoteToken{75a244 Task{c5d1b5f #231 type=standard A=1000:com.dangbei.haqusetting}}} topActivityType=1 pictureInPictureParams=null shouldDockBigOverlays=true launchIntoPipHostTaskId=-1 lastParentTaskIdBeforePip=-1 displayCutoutSafeInsets=null topActivityInfo=ActivityInfo{e1eff2d com.dangbei.haqusetting.ui.HomeActivity} launchCookies=[] positionInParent=Point(0, 0) parentTaskId=-1 isFocused=false isVisible=false isVisibleRequested=false isSleeping=false topActivityInSizeCompat=false topActivityEligibleForLetterboxEducation= false isLetterboxDoubleTapEnabled= false topActivityEligibleForUserAspectRatioButton= false topActivityBoundsLetterboxed= false isFromLetterboxDoubleTap= false topActivityLetterboxVerticalPosition= -1 topActivityLetterboxHorizontalPosition= -1 topActivityLetterboxWidth=-1 topActivityLetterboxHeight=-1 isUserFullscreenOverrideEnabled=false isTopActivityTransparent=true locusId=null displayAreaFeatureId=1 cameraCompatControlState=hidden}, remoteTransition = null, displayChange = null, flags = 0 }
11-03 17:10:37.836 V/WindowManager( 697): startWCT=WindowContainerTransaction { changes = {} hops = [] errorCallbackToken=null taskFragmentOrganizer=null }
11-03 17:10:37.836 V/WindowManager( 697): info={id=38 t=OPEN f=0x0 trk=0 r=[0@Point(0, 0)] c=[{WCT{RemoteToken{75a244 Task{c5d1b5f #231 type=standard A=1000:com.dangbei.haqusetting}}} m=OPEN f=TRANSLUCENT leash=Surface(name=Task=231)/@0xfa004f1 sb=Rect(0, 0 - 1920, 1080) eb=Rect(0, 0 - 1920, 1080) d=0}]}
11-03 17:10:37.851 D/nStackXCoAP( 4311): CoapMessageHandler:[133] :2.01
11-03 17:10:37.870 D/WindowManagerShell( 933): TvPipController: onTaskStackChanged()
11-03 17:10:37.891 I/ImeTracker( 697): com.dangbei.haqusetting:9cddcb82: onRequestHide at ORIGIN_SERVER_HIDE_INPUT reason HIDE_UNSPECIFIED_WINDOW
11-03 17:10:37.891 I/ImeTracker( 697): com.dangbei.haqusetting:9cddcb82: onCancelled at PHASE_SERVER_SHOULD_HIDE
11-03 17:10:37.895 I/DefaultIMS( 1937): onStartInput attribute=android.view.inputmethod.EditorInfo@b4a4431 restarting=false inputType: 0
11-03 17:10:37.900 W/nStackXCoAP( 4311): ParseDeviceJsonData:[149] :Can't find hicom version
11-03 17:10:37.900 D/nStackXCoAP( 4311): IsInSameNetwork:[276] :IsInSameNetwork exec
11-03 17:10:37.900 I/nStackXDFinder( 4311): GetLocalInterfaceDetail:[461] :GetLocalInterfaceDetail in
11-03 17:10:37.900 E/nStackXCoAP( 4311): IsInSameNetwork:[281] :IsInSameNetwork: not priority process
11-03 17:10:37.900 D/nStackXCoAP( 4311): ParseServiceDiscover:[330] :new device join
11-03 17:10:37.900 E/nStackXDFinder( 4311): GetLocalIp:[401] :GetLocalIp exec
11-03 17:10:37.907 W/ContextImpl( 697): Calling a method in the system process without a qualified user: android.app.ContextImpl.startService:1899 com.android.server.wm.DisplayPolicy.lambda$focusChangedLw$5:2126 com.android.server.wm.DisplayPolicy.$r8$lambda$Znxk63oh-WzVnzo_WQefN7uxV48:0 com.android.server.wm.DisplayPolicy$$ExternalSyntheticLambda13.run:0 android.os.Handler.handleCallback:958
11-03 17:10:37.910 D/aaa ( 1479): LedStatusService onStartCommand begin
11-03 17:10:37.911 D/aaa ( 1479): topPkg is -------------- :com.dangbei.haqusetting
11-03 17:10:37.922 D/nStackXCoAP( 4311): CoapMessageHandler:[133] :2.01
11-03 17:10:38.041 W/nStackXCoAP( 4311): ParseDeviceJsonData:[149] :Can't find hicom version
11-03 17:10:38.041 D/nStackXCoAP( 4311): IsInSameNetwork:[276] :IsInSameNetwork exec
11-03 17:10:38.041 I/nStackXDFinder( 4311): GetLocalInterfaceDetail:[461] :GetLocalInterfaceDetail in
11-03 17:10:38.041 E/nStackXCoAP( 4311): IsInSameNetwork:[281] :IsInSameNetwork: not priority process
11-03 17:10:38.041 D/nStackXCoAP( 4311): ParseServiceDiscover:[330] :new device join
11-03 17:10:38.041 E/nStackXDFinder( 4311): GetLocalIp:[401] :GetLocalIp exec
11-03 17:10:38.058 D/nStackXCoAP( 4311): CoapMessageHandler:[133] :2.01
11-03 17:10:38.067 I/adbd ( 1361): type=1400 audit(0.0:3778): avc: denied { use } for path="anon_inode:[eventfd]" dev="anon_inodefs" ino=10204 scontext=u:r:su:s0 tcontext=u:r:adbd:s0 tclass=fd permissive=1
11-03 17:10:38.146 D/ConnectivityService( 697): requestNetwork for uid/pid:1000/3251 activeRequest: null callbackRequest: 75 [NetworkRequest [ REQUEST id=76, [ Capabilities: INTERNET&NOT_RESTRICTED&TRUSTED&NOT_VCN_MANAGED Uid: 1000 RequestorUid: 1000 RequestorPkg: com.dangbei.haqusetting UnderlyingNetworks: Null] ]] callback flags: 0 order: 2147483647
11-03 17:10:38.151 D/WifiNetworkFactory( 697): got request NetworkRequest [ REQUEST id=76, [ Capabilities: INTERNET&NOT_RESTRICTED&TRUSTED&NOT_VCN_MANAGED Uid: 1000 RequestorUid: 1000 RequestorPkg: com.dangbei.haqusetting UnderlyingNetworks: Null] ]
11-03 17:10:38.151 D/UntrustedWifiNetworkFactory( 697): got request NetworkRequest [ REQUEST id=76, [ Capabilities: INTERNET&NOT_RESTRICTED&TRUSTED&NOT_VCN_MANAGED Uid: 1000 RequestorUid: 1000 RequestorPkg: com.dangbei.haqusetting UnderlyingNetworks: Null] ]
11-03 17:10:38.153 D/OemPaidWifiNetworkFactory( 697): got request NetworkRequest [ REQUEST id=76, [ Capabilities: INTERNET&NOT_RESTRICTED&TRUSTED&NOT_VCN_MANAGED Uid: 1000 RequestorUid: 1000 RequestorPkg: com.dangbei.haqusetting UnderlyingNetworks: Null] ]
11-03 17:10:38.154 D/MultiInternetWifiNetworkFactory( 697): got request NetworkRequest [ REQUEST id=76, [ Capabilities: INTERNET&NOT_RESTRICTED&TRUSTED&NOT_VCN_MANAGED Uid: 1000 RequestorUid: 1000 RequestorPkg: com.dangbei.haqusetting UnderlyingNetworks: Null] ]
11-03 17:10:38.155 D/ConnectivityService( 697): NetReassign [76 : null → 100] [c 0] [a 2] [i 6]
11-03 17:10:38.158 I/DefaultIMS( 1937): onStartInput attribute=android.view.inputmethod.EditorInfo@f5b9ea2 restarting=false inputType: 0
11-03 17:10:38.184 W/nStackXCoAP( 4311): ParseDeviceJsonData:[149] :Can't find hicom version
11-03 17:10:38.184 D/nStackXCoAP( 4311): IsInSameNetwork:[276] :IsInSameNetwork exec
11-03 17:10:38.185 I/nStackXDFinder( 4311): GetLocalInterfaceDetail:[461] :GetLocalInterfaceDetail in
11-03 17:10:38.185 E/nStackXCoAP( 4311): IsInSameNetwork:[281] :IsInSameNetwork: not priority process
11-03 17:10:38.185 D/nStackXCoAP( 4311): ParseServiceDiscover:[330] :new device join
11-03 17:10:38.185 E/nStackXDFinder( 4311): GetLocalIp:[401] :GetLocalIp exec
11-03 17:10:38.212 D/nStackXCoAP( 4311): CoapMessageHandler:[133] :2.01
11-03 17:10:38.252 V/WindowManagerShell( 933): Transition animation finished (aborted=false), notifying core (#38)android.os.BinderProxy@4975e3d@0
11-03 17:10:38.254 V/WindowManager( 697): Finish Transition #38: created at
11-03 17:10:37.736 collect-started=0.127ms request-sent=11.581ms started=14.52ms ready=31.94ms sent=91.246ms finished=516.968ms
11-03 17:10:38.256 V/WindowManagerShell( 933): Track 0 became idle
11-03 17:10:38.256 V/WindowManagerShell( 933): All active transition animations finished
11-03 17:10:38.314 I/PCDN_TAG( 4419): [ 4894]Peer::pulse,state:3,port:8909,fr:0,fmode=C1FF,ftype=C000
11-03 17:10:38.328 W/nStackXCoAP( 4311): ParseDeviceJsonData:[149] :Can't find hicom version
11-03 17:10:38.328 D/nStackXCoAP( 4311): IsInSameNetwork:[276] :IsInSameNetwork exec
11-03 17:10:38.329 I/nStackXDFinder( 4311): GetLocalInterfaceDetail:[461] :GetLocalInterfaceDetail in
11-03 17:10:38.329 E/nStackXCoAP( 4311): IsInSameNetwork:[281] :IsInSameNetwork: not priority process
11-03 17:10:38.329 D/nStackXCoAP( 4311): ParseServiceDiscover:[330] :new device join
11-03 17:10:38.329 E/nStackXDFinder( 4311): GetLocalIp:[401] :GetLocalIp exec
11-03 17:10:38.331 I/SystemControl( 323): [CPQControl]:GetAiSrMode, data = 3
11-03 17:10:38.332 E/ccc ( 1429): cccccc current is 4k (59.94 Hz)
11-03 17:10:38.343 E/ccc ( 1429): cccccc ColorFormatManager reset --------------
11-03 17:10:38.345 D/MesonDisplayServer( 299): use connector getDisplayAttribute "HDR Priority": "268435472"
11-03 17:10:38.345 I/SystemControl( 323): [/DisplayMode.cpp, getCurrentHdrPriority, 2840] getCurrentHdrPriority is [0x10000010]
11-03 17:10:38.346 V/MesonDisplayServer( 299): GetDisplayMode:2160p60hz
11-03 17:10:38.347 D/MesonDisplayServer( 299): use connector getDisplayAttribute "HDR Priority": "268435472"
11-03 17:10:38.347 I/SystemControl( 323): [/DisplayMode.cpp, getCurrentHdrPriority, 2840] getCurrentHdrPriority is [0x10000010]
11-03 17:10:38.348 D/nStackXCoAP( 4311): CoapMessageHandler:[133] :2.01
11-03 17:10:38.349 V/MesonDisplayServer( 299): GetDisplayMode:2160p60hz
11-03 17:10:38.349 D/MesonDisplay( 299): meson_write /sys/class/amhdmitx/amhdmitx0/valid_mode, outputmode:2160p60hz420,12bit
11-03 17:10:38.350 D/MesonDisplay( 299): valid mode is true!
11-03 17:10:38.350 D/MesonDisplay( 299): meson_write /sys/class/amhdmitx/amhdmitx0/valid_mode, outputmode:2160p60hz420,10bit
11-03 17:10:38.350 D/MesonDisplay( 299): valid mode is true!
11-03 17:10:38.350 D/MesonDisplay( 299): meson_write /sys/class/amhdmitx/amhdmitx0/valid_mode, outputmode:2160p60hz420,8bit
11-03 17:10:38.350 D/MesonDisplay( 299): valid mode is true!
11-03 17:10:38.350 D/MesonDisplay( 299): meson_write /sys/class/amhdmitx/amhdmitx0/valid_mode, outputmode:2160p60hz444,12bit
11-03 17:10:38.350 D/MesonDisplay( 299): valid mode is false!
11-03 17:10:38.350 D/MesonDisplay( 299): meson_write /sys/class/amhdmitx/amhdmitx0/valid_mode, outputmode:2160p60hz444,10bit
11-03 17:10:38.350 D/MesonDisplay( 299): valid mode is false!
11-03 17:10:38.350 D/MesonDisplay( 299): meson_write /sys/class/amhdmitx/amhdmitx0/valid_mode, outputmode:2160p60hz444,8bit
11-03 17:10:38.351 D/MesonDisplay( 299): valid mode is true!
11-03 17:10:38.351 D/MesonDisplay( 299): meson_write /sys/class/amhdmitx/amhdmitx0/valid_mode, outputmode:2160p60hz422,12bit
11-03 17:10:38.351 D/MesonDisplay( 299): valid mode is true!
11-03 17:10:38.351 D/MesonDisplay( 299): meson_write /sys/class/amhdmitx/amhdmitx0/valid_mode, outputmode:2160p60hzrgb,12bit
11-03 17:10:38.351 D/MesonDisplay( 299): valid mode is false!
11-03 17:10:38.351 D/MesonDisplay( 299): meson_write /sys/class/amhdmitx/amhdmitx0/valid_mode, outputmode:2160p60hzrgb,10bit
11-03 17:10:38.351 D/MesonDisplay( 299): valid mode is false!
11-03 17:10:38.351 D/MesonDisplay( 299): meson_write /sys/class/amhdmitx/amhdmitx0/valid_mode, outputmode:2160p60hzrgb,8bit
11-03 17:10:38.351 D/MesonDisplay( 299): valid mode is true!
11-03 17:10:38.351 I/MesonHwc( 299): [/ModePolicy.cpp, getCurrentSupportDeepColor, 751] getCurrentSupportDeepColor current mode: 2160p60hz supported color: 420,12bit
11-03 17:10:38.351 I/MesonHwc( 299): 420,10bit
11-03 17:10:38.351 I/MesonHwc( 299): 420,8bit
11-03 17:10:38.351 I/MesonHwc( 299): 444,8bit
11-03 17:10:38.351 I/MesonHwc( 299): 422,12bit
11-03 17:10:38.351 I/MesonHwc( 299): rgb,8bit
11-03 17:10:38.352 V/MesonDisplayServer( 299): GetDisplayMode:2160p60hz
11-03 17:10:38.353 D/MesonDisplayServer( 299): use connector getDisplayAttribute "HDMI Color ATTR": "420,10bit"
11-03 17:10:38.354 I/SystemControl( 323): [/DisplayMode.cpp, getDeepColorAttr, 2290] getDeepColorAttr colorspace:420,10bit
11-03 17:10:38.354 I/SystemControl( 323): get deep color attr mode 2160p60hz, value 420,10bit
11-03 17:10:38.354 E/ccc ( 1429): cccccc ColorHelper current get YCbCr 4:2:0 10-bit
11-03 17:10:38.357 E/ccc ( 1429): cccccc current is 4k (59.94 Hz)
11-03 17:10:38.368 E/ccc ( 1429): cccccc ColorFormatManager reset --------------
11-03 17:10:38.368 D/MesonDisplayServer( 299): use connector getDisplayAttribute "HDR Priority": "268435472"
11-03 17:10:38.369 I/SystemControl( 323): [/DisplayMode.cpp, getCurrentHdrPriority, 2840] getCurrentHdrPriority is [0x10000010]
11-03 17:10:38.369 V/MesonDisplayServer( 299): GetDisplayMode:2160p60hz
11-03 17:10:38.370 D/MesonDisplayServer( 299): use connector getDisplayAttribute "HDR Priority": "268435472"
11-03 17:10:38.371 I/SystemControl( 323): [/DisplayMode.cpp, getCurrentHdrPriority, 2840] getCurrentHdrPriority is [0x10000010]
11-03 17:10:38.373 V/MesonDisplayServer( 299): GetDisplayMode:2160p60hz
11-03 17:10:38.373 D/MesonDisplay( 299): meson_write /sys/class/amhdmitx/amhdmitx0/valid_mode, outputmode:2160p60hz420,12bit
11-03 17:10:38.373 D/MesonDisplay( 299): valid mode is true!
11-03 17:10:38.373 D/MesonDisplay( 299): meson_write /sys/class/amhdmitx/amhdmitx0/valid_mode, outputmode:2160p60hz420,10bit
11-03 17:10:38.373 D/MesonDisplay( 299): valid mode is true!
11-03 17:10:38.373 D/MesonDisplay( 299): meson_write /sys/class/amhdmitx/amhdmitx0/valid_mode, outputmode:2160p60hz420,8bit
11-03 17:10:38.373 D/MesonDisplay( 299): valid mode is true!
11-03 17:10:38.373 D/MesonDisplay( 299): meson_write /sys/class/amhdmitx/amhdmitx0/valid_mode, outputmode:2160p60hz444,12bit
11-03 17:10:38.373 D/MesonDisplay( 299): valid mode is false!
11-03 17:10:38.373 D/MesonDisplay( 299): meson_write /sys/class/amhdmitx/amhdmitx0/valid_mode, outputmode:2160p60hz444,10bit
11-03 17:10:38.373 D/MesonDisplay( 299): valid mode is false!
11-03 17:10:38.373 D/MesonDisplay( 299): meson_write /sys/class/amhdmitx/amhdmitx0/valid_mode, outputmode:2160p60hz444,8bit
11-03 17:10:38.373 D/MesonDisplay( 299): valid mode is true!
11-03 17:10:38.373 D/MesonDisplay( 299): meson_write /sys/class/amhdmitx/amhdmitx0/valid_mode, outputmode:2160p60hz422,12bit
11-03 17:10:38.373 D/MesonDisplay( 299): valid mode is true!
11-03 17:10:38.373 D/MesonDisplay( 299): meson_write /sys/class/amhdmitx/amhdmitx0/valid_mode, outputmode:2160p60hzrgb,12bit
11-03 17:10:38.374 D/MesonDisplay( 299): valid mode is false!
11-03 17:10:38.374 D/MesonDisplay( 299): meson_write /sys/class/amhdmitx/amhdmitx0/valid_mode, outputmode:2160p60hzrgb,10bit
11-03 17:10:38.374 D/MesonDisplay( 299): valid mode is false!
11-03 17:10:38.374 D/MesonDisplay( 299): meson_write /sys/class/amhdmitx/amhdmitx0/valid_mode, outputmode:2160p60hzrgb,8bit
11-03 17:10:38.374 D/MesonDisplay( 299): valid mode is true!
11-03 17:10:38.374 I/MesonHwc( 299): [/ModePolicy.cpp, getCurrentSupportDeepColor, 751] getCurrentSupportDeepColor current mode: 2160p60hz supported color: 420,12bit
11-03 17:10:38.374 I/MesonHwc( 299): 420,10bit
11-03 17:10:38.374 I/MesonHwc( 299): 420,8bit
11-03 17:10:38.374 I/MesonHwc( 299): 444,8bit
11-03 17:10:38.374 I/MesonHwc( 299): 422,12bit
11-03 17:10:38.374 I/MesonHwc( 299): rgb,8bit
11-03 17:10:38.375 V/MesonDisplayServer( 299): GetDisplayMode:2160p60hz
11-03 17:10:38.377 D/MesonDisplayServer( 299): use connector getDisplayAttribute "HDMI Color ATTR": "420,10bit"
11-03 17:10:38.377 I/SystemControl( 323): [/DisplayMode.cpp, getDeepColorAttr, 2290] getDeepColorAttr colorspace:420,10bit
11-03 17:10:38.377 I/SystemControl( 323): get deep color attr mode 2160p60hz, value 420,10bit
11-03 17:10:38.377 E/ccc ( 1429): cccccc ColorHelper current get YCbCr 4:2:0 10-bit
11-03 17:10:38.466 W/nStackXCoAP( 4311): ParseDeviceJsonData:[149] :Can't find hicom version
11-03 17:10:38.466 D/nStackXCoAP( 4311): IsInSameNetwork:[276] :IsInSameNetwork exec
11-03 17:10:38.466 I/nStackXDFinder( 4311): GetLocalInterfaceDetail:[461] :GetLocalInterfaceDetail in
11-03 17:10:38.466 E/nStackXCoAP( 4311): IsInSameNetwork:[281] :IsInSameNetwork: not priority process
11-03 17:10:38.466 D/nStackXCoAP( 4311): ParseServiceDiscover:[330] :new device join
11-03 17:10:38.466 E/nStackXDFinder( 4311): GetLocalIp:[401] :GetLocalIp exec
11-03 17:10:38.489 D/nStackXCoAP( 4311): CoapMessageHandler:[133] :2.01
11-03 17:10:38.589 I/XcdnEngine-N( 4419): 2025-11-03 17:10:38.589 [connection_manager.cpp:426] send error:Network is unreachable
11-03 17:10:38.606 W/nStackXCoAP( 4311): ParseDeviceJsonData:[149] :Can't find hicom version
11-03 17:10:38.606 D/nStackXCoAP( 4311): IsInSameNetwork:[276] :IsInSameNetwork exec
11-03 17:10:38.606 I/nStackXDFinder( 4311): GetLocalInterfaceDetail:[461] :GetLocalInterfaceDetail in
11-03 17:10:38.606 E/nStackXCoAP( 4311): IsInSameNetwork:[281] :IsInSameNetwork: not priority process
11-03 17:10:38.606 D/nStackXCoAP( 4311): ParseServiceDiscover:[330] :new device join
11-03 17:10:38.606 E/nStackXDFinder( 4311): GetLocalIp:[401] :GetLocalIp exec
11-03 17:10:38.620 D/nStackXCoAP( 4311): CoapMessageHandler:[133] :2.01
11-03 17:10:38.657 I/BLEAudioDrive_HV412( 461): fd:25 data len: 9 1
11-03 17:10:38.668 D/audioserver( 503): logFgsApiBegin: FGS Logger Transaction failed, -129
11-03 17:10:38.669 I/audio_hw_hal_primary( 461): out_update_source_metadata_v7() line 1743 usage:1 content_type:2
11-03 17:10:38.670 I/audio_hw_hal_primary( 461): [out_write_new:7049] io 13: out:0xf1bc39d0 streamType:PCM_NORMAL, standby
11-03 17:10:38.670 D/audio_hw_hal_ms12v2( 461): set_dolby_ms12_continuous_state audio_continuous_standby_set status 0
11-03 17:10:38.670 D/audio_hw_hal_continuous_standby( 461): audio_continuous_standby_set, type 0, params 0
11-03 17:10:38.670 I/audio_hw_hal_ms12common( 461): aml_set_ms12_scheduler_state ms12_scheduler_state:0, sch_state:0 SCHEDULER_RUNNING is sent to ms12
11-03 17:10:38.670 I/audio_hw_hal_stream( 461): mixer_aux_buffer_write_wrap in_frames 960, input_cache_frames 960
11-03 17:10:38.671 I/SogouIME( 1937): onKeyDown: keyoCode=20
11-03 17:10:38.671 D/AudioFlinger( 503): mixer(0xf1576de0) throttle end: throttle time(9)
11-03 17:10:38.671 I/DefaultIMS( 1937): onKeyDown: keyoCode=20
11-03 17:10:38.672 I/audio_hw_hal_primary( 461): [out_write_new:7049] io 13: out:0xf1bc39d0 streamType:PCM_NORMAL, standby
11-03 17:10:38.672 I/audio_hw_hal_primary( 461): [mixer_aux_buffer_write:6391] io 13: out:0xf1bc39d0 streamType:PCM_NORMAL standby to unstandby
11-03 17:10:38.672 E/audio_hw_hal_virtualbuf( 461): ms12 system input underrun happens read=124499006434 write=4640000000 diff=119859006434
11-03 17:10:38.678 I/libdolbyms12( 461): handle=0xf1e00010 continuous fade mute begin duration=32, incnt 5
11-03 17:10:38.678 I/libdolbyms12( 461): eTagContinuousState 0, eCurContinuousState 6, s32InCnt 5
11-03 17:10:38.681 D/audioserver( 503): logFgsApiBegin: FGS Logger Transaction failed, -129
11-03 17:10:38.697 I/audio_hw_hal_stream( 461): aml_stream_out_info_print: out:0xf1bc39d0, stream_type:pcm, sync_mode:non tunnel, input_size:47927040 bytes
11-03 17:10:38.697 I/audio_hw_hal_stream( 461): aml_stream_out_info_print: last_time:423010 ms (sec:423, nsec:10767617), last_position:249457 ms (11973936), cur_time:542927 ms (sec:542, nsec:927253966), cur_position:249473 ms (11974704)
11-03 17:10:38.697 I/audio_hw_hal_stream( 461): aml_stream_out_info_print: time_gap:119917 ms (thr:100 ms), position_gap:16 ms, delay:147 ms, jitter: Position gap is behind system time gap by 119901 ms (thr:100 ms)
11-03 17:10:38.698 I/audio_hw_hal_primary( 461): out_update_source_metadata_v7() line 1743 usage:1 content_type:2
11-03 17:10:38.716 I/libdolbyms12( 461): handle=0xf1e00010 continuous fade in begin duration=32, incnt 5
11-03 17:10:38.716 I/libdolbyms12( 461): eTagContinuousState 0, eCurContinuousState 5, s32InCnt 5
11-03 17:10:38.748 W/nStackXCoAP( 4311): ParseDeviceJsonData:[149] :Can't find hicom version
11-03 17:10:38.748 D/nStackXCoAP( 4311): IsInSameNetwork:[276] :IsInSameNetwork exec
11-03 17:10:38.748 I/nStackXDFinder( 4311): GetLocalInterfaceDetail:[461] :GetLocalInterfaceDetail in
11-03 17:10:38.748 E/nStackXCoAP( 4311): IsInSameNetwork:[281] :IsInSameNetwork: not priority process
11-03 17:10:38.748 D/nStackXCoAP( 4311): ParseServiceDiscover:[330] :new device join
11-03 17:10:38.748 E/nStackXDFinder( 4311): GetLocalIp:[401] :GetLocalIp exec
11-03 17:10:38.753 I/libdolbyms12( 461): eTagContinuousState 0, eCurContinuousState 0, s32InCnt 5
11-03 17:10:38.780 I/BLEAudioDrive_HV412( 461): fd:25 data len: 9 1
11-03 17:10:38.783 I/SogouIME( 1937): onKeyUp: keyoCode=20
11-03 17:10:38.783 I/DefaultIMS( 1937): onKeyUp: keyoCode=20
11-03 17:10:38.792 I/audio_hw_hal_primary( 461): [audiohal_get_latency:1036] io 13: out:0xf1bc39d0 frames:1280 rate:48000 whole_latency:26 alsa_latency:26
11-03 17:10:38.808 D/nStackXCoAP( 4311): CoapMessageHandler:[133] :2.01
11-03 17:10:38.811 I/audio_hw_hal_primary( 461): [audiohal_get_latency:1036] io 13: out:0xf1bc39d0 frames:1024 rate:48000 whole_latency:21 alsa_latency:21
11-03 17:10:38.830 I/audio_hw_hal_primary( 461): [audiohal_get_latency:1036] io 13: out:0xf1bc39d0 frames:1152 rate:48000 whole_latency:24 alsa_latency:24
11-03 17:10:38.849 I/audio_hw_hal_primary( 461): [audiohal_get_latency:1036] io 13: out:0xf1bc39d0 frames:1024 rate:48000 whole_latency:21 alsa_latency:21
11-03 17:10:38.850 I/audio_hw_hal_primary( 461): [audiohal_get_latency:1036] io 13: out:0xf1bc39d0 frames:1024 rate:48000 whole_latency:21 alsa_latency:21
11-03 17:10:38.860 I/audio_hw_hal_primary( 461): [audiohal_get_latency:1036] io 13: out:0xf1bc39d0 frames:1280 rate:48000 whole_latency:26 alsa_latency:26
11-03 17:10:38.860 I/audio_hw_hal_primary( 461): [audiohal_get_latency:1036] io 13: out:0xf1bc39d0 frames:1280 rate:48000 whole_latency:26 alsa_latency:26
11-03 17:10:38.868 I/audio_hw_hal_primary( 461): [audiohal_get_latency:1036] io 13: out:0xf1bc39d0 frames:1152 rate:48000 whole_latency:24 alsa_latency:24
11-03 17:10:38.869 I/audio_hw_hal_primary( 461): [audiohal_get_latency:1036] io 13: out:0xf1bc39d0 frames:1152 rate:48000 whole_latency:24 alsa_latency:24
11-03 17:10:38.880 I/audio_hw_hal_primary( 461): [audiohal_get_latency:1036] io 13: out:0xf1bc39d0 frames:1152 rate:48000 whole_latency:24 alsa_latency:24
11-03 17:10:38.880 I/audio_hw_hal_primary( 461): [audiohal_get_latency:1036] io 13: out:0xf1bc39d0 frames:1152 rate:48000 whole_latency:24 alsa_latency:24
11-03 17:10:38.887 I/audio_hw_hal_primary( 461): [audiohal_get_latency:1036] io 13: out:0xf1bc39d0 frames:1024 rate:48000 whole_latency:21 alsa_latency:21
11-03 17:10:38.887 I/audio_hw_hal_primary( 461): [audiohal_get_latency:1036] io 13: out:0xf1bc39d0 frames:1024 rate:48000 whole_latency:21 alsa_latency:21
11-03 17:10:38.895 I/WifiService( 697): startScan uid=1000
11-03 17:10:38.895 W/nStackXCoAP( 4311): ParseDeviceJsonData:[149] :Can't find hicom version
11-03 17:10:38.895 D/nStackXCoAP( 4311): IsInSameNetwork:[276] :IsInSameNetwork exec
