11-03 17:01:55.316 D/CoreBackPreview( 697): Window{eb2831d u0 ShellDropTarget}: Setting back callback OnBackInvokedCallbackInfo{mCallback=android.window.IOnBackInvokedCallback$Stub$Proxy@163b5c6, mPriority=0, mIsAnimationCallback=false}
11-03 17:01:55.329 W/ActivityThread( 697): Failed to find provider info for com.android.calendar (user not unlocked)
11-03 17:01:55.333 W/ActivityThread( 697): Failed to find provider info for com.android.calendar (user not unlocked)
11-03 17:01:55.343 D/CompatibilityChangeReporter( 697): Compat change id reported: 218533173; UID 10069; state: ENABLED
11-03 17:01:55.343 D/CompatibilityChangeReporter( 697): Compat change id reported: 262645982; UID 10069; state: ENABLED
11-03 17:01:55.347 D/CompatibilityChangeReporter( 697): Compat change id reported: 135634846; UID 10062; state: DISABLED
11-03 17:01:55.349 D/CompatibilityChangeReporter( 697): Compat change id reported: 218533173; UID 10040; state: DISABLED
11-03 17:01:55.349 D/CompatibilityChangeReporter( 697): Compat change id reported: 262645982; UID 10040; state: DISABLED
11-03 17:01:55.350 D/CompatibilityChangeReporter( 697): Compat change id reported: 218533173; UID 10007; state: ENABLED
11-03 17:01:55.350 D/CompatibilityChangeReporter( 697): Compat change id reported: 262645982; UID 10007; state: ENABLED
11-03 17:01:55.351 D/CompatibilityChangeReporter( 697): Compat change id reported: 218533173; UID 10019; state: ENABLED
11-03 17:01:55.351 D/CompatibilityChangeReporter( 697): Compat change id reported: 262645982; UID 10019; state: ENABLED
11-03 17:01:55.351 D/HDMI ( 697): addCecDevice new:CEC: logical_address: 0x04 device_type: 4 cec_version: 5 vendor_id: 1877008 display_name: DBBOX-A3 power_status: 0 physical_address: 0x1200 port_id: 0 old:null
11-03 17:01:55.352 D/CompatibilityChangeReporter( 697): Compat change id reported: 218533173; UID 10035; state: ENABLED
11-03 17:01:55.352 D/CompatibilityChangeReporter( 697): Compat change id reported: 262645982; UID 10035; state: ENABLED
11-03 17:01:55.353 D/CompatibilityChangeReporter( 697): Compat change id reported: 218533173; UID 10036; state: ENABLED
11-03 17:01:55.354 D/CompatibilityChangeReporter( 697): Compat change id reported: 262645982; UID 10036; state: ENABLED
11-03 17:01:55.355 D/CompatibilityChangeReporter( 697): Compat change id reported: 218533173; UID 10027; state: ENABLED
11-03 17:01:55.356 D/CompatibilityChangeReporter( 697): Compat change id reported: 262645982; UID 10027; state: ENABLED
11-03 17:01:55.358 D/HDMI ( 697): onInitializeCecComplete 1
11-03 17:01:55.358 D/CompatibilityChangeReporter( 697): Compat change id reported: 218533173; UID 10064; state: ENABLED
11-03 17:01:55.358 D/CompatibilityChangeReporter( 697): Compat change id reported: 143937733; UID 10062; state: ENABLED
11-03 17:01:55.358 D/CompatibilityChangeReporter( 697): Compat change id reported: 262645982; UID 10064; state: ENABLED
11-03 17:01:55.358 D/HdmiControlService( 697): Local device is under address allocation. Queue display callback for later process.
11-03 17:01:55.359 D/CompatibilityChangeReporter( 697): Compat change id reported: 218533173; UID 10089; state: DISABLED
11-03 17:01:55.359 D/CompatibilityChangeReporter( 697): Compat change id reported: 262645982; UID 10089; state: DISABLED
11-03 17:01:55.360 D/CompatibilityChangeReporter( 697): Compat change id reported: 171306433; UID 10089; state: DISABLED
11-03 17:01:55.360 D/CompatibilityChangeReporter( 697): Compat change id reported: 218533173; UID 10042; state: DISABLED
11-03 17:01:55.361 D/CompatibilityChangeReporter( 697): Compat change id reported: 262645982; UID 10042; state: DISABLED
11-03 17:01:55.361 D/CompatibilityChangeReporter( 697): Compat change id reported: 218533173; UID 10008; state: ENABLED
11-03 17:01:55.362 D/CompatibilityChangeReporter( 697): Compat change id reported: 262645982; UID 10008; state: ENABLED
11-03 17:01:55.362 D/HDMI ( 697): onAddressAllocated address:4 reason:1
11-03 17:01:55.362 D/CompatibilityChangeReporter( 697): Compat change id reported: 218533173; UID 10066; state: ENABLED
11-03 17:01:55.363 D/CompatibilityChangeReporter( 697): Compat change id reported: 262645982; UID 10066; state: ENABLED
11-03 17:01:55.364 D/CompatibilityChangeReporter( 697): Compat change id reported: 218533173; UID 10037; state: ENABLED
11-03 17:01:55.364 D/CompatibilityChangeReporter( 697): Compat change id reported: 262645982; UID 10037; state: ENABLED
11-03 17:01:55.366 D/CompatibilityChangeReporter( 697): Compat change id reported: 218533173; UID 10057; state: ENABLED
11-03 17:01:55.367 D/CompatibilityChangeReporter( 697): Compat change id reported: 262645982; UID 10057; state: ENABLED
11-03 17:01:55.367 D/HDMI ( 697): [S]: 4F:84:12:00:04
11-03 17:01:55.368 D/CompatibilityChangeReporter( 697): Compat change id reported: 218533173; UID 10047; state: DISABLED
11-03 17:01:55.368 D/CompatibilityChangeReporter( 697): Compat change id reported: 262645982; UID 10047; state: DISABLED
11-03 17:01:55.369 D/HDMI ( 697): DeviceDiscoveryAction start com.android.server.hdmi.DeviceDiscoveryAction@8648a02
11-03 17:01:55.371 D/CompatibilityChangeReporter( 697): Compat change id reported: 218533173; UID 10033; state: ENABLED
11-03 17:01:55.371 D/CompatibilityChangeReporter( 697): Compat change id reported: 262645982; UID 10033; state: ENABLED
11-03 17:01:55.372 D/CompatibilityChangeReporter( 697): Compat change id reported: 218533173; UID 10061; state: ENABLED
11-03 17:01:55.373 D/CompatibilityChangeReporter( 697): Compat change id reported: 262645982; UID 10061; state: ENABLED
11-03 17:01:55.376 D/CompatibilityChangeReporter( 697): Compat change id reported: 218533173; UID 10015; state: ENABLED
11-03 17:01:55.376 D/CompatibilityChangeReporter( 697): Compat change id reported: 262645982; UID 10015; state: ENABLED
11-03 17:01:55.376 D/HDMI ( 697): receive android.intent.action.CONFIGURATION_CHANGED
11-03 17:01:55.377 D/CompatibilityChangeReporter( 697): Compat change id reported: 218533173; UID 10014; state: ENABLED
11-03 17:01:55.378 D/CompatibilityChangeReporter( 697): Compat change id reported: 262645982; UID 10014; state: ENABLED
11-03 17:01:55.378 D/CompatibilityChangeReporter( 697): Compat change id reported: 218533173; UID 10006; state: ENABLED
11-03 17:01:55.379 D/HDMI ( 697): receive android.intent.action.CONFIGURATION_CHANGED
11-03 17:01:55.379 D/CompatibilityChangeReporter( 697): Compat change id reported: 262645982; UID 10006; state: ENABLED
11-03 17:01:55.380 D/CompatibilityChangeReporter( 697): Compat change id reported: 218533173; UID 10026; state: DISABLED
11-03 17:01:55.380 D/CompatibilityChangeReporter( 697): Compat change id reported: 262645982; UID 10026; state: DISABLED
11-03 17:01:55.381 D/CompatibilityChangeReporter( 697): Compat change id reported: 218533173; UID 10043; state: DISABLED
11-03 17:01:55.381 D/CompatibilityChangeReporter( 697): Compat change id reported: 262645982; UID 10043; state: DISABLED
11-03 17:01:55.382 D/CompatibilityChangeReporter( 697): Compat change id reported: 218533173; UID 10046; state: DISABLED
11-03 17:01:55.382 D/CompatibilityChangeReporter( 697): Compat change id reported: 262645982; UID 10046; state: DISABLED
11-03 17:01:55.383 I/ActivityManager( 697): Start proc 1116:android.ext.services/u0a62 for service {android.ext.services/android.ext.services.autofill.InlineSuggestionRenderServiceImpl}
11-03 17:01:55.383 D/CompatibilityChangeReporter( 697): Compat change id reported: 218533173; UID 10023; state: ENABLED
11-03 17:01:55.384 D/CompatibilityChangeReporter( 697): Compat change id reported: 262645982; UID 10023; state: ENABLED
11-03 17:01:55.385 I/HdmiCecLocalDeviceSource( 697): queryDisplayStatus already in progress
11-03 17:01:55.388 I/PackageWatchdog( 697): Syncing health check requests for packages: {}
11-03 17:01:55.389 I/ExplicitHealthCheckController( 697): Service not ready to get health check supported packages. Binding...
11-03 17:01:55.393 D/CompatibilityChangeReporter( 697): Compat change id reported: 218533173; UID 10038; state: ENABLED
11-03 17:01:55.394 I/ExplicitHealthCheckController( 697): Explicit health check service is bound
11-03 17:01:55.396 D/CompatibilityChangeReporter( 697): Compat change id reported: 262645982; UID 10038; state: ENABLED
11-03 17:01:55.403 D/CompatibilityChangeReporter( 697): Compat change id reported: 218533173; UID 10031; state: ENABLED
11-03 17:01:55.403 D/CompatibilityChangeReporter( 697): Compat change id reported: 262645982; UID 10031; state: ENABLED
11-03 17:01:55.408 D/CompatibilityChangeReporter( 697): Compat change id reported: 218533173; UID 10051; state: ENABLED
11-03 17:01:55.413 D/CompatibilityChangeReporter( 697): Compat change id reported: 262645982; UID 10051; state: ENABLED
11-03 17:01:55.414 D/CompatibilityChangeReporter( 697): Compat change id reported: 218533173; UID 10070; state: ENABLED
11-03 17:01:55.415 D/CompatibilityChangeReporter( 697): Compat change id reported: 262645982; UID 10070; state: ENABLED
11-03 17:01:55.417 D/CompatibilityChangeReporter( 697): Compat change id reported: 218533173; UID 10009; state: ENABLED
11-03 17:01:55.423 D/CompatibilityChangeReporter( 697): Compat change id reported: 262645982; UID 10009; state: ENABLED
11-03 17:01:55.433 D/CompatibilityChangeReporter( 697): Compat change id reported: 218533173; UID 10021; state: ENABLED
11-03 17:01:55.436 D/CompatibilityChangeReporter( 697): Compat change id reported: 262645982; UID 10021; state: ENABLED
11-03 17:01:55.457 D/CompatibilityChangeReporter( 697): Compat change id reported: 168419799; UID 10062; state: DISABLED
11-03 17:01:55.457 D/CompatibilityChangeReporter( 697): Compat change id reported: 273564678; UID 10062; state: DISABLED
11-03 17:01:55.461 D/CompatibilityChangeReporter( 697): Compat change id reported: 218533173; UID 10087; state: DISABLED
11-03 17:01:55.467 D/CompatibilityChangeReporter( 697): Compat change id reported: 262645982; UID 10087; state: DISABLED
11-03 17:01:55.468 D/CompatibilityChangeReporter( 697): Compat change id reported: 218533173; UID 10002; state: ENABLED
11-03 17:01:55.469 D/CompatibilityChangeReporter( 697): Compat change id reported: 262645982; UID 10002; state: ENABLED
11-03 17:01:55.470 D/CompatibilityChangeReporter( 697): Compat change id reported: 218533173; UID 10034; state: ENABLED
11-03 17:01:55.470 D/CompatibilityChangeReporter( 697): Compat change id reported: 262645982; UID 10034; state: ENABLED
11-03 17:01:55.470 D/CompatibilityChangeReporter( 697): Compat change id reported: 161145287; UID 1000; state: DISABLED
11-03 17:01:55.471 D/CompatibilityChangeReporter( 697): Compat change id reported: 161145287; UID 1000; state: ENABLED
11-03 17:01:55.472 D/CompatibilityChangeReporter( 697): Compat change id reported: 218533173; UID 10004; state: ENABLED
11-03 17:01:55.472 D/CompatibilityChangeReporter( 697): Compat change id reported: 262645982; UID 10004; state: ENABLED
11-03 17:01:55.475 D/CompatibilityChangeReporter( 697): Compat change id reported: 218533173; UID 10062; state: ENABLED
11-03 17:01:55.476 D/CompatibilityChangeReporter( 697): Compat change id reported: 262645982; UID 10062; state: ENABLED
11-03 17:01:55.476 D/CompatibilityChangeReporter( 697): Compat change id reported: 218533173; UID 10059; state: ENABLED
11-03 17:01:55.477 D/CompatibilityChangeReporter( 697): Compat change id reported: 262645982; UID 10059; state: ENABLED
11-03 17:01:55.478 D/CompatibilityChangeReporter( 697): Compat change id reported: 218533173; UID 10030; state: ENABLED
11-03 17:01:55.479 D/CompatibilityChangeReporter( 697): Compat change id reported: 262645982; UID 10030; state: ENABLED
11-03 17:01:55.480 D/CompatibilityChangeReporter( 697): Compat change id reported: 218533173; UID 10013; state: ENABLED
11-03 17:01:55.480 D/CompatibilityChangeReporter( 697): Compat change id reported: 262645982; UID 10013; state: ENABLED
11-03 17:01:55.481 D/CompatibilityChangeReporter( 697): Compat change id reported: 218533173; UID 10025; state: ENABLED
11-03 17:01:55.481 D/CompatibilityChangeReporter( 697): Compat change id reported: 262645982; UID 10025; state: ENABLED
11-03 17:01:55.483 D/CompatibilityChangeReporter( 697): Compat change id reported: 218533173; UID 10024; state: ENABLED
11-03 17:01:55.484 D/CompatibilityChangeReporter( 697): Compat change id reported: 262645982; UID 10024; state: ENABLED
11-03 17:01:55.485 D/CompatibilityChangeReporter( 697): Compat change id reported: 218533173; UID 10020; state: ENABLED
11-03 17:01:55.486 D/CompatibilityChangeReporter( 697): Compat change id reported: 262645982; UID 10020; state: ENABLED
11-03 17:01:55.486 D/CompatibilityChangeReporter( 697): Compat change id reported: 218533173; UID 10058; state: ENABLED
11-03 17:01:55.487 D/CompatibilityChangeReporter( 697): Compat change id reported: 262645982; UID 10058; state: ENABLED
11-03 17:01:55.488 D/CompatibilityChangeReporter( 697): Compat change id reported: 218533173; UID 10022; state: ENABLED
11-03 17:01:55.490 D/CompatibilityChangeReporter( 697): Compat change id reported: 262645982; UID 10022; state: ENABLED
11-03 17:01:55.492 D/CompatibilityChangeReporter( 697): Compat change id reported: 218533173; UID 10088; state: ENABLED
11-03 17:01:55.493 D/CompatibilityChangeReporter( 697): Compat change id reported: 262645982; UID 10088; state: ENABLED
11-03 17:01:55.494 D/CompatibilityChangeReporter( 697): Compat change id reported: 218533173; UID 10001; state: ENABLED
11-03 17:01:55.494 D/CompatibilityChangeReporter( 697): Compat change id reported: 262645982; UID 10001; state: ENABLED
11-03 17:01:55.495 D/CompatibilityChangeReporter( 697): Compat change id reported: 218533173; UID 10011; state: ENABLED
11-03 17:01:55.495 D/CompatibilityChangeReporter( 697): Compat change id reported: 262645982; UID 10011; state: ENABLED
11-03 17:01:55.496 D/CompatibilityChangeReporter( 697): Compat change id reported: 218533173; UID 10041; state: DISABLED
11-03 17:01:55.497 D/CompatibilityChangeReporter( 697): Compat change id reported: 262645982; UID 10041; state: DISABLED
11-03 17:01:55.498 D/CompatibilityChangeReporter( 697): Compat change id reported: 218533173; UID 10072; state: DISABLED
11-03 17:01:55.499 D/CompatibilityChangeReporter( 697): Compat change id reported: 262645982; UID 10072; state: DISABLED
11-03 17:01:55.520 D/AudioService( 697): onHdmiCecVolumeControlFeature enabled:false
11-03 17:01:55.521 D/CompatibilityChangeReporter( 697): Compat change id reported: 161145287; UID 1068; state: ENABLED
11-03 17:01:55.528 D/AudioService( 697): setWiredDeviceConnectionState( type:400 state:DEVICE_STATE_AVAILABLE addr: name:) from android
11-03 17:01:55.532 D/HDMI ( 697): [S]: 4F:87:1C:A4:10
11-03 17:01:55.533 I/AS.AudioDeviceInventory( 697): handleDeviceConnection(true dev:400 address: name:)
11-03 17:01:55.534 I/AS.AudioDeviceInventory( 697): deviceKey:0x400:
11-03 17:01:55.534 I/AS.AudioDeviceInventory( 697): deviceInfo:null is(already)Connected:false
11-03 17:01:55.535 D/CompatibilityChangeReporter( 697): Compat change id reported: 218533173; UID 10044; state: ENABLED
11-03 17:01:55.535 D/CompatibilityChangeReporter( 697): Compat change id reported: 262645982; UID 10044; state: ENABLED
11-03 17:01:55.536 D/CompatibilityChangeReporter( 697): Compat change id reported: 218533173; UID 10010; state: ENABLED
11-03 17:01:55.542 D/CompatibilityChangeReporter( 697): Compat change id reported: 262645982; UID 10010; state: ENABLED
11-03 17:01:55.544 D/CompatibilityChangeReporter( 697): Compat change id reported: 218533173; UID 10028; state: ENABLED
11-03 17:01:55.544 D/CompatibilityChangeReporter( 697): Compat change id reported: 262645982; UID 10028; state: ENABLED
11-03 17:01:55.549 D/CompatibilityChangeReporter( 697): Compat change id reported: 218533173; UID 10049; state: DISABLED
11-03 17:01:55.550 D/CompatibilityChangeReporter( 697): Compat change id reported: 262645982; UID 10049; state: DISABLED
11-03 17:01:55.551 D/SystemServerTiming( 697): ManagedServices.unbindOtherUserServices_current0
11-03 17:01:55.551 D/SystemServerTiming( 697): ManagedServices.unbindOtherUserServices_current0
11-03 17:01:55.552 D/CompatibilityChangeReporter( 697): Compat change id reported: 218533173; UID 10054; state: ENABLED
11-03 17:01:55.553 D/CompatibilityChangeReporter( 697): Compat change id reported: 262645982; UID 10054; state: ENABLED
11-03 17:01:55.554 D/SystemServerTiming( 697): ManagedServices.unbindOtherUserServices_current0
11-03 17:01:55.555 V/NotificationAssistants( 697): enabling notification assistant for 0: ComponentInfo{android.ext.services/android.ext.services.notification.Assistant}
11-03 17:01:55.555 V/NotificationAssistants( 697): binding: Intent { act=android.service.notification.NotificationAssistantService cmp=android.ext.services/.notification.Assistant (has extras) }
11-03 17:01:55.557 D/CompatibilityChangeReporter( 697): Compat change id reported: 218533173; UID 10018; state: ENABLED
11-03 17:01:55.557 D/CompatibilityChangeReporter( 697): Compat change id reported: 262645982; UID 10018; state: ENABLED
11-03 17:01:55.558 D/CompatibilityChangeReporter( 697): Compat change id reported: 218533173; UID 10055; state: ENABLED
11-03 17:01:55.559 D/CompatibilityChangeReporter( 697): Compat change id reported: 262645982; UID 10055; state: ENABLED
11-03 17:01:55.566 D/CompatibilityChangeReporter( 697): Compat change id reported: 218533173; UID 10060; state: ENABLED
11-03 17:01:55.567 D/CompatibilityChangeReporter( 697): Compat change id reported: 262645982; UID 10060; state: ENABLED
11-03 17:01:55.568 D/CompatibilityChangeReporter( 697): Compat change id reported: 218533173; UID 10052; state: ENABLED
11-03 17:01:55.568 D/CompatibilityChangeReporter( 697): Compat change id reported: 218533173; UID 10005; state: ENABLED
11-03 17:01:55.570 D/CompatibilityChangeReporter( 697): Compat change id reported: 262645982; UID 10005; state: ENABLED
11-03 17:01:55.572 D/CompatibilityChangeReporter( 697): Compat change id reported: 218533173; UID 10067; state: ENABLED
11-03 17:01:55.575 D/CompatibilityChangeReporter( 697): Compat change id reported: 262645982; UID 10067; state: ENABLED
11-03 17:01:55.577 D/CompatibilityChangeReporter( 697): Compat change id reported: 218533173; UID 10065; state: ENABLED
11-03 17:01:55.578 D/CompatibilityChangeReporter( 697): Compat change id reported: 262645982; UID 10065; state: ENABLED
11-03 17:01:55.586 D/CompatibilityChangeReporter( 697): Compat change id reported: 182478738; UID 1073; state: ENABLED
11-03 17:01:55.602 D/CompatibilityChangeReporter( 697): Compat change id reported: 218533173; UID 10032; state: ENABLED
11-03 17:01:55.603 D/CompatibilityChangeReporter( 697): Compat change id reported: 262645982; UID 10032; state: DISABLED
11-03 17:01:55.604 D/CompatibilityChangeReporter( 697): Compat change id reported: 218533173; UID 10000; state: ENABLED
11-03 17:01:55.604 D/CompatibilityChangeReporter( 697): Compat change id reported: 262645982; UID 10000; state: ENABLED
11-03 17:01:55.607 D/CompatibilityChangeReporter( 697): Compat change id reported: 218533173; UID 10068; state: ENABLED
11-03 17:01:55.607 D/CompatibilityChangeReporter( 697): Compat change id reported: 262645982; UID 10068; state: ENABLED
11-03 17:01:55.609 D/CompatibilityChangeReporter( 697): Compat change id reported: 218533173; UID 10003; state: DISABLED
11-03 17:01:55.609 D/CompatibilityChangeReporter( 697): Compat change id reported: 262645982; UID 10003; state: DISABLED
11-03 17:01:55.610 D/CompatibilityChangeReporter( 697): Compat change id reported: 218533173; UID 10063; state: ENABLED
11-03 17:01:55.610 D/CompatibilityChangeReporter( 697): Compat change id reported: 262645982; UID 10063; state: ENABLED
11-03 17:01:55.611 D/CompatibilityChangeReporter( 697): Compat change id reported: 218533173; UID 10012; state: ENABLED
11-03 17:01:55.612 D/CompatibilityChangeReporter( 697): Compat change id reported: 262645982; UID 10012; state: ENABLED
11-03 17:01:55.621 W/Looper ( 950): Slow dispatch took 2892ms main h=android.app.ActivityThread$H c=null m=110
11-03 17:01:55.622 W/Looper ( 950): Slow delivery took 2290ms main h=android.app.ActivityThread$H c=null m=164
11-03 17:01:55.634 W/ContextImpl( 950): Calling a method in the system process without a qualified user: android.app.ContextImpl.startService:1899 android.content.ContextWrapper.startService:825 com.droidlogic.DroidlogicApplication$2.handleMessage:178 android.os.Handler.dispatchMessage:106 android.os.Looper.loopOnce:205
11-03 17:01:55.636 D/CompatibilityChangeReporter( 697): Compat change id reported: 170503758; UID 10062; state: ENABLED
11-03 17:01:55.639 D/CompatibilityChangeReporter( 697): Compat change id reported: 157233955; UID 10052; state: ENABLED
11-03 17:01:55.647 W/Looper ( 1010): Slow delivery took 2018ms main h=android.app.ActivityThread$H c=null m=121
11-03 17:01:55.756 I/MR2ServiceImpl( 697): registerManager | uid: 10052, pid: 933, package: com.android.systemui, user: 0
11-03 17:01:55.761 I/wificond( 592): Receive notifyCountryCodeChanged
11-03 17:01:55.761 I/wificond( 592): UpdateBandInfo
11-03 17:01:55.782 I/wificond( 592): 2.4Ghz frequencies: 2412 2417 2422 2427 2432 2437 2442 2447 2452 2457 2462 2467 2472
11-03 17:01:55.782 I/wificond( 592): 5Ghz non-DFS frequencies: 5745 5765 5785 5805 5825
11-03 17:01:55.782 I/wificond( 592): 5Ghz DFS frequencies: 5180 5200 5220 5240 5260 5280 5300 5320
11-03 17:01:55.782 I/wificond( 592): 6Ghz frequencies:
11-03 17:01:55.782 I/wificond( 592): 60Ghz frequencies:
11-03 17:01:55.782 I/wificond( 592): Regulatory domain changed to country: CN on wiphy_index: 0
11-03 17:01:55.782 I/wificond( 592): UpdateBandInfo
11-03 17:01:55.787 I/wificond( 592): 2.4Ghz frequencies: 2412 2417 2422 2427 2432 2437 2442 2447 2452 2457 2462 2467 2472
11-03 17:01:55.787 I/wificond( 592): 5Ghz non-DFS frequencies: 5745 5765 5785 5805 5825
11-03 17:01:55.787 I/wificond( 592): 5Ghz DFS frequencies: 5180 5200 5220 5240 5260 5280 5300 5320
11-03 17:01:55.787 I/wificond( 592): 6Ghz frequencies:
11-03 17:01:55.787 I/wificond( 592): 60Ghz frequencies:
11-03 17:01:55.787 I/wificond( 592): Regulatory domain changed to country: CN on wiphy_index: 0
11-03 17:01:55.787 I/wificond( 592): UpdateBandInfo
11-03 17:01:55.790 D/CompatibilityChangeReporter( 697): Compat change id reported: 265195908; UID 10062; state: ENABLED
11-03 17:01:55.793 I/wificond( 592): 2.4Ghz frequencies: 2412 2417 2422 2427 2432 2437 2442 2447 2452 2457 2462 2467 2472
11-03 17:01:55.793 I/wificond( 592): 5Ghz non-DFS frequencies: 5745 5765 5785 5805 5825
11-03 17:01:55.793 I/wificond( 592): 5Ghz DFS frequencies: 5180 5200 5220 5240 5260 5280 5300 5320
11-03 17:01:55.793 I/wificond( 592): 6Ghz frequencies:
11-03 17:01:55.793 I/wificond( 592): 60Ghz frequencies:
11-03 17:01:55.796 W/Looper ( 950): Drained
11-03 17:01:55.864 D/HDMI ( 697): [S]: 40:8C
11-03 17:01:55.915 D/CompatibilityChangeReporter( 697): Compat change id reported: 161145287; UID 10062; state: ENABLED
11-03 17:01:55.943 D/HDMI ( 697): [S]: 40:47:44:42:42:4F:58:2D:41:33
11-03 17:01:56.025 W/ActivityThread( 1067): Failed to find provider info for bluetooth_legacy.provider (user not unlocked)
11-03 17:01:56.049 W/Looper ( 1067): Slow dispatch took 2227ms main h=android.app.ActivityThread$H c=null m=110
11-03 17:01:56.079 D/CompatibilityChangeReporter( 697): Compat change id reported: 161145287; UID 1002; state: ENABLED
11-03 17:01:56.170 I/AS.AudioDeviceInventory( 697): sendDeviceConnectionIntent(dev:0x400 state:0x1 address: name:);
11-03 17:01:56.186 W/Looper ( 697): Slow dispatch took 140ms android.ui h=com.android.server.am.ActivityManagerService$UiHandler c=com.android.server.am.UidObserverController$$ExternalSyntheticLambda0@6bd47fe m=0
11-03 17:01:56.221 D/HDMI ( 697): [S]: 45:7D
11-03 17:01:56.278 W/Looper ( 933): Slow dispatch took 3660ms main h=android.app.ActivityThread$H c=null m=110
11-03 17:01:56.279 W/Looper ( 933): Slow delivery took 2848ms main h=android.app.ActivityThread$H c=null m=164
11-03 17:01:56.689 D/HDMI ( 697): [S]: 40:8F
11-03 17:01:56.736 W/WindowManager( 697): Keyguard drawn timeout. Setting mKeyguardDrawComplete
11-03 17:01:56.848 W/ActivityTaskManager( 697): Activity top resumed state loss timeout for ActivityRecord{c887460 u0 com.android.systemui/.sensorprivacy.television.TvSensorPrivacyChangedActivity t2 f}}
11-03 17:01:56.852 W/ActivityTaskManager( 697): Activity pause timeout for ActivityRecord{c887460 u0 com.android.systemui/.sensorprivacy.television.TvSensorPrivacyChangedActivity t2 f}}
11-03 17:01:56.853 D/WindowManager( 697): ThemeHomeDelay: Home launch was deferred.
11-03 17:01:56.855 D/WindowManager( 697): ThemeHomeDelay: Home launch was deferred.
11-03 17:01:56.856 D/WindowManager( 697): ThemeHomeDelay: Home launch was deferred.
11-03 17:01:56.952 D/CompatibilityChangeReporter( 697): Compat change id reported: 182478738; UID 10052; state: ENABLED
11-03 17:01:56.957 D/WindowManagerShell( 933): TvPipController: onTaskStackChanged()
11-03 17:01:56.971 I/StatusBarManagerService( 697): registerStatusBar bar=com.android.internal.statusbar.IStatusBar$Stub$Proxy@2d72266
11-03 17:01:57.010 W/Looper ( 697): Slow dispatch took 1443ms main h=android.app.ActivityThread$H c=android.app.LoadedApk$ReceiverDispatcher$Args$$ExternalSyntheticLambda0@83214f0 m=0
11-03 17:01:57.016 I/AutofillManagerService( 697): Updating for user 0: disabled=false
11-03 17:01:57.020 D/HDMI ( 697): [R]: 54:46
11-03 17:01:57.022 D/HDMI ( 697): addCecDevice new:CEC: logical_address: 0x05 device_type: 5 cec_version: 5 vendor_id: 16777215 display_name: AudioSystem power_status: -1 physical_address: 0xFFFF port_id: -1 old:null
11-03 17:01:57.023 D/HdmiControlService( 697): Switching to full volume behavior
11-03 17:01:57.026 D/HDMI ( 697): [S]: 45:47:44:42:42:4F:58:2D:41:33
11-03 17:01:57.029 D/HDMI ( 697): [R]: 04:46
11-03 17:01:57.030 D/HDMI ( 697): addCecDevice new:CEC: logical_address: 0x00 device_type: 0 cec_version: 5 vendor_id: 16777215 display_name: TV power_status: -1 physical_address: 0xFFFF port_id: -1 old:null
11-03 17:01:57.030 D/HdmiControlService( 697): Switching to full volume behavior
11-03 17:01:57.030 D/HDMI ( 697): TV is available now for receiving its message
11-03 17:01:57.031 D/AudioService( 697): onStatusChange cecEnabled:true available:true
11-03 17:01:57.035 I/ExplicitHealthCheckController( 697): Explicit health check service is connected ComponentInfo{android.ext.services/android.ext.services.watchdog.ExplicitHealthCheckServiceImpl}
11-03 17:01:57.036 I/ExplicitHealthCheckController( 697): Service initialized, syncing requests
11-03 17:01:57.036 V/NotificationAssistants( 697): 0 notification assistant service connected: ComponentInfo{android.ext.services/android.ext.services.notification.Assistant}
11-03 17:01:57.041 I/MR2ServiceImpl( 697): addProviderRoutes | provider: com.android.server.media/.SystemMediaRoute2Provider, routes: [DEVICE_ROUTE | 外部设备]
11-03 17:01:57.136 D/WallpaperManagerService( 697): WPMS.onServiceConnected-ComponentInfo{com.android.systemui/com.android.systemui.wallpapers.ImageWallpaper}
11-03 17:01:57.136 D/WallpaperManagerService( 697): WPMS.attachServiceLocked
11-03 17:01:57.136 D/WallpaperManagerService( 697): WPMS.connectLocked-ComponentInfo{com.android.systemui/com.android.systemui.wallpapers.ImageWallpaper}
11-03 17:01:57.146 D/WallpaperManagerService( 697): WPMS.saveSettingsLocked-0
11-03 17:01:57.149 D/WallpaperManagerService( 697): WPMS.onServiceConnected-ComponentInfo{com.android.systemui/com.android.systemui.wallpapers.ImageWallpaper}
11-03 17:01:57.149 D/WallpaperManagerService( 697): WPMS.attachServiceLocked
11-03 17:01:57.150 D/HDMI ( 697): [R]: 54:7E:01
11-03 17:01:57.150 D/HDMI ( 697): [R]: 0F:87:00:EC:0A
11-03 17:01:57.152 D/HDMI ( 697): [R]: 04:8C
11-03 17:01:57.154 D/HDMI ( 697): [R]: 04:90:00
11-03 17:01:57.155 D/HDMI ( 697): queryDisplayStatus status=0
11-03 17:01:57.156 D/AudioService( 697): onStatusChange cecEnabled:true available:true
11-03 17:01:57.156 D/HDMI ( 697): queryDisplayStatus status=0
11-03 17:01:57.156 D/AudioService( 697): onStatusChange cecEnabled:true available:true
11-03 17:01:57.159 W/WindowManager( 697): [addWindow] title:com.android.systemui.wallpapers.ImageWallpaper
11-03 17:01:57.177 I/PackageWatchdog( 697): Syncing health check requests for packages: {}
11-03 17:01:57.177 D/ExplicitHealthCheckController( 697): Getting health check supported packages
11-03 17:01:57.182 I/ExplicitHealthCheckController( 697): Explicit health check supported packages [PackageConfig{com.android.networkstack, 86400000}]
11-03 17:01:57.182 D/PackageWatchdog( 697): Received supported packages [PackageConfig{com.android.networkstack, 86400000}]
11-03 17:01:57.182 D/ExplicitHealthCheckController( 697): Getting health check requested packages
11-03 17:01:57.184 I/ExplicitHealthCheckController( 697): Explicit health check requested packages []
11-03 17:01:57.185 I/ExplicitHealthCheckController( 697): No more health check requests, unbinding...
11-03 17:01:57.187 I/ExplicitHealthCheckController( 697): Explicit health check service is unbound
11-03 17:01:57.190 D/HdmiControlService( 697): Switching to full volume behavior
11-03 17:01:57.194 W/Looper ( 697): Drained
11-03 17:01:57.200 D/WindowManager( 697): ThemeHomeDelay: Home launch was deferred.
11-03 17:01:57.224 W/BroadcastLoopers( 697): Found previously unknown looper Thread[BluetoothManagerService,5,main]
11-03 17:01:57.312 D/HDMI ( 697): [S]: 40:47:44:42:42:4F:58:2D:41:33
11-03 17:01:57.324 D/CompatibilityChangeReporter( 697): Compat change id reported: 265464455; UID 1000; state: DISABLED
11-03 17:01:57.325 D/CompatibilityChangeReporter( 697): Compat change id reported: 265452344; UID 1000; state: DISABLED
11-03 17:01:57.325 D/CompatibilityChangeReporter( 697): Compat change id reported: 266124927; UID 1000; state: DISABLED
11-03 17:01:57.325 D/CompatibilityChangeReporter( 697): Compat change id reported: 265451093; UID 1000; state: DISABLED
11-03 17:01:57.326 D/CompatibilityChangeReporter( 697): Compat change id reported: 265456536; UID 1000; state: DISABLED
11-03 17:01:57.326 D/CompatibilityChangeReporter( 697): Compat change id reported: 255940284; UID 1000; state: DISABLED
11-03 17:01:57.326 D/CompatibilityChangeReporter( 697): Compat change id reported: 236283604; UID 1000; state: DISABLED
11-03 17:01:57.326 D/CompatibilityChangeReporter( 697): Compat change id reported: 263959004; UID 1000; state: DISABLED
11-03 17:01:57.326 D/CompatibilityChangeReporter( 697): Compat change id reported: 264304459; UID 1000; state: DISABLED
11-03 17:01:57.327 D/CompatibilityChangeReporter( 697): Compat change id reported: 264301586; UID 1000; state: DISABLED
11-03 17:01:57.328 D/CompatibilityChangeReporter( 697): Compat change id reported: 254631730; UID 1000; state: DISABLED
11-03 17:01:57.328 D/CompatibilityChangeReporter( 697): Compat change id reported: 273509367; UID 1000; state: DISABLED
11-03 17:01:57.328 D/CompatibilityChangeReporter( 697): Compat change id reported: 263259275; UID 1000; state: DISABLED
11-03 17:01:57.328 D/CompatibilityChangeReporter( 697): Compat change id reported: 174042980; UID 1000; state: DISABLED
11-03 17:01:57.328 D/CompatibilityChangeReporter( 697): Compat change id reported: 174042936; UID 1000; state: DISABLED
11-03 17:01:57.329 D/CompatibilityChangeReporter( 697): Compat change id reported: 181136395; UID 1000; state: DISABLED
11-03 17:01:57.396 D/CompatibilityChangeReporter( 697): Compat change id reported: 194480991; UID 1000; state: ENABLED
11-03 17:01:57.402 D/CompatibilityChangeReporter( 697): Compat change id reported: 197654537; UID 1000; state: ENABLED
11-03 17:01:57.406 I/ActivityTaskManager( 697): START u0 {act=android.intent.action.MAIN cat=[android.intent.category.HOME] flg=0x10000100 cmp=com.android.tv.settings/.system.FallbackHome (has extras)} with LAUNCH_MULTIPLE from uid 0 (BAL_ALLOW_ALLOWLISTED_UID) result code=0
11-03 17:01:57.415 I/ActivityManager( 697): com.android.tv.settings is exempt from freezer
11-03 17:01:57.415 D/CompatibilityChangeReporter( 697): Compat change id reported: 135634846; UID 1000; state: DISABLED
11-03 17:01:57.421 D/SystemServerTiming( 697): getUserSwitchability-0
11-03 17:01:57.421 D/SystemServerTiming( 697): TM.isInCall
11-03 17:01:57.438 I/ActivityManager( 697): Start proc 1289:com.android.tv.settings/1000 for top-activity {com.android.tv.settings/com.android.tv.settings.system.FallbackHome}
11-03 17:01:57.453 D/SystemServerTiming( 697): hasUserRestriction-DISALLOW_USER_SWITCH
11-03 17:01:57.453 D/SystemServerTiming( 697): getInt-ALLOW_USER_SWITCHING_WHEN_SYSTEM_USER_LOCKED
11-03 17:01:57.453 D/SystemServerTiming( 697): isUserUnlocked-USER_SYSTEM
11-03 17:01:57.488 D/SystemServerTiming( 697): getUserSwitchability-0
11-03 17:01:57.488 D/SystemServerTiming( 697): TM.isInCall
11-03 17:01:57.488 D/SystemServerTiming( 697): hasUserRestriction-DISALLOW_USER_SWITCH
11-03 17:01:57.488 D/SystemServerTiming( 697): getInt-ALLOW_USER_SWITCHING_WHEN_SYSTEM_USER_LOCKED
11-03 17:01:57.489 D/SystemServerTiming( 697): isUserUnlocked-USER_SYSTEM
11-03 17:01:57.494 W/Looper ( 933): Drained
11-03 17:01:57.501 D/SystemServerTiming( 697): getUserSwitchability-0
11-03 17:01:57.501 D/SystemServerTiming( 697): TM.isInCall
11-03 17:01:57.504 D/SystemServerTiming( 697): hasUserRestriction-DISALLOW_USER_SWITCH
11-03 17:01:57.504 D/SystemServerTiming( 697): getInt-ALLOW_USER_SWITCHING_WHEN_SYSTEM_USER_LOCKED
11-03 17:01:57.504 D/SystemServerTiming( 697): isUserUnlocked-USER_SYSTEM
11-03 17:01:57.507 D/SystemServerTiming( 697): getUserSwitchability-0
11-03 17:01:57.507 D/SystemServerTiming( 697): TM.isInCall
11-03 17:01:57.507 D/SystemServerTiming( 697): hasUserRestriction-DISALLOW_USER_SWITCH
11-03 17:01:57.507 D/SystemServerTiming( 697): getInt-ALLOW_USER_SWITCHING_WHEN_SYSTEM_USER_LOCKED
11-03 17:01:57.507 D/SystemServerTiming( 697): isUserUnlocked-USER_SYSTEM
11-03 17:01:57.510 D/SystemServerTiming( 697): getUserSwitchability-0
11-03 17:01:57.510 D/SystemServerTiming( 697): TM.isInCall
11-03 17:01:57.511 D/SystemServerTiming( 697): hasUserRestriction-DISALLOW_USER_SWITCH
11-03 17:01:57.511 D/SystemServerTiming( 697): getInt-ALLOW_USER_SWITCHING_WHEN_SYSTEM_USER_LOCKED
11-03 17:01:57.511 D/SystemServerTiming( 697): isUserUnlocked-USER_SYSTEM
11-03 17:01:57.518 D/CompatibilityChangeReporter( 697): Compat change id reported: 168419799; UID 1000; state: DISABLED
11-03 17:01:57.518 D/CompatibilityChangeReporter( 697): Compat change id reported: 273564678; UID 1000; state: DISABLED
11-03 17:01:57.590 D/HDMI ( 697): [S]: 4F:87:1C:A4:10
11-03 17:01:57.602 D/ActivityThread( 1067): Loading provider com.android.bluetooth.opp: com.android.bluetooth.opp.BluetoothOppProvider
11-03 17:01:57.668 V/WindowManager( 697): app ------------- force_land :0
11-03 17:01:57.668 V/WindowManager( 697): app ------------- force_land :0
11-03 17:01:57.676 D/CompatibilityChangeReporter( 697): Compat change id reported: 197654537; UID 1000; state: ENABLED
11-03 17:01:57.705 D/CompatibilityChangeReporter( 697): Compat change id reported: 261072174; UID 1000; state: ENABLED
11-03 17:01:57.733 D/CompatibilityChangeReporter( 697): Compat change id reported: 161145287; UID 1000; state: DISABLED
11-03 17:01:57.734 D/CompatibilityChangeReporter( 697): Compat change id reported: 161145287; UID 1000; state: ENABLED
11-03 17:01:57.785 W/WindowManager( 697): [addWindow] title:com.android.tv.settings/com.android.tv.settings.system.FallbackHome
11-03 17:01:57.786 D/CompatibilityChangeReporter( 697): Compat change id reported: 168419799; UID 1000; state: DISABLED
11-03 17:01:57.786 D/CompatibilityChangeReporter( 697): Compat change id reported: 273564678; UID 1000; state: DISABLED
11-03 17:01:57.799 D/CoreBackPreview( 697): Window{6e976ff u0 com.android.tv.settings/com.android.tv.settings.system.FallbackHome}: Setting back callback OnBackInvokedCallbackInfo{mCallback=android.window.IOnBackInvokedCallback$Stub$Proxy@6914b15, mPriority=0, mIsAnimationCallback=false}
11-03 17:01:57.875 D/HDMI ( 697): [R]: 04:8F
11-03 17:01:57.898 W/ContextImpl( 697): Calling a method in the system process without a qualified user: android.app.ContextImpl.startService:1899 com.android.server.wm.DisplayPolicy.lambda$focusChangedLw$5:2126 com.android.server.wm.DisplayPolicy.$r8$lambda$Znxk63oh-WzVnzo_WQefN7uxV48:0 com.android.server.wm.DisplayPolicy$$ExternalSyntheticLambda13.run:0 android.os.Handler.handleCallback:958
11-03 17:01:57.898 W/ActivityManager( 697): Unable to start service Intent { cmp=com.oranth.ledstatus/.LedStatusService } U=0: not found
11-03 17:01:57.917 V/WindowManager( 697): Sent Transition #0 createdAt=11-03 17:01:56.349
11-03 17:01:57.918 V/WindowManager( 697): startWCT=WindowContainerTransaction { changes = {} hops = [] errorCallbackToken=null taskFragmentOrganizer=null }
11-03 17:01:57.918 V/WindowManager( 697): info=null
11-03 17:01:57.921 V/WindowManager( 697): Finish Transition #0: created at
11-03 17:01:56.349 collect-started=0.261ms request-sent=0.31ms started=6.386ms ready=1324.967ms sent=1560.449ms finished=1570.611ms
11-03 17:01:57.924 D/ActivityManagerTiming( 697): FinishBooting
11-03 17:01:57.929 D/WindowManager( 697): updateCecScreenStatus 0
11-03 17:01:57.929 D/HDMI ( 697): setCecSettingIntValue name:cec_screen_state, value:0
11-03 17:01:57.930 I/HDMI ( 697): screen state is changing to 0
11-03 17:01:57.933 D/ActivityManagerTiming( 697): FinishBooting
11-03 17:01:57.937 I/ActivityManager( 697): About to commit checkpoint
11-03 17:01:57.939 I/SystemServiceManager( 697): Starting phase 1000
11-03 17:01:57.939 D/ActivityManagerTiming( 697): OnBootPhase_1000
11-03 17:01:57.939 D/ActivityManagerTiming( 697): OnBootPhase_1000_com.android.server.security.FileIntegrityService
11-03 17:01:57.939 D/ActivityManagerTiming( 697): OnBootPhase_1000_com.android.server.pm.Installer
11-03 17:01:57.939 D/ActivityManagerTiming( 697): OnBootPhase_1000_com.android.server.os.DeviceIdentifiersPolicyService
11-03 17:01:57.939 D/ActivityManagerTiming( 697): OnBootPhase_1000_com.android.server.flags.FeatureFlagsService
11-03 17:01:57.939 D/ActivityManagerTiming( 697): OnBootPhase_1000_com.android.server.uri.UriGrantsManagerService$Lifecycle
11-03 17:01:57.939 D/ActivityManagerTiming( 697): OnBootPhase_1000_com.android.server.powerstats.PowerStatsService
11-03 17:01:57.939 E/PowerStatsService( 697): Failed to start PowerStatsService loggers
11-03 17:01:57.939 D/ActivityManagerTiming( 697): OnBootPhase_1000_com.android.server.permission.access.AccessCheckingService
11-03 17:01:57.939 D/ActivityManagerTiming( 697): OnBootPhase_1000_com.android.server.wm.ActivityTaskManagerService$Lifecycle
11-03 17:01:57.939 D/ActivityManagerTiming( 697): OnBootPhase_1000_com.android.server.am.ActivityManagerService$Lifecycle
11-03 17:01:57.939 D/ActivityManagerTiming( 697): OnBootPhase_1000_com.android.server.pm.DataLoaderManagerService
11-03 17:01:57.939 D/ActivityManagerTiming( 697): OnBootPhase_1000_com.android.server.power.PowerManagerService
11-03 17:01:57.945 I/DisplayBrightnessStrategySelector( 697): Changing the DisplayBrightnessStrategy from OverrideBrightnessStrategy toInvalidBrightnessStrategy for display 0
11-03 17:01:57.945 V/DisplayPowerController2[0]( 697): Brightness [0.39763778] reason changing to: 'manual', previous reason: 'override'.
11-03 17:01:57.945 D/ActivityManagerTiming( 697): OnBootPhase_1000_com.android.server.power.ThermalManagerService
11-03 17:01:57.945 D/ActivityManagerTiming( 697): OnBootPhase_1000_com.android.server.power.hint.HintManagerService
11-03 17:01:57.945 I/DisplayPowerController2[0]( 697): BrightnessEvent: disp=0, physDisp=local:4616733697779729419, brt=0.39763778, initBrt=0.39763778, rcmdBrt=NaN, preBrt=NaN, lux=0.0, preLux=0.0, hbmMax=1.0, hbmMode=off, rbcStrength=0, thrmMax=1.0, powerFactor=1.0, wasShortTermModelActive=false, flags=, reason=manual, autoBrightness=false, strategy=InvalidBrightnessStrategy
11-03 17:01:57.946 D/ActivityManagerTiming( 697): OnBootPhase_1000_com.android.server.recoverysystem.RecoverySystemService$Lifecycle
11-03 17:01:57.946 D/ActivityManagerTiming( 697): OnBootPhase_1000_com.android.server.lights.LightsService
11-03 17:01:57.946 D/ActivityManagerTiming( 697): OnBootPhase_1000_com.android.server.display.DisplayManagerService
11-03 17:01:57.946 I/LogicalDisplayMapper( 697): Requesting Transition to state: 0, from state=-1, interactive=true, mBootCompleted=true
11-03 17:01:57.947 I/LogicalDisplayMapper( 697): Applying layout: [{dispId: 0(ON), displayGroupName: , addr: {port=11, model=0x4011eed66ebc84}, mThermalBrightnessThrottlingMapId: null, mRefreshRateZoneId: null, mLeadDisplayId: -1, mLeadDisplayAddress: null, mThermalRefreshRateThrottlingMapId: null}], Previous layout: [{dispId: 0(ON), displayGroupName: , addr: {port=11, model=0x4011eed66ebc84}, mThermalBrightnessThrottlingMapId: null, mRefreshRateZoneId: null, mLeadDisplayId: -1, mLeadDisplayAddress: null, mThermalRefreshRateThrottlingMapId: null}]
11-03 17:01:57.947 D/ActivityManagerTiming( 697): OnBootPhase_1000_com.android.server.pm.verify.domain.DomainVerificationService
11-03 17:01:57.947 D/ActivityManagerTiming( 697): OnBootPhase_1000_com.android.server.pm.PackageInstallerService$Lifecycle
11-03 17:01:57.947 D/ActivityManagerTiming( 697): OnBootPhase_1000_com.android.server.pm.UserManagerService$LifeCycle
11-03 17:01:57.947 D/ActivityManagerTiming( 697): OnBootPhase_1000_com.android.server.om.OverlayManagerService
11-03 17:01:57.947 D/ActivityManagerTiming( 697): OnBootPhase_1000_com.android.server.resources.ResourcesManagerService
11-03 17:01:57.947 D/ActivityManagerTiming( 697): OnBootPhase_1000_com.android.server.sensorprivacy.SensorPrivacyService
11-03 17:01:57.947 D/ActivityManagerTiming( 697): OnBootPhase_1000_com.android.server.sensors.SensorService
11-03 17:01:57.947 D/ActivityManagerTiming( 697): OnBootPhase_1000_com.android.server.SystemConfigService
11-03 17:01:57.947 D/ActivityManagerTiming( 697): OnBootPhase_1000_com.android.server.BatteryService
11-03 17:01:57.947 D/ActivityManagerTiming( 697): OnBootPhase_1000_com.android.server.usage.UsageStatsService
11-03 17:01:57.949 D/ActivityManagerTiming( 697): OnBootPhase_1000_com.android.server.webkit.WebViewUpdateService
11-03 17:01:57.949 D/ActivityManagerTiming( 697): OnBootPhase_1000_com.android.server.CachedDeviceStateService
11-03 17:01:57.949 D/ActivityManagerTiming( 697): OnBootPhase_1000_com.android.server.BinderCallsStatsService$LifeCycle
11-03 17:01:57.949 D/ActivityManagerTiming( 697): OnBootPhase_1000_com.android.server.LooperStatsService$Lifecycle
11-03 17:01:57.949 D/ActivityManagerTiming( 697): OnBootPhase_1000_com.android.server.rollback.RollbackManagerService
11-03 17:01:57.950 D/ActivityManagerTiming( 697): OnBootPhase_1000_com.android.server.os.NativeTombstoneManagerService
11-03 17:01:57.950 D/ActivityManagerTiming( 697): OnBootPhase_1000_com.android.server.os.BugreportManagerService
11-03 17:01:57.950 D/ActivityManagerTiming( 697): OnBootPhase_1000_com.android.server.gpu.GpuService
11-03 17:01:57.950 D/ActivityManagerTiming( 697): OnBootPhase_1000_com.android.server.security.rkp.RemoteProvisioningService
11-03 17:01:57.950 D/ActivityManagerTiming( 697): OnBootPhase_1000_com.android.server.security.KeyChainSystemService
11-03 17:01:57.950 D/ActivityManagerTiming( 697): OnBootPhase_1000_com.android.server.BinaryTransparencyService
11-03 17:01:57.950 I/TransparencyService( 697): Boot completed. Getting VBMeta Digest.
11-03 17:01:57.950 D/TransparencyService( 697): VBMeta Digest: 27b603eed97cd9747aaeedb55cf1c1e14a0eb31b68f181891f65413ccbe146d0
11-03 17:01:57.950 I/TransparencyService( 697): Boot completed. Collecting biometric system properties.
11-03 17:01:57.953 I/TransparencyService( 697): Scheduling measurements to be taken.
11-03 17:01:57.954 I/TransparencyService( 697): Scheduling binary content-digest computation job
11-03 17:01:57.955 D/CompatibilityChangeReporter( 697): Compat change id reported: 253665015; UID 1000; state: DISABLED
11-03 17:01:57.955 D/RollbackManager( 697): mRollbackLifetimeDurationInMillis=1209600000
11-03 17:01:57.955 D/CompatibilityChangeReporter( 697): Compat change id reported: 253665015; UID 1000; state: ENABLED
11-03 17:01:57.957 D/CompatibilityChangeReporter( 697): Compat change id reported: 194532703; UID 1000; state: DISABLED
11-03 17:01:57.958 D/CompatibilityChangeReporter( 697): Compat change id reported: 194532703; UID 1000; state: ENABLED
11-03 17:01:57.962 D/TransparencyService( 697): Job 1740526926 to measure binaries was scheduled successfully.
11-03 17:01:57.962 D/TransparencyService( 697): Registering APK & Non-Staged APEX updates...
11-03 17:01:57.963 D/AppStandbyController( 697): Loaded headless system app cache in 5 ms: appIdleEnabled=true
11-03 17:01:57.963 D/TransparencyService( 697): Registering APEX updates...
11-03 17:01:57.964 D/ActivityManagerTiming( 697): OnBootPhase_1000_com.android.server.accounts.AccountManagerService$Lifecycle
11-03 17:01:57.964 D/ActivityManagerTiming( 697): OnBootPhase_1000_com.android.server.content.ContentService$Lifecycle
11-03 17:01:57.964 D/ActivityManagerTiming( 697): OnBootPhase_1000_com.android.server.deviceconfig.DeviceConfigInit$Lifecycle
11-03 17:01:57.965 D/ActivityManagerTiming( 697): OnBootPhase_1000_com.android.server.DropBoxManagerService
11-03 17:01:57.965 D/ActivityManagerTiming( 697): OnBootPhase_1000_com.android.role.RoleService
11-03 17:01:57.965 D/ActivityManagerTiming( 697): OnBootPhase_1000_com.android.server.vibrator.VibratorManagerService$Lifecycle
11-03 17:01:57.965 D/ActivityManagerTiming( 697): OnBootPhase_1000_com.android.server.tare.InternalResourceService
11-03 17:01:57.965 D/ActivityManagerTiming( 697): OnBootPhase_1000_com.android.server.alarm.AlarmManagerService
11-03 17:01:57.965 D/ActivityManagerTiming( 697): OnBootPhase_1000_com.android.server.devicestate.DeviceStateManagerService
11-03 17:01:57.965 D/ActivityManagerTiming( 697): OnBootPhase_1000_com.android.server.camera.CameraServiceProxy
11-03 17:01:57.967 D/ActivityManagerTiming( 697): OnBootPhase_1000_com.android.server.bluetooth.BluetoothService
11-03 17:01:57.967 D/ActivityManagerTiming( 697): OnBootPhase_1000_com.android.server.connectivity.IpConnectivityMetrics
11-03 17:01:57.967 D/ActivityManagerTiming( 697): OnBootPhase_1000_com.android.server.net.watchlist.NetworkWatchlistService$Lifecycle
11-03 17:01:57.967 D/ActivityManagerTiming( 697): OnBootPhase_1000_com.android.server.PinnerService
11-03 17:01:57.967 D/ActivityManagerTiming( 697): OnBootPhase_1000_com.android.server.integrity.AppIntegrityManagerService
11-03 17:01:57.967 D/ActivityManagerTiming( 697): OnBootPhase_1000_com.android.server.logcat.LogcatManagerService
11-03 17:01:57.967 D/ActivityManagerTiming( 697): OnBootPhase_1000_com.android.server.inputmethod.InputMethodManagerService$Lifecycle
11-03 17:01:57.967 D/ActivityManagerTiming( 697): OnBootPhase_1000_com.android.server.accessibility.AccessibilityManagerService$Lifecycle
11-03 17:01:57.967 D/ActivityManagerTiming( 697): OnBootPhase_1000_com.android.server.StorageManagerService$Lifecycle
11-03 17:01:57.967 D/ActivityManagerTiming( 697): OnBootPhase_1000_com.android.server.usage.StorageStatsService$Lifecycle
11-03 17:01:57.967 D/ActivityManagerTiming( 697): OnBootPhase_1000_com.android.server.UiModeManagerService
11-03 17:01:57.967 D/ActivityManagerTiming( 697): OnBootPhase_1000_com.android.server.locales.LocaleManagerService
11-03 17:01:57.967 D/ActivityManagerTiming( 697): OnBootPhase_1000_com.android.server.grammaticalinflection.GrammaticalInflectionService
11-03 17:01:57.967 D/ActivityManagerTiming( 697): OnBootPhase_1000_com.android.server.apphibernation.AppHibernationService
11-03 17:01:57.967 D/ActivityManagerTiming( 697): OnBootPhase_1000_com.android.server.locksettings.LockSettingsService$Lifecycle
11-03 17:01:57.967 D/ActivityManagerTiming( 697): OnBootPhase_1000_com.android.server.PersistentDataBlockService
11-03 17:01:57.967 D/ActivityManagerTiming( 697): OnBootPhase_1000_com.android.server.testharness.TestHarnessModeService
11-03 17:01:57.968 D/TestHarnessModeService( 697): Completing Test Harness Mode setup.
11-03 17:01:57.968 I/HibernationStateDiskStore( 697): No hibernation file on disk for file /data/system/hibernation/states
11-03 17:01:57.971 D/StorageManagerService( 697): Thinking about reset, mBootCompleted=true, mDaemonConnected=true
11-03 17:01:57.971 I/StorageSessionController( 697): Started resetting external storage service...
11-03 17:01:57.971 I/StorageSessionController( 697): Finished resetting external storage service
11-03 17:01:57.972 I/StorageManagerService( 697): Resetting vold...
11-03 17:01:57.973 I/StorageManagerService( 697): Reset vold
11-03 17:01:57.973 I/vold ( 258): onUserAdded: 0
11-03 17:01:58.003 D/ActivityManagerTiming( 697): OnBootPhase_1000_com.android.server.oemlock.OemLockService
11-03 17:01:58.003 D/ActivityManagerTiming( 697): OnBootPhase_1000_com.android.server.DeviceIdleController
11-03 17:01:58.003 D/ActivityManagerTiming( 697): OnBootPhase_1000_com.android.server.devicepolicy.DevicePolicyManagerService$Lifecycle
11-03 17:01:58.003 D/ActivityManagerTiming( 697): OnBootPhase_1000_com.android.server.texttospeech.TextToSpeechManagerService
11-03 17:01:58.003 D/ActivityManagerTiming( 697): OnBootPhase_1000_com.android.server.ambientcontext.AmbientContextManagerService
11-03 17:01:58.003 D/ActivityManagerTiming( 697): OnBootPhase_1000_com.android.server.wearable.WearableSensingManagerService
11-03 17:01:58.003 D/ActivityManagerTiming( 697): OnBootPhase_1000_com.android.server.speech.SpeechRecognitionManagerService
11-03 17:01:58.003 D/ActivityManagerTiming( 697): OnBootPhase_1000_com.android.server.searchui.SearchUiManagerService
11-03 17:01:58.003 D/ActivityManagerTiming( 697): OnBootPhase_1000_com.android.server.smartspace.SmartspaceManagerService
11-03 17:01:58.003 D/ActivityManagerTiming( 697): OnBootPhase_1000_com.android.server.graphics.fonts.FontManagerService$Lifecycle
