11-03 17:01:52.424 D/SystemServerTiming( 697): OnBootPhase_550_com.android.server.emergency.EmergencyAffordanceService
11-03 17:01:52.424 D/SystemServerTiming( 697): OnBootPhase_550_com.android.server.blob.BlobStoreManagerService
11-03 17:01:52.425 I/keystore2( 290): system/security/keystore2/src/watchdog.rs:319 - Watchdog thread idle -> terminating. Have a great day.
11-03 17:01:52.427 D/SystemServerTiming( 697): OnBootPhase_550_com.android.server.dreams.DreamManagerService
11-03 17:01:52.427 D/SystemServerTiming( 697): OnBootPhase_550_com.android.server.security.AttestationVerificationManagerService
11-03 17:01:52.427 D/SystemServerTiming( 697): OnBootPhase_550_com.android.server.restrictions.RestrictionsManagerService
11-03 17:01:52.427 D/SystemServerTiming( 697): OnBootPhase_550_com.android.server.media.MediaSessionService
11-03 17:01:52.428 D/SystemServerTiming( 697): OnBootPhase_550_com.android.server.hdmi.HdmiControlService
11-03 17:01:52.428 D/SystemServerTiming( 697): OnBootPhase_550_com.android.server.tv.interactive.TvInteractiveAppManagerService
11-03 17:01:52.428 D/SystemServerTiming( 697): OnBootPhase_550_com.android.server.tv.TvInputManagerService
11-03 17:01:52.428 D/SystemServerTiming( 697): OnBootPhase_550_com.android.server.media.MediaResourceMonitorService
11-03 17:01:52.428 D/SystemServerTiming( 697): OnBootPhase_550_com.android.server.tv.TvRemoteService
11-03 17:01:52.428 D/SystemServerTiming( 697): OnBootPhase_550_com.android.server.biometrics.BiometricService
11-03 17:01:52.428 D/SystemServerTiming( 697): OnBootPhase_550_com.android.server.biometrics.AuthService
11-03 17:01:52.428 D/SystemServerTiming( 697): OnBootPhase_550_com.android.server.pm.ShortcutService$Lifecycle
11-03 17:01:52.428 D/SystemServerTiming( 697): OnBootPhase_550_com.android.server.pm.LauncherAppsService
11-03 17:01:52.428 D/SystemServerTiming( 697): OnBootPhase_550_com.android.server.pm.CrossProfileAppsService
11-03 17:01:52.428 D/SystemServerTiming( 697): OnBootPhase_550_com.android.server.people.PeopleService
11-03 17:01:52.428 D/SystemServerTiming( 697): OnBootPhase_550_com.android.server.media.metrics.MediaMetricsManagerService
11-03 17:01:52.428 D/SystemServerTiming( 697): OnBootPhase_550_com.android.server.pm.BackgroundInstallControlService
11-03 17:01:52.428 D/SystemServerTiming( 697): OnBootPhase_550_com.android.server.media.projection.MediaProjectionManagerService
11-03 17:01:52.428 D/SystemServerTiming( 697): OnBootPhase_550_com.android.server.slice.SliceManagerService$Lifecycle
11-03 17:01:52.428 D/SystemServerTiming( 697): OnBootPhase_550_com.android.server.stats.StatsCompanion$Lifecycle
11-03 17:01:52.428 D/SystemServerTiming( 697): OnBootPhase_550_com.android.server.scheduling.RebootReadinessManagerService$Lifecycle
11-03 17:01:52.428 D/SystemServerTiming( 697): OnBootPhase_550_com.android.server.stats.pull.StatsPullAtomService
11-03 17:01:52.428 D/SystemServerTiming( 697): OnBootPhase_550_com.android.server.stats.bootstrap.StatsBootstrapAtomService$Lifecycle
11-03 17:01:52.428 D/SystemServerTiming( 697): OnBootPhase_550_com.android.server.incident.IncidentCompanionService
11-03 17:01:52.428 D/SystemServerTiming( 697): OnBootPhase_550_com.android.server.sdksandbox.SdkSandboxManagerService$Lifecycle
11-03 17:01:52.428 D/SystemServerTiming( 697): OnBootPhase_550_com.android.server.adservices.AdServicesManagerService$Lifecycle
11-03 17:01:52.428 D/SystemServerTiming( 697): OnBootPhase_550_com.android.server.ondevicepersonalization.OnDevicePersonalizationSystemService$Lifecycle
11-03 17:01:52.428 D/SystemServerTiming( 697): OnBootPhase_550_com.android.server.autofill.AutofillManagerService
11-03 17:01:52.428 D/SystemServerTiming( 697): OnBootPhase_550_com.android.server.clipboard.ClipboardService
11-03 17:01:52.428 D/SystemServerTiming( 697): OnBootPhase_550_com.android.server.appbinding.AppBindingService$Lifecycle
11-03 17:01:52.429 I/UsbPortManager( 697): all: opID:1 successful
11-03 17:01:52.429 I/AppBindingService( 697): Updating constants with: null
11-03 17:01:52.429 D/SystemServerTiming( 697): OnBootPhase_550_com.android.server.tracing.TracingServiceProxy
11-03 17:01:52.429 D/SystemServerTiming( 697): OnBootPhase_550_com.android.server.policy.PermissionPolicyService
11-03 17:01:52.430 D/SystemServerTiming( 697): Permission_grant_default_permissions-0
11-03 17:01:52.430 D/SystemServerTiming( 697): Permission_synchronize_permissions-0
11-03 17:01:52.431 D/SystemServerTiming( 697): Permission_synchronize_addPackages-0
11-03 17:01:52.473 W/ActivityManager( 697): Slow operation: 72ms so far, now at startProcess: returned from zygote!
11-03 17:01:52.507 W/ActivityManager( 697): Slow operation: 106ms so far, now at startProcess: done updating battery stats
11-03 17:01:52.507 D/SystemServerTiming( 697): Permission_syncPackages-0
11-03 17:01:52.508 D/SystemServerTiming( 697): Permission_onInitialized-0
11-03 17:01:52.508 I/PermissionManager( 697): Permission ownership changed. Updating all permissions.
11-03 17:01:52.509 W/ActivityManager( 697): Slow operation: 108ms so far, now at startProcess: building log message
11-03 17:01:52.509 W/PermissionManager( 697): Package com.android.adservices.api is an APK in APEX, but has permission allowlist on the system image. Please bundle the allowlist in the com.android.adservices APEX instead.
11-03 17:01:52.509 I/ActivityManager( 697): Start proc 933:com.android.systemui/u0a52 for service {com.android.systemui/com.android.systemui.wallpapers.ImageWallpaper}
11-03 17:01:52.509 W/ActivityManager( 697): Slow operation: 109ms so far, now at startProcess: starting to update pids map
11-03 17:01:52.510 W/ActivityManager( 697): Slow operation: 109ms so far, now at startProcess: done updating pids map
11-03 17:01:52.510 W/ActivityManager( 697): Slow operation: 54ms so far, now at attachApplicationLocked: before bindApplication
11-03 17:01:52.511 D/GameManagerService( 697): User ID '0' does not have a Game Mode selected for package: 'com.android.systemui'
11-03 17:01:52.554 D/CompatibilityChangeReporter( 697): Compat change id reported: 168419799; UID 10052; state: DISABLED
11-03 17:01:52.554 D/CompatibilityChangeReporter( 697): Compat change id reported: 273564678; UID 10052; state: DISABLED
11-03 17:01:52.561 W/ActivityManager( 697): Slow operation: 105ms so far, now at attachApplicationLocked: immediately before bindApplication
11-03 17:01:52.562 D/UsbHostManager( 697): USB device attached: vidpid 0480:b301 mfg/product/ver/serial TOSHIBA/EXTERNAL_USB/0.00/20201101000454F hasAudio/HID/Storage: false/false/true
11-03 17:01:52.601 D/UsbHostManager( 697): Added device UsbDevice[mName=/dev/bus/usb/003/002,mVendorId=1152,mProductId=45825,mClass=0,mSubclass=0,mProtocol=0,mManufacturerName=TOSHIBA,mProductName=EXTERNAL_USB,mVersion=0.00,mSerialNumberReader=com.android.server.usb.UsbSerialReader@8a3e847, mHasAudioPlayback=false, mHasAudioCapture=false, mHasMidi=false, mHasVideoCapture=false, mHasVideoPlayback=false, mConfigurations=[
11-03 17:01:52.601 D/UsbHostManager( 697): UsbConfiguration[mId=1,mName=null,mAttributes=128,mMaxPower=250,mInterfaces=[
11-03 17:01:52.601 D/UsbHostManager( 697): UsbInterface[mId=0,mAlternateSetting=0,mName=null,mClass=8,mSubclass=6,mProtocol=80,mEndpoints=[
11-03 17:01:52.601 D/UsbHostManager( 697): UsbEndpoint[mAddress=129,mAttributes=2,mMaxPacketSize=512,mInterval=20]
11-03 17:01:52.601 D/UsbHostManager( 697): UsbEndpoint[mAddress=2,mAttributes=2,mMaxPacketSize=512,mInterval=20]]]]
11-03 17:01:52.612 W/ActivityManager( 697): Slow operation: 156ms so far, now at attachApplicationLocked: immediately after bindApplication
11-03 17:01:52.612 W/ActivityManager( 697): Slow operation: 156ms so far, now at attachApplicationLocked: after updateLruProcessLocked
11-03 17:01:52.615 D/CompatibilityChangeReporter( 697): Compat change id reported: 265195908; UID 10052; state: ENABLED
11-03 17:01:52.617 W/ActivityManager( 697): Slow operation: 161ms so far, now at attachApplicationLocked: after updateOomAdjLocked
11-03 17:01:52.621 D/HDMI ( 697): Process pid:697 is calling addHotplugEventListener
11-03 17:01:52.626 W/BroadcastLoopers( 697): Found previously unknown looper Thread[AudioDeviceBroker,5,main]
11-03 17:01:52.626 E/UsbAlsaManager( 697): usbDeviceAdded(): cannot find sound card for /dev/bus/usb/003/002
11-03 17:01:52.629 I/ActivityManager( 697): com.droidlogic is exempt from freezer
11-03 17:01:52.629 D/CompatibilityChangeReporter( 697): Compat change id reported: 135634846; UID 1000; state: DISABLED
11-03 17:01:52.630 D/CompatibilityChangeReporter( 697): Compat change id reported: 170503758; UID 10052; state: ENABLED
11-03 17:01:52.642 I/ActivityManager( 697): Start proc 950:com.droidlogic/1000 for broadcast {com.droidlogic/com.droidlogic.UsbCameraReceiver}
11-03 17:01:52.680 W/PermissionManager( 697): Package com.android.providers.media.module is an APK in APEX, but has permission allowlist on the system image. Please bundle the allowlist in the com.android.mediaprovider APEX instead.
11-03 17:01:52.680 W/PermissionManager( 697): Package com.android.providers.media.module is an APK in APEX, but has permission allowlist on the system image. Please bundle the allowlist in the com.android.mediaprovider APEX instead.
11-03 17:01:52.681 W/PermissionManager( 697): Package com.android.providers.media.module is an APK in APEX, but has permission allowlist on the system image. Please bundle the allowlist in the com.android.mediaprovider APEX instead.
11-03 17:01:52.681 W/PermissionManager( 697): Package com.android.providers.media.module is an APK in APEX, but has permission allowlist on the system image. Please bundle the allowlist in the com.android.mediaprovider APEX instead.
11-03 17:01:52.681 W/PermissionManager( 697): Package com.android.providers.media.module is an APK in APEX, but has permission allowlist on the system image. Please bundle the allowlist in the com.android.mediaprovider APEX instead.
11-03 17:01:52.681 W/PermissionManager( 697): Package com.android.providers.media.module is an APK in APEX, but has permission allowlist on the system image. Please bundle the allowlist in the com.android.mediaprovider APEX instead.
11-03 17:01:52.681 W/PermissionManager( 697): Package com.android.providers.media.module is an APK in APEX, but has permission allowlist on the system image. Please bundle the allowlist in the com.android.mediaprovider APEX instead.
11-03 17:01:52.681 W/PermissionManager( 697): Package com.android.providers.media.module is an APK in APEX, but has permission allowlist on the system image. Please bundle the allowlist in the com.android.mediaprovider APEX instead.
11-03 17:01:52.681 W/PermissionManager( 697): Package com.android.providers.media.module is an APK in APEX, but has permission allowlist on the system image. Please bundle the allowlist in the com.android.mediaprovider APEX instead.
11-03 17:01:52.681 W/PermissionManager( 697): Package com.android.providers.media.module is an APK in APEX, but has permission allowlist on the system image. Please bundle the allowlist in the com.android.mediaprovider APEX instead.
11-03 17:01:52.681 W/PermissionManager( 697): Package com.android.providers.media.module is an APK in APEX, but has permission allowlist on the system image. Please bundle the allowlist in the com.android.mediaprovider APEX instead.
11-03 17:01:52.681 W/PermissionManager( 697): Package com.android.providers.media.module is an APK in APEX, but has permission allowlist on the system image. Please bundle the allowlist in the com.android.mediaprovider APEX instead.
11-03 17:01:52.681 W/PermissionManager( 697): Package com.android.providers.media.module is an APK in APEX, but has permission allowlist on the system image. Please bundle the allowlist in the com.android.mediaprovider APEX instead.
11-03 17:01:52.700 W/SystemServiceManager( 697): Service com.android.server.policy.PermissionPolicyService took 271 ms in onBootPhase
11-03 17:01:52.701 D/SystemServerTiming( 697): OnBootPhase_550_com.android.server.pm.StagingManager$Lifecycle
11-03 17:01:52.701 D/SystemServerTiming( 697): OnBootPhase_550_com.android.server.app.GameManagerService$Lifecycle
11-03 17:01:52.701 D/SystemServerTiming( 697): OnBootPhase_550_com.android.safetycenter.SafetyCenterService
11-03 17:01:52.701 D/SystemServerTiming( 697): OnBootPhase_550_com.android.server.appsearch.AppSearchModule$Lifecycle
11-03 17:01:52.701 D/SystemServerTiming( 697): OnBootPhase_550_com.android.server.media.MediaCommunicationService
11-03 17:01:52.701 D/SystemServerTiming( 697): OnBootPhase_550_com.android.server.compat.overrides.AppCompatOverridesService$Lifecycle
11-03 17:01:52.701 D/SystemServerTiming( 697): OnBootPhase_550_com.android.server.healthconnect.HealthConnectManagerService
11-03 17:01:52.701 D/SystemServerTiming( 697): OnBootPhase_550_com.android.server.devicelock.DeviceLockService
11-03 17:01:52.701 D/DeviceLockService( 697): onBootPhase: 550
11-03 17:01:52.701 D/SystemServerTiming( 697): StartObservingNativeCrashes
11-03 17:01:52.701 D/SystemServerTiming( 697): RegisterAppOpsPolicy
11-03 17:01:52.704 D/SystemServerTiming( 697): MakeNetworkManagementServiceReady
11-03 17:01:52.704 D/SystemServerTimingAsync( 697): InitThreadPoolExec:WebViewFactoryPreparation
11-03 17:01:52.705 I/SystemServer( 697): WebViewFactoryPreparation
11-03 17:01:52.705 D/SystemServerTimingAsync( 697): WebViewFactoryPreparation
11-03 17:01:52.709 I/ActivityManager( 697): android is exempt from freezer
11-03 17:01:52.711 D/CompatibilityChangeReporter( 697): Compat change id reported: 177438394; UID 1000; state: DISABLED
11-03 17:01:52.711 D/CompatibilityChangeReporter( 697): Compat change id reported: 135772972; UID 1000; state: DISABLED
11-03 17:01:52.711 D/CompatibilityChangeReporter( 697): Compat change id reported: 178038272; UID 1000; state: DISABLED
11-03 17:01:52.713 D/GameManagerService( 697): User ID '0' does not have a Game Mode selected for package: 'com.droidlogic'
11-03 17:01:52.714 D/CompatibilityChangeReporter( 697): Compat change id reported: 168419799; UID 1000; state: DISABLED
11-03 17:01:52.715 D/CompatibilityChangeReporter( 697): Compat change id reported: 273564678; UID 1000; state: DISABLED
11-03 17:01:52.727 I/ActivityManager( 697): Start proc 970:WebViewLoader-armeabi-v7a/1037 [android.webkit.WebViewLibraryLoader$RelroFileCreator] for
11-03 17:01:52.742 D/SystemServerTiming( 697): MakeConnectivityServiceReady
11-03 17:01:52.747 W/BatteryExternalStatsWorker( 697): error reading modem stats:ERROR_PHONE_NOT_AVAILABLE
11-03 17:01:52.755 D/AudioService( 697): No vibrator found
11-03 17:01:52.766 W/NetworkPolicy( 697): setRestrictBackgroundUL: already false
11-03 17:01:52.775 D/CompatibilityChangeReporter( 697): Compat change id reported: 218533173; UID 10085; state: DISABLED
11-03 17:01:52.775 D/CompatibilityChangeReporter( 697): Compat change id reported: 262645982; UID 10085; state: DISABLED
11-03 17:01:52.778 D/CompatibilityChangeReporter( 697): Compat change id reported: 218533173; UID 10045; state: ENABLED
11-03 17:01:52.779 D/CompatibilityChangeReporter( 697): Compat change id reported: 262645982; UID 10045; state: ENABLED
11-03 17:01:52.780 D/CompatibilityChangeReporter( 697): Compat change id reported: 218533173; UID 10050; state: DISABLED
11-03 17:01:52.781 D/CompatibilityChangeReporter( 697): Compat change id reported: 262645982; UID 10050; state: DISABLED
11-03 17:01:52.782 D/CompatibilityChangeReporter( 697): Compat change id reported: 171306433; UID 10050; state: DISABLED
11-03 17:01:52.783 D/CompatibilityChangeReporter( 697): Compat change id reported: 218533173; UID 10083; state: DISABLED
11-03 17:01:52.783 D/CompatibilityChangeReporter( 697): Compat change id reported: 262645982; UID 10083; state: DISABLED
11-03 17:01:52.784 D/CompatibilityChangeReporter( 697): Compat change id reported: 218533173; UID 10079; state: DISABLED
11-03 17:01:52.784 D/CompatibilityChangeReporter( 697): Compat change id reported: 262645982; UID 10079; state: DISABLED
11-03 17:01:52.785 D/CompatibilityChangeReporter( 697): Compat change id reported: 218533173; UID 10076; state: DISABLED
11-03 17:01:52.786 D/CompatibilityChangeReporter( 697): Compat change id reported: 262645982; UID 10076; state: DISABLED
11-03 17:01:52.787 D/CompatibilityChangeReporter( 697): Compat change id reported: 218533173; UID 10086; state: DISABLED
11-03 17:01:52.787 D/CompatibilityChangeReporter( 697): Compat change id reported: 262645982; UID 10086; state: DISABLED
11-03 17:01:52.788 D/CompatibilityChangeReporter( 697): Compat change id reported: 218533173; UID 10084; state: ENABLED
11-03 17:01:52.788 D/CompatibilityChangeReporter( 697): Compat change id reported: 262645982; UID 10084; state: DISABLED
11-03 17:01:52.789 D/CompatibilityChangeReporter( 697): Compat change id reported: 171306433; UID 10084; state: ENABLED
11-03 17:01:52.789 D/CompatibilityChangeReporter( 697): Compat change id reported: 226439802; UID 10084; state: ENABLED
11-03 17:01:52.797 D/GameManagerService( 697): User ID '0' does not have a Game Mode selected for package: 'android'
11-03 17:01:52.797 D/CompatibilityChangeReporter( 697): Compat change id reported: 168419799; UID 1000; state: DISABLED
11-03 17:01:52.798 D/CompatibilityChangeReporter( 697): Compat change id reported: 273564678; UID 1000; state: DISABLED
11-03 17:01:52.798 D/CompatibilityChangeReporter( 697): Compat change id reported: 218533173; UID 10081; state: DISABLED
11-03 17:01:52.799 D/CompatibilityChangeReporter( 697): Compat change id reported: 262645982; UID 10081; state: DISABLED
11-03 17:01:52.801 D/CompatibilityChangeReporter( 697): Compat change id reported: 218533173; UID 10029; state: DISABLED
11-03 17:01:52.803 D/CompatibilityChangeReporter( 697): Compat change id reported: 262645982; UID 10029; state: DISABLED
11-03 17:01:52.804 D/CompatibilityChangeReporter( 697): Compat change id reported: 218533173; UID 10078; state: DISABLED
11-03 17:01:52.806 D/CompatibilityChangeReporter( 697): Compat change id reported: 262645982; UID 10078; state: DISABLED
11-03 17:01:52.807 D/SystemServerTiming( 697): MakeVpnManagerServiceReady
11-03 17:01:52.809 D/CompatibilityChangeReporter( 697): Compat change id reported: 218533173; UID 10082; state: DISABLED
11-03 17:01:52.810 D/CompatibilityChangeReporter( 697): Compat change id reported: 262645982; UID 10082; state: DISABLED
11-03 17:01:52.810 D/CompatibilityChangeReporter( 697): Compat change id reported: 171306433; UID 10082; state: DISABLED
11-03 17:01:52.811 D/CompatibilityChangeReporter( 697): Compat change id reported: 218533173; UID 10048; state: ENABLED
11-03 17:01:52.812 D/CompatibilityChangeReporter( 697): Compat change id reported: 262645982; UID 10048; state: ENABLED
11-03 17:01:52.815 D/SystemServerTiming( 697): MakeVcnManagementServiceReady
11-03 17:01:52.816 D/CompatibilityChangeReporter( 697): Compat change id reported: 218533173; UID 10075; state: DISABLED
11-03 17:01:52.817 D/CompatibilityChangeReporter( 697): Compat change id reported: 262645982; UID 10075; state: DISABLED
11-03 17:01:52.817 D/CompatibilityChangeReporter( 697): Compat change id reported: 218533173; UID 10080; state: DISABLED
11-03 17:01:52.818 D/CompatibilityChangeReporter( 697): Compat change id reported: 262645982; UID 10080; state: DISABLED
11-03 17:01:52.819 D/CompatibilityChangeReporter( 697): Compat change id reported: 218533173; UID 10039; state: DISABLED
11-03 17:01:52.819 D/CompatibilityChangeReporter( 697): Compat change id reported: 262645982; UID 10039; state: DISABLED
11-03 17:01:52.842 E/android.hardware.wifi-service.droidlogic( 475): get aml true wifi is aml_w2_s
11-03 17:01:52.845 E/android.hardware.wifi-service.droidlogic( 475): multiwifi will rmmod wifi comm
11-03 17:01:52.870 I/android.hardware.wifi-service.droidlogic( 475): found the match wifi is: aml_w2_s
11-03 17:01:52.870 I/android.hardware.wifi-service.droidlogic( 475): insmod driver: /vendor/lib/modules/w2_comm.ko
11-03 17:01:52.888 D/SystemServerTiming( 697): MakeNetworkPolicyServiceReady
11-03 17:01:52.906 D/SystemServerTiming( 697): PhaseThirdPartyAppsCanStart
11-03 17:01:52.906 I/SystemServiceManager( 697): Starting phase 600
11-03 17:01:52.906 D/SystemServerTiming( 697): OnBootPhase_600
11-03 17:01:52.906 D/SystemServerTiming( 697): OnBootPhase_600_com.android.server.security.FileIntegrityService
11-03 17:01:52.906 D/SystemServerTiming( 697): OnBootPhase_600_com.android.server.pm.Installer
11-03 17:01:52.906 D/SystemServerTiming( 697): OnBootPhase_600_com.android.server.os.DeviceIdentifiersPolicyService
11-03 17:01:52.906 D/SystemServerTiming( 697): OnBootPhase_600_com.android.server.flags.FeatureFlagsService
11-03 17:01:52.906 D/SystemServerTiming( 697): OnBootPhase_600_com.android.server.uri.UriGrantsManagerService$Lifecycle
11-03 17:01:52.906 D/SystemServerTiming( 697): OnBootPhase_600_com.android.server.powerstats.PowerStatsService
11-03 17:01:52.906 D/SystemServerTiming( 697): OnBootPhase_600_com.android.server.permission.access.AccessCheckingService
11-03 17:01:52.906 D/SystemServerTiming( 697): OnBootPhase_600_com.android.server.wm.ActivityTaskManagerService$Lifecycle
11-03 17:01:52.906 D/SystemServerTiming( 697): OnBootPhase_600_com.android.server.am.ActivityManagerService$Lifecycle
11-03 17:01:52.908 I/ExplicitHealthCheckController( 697): Explicit health checks enabled.
11-03 17:01:52.908 I/PackageWatchdog( 697): Syncing state, reason: health check state enabled
11-03 17:01:52.908 I/PackageWatchdog( 697): Not pruning observers, elapsed time: 0ms
11-03 17:01:52.908 I/PackageWatchdog( 697): Cancelling state sync, nothing to sync
11-03 17:01:52.909 I/PackageWatchdog( 697): Saving observer state to file
11-03 17:01:52.909 D/SystemServerTiming( 697): OnBootPhase_600_com.android.server.pm.DataLoaderManagerService
11-03 17:01:52.909 D/SystemServerTiming( 697): OnBootPhase_600_com.android.server.power.PowerManagerService
11-03 17:01:52.910 D/SystemServerTiming( 697): OnBootPhase_600_com.android.server.power.ThermalManagerService
11-03 17:01:52.910 D/SystemServerTiming( 697): OnBootPhase_600_com.android.server.power.hint.HintManagerService
11-03 17:01:52.910 D/SystemServerTiming( 697): OnBootPhase_600_com.android.server.recoverysystem.RecoverySystemService$Lifecycle
11-03 17:01:52.910 D/SystemServerTiming( 697): OnBootPhase_600_com.android.server.lights.LightsService
11-03 17:01:52.910 D/SystemServerTiming( 697): OnBootPhase_600_com.android.server.display.DisplayManagerService
11-03 17:01:52.910 D/SystemServerTiming( 697): OnBootPhase_600_com.android.server.pm.verify.domain.DomainVerificationService
11-03 17:01:52.910 D/SystemServerTiming( 697): OnBootPhase_600_com.android.server.pm.PackageInstallerService$Lifecycle
11-03 17:01:52.910 D/SystemServerTiming( 697): OnBootPhase_600_com.android.server.pm.UserManagerService$LifeCycle
11-03 17:01:52.910 D/SystemServerTiming( 697): OnBootPhase_600_com.android.server.om.OverlayManagerService
11-03 17:01:52.910 D/SystemServerTiming( 697): OnBootPhase_600_com.android.server.resources.ResourcesManagerService
11-03 17:01:52.910 D/SystemServerTiming( 697): OnBootPhase_600_com.android.server.sensorprivacy.SensorPrivacyService
11-03 17:01:52.910 D/SystemServerTiming( 697): OnBootPhase_600_com.android.server.sensors.SensorService
11-03 17:01:52.910 D/SystemServerTiming( 697): OnBootPhase_600_com.android.server.SystemConfigService
11-03 17:01:52.910 D/SystemServerTiming( 697): OnBootPhase_600_com.android.server.BatteryService
11-03 17:01:52.910 D/SystemServerTiming( 697): OnBootPhase_600_com.android.server.usage.UsageStatsService
11-03 17:01:52.910 D/SystemServerTiming( 697): OnBootPhase_600_com.android.server.webkit.WebViewUpdateService
11-03 17:01:52.910 D/SystemServerTiming( 697): OnBootPhase_600_com.android.server.CachedDeviceStateService
11-03 17:01:52.910 D/SystemServerTiming( 697): OnBootPhase_600_com.android.server.BinderCallsStatsService$LifeCycle
11-03 17:01:52.910 D/SystemServerTiming( 697): OnBootPhase_600_com.android.server.LooperStatsService$Lifecycle
11-03 17:01:52.910 D/SystemServerTiming( 697): OnBootPhase_600_com.android.server.rollback.RollbackManagerService
11-03 17:01:52.910 D/SystemServerTiming( 697): OnBootPhase_600_com.android.server.os.NativeTombstoneManagerService
11-03 17:01:52.910 D/SystemServerTiming( 697): OnBootPhase_600_com.android.server.os.BugreportManagerService
11-03 17:01:52.910 D/SystemServerTiming( 697): OnBootPhase_600_com.android.server.gpu.GpuService
11-03 17:01:52.911 D/SystemServerTiming( 697): OnBootPhase_600_com.android.server.security.rkp.RemoteProvisioningService
11-03 17:01:52.911 D/SystemServerTiming( 697): OnBootPhase_600_com.android.server.security.KeyChainSystemService
11-03 17:01:52.911 D/SystemServerTiming( 697): OnBootPhase_600_com.android.server.BinaryTransparencyService
11-03 17:01:52.911 D/SystemServerTiming( 697): OnBootPhase_600_com.android.server.accounts.AccountManagerService$Lifecycle
11-03 17:01:52.911 D/SystemServerTiming( 697): OnBootPhase_600_com.android.server.content.ContentService$Lifecycle
11-03 17:01:52.911 D/SystemServerTiming( 697): OnBootPhase_600_com.android.server.deviceconfig.DeviceConfigInit$Lifecycle
11-03 17:01:52.911 D/SystemServerTiming( 697): OnBootPhase_600_com.android.server.DropBoxManagerService
11-03 17:01:52.911 D/SystemServerTiming( 697): OnBootPhase_600_com.android.role.RoleService
11-03 17:01:52.911 D/SystemServerTiming( 697): OnBootPhase_600_com.android.server.vibrator.VibratorManagerService$Lifecycle
11-03 17:01:52.911 D/SystemServerTiming( 697): OnBootPhase_600_com.android.server.tare.InternalResourceService
11-03 17:01:52.911 D/SystemServerTiming( 697): OnBootPhase_600_com.android.server.alarm.AlarmManagerService
11-03 17:01:52.911 D/SystemServerTiming( 697): OnBootPhase_600_com.android.server.devicestate.DeviceStateManagerService
11-03 17:01:52.911 D/SystemServerTiming( 697): OnBootPhase_600_com.android.server.camera.CameraServiceProxy
11-03 17:01:52.911 D/SystemServerTiming( 697): OnBootPhase_600_com.android.server.bluetooth.BluetoothService
11-03 17:01:52.911 D/SystemServerTiming( 697): OnBootPhase_600_com.android.server.connectivity.IpConnectivityMetrics
11-03 17:01:52.911 D/SystemServerTiming( 697): OnBootPhase_600_com.android.server.net.watchlist.NetworkWatchlistService$Lifecycle
11-03 17:01:52.911 D/SystemServerTiming( 697): OnBootPhase_600_com.android.server.PinnerService
11-03 17:01:52.911 D/SystemServerTiming( 697): OnBootPhase_600_com.android.server.integrity.AppIntegrityManagerService
11-03 17:01:52.911 D/SystemServerTiming( 697): OnBootPhase_600_com.android.server.logcat.LogcatManagerService
11-03 17:01:52.911 D/SystemServerTiming( 697): OnBootPhase_600_com.android.server.inputmethod.InputMethodManagerService$Lifecycle
11-03 17:01:52.911 D/SystemServerTiming( 697): OnBootPhase_600_com.android.server.accessibility.AccessibilityManagerService$Lifecycle
11-03 17:01:52.913 D/SystemServerTiming( 697): OnBootPhase_600_com.android.server.StorageManagerService$Lifecycle
11-03 17:01:52.913 D/SystemServerTiming( 697): OnBootPhase_600_com.android.server.usage.StorageStatsService$Lifecycle
11-03 17:01:52.913 D/SystemServerTiming( 697): OnBootPhase_600_com.android.server.UiModeManagerService
11-03 17:01:52.913 D/SystemServerTiming( 697): OnBootPhase_600_com.android.server.locales.LocaleManagerService
11-03 17:01:52.913 D/SystemServerTiming( 697): OnBootPhase_600_com.android.server.grammaticalinflection.GrammaticalInflectionService
11-03 17:01:52.913 D/SystemServerTiming( 697): OnBootPhase_600_com.android.server.apphibernation.AppHibernationService
11-03 17:01:52.913 D/SystemServerTiming( 697): OnBootPhase_600_com.android.server.locksettings.LockSettingsService$Lifecycle
11-03 17:01:52.913 D/SystemServerTiming( 697): OnBootPhase_600_com.android.server.PersistentDataBlockService
11-03 17:01:52.913 D/SystemServerTiming( 697): OnBootPhase_600_com.android.server.testharness.TestHarnessModeService
11-03 17:01:52.913 D/SystemServerTiming( 697): OnBootPhase_600_com.android.server.oemlock.OemLockService
11-03 17:01:52.913 D/SystemServerTiming( 697): OnBootPhase_600_com.android.server.DeviceIdleController
11-03 17:01:52.913 D/SystemServerTiming( 697): OnBootPhase_600_com.android.server.devicepolicy.DevicePolicyManagerService$Lifecycle
11-03 17:01:52.913 D/SystemServerTiming( 697): OnBootPhase_600_com.android.server.texttospeech.TextToSpeechManagerService
11-03 17:01:52.914 D/SystemServerTiming( 697): OnBootPhase_600_com.android.server.ambientcontext.AmbientContextManagerService
11-03 17:01:52.914 D/SystemServerTiming( 697): OnBootPhase_600_com.android.server.wearable.WearableSensingManagerService
11-03 17:01:52.914 D/SystemServerTiming( 697): OnBootPhase_600_com.android.server.speech.SpeechRecognitionManagerService
11-03 17:01:52.915 D/SystemServerTiming( 697): OnBootPhase_600_com.android.server.searchui.SearchUiManagerService
11-03 17:01:52.915 D/SystemServerTiming( 697): OnBootPhase_600_com.android.server.smartspace.SmartspaceManagerService
11-03 17:01:52.916 D/SystemServerTiming( 697): OnBootPhase_600_com.android.server.graphics.fonts.FontManagerService$Lifecycle
11-03 17:01:52.916 D/SystemServerTiming( 697): OnBootPhase_600_com.android.server.textservices.TextServicesManagerService$Lifecycle
11-03 17:01:52.917 D/SystemServerTiming( 697): OnBootPhase_600_com.android.server.textclassifier.TextClassificationManagerService$Lifecycle
11-03 17:01:52.917 D/SystemServerTiming( 697): OnBootPhase_600_com.android.server.NetworkScoreService$Lifecycle
11-03 17:01:52.917 D/SystemServerTiming( 697): OnBootPhase_600_com.android.server.NetworkStatsServiceInitializer
11-03 17:01:52.917 D/SystemServerTiming( 697): OnBootPhase_600_com.android.server.wifi.WifiService
11-03 17:01:52.917 D/SystemServerTiming( 697): OnBootPhase_600_com.android.server.wifi.scanner.WifiScanningService
11-03 17:01:52.917 D/SystemServerTiming( 697): OnBootPhase_600_com.android.server.wifi.p2p.WifiP2pService
11-03 17:01:52.917 D/SystemServerTiming( 697): OnBootPhase_600_com.android.server.ConnectivityServiceInitializer
11-03 17:01:52.930 W/BroadcastLoopers( 697): Found previously unknown looper Thread[NetworkStats,5,main]
11-03 17:01:52.954 D/SystemServerTiming( 697): OnBootPhase_600_com.android.server.notification.NotificationManagerService
11-03 17:01:52.963 D/SystemServerTiming( 697): OnBootPhase_600_com.android.server.storage.DeviceStorageMonitorService
11-03 17:01:52.963 D/SystemServerTiming( 697): OnBootPhase_600_com.android.server.timedetector.TimeDetectorService$Lifecycle
11-03 17:01:52.963 D/SystemServerTiming( 697): OnBootPhase_600_com.android.server.location.LocationManagerService$Lifecycle
11-03 17:01:53.000 W/PackageManager( 697): Invalid dex load report. loadingPackageName=null, uid=1037
11-03 17:01:53.009 D/CompatibilityChangeReporter( 697): Compat change id reported: 261072174; UID 1000; state: ENABLED
11-03 17:01:53.018 I/android.hardware.wifi-service.droidlogic( 475): insmod driver: /vendor/lib/modules/aml_bt.ko
11-03 17:01:53.064 I/android.hardware.wifi-service.droidlogic( 475): insmod driver: /vendor/lib/modules/w2.ko
11-03 17:01:53.079 W/SystemServiceManager( 697): Service com.android.server.location.LocationManagerService$Lifecycle took 117 ms in onBootPhase
11-03 17:01:53.079 D/SystemServerTiming( 697): OnBootPhase_600_com.android.server.timezonedetector.TimeZoneDetectorService$Lifecycle
11-03 17:01:53.079 D/SystemServerTiming( 697): OnBootPhase_600_com.android.server.location.altitude.AltitudeService$Lifecycle
11-03 17:01:53.079 D/SystemServerTiming( 697): OnBootPhase_600_com.android.server.timezonedetector.location.LocationTimeZoneManagerService$Lifecycle
11-03 17:01:53.080 D/SystemServerTiming( 697): OnBootPhase_600_com.android.server.search.SearchManagerService$Lifecycle
11-03 17:01:53.080 D/SystemServerTiming( 697): OnBootPhase_600_com.android.server.wallpaper.WallpaperManagerService$Lifecycle
11-03 17:01:53.080 D/WallpaperManagerService( 697): Wallpaper_switch-user-0
11-03 17:01:53.090 V/WallpaperManagerService( 697): bindWallpaperComponentLocked: componentName=ComponentInfo{com.android.systemui/com.android.systemui.wallpapers.ImageWallpaper}
11-03 17:01:53.090 D/WallpaperManagerService( 697): WPMS.bindWallpaperComponentLocked-ComponentInfo{com.android.systemui/com.android.systemui.wallpapers.ImageWallpaper}
11-03 17:01:53.105 D/SystemServerTiming( 697): OnBootPhase_600_com.android.server.wallpapereffectsgeneration.WallpaperEffectsGenerationManagerService
11-03 17:01:53.105 D/SystemServerTiming( 697): OnBootPhase_600_com.android.server.audio.AudioService$Lifecycle
11-03 17:01:53.105 D/SystemServerTiming( 697): OnBootPhase_600_com.android.server.soundtrigger_middleware.SoundTriggerMiddlewareService$Lifecycle
11-03 17:01:53.105 D/SystemServerTiming( 697): OnBootPhase_600_com.android.server.adb.AdbService$Lifecycle
11-03 17:01:53.105 D/SystemServerTiming( 697): OnBootPhase_600_com.android.server.usb.UsbService$Lifecycle
11-03 17:01:53.105 D/SystemServerTiming( 697): OnBootPhase_600_com.android.server.twilight.TwilightService
11-03 17:01:53.105 D/SystemServerTiming( 697): OnBootPhase_600_com.android.server.display.color.ColorDisplayService
11-03 17:01:53.105 D/SystemServerTiming( 697): OnBootPhase_600_com.android.server.job.JobSchedulerService
11-03 17:01:53.119 D/SystemServerTiming( 697): OnBootPhase_600_com.android.server.soundtrigger.SoundTriggerService
11-03 17:01:53.119 D/SoundTriggerService( 697): onBootPhase: 600 : false
11-03 17:01:53.124 D/SystemServerTiming( 697): OnBootPhase_600_com.android.server.trust.TrustManagerService
11-03 17:01:53.127 I/keystore2( 290): system/security/keystore2/src/authorization.rs:143 - on_lock_screen_event(r#UNLOCK, user_id=0, password.is_some()=false, unlocking_sids=Some([]))
11-03 17:01:53.127 D/SystemServerTiming( 697): OnBootPhase_600_com.android.server.backup.BackupManagerService$Lifecycle
11-03 17:01:53.128 D/SystemServerTiming( 697): OnBootPhase_600_com.android.server.appwidget.AppWidgetService
11-03 17:01:53.128 D/SystemServerTiming( 697): OnBootPhase_600_com.android.server.voiceinteraction.VoiceInteractionManagerService
11-03 17:01:53.129 D/SystemServerTiming( 697): OnBootPhase_600_com.android.server.GestureLauncherService
11-03 17:01:53.132 D/SystemServerTiming( 697): OnBootPhase_600_com.android.server.SensorNotificationService
11-03 17:01:53.133 D/SystemServerTiming( 697): OnBootPhase_600_com.android.server.emergency.EmergencyAffordanceService
11-03 17:01:53.134 D/SystemServerTiming( 697): OnBootPhase_600_com.android.server.blob.BlobStoreManagerService
11-03 17:01:53.184 D/SystemServerTiming( 697): OnBootPhase_600_com.android.server.dreams.DreamManagerService
11-03 17:01:53.187 D/SystemServerTiming( 697): OnBootPhase_600_com.android.server.security.AttestationVerificationManagerService
11-03 17:01:53.187 D/SystemServerTiming( 697): OnBootPhase_600_com.android.server.restrictions.RestrictionsManagerService
11-03 17:01:53.187 D/SystemServerTiming( 697): OnBootPhase_600_com.android.server.media.MediaSessionService
11-03 17:01:53.187 D/SystemServerTiming( 697): OnBootPhase_600_com.android.server.hdmi.HdmiControlService
11-03 17:01:53.187 D/SystemServerTiming( 697): OnBootPhase_600_com.android.server.tv.interactive.TvInteractiveAppManagerService
11-03 17:01:53.205 D/SystemServerTiming( 697): OnBootPhase_600_com.android.server.tv.TvInputManagerService
11-03 17:01:53.209 D/SystemServerTiming( 697): OnBootPhase_600_com.android.server.media.MediaResourceMonitorService
11-03 17:01:53.209 D/SystemServerTiming( 697): OnBootPhase_600_com.android.server.tv.TvRemoteService
11-03 17:01:53.210 D/SystemServerTiming( 697): OnBootPhase_600_com.android.server.biometrics.BiometricService
11-03 17:01:53.210 D/SystemServerTiming( 697): OnBootPhase_600_com.android.server.biometrics.AuthService
11-03 17:01:53.210 D/SystemServerTiming( 697): OnBootPhase_600_com.android.server.pm.ShortcutService$Lifecycle
11-03 17:01:53.210 D/SystemServerTiming( 697): OnBootPhase_600_com.android.server.pm.LauncherAppsService
11-03 17:01:53.210 D/SystemServerTiming( 697): OnBootPhase_600_com.android.server.pm.CrossProfileAppsService
11-03 17:01:53.210 D/SystemServerTiming( 697): OnBootPhase_600_com.android.server.people.PeopleService
11-03 17:01:53.210 D/SystemServerTiming( 697): OnBootPhase_600_com.android.server.media.metrics.MediaMetricsManagerService
11-03 17:01:53.210 D/SystemServerTiming( 697): OnBootPhase_600_com.android.server.pm.BackgroundInstallControlService
11-03 17:01:53.210 D/SystemServerTiming( 697): OnBootPhase_600_com.android.server.media.projection.MediaProjectionManagerService
11-03 17:01:53.210 D/SystemServerTiming( 697): OnBootPhase_600_com.android.server.slice.SliceManagerService$Lifecycle
11-03 17:01:53.210 D/SystemServerTiming( 697): OnBootPhase_600_com.android.server.stats.StatsCompanion$Lifecycle
11-03 17:01:53.226 D/SystemServerTiming( 697): OnBootPhase_600_com.android.server.scheduling.RebootReadinessManagerService$Lifecycle
11-03 17:01:53.226 D/SystemServerTiming( 697): OnBootPhase_600_com.android.server.stats.pull.StatsPullAtomService
11-03 17:01:53.226 D/SystemServerTiming( 697): OnBootPhase_600_com.android.server.stats.bootstrap.StatsBootstrapAtomService$Lifecycle
11-03 17:01:53.226 D/SystemServerTiming( 697): OnBootPhase_600_com.android.server.incident.IncidentCompanionService
11-03 17:01:53.226 D/SystemServerTiming( 697): OnBootPhase_600_com.android.server.sdksandbox.SdkSandboxManagerService$Lifecycle
11-03 17:01:53.226 D/SystemServerTiming( 697): OnBootPhase_600_com.android.server.adservices.AdServicesManagerService$Lifecycle
11-03 17:01:53.226 D/SystemServerTiming( 697): OnBootPhase_600_com.android.server.ondevicepersonalization.OnDevicePersonalizationSystemService$Lifecycle
11-03 17:01:53.226 D/SystemServerTiming( 697): OnBootPhase_600_com.android.server.autofill.AutofillManagerService
11-03 17:01:53.227 D/SystemServerTiming( 697): OnBootPhase_600_com.android.server.clipboard.ClipboardService
11-03 17:01:53.227 D/SystemServerTiming( 697): OnBootPhase_600_com.android.server.appbinding.AppBindingService$Lifecycle
11-03 17:01:53.227 D/StatsPullAtomService( 697): Registering NetworkStats pullers with statsd
11-03 17:01:53.228 D/SystemServerTiming( 697): OnBootPhase_600_com.android.server.tracing.TracingServiceProxy
11-03 17:01:53.228 D/SystemServerTiming( 697): OnBootPhase_600_com.android.server.policy.PermissionPolicyService
11-03 17:01:53.228 D/SystemServerTiming( 697): OnBootPhase_600_com.android.server.pm.StagingManager$Lifecycle
11-03 17:01:53.228 D/SystemServerTiming( 697): OnBootPhase_600_com.android.server.app.GameManagerService$Lifecycle
11-03 17:01:53.228 D/SystemServerTiming( 697): OnBootPhase_600_com.android.safetycenter.SafetyCenterService
11-03 17:01:53.228 D/SystemServerTiming( 697): OnBootPhase_600_com.android.server.appsearch.AppSearchModule$Lifecycle
11-03 17:01:53.228 D/SystemServerTiming( 697): OnBootPhase_600_com.android.server.media.MediaCommunicationService
11-03 17:01:53.228 D/SystemServerTiming( 697): OnBootPhase_600_com.android.server.compat.overrides.AppCompatOverridesService$Lifecycle
11-03 17:01:53.228 D/SystemServerTiming( 697): OnBootPhase_600_com.android.server.healthconnect.HealthConnectManagerService
11-03 17:01:53.228 D/SystemServerTiming( 697): OnBootPhase_600_com.android.server.devicelock.DeviceLockService
11-03 17:01:53.228 D/DeviceLockService( 697): onBootPhase: 600
11-03 17:01:53.228 D/SystemServerTiming( 697): StartNetworkStack
11-03 17:01:53.241 D/CompatibilityChangeReporter( 697): Compat change id reported: 135634846; UID 1073; state: DISABLED
11-03 17:01:53.242 D/SystemServerTiming( 697): StartTethering
11-03 17:01:53.281 I/ActivityManager( 697): Start proc 1010:com.android.networkstack.process/1073 for service {com.android.networkstack/com.android.server.NetworkStackService}
11-03 17:01:53.292 D/SystemServerTiming( 697): MakeCountryDetectionServiceReady
11-03 17:01:53.294 D/SystemServerTiming( 697): MakeNetworkTimeUpdateReady
11-03 17:01:53.297 D/SystemServerTiming( 697): MakeInputManagerServiceReady
11-03 17:01:53.298 D/GameManagerService( 697): User ID '0' does not have a Game Mode selected for package: 'com.android.networkstack'
11-03 17:01:53.299 D/CompatibilityChangeReporter( 697): Compat change id reported: 168419799; UID 1073; state: DISABLED
11-03 17:01:53.299 D/CompatibilityChangeReporter( 697): Compat change id reported: 273564678; UID 1073; state: DISABLED
11-03 17:01:53.302 D/CompatibilityChangeReporter( 697): Compat change id reported: 265195908; UID 1073; state: ENABLED
11-03 17:01:53.335 D/SystemServerTiming( 697): MakeTelephonyRegistryReady
11-03 17:01:53.337 D/SystemServerTiming( 697): MakeMediaRouterServiceReady
11-03 17:01:53.338 I/MR2ServiceImpl( 697): switchUser | user: 0
11-03 17:01:53.338 D/SystemServerTiming( 697): IncidentDaemonReady
11-03 17:01:53.339 D/SystemServerTiming( 697): MakeIncrementalServiceReady
11-03 17:01:53.339 D/SystemServerTiming( 697): OdsignStatsLogger
11-03 17:01:53.340 D/SystemServerTiming( 697): getCurrentUser
11-03 17:01:53.340 I/ActivityManager( 697): Current user:0
11-03 17:01:53.340 D/SystemServerTiming( 697): ActivityManagerStartApps
11-03 17:01:53.340 D/SystemServerTimingAsync( 697): ssm.StartUser-0
11-03 17:01:53.341 I/SystemServiceManager( 697): Calling onStartUser 0
11-03 17:01:53.341 D/SystemServerTimingAsync( 697): ssm.onStartUser-0_com.android.server.security.FileIntegrityService
11-03 17:01:53.341 D/SystemServerTimingAsync( 697): ssm.onStartUser-0_com.android.server.pm.Installer
11-03 17:01:53.341 D/SystemServerTimingAsync( 697): ssm.onStartUser-0_com.android.server.os.DeviceIdentifiersPolicyService
11-03 17:01:53.341 D/SystemServerTimingAsync( 697): ssm.onStartUser-0_com.android.server.flags.FeatureFlagsService
11-03 17:01:53.341 D/SystemServerTimingAsync( 697): ssm.onStartUser-0_com.android.server.uri.UriGrantsManagerService$Lifecycle
11-03 17:01:53.341 D/SystemServerTimingAsync( 697): ssm.onStartUser-0_com.android.server.powerstats.PowerStatsService
11-03 17:01:53.341 D/SystemServerTimingAsync( 697): ssm.onStartUser-0_com.android.server.permission.access.AccessCheckingService
11-03 17:01:53.341 D/SystemServerTimingAsync( 697): ssm.onStartUser-0_com.android.server.wm.ActivityTaskManagerService$Lifecycle
11-03 17:01:53.341 D/SystemServerTimingAsync( 697): ssm.onStartUser-0_com.android.server.am.ActivityManagerService$Lifecycle
11-03 17:01:53.341 D/SystemServerTimingAsync( 697): ssm.onStartUser-0_com.android.server.pm.DataLoaderManagerService
11-03 17:01:53.341 D/SystemServerTimingAsync( 697): ssm.onStartUser-0_com.android.server.power.PowerManagerService
11-03 17:01:53.341 D/SystemServerTimingAsync( 697): ssm.onStartUser-0_com.android.server.power.ThermalManagerService
11-03 17:01:53.342 D/SystemServerTimingAsync( 697): ssm.onStartUser-0_com.android.server.power.hint.HintManagerService
11-03 17:01:53.342 D/SystemServerTimingAsync( 697): ssm.onStartUser-0_com.android.server.recoverysystem.RecoverySystemService$Lifecycle
11-03 17:01:53.342 D/SystemServerTimingAsync( 697): ssm.onStartUser-0_com.android.server.lights.LightsService
11-03 17:01:53.342 D/SystemServerTimingAsync( 697): ssm.onStartUser-0_com.android.server.display.DisplayManagerService
11-03 17:01:53.342 D/SystemServerTimingAsync( 697): ssm.onStartUser-0_com.android.server.pm.verify.domain.DomainVerificationService
11-03 17:01:53.342 D/SystemServerTimingAsync( 697): ssm.onStartUser-0_com.android.server.pm.PackageInstallerService$Lifecycle
11-03 17:01:53.342 D/SystemServerTimingAsync( 697): ssm.onStartUser-0_com.android.server.pm.UserManagerService$LifeCycle
11-03 17:01:53.342 D/SystemServerTimingAsync( 697): ssm.onStartUser-0_com.android.server.om.OverlayManagerService
11-03 17:01:53.342 D/CompatibilityChangeReporter( 697): Compat change id reported: 135634846; UID 10051; state: DISABLED
11-03 17:01:53.347 D/CompatibilityChangeReporter( 697): Compat change id reported: 177438394; UID 10051; state: DISABLED
11-03 17:01:53.347 D/CompatibilityChangeReporter( 697): Compat change id reported: 135772972; UID 10051; state: DISABLED
11-03 17:01:53.347 D/CompatibilityChangeReporter( 697): Compat change id reported: 135754954; UID 10051; state: ENABLED
11-03 17:01:53.402 I/ActivityManager( 697): Process WebViewLoader-armeabi-v7a (pid 970) has died: psvc PER
11-03 17:01:53.403 D/DisplayManagerService( 697): Drop pending events for gone uid 1037
11-03 17:01:53.405 D/OomAdjuster( 697): Not killing cached processes
11-03 17:01:53.454 W/SystemServiceManager( 697): Service com.android.server.om.OverlayManagerService took 112 ms in onStartUser-0
11-03 17:01:53.455 D/SystemServerTimingAsync( 697): ssm.onStartUser-0_com.android.server.resources.ResourcesManagerService
11-03 17:01:53.455 D/SystemServerTimingAsync( 697): ssm.onStartUser-0_com.android.server.sensorprivacy.SensorPrivacyService
11-03 17:01:53.459 V/WindowManagerShell( 933): Adding init callback for DisplayChangeController
11-03 17:01:53.459 V/WindowManagerShell( 933): Adding init callback for DisplayController
11-03 17:01:53.459 V/WindowManagerShell( 933): Adding init callback for DisplayInsetsController
11-03 17:01:53.460 V/WindowManagerShell( 933): Adding init callback for DisplayImeController
11-03 17:01:53.460 V/WindowManagerShell( 933): Adding init callback for ShellController
11-03 17:01:53.467 V/WindowManagerShell( 933): Adding init callback for DragAndDropController
11-03 17:01:53.475 D/HDMI ( 697): Process pid:950 is calling addHotplugEventListener
11-03 17:01:53.484 D/CompatibilityChangeReporter( 697): Compat change id reported: 265464455; UID 10052; state: DISABLED
11-03 17:01:53.485 D/CompatibilityChangeReporter( 697): Compat change id reported: 265452344; UID 10052; state: DISABLED
11-03 17:01:53.485 D/CompatibilityChangeReporter( 697): Compat change id reported: 266124927; UID 10052; state: DISABLED
11-03 17:01:53.491 D/CompatibilityChangeReporter( 697): Compat change id reported: 265451093; UID 10052; state: DISABLED
11-03 17:01:53.491 D/CompatibilityChangeReporter( 697): Compat change id reported: 265456536; UID 10052; state: DISABLED
11-03 17:01:53.494 D/CompatibilityChangeReporter( 697): Compat change id reported: 255940284; UID 10052; state: DISABLED
11-03 17:01:53.495 D/CompatibilityChangeReporter( 697): Compat change id reported: 236283604; UID 10052; state: DISABLED
11-03 17:01:53.497 D/CompatibilityChangeReporter( 697): Compat change id reported: 263959004; UID 10052; state: DISABLED
11-03 17:01:53.497 D/CompatibilityChangeReporter( 697): Compat change id reported: 264304459; UID 10052; state: DISABLED
11-03 17:01:53.498 D/CompatibilityChangeReporter( 697): Compat change id reported: 264301586; UID 10052; state: DISABLED
11-03 17:01:53.504 D/CompatibilityChangeReporter( 697): Compat change id reported: 254631730; UID 10052; state: DISABLED
11-03 17:01:53.507 D/CompatibilityChangeReporter( 697): Compat change id reported: 273509367; UID 10052; state: DISABLED
11-03 17:01:53.507 D/CompatibilityChangeReporter( 697): Compat change id reported: 263259275; UID 10052; state: DISABLED
11-03 17:01:53.511 D/CompatibilityChangeReporter( 697): Compat change id reported: 174042980; UID 10052; state: DISABLED
11-03 17:01:53.511 D/CompatibilityChangeReporter( 697): Compat change id reported: 174042936; UID 10052; state: DISABLED
11-03 17:01:53.512 V/WindowManagerShell( 933): Adding init callback for CompatUIController
11-03 17:01:53.516 D/CompatibilityChangeReporter( 697): Compat change id reported: 181136395; UID 10052; state: DISABLED
11-03 17:01:53.527 V/WindowManagerShell( 933): Adding init callback for ShellTaskOrganizer
11-03 17:01:53.538 D/CompatibilityChangeReporter( 697): Compat change id reported: 194480991; UID 10052; state: ENABLED
11-03 17:01:53.542 W/ActivityTaskManager( 697): startActivity called from non-Activity context; forcing Intent.FLAG_ACTIVITY_NEW_TASK for: Intent { flg=0x840000 cmp=com.android.systemui/.sensorprivacy.television.TvSensorPrivacyChangedActivity (has extras) }
11-03 17:01:53.559 D/CompatibilityChangeReporter( 697): Compat change id reported: 184838306; UID 10052; state: DISABLED
11-03 17:01:53.560 D/CompatibilityChangeReporter( 697): Compat change id reported: 185004937; UID 10052; state: DISABLED
11-03 17:01:53.562 D/CompatibilityChangeReporter( 697): Compat change id reported: 197654537; UID 10052; state: ENABLED
11-03 17:01:53.570 I/ActivityTaskManager( 697): START u0 {flg=0x840000 cmp=com.android.systemui/.sensorprivacy.television.TvSensorPrivacyChangedActivity (has extras)} with LAUNCH_SINGLE_TOP from uid 1000 (BAL_ALLOW_ALLOWLISTED_UID) result code=0
11-03 17:01:53.576 W/ActivityTaskManager( 697): startActivity called from non-Activity context; forcing Intent.FLAG_ACTIVITY_NEW_TASK for: Intent { flg=0x840000 cmp=com.android.systemui/.sensorprivacy.television.TvSensorPrivacyChangedActivity (has extras) }
11-03 17:01:53.579 I/ActivityTaskManager( 697): START u0 {flg=0x840000 cmp=com.android.systemui/.sensorprivacy.television.TvSensorPrivacyChangedActivity (has extras)} with LAUNCH_SINGLE_TOP from uid 1000 (BAL_ALLOW_ALLOWLISTED_UID) result code=3
11-03 17:01:53.585 V/WindowManagerShell( 933): Adding init callback for DefaultTransitionHandler
11-03 17:01:53.585 V/WindowManagerShell( 933): addHandler: Default
11-03 17:01:53.585 V/WindowManagerShell( 933): addHandler: Remote
11-03 17:01:53.585 V/WindowManagerShell( 933): Adding init callback for Transitions
11-03 17:01:53.607 D/CountryDetector( 697): Using custom country detector class: com.android.server.location.ComprehensiveCountryDetector
11-03 17:01:53.607 E/CountryDetector( 697): Could not instantiate the custom country detector class
11-03 17:01:53.608 D/CountryDetector( 697): Using default country detector
11-03 17:01:53.618 W/ActivityManager( 697): Slow operation: 90ms so far, now at finishAttachApplicationInner: after mServices.attachApplicationLocked
11-03 17:01:53.618 W/ActivityManager( 697): Slow operation: 90ms so far, now at finishAttachApplicationInner: after dispatching broadcasts
