11-03 17:08:23.303 E/DOWNLOADER_LOG( 4419): [RetryableStream.cpp::Close:1348] [tunnel:24][stream_id:83][KeyFlow] close stream [cdn_ip:(null)][url:http://valipl10.cp31.ott.cibntv.net/67756D6080932713CFC02204E/0501100000669B4DCC0467A4424B4B3097ED14-F4B3-466F-B55E-A2D791FCC5D0_video_00029.mp4?ccode=0103010102&duration=6917&expire=18000&psid=a1304d33d4c1c9ee75dea6ee40150d0442346&ups_client_netip=7157521f&ups_ts=1762160889&ups_userid=1400807978&utid=aQSc5ul7QxsDADFIplqlGPrV&vid=XNTk2NDM1MjEyOA%3D%3D&s=ddbf820df3884e3480f6&iv=1&eo=1&t=93474ffdd30e57f&cug=1&fms=1516d2ab8ae8a9c1&tr=6917&le=90570a0cfcfeb6ac9eee54fc135d083e&ckt=5&m_onoff=0&rid=20000000BE2C224CE2BDABCB8431FEC525F7F0D702000000&type=cmfv5hd4_hbr_bit10&bc=2&dre=u151&si=573&dst=1&yk_pid=cd719a991a008182&sm=1&operate_type=1&app_key=23299685&app_ver=2131300103&vkey=B3c4e9cfc7e22a2807f45a1eea71fefd2&pcdn_did=47&pcdn_url_no=29]
11-03 17:08:23.304 E/DOWNLOADER_LOG( 4419): [RetryableStream.cpp::Close:1382] [tunnel:24][stream_id:83]tunnelstat:b0>0^b1>0^b2>0^b3>0^b1r>0^b3r>0^pcdn>
11-03 17:08:23.304 E/DOWNLOADER_LOG( 4419): [NewPCDNDownloadFilter.cpp::Close:820] [tunnel:24][stream_id:83][player_id:23][57]Close size:6519601totalSize:15905252
11-03 17:08:23.304 D/CCodecBufferChannel( 4419): [c2.amlogic.hevc.decoder#685] MediaCodec discarded an unknown buffer
11-03 17:08:23.304 I/VDA ( 7986): [0##103]"ResetTask\n"
11-03 17:08:23.304 I/AmlManagePts( 7986): [0]"resetPtsInfo into\n"
11-03 17:08:23.304 I/AmlManagePts( 7986): [0]"resetOutPutInfo into\n"
11-03 17:08:23.305 I/VDA ( 7986): [0##103]"FinishReset\n"
11-03 17:08:23.305 I/VDA ( 7986): [0##103]"StopInputStream input_streamon 0, input_buffer_map_.size 8\n"
11-03 17:08:23.305 I/VDA ( 7986): [0##103]"StopDevicePoll\n"
11-03 17:08:23.305 I/VDA ( 7986): [0##103]"----stop output VIDIOC_STREAMOFF----\n"
11-03 17:08:23.305 E/DnaLog[ykistream][23]( 4419): [0xe92619d0] stream close cost 2 ms
11-03 17:08:23.305 I/DnaLog[ykistream][23]( 4419): [0xe92619d0] [23]~YKIStream enter,
11-03 17:08:23.305 E/DOWNLOADER_LOG( 4419): [DownloadManager.cpp::UnregisterDownloadCompleteListener:372] unregistercompletelistener,player:23
11-03 17:08:23.305 E/DnaLog[ykistream][23]( 4419): [0xe92619d0] stream close cost 0 ms
11-03 17:08:23.306 I/DnaLog[ykistream][23]( 4419): [0xe92619d0] [23]~YKIStream exit
11-03 17:08:23.306 E/[OPR_v3]( 4419): [opr_audio_device_audiotrack]destructor
11-03 17:08:23.306 I/OPENCODEC::COpenDecoder( 4419): [Stop:303] [23]enter MediaType[1]
11-03 17:08:23.306 I/OPENCODEC::COpenDecoder( 4419): [Stop:320] [23] end MediaType[1]
11-03 17:08:23.306 I/DnaLog[M3u8Extractor2][23]( 4419): ~M3u8Extractor2 start, player id:23
11-03 17:08:23.306 D/CCodecBufferChannel( 4419): [c2.android.raw.decoder#114] MediaCodec discarded an unknown buffer
11-03 17:08:23.306 D/CCodecBufferChannel( 4419): [c2.android.raw.decoder#114] MediaCodec discarded an unknown buffer
11-03 17:08:23.306 E/DOWNLOADER_LOG( 4419): [RetryableStream.cpp::Close:1348] [tunnel:24][stream_id:73][KeyFlow] close stream [cdn_ip:125.94.42.155][url:http://valipl10.cp31.ott.cibntv.net/65738624C28357184637B49FD/0501100000669B4DCC0467A4424B4B3097ED14-F4B3-466F-B55E-A2D791FCC5D0-12-12941520547.m3u8?ccode=0103010102&duration=6917&expire=18000&psid=a1304d33d4c1c9ee75dea6ee40150d0442346&ups_client_netip=7157521f&ups_ts=1762160889&ups_userid=1400807978&utid=aQSc5ul7QxsDADFIplqlGPrV&vid=XNTk2NDM1MjEyOA%3D%3D&vkey=B7875bad61a4923475296fbaa3568d1d9&s=ddbf820df3884e3480f6&iv=1&eo=1&t=93474ffdd30e57f&cug=1&fms=1516d2ab8ae8a9c1&tr=6917&le=90570a0cfcfeb6ac9eee54fc135d083e&ckt=5&m_onoff=0&rid=20000000BE2C224CE2BDABCB8431FEC525F7F0D702000000&type=cmfv5hd4_hbr_bit10&bc=2&dre=u151&si=573&dst=1&yk_pid=cd719a991a008182&sm=1&operate_type=1&app_key=23299685&app_ver=2131300103]
11-03 17:08:23.306 D/CCodecBufferChannel( 4419): [c2.android.raw.decoder#114] MediaCodec discarded an unknown buffer
11-03 17:08:23.307 D/CCodecBufferChannel( 4419): [c2.android.raw.decoder#114] MediaCodec discarded an unknown buffer
11-03 17:08:23.307 E/DOWNLOADER_LOG( 4419): [RetryableStream.cpp::Close:1382] [tunnel:24][stream_id:73]tunnelstat:b0>0^b1>0^b2>0^b3>0^b1r>0^b3r>0^pcdn>
11-03 17:08:23.307 E/DOWNLOADER_LOG( 4419): [NewPCDNDownloadFilter.cpp::Close:820] [tunnel:24][stream_id:73][player_id:23][48]Close size:452120totalSize:452120
11-03 17:08:23.307 E/DOWNLOADER_LOG( 4419): [NewPCDNDownloadFilter.cpp::Close:830] [tunnel:24][stream_id:73][player_id:23][48]Close m3u8
11-03 17:08:23.307 E/DnaLog[M3u8Extractor2][23]( 4419): M3u8Extractor2 p2p:0, ConfigP2PTask type:1, index:(99->99), mode:m3u8 stop, url:http://valipl10.cp31.ott.cibntv.net/65738624C28357184637B49FD/0501100000669B4DCC0467A4424B4B3097ED14-F4B3-466F-B55E-A2D791FCC5D0-12-12941520547.m3u8?ccode=0103010102&duration=6917&expire=18000&psid=a1304d33d4c1c9ee75dea6ee40150d0442346&ups_client_netip=7157521f&ups_ts=1762160889&ups_userid=1400807978&utid=aQSc5ul7QxsDADFIplqlGPrV&vid=XNTk2NDM1MjEyOA%3D%3D&vkey=B7875bad61a4923475296fbaa3568d1d9&s=ddbf820df3884e3480f6&iv=1&eo=1&t=93474ffdd30e57f&cug=1&fms=1516d2ab8ae8a9c1&tr=6917&le=90570a0cfcfeb6ac9eee54fc135d083e&ckt=5&m_onoff=0&rid=20000000BE2C224CE2BDABCB8431FEC525F7F0D702000000&type=cmfv5hd4_hbr_bit10&bc=2&dre=u151&si=573&dst=1&yk_pid=cd719a991a008182&sm=1&operate_type=1&app_key=23299685&app_ver=2131300103
11-03 17:08:23.309 I/DnaLog[SourceParserCmafSub][23]( 4419): [SubType:1] SourceParserCmafSub::Close() end
11-03 17:08:23.309 E/DnaLog[M3u8Extractor2][23]( 4419): 2066, set interrupt:1
11-03 17:08:23.309 I/DnaLog[SourceParserCmafSub][23]( 4419): [SubType:2] [DNAEvent_KeyFlow:AudioCmafClose]
11-03 17:08:23.309 E/DOWNLOADER_LOG( 4419): [DownloadManager.cpp::UnregisterDownloadCompleteListener:372] unregistercompletelistener,player:23
11-03 17:08:23.309 E/DOWNLOADER_LOG( 4419): [RetryableStream.cpp::Close:1348] [tunnel:24][stream_id:84][KeyFlow] close stream [cdn_ip:125.94.42.155][url:http://valipl10.cp31.ott.cibntv.net/677436565713D71C024044C27/07001800006704E49D08ED93983D7CD50906A8-48C1-4984-8F10-C34EC8AC6F40_audio_00029.mp4?ccode=0103010102&duration=0&expire=18000&psid=a1304d33d4c1c9ee75dea6ee40150d0442346&ups_client_netip=7157521f&ups_ts=1762160889&ups_userid=1400807978&apscid=&mnid=&rid=20000000FCB9C0D745455205120D7D1F03EE3F1902000000&operate_type=1&umt=1&type=cmfa3hd5_dtsc51&utid=aQSc5ul7QxsDADFIplqlGPrV&vid=XNTk2NDM1MjEyOA%3D%3D&s=ddbf820df3884e3480f6&iv=1&t=93474ffdd30e57c&cug=2&bc=2&si=583&eo=1&ykfs=1076428&ckt=5&m_onoff=0&vkey=B62c96d4bf86d3de4fd3f5ad74360c566&fms=740c581331c8c54b&tr=6902&le=efa86e471d9c400a4077189869fb1d76&yk_pid=cd719a991a008182&app_key=23299685&app_ver=2131300103&pcdn_did=49&pcdn_url_no=29]
11-03 17:08:23.309 E/DOWNLOADER_LOG( 4419): [RetryableStream.cpp::Close:1382] [tunnel:24][stream_id:84]tunnelstat:b0>0^b1>0^b2>0^b3>0^b1r>0^b3r>0^pcdn>
11-03 17:08:23.310 E/DOWNLOADER_LOG( 4419): [NewPCDNDownloadFilter.cpp::Close:820] [tunnel:24][stream_id:84][player_id:23][58]Close size:608816totalSize:1076428
11-03 17:08:23.310 I/VDA ( 7986): [0##103]"SendPictureReady\n"
11-03 17:08:23.310 E/DnaLog[ykistream][23]( 4419): [0xb6742d10] stream close cost 1 ms
11-03 17:08:23.310 I/VDA ( 7986): [0##103]"post ResetDoneTask\n"
11-03 17:08:23.310 I/DnaLog[ykistream][23]( 4419): [0xb6742d10] [23]~YKIStream enter,
11-03 17:08:23.310 I/VDA ( 7986): [0##103]"ResetDoneTask\n"
11-03 17:08:23.310 I/VDA ( 7986): [0##103]"StartDevicePoll\n"
11-03 17:08:23.310 E/DOWNLOADER_LOG( 4419): [DownloadManager.cpp::UnregisterDownloadCompleteListener:372] unregistercompletelistener,player:23
11-03 17:08:23.310 E/DnaLog[ykistream][23]( 4419): [0xb6742d10] stream close cost 0 ms
11-03 17:08:23.310 I/VDA ( 7986): [0##103]"NotifyResetDone\n"
11-03 17:08:23.311 I/AmVideoDec( 7986): [No--1]-[0]"notifyResetDone\n"
11-03 17:08:23.311 I/VideoDecWraper( 7986): [0##103]"onResetDone\n"
11-03 17:08:23.311 I/C2VdecComponent( 7986): [0##103]"[NotifyFlushOrStopDone]"
11-03 17:08:23.311 I/C2VdecComponent( 7986): [0##103]"[onFlushOrStopDone]"
11-03 17:08:23.311 I/C2VdecComponent( 7986): [0##103]"[onStopDone]"
11-03 17:08:23.311 I/C2VdecComponent( 7986): [0##103]"[onStopDone] clear decoder duration"
11-03 17:08:23.311 I/C2VdecDeviceUtil( 7986): [0#103]"into clearDecoderDuration"
11-03 17:08:23.311 I/AmlManagePts( 7986): [0]"setDuration error duration[0]type[2]\n"
11-03 17:08:23.311 I/android.hardware.media.c2@1.2-service( 7986): (null) is not set, used defaultValue = 0
11-03 17:08:23.312 I/DnaLog[ykistream][23]( 4419): [0xb6742d10] [23]~YKIStream exit
11-03 17:08:23.312 I/DnaLog[M3u8Extractor2][23]( 4419): ~M3u8Extractor2 start, player id:23
11-03 17:08:23.312 D/BufferPoolAccessor2.0( 594): bufferpool2 0xe5882d28 : 0(0 size) total buffers - 0(0 size) used buffers - 0/0 (recycle/alloc) - 0/0 (fetch/transfer)
11-03 17:08:23.312 D/BufferPoolAccessor2.0( 594): Destruction - bufferpool2 0xe5882d28 cached: 0/0M, 0/0% in use; allocs: 0, 0% recycled; transfers: 0, 0% unfetched
11-03 17:08:23.312 E/DOWNLOADER_LOG( 4419): [RetryableStream.cpp::Close:1348] [tunnel:24][stream_id:74][KeyFlow] close stream [cdn_ip:59.82.44.51][url:http://pl.cp31.ott.cibntv.net/playlist/m3u8?vid=XNTk2NDM1MjEyOA%3D%3D&type=cmfa3hd5_dtsc51&ups_client_netip=7157521f&utid=aQSc5ul7QxsDADFIplqlGPrV&ccode=0103010102&psid=a1304d33d4c1c9ee75dea6ee40150d0442346&ups_userid=1400807978&ups_ytid=1400807978&pid=cd719a991a008182&streamcoding=imax&app_ver=2131300103&duration=0&expire=18000&drm_type=23&drm_device=4&drm_default=2&sm=1&nt=1&advInfo=%5B%7B%22dot%22%3A0%2C%22dotMs%22%3A0%2C%22sceId%22%3A%2254000000%22%2C%22source%22%3A%22YK%22%2C%22vid%22%3A%221625018011%22%7D%5D&mdg=1&media_type=standard&device_uuid=8039B5D9E52FE2C6F9FFDDB5F33B5BEF&dyt=0&device_type=DBBOX-A3&ups_ts=1762160889&onOff=65633&encr=1&ups_key=ba71923f7457021ff1d260cde5fb4af3&yk_pid=cd719a991a008182&ckt=5&m_onoff=0&player_type=dnahard&pn=com.cibn.tv&extag_fields=STREAMTYPE&app_key=23299685&drm_type_value=copyrightDRM&v=v1&bkp=0]
11-03 17:08:23.312 E/DOWNLOADER_LOG( 4419): [RetryableStream.cpp::Close:1382] [tunnel:24][stream_id:74]tunnelstat:b0>0^b1>0^b2>0^b3>0^b1r>0^b3r>0^pcdn>
11-03 17:08:23.313 E/DOWNLOADER_LOG( 4419): [NewPCDNDownloadFilter.cpp::Close:820] [tunnel:24][stream_id:74][player_id:23][50]Close size:457258totalSize:457258
11-03 17:08:23.313 E/DOWNLOADER_LOG( 4419): [NewPCDNDownloadFilter.cpp::Close:830] [tunnel:24][stream_id:74][player_id:23][50]Close m3u8
11-03 17:08:23.313 E/DnaLog[M3u8Extractor2][23]( 4419): M3u8Extractor2 p2p:49, ConfigP2PTask type:1, index:(99->99), mode:m3u8 stop, url:http://pl.cp31.ott.cibntv.net/playlist/m3u8?vid=XNTk2NDM1MjEyOA%3D%3D&type=cmfa3hd5_dtsc51&ups_client_netip=7157521f&utid=aQSc5ul7QxsDADFIplqlGPrV&ccode=0103010102&psid=a1304d33d4c1c9ee75dea6ee40150d0442346&ups_userid=1400807978&ups_ytid=1400807978&pid=cd719a991a008182&streamcoding=imax&app_ver=2131300103&duration=0&expire=18000&drm_type=23&drm_device=4&drm_default=2&sm=1&nt=1&advInfo=%5B%7B%22dot%22%3A0%2C%22dotMs%22%3A0%2C%22sceId%22%3A%2254000000%22%2C%22source%22%3A%22YK%22%2C%22vid%22%3A%221625018011%22%7D%5D&mdg=1&media_type=standard&device_uuid=8039B5D9E52FE2C6F9FFDDB5F33B5BEF&dyt=0&device_type=DBBOX-A3&ups_ts=1762160889&onOff=65633&encr=1&ups_key=ba71923f7457021ff1d260cde5fb4af3&yk_pid=cd719a991a008182&ckt=5&m_onoff=0&player_type=dnahard&pn=com.cibn.tv&extag_fields=STREAMTYPE&app_key=23299685&drm_type_value=copyrightDRM&v=v1&bkp=0
11-03 17:08:23.313 I/C2VdecBlockPoolUtil( 7986): ~C2VdecBlockPoolUtil success:303 count:557 fetch level:0.543986
11-03 17:08:23.313 I/C2VdecComponent( 7986): [0##103]"[stop] done"
11-03 17:08:23.314 I/hw-BpHwBinder( 594): onLastStrongRef automatically unlinking death recipients
11-03 17:08:23.314 D/C2BqBuffer( 7986): configuring null producer: igbp_information(0)
11-03 17:08:23.314 D/MediaCodec( 4419): flushMediametrics
11-03 17:08:23.315 I/hw-BpHwBinder( 4419): onLastStrongRef automatically unlinking death recipients
11-03 17:08:23.315 I/OPENCODEC::COpenDecoder( 4419): [Release:260] [23] enter MediaType[1]
11-03 17:08:23.315 I/OPENCODEC::COpenDecoder( 4419): [ReleaseUnDecodeQueue:619][23]enter MediaType[1]
11-03 17:08:23.315 I/OPENCODEC::COpenDecoder( 4419): [ReleaseUnDecodeQueue:632][23] end MediaType[1]
11-03 17:08:23.315 I/OPENCODEC::COpenDecoder( 4419): [ReleaseFrameMap:608][23] enter MediaType[1]
11-03 17:08:23.315 I/OPENCODEC::COpenDecoder( 4419): [ReleaseFrameMap:614][23] end MediaType[1]
11-03 17:08:23.315 I/OPENCODEC::COpenDecoder( 4419): [Release:271] [23] end MediaType[1]
11-03 17:08:23.316 E/DnaLog[AudioConsumer][23]( 4419): [DoStop][533]done stopRenderCost:6 stopCodecCost:0 stopClearBufferCost:10
11-03 17:08:23.316 D/SurfaceUtils( 4419): disconnecting from surface 0xa64b5878, reason disconnectFromSurface
11-03 17:08:23.320 W/APlugin[com.cibn.tv.plugin]( 4419): plugin activity: com.youku.tv.lab.PlayLabActivity init complete.
11-03 17:08:23.321 I/C2VdecComponent( 7986): [0##103]"[release]"
11-03 17:08:23.321 I/C2VdecComponent( 7986): [0##103]"[reset]"
11-03 17:08:23.321 I/C2VdecComponent( 7986): [0##103]"[stop]"
11-03 17:08:23.321 I/C2VdecComponent( 7986): [0##103]"[onDestroy]"
11-03 17:08:23.321 I/C2VdecDequeueThreadUtil( 7986): ~DequeueThreadUtil!!
11-03 17:08:23.321 I/VideoDecWraper( 7986): [0##103]"destroy"
11-03 17:08:23.321 D/ResmanWrapper( 7986): ~resManWrapper fd = 10
11-03 17:08:23.321 D/resman ( 7986): release all resource, fd = 10
11-03 17:08:23.321 I/VDA ( 7986): [0##103]"Destroy:1702"
11-03 17:08:23.321 I/VDA ( 7986): [0##103]"DestroyTask INS=0/0, OUTS=0/0"" {IN=0/8, OUT=13/13[kAtAccelerator(0) kAtDevice(0) kAtClient(13)]}"
11-03 17:08:23.322 I/VDA ( 7986): [0##103]"StopDevicePoll\n"
11-03 17:08:23.322 I/VDA ( 7986): [0##103]"StopInputStream input_streamon 0, input_buffer_map_.size 8\n"
11-03 17:08:23.322 I/AmlManagePts( 7986): [0]"resetPtsInfo into\n"
11-03 17:08:23.322 I/AmlManagePts( 7986): [0]"resetOutPutInfo into\n"
11-03 17:08:23.322 I/VDA ( 7986): [0##103]"DestroyInputBuffers:5083"
11-03 17:08:23.322 I/VDA ( 7986): [0##103]"DestroyOutputBuffers:5126"
11-03 17:08:23.323 I/VDA ( 7986): [0##103]"DestroyTask:4223"
11-03 17:08:23.323 I/VDA ( 7986): [0##103]"DestroyTask:4225 destroy done signal."
11-03 17:08:23.323 I/BufferPoolWraper( 7986): [0]"free bufferpool region memory"
11-03 17:08:23.324 I/dmabufmanage( 7986): dmabufmanage_uninit-122 UnRegister dmabuf manager success 1
11-03 17:08:23.324 I/BufferPoolWraper( 7986): [0]"~BufferPoolWraper:163"
11-03 17:08:23.324 I/AmlManagePts( 7986): [0]"~AmlManagePts into\n"
11-03 17:08:23.324 I/VDA ( 7986): [0##103]"~V4L2VideoDecodeAccelerator:679"
11-03 17:08:23.327 I/DnaLog[SourceParserCmafSub][23]( 4419): [SubType:2] SourceParserCmafSub::Close() end
11-03 17:08:23.327 I/DnaLog[SourceParserCmafSub][23]( 4419): [SubType:2] [DNAEvent_KeyFlow:AudioCmafClose]
11-03 17:08:23.327 I/DnaLog[SourceParserCmafSub][23]( 4419): [SubType:2] SourceParserCmafSub::Close() end
11-03 17:08:23.327 I/DnaLog[SourceParserCmafSub][23]( 4419): [SubType:1] [DNAEvent_KeyFlow:VideoCmafClose]
11-03 17:08:23.327 I/DnaLog[SourceParserCmafSub][23]( 4419): [SubType:1] SourceParserCmafSub::Close() end
11-03 17:08:23.327 I/DnaLog[SourceParserCmafSub][23]( 4419): [SubType:2] [DNAEvent_KeyFlow:AudioCmafClose]
11-03 17:08:23.327 I/DnaLog[SourceParserCmafSub][23]( 4419): [SubType:2] SourceParserCmafSub::Close() end
11-03 17:08:23.327 I/DnaLog[SourceParserCmafSub][23]( 4419): [SubType:2] [DNAEvent_KeyFlow:AudioCmafClose]
11-03 17:08:23.327 I/DnaLog[SourceParserCmafSub][23]( 4419): [SubType:2] SourceParserCmafSub::Close() end
11-03 17:08:23.327 I/DnaLog[SourceParserCmafSub][23]( 4419): [SubType:2] [DNAEvent_KeyFlow:AudioCmafClose]
11-03 17:08:23.327 I/DnaLog[SourceParserCmafSub][23]( 4419): [SubType:2] SourceParserCmafSub::Close() end
11-03 17:08:23.327 I/DnaLog[SourceParserCmafSub][23]( 4419): [SubType:1] [DNAEvent_KeyFlow:VideoCmafClose]
11-03 17:08:23.327 I/DnaLog[SourceParserCmafSub][23]( 4419): [SubType:1] SourceParserCmafSub::Close() end
11-03 17:08:23.328 E/DnaLog[interface][23]( 4419): Reply but no one wait mpResult:0x0 (timeout count:0)!!! result:0
11-03 17:08:23.328 D/BR-BugReporter( 4419): onActivityCreated isFirstActivity=false activity=com.youku.tv.lab.PlayLabActivity@881a0c5
11-03 17:08:23.328 F/[PCDN_NG]( 4419): [reader.cpp::access_log_commit:453] T_access utdid:did[47]sid[57]uno[29] content:
11-03 17:08:23.328 E/[PCDN_NG]( 4419): [reader.cpp::access_log_commit:453] T_access utdid:did[47]sid[57]uno[29] content:
11-03 17:08:23.328 F/[PCDN_NG]( 4419): {"peer_id":"300000017BFFB69425639CDB7D8DBFDCBF8B06E2","utdid":"aQSc5ul7QxsDADFIplqlGPrV","version":"10.25.2.4140","proxy_type":"11","server_type":"1","dnsType":"","did":"47","sid":"57","index":"29","file_size":"15905252","content_length":"15905252","body_send":"9861937","out_byte":"9861937","downloaded":"9861937","play_time":"1","speed":"9861937","completed_":"0","pcdn_reader_start_ts":"1762160902778","pcdn_determine_t1_ts":"0","pcdn_send_complete_ts":"0","ttfb":"0","request_range":"0--1","offset":"0","rid":"20000000BE2C224CE2BDABCB8431FEC525F7F0D702000000","time_stamp":"1762160903328","cdn_url":"http://valipl10.cp31.ott.cibntv.net/67756D6080932713CFC02204E/0501100000669B4DCC0467A4424B4B3097ED14-F4B3-466F-B55E-A2D791FCC5D0_video_00029.mp4?ccode=0103010102&duration=6917&expire=18000&psid=a1304d33d4c1c9ee75dea6ee40150d0442346&ups_client_netip=7157521f&ups_ts=1762160889&ups_userid=1400807978&utid=aQSc5ul7QxsDADFIplqlGPrV&vid=XNTk2NDM1MjEyOA%3D%3D&s=ddbf820df3884e3480f6&iv=1&eo=1&t=93474ffdd30e57f&cug=1&fms=1516
11-03 17:08:23.329 E/[PCDN_NG]( 4419): {"peer_id":"300000017BFFB69425639CDB7D8DBFDCBF8B06E2","utdid":"aQSc5ul7QxsDADFIplqlGPrV","version":"10.25.2.4140","proxy_type":"11","server_type":"1","dnsType":"","did":"47","sid":"57","index":"29","file_size":"15905252","content_length":"15905252","body_send":"9861937","out_byte":"9861937","downloaded":"9861937","play_time":"1","speed":"9861937","completed_":"0","pcdn_reader_start_ts":"1762160902778","pcdn_determine_t1_ts":"0","pcdn_send_complete_ts":"0","ttfb":"0","request_range":"0--1","offset":"0","rid":"20000000BE2C224CE2BDABCB8431FEC525F7F0D702000000","time_stamp":"1762160903328","cdn_url":"http://valipl10.cp31.ott.cibntv.net/67756D6080932713CFC02204E/0501100000669B4DCC0467A4424B4B3097ED14-F4B3-466F-B55E-A2D791FCC5D0_video_00029.mp4?ccode=0103010102&duration=6917&expire=18000&psid=a1304d33d4c1c9ee75dea6ee40150d0442346&ups_client_netip=7157521f&ups_ts=1762160889&ups_userid=1400807978&utid=aQSc5ul7QxsDADFIplqlGPrV&vid=XNTk2NDM1MjEyOA%3D%3D&s=ddbf820df3884e3480f6&iv=1&eo=1&t=93474ffdd30e57f&cug=1&fms=1516d2ab8ae8a9c1&tr=6917&le=90570a0cfcfeb6ac9eee54fc135d083e&ckt=5&m_onoff=0&rid=20000000BE2C224CE2BDABCB8431FEC525F7F0D702000000&type=cmfv5hd4_hbr_bit10&bc=2&dre=u151&si=573&dst=1&yk_pid=cd719a991a008182&sm=1&operate_type=1&app_key=23299685&app_ver=2131300103&vkey=B3c4e9cfc7e22a2807f45a1eea71fefd2","domain":"valipl10.cp31.ott.cibntv.net","ctl_cost_time":"0","ips":"","t1_down_spy":"0","t2_down_spy":"0","t3_down_spy":"0","t31_down_spy":"0","from_beat":"0","cdn_detail":"","p2p_detail":"did[47]sid[57]uno[29][14#11-14#12]task:from:T2did[47]sid[57]uno[29][14#5-14#5]task:from:T2did[47]sid[57]uno[29][14#13-14#15]task:from:T2did[47]sid[57]uno[29][14#16-14#16]task:from:T2did[47]sid[57]uno[29][14#17-14#23]task:from:T2did[47]sid[57]uno[29][14#24-14#28]task:from:T2did[47]sid[57]uno[29][14#29-14#33]task:from:T2did[47]sid[57]uno[29][14#34-14#35]task:from:T2did[47]sid[57]uno[29][14#36-14#37]task:from:T2did[47]sid[57]uno[29][14#38-14#38]task:from:T2","controller":"23,23,23,23,23,23
11-03 17:08:23.329 F/[PCDN_NG]( 4419): ,23,23,23,23,","cdn_reason":"","p2p_reason":"","out_pcdn_reason":"0","down_id":"[14#4]","read_id":"[14#4]","down_buffer":"25522","playable_zone":"0","play_speed":"1.000000","error_code":"0","ntk_last_report":"","down_id_from":"0","down_id_duration":"0.000000","crc":"0"}
11-03 17:08:23.329 E/[PCDN_NG]( 4419): ,23,23,23,23,","cdn_reason":"","p2p_reason":"","out_pcdn_reason":"0","down_id":"[14#4]","read_id":"[14#4]","down_buffer":"25522","playable_zone":"0","play_speed":"1.000000","error_code":"0","ntk_last_report":"","down_id_from":"0","down_id_duration":"0.000000","crc":"0"}
11-03 17:08:23.329 F/[PCDN_NG]( 4419): [reader.cpp::access_log_commit:453] T_access utdid:did[49]sid[58]uno[29] content:{"peer_id":"300000017BFFB69425639CDB7D8DBFDCBF8B06E2","utdid":"aQSc5ul7QxsDADFIplqlGPrV","version":"10.25.2.4140","proxy_type":"11","server_type":"1","dnsType":"","did":"49","sid":"58","index":"29","file_size":"1076428","content_length":"1076428","body_send":"1076428","out_byte":"1076428","downloaded":"1076428","play_time":"1","speed":"1076428","completed_":"1","pcdn_reader_start_ts":"1762160902800","pcdn_determine_t1_ts":"0","pcdn_send_complete_ts":"1762160902801","ttfb":"0","request_range":"0--1","offset":"0","rid":"20000000FCB9C0D745455205120D7D1F03EE3F1902000000","time_stamp":"1762160903329","cdn_url":"http://valipl10.cp31.ott.cibntv.net/677436565713D71C024044C27/07001800006704E49D08ED93983D7CD50906A8-48C1-4984-8F10-C34EC8AC6F40_audio_00029.mp4?ccode=0103010102&duration=0&expire=18000&psid=a1304d33d4c1c9ee75dea6ee40150d0442346&ups_client_netip=7157521f&ups_ts=1762160889&ups_userid=1400807978&apscid=&mnid=&rid=20000000FCB9C0D
11-03 17:08:23.329 E/[PCDN_NG]( 4419): [reader.cpp::access_log_commit:453] T_access utdid:did[49]sid[58]uno[29] content:{"peer_id":"300000017BFFB69425639CDB7D8DBFDCBF8B06E2","utdid":"aQSc5ul7QxsDADFIplqlGPrV","version":"10.25.2.4140","proxy_type":"11","server_type":"1","dnsType":"","did":"49","sid":"58","index":"29","file_size":"1076428","content_length":"1076428","body_send":"1076428","out_byte":"1076428","downloaded":"1076428","play_time":"1","speed":"1076428","completed_":"1","pcdn_reader_start_ts":"1762160902800","pcdn_determine_t1_ts":"0","pcdn_send_complete_ts":"1762160902801","ttfb":"0","request_range":"0--1","offset":"0","rid":"20000000FCB9C0D745455205120D7D1F03EE3F1902000000","time_stamp":"1762160903329","cdn_url":"http://valipl10.cp31.ott.cibntv.net/677436565713D71C024044C27/07001800006704E49D08ED93983D7CD50906A8-48C1-4984-8F10-C34EC8AC6F40_audio_00029.mp4?ccode=0103010102&duration=0&expire=18000&psid=a1304d33d4c1c9ee75dea6ee40150d0442346&ups_client_netip=7157521f&ups_ts=1762160889&ups_userid=1400807978&apscid=&mnid=&rid=20000000FCB9C0D745455205120D7D1F03EE3F1902000000&operate_type=1&umt=1&type=cmfa3hd5_dtsc51&utid=aQSc5ul7QxsDADFIplqlGPrV&vid=XNTk2NDM1MjEyOA%3D%3D&s=ddbf820df3884e3480f6&iv=1&t=93474ffdd30e57c&cug=2&bc=2&si=583&eo=1&ykfs=1076428&ckt=5&m_onoff=0&vkey=B62c96d4bf86d3de4fd3f5ad74360c566&fms=740c581331c8c54b&tr=6902&le=efa86e471d9c400a4077189869fb1d76&yk_pid=cd719a991a008182&app_key=23299685&app_ver=2131300103","domain":"pl.cp31.ott.cibntv.net","ctl_cost_time":"0","ips":"","t1_down_spy":"0","t2_down_spy":"0","t3_down_spy":"0","t31_down_spy":"0","from_beat":"0","cdn_detail":"","p2p_detail":"","controller":"","cdn_reason":"","p2p_reason":"","out_pcdn_reason":"0","down_id":"[NULL]","read_id":"[3#8]","down_buffer":"0","playable_zone":"0","play_speed":"1.000000","error_code":"0","ntk_last_report":"","down_id_from":"0","down_id_duration":"0.000000","crc":"0"}
11-03 17:08:23.329 E/Passport.4419.2( 4419): onActivityCreated,com.youku.tv.lab.PlayLabActivity_@b8baa1a
11-03 17:08:23.330 E/CIBN-MinpLog( 4419): [MicroAppContextImpl] Debug Mode Warning: PlayLabActivity_ is not a subclass of BaseActivity or BaseFragmentActivity.
11-03 17:08:23.331 I/SystemControl( 323): [/UEventObserver.cpp, HDMITxUenventThreadLoop, 451] HDMI TX switch_name:0, switch_state:
11-03 17:08:23.332 I/SystemControl-FRA( 323): [/FrameRateAutoAdaption.cpp, isFrameRateOn, 176] hdmi frame rate is on
11-03 17:08:23.335 I/VideoDecWraper( 7986): [0##103]"~VideoDecWraper"
11-03 17:08:23.335 I/AmVideoDec( 7986): [No--1]-[0]"~AmVideoDec IN[303:303] OUT[303:291]\n"
11-03 17:08:23.335 I/C2VdecDeviceUtil( 7986): [~DeviceUtil:70]
11-03 17:08:23.337 I/C2VdecDeviceUtil( 7986): setSkipReallocBufMode:0
11-03 17:08:23.337 D/XM_HIDREAD( 1762): remove@ remove@/devices/platform/vdec/ammvdec_h265_v4l.0
11-03 17:08:23.337 I/C2VdecDeviceUtil( 7986): [~DeviceUtil:76] clear vendor.media.llp
11-03 17:08:23.337 I/C2VdecGrallocWraper( 7986): free slot:0
11-03 17:08:23.337 I/gralloc ( 7986): am_gralloc_set_uvm_decoder_para: parameters:[slot_id=0,w*h(0*0),w_align=0,h_align=0,size=0,compress=0]
11-03 17:08:23.337 I/C2VdecComponent( 7986): [0##103]"[onDestroy] done"
11-03 17:08:23.340 D/C2BqBuffer( 7986): configuring null producer: igbp_information(0)
11-03 17:08:23.344 I/hw-BpHwBinder( 4419): onLastStrongRef automatically unlinking death recipients
11-03 17:08:23.345 I/hw-BpHwBinder( 7986): onLastStrongRef automatically unlinking death recipients
11-03 17:08:23.345 I/C2VdecComponent( 7986): [0##103]"~C2VdecComponent start"
11-03 17:08:23.345 I/C2VdecComponent( 7986): [0##103]"~C2VdecComponent done"
11-03 17:08:23.346 D/MediaCodec( 4419): flushMediametrics
11-03 17:08:23.350 I/OPENCODEC::COpenDecoder( 4419): [Release:260] [23] enter MediaType[0]
11-03 17:08:23.350 I/OPENCODEC::COpenDecoder( 4419): [ReleaseUnDecodeQueue:619][23]enter MediaType[0]
11-03 17:08:23.350 I/OPENCODEC::COpenDecoder( 4419): [ReleaseUnDecodeQueue:632][23] end MediaType[0]
11-03 17:08:23.350 I/OPENCODEC::COpenDecoder( 4419): [ReleaseFrameMap:608][23] enter MediaType[0]
11-03 17:08:23.350 I/OPENCODEC::COpenDecoder( 4419): [ReleaseFrameMap:614][23] end MediaType[0]
11-03 17:08:23.350 I/OPENCODEC::COpenDecoder( 4419): [Release:271] [23] end MediaType[0]
11-03 17:08:23.350 I/OPENCODEC::AMediaCodecVideoDecoder( 4419): [Release:93] end
11-03 17:08:23.351 E/DnaLog[VideoConsumer][23]( 4419): [DoStop][757]done stopClearBufferCost:0 stopCodecCost:52 stopRenderCost:0 stopSurfaceCost:0, start:407530
11-03 17:08:23.351 E/DnaLog[util trace][23]( 4419): [DNAEvent_Abnormal:SectionTimeout]module name:video consumer, SectionName:ProcessCmd, cost: 50/52175, 1762160903351119 - 1762160903298944
11-03 17:08:23.351 E/DnaLog[OpenCoreImpl][23]( 4419): OpenCoreImpl enter state 1
11-03 17:08:23.351 E/DnaLog[OpenCoreImpl][23]( 4419): [DNA2_KLog][HandleStopPlay][1637]ret:0 StopPlayTotalCost:83 (pause:1, flush:29, stopPlayerMonitor:0 stopAudio:18 stopVideo:53 stopSource:53), stopAsync:1
11-03 17:08:23.352 E/DnaLog[OpenCoreImpl][23]( 4419): [DNAEvent_KeyFlow:CoreDelete] mbForceStopped:0, cnt:0
11-03 17:08:23.353 E/DnaLog[OpenCoreImpl][23]( 4419): Notify jni detach thread during engine thread exit
11-03 17:08:23.374 E/DnaLog[OpenSourceManager2][-1]( 4419): [Delete][60]begin
11-03 17:08:23.374 E/DnaLog[OpenSourceWrapper][23]( 4419): [Delete][361]ready to free itself
11-03 17:08:23.382 E/NAccs.InAppConn_youku( 4419): sendMessage end dataId:1762160903374.30 status:true
11-03 17:08:23.386 D/WindowManagerShell( 933): TvPipController: onTaskStackChanged()
11-03 17:08:23.404 E/ottp_sdk_UpsRepositoryData( 4419): [ups_memCache]disable remove ups single item
11-03 17:08:23.407 W/Resources( 4419): Drawable com.cibn.tv:drawable/i1 has unresolved theme attributes! Consider using Resources.getDrawable(int, Theme) or Context.getDrawable(int).
11-03 17:08:23.407 W/Resources( 4419): java.lang.RuntimeException
11-03 17:08:23.407 W/Resources( 4419): at android.content.res.Resources.getDrawable(Resources.java:910)
11-03 17:08:23.407 W/Resources( 4419): at com.aliott.agileplugin.runtime.MergedResources_.getDrawable(MergedResources.java:1)
11-03 17:08:23.407 W/Resources( 4419): at com.aliott.agileplugin.redirect.Resources.getDrawable(Resources.java:1)
11-03 17:08:23.407 W/Resources( 4419): at com.youku.raptor.framework.resource.ResourceKit.getDrawable(ResourceKit.java:7)
11-03 17:08:23.407 W/Resources( 4419): at com.youku.raptor.framework.resource.ResourceKit.getDrawable(ResourceKit.java:5)
11-03 17:08:23.407 W/Resources( 4419): at com.youku.tv.resource.utils.ResUtil.getDrawable(ResUtil.java:1)
11-03 17:08:23.407 W/Resources( 4419): at d.s.s.E.a.onFocusChange(PlayLabActivity.java:3)
11-03 17:08:23.407 W/Resources( 4419): at android.view.View.onFocusChanged(View.java:8340)
11-03 17:08:23.407 W/Resources( 4419): at android.view.View.handleFocusGainInternal(View.java:8003)
11-03 17:08:23.407 W/Resources( 4419): at android.view.ViewGroup.handleFocusGainInternal(ViewGroup.java:847)
11-03 17:08:23.407 W/Resources( 4419): at android.view.View.requestFocusNoSearch(View.java:14519)
11-03 17:08:23.407 W/Resources( 4419): at android.view.View.requestFocus(View.java:14493)
11-03 17:08:23.407 W/Resources( 4419): at android.view.ViewGroup.requestFocus(ViewGroup.java:3332)
11-03 17:08:23.407 W/Resources( 4419): at android.view.View.requestFocus(View.java:14460)
11-03 17:08:23.407 W/Resources( 4419): at android.view.View.requestFocus(View.java:14402)
11-03 17:08:23.407 W/Resources( 4419): at com.youku.raptor.framework.focus.FocusRender.requestFocus(FocusRender.java:1)
11-03 17:08:23.407 W/Resources( 4419): at com.youku.tv.lab.PlayLabActivity_.Fa(PlayLabActivity.java:23)
11-03 17:08:23.407 W/Resources( 4419): at com.youku.tv.lab.PlayLabActivity_.onCreate(PlayLabActivity.java:9)
11-03 17:08:23.407 W/Resources( 4419): at java.lang.reflect.Method.invoke(Native Method)
11-03 17:08:23.407 W/Resources( 4419): at com.aliott.agileplugin.proxy.ActivityImpl_.onCreate(ActivityImpl.java:7)
11-03 17:08:23.407 W/Resources( 4419): at com.aliott.agileplugin.proxy.PluginProxyActivity_.onCreate(PluginProxyActivity.java:17)
11-03 17:08:23.407 W/Resources( 4419): at android.app.Activity.performCreate(Activity.java:8621)
11-03 17:08:23.407 W/Resources( 4419): at android.app.Activity.performCreate(Activity.java:8599)
11-03 17:08:23.407 W/Resources( 4419): at android.app.Instrumentation.callActivityOnCreate(Instrumentation.java:1456)
11-03 17:08:23.407 W/Resources( 4419): at android.app.ActivityThread.performLaunchActivity(ActivityThread.java:3808)
11-03 17:08:23.407 W/Resources( 4419): at android.app.ActivityThread.handleLaunchActivity(ActivityThread.java:3967)
11-03 17:08:23.407 W/Resources( 4419): at android.app.servertransaction.LaunchActivityItem.execute(LaunchActivityItem.java:103)
11-03 17:08:23.407 W/Resources( 4419): at android.app.servertransaction.TransactionExecutor.executeCallbacks(TransactionExecutor.java:139)
11-03 17:08:23.407 W/Resources( 4419): at android.app.servertransaction.TransactionExecutor.execute(TransactionExecutor.java:96)
11-03 17:08:23.407 W/Resources( 4419): at android.app.ActivityThread$H.handleMessage(ActivityThread.java:2472)
11-03 17:08:23.407 W/Resources( 4419): at android.os.Handler.dispatchMessage(Handler.java:106)
11-03 17:08:23.407 W/Resources( 4419): at android.os.Looper.loopOnce(Looper.java:205)
11-03 17:08:23.407 W/Resources( 4419): at android.os.Looper.loop(Looper.java:294)
11-03 17:08:23.407 W/Resources( 4419): at android.app.ActivityThread.main(ActivityThread.java:8255)
11-03 17:08:23.407 W/Resources( 4419): at java.lang.reflect.Method.invoke(Native Method)
11-03 17:08:23.407 W/Resources( 4419): at com.android.internal.os.RuntimeInit$MethodAndArgsCaller.run(RuntimeInit.java:552)
11-03 17:08:23.407 W/Resources( 4419): at com.android.internal.os.ZygoteInit.main(ZygoteInit.java:978)
11-03 17:08:23.410 D/Firebrick( 4419): onActivityStarted : 1
11-03 17:08:23.411 D/MotuCrashSDK( 4419): onActivityStarted:com.youku.tv.lab.PlayLabActivity
11-03 17:08:23.412 E/CIBN-UXMonitor( 4419): onAppPageChange: from com.youku.tv.home.activity.HomeActivity_@156fb16 to com.youku.tv.lab.PlayLabActivity_@b8baa1a
11-03 17:08:23.412 E/CIBN-UXMonitor[Memory]( 4419): inspect end, maxJavaHeap: [JavaHeap] Used 62.46MB, Total 71.48MB, Max 384.00MB, maxPssMemory: [AppMemory] dalvik 58.39MB, native 199.67MB[heap 255.58MB], other 139.66MB, total 397.71MB
11-03 17:08:23.412 E/CIBN-UXMonitor[Memory]( 4419): [SubItemPss] bitmap 0KB, glmTrack 0KB, mmap 62.30MB
11-03 17:08:23.413 E/CIBN-LagRateMonitor( 4419): 200ms lag rate: NaN%[0/0]0ms, 300ms lag rate: NaN%[0/0]0ms, 500ms lag rate: NaN%[0/0]0ms, 800ms lag rate: NaN%[0/0]0ms, page name: com.youku.tv.home.activity.HomeActivity
11-03 17:08:23.414 E/CIBN-UXMonitor( 4419): send ux message: MONITOR, LagRateMonitor
11-03 17:08:23.414 E/CIBN-UXMonitor( 4419): send ux message: MONITOR, PssMemory
11-03 17:08:23.414 E/CIBN-UXMonitor( 4419): send ux message: MONITOR, ImageLoadMonitor
11-03 17:08:23.421 E/Firebrick( 4419): remove mark type app_pause_flag, current count 0.
11-03 17:08:23.422 D/Firebrick( 4419): remove markPauseFlag : 0
11-03 17:08:23.422 D/MotuCrashSDK( 4419): onActivityResumed:com.youku.tv.lab.PlayLabActivity
11-03 17:08:23.425 W/CIBN-LivePopManager( 4419): getDataJson mDataJson null:
11-03 17:08:23.425 E/NAccs.InAppConn_youku( 4419): onDataReceive type:200 dataid:-1
11-03 17:08:23.425 E/ottp_sdk_PlayAbility_ActivityLifecycle( 4419): not HomeActivity
11-03 17:08:23.427 E/NAccs.InAppConn_youku( 4419): onDataScheduled dataid:-1
11-03 17:08:23.427 E/NAccs.MsgRecv_youku( 4419): parseMessage dataId:1762160903374.30 target:reg0qxJQrPMv1cCNcrX5nyQT0BH25X0o|com.cibn.tv|accs-youku-scheduler|
11-03 17:08:23.427 E/NAccs.MsgRecv_youku( 4419): handleMessage dataId:1762160903374.30 type:DATA reqType:ACK resType:NO_ACK target:reg0qxJQrPMv1cCNcrX5nyQT0BH25X0o|com.cibn.tv|accs-youku-scheduler|
11-03 17:08:23.428 E/NAccs.AccsHandler( 4419): onReceiveData dataId:1762160903374.30 serviceId:accs-youku-scheduler command:100 className:d.t.f.J.c.b.a.a.a.a
11-03 17:08:23.430 E/WindowRootViewCompat( 4419): add new ViewRootImpl
11-03 17:08:23.432 W/WindowManager( 697): Failed looking up window session=Session{ade2e99 4419:u0a10003} callers=com.android.server.wm.WindowManagerService.windowForClientLocked:6077 com.android.server.wm.Session.updateRequestedVisibleTypes:695 android.view.IWindowSession$Stub.onTransact:1034
11-03 17:08:23.432 W/WindowManager( 697): [addWindow] title:com.cibn.tv/com.youku.tv.lab.PlayLabActivity
11-03 17:08:23.445 D/CoreBackPreview( 697): Window{c76bb9c u0 com.cibn.tv/com.youku.tv.lab.PlayLabActivity}: Setting back callback OnBackInvokedCallbackInfo{mCallback=android.window.IOnBackInvokedCallback$Stub$Proxy@e22e17a, mPriority=0, mIsAnimationCallback=false}
11-03 17:08:23.446 W/Resources( 4419): Drawable com.cibn.tv:drawable/i7 has unresolved theme attributes! Consider using Resources.getDrawable(int, Theme) or Context.getDrawable(int).
11-03 17:08:23.446 W/Resources( 4419): java.lang.RuntimeException
11-03 17:08:23.446 W/Resources( 4419): at android.content.res.Resources.getDrawable(Resources.java:910)
11-03 17:08:23.446 W/Resources( 4419): at com.aliott.agileplugin.runtime.MergedResources_.getDrawable(MergedResources.java:1)
11-03 17:08:23.446 W/Resources( 4419): at com.aliott.agileplugin.redirect.Resources.getDrawable(Resources.java:1)
11-03 17:08:23.446 W/Resources( 4419): at com.youku.raptor.framework.resource.ResourceKit.getDrawable(ResourceKit.java:7)
11-03 17:08:23.446 W/Resources( 4419): at com.youku.raptor.framework.resource.ResourceKit.getDrawable(ResourceKit.java:5)
11-03 17:08:23.446 W/Resources( 4419): at com.youku.tv.resource.utils.ResUtil.getDrawable(ResUtil.java:1)
11-03 17:08:23.446 W/Resources( 4419): at d.s.s.E.b.onFocusChange(PlayLabActivity.java:13)
11-03 17:08:23.446 W/Resources( 4419): at android.view.View.onFocusChanged(View.java:8340)
11-03 17:08:23.446 W/Resources( 4419): at android.view.View.handleFocusGainInternal(View.java:8003)
11-03 17:08:23.446 W/Resources( 4419): at android.view.ViewGroup.handleFocusGainInternal(ViewGroup.java:847)
11-03 17:08:23.446 W/Resources( 4419): at android.view.View.requestFocusNoSearch(View.java:14519)
11-03 17:08:23.446 W/Resources( 4419): at android.view.View.requestFocus(View.java:14493)
11-03 17:08:23.446 W/Resources( 4419): at android.view.ViewGroup.requestFocus(ViewGroup.java:3332)
11-03 17:08:23.446 W/Resources( 4419): at android.view.ViewGroup.onRequestFocusInDescendants(ViewGroup.java:3377)
11-03 17:08:23.446 W/Resources( 4419): at android.view.ViewGroup.requestFocus(ViewGroup.java:3331)
11-03 17:08:23.446 W/Resources( 4419): at android.view.ViewGroup.onRequestFocusInDescendants(ViewGroup.java:3377)
11-03 17:08:23.446 W/Resources( 4419): at com.youku.raptor.framework.focus.FocusRootLayout.onRequestFocusInDescendants(FocusRootLayout.java:2)
11-03 17:08:23.446 W/Resources( 4419): at android.view.ViewGroup.requestFocus(ViewGroup.java:3331)
11-03 17:08:23.446 W/Resources( 4419): at android.view.ViewGroup.onRequestFocusInDescendants(ViewGroup.java:3377)
11-03 17:08:23.446 W/Resources( 4419): at android.view.ViewGroup.requestFocus(ViewGroup.java:3326)
11-03 17:08:23.446 W/Resources( 4419): at android.view.ViewGroup.onRequestFocusInDescendants(ViewGroup.java:3377)
11-03 17:08:23.446 W/Resources( 4419): at android.view.ViewGroup.requestFocus(ViewGroup.java:3326)
11-03 17:08:23.446 W/Resources( 4419): at android.view.ViewGroup.onRequestFocusInDescendants(ViewGroup.java:3377)
11-03 17:08:23.446 W/Resources( 4419): at android.view.ViewGroup.requestFocus(ViewGroup.java:3331)
11-03 17:08:23.446 W/Resources( 4419): at android.view.View.requestFocus(View.java:14460)
11-03 17:08:23.446 W/Resources( 4419): at android.view.View.restoreDefaultFocus(View.java:14439)
11-03 17:08:23.446 W/Resources( 4419): at android.view.ViewGroup.restoreDefaultFocus(ViewGroup.java:3393)
11-03 17:08:23.446 W/Resources( 4419): at android.view.ViewRootImpl.leaveTouchMode(ViewRootImpl.java:6393)
11-03 17:08:23.446 W/Resources( 4419): at android.view.ViewRootImpl.ensureTouchModeLocally(ViewRootImpl.java:6326)
11-03 17:08:23.446 W/Resources( 4419): at android.view.ViewRootImpl.performTraversals(ViewRootImpl.java:3245)
11-03 17:08:23.446 W/Resources( 4419): at android.view.ViewRootImpl.doTraversal(ViewRootImpl.java:2650)
11-03 17:08:23.446 W/Resources( 4419): at android.view.ViewRootImpl$TraversalRunnable.run(ViewRootImpl.java:9526)
11-03 17:08:23.446 W/Resources( 4419): at android.view.Choreographer$CallbackRecord.run(Choreographer.java:1343)
11-03 17:08:23.446 W/Resources( 4419): at android.view.Choreographer$CallbackRecord.run(Choreographer.java:1352)
11-03 17:08:23.446 W/Resources( 4419): at android.view.Choreographer.doCallbacks(Choreographer.java:952)
11-03 17:08:23.446 W/Resources( 4419): at android.view.Choreographer.doFrame(Choreographer.java:882)
11-03 17:08:23.446 W/Resources( 4419): at android.view.Choreographer$FrameDisplayEventReceiver.run(Choreographer.java:1326)
11-03 17:08:23.446 W/Resources( 4419): at android.os.Handler.handleCallback(Handler.java:958)
11-03 17:08:23.446 W/Resources( 4419): at android.os.Handler.dispatchMessage(Handler.java:99)
11-03 17:08:23.446 W/Resources( 4419): at android.os.Looper.loopOnce(Looper.java:205)
11-03 17:08:23.446 W/Resources( 4419): at android.os.Looper.loop(Looper.java:294)
11-03 17:08:23.446 W/Resources( 4419): at android.app.ActivityThread.main(ActivityThread.java:8255)
11-03 17:08:23.446 W/Resources( 4419): at java.lang.reflect.Method.invoke(Native Method)
11-03 17:08:23.446 W/Resources( 4419): at com.android.internal.os.RuntimeInit$MethodAndArgsCaller.run(RuntimeInit.java:552)
11-03 17:08:23.446 W/Resources( 4419): at com.android.internal.os.ZygoteInit.main(ZygoteInit.java:978)
11-03 17:08:23.448 E/DOWNLOADER_LOG( 4419): [YKTunnel.cpp::DestoryYkTunnel:42] preplay destory tunnel
11-03 17:08:23.450 E/DnaLog[OpenSourceManager2][-1]( 4419): [Delete][75]end
11-03 17:08:23.453 E/DnaLog[hal_video_android][1]( 4419): [ZVIDEO] CAndroidVideoOutHAL Delete
11-03 17:08:23.455 D/aliplayer_tracer( 4419): aliplayer_tracer_deinit cnt:0
11-03 17:08:23.457 D/PlayerStateMachine( 4419): handleEvent: event=STOP,AliPlayer:com.youku.alixplayer.instances.Aliplayer@cf4a0b5 SourceState=STATE_VIDEO_PAUSED, DestState=STATE_STOPPED
11-03 17:08:23.457 E/Alix_QueueItem( 4419): removeItem queueItem=XNTk2NDM1MjEyOA==
11-03 17:08:23.458 E/Alix_InstancePool( 4419): release result=false
11-03 17:08:23.458 E/Alix_Aliplayer( 4419): destruct aliplayerNum=-22
11-03 17:08:23.458 I/ALIX_LOG( 4419): [virtual int alix::MixedCodecsPlayer::setListener(std::shared_ptr):710] enter
11-03 17:08:23.460 E/OpenGLRenderer( 4419): Unable to match the desired swap behavior.
11-03 17:08:23.461 I/ALIX_LOG( 4419): [void alix::Timeline::SetSurface(CPSurface &):625] SetSurface delete old
11-03 17:08:23.461 I/ALIX_LOG( 4419): [void alix::Timeline::SetSurface(CPSurface &):625] SetSurface delete old
11-03 17:08:23.461 I/ALIX_LOG( 4419): [void alix_player::Deinit(JNIEnv *, jobject):1867] release old surface:0x54ea
11-03 17:08:23.461 E/ALIX_LOG( 4419): [void alix_player::Deinit(JNIEnv *, jobject):1874] Deinit MixedCodecsPlayer :0
11-03 17:08:23.461 I/ALIX_LOG( 4419): [virtual alix::MixedCodecsPlayer::~MixedCodecsPlayer():53] ~MixedCodecsPlayer gPlayerCount:0
11-03 17:08:23.461 I/ALIX_LOG( 4419): [alix::Timeline::~Timeline():101] Timeline deinit
11-03 17:08:23.461 I/ALIX_LOG( 4419): [auto alix::MessageLooper::Start()::(anonymous class)::operator()(std::shared_ptr, std::shared_ptr >, std::shared_ptr) const:109] MessageLooper::thread exit 2
11-03 17:08:23.461 I/ALIX_LOG( 4419): [alix::Timeline::~Timeline():101] Timeline deinit
11-03 17:08:23.462 I/ALIX_LOG( 4419): [auto alix::MessageLooper::Start()::(anonymous class)::operator()(std::shared_ptr, std::shared_ptr >, std::shared_ptr) const:109] MessageLooper::thread exit 1
11-03 17:08:23.463 E/Alix_InstancePool( 4419): release destruct t=com.youku.alixplayer.instances.Aliplayer@cf4a0b5 aliplayerNum=0
11-03 17:08:23.463 E/ALIX_LOG( 4419): [void alix_period::Deinit(JNIEnv *, jobject):255] before ref count:4
11-03 17:08:23.463 E/ALIX_LOG( 4419): [void alix_period::Deinit(JNIEnv *, jobject):259] after ref count:3
11-03 17:08:23.463 E/AlixPlayer-Java( 4419): stop()<<
11-03 17:08:23.464 I/Ap_Api_AliPlayerImpl_243814228_Milestone( 4419): reset
11-03 17:08:23.464 E/AlixPlayer-Java( 4419): stop()>>
11-03 17:08:23.464 D/AlixPlayer-Java( 4419): stop in wrong state!
11-03 17:08:23.464 E/AlixPlayer-Java( 4419): stop()<<
11-03 17:08:23.466 D/Ap_Api_AliPlayerBase( 4419): setOnTimedTextListener
11-03 17:08:23.466 I/Ap_Api_AliPlayerImpl_243814228_Milestone( 4419): release
11-03 17:08:23.472 I/Ap_Api_AliPlayerImpl_243814228_Milestone( 4419): recycle
11-03 17:08:23.472 I/Ap_Api_AliPlayerImpl_243814228_Milestone( 4419): releaseReal
11-03 17:08:23.472 E/AlixPlayer-Java( 4419): release()>>
11-03 17:08:23.472 E/AlixPlayer-Java-core( 4419): alixplayer release mAlixNum=0
11-03 17:08:23.472 D/AlixPlayer-Java( 4419): release()
11-03 17:08:23.473 D/PlayerStateMachine( 4419): handleEvent: event=RELEASE,AliPlayer:com.youku.alixplayer.instances.Aliplayer@cf4a0b5 SourceState=STATE_STOPPED, DestState=STATE_RELEASED
11-03 17:08:23.467 I/OttAsyncExecuto( 4419): type=1400 audit(0.0:3713): avc: denied { write } for name="property_service" dev="tmpfs" ino=411 scontext=u:r:untrusted_app_25:s0:c512,c768 tcontext=u:object_r:property_socket:s0 tclass=sock_file permissive=1 app=com.cibn.tv
11-03 17:08:23.467 I/OttAsyncExecuto( 4419): type=1400 audit(0.0:3714): avc: denied { connectto } for path="/dev/socket/property_service" scontext=u:r:untrusted_app_25:s0:c512,c768 tcontext=u:r:init:s0 tclass=unix_stream_socket permissive=1 app=com.cibn.tv
11-03 17:08:23.485 E/ViewTraversalCompat( 4419): Hook mTraversalRunnable result = true, viewRootImpl = android.view.ViewRootImpl@469245d
11-03 17:08:23.490 I/ActivityTaskManager( 697): Displayed com.cibn.tv/com.youku.tv.lab.PlayLabActivity for user 0: +530ms
11-03 17:08:23.490 V/WindowManagerShell( 933): onTransitionReady android.os.BinderProxy@22033c9: {id=36 t=OPEN f=0x0 trk=0 r=[0@Point(0, 0)] c=[{null m=OPEN f=FILLS_TASK leash=Surface(name=ActivityRecord{4e37004 u0 com.cibn.tv/com.youku.tv.lab.PlayLabActivity)/@0x6f560fc sb=Rect(0, 0 - 0, 0) eb=Rect(0, 0 - 1920, 1080) d=-1->0 r=-1->0:-1},{null m=TO_BACK f=FILLS_TASK leash=Surface(name=ActivityRecord{c7cba5a u0 com.cibn.tv/com.youku.tv.home.activity.HomeActivity)/@0x8ef4385 sb=Rect(0, 0 - 1920, 1080) eb=Rect(0, 0 - 1920, 1080) d=0}]}
11-03 17:08:23.491 V/WindowManagerShell( 933): Playing animation for (#36)android.os.BinderProxy@22033c9@0
11-03 17:08:23.491 V/WindowManagerShell( 933): try handler com.android.wm.shell.keyguard.KeyguardTransitionHandler@5ae5ca9
11-03 17:08:23.491 V/WindowManagerShell( 933): try handler com.android.wm.shell.pip.tv.TvPipTransition@f2f222e
11-03 17:08:23.491 V/WindowManagerShell( 933): try handler com.android.wm.shell.activityembedding.ActivityEmbeddingController@10fc1cf
11-03 17:08:23.491 V/WindowManagerShell( 933): try handler com.android.wm.shell.transition.RemoteTransitionHandler@5dcc75c
11-03 17:08:23.491 V/WindowManagerShell( 933): Transition doesn't have explicit remote, search filters for match for {id=36 t=OPEN f=0x0 trk=0 r=[0@Point(0, 0)] c=[{null m=OPEN f=FILLS_TASK leash=Surface(name=ActivityRecord{4e37004 u0 com.cibn.tv/com.youku.tv.lab.PlayLabActivity)/@0x6f560fc sb=Rect(0, 0 - 0, 0) eb=Rect(0, 0 - 1920, 1080) d=-1->0 r=-1->0:-1},{null m=TO_BACK f=FILLS_TASK leash=Surface(name=ActivityRecord{c7cba5a u0 com.cibn.tv/com.youku.tv.home.activity.HomeActivity)/@0x8ef4385 sb=Rect(0, 0 - 1920, 1080) eb=Rect(0, 0 - 1920, 1080) d=0}]}
11-03 17:08:23.491 V/WindowManagerShell( 933): Delegate animation for #36 to null
11-03 17:08:23.491 V/WindowManagerShell( 933): try handler com.android.wm.shell.transition.DefaultTransitionHandler@e71a65
11-03 17:08:23.491 V/WindowManagerShell( 933): start default transition animation, info = {id=36 t=OPEN f=0x0 trk=0 r=[0@Point(0, 0)] c=[{null m=OPEN f=FILLS_TASK leash=Surface(name=ActivityRecord{4e37004 u0 com.cibn.tv/com.youku.tv.lab.PlayLabActivity)/@0x6f560fc sb=Rect(0, 0 - 0, 0) eb=Rect(0, 0 - 1920, 1080) d=-1->0 r=-1->0:-1},{null m=TO_BACK f=FILLS_TASK leash=Surface(name=ActivityRecord{c7cba5a u0 com.cibn.tv/com.youku.tv.home.activity.HomeActivity)/@0x8ef4385 sb=Rect(0, 0 - 1920, 1080) eb=Rect(0, 0 - 1920, 1080) d=0}]}
11-03 17:08:23.491 V/WindowManagerShell( 933): loadAnimation: anim=null animAttr=0x5 type=OPEN isEntrance=false
11-03 17:08:23.491 V/WindowManagerShell( 933): loadAnimation: anim=null animAttr=0x4 type=OPEN isEntrance=true
11-03 17:08:23.492 V/WindowManager( 697): Sent Transition #36 createdAt=11-03 17:08:22.957 via request=TransitionRequestInfo { type = 1, triggerTask = TaskInfo{userId=0 taskId=230 displayId=0 isRunning=true baseIntent=Intent { act=android.intent.action.MAIN cat=[android.intent.category.LAUNCHER] flg=0x10000000 pkg=com.cibn.tv cmp=com.cibn.tv/com.youku.tv.home.activity.HomeActivity } baseActivity=ComponentInfo{com.cibn.tv/com.youku.tv.home.activity.HomeActivity} topActivity=ComponentInfo{com.cibn.tv/com.youku.tv.lab.PlayLabActivity} origActivity=null realActivity=ComponentInfo{com.cibn.tv/com.youku.tv.home.activity.HomeActivity} numActivities=2 lastActiveTime=407195 supportsMultiWindow=true resizeMode=1 isResizeable=true minWidth=-1 minHeight=-1 defaultMinSize=220 token=WCT{RemoteToken{9c80236 Task{d7ef48b #230 type=standard A=10003:com.cibn.tv}}} topActivityType=1 pictureInPictureParams=null shouldDockBigOverlays=true launchIntoPipHostTaskId=-1 lastParentTaskIdBeforePip=-1 displayCutoutSafeInsets=null topActivityInfo=ActivityInfo{71ea107 com.youku.tv.lab.PlayLabActivity} launchCookies=[] positionInParent=Point(0, 0) parentTaskId=-1 isFocused=true isVisible=true isVisibleRequested=true isSleeping=false topActivityInSizeCompat=false topActivityEligibleForLetterboxEducation= false isLetterboxDoubleTapEnabled= false topActivityEligibleForUserAspectRatioButton= false topActivityBoundsLetterboxed= false isFromLetterboxDoubleTap= false topActivityLetterboxVerticalPosition= -1 topActivityLetterboxHorizontalPosition= -1 topActivityLetterboxWidth=-1 topActivityLetterboxHeight=-1 isUserFullscreenOverrideEnabled=false isTopActivityTransparent=false locusId=null displayAreaFeatureId=1 cameraCompatControlState=hidden}, remoteTransition = null, displayChange = null, flags = 0 }
11-03 17:08:23.492 V/WindowManager( 697): startWCT=WindowContainerTransaction { changes = {} hops = [] errorCallbackToken=null taskFragmentOrganizer=null }
11-03 17:08:23.494 V/WindowManagerShell( 933): Transition animation finished (aborted=false), notifying core (#36)android.os.BinderProxy@22033c9@0
11-03 17:08:23.492 V/WindowManager( 697): info={id=36 t=OPEN f=0x0 trk=0 r=[0@Point(0, 0)] c=[{null m=OPEN f=FILLS_TASK leash=Surface(name=ActivityRecord{4e37004 u0 com.cibn.tv/com.youku.tv.lab.PlayLabActivity)/@0xbd52b21 sb=Rect(0, 0 - 0, 0) eb=Rect(0, 0 - 1920, 1080) d=-1->0 r=-1->0:-1},{null m=TO_BACK f=FILLS_TASK leash=Surface(name=ActivityRecord{c7cba5a u0 com.cibn.tv/com.youku.tv.home.activity.HomeActivity)/@0xaa9fb2a sb=Rect(0, 0 - 1920, 1080) eb=Rect(0, 0 - 1920, 1080) d=0}]}
11-03 17:08:23.495 E/Alix_Aliplayer( 4419): destruct aliplayerNum=-23
11-03 17:08:23.496 E/AlixPlayer-Java( 4419): release() <<
11-03 17:08:23.496 I/MediaPlayerWrapper[199526324]( 4419): releaseMediaPlayer thread over setIsAsynStoping=false
11-03 17:08:23.498 V/WindowManager( 697): Finish Transition #36: created at
11-03 17:08:22.957 collect-started=0.11ms request-sent=7.723ms started=16.953ms ready=328.254ms sent=531.511ms finished=540.096ms
11-03 17:08:23.504 V/WindowManagerShell( 933): Track 0 became idle
11-03 17:08:23.504 V/WindowManagerShell( 933): All active transition animations finished
11-03 17:08:23.504 V/WindowManagerShell( 933): animated by com.android.wm.shell.transition.DefaultTransitionHandler@e71a65
11-03 17:08:23.504 V/WindowManagerShell( 933): Track 0 became idle
11-03 17:08:23.504 V/WindowManagerShell( 933): All active transition animations finished
11-03 17:08:23.505 D/hwc_di ( 299): teardown.
11-03 17:08:23.506 D/hwc_di ( 299): threadMain exit.
11-03 17:08:23.506 D/hwc_di ( 299): teardown: wait last fence
11-03 17:08:23.506 D/hwc_di ( 299): teardown: wait last fence done
11-03 17:08:23.506 E/hwc_di ( 299): release mDi_Out i =1
11-03 17:08:23.519 W/ottp_sdk_VideoViewImpl( 4419): mVideoStateChangeListener is null
11-03 17:08:23.520 D/MediaPreloadManager( 4419): [player_preload]resetWrapper() called removeCallbacksAndMessages
11-03 17:08:23.524 D/hwc_di ( 299): ~DiProcessor
11-03 17:08:23.525 I/SystemControl( 323): [frameRateDisplay] +++
