11-03 17:03:30.956 V/WindowManagerShell( 933): onTransitionReady android.os.BinderProxy@17cdc16: {id=18 t=OPEN f=0x0 trk=0 r=[0@Point(0, 0)] c=[{WCT{android.window.IWindowContainerToken$Stub$Proxy@844a7f0} m=OPEN f=NONE leash=Surface(name=Task=230)/@0xca9eb6d sb=Rect(0, 0 - 1920, 1080) eb=Rect(0, 0 - 1920, 1080) d=0},{WCT{android.window.IWindowContainerToken$Stub$Proxy@406d169} m=TO_BACK f=NONE leash=Surface(name=Task=1)/@0xd62a3a2 sb=Rect(0, 0 - 1920, 1080) eb=Rect(0, 0 - 1920, 1080) d=0}]}
11-03 17:03:30.957 V/WindowManagerShell( 933): Playing animation for (#18)android.os.BinderProxy@17cdc16@0
11-03 17:03:30.957 V/WindowManagerShell( 933): try handler com.android.wm.shell.keyguard.KeyguardTransitionHandler@5ae5ca9
11-03 17:03:30.957 V/WindowManagerShell( 933): try handler com.android.wm.shell.pip.tv.TvPipTransition@f2f222e
11-03 17:03:30.957 V/WindowManagerShell( 933): try handler com.android.wm.shell.activityembedding.ActivityEmbeddingController@10fc1cf
11-03 17:03:30.957 V/WindowManagerShell( 933): try handler com.android.wm.shell.transition.RemoteTransitionHandler@5dcc75c
11-03 17:03:30.957 V/WindowManagerShell( 933): Transition doesn't have explicit remote, search filters for match for {id=18 t=OPEN f=0x0 trk=0 r=[0@Point(0, 0)] c=[{WCT{android.window.IWindowContainerToken$Stub$Proxy@844a7f0} m=OPEN f=NONE leash=Surface(name=Task=230)/@0xca9eb6d sb=Rect(0, 0 - 1920, 1080) eb=Rect(0, 0 - 1920, 1080) d=0},{WCT{android.window.IWindowContainerToken$Stub$Proxy@406d169} m=TO_BACK f=NONE leash=Surface(name=Task=1)/@0xd62a3a2 sb=Rect(0, 0 - 1920, 1080) eb=Rect(0, 0 - 1920, 1080) d=0}]}
11-03 17:03:30.957 V/WindowManagerShell( 933): Delegate animation for #18 to null
11-03 17:03:30.957 V/WindowManagerShell( 933): try handler com.android.wm.shell.transition.DefaultTransitionHandler@e71a65
11-03 17:03:30.957 V/WindowManagerShell( 933): start default transition animation, info = {id=18 t=OPEN f=0x0 trk=0 r=[0@Point(0, 0)] c=[{WCT{android.window.IWindowContainerToken$Stub$Proxy@844a7f0} m=OPEN f=NONE leash=Surface(name=Task=230)/@0xca9eb6d sb=Rect(0, 0 - 1920, 1080) eb=Rect(0, 0 - 1920, 1080) d=0},{WCT{android.window.IWindowContainerToken$Stub$Proxy@406d169} m=TO_BACK f=NONE leash=Surface(name=Task=1)/@0xd62a3a2 sb=Rect(0, 0 - 1920, 1080) eb=Rect(0, 0 - 1920, 1080) d=0}]}
11-03 17:03:30.958 V/WindowManagerShell( 933): loadAnimation: anim=android.view.animation.AlphaAnimation@3321b25 animAttr=0x9 type=OPEN isEntrance=false
11-03 17:03:30.959 V/WindowManagerShell( 933): loadAnimation: anim=android.view.animation.AlphaAnimation@f277aab animAttr=0x8 type=OPEN isEntrance=true
11-03 17:03:30.963 V/WindowManagerShell( 933): animated by com.android.wm.shell.transition.DefaultTransitionHandler@e71a65
11-03 17:03:30.968 V/WindowManager( 697): Sent Transition #18 createdAt=11-03 17:03:30.265 via request=TransitionRequestInfo { type = 1, triggerTask = TaskInfo{userId=0 taskId=230 displayId=0 isRunning=true baseIntent=Intent { act=android.intent.action.MAIN cat=[android.intent.category.LAUNCHER] flg=0x10000000 pkg=com.cibn.tv cmp=com.cibn.tv/com.youku.tv.home.activity.HomeActivity } baseActivity=ComponentInfo{com.cibn.tv/com.youku.tv.home.activity.HomeActivity} topActivity=ComponentInfo{com.cibn.tv/com.youku.tv.home.activity.HomeActivity} origActivity=null realActivity=ComponentInfo{com.cibn.tv/com.youku.tv.home.activity.HomeActivity} numActivities=1 lastActiveTime=114508 supportsMultiWindow=true resizeMode=1 isResizeable=true minWidth=-1 minHeight=-1 defaultMinSize=220 token=WCT{RemoteToken{9c80236 Task{d7ef48b #230 type=standard A=10003:com.cibn.tv}}} topActivityType=1 pictureInPictureParams=null shouldDockBigOverlays=true launchIntoPipHostTaskId=-1 lastParentTaskIdBeforePip=-1 displayCutoutSafeInsets=null topActivityInfo=ActivityInfo{6999537 com.youku.tv.home.activity.HomeActivity} launchCookies=[] positionInParent=Point(0, 0) parentTaskId=-1 isFocused=false isVisible=false isVisibleRequested=false isSleeping=false topActivityInSizeCompat=false topActivityEligibleForLetterboxEducation= false isLetterboxDoubleTapEnabled= false topActivityEligibleForUserAspectRatioButton= false topActivityBoundsLetterboxed= false isFromLetterboxDoubleTap= false topActivityLetterboxVerticalPosition= -1 topActivityLetterboxHorizontalPosition= -1 topActivityLetterboxWidth=-1 topActivityLetterboxHeight=-1 isUserFullscreenOverrideEnabled=false isTopActivityTransparent=false locusId=null displayAreaFeatureId=1 cameraCompatControlState=hidden}, remoteTransition = null, displayChange = null, flags = 0 }
11-03 17:03:30.968 V/WindowManager( 697): startWCT=WindowContainerTransaction { changes = {} hops = [] errorCallbackToken=null taskFragmentOrganizer=null }
11-03 17:03:30.968 V/WindowManager( 697): info={id=18 t=OPEN f=0x0 trk=0 r=[0@Point(0, 0)] c=[{WCT{RemoteToken{9c80236 Task{d7ef48b #230 type=standard A=10003:com.cibn.tv}}} m=OPEN f=NONE leash=Surface(name=Task=230)/@0xc8c6e5b sb=Rect(0, 0 - 1920, 1080) eb=Rect(0, 0 - 1920, 1080) d=0},{WCT{RemoteToken{bb23d13 Task{9cb6c0a #1 type=home}}} m=TO_BACK f=NONE leash=Surface(name=Task=1)/@0xb2bd5da sb=Rect(0, 0 - 1920, 1080) eb=Rect(0, 0 - 1920, 1080) d=0}]}
11-03 17:03:31.111 D/CompatibilityChangeReporter( 697): Compat change id reported: 149924527; UID 10003; state: ENABLED
11-03 17:03:31.112 D/CompatibilityChangeReporter( 697): Compat change id reported: 132649864; UID 10003; state: DISABLED
11-03 17:03:31.378 V/WindowManagerShell( 933): Transition animation finished (aborted=false), notifying core (#18)android.os.BinderProxy@17cdc16@0
11-03 17:03:31.381 V/WindowManager( 697): Finish Transition #18: created at
11-03 17:03:30.265 collect-started=0.074ms request-sent=11.458ms started=14.286ms ready=481.871ms sent=686.672ms finished=1114.186ms
11-03 17:03:31.385 V/WindowManagerShell( 933): Track 0 became idle
11-03 17:03:31.385 V/WindowManagerShell( 933): All active transition animations finished
11-03 17:03:31.441 D/OomAdjuster( 697): Not killing cached processes
11-03 17:03:31.503 D/CompatibilityChangeReporter( 697): Compat change id reported: 261072174; UID 10003; state: DISABLED
11-03 17:03:31.540 D/CompatibilityChangeReporter( 697): Compat change id reported: 266524688; UID 10003; state: DISABLED
11-03 17:03:31.628 E/ActivityThread( 4419): Failed to find provider info for com.youku.passport.provider
11-03 17:03:31.786 D/CompatibilityChangeReporter( 697): Compat change id reported: 214016041; UID 10003; state: DISABLED
11-03 17:03:32.315 W/ActivityManager( 697): Unable to start service Intent { act=com.google.android.gms.ads.identifier.service.START pkg=com.google.android.gms (has extras) } U=0: not found
11-03 17:03:32.319 E/ActivityThread( 4419): Failed to find provider info for com.vivo.vms.IdProvider
11-03 17:03:32.689 W/ActivityManager( 697): Unable to start service Intent { act=com.youku.passport.union pkg=com.bestv.ott (has extras) } U=0: not found
11-03 17:03:33.823 W/PackageParser( 4419): Unknown element under : meta-data at /data/user/0/com.cibn.tv/app_agile_plugin/execute/com.cibn.tv.plugin/2131300103/plugin.apk Binary XML file line #6
11-03 17:03:33.824 W/PackageParser( 4419): Unknown element under : meta-data at /data/user/0/com.cibn.tv/app_agile_plugin/execute/com.cibn.tv.plugin/2131300103/plugin.apk Binary XML file line #7
11-03 17:03:33.824 W/PackageParser( 4419): Ignoring duplicate uses-permissions/uses-permissions-sdk-m: android.permission.GET_TASKS in package: com.cibn.tv at: Binary XML file line #19
11-03 17:03:33.825 W/PackageParser( 4419): Ignoring duplicate uses-permissions/uses-permissions-sdk-m: android.permission.boot_tvshop_service in package: com.cibn.tv at: Binary XML file line #56
11-03 17:03:33.826 W/PackageParser( 4419): Unknown element under : meta-data at /data/user/0/com.cibn.tv/app_agile_plugin/execute/com.cibn.tv.plugin/2131300103/plugin.apk Binary XML file line #96
11-03 17:03:33.853 W/PackageParser( 4419): No actions in intent filter at /data/user/0/com.cibn.tv/app_agile_plugin/execute/com.cibn.tv.plugin/2131300103/plugin.apk Binary XML file line #649
11-03 17:03:34.300 E/TaskPersister( 697): File error accessing recents directory (directory doesn't exist?).
11-03 17:03:34.737 W/ActivityManager( 697): Receiver with filter android.content.IntentFilter@ca1f916 already registered for pid 4419, callerPackage is com.cibn.tv
11-03 17:03:36.147 W/ActivityManager( 697): Unable to start service Intent { act=com.google.android.gms.ads.identifier.service.START pkg=com.google.android.gms (has extras) } U=0: not found
11-03 17:03:36.149 E/ActivityThread( 4419): Failed to find provider info for com.vivo.vms.IdProvider
11-03 17:03:36.799 W/WindowManager( 697): Failed looking up window session=Session{ade2e99 4419:u0a10003} callers=com.android.server.wm.WindowManagerService.windowForClientLocked:6077 com.android.server.wm.Session.updateRequestedVisibleTypes:695 android.view.IWindowSession$Stub.onTransact:1034
11-03 17:03:36.800 W/WindowManager( 697): [addWindow] title:com.cibn.tv/com.youku.tv.home.activity.HomeActivity
11-03 17:03:36.842 D/CoreBackPreview( 697): Window{566d81c u0 com.cibn.tv/com.youku.tv.home.activity.HomeActivity}: Setting back callback OnBackInvokedCallbackInfo{mCallback=android.window.IOnBackInvokedCallback$Stub$Proxy@2c391fa, mPriority=0, mIsAnimationCallback=false}
11-03 17:03:36.904 W/ContextImpl( 697): Calling a method in the system process without a qualified user: android.app.ContextImpl.startService:1899 com.android.server.wm.DisplayPolicy.lambda$focusChangedLw$5:2126 com.android.server.wm.DisplayPolicy.$r8$lambda$Znxk63oh-WzVnzo_WQefN7uxV48:0 com.android.server.wm.DisplayPolicy$$ExternalSyntheticLambda13.run:0 android.os.Handler.handleCallback:958
11-03 17:03:36.905 D/OomAdjuster( 697): Not killing cached processes
11-03 17:03:37.958 D/CoreBackPreview( 697): Window{566d81c u0 com.cibn.tv/com.youku.tv.home.activity.HomeActivity}: Setting back callback null
11-03 17:03:37.977 V/WindowManager( 697): Unknown focus tokens, dropping reportFocusChanged
11-03 17:03:38.071 W/ContextImpl( 697): Calling a method in the system process without a qualified user: android.app.ContextImpl.startService:1899 com.android.server.wm.DisplayPolicy.lambda$focusChangedLw$5:2126 com.android.server.wm.DisplayPolicy.$r8$lambda$Znxk63oh-WzVnzo_WQefN7uxV48:0 com.android.server.wm.DisplayPolicy$$ExternalSyntheticLambda13.run:0 android.os.Handler.handleCallback:958
11-03 17:03:38.549 I/keystore2( 290): system/security/keystore2/src/watchdog.rs:319 - Watchdog thread idle -> terminating. Have a great day.
11-03 17:03:38.871 W/PackageParser( 4419): Unknown element under : meta-data at /data/user/0/com.cibn.tv/app_agile_plugin/execute/com.cibn.tv.plugin/2131300103/plugin.apk Binary XML file line #6
11-03 17:03:38.871 W/PackageParser( 4419): Unknown element under : meta-data at /data/user/0/com.cibn.tv/app_agile_plugin/execute/com.cibn.tv.plugin/2131300103/plugin.apk Binary XML file line #7
11-03 17:03:38.871 W/PackageParser( 4419): Ignoring duplicate uses-permissions/uses-permissions-sdk-m: android.permission.GET_TASKS in package: com.cibn.tv at: Binary XML file line #19
11-03 17:03:38.873 W/PackageParser( 4419): Ignoring duplicate uses-permissions/uses-permissions-sdk-m: android.permission.boot_tvshop_service in package: com.cibn.tv at: Binary XML file line #56
11-03 17:03:38.874 W/PackageParser( 4419): Unknown element under : meta-data at /data/user/0/com.cibn.tv/app_agile_plugin/execute/com.cibn.tv.plugin/2131300103/plugin.apk Binary XML file line #96
11-03 17:03:38.882 W/PackageParser( 4419): No actions in intent filter at /data/user/0/com.cibn.tv/app_agile_plugin/execute/com.cibn.tv.plugin/2131300103/plugin.apk Binary XML file line #649
11-03 17:03:38.990 W/PackageParser( 4419): Unknown element under : meta-data at /data/user/0/com.cibn.tv/app_agile_plugin/execute/com.youku.dynamic.plugin/212021005/plugin.apk Binary XML file line #11
11-03 17:03:41.704 W/ActivityManager( 697): Unable to start service Intent { act=com.google.android.gms.ads.identifier.service.START pkg=com.google.android.gms (has extras) } U=0: not found
11-03 17:03:44.147 E/Transition( 697): Trying to add a ready-group twice: Display{#0 state=ON size=1920x1080 ROTATION_0}
11-03 17:03:44.148 I/ActivityTaskManager( 697): START u0 {act=android.intent.action.VIEW dat=account_cibn://navigation/... cmp=com.cibn.tv/com.youku.passport.activity.PassportActivity (has extras)} with LAUNCH_SINGLE_TOP from uid 10003 (BAL_ALLOW_VISIBLE_WINDOW) result code=0
11-03 17:03:44.154 V/WindowManagerShell( 933): Transition requested: android.os.BinderProxy@31de9b4 TransitionRequestInfo { type = 1, triggerTask = TaskInfo{userId=0 taskId=230 displayId=0 isRunning=true baseIntent=Intent { act=android.intent.action.MAIN cat=[android.intent.category.LAUNCHER] flg=0x10000000 pkg=com.cibn.tv cmp=com.cibn.tv/com.youku.tv.home.activity.HomeActivity } baseActivity=ComponentInfo{com.cibn.tv/com.youku.tv.home.activity.HomeActivity} topActivity=ComponentInfo{com.cibn.tv/com.youku.passport.activity.PassportActivity} origActivity=null realActivity=ComponentInfo{com.cibn.tv/com.youku.tv.home.activity.HomeActivity} numActivities=2 lastActiveTime=128377 supportsMultiWindow=true resizeMode=1 isResizeable=true minWidth=-1 minHeight=-1 defaultMinSize=220 token=WCT{android.window.IWindowContainerToken$Stub$Proxy@62989dd} topActivityType=1 pictureInPictureParams=null shouldDockBigOverlays=true launchIntoPipHostTaskId=-1 lastParentTaskIdBeforePip=-1 displayCutoutSafeInsets=null topActivityInfo=ActivityInfo{59f3952 com.youku.passport.activity.PassportActivity} launchCookies=[] positionInParent=Point(0, 0) parentTaskId=-1 isFocused=true isVisible=true isVisibleRequested=true isSleeping=false topActivityInSizeCompat=false topActivityEligibleForLetterboxEducation= false isLetterboxDoubleTapEnabled= false topActivityEligibleForUserAspectRatioButton= false topActivityBoundsLetterboxed= false isFromLetterboxDoubleTap= false topActivityLetterboxVerticalPosition= -1 topActivityLetterboxHorizontalPosition= -1 topActivityLetterboxWidth=-1 topActivityLetterboxHeight=-1 isUserFullscreenOverrideEnabled=false isTopActivityTransparent=false locusId=null displayAreaFeatureId=1 cameraCompatControlState=hidden}, remoteTransition = null, displayChange = null, flags = 0 }
11-03 17:03:44.182 V/WindowManager( 697): app ------------- force_land :0
11-03 17:03:44.182 V/WindowManager( 697): app ------------- force_land :0
11-03 17:03:44.183 V/WindowManager( 697): app ------------- force_land :0
11-03 17:03:44.191 D/OomAdjuster( 697): Not killing cached processes
11-03 17:03:44.192 W/ProcessStats( 697): Tracking association SourceState{bb6d735 com.ktcp.video:daemon/10089 Fgs #775} whose proc state 3 is better than process ProcessState{ff256f5 com.ktcp.video/10089 pkg=com.ktcp.video} proc state 10 (3 skipped)
11-03 17:03:44.255 W/WindowManager( 697): [addWindow] title:com.cibn.tv/com.youku.passport.activity.PassportActivity
11-03 17:03:44.261 I/ActivityTaskManager( 697): START u0 {flg=0x34010000 cmp=com.cibn.tv/com.youku.passport.activity.PassportLoginActivity (has extras)} with LAUNCH_SINGLE_TOP from uid 10003 (BAL_ALLOW_VISIBLE_WINDOW) result code=0
11-03 17:03:44.262 W/WindowManager( 697): Failed looking up window session=Session{ade2e99 4419:u0a10003} callers=com.android.server.wm.WindowManagerService.windowForClientLocked:6077 com.android.server.wm.Session.updateRequestedVisibleTypes:695 android.view.IWindowSession$Stub.onTransact:1034
11-03 17:03:44.278 W/WindowManager( 697): [addWindow] title:com.cibn.tv/com.youku.passport.activity.PassportActivity
11-03 17:03:44.278 W/WindowManager( 697): Failed looking up window session=Session{ade2e99 4419:u0a10003} callers=com.android.server.wm.WindowManagerService.windowForClientLocked:6077 com.android.server.wm.Session.updateRequestedVisibleTypes:695 android.view.IWindowSession$Stub.onTransact:1034
11-03 17:03:44.282 V/WindowManager( 697): app ------------- force_land :0
11-03 17:03:44.287 D/CoreBackPreview( 697): Window{6cfe99c u0 com.cibn.tv/com.youku.passport.activity.PassportActivity}: Setting back callback OnBackInvokedCallbackInfo{mCallback=android.window.IOnBackInvokedCallback$Stub$Proxy@a15d034, mPriority=0, mIsAnimationCallback=false}
11-03 17:03:44.287 D/WindowManagerShell( 933): TvPipController: onTaskStackChanged()
11-03 17:03:44.293 V/WindowManager( 697): app ------------- force_land :0
11-03 17:03:44.318 D/CoreBackPreview( 697): Window{cd5946 u0 com.cibn.tv/com.youku.passport.activity.PassportActivity}: Setting back callback OnBackInvokedCallbackInfo{mCallback=android.window.IOnBackInvokedCallback$Stub$Proxy@cf1ae5d, mPriority=0, mIsAnimationCallback=false}
11-03 17:03:44.322 V/WindowManager( 697): app ------------- force_land :0
11-03 17:03:44.349 V/WindowManager( 697): app ------------- force_land :0
11-03 17:03:44.349 V/WindowManager( 697): app ------------- force_land :0
11-03 17:03:44.349 V/WindowManager( 697): app ------------- force_land :0
11-03 17:03:44.382 W/ContextImpl( 697): Calling a method in the system process without a qualified user: android.app.ContextImpl.startService:1899 com.android.server.wm.DisplayPolicy.lambda$focusChangedLw$5:2126 com.android.server.wm.DisplayPolicy.$r8$lambda$Znxk63oh-WzVnzo_WQefN7uxV48:0 com.android.server.wm.DisplayPolicy$$ExternalSyntheticLambda13.run:0 android.os.Handler.handleCallback:958
11-03 17:03:44.410 W/WindowManager( 697): [addWindow] title:com.cibn.tv/com.youku.passport.activity.PassportLoginActivity
11-03 17:03:44.415 D/CoreBackPreview( 697): Window{a5f4fff u0 com.cibn.tv/com.youku.passport.activity.PassportLoginActivity}: Setting back callback OnBackInvokedCallbackInfo{mCallback=android.window.IOnBackInvokedCallback$Stub$Proxy@8714c15, mPriority=0, mIsAnimationCallback=false}
11-03 17:03:44.447 V/WindowManager( 697): Sent Transition #19 createdAt=11-03 17:03:44.140 via request=TransitionRequestInfo { type = 1, triggerTask = TaskInfo{userId=0 taskId=230 displayId=0 isRunning=true baseIntent=Intent { act=android.intent.action.MAIN cat=[android.intent.category.LAUNCHER] flg=0x10000000 pkg=com.cibn.tv cmp=com.cibn.tv/com.youku.tv.home.activity.HomeActivity } baseActivity=ComponentInfo{com.cibn.tv/com.youku.tv.home.activity.HomeActivity} topActivity=ComponentInfo{com.cibn.tv/com.youku.passport.activity.PassportActivity} origActivity=null realActivity=ComponentInfo{com.cibn.tv/com.youku.tv.home.activity.HomeActivity} numActivities=2 lastActiveTime=128377 supportsMultiWindow=true resizeMode=1 isResizeable=true minWidth=-1 minHeight=-1 defaultMinSize=220 token=WCT{RemoteToken{9c80236 Task{d7ef48b #230 type=standard A=10003:com.cibn.tv}}} topActivityType=1 pictureInPictureParams=null shouldDockBigOverlays=true launchIntoPipHostTaskId=-1 lastParentTaskIdBeforePip=-1 displayCutoutSafeInsets=null topActivityInfo=ActivityInfo{9279491 com.youku.passport.activity.PassportActivity} launchCookies=[] positionInParent=Point(0, 0) parentTaskId=-1 isFocused=true isVisible=true isVisibleRequested=true isSleeping=false topActivityInSizeCompat=false topActivityEligibleForLetterboxEducation= false isLetterboxDoubleTapEnabled= false topActivityEligibleForUserAspectRatioButton= false topActivityBoundsLetterboxed= false isFromLetterboxDoubleTap= false topActivityLetterboxVerticalPosition= -1 topActivityLetterboxHorizontalPosition= -1 topActivityLetterboxWidth=-1 topActivityLetterboxHeight=-1 isUserFullscreenOverrideEnabled=false isTopActivityTransparent=false locusId=null displayAreaFeatureId=1 cameraCompatControlState=hidden}, remoteTransition = null, displayChange = null, flags = 0 }
11-03 17:03:44.447 V/WindowManager( 697): startWCT=WindowContainerTransaction { changes = {} hops = [] errorCallbackToken=null taskFragmentOrganizer=null }
11-03 17:03:44.447 V/WindowManager( 697): info={id=19 t=OPEN f=0x0 trk=0 r=[0@Point(0, 0)] c=[{null m=OPEN f=FILLS_TASK|NO_ANIMATION leash=Surface(name=ActivityRecord{2209de9 u0 com.cibn.tv/com.youku.passport.activity.PassportLoginActivity)/@0x162ed1b sb=Rect(0, 0 - 0, 0) eb=Rect(0, 0 - 1920, 1080) d=-1->0 r=-1->0:-1},{null m=TO_BACK f=FILLS_TASK leash=Surface(name=ActivityRecord{c7cba5a u0 com.cibn.tv/com.youku.tv.home.activity.HomeActivity)/@0xaa9fb2a sb=Rect(0, 0 - 1920, 1080) eb=Rect(0, 0 - 1920, 1080) d=0}]}
11-03 17:03:44.447 V/WindowManagerShell( 933): onTransitionReady android.os.BinderProxy@31de9b4: {id=19 t=OPEN f=0x0 trk=0 r=[0@Point(0, 0)] c=[{null m=OPEN f=FILLS_TASK|NO_ANIMATION leash=Surface(name=ActivityRecord{2209de9 u0 com.cibn.tv/com.youku.passport.activity.PassportLoginActivity)/@0xfae9423 sb=Rect(0, 0 - 0, 0) eb=Rect(0, 0 - 1920, 1080) d=-1->0 r=-1->0:-1},{null m=TO_BACK f=FILLS_TASK leash=Surface(name=ActivityRecord{c7cba5a u0 com.cibn.tv/com.youku.tv.home.activity.HomeActivity)/@0x489ed20 sb=Rect(0, 0 - 1920, 1080) eb=Rect(0, 0 - 1920, 1080) d=0}]}
11-03 17:03:44.448 V/WindowManagerShell( 933): Playing animation for (#19)android.os.BinderProxy@31de9b4@0
11-03 17:03:44.448 V/WindowManagerShell( 933): try handler com.android.wm.shell.keyguard.KeyguardTransitionHandler@5ae5ca9
11-03 17:03:44.448 V/WindowManagerShell( 933): try handler com.android.wm.shell.pip.tv.TvPipTransition@f2f222e
11-03 17:03:44.448 V/WindowManagerShell( 933): try handler com.android.wm.shell.activityembedding.ActivityEmbeddingController@10fc1cf
11-03 17:03:44.448 V/WindowManagerShell( 933): try handler com.android.wm.shell.transition.RemoteTransitionHandler@5dcc75c
11-03 17:03:44.448 V/WindowManagerShell( 933): Transition doesn't have explicit remote, search filters for match for {id=19 t=OPEN f=0x0 trk=0 r=[0@Point(0, 0)] c=[{null m=OPEN f=FILLS_TASK|NO_ANIMATION leash=Surface(name=ActivityRecord{2209de9 u0 com.cibn.tv/com.youku.passport.activity.PassportLoginActivity)/@0xfae9423 sb=Rect(0, 0 - 0, 0) eb=Rect(0, 0 - 1920, 1080) d=-1->0 r=-1->0:-1},{null m=TO_BACK f=FILLS_TASK leash=Surface(name=ActivityRecord{c7cba5a u0 com.cibn.tv/com.youku.tv.home.activity.HomeActivity)/@0x489ed20 sb=Rect(0, 0 - 1920, 1080) eb=Rect(0, 0 - 1920, 1080) d=0}]}
11-03 17:03:44.448 V/WindowManagerShell( 933): Delegate animation for #19 to null
11-03 17:03:44.448 V/WindowManagerShell( 933): try handler com.android.wm.shell.transition.DefaultTransitionHandler@e71a65
11-03 17:03:44.448 V/WindowManagerShell( 933): start default transition animation, info = {id=19 t=OPEN f=0x0 trk=0 r=[0@Point(0, 0)] c=[{null m=OPEN f=FILLS_TASK|NO_ANIMATION leash=Surface(name=ActivityRecord{2209de9 u0 com.cibn.tv/com.youku.passport.activity.PassportLoginActivity)/@0xfae9423 sb=Rect(0, 0 - 0, 0) eb=Rect(0, 0 - 1920, 1080) d=-1->0 r=-1->0:-1},{null m=TO_BACK f=FILLS_TASK leash=Surface(name=ActivityRecord{c7cba5a u0 com.cibn.tv/com.youku.tv.home.activity.HomeActivity)/@0x489ed20 sb=Rect(0, 0 - 1920, 1080) eb=Rect(0, 0 - 1920, 1080) d=0}]}
11-03 17:03:44.452 V/WindowManagerShell( 933): Transition animation finished (aborted=false), notifying core (#19)android.os.BinderProxy@31de9b4@0
11-03 17:03:44.454 W/WindowManager( 697): [addWindow] title:com.cibn.tv/com.youku.passport.activity.PassportLoginActivity
11-03 17:03:44.454 V/WindowManager( 697): Finish Transition #19: created at
11-03 17:03:44.140 collect-started=0.17ms request-sent=6.591ms started=14.248ms ready=211.657ms sent=303.086ms finished=312.954ms
11-03 17:03:44.457 V/WindowManagerShell( 933): Track 0 became idle
11-03 17:03:44.457 V/WindowManagerShell( 933): All active transition animations finished
11-03 17:03:44.457 V/WindowManagerShell( 933): animated by com.android.wm.shell.transition.DefaultTransitionHandler@e71a65
11-03 17:03:44.457 V/WindowManagerShell( 933): Track 0 became idle
11-03 17:03:44.457 V/WindowManagerShell( 933): All active transition animations finished
11-03 17:03:44.457 D/WindowManagerShell( 933): TvPipController: onTaskStackChanged()
11-03 17:03:44.457 W/WindowManager( 697): Failed looking up window session=Session{ade2e99 4419:u0a10003} callers=com.android.server.wm.WindowManagerService.windowForClientLocked:6077 com.android.server.wm.Session.updateRequestedVisibleTypes:695 android.view.IWindowSession$Stub.onTransact:1034
11-03 17:03:44.520 W/ContextImpl( 697): Calling a method in the system process without a qualified user: android.app.ContextImpl.startService:1899 com.android.server.wm.DisplayPolicy.lambda$focusChangedLw$5:2126 com.android.server.wm.DisplayPolicy.$r8$lambda$Znxk63oh-WzVnzo_WQefN7uxV48:0 com.android.server.wm.DisplayPolicy$$ExternalSyntheticLambda13.run:0 android.os.Handler.handleCallback:958
11-03 17:03:44.534 D/CoreBackPreview( 697): Window{a393ff7 u0 com.cibn.tv/com.youku.passport.activity.PassportLoginActivity}: Setting back callback OnBackInvokedCallbackInfo{mCallback=android.window.IOnBackInvokedCallback$Stub$Proxy@5cf44c9, mPriority=0, mIsAnimationCallback=false}
11-03 17:03:44.564 W/ContextImpl( 697): Calling a method in the system process without a qualified user: android.app.ContextImpl.startService:1899 com.android.server.wm.DisplayPolicy.lambda$focusChangedLw$5:2126 com.android.server.wm.DisplayPolicy.$r8$lambda$Znxk63oh-WzVnzo_WQefN7uxV48:0 com.android.server.wm.DisplayPolicy$$ExternalSyntheticLambda13.run:0 android.os.Handler.handleCallback:958
11-03 17:03:44.603 D/CoreBackPreview( 697): Window{a393ff7 u0 com.cibn.tv/com.youku.passport.activity.PassportLoginActivity}: Setting back callback null
11-03 17:03:44.634 V/WindowManager( 697): Unknown focus tokens, dropping reportFocusChanged
11-03 17:03:44.717 W/ContextImpl( 697): Calling a method in the system process without a qualified user: android.app.ContextImpl.startService:1899 com.android.server.wm.DisplayPolicy.lambda$focusChangedLw$5:2126 com.android.server.wm.DisplayPolicy.$r8$lambda$Znxk63oh-WzVnzo_WQefN7uxV48:0 com.android.server.wm.DisplayPolicy$$ExternalSyntheticLambda13.run:0 android.os.Handler.handleCallback:958
11-03 17:03:45.275 W/WindowManager( 697): Failed looking up window session=Session{ade2e99 4419:u0a10003} callers=com.android.server.wm.WindowManagerService.windowForClientLocked:6077 com.android.server.wm.Session.setOnBackInvokedCallbackInfo:949 android.view.IWindowSession$Stub.onTransact:1145
11-03 17:03:45.275 I/WindowManager( 697): setOnBackInvokedCallback(): No window state for package:com.cibn.tv
11-03 17:03:45.280 W/UsageStatsService( 697): Unexpected activity event reported! (com.cibn.tv/com.youku.passport.activity.PassportActivity event : 23 instanceId : 188929112)
11-03 17:03:45.282 W/WindowManager( 697): Failed looking up window session=Session{ade2e99 4419:u0a10003} callers=com.android.server.wm.WindowManagerService.windowForClientLocked:6077 com.android.server.wm.WindowManagerService.removeWindow:2014 com.android.server.wm.Session.remove:236
11-03 17:03:45.282 W/WindowManager( 697): Failed looking up window session=Session{ade2e99 4419:u0a10003} callers=com.android.server.wm.WindowManagerService.windowForClientLocked:6077 com.android.server.wm.Session.setOnBackInvokedCallbackInfo:949 android.view.IWindowSession$Stub.onTransact:1145
11-03 17:03:45.282 I/WindowManager( 697): setOnBackInvokedCallback(): No window state for package:com.cibn.tv
11-03 17:03:45.499 W/InputManager( 697): Permission Denial: injectInputEvent() from pid=4419, uid=10003 requires android.permission.INJECT_EVENTS
11-03 17:03:45.502 W/InputManager( 697): Permission Denial: injectInputEvent() from pid=4419, uid=10003 requires android.permission.INJECT_EVENTS
11-03 17:03:47.321 W/WindowManager( 697): [addWindow] title:com.cibn.tv/com.youku.passport.activity.PassportLoginActivity
11-03 17:03:47.321 W/WindowManager( 697): Failed looking up window session=Session{ade2e99 4419:u0a10003} callers=com.android.server.wm.WindowManagerService.windowForClientLocked:6077 com.android.server.wm.Session.updateRequestedVisibleTypes:695 android.view.IWindowSession$Stub.onTransact:1034
11-03 17:03:47.328 D/CoreBackPreview( 697): Window{56514fb u0 com.cibn.tv/com.youku.passport.activity.PassportLoginActivity}: Setting back callback OnBackInvokedCallbackInfo{mCallback=android.window.IOnBackInvokedCallback$Stub$Proxy@5c6af71, mPriority=0, mIsAnimationCallback=false}
11-03 17:03:47.797 E/Transition( 697): Trying to add a ready-group twice: Display{#0 state=ON size=1920x1080 ROTATION_0}
11-03 17:03:47.799 V/WindowManagerShell( 933): Transition requested: android.os.BinderProxy@f4c4f7f TransitionRequestInfo { type = 1, triggerTask = TaskInfo{userId=0 taskId=230 displayId=0 isRunning=true baseIntent=Intent { act=android.intent.action.MAIN cat=[android.intent.category.LAUNCHER] flg=0x10000000 pkg=com.cibn.tv cmp=com.cibn.tv/com.youku.tv.home.activity.HomeActivity } baseActivity=ComponentInfo{com.cibn.tv/com.youku.tv.home.activity.HomeActivity} topActivity=ComponentInfo{com.cibn.tv/com.youku.passport.activity.TopMsgActivity} origActivity=null realActivity=ComponentInfo{com.cibn.tv/com.youku.tv.home.activity.HomeActivity} numActivities=3 lastActiveTime=132027 supportsMultiWindow=true resizeMode=1 isResizeable=true minWidth=-1 minHeight=-1 defaultMinSize=220 token=WCT{android.window.IWindowContainerToken$Stub$Proxy@ef0bb4c} topActivityType=1 pictureInPictureParams=null shouldDockBigOverlays=true launchIntoPipHostTaskId=-1 lastParentTaskIdBeforePip=-1 displayCutoutSafeInsets=null topActivityInfo=ActivityInfo{e591795 com.youku.passport.activity.TopMsgActivity} launchCookies=[] positionInParent=Point(0, 0) parentTaskId=-1 isFocused=true isVisible=true isVisibleRequested=true isSleeping=false topActivityInSizeCompat=false topActivityEligibleForLetterboxEducation= false isLetterboxDoubleTapEnabled= false topActivityEligibleForUserAspectRatioButton= false topActivityBoundsLetterboxed= false isFromLetterboxDoubleTap= false topActivityLetterboxVerticalPosition= -1 topActivityLetterboxHorizontalPosition= -1 topActivityLetterboxWidth=-1 topActivityLetterboxHeight=-1 isUserFullscreenOverrideEnabled=false isTopActivityTransparent=true locusId=null displayAreaFeatureId=1 cameraCompatControlState=hidden}, remoteTransition = null, displayChange = null, flags = 0 }
11-03 17:03:47.800 I/ActivityTaskManager( 697): START u0 {flg=0x10000000 cmp=com.cibn.tv/com.youku.passport.activity.TopMsgActivity} with LAUNCH_SINGLE_TOP from uid 10003 (BAL_ALLOW_VISIBLE_WINDOW) result code=0
11-03 17:03:47.835 W/ActivityTaskManager( 697): Duplicate finish request for r=ActivityRecord{2209de9 u0 com.cibn.tv/com.youku.passport.activity.PassportLoginActivity t230 f}}
11-03 17:03:47.871 V/WindowManager( 697): app ------------- force_land :0
11-03 17:03:47.946 W/WindowManager( 697): [addWindow] title:com.cibn.tv/com.youku.passport.activity.TopMsgActivity
11-03 17:03:47.946 W/WindowManager( 697): Failed looking up window session=Session{ade2e99 4419:u0a10003} callers=com.android.server.wm.WindowManagerService.windowForClientLocked:6077 com.android.server.wm.Session.updateRequestedVisibleTypes:695 android.view.IWindowSession$Stub.onTransact:1034
11-03 17:03:47.960 D/CoreBackPreview( 697): Window{ed6925c u0 com.cibn.tv/com.youku.passport.activity.TopMsgActivity}: Setting back callback OnBackInvokedCallbackInfo{mCallback=android.window.IOnBackInvokedCallback$Stub$Proxy@421763a, mPriority=0, mIsAnimationCallback=false}
11-03 17:03:47.979 D/WindowManagerShell( 933): TvPipController: onTaskStackChanged()
11-03 17:03:48.081 W/ContextImpl( 697): Calling a method in the system process without a qualified user: android.app.ContextImpl.startService:1899 com.android.server.wm.DisplayPolicy.lambda$focusChangedLw$5:2126 com.android.server.wm.DisplayPolicy.$r8$lambda$Znxk63oh-WzVnzo_WQefN7uxV48:0 com.android.server.wm.DisplayPolicy$$ExternalSyntheticLambda13.run:0 android.os.Handler.handleCallback:958
11-03 17:03:48.090 V/WindowManager( 697): Sent Transition #20 createdAt=11-03 17:03:47.791 via request=TransitionRequestInfo { type = 1, triggerTask = TaskInfo{userId=0 taskId=230 displayId=0 isRunning=true baseIntent=Intent { act=android.intent.action.MAIN cat=[android.intent.category.LAUNCHER] flg=0x10000000 pkg=com.cibn.tv cmp=com.cibn.tv/com.youku.tv.home.activity.HomeActivity } baseActivity=ComponentInfo{com.cibn.tv/com.youku.tv.home.activity.HomeActivity} topActivity=ComponentInfo{com.cibn.tv/com.youku.passport.activity.TopMsgActivity} origActivity=null realActivity=ComponentInfo{com.cibn.tv/com.youku.tv.home.activity.HomeActivity} numActivities=3 lastActiveTime=132027 supportsMultiWindow=true resizeMode=1 isResizeable=true minWidth=-1 minHeight=-1 defaultMinSize=220 token=WCT{RemoteToken{9c80236 Task{d7ef48b #230 type=standard A=10003:com.cibn.tv}}} topActivityType=1 pictureInPictureParams=null shouldDockBigOverlays=true launchIntoPipHostTaskId=-1 lastParentTaskIdBeforePip=-1 displayCutoutSafeInsets=null topActivityInfo=ActivityInfo{fd156e1 com.youku.passport.activity.TopMsgActivity} launchCookies=[] positionInParent=Point(0, 0) parentTaskId=-1 isFocused=true isVisible=true isVisibleRequested=true isSleeping=false topActivityInSizeCompat=false topActivityEligibleForLetterboxEducation= false isLetterboxDoubleTapEnabled= false topActivityEligibleForUserAspectRatioButton= false topActivityBoundsLetterboxed= false isFromLetterboxDoubleTap= false topActivityLetterboxVerticalPosition= -1 topActivityLetterboxHorizontalPosition= -1 topActivityLetterboxWidth=-1 topActivityLetterboxHeight=-1 isUserFullscreenOverrideEnabled=false isTopActivityTransparent=true locusId=null displayAreaFeatureId=1 cameraCompatControlState=hidden}, remoteTransition = null, displayChange = null, flags = 0 }
11-03 17:03:48.090 V/WindowManager( 697): startWCT=WindowContainerTransaction { changes = {} hops = [] errorCallbackToken=null taskFragmentOrganizer=null }
11-03 17:03:48.090 V/WindowManager( 697): info={id=20 t=OPEN f=0x0 trk=0 r=[0@Point(0, 0)] c=[{null m=OPEN f=TRANSLUCENT|FILLS_TASK leash=Surface(name=ActivityRecord{f822ec4 u0 com.cibn.tv/com.youku.passport.activity.TopMsgActivity)/@0xf2132eb sb=Rect(0, 0 - 0, 0) eb=Rect(0, 0 - 1920, 1080) d=-1->0 r=-1->0:-1},{null m=CLOSE f=FILLS_TASK leash=Surface(name=ActivityRecord{2209de9 u0 com.cibn.tv/com.youku.passport.activity.PassportLoginActivity)/@0x162ed1b sb=Rect(0, 0 - 1920, 1080) eb=Rect(0, 0 - 1920, 1080) d=0},{null m=TO_FRONT f=FILLS_TASK leash=Surface(name=ActivityRecord{c7cba5a u0 com.cibn.tv/com.youku.tv.home.activity.HomeActivity)/@0xaa9fb2a sb=Rect(0, 0 - 1920, 1080) eb=Rect(0, 0 - 1920, 1080) d=0}]}
11-03 17:03:48.093 V/WindowManagerShell( 933): onTransitionReady android.os.BinderProxy@f4c4f7f: {id=20 t=OPEN f=0x0 trk=0 r=[0@Point(0, 0)] c=[{null m=OPEN f=TRANSLUCENT|FILLS_TASK leash=Surface(name=ActivityRecord{f822ec4 u0 com.cibn.tv/com.youku.passport.activity.TopMsgActivity)/@0x35ca0aa sb=Rect(0, 0 - 0, 0) eb=Rect(0, 0 - 1920, 1080) d=-1->0 r=-1->0:-1},{null m=CLOSE f=FILLS_TASK leash=Surface(name=ActivityRecord{2209de9 u0 com.cibn.tv/com.youku.passport.activity.PassportLoginActivity)/@0x4e0649b sb=Rect(0, 0 - 1920, 1080) eb=Rect(0, 0 - 1920, 1080) d=0},{null m=TO_FRONT f=FILLS_TASK leash=Surface(name=ActivityRecord{c7cba5a u0 com.cibn.tv/com.youku.tv.home.activity.HomeActivity)/@0xd144038 sb=Rect(0, 0 - 1920, 1080) eb=Rect(0, 0 - 1920, 1080) d=0}]}
11-03 17:03:48.093 V/WindowManagerShell( 933): Playing animation for (#20)android.os.BinderProxy@f4c4f7f@0
11-03 17:03:48.093 V/WindowManagerShell( 933): try handler com.android.wm.shell.keyguard.KeyguardTransitionHandler@5ae5ca9
11-03 17:03:48.093 V/WindowManagerShell( 933): try handler com.android.wm.shell.pip.tv.TvPipTransition@f2f222e
11-03 17:03:48.094 V/WindowManagerShell( 933): try handler com.android.wm.shell.activityembedding.ActivityEmbeddingController@10fc1cf
11-03 17:03:48.094 V/WindowManagerShell( 933): try handler com.android.wm.shell.transition.RemoteTransitionHandler@5dcc75c
11-03 17:03:48.094 V/WindowManagerShell( 933): Transition doesn't have explicit remote, search filters for match for {id=20 t=OPEN f=0x0 trk=0 r=[0@Point(0, 0)] c=[{null m=OPEN f=TRANSLUCENT|FILLS_TASK leash=Surface(name=ActivityRecord{f822ec4 u0 com.cibn.tv/com.youku.passport.activity.TopMsgActivity)/@0x35ca0aa sb=Rect(0, 0 - 0, 0) eb=Rect(0, 0 - 1920, 1080) d=-1->0 r=-1->0:-1},{null m=CLOSE f=FILLS_TASK leash=Surface(name=ActivityRecord{2209de9 u0 com.cibn.tv/com.youku.passport.activity.PassportLoginActivity)/@0x4e0649b sb=Rect(0, 0 - 1920, 1080) eb=Rect(0, 0 - 1920, 1080) d=0},{null m=TO_FRONT f=FILLS_TASK leash=Surface(name=ActivityRecord{c7cba5a u0 com.cibn.tv/com.youku.tv.home.activity.HomeActivity)/@0xd144038 sb=Rect(0, 0 - 1920, 1080) eb=Rect(0, 0 - 1920, 1080) d=0}]}
11-03 17:03:48.094 V/WindowManagerShell( 933): Delegate animation for #20 to null
11-03 17:03:48.094 V/WindowManagerShell( 933): try handler com.android.wm.shell.transition.DefaultTransitionHandler@e71a65
11-03 17:03:48.094 V/WindowManagerShell( 933): start default transition animation, info = {id=20 t=OPEN f=0x0 trk=0 r=[0@Point(0, 0)] c=[{null m=OPEN f=TRANSLUCENT|FILLS_TASK leash=Surface(name=ActivityRecord{f822ec4 u0 com.cibn.tv/com.youku.passport.activity.TopMsgActivity)/@0x35ca0aa sb=Rect(0, 0 - 0, 0) eb=Rect(0, 0 - 1920, 1080) d=-1->0 r=-1->0:-1},{null m=CLOSE f=FILLS_TASK leash=Surface(name=ActivityRecord{2209de9 u0 com.cibn.tv/com.youku.passport.activity.PassportLoginActivity)/@0x4e0649b sb=Rect(0, 0 - 1920, 1080) eb=Rect(0, 0 - 1920, 1080) d=0},{null m=TO_FRONT f=FILLS_TASK leash=Surface(name=ActivityRecord{c7cba5a u0 com.cibn.tv/com.youku.tv.home.activity.HomeActivity)/@0xd144038 sb=Rect(0, 0 - 1920, 1080) eb=Rect(0, 0 - 1920, 1080) d=0}]}
11-03 17:03:48.098 V/WindowManagerShell( 933): loadAnimation: anim=null animAttr=0x4 type=OPEN isEntrance=true
11-03 17:03:48.098 V/WindowManagerShell( 933): loadAnimation: anim=null animAttr=0x5 type=OPEN isEntrance=false
11-03 17:03:48.098 V/WindowManagerShell( 933): loadAnimation: anim=null animAttr=0x4 type=OPEN isEntrance=true
11-03 17:03:48.100 V/WindowManagerShell( 933): Transition animation finished (aborted=false), notifying core (#20)android.os.BinderProxy@f4c4f7f@0
11-03 17:03:48.104 V/WindowManager( 697): Finish Transition #20: created at
11-03 17:03:47.791 collect-started=0.089ms request-sent=6.97ms started=10.495ms ready=85.382ms sent=297.309ms finished=312.322ms
11-03 17:03:48.107 V/WindowManagerShell( 933): Track 0 became idle
11-03 17:03:48.107 V/WindowManagerShell( 933): All active transition animations finished
11-03 17:03:48.107 V/WindowManagerShell( 933): animated by com.android.wm.shell.transition.DefaultTransitionHandler@e71a65
11-03 17:03:48.108 V/WindowManagerShell( 933): Track 0 became idle
11-03 17:03:48.108 V/WindowManagerShell( 933): All active transition animations finished
11-03 17:03:48.244 D/CoreBackPreview( 697): Window{a5f4fff u0 com.cibn.tv/com.youku.passport.activity.PassportLoginActivity}: Setting back callback null
11-03 17:03:48.278 W/WindowManager( 697): Failed looking up window session=Session{ade2e99 4419:u0a10003} callers=com.android.server.wm.WindowManagerService.windowForClientLocked:6077 com.android.server.wm.WindowManagerService.removeWindow:2014 com.android.server.wm.Session.remove:236
11-03 17:03:48.280 W/WindowManager( 697): Failed looking up window session=Session{ade2e99 4419:u0a10003} callers=com.android.server.wm.WindowManagerService.windowForClientLocked:6077 com.android.server.wm.Session.setOnBackInvokedCallbackInfo:949 android.view.IWindowSession$Stub.onTransact:1145
11-03 17:03:48.280 I/WindowManager( 697): setOnBackInvokedCallback(): No window state for package:com.cibn.tv
11-03 17:03:49.193 D/OomAdjuster( 697): Not killing cached processes
11-03 17:03:49.485 D/ActivityManager( 697): sync unfroze 2217 com.android.providers.tv for 7
11-03 17:03:49.569 W/PackageParser( 4419): Unknown element under : meta-data at /data/user/0/com.cibn.tv/app_agile_plugin/execute/com.cibn.tv.plugin/2131300103/plugin.apk Binary XML file line #6
11-03 17:03:49.569 W/PackageParser( 4419): Unknown element under : meta-data at /data/user/0/com.cibn.tv/app_agile_plugin/execute/com.cibn.tv.plugin/2131300103/plugin.apk Binary XML file line #7
11-03 17:03:49.569 W/PackageParser( 4419): Ignoring duplicate uses-permissions/uses-permissions-sdk-m: android.permission.GET_TASKS in package: com.cibn.tv at: Binary XML file line #19
11-03 17:03:49.570 W/PackageParser( 4419): Ignoring duplicate uses-permissions/uses-permissions-sdk-m: android.permission.boot_tvshop_service in package: com.cibn.tv at: Binary XML file line #56
11-03 17:03:49.571 W/PackageParser( 4419): Unknown element under : meta-data at /data/user/0/com.cibn.tv/app_agile_plugin/execute/com.cibn.tv.plugin/2131300103/plugin.apk Binary XML file line #96
11-03 17:03:49.581 W/PackageParser( 4419): No actions in intent filter at /data/user/0/com.cibn.tv/app_agile_plugin/execute/com.cibn.tv.plugin/2131300103/plugin.apk Binary XML file line #649
11-03 17:03:49.669 W/PackageParser( 4419): Unknown element under : meta-data at /data/user/0/com.cibn.tv/app_agile_plugin/execute/com.cibn.tv.plugin/2131300103/plugin.apk Binary XML file line #6
11-03 17:03:49.670 W/PackageParser( 4419): Unknown element under : meta-data at /data/user/0/com.cibn.tv/app_agile_plugin/execute/com.cibn.tv.plugin/2131300103/plugin.apk Binary XML file line #7
11-03 17:03:49.670 W/PackageParser( 4419): Ignoring duplicate uses-permissions/uses-permissions-sdk-m: android.permission.GET_TASKS in package: com.cibn.tv at: Binary XML file line #19
11-03 17:03:49.670 W/PackageParser( 4419): Ignoring duplicate uses-permissions/uses-permissions-sdk-m: android.permission.boot_tvshop_service in package: com.cibn.tv at: Binary XML file line #56
11-03 17:03:49.671 W/PackageParser( 4419): Unknown element under : meta-data at /data/user/0/com.cibn.tv/app_agile_plugin/execute/com.cibn.tv.plugin/2131300103/plugin.apk Binary XML file line #96
11-03 17:03:49.686 W/PackageParser( 4419): No actions in intent filter at /data/user/0/com.cibn.tv/app_agile_plugin/execute/com.cibn.tv.plugin/2131300103/plugin.apk Binary XML file line #649
11-03 17:03:49.774 V/WindowManagerShell( 933): Transition requested: android.os.BinderProxy@e5e166f TransitionRequestInfo { type = 2, triggerTask = null, remoteTransition = null, displayChange = null, flags = 0 }
11-03 17:03:49.786 V/WindowManager( 697): app ------------- force_land :0
11-03 17:03:49.796 V/WindowManager( 697): Sent Transition #21 createdAt=11-03 17:03:49.773 via request=TransitionRequestInfo { type = 2, triggerTask = null, remoteTransition = null, displayChange = null, flags = 0 }
11-03 17:03:49.797 V/WindowManagerShell( 933): onTransitionReady android.os.BinderProxy@e5e166f: {id=21 t=CLOSE f=0x0 trk=0 r=[0@Point(0, 0)] c=[{null m=CLOSE f=TRANSLUCENT|FILLS_TASK leash=Surface(name=ActivityRecord{f822ec4 u0 com.cibn.tv/com.youku.passport.activity.TopMsgActivity)/@0x1bf8f7c sb=Rect(0, 0 - 1920, 1080) eb=Rect(0, 0 - 1920, 1080) d=0}]}
11-03 17:03:49.798 V/WindowManagerShell( 933): Playing animation for (#21)android.os.BinderProxy@e5e166f@0
11-03 17:03:49.798 V/WindowManagerShell( 933): try handler com.android.wm.shell.keyguard.KeyguardTransitionHandler@5ae5ca9
11-03 17:03:49.798 V/WindowManagerShell( 933): try handler com.android.wm.shell.pip.tv.TvPipTransition@f2f222e
11-03 17:03:49.798 V/WindowManagerShell( 933): try handler com.android.wm.shell.activityembedding.ActivityEmbeddingController@10fc1cf
11-03 17:03:49.798 V/WindowManagerShell( 933): try handler com.android.wm.shell.transition.RemoteTransitionHandler@5dcc75c
11-03 17:03:49.798 V/WindowManagerShell( 933): Transition doesn't have explicit remote, search filters for match for {id=21 t=CLOSE f=0x0 trk=0 r=[0@Point(0, 0)] c=[{null m=CLOSE f=TRANSLUCENT|FILLS_TASK leash=Surface(name=ActivityRecord{f822ec4 u0 com.cibn.tv/com.youku.passport.activity.TopMsgActivity)/@0x1bf8f7c sb=Rect(0, 0 - 1920, 1080) eb=Rect(0, 0 - 1920, 1080) d=0}]}
11-03 17:03:49.798 V/WindowManagerShell( 933): Delegate animation for #21 to null
11-03 17:03:49.798 V/WindowManagerShell( 933): try handler com.android.wm.shell.transition.DefaultTransitionHandler@e71a65
11-03 17:03:49.798 V/WindowManagerShell( 933): start default transition animation, info = {id=21 t=CLOSE f=0x0 trk=0 r=[0@Point(0, 0)] c=[{null m=CLOSE f=TRANSLUCENT|FILLS_TASK leash=Surface(name=ActivityRecord{f822ec4 u0 com.cibn.tv/com.youku.passport.activity.TopMsgActivity)/@0x1bf8f7c sb=Rect(0, 0 - 1920, 1080) eb=Rect(0, 0 - 1920, 1080) d=0}]}
11-03 17:03:49.798 V/WindowManager( 697): startWCT=WindowContainerTransaction { changes = {} hops = [] errorCallbackToken=null taskFragmentOrganizer=null }
11-03 17:03:49.799 V/WindowManagerShell( 933): Transition animation finished (aborted=false), notifying core (#21)android.os.BinderProxy@e5e166f@0
11-03 17:03:49.799 V/WindowManager( 697): info={id=21 t=CLOSE f=0x0 trk=0 r=[0@Point(0, 0)] c=[{null m=CLOSE f=TRANSLUCENT|FILLS_TASK leash=Surface(name=ActivityRecord{f822ec4 u0 com.cibn.tv/com.youku.passport.activity.TopMsgActivity)/@0xf2132eb sb=Rect(0, 0 - 1920, 1080) eb=Rect(0, 0 - 1920, 1080) d=0}]}
11-03 17:03:49.801 V/WindowManager( 697): Finish Transition #21: created at
11-03 17:03:49.773 collect-started=0.082ms request-sent=0.158ms started=4.099ms ready=15.715ms sent=20.895ms finished=27.228ms
11-03 17:03:49.802 V/WindowManagerShell( 933): Track 0 became idle
11-03 17:03:49.802 V/WindowManagerShell( 933): All active transition animations finished
11-03 17:03:49.802 V/WindowManagerShell( 933): animated by com.android.wm.shell.transition.DefaultTransitionHandler@e71a65
11-03 17:03:49.802 V/WindowManagerShell( 933): Track 0 became idle
11-03 17:03:49.802 V/WindowManagerShell( 933): All active transition animations finished
11-03 17:03:49.826 W/ActivityTaskManager( 697): Duplicate finish request for r=ActivityRecord{f822ec4 u0 com.cibn.tv/com.youku.passport.activity.TopMsgActivity t230 f}}
11-03 17:03:49.854 W/ActivityTaskManager( 697): Duplicate finish request for r=ActivityRecord{f822ec4 u0 com.cibn.tv/com.youku.passport.activity.TopMsgActivity t230 f}}
11-03 17:03:49.855 D/CoreBackPreview( 697): Window{ed6925c u0 com.cibn.tv/com.youku.passport.activity.TopMsgActivity}: Setting back callback null
11-03 17:03:49.886 W/ContextImpl( 697): Calling a method in the system process without a qualified user: android.app.ContextImpl.startService:1899 com.android.server.wm.DisplayPolicy.lambda$focusChangedLw$5:2126 com.android.server.wm.DisplayPolicy.$r8$lambda$Znxk63oh-WzVnzo_WQefN7uxV48:0 com.android.server.wm.DisplayPolicy$$ExternalSyntheticLambda13.run:0 android.os.Handler.handleCallback:958
11-03 17:03:49.891 D/WindowManagerShell( 933): TvPipController: onTaskStackChanged()
11-03 17:03:57.772 D/OomAdjuster( 697): Not killing cached processes
11-03 17:04:00.060 D/HDMI ( 697): [R]: 04:8F
11-03 17:04:00.061 D/HDMI ( 697): [S]: 40:90:00
11-03 17:04:01.825 W/WindowManager( 697): [addWindow] title:com.cibn.tv/com.youku.tv.home.activity.HomeActivity
11-03 17:04:01.853 E/ActivityThread( 4419): Failed to find provider info for com.alipay.setting
11-03 17:04:01.853 D/CoreBackPreview( 697): Window{61a1a7a u0 com.cibn.tv/com.youku.tv.home.activity.HomeActivity}: Setting back callback OnBackInvokedCallbackInfo{mCallback=android.window.IOnBackInvokedCallback$Stub$Proxy@db25688, mPriority=0, mIsAnimationCallback=false}
11-03 17:04:03.486 E/ActivityThread( 4419): Failed to find provider info for com.alipay.setting
11-03 17:04:03.992 D/CoreBackPreview( 697): Window{61a1a7a u0 com.cibn.tv/com.youku.tv.home.activity.HomeActivity}: Setting back callback null
11-03 17:04:03.997 E/ActivityThread( 4419): Failed to find provider info for com.alipay.setting
11-03 17:04:04.567 D/OomAdjuster( 697): Not killing cached processes
11-03 17:04:04.854 E/ActivityThread( 4419): Failed to find provider info for com.alipay.setting
11-03 17:04:06.344 W/WindowManager( 697): [addWindow] title:
11-03 17:04:06.368 D/CoreBackPreview( 697): Window{bfea92c u0 com.cibn.tv}: Setting back callback OnBackInvokedCallbackInfo{mCallback=android.window.IOnBackInvokedCallback$Stub$Proxy@6ebf18a, mPriority=0, mIsAnimationCallback=false}
11-03 17:04:07.190 E/ActivityThread( 4419): Failed to find provider info for com.alipay.setting
11-03 17:04:07.288 D/CoreBackPreview( 697): Window{bfea92c u0 com.cibn.tv}: Setting back callback null
11-03 17:04:07.705 V/HotPlugDetectionAction( 697): Poll all devices.
11-03 17:04:08.106 D/HdmiCecController( 697): [P]:AllocatedAddress=[0, 3, 5]
11-03 17:04:16.865 D/OomAdjuster( 697): Not killing cached processes
11-03 17:04:17.474 D/CompatibilityChangeReporter( 697): Compat change id reported: 216114297; UID 10003; state: DISABLED
11-03 17:04:17.474 I/PowerManagerService( 697): Allowing device wake-up without android.permission.TURN_SCREEN_ON for com.cibn.tv
11-03 17:04:18.965 W/WindowManager( 697): [addWindow] title:
11-03 17:04:19.047 D/CoreBackPreview( 697): Window{284aab7 u0 com.cibn.tv}: Setting back callback OnBackInvokedCallbackInfo{mCallback=android.window.IOnBackInvokedCallback$Stub$Proxy@c6318d, mPriority=0, mIsAnimationCallback=false}
11-03 17:04:19.367 W/WindowManager( 697): [addWindow] title:com.cibn.tv/com.youku.tv.home.activity.HomeActivity
11-03 17:04:19.402 D/CoreBackPreview( 697): Window{42f3b53 u0 com.cibn.tv/com.youku.tv.home.activity.HomeActivity}: Setting back callback OnBackInvokedCallbackInfo{mCallback=android.window.IOnBackInvokedCallback$Stub$Proxy@9e839af, mPriority=0, mIsAnimationCallback=false}
11-03 17:04:19.471 W/ContextImpl( 697): Calling a method in the system process without a qualified user: android.app.ContextImpl.startService:1899 com.android.server.wm.DisplayPolicy.lambda$focusChangedLw$5:2126 com.android.server.wm.DisplayPolicy.$r8$lambda$Znxk63oh-WzVnzo_WQefN7uxV48:0 com.android.server.wm.DisplayPolicy$$ExternalSyntheticLambda13.run:0 android.os.Handler.handleCallback:958
11-03 17:04:19.644 W/WindowManager( 697): Failed looking up window session=Session{ade2e99 4419:u0a10003} callers=com.android.server.wm.WindowManagerService.windowForClientLocked:6077 com.android.server.wm.Session.setOnBackInvokedCallbackInfo:949 android.view.IWindowSession$Stub.onTransact:1145
