--------- beginning of system
11-03 17:01:40.057 I/vold ( 258): Vold 3.0 (the awakening) firing up
11-03 17:01:40.057 D/vold ( 258): Detected support for: ext4 f2fs vfat
11-03 17:01:40.077 D/vold ( 258): VoldNativeService::start() completed OK
11-03 17:01:40.142 I/vold ( 258): Found disk at /devices/platform/soc/fe350000.crgdrd/xhci-hcd-meson.1.auto/usb3/3-1/3-1:1.0/host0/target0:0:0/0:0:0:0/block/sda but delaying scan due to secure keyguard
11-03 17:01:40.817 I/vold ( 258): Using AIDL version of IBootControl
11-03 17:01:40.855 I/keystore2( 290): system/security/keystore2/src/keystore2_main.rs:61 - Keystore2 is starting.
11-03 17:01:40.855 I/keystore2( 290): system/security/keystore2/src/keystore2_main.rs:67 - Setting up sqlite logging for keystore2
11-03 17:01:40.857 D/vold ( 258): fscrypt_mount_metadata_encrypted: /data encrypt: 0 format: 0 with null block device: /dev/block/by-name/userdata and zoned device:
11-03 17:01:40.857 D/vold ( 258): metadata_key_dir/key: /metadata/vold/metadata_encryption/key
11-03 17:01:40.861 W/keystore2( 290): system/security/keystore2/src/metrics_store.rs:577 - In update_keystore_crash_sysprop: Failed to read the existing system property due to: system/security/keystore2/src/metrics_store.rs:608: Property not set..Therefore, keystore crashes will not be logged.
11-03 17:01:40.861 D/vold ( 258): Key exists, using: /metadata/vold/metadata_encryption/key
11-03 17:01:40.866 I/keystore2( 290): system/security/keystore2/src/keystore2_main.rs:97 - Starting thread pool now.
11-03 17:01:40.873 I/keystore2( 290): system/security/keystore2/src/globals.rs:256 - KeyMint device is current version (Some(300)) for security level: r#TRUSTED_ENVIRONMENT
11-03 17:01:40.882 I/keystore2( 290): system/security/keystore2/src/shared_secret_negotiation.rs:47 - Shared secret negotiation concluded successfully.
11-03 17:01:40.886 I/keystore2( 290): system/security/keystore2/src/keystore2_main.rs:152 - Successfully registered Keystore 2.0 service.
11-03 17:01:40.886 I/keystore2( 290): system/security/keystore2/src/keystore2_main.rs:154 - Joining thread pool now.
11-03 17:01:40.888 I/keystore2( 290): system/security/keystore2/src/shared_secret_negotiation.rs:294 - No StrongBox Keymint available, so no RoT transfer
11-03 17:01:40.889 D/vold ( 258): Mounting metadata-encrypted filesystem:/data
11-03 17:01:40.892 I/vold ( 258): [libfs_mgr] Running /system/bin/fsck.f2fs -a -c 10000 --debug-cache /dev/block/dm-58
11-03 17:01:40.983 I/vold ( 258): [libfs_mgr] __mount(source=/dev/block/dm-58,target=/data,type=f2fs)=0: Success
11-03 17:01:40.983 D/vold ( 258): Mounted /data
11-03 17:01:41.057 I/Checkpoint( 258): cp_prepareCheckpoint called
11-03 17:01:41.087 I/vold ( 258): fscrypt_initialize_systemwide_keys
11-03 17:01:41.087 D/vold ( 258): Key exists, using: /data/unencrypted/key
11-03 17:01:41.096 D/vold ( 258): Installed fscrypt key with ref 5528c9366b66f2000ea96d177af03147 to /data
11-03 17:01:41.096 D/vold ( 258): Added fscrypt-provisioning key for 5528c9366b66f2000ea96d177af03147 to session keyring
11-03 17:01:41.100 I/vold ( 258): Wrote system DE key reference to:/data/unencrypted/ref
11-03 17:01:41.100 D/vold ( 258): Generating standard storage key
11-03 17:01:41.101 D/vold ( 258): Installed fscrypt key with ref f2bb5db45673f095be35b3a9d0858d6c to /data
11-03 17:01:41.101 D/vold ( 258): Added fscrypt-provisioning key for f2bb5db45673f095be35b3a9d0858d6c to session keyring
11-03 17:01:41.102 I/vold ( 258): Wrote per boot key reference to:/data/unencrypted/per_boot_ref
11-03 17:01:41.147 I/incfs ( 258): Initial API level of the device: 34
11-03 17:01:41.147 I/incfs ( 258): ro.incremental.enable: yes
11-03 17:01:41.147 I/incfs ( 258): isFsAvailable: true
11-03 17:01:41.147 I/incfs ( 258): isFsAvailable: true
11-03 17:01:41.147 I/incfs ( 258): IncFs_Features: v2
11-03 17:01:41.149 I/keystore2( 290): system/security/keystore2/src/maintenance.rs:206 - In early_boot_ended.
11-03 17:01:41.160 I/keystore2( 290): system/security/keystore2/src/globals.rs:66 - Touching Keystore 2.0 database for this first time since boot.
11-03 17:01:41.160 I/keystore2( 290): system/security/keystore2/src/globals.rs:68 - Calling cleanup leftovers.
11-03 17:01:41.160 I/keystore2( 290): system/security/keystore2/src/boot_level_keys.rs:57 - ro.keystore.boot_level_key.strategy not set, inferring from installed KM instances
11-03 17:01:41.160 I/keystore2( 290): system/security/keystore2/src/boot_level_keys.rs:115 - In get_level_zero_key: security_level=r#SOFTWARE, deny_later_strategy=EarlyBootOnly
11-03 17:01:41.164 I/keystore2( 290): system/security/keystore2/src/super_key.rs:293 - Starting boot level watcher.
11-03 17:01:41.164 I/keystore2( 290): system/security/keystore2/src/maintenance.rs:187 - Call to earlyBootEnded succeeded for security level TRUSTED_ENVIRONMENT.
11-03 17:01:41.165 I/keystore2( 290): system/security/keystore2/src/super_key.rs:325 - Read keystore.boot_level value 30
11-03 17:01:41.165 I/keystore2( 290): system/security/keystore2/src/super_key.rs:325 - Read keystore.boot_level value 30
11-03 17:01:41.166 E/keystore2( 290): system/security/keystore2/src/maintenance.rs:192 - Call to earlyBootEnded failed for security level STRONGBOX: system/security/keystore2/src/maintenance.rs:167: getting keymint device.
11-03 17:01:41.166 E/keystore2( 290): system/security/keystore2/src/error.rs:180 - system/security/keystore2/src/maintenance.rs:167: getting keymint device
11-03 17:01:41.166 E/keystore2( 290):
11-03 17:01:41.166 E/keystore2( 290): Caused by:
11-03 17:01:41.166 E/keystore2( 290): 0: system/security/keystore2/src/globals.rs:335: Cannot connect to Keymint
11-03 17:01:41.166 E/keystore2( 290): 1: system/security/keystore2/src/globals.rs:246: Trying to get Legacy wrapper.
11-03 17:01:41.166 E/keystore2( 290): 2: Error::Km(r#HARDWARE_TYPE_UNAVAILABLE)
11-03 17:01:41.166 E/vold ( 258): keystore2 Keystore earlyBootEnded returned service specific error: -68
11-03 17:01:41.357 V/BootAnimation( 262): Surface size has been limited to [1920x1080] from [3840x2160]
11-03 17:01:41.470 V/BootAnimation( 262): Surface size has been limited to [1920x1080] from [3840x2160]
11-03 17:01:41.470 D/BootAnimation( 262): resizeSurface BLASTBufferQueue to 1920 1080.
11-03 17:01:41.527 D/BootAnimation( 262): BootAnimation::threadLoop
11-03 17:01:41.528 D/BootAnimation( 262): bootVideoProp=50, mConfig=0, mVol=50, mMute=0
11-03 17:01:41.549 D/BootAnimation( 262): BootAnimationShownTiming start time: 8700ms
11-03 17:01:41.717 D/vold ( 258): fscrypt_init_user0
11-03 17:01:41.717 D/vold ( 258): Preparing: /data/misc/vold/user_keys
11-03 17:01:41.722 D/vold ( 258): Preparing: /data/misc/vold/user_keys/ce
11-03 17:01:41.723 D/vold ( 258): Preparing: /data/misc/vold/user_keys/de
11-03 17:01:41.732 D/vold ( 258): Installed fscrypt key with ref 944839fb7d5fa910f236ece7411b4736 to /data
11-03 17:01:41.732 D/vold ( 258): Added fscrypt-provisioning key for 944839fb7d5fa910f236ece7411b4736 to session keyring
11-03 17:01:41.732 D/vold ( 258): Installed de key for user 0
11-03 17:01:41.732 D/vold ( 258): Preparing: /data/data
11-03 17:01:41.734 D/vold ( 258): Preparing: /data/user/0
11-03 17:01:41.734 D/vold ( 258): Preparing: /data/media/obb
11-03 17:01:41.735 D/vold ( 258): fscrypt_prepare_user_storage for volume null, user 0, serial 0, flags 1
11-03 17:01:41.735 D/vold ( 258): Preparing: /data/system/users/0
11-03 17:01:41.736 D/vold ( 258): Preparing: /data/misc/profiles/cur/0
11-03 17:01:41.737 D/vold ( 258): Preparing: /data/system_de/0
11-03 17:01:41.738 I/vold ( 258): Verified that /data/system_de/0 has the encryption policy 944839fb7d5fa910f236ece7411b4736 v2 modes 1/4 flags 0xa
11-03 17:01:41.738 D/vold ( 258): Preparing: /data/vendor_de/0
11-03 17:01:41.739 I/vold ( 258): Verified that /data/vendor_de/0 has the encryption policy 944839fb7d5fa910f236ece7411b4736 v2 modes 1/4 flags 0xa
11-03 17:01:41.739 D/vold ( 258): Preparing: /data/misc_de/0
11-03 17:01:41.740 I/vold ( 258): Verified that /data/misc_de/0 has the encryption policy 944839fb7d5fa910f236ece7411b4736 v2 modes 1/4 flags 0xa
11-03 17:01:41.740 D/vold ( 258): Preparing: /data/user_de/0
11-03 17:01:41.741 I/vold ( 258): Verified that /data/user_de/0 has the encryption policy 944839fb7d5fa910f236ece7411b4736 v2 modes 1/4 flags 0xa
11-03 17:01:41.741 D/vold ( 258): /system/bin/vold_prepare_subdirs
11-03 17:01:41.741 D/vold ( 258): prepare
11-03 17:01:41.741 D/vold ( 258):
11-03 17:01:41.741 D/vold ( 258): 0
11-03 17:01:41.741 D/vold ( 258): 1
11-03 17:01:41.804 D/vold ( 258): Detected support for FS_IOC_ADD_ENCRYPTION_KEY
11-03 17:01:41.919 I/odsign ( 428): Trying to retrieve existing HMAC key...
11-03 17:01:41.921 I/odsign ( 428): Trying to retrieve existing keystore key...
11-03 17:01:41.925 I/odsign ( 428): Verified public key signature.
11-03 17:01:41.925 I/odsign ( 428): Initialized Keystore key.
11-03 17:01:41.928 I/odsign ( 428): Found and verified existing public key certificate: /data/misc/odsign/key.cert
11-03 17:01:42.047 I/odrefresh( 429): ART APEX version 340090000
11-03 17:01:42.169 I/odrefresh( 429): Boot images on /system OK (arm)
11-03 17:01:42.175 I/odrefresh( 429): system_server artifacts on /system OK
11-03 17:01:42.188 I/odsign ( 428): /data/misc/odsign/odsign.info.signature matches.
11-03 17:01:42.188 I/odsign ( 428): Loaded /data/misc/odsign/odsign.info
11-03 17:01:42.191 I/odsign ( 428): All root hashes match.
11-03 17:01:42.191 I/odsign ( 428): odrefresh said artifacts are VALID
11-03 17:01:42.191 I/odsign ( 428): On-device signing done.
11-03 17:01:42.191 I/odsign ( 428): Metrics report is empty
11-03 17:01:42.212 I/keystore2( 290): system/security/keystore2/src/super_key.rs:330 - keystore.boot_level 1000000000 hits maximum 1000000000, finishing.
11-03 17:01:43.309 I/android.hardware.wifi-service.droidlogic( 475): Wifi Hal is booting up...
11-03 17:01:43.316 I/android.hardware.wifi-service.droidlogic( 475): Joining RPC thread pool
11-03 17:01:43.610 I/gsid ( 540): no DSU: No such file or directory
11-03 17:01:44.056 I/installd( 584): installd firing up
11-03 17:01:44.117 I/wificond( 592): wificond is starting up...
11-03 17:01:44.132 E/HidlServiceManagement( 592): Service android.system.wifi.keystore@1.0::IKeystore/default must be in VINTF manifest in order to register/get.
11-03 17:01:44.132 I/wificond( 592): Did not register wifi keystore HIDL HAL service: -2147483648
11-03 17:01:44.426 W/storaged( 591): health: invalid battery status
11-03 17:01:47.112 D/SystemServerTiming( 697): InitBeforeStartServices
11-03 17:01:47.117 I/SystemServer( 697): Entered the Android system server!
11-03 17:01:47.388 I/SystemServerInitThreadPool( 697): Creating instance with 4 threads
11-03 17:01:47.921 D/SystemServerTiming( 697): StartServices
11-03 17:01:47.921 D/SystemServerTiming( 697): startBootstrapServices
11-03 17:01:47.921 D/SystemServerTiming( 697): ArtModuleServiceInitializer
11-03 17:01:47.923 D/SystemServerTiming( 697): StartWatchdog
11-03 17:01:47.928 I/SystemServer( 697): Reading configuration...
11-03 17:01:47.928 D/SystemServerTiming( 697): ReadingSystemConfig
11-03 17:01:47.929 D/SystemServerTiming( 697): PlatformCompat
11-03 17:01:47.929 D/SystemServerTimingAsync( 697): InitThreadPoolExec:ReadingSystemConfig
11-03 17:01:47.929 D/CompatConfig( 697): Found a config file: /system/etc/compatconfig/TeleService-platform-compat-config.xml
11-03 17:01:47.930 D/CompatConfig( 697): Adding: com.android.server.compat.config.Change@8c0c7d3
11-03 17:01:47.930 I/SystemConfig( 697): Reading permissions from /system/etc/sysconfig/framework-sysconfig.xml
11-03 17:01:47.930 D/CompatConfig( 697): Adding: com.android.server.compat.config.Change@7298f10
11-03 17:01:47.930 D/CompatConfig( 697): Adding: com.android.server.compat.config.Change@ca8fa09
11-03 17:01:47.930 D/CompatConfig( 697): Adding: com.android.server.compat.config.Change@c17640e
11-03 17:01:47.930 D/CompatConfig( 697): Adding: com.android.server.compat.config.Change@7460e2f
11-03 17:01:47.930 D/CompatConfig( 697): Adding: com.android.server.compat.config.Change@8808c3c
11-03 17:01:47.932 D/CompatConfig( 697): Found a config file: /system/etc/compatconfig/calendar-provider-compat-config.xml
11-03 17:01:47.933 I/SystemConfig( 697): Reading permissions from /system/etc/sysconfig/hiddenapi-package-whitelist.xml
11-03 17:01:47.933 D/CompatConfig( 697): Adding: com.android.server.compat.config.Change@a2f5e4b
11-03 17:01:47.934 I/SystemConfig( 697): Reading permissions from /system/etc/sysconfig/initial-package-stopped-states.xml
11-03 17:01:47.934 D/CompatConfig( 697): Found a config file: /system/etc/compatconfig/contacts-provider-platform-compat-config.xml
11-03 17:01:47.936 I/SystemConfig( 697): Reading permissions from /system/etc/sysconfig/preinstalled-packages-asl-files.xml
11-03 17:01:47.936 D/CompatConfig( 697): Found a config file: /system/etc/compatconfig/documents-ui-compat-config.xml
11-03 17:01:47.936 D/CompatConfig( 697): Adding: com.android.server.compat.config.Change@3a426d4
11-03 17:01:47.937 I/SystemConfig( 697): Reading permissions from /system/etc/sysconfig/preinstalled-packages-com.android.providers.media.module.xml
11-03 17:01:47.938 D/CompatConfig( 697): Found a config file: /system/etc/compatconfig/framework-platform-compat-config.xml
11-03 17:01:47.939 I/SystemConfig( 697): Reading permissions from /system/etc/sysconfig/preinstalled-packages-platform.xml
11-03 17:01:47.942 I/SystemConfig( 697): Reading permissions from /system/etc/permissions/android.hardware.bluetooth.xml
11-03 17:01:47.943 I/SystemConfig( 697): Reading permissions from /system/etc/permissions/android.hardware.bluetooth_le.xml
11-03 17:01:47.944 D/CompatConfig( 697): Adding: com.android.server.compat.config.Change@f5ce11f
11-03 17:01:47.944 I/SystemConfig( 697): Reading permissions from /system/etc/permissions/android.software.webview.xml
11-03 17:01:47.944 D/CompatConfig( 697): Adding: com.android.server.compat.config.Change@41d7c6c
11-03 17:01:47.944 D/CompatConfig( 697): Adding: com.android.server.compat.config.Change@3ff1235
11-03 17:01:47.944 D/CompatConfig( 697): Adding: com.android.server.compat.config.Change@52516ca
11-03 17:01:47.944 D/CompatConfig( 697): Adding: com.android.server.compat.config.Change@7f8703b
11-03 17:01:47.944 D/CompatConfig( 697): Adding: com.android.server.compat.config.Change@f9bf358
11-03 17:01:47.944 D/CompatConfig( 697): Adding: com.android.server.compat.config.Change@79b9cb1
11-03 17:01:47.944 D/CompatConfig( 697): Adding: com.android.server.compat.config.Change@8e5d596
11-03 17:01:47.944 D/CompatConfig( 697): Adding: com.android.server.compat.config.Change@8f3d517
11-03 17:01:47.944 D/CompatConfig( 697): Adding: com.android.server.compat.config.Change@188ed04
11-03 17:01:47.944 D/CompatConfig( 697): Adding: com.android.server.compat.config.Change@49c52ed
11-03 17:01:47.944 D/CompatConfig( 697): Adding: com.android.server.compat.config.Change@821b522
11-03 17:01:47.944 D/CompatConfig( 697): Adding: com.android.server.compat.config.Change@5d6abb3
11-03 17:01:47.944 D/CompatConfig( 697): Adding: com.android.server.compat.config.Change@429d570
11-03 17:01:47.944 D/CompatConfig( 697): Adding: com.android.server.compat.config.Change@97830e9
11-03 17:01:47.944 D/CompatConfig( 697): Adding: com.android.server.compat.config.Change@44a016e
11-03 17:01:47.944 D/CompatConfig( 697): Adding: com.android.server.compat.config.Change@906500f
11-03 17:01:47.944 D/CompatConfig( 697): Adding: com.android.server.compat.config.Change@eaed89c
11-03 17:01:47.944 D/CompatConfig( 697): Adding: com.android.server.compat.config.Change@298c67a
11-03 17:01:47.944 D/CompatConfig( 697): Adding: com.android.server.compat.config.Change@3e1de2b
11-03 17:01:47.944 D/CompatConfig( 697): Adding: com.android.server.compat.config.Change@91ee288
11-03 17:01:47.944 D/CompatConfig( 697): Adding: com.android.server.compat.config.Change@85c1421
11-03 17:01:47.945 D/CompatConfig( 697): Adding: com.android.server.compat.config.Change@fdcd046
11-03 17:01:47.945 D/CompatConfig( 697): Adding: com.android.server.compat.config.Change@49e3207
11-03 17:01:47.945 D/CompatConfig( 697): Adding: com.android.server.compat.config.Change@3039f34
11-03 17:01:47.945 D/CompatConfig( 697): Adding: com.android.server.compat.config.Change@944d15d
11-03 17:01:47.945 D/CompatConfig( 697): Adding: com.android.server.compat.config.Change@505aad2
11-03 17:01:47.945 I/SystemConfig( 697): Reading permissions from /system/etc/permissions/android.test.base.xml
11-03 17:01:47.945 D/CompatConfig( 697): Adding: com.android.server.compat.config.Change@de1e7a3
11-03 17:01:47.945 D/CompatConfig( 697): Adding: com.android.server.compat.config.Change@8d57aa0
11-03 17:01:47.945 D/CompatConfig( 697): Adding: com.android.server.compat.config.Change@6022659
11-03 17:01:47.945 D/CompatConfig( 697): Adding: com.android.server.compat.config.Change@86fa21e
11-03 17:01:47.945 D/CompatConfig( 697): Adding: com.android.server.compat.config.Change@c215aff
11-03 17:01:47.945 D/CompatConfig( 697): Adding: com.android.server.compat.config.Change@427a0cc
11-03 17:01:47.945 D/CompatConfig( 697): Adding: com.android.server.compat.config.Change@1a5cf15
11-03 17:01:47.945 D/CompatConfig( 697): Adding: com.android.server.compat.config.Change@7efc22a
11-03 17:01:47.945 D/CompatConfig( 697): Adding: com.android.server.compat.config.Change@4baa81b
11-03 17:01:47.945 D/CompatConfig( 697): Adding: com.android.server.compat.config.Change@293fdb8
11-03 17:01:47.945 D/CompatConfig( 697): Adding: com.android.server.compat.config.Change@4a14791
11-03 17:01:47.945 D/CompatConfig( 697): Adding: com.android.server.compat.config.Change@79fd6f6
11-03 17:01:47.945 D/CompatConfig( 697): Adding: com.android.server.compat.config.Change@ad1aaf7
11-03 17:01:47.945 D/CompatConfig( 697): Adding: com.android.server.compat.config.Change@f673d64
11-03 17:01:47.945 D/CompatConfig( 697): Adding: com.android.server.compat.config.Change@301cbcd
11-03 17:01:47.945 D/CompatConfig( 697): Adding: com.android.server.compat.config.Change@16a6c82
11-03 17:01:47.945 D/CompatConfig( 697): Adding: com.android.server.compat.config.Change@5ebff93
11-03 17:01:47.945 D/CompatConfig( 697): Adding: com.android.server.compat.config.Change@c0ccbd0
11-03 17:01:47.945 D/CompatConfig( 697): Adding: com.android.server.compat.config.Change@a6c57c9
11-03 17:01:47.945 D/CompatConfig( 697): Adding: com.android.server.compat.config.Change@156cece
11-03 17:01:47.945 D/CompatConfig( 697): Adding: com.android.server.compat.config.Change@64d01ef
11-03 17:01:47.945 D/CompatConfig( 697): Adding: com.android.server.compat.config.Change@33ad4fc
11-03 17:01:47.945 D/CompatConfig( 697): Adding: com.android.server.compat.config.Change@3d9a785
11-03 17:01:47.945 D/CompatConfig( 697): Adding: com.android.server.compat.config.Change@a9509da
11-03 17:01:47.945 D/CompatConfig( 697): Adding: com.android.server.compat.config.Change@311ce0b
11-03 17:01:47.945 D/CompatConfig( 697): Adding: com.android.server.compat.config.Change@2de44e8
11-03 17:01:47.945 D/CompatConfig( 697): Adding: com.android.server.compat.config.Change@5123701
11-03 17:01:47.945 D/CompatConfig( 697): Adding: com.android.server.compat.config.Change@149e9a6
11-03 17:01:47.945 D/CompatConfig( 697): Adding: com.android.server.compat.config.Change@e0d3fe7
11-03 17:01:47.945 D/CompatConfig( 697): Adding: com.android.server.compat.config.Change@8c6c794
11-03 17:01:47.945 D/CompatConfig( 697): Adding: com.android.server.compat.config.Change@dea423d
11-03 17:01:47.945 D/CompatConfig( 697): Adding: com.android.server.compat.config.Change@51afa32
11-03 17:01:47.945 D/CompatConfig( 697): Adding: com.android.server.compat.config.Change@963f383
11-03 17:01:47.945 D/CompatConfig( 697): Adding: com.android.server.compat.config.Change@e12c900
11-03 17:01:47.945 D/CompatConfig( 697): Adding: com.android.server.compat.config.Change@d3dc539
11-03 17:01:47.945 D/CompatConfig( 697): Adding: com.android.server.compat.config.Change@87a877e
11-03 17:01:47.945 D/CompatConfig( 697): Adding: com.android.server.compat.config.Change@d5b752c
11-03 17:01:47.945 D/CompatConfig( 697): Adding: com.android.server.compat.config.Change@9ac7bf5
11-03 17:01:47.945 D/CompatConfig( 697): Adding: com.android.server.compat.config.Change@b39d8a
11-03 17:01:47.945 D/CompatConfig( 697): Adding: com.android.server.compat.config.Change@9364ffb
11-03 17:01:47.945 D/CompatConfig( 697): Adding: com.android.server.compat.config.Change@fa0b818
11-03 17:01:47.945 D/CompatConfig( 697): Adding: com.android.server.compat.config.Change@a15e271
11-03 17:01:47.945 D/CompatConfig( 697): Adding: com.android.server.compat.config.Change@ab60856
11-03 17:01:47.945 I/SystemConfig( 697): Reading permissions from /system/etc/permissions/android.test.mock.xml
11-03 17:01:47.945 D/CompatConfig( 697): Adding: com.android.server.compat.config.Change@e8ff0d7
11-03 17:01:47.946 D/CompatConfig( 697): Adding: com.android.server.compat.config.Change@bf53dc4
11-03 17:01:47.946 D/CompatConfig( 697): Adding: com.android.server.compat.config.Change@9d534ad
11-03 17:01:47.946 D/CompatConfig( 697): Adding: com.android.server.compat.config.Change@a253e2
11-03 17:01:47.946 D/CompatConfig( 697): Adding: com.android.server.compat.config.Change@d78c373
11-03 17:01:47.946 D/CompatConfig( 697): Adding: com.android.server.compat.config.Change@5ea7230
11-03 17:01:47.946 D/CompatConfig( 697): Adding: com.android.server.compat.config.Change@4bd6ea9
11-03 17:01:47.946 D/CompatConfig( 697): Adding: com.android.server.compat.config.Change@c15cc2e
11-03 17:01:47.946 D/CompatConfig( 697): Adding: com.android.server.compat.config.Change@31223cf
11-03 17:01:47.946 D/CompatConfig( 697): Adding: com.android.server.compat.config.Change@6bc815c
11-03 17:01:47.946 D/CompatConfig( 697): Adding: com.android.server.compat.config.Change@6d54c65
11-03 17:01:47.946 D/CompatConfig( 697): Adding: com.android.server.compat.config.Change@1367d3a
11-03 17:01:47.946 D/CompatConfig( 697): Adding: com.android.server.compat.config.Change@3372deb
11-03 17:01:47.946 D/CompatConfig( 697): Adding: com.android.server.compat.config.Change@d3e5748
11-03 17:01:47.946 D/CompatConfig( 697): Adding: com.android.server.compat.config.Change@bd349e1
11-03 17:01:47.946 D/CompatConfig( 697): Adding: com.android.server.compat.config.Change@e7f3306
11-03 17:01:47.946 D/CompatConfig( 697): Adding: com.android.server.compat.config.Change@a58bdc7
11-03 17:01:47.946 D/CompatConfig( 697): Adding: com.android.server.compat.config.Change@859ff4
11-03 17:01:47.946 D/CompatConfig( 697): Adding: com.android.server.compat.config.Change@a59a31d
11-03 17:01:47.946 D/CompatConfig( 697): Adding: com.android.server.compat.config.Change@d4b7992
11-03 17:01:47.946 D/CompatConfig( 697): Adding: com.android.server.compat.config.Change@1196f63
11-03 17:01:47.946 D/CompatConfig( 697): Adding: com.android.server.compat.config.Change@156c760
11-03 17:01:47.946 D/CompatConfig( 697): Adding: com.android.server.compat.config.Change@6f25419
11-03 17:01:47.946 D/CompatConfig( 697): Adding: com.android.server.compat.config.Change@f239cde
11-03 17:01:47.946 D/CompatConfig( 697): Adding: com.android.server.compat.config.Change@da99ebf
11-03 17:01:47.946 D/CompatConfig( 697): Adding: com.android.server.compat.config.Change@650f98c
11-03 17:01:47.946 D/CompatConfig( 697): Adding: com.android.server.compat.config.Change@acb18d5
11-03 17:01:47.946 D/CompatConfig( 697): Adding: com.android.server.compat.config.Change@3c8a8ea
11-03 17:01:47.946 D/CompatConfig( 697): Adding: com.android.server.compat.config.Change@ee367db
11-03 17:01:47.946 D/CompatConfig( 697): Adding: com.android.server.compat.config.Change@a316d51
11-03 17:01:47.946 D/CompatConfig( 697): Adding: com.android.server.compat.config.Change@40069b6
11-03 17:01:47.946 D/CompatConfig( 697): Adding: com.android.server.compat.config.Change@d26a6b7
11-03 17:01:47.946 D/CompatConfig( 697): Adding: com.android.server.compat.config.Change@8caee24
11-03 17:01:47.946 I/SystemConfig( 697): Reading permissions from /system/etc/permissions/android.test.runner.xml
11-03 17:01:47.947 D/CompatConfig( 697): Adding: com.android.server.compat.config.Change@6ce8d8d
11-03 17:01:47.947 D/CompatConfig( 697): Adding: com.android.server.compat.config.Change@cf4f753
11-03 17:01:47.947 D/CompatConfig( 697): Adding: com.android.server.compat.config.Change@4dac890
11-03 17:01:47.947 D/CompatConfig( 697): Adding: com.android.server.compat.config.Change@9a37589
11-03 17:01:47.947 D/CompatConfig( 697): Adding: com.android.server.compat.config.Change@95ef98e
11-03 17:01:47.947 I/SystemConfig( 697): Reading permissions from /system/etc/permissions/com.android.adservices.sdksandbox.xml
11-03 17:01:47.947 D/CompatConfig( 697): Adding: com.android.server.compat.config.Change@f4db5af
11-03 17:01:47.947 D/CompatConfig( 697): Adding: com.android.server.compat.config.Change@5cbddbc
11-03 17:01:47.947 D/CompatConfig( 697): Adding: com.android.server.compat.config.Change@c4e145
11-03 17:01:47.947 D/CompatConfig( 697): Adding: com.android.server.compat.config.Change@d5209a
11-03 17:01:47.947 D/CompatConfig( 697): Adding: com.android.server.compat.config.Change@bc9fdcb
11-03 17:01:47.947 D/CompatConfig( 697): Adding: com.android.server.compat.config.Change@65719a8
11-03 17:01:47.947 D/CompatConfig( 697): Adding: com.android.server.compat.config.Change@cd74cc1
11-03 17:01:47.947 D/CompatConfig( 697): Adding: com.android.server.compat.config.Change@f54ac66
11-03 17:01:47.947 D/CompatConfig( 697): Adding: com.android.server.compat.config.Change@78aba7
11-03 17:01:47.947 D/CompatConfig( 697): Adding: com.android.server.compat.config.Change@1d82854
11-03 17:01:47.947 D/CompatConfig( 697): Adding: com.android.server.compat.config.Change@a4af3fd
11-03 17:01:47.947 D/CompatConfig( 697): Adding: com.android.server.compat.config.Change@aef28f2
11-03 17:01:47.947 D/CompatConfig( 697): Adding: com.android.server.compat.config.Change@37a5b43
11-03 17:01:47.947 D/CompatConfig( 697): Adding: com.android.server.compat.config.Change@bb975c0
11-03 17:01:47.947 D/CompatConfig( 697): Adding: com.android.server.compat.config.Change@257d2f9
11-03 17:01:47.947 D/CompatConfig( 697): Adding: com.android.server.compat.config.Change@742e23e
11-03 17:01:47.947 D/CompatConfig( 697): Adding: com.android.server.compat.config.Change@25d689f
11-03 17:01:47.947 D/CompatConfig( 697): Adding: com.android.server.compat.config.Change@1a02dec
11-03 17:01:47.947 D/CompatConfig( 697): Adding: com.android.server.compat.config.Change@fb9a5b5
11-03 17:01:47.947 D/CompatConfig( 697): Adding: com.android.server.compat.config.Change@186e44a
11-03 17:01:47.948 I/SystemConfig( 697): Reading permissions from /system/etc/permissions/com.android.future.usb.accessory.xml
11-03 17:01:47.948 D/CompatConfig( 697): Found a config file: /system/etc/compatconfig/icu4j-platform-compat-config.xml
11-03 17:01:47.949 D/CompatConfig( 697): Adding: com.android.server.compat.config.Change@32be831
11-03 17:01:47.950 D/CompatConfig( 697): Found a config file: /system/etc/compatconfig/services-platform-compat-config.xml
11-03 17:01:47.951 I/SystemConfig( 697): Reading permissions from /system/etc/permissions/com.android.intentresolver.xml
11-03 17:01:47.953 I/SystemConfig( 697): Reading permissions from /system/etc/permissions/com.android.location.provider.xml
11-03 17:01:47.953 D/CompatConfig( 697): Adding: com.android.server.compat.config.Change@3a5d66d
11-03 17:01:47.953 D/CompatConfig( 697): Adding: com.android.server.compat.config.Change@d89b33
11-03 17:01:47.954 D/CompatConfig( 697): Adding: com.android.server.compat.config.Change@7f5cef0
11-03 17:01:47.954 D/CompatConfig( 697): Adding: com.android.server.compat.config.Change@6566c69
11-03 17:01:47.954 I/SystemConfig( 697): Reading permissions from /system/etc/permissions/com.android.media.remotedisplay.xml
11-03 17:01:47.954 D/CompatConfig( 697): Adding: com.android.server.compat.config.Change@a0a56ee
11-03 17:01:47.954 D/CompatConfig( 697): Adding: com.android.server.compat.config.Change@6f7b78f
11-03 17:01:47.954 D/CompatConfig( 697): Adding: com.android.server.compat.config.Change@900ea1c
11-03 17:01:47.954 D/CompatConfig( 697): Adding: com.android.server.compat.config.Change@a606625
11-03 17:01:47.954 D/CompatConfig( 697): Adding: com.android.server.compat.config.Change@fc8f3fa
11-03 17:01:47.954 D/CompatConfig( 697): Adding: com.android.server.compat.config.Change@423dab
11-03 17:01:47.954 D/CompatConfig( 697): Adding: com.android.server.compat.config.Change@8408c08
11-03 17:01:47.954 D/CompatConfig( 697): Adding: com.android.server.compat.config.Change@4563fa1
11-03 17:01:47.954 D/CompatConfig( 697): Adding: com.android.server.compat.config.Change@7a255c6
11-03 17:01:47.954 D/CompatConfig( 697): Adding: com.android.server.compat.config.Change@3650987
11-03 17:01:47.954 D/CompatConfig( 697): Adding: com.android.server.compat.config.Change@5660b4
11-03 17:01:47.954 D/CompatConfig( 697): Adding: com.android.server.compat.config.Change@57634dd
11-03 17:01:47.954 D/CompatConfig( 697): Adding: com.android.server.compat.config.Change@75e0852
11-03 17:01:47.954 D/CompatConfig( 697): Adding: com.android.server.compat.config.Change@afeb723
11-03 17:01:47.954 D/CompatConfig( 697): Adding: com.android.server.compat.config.Change@252d420
11-03 17:01:47.954 D/CompatConfig( 697): Adding: com.android.server.compat.config.Change@aa641d9
11-03 17:01:47.954 D/CompatConfig( 697): Adding: com.android.server.compat.config.Change@7b0579e
11-03 17:01:47.954 D/CompatConfig( 697): Adding: com.android.server.compat.config.Change@2fba27f
11-03 17:01:47.954 D/CompatConfig( 697): Adding: com.android.server.compat.config.Change@de1124c
11-03 17:01:47.954 D/CompatConfig( 697): Adding: com.android.server.compat.config.Change@f302295
11-03 17:01:47.954 D/CompatConfig( 697): Adding: com.android.server.compat.config.Change@6464faa
11-03 17:01:47.954 D/CompatConfig( 697): Adding: com.android.server.compat.config.Change@fb1e79b
11-03 17:01:47.954 D/CompatConfig( 697): Adding: com.android.server.compat.config.Change@330738
11-03 17:01:47.954 D/CompatConfig( 697): Adding: com.android.server.compat.config.Change@f3d5311
11-03 17:01:47.954 D/CompatConfig( 697): Adding: com.android.server.compat.config.Change@c91bc76
11-03 17:01:47.954 D/CompatConfig( 697): Adding: com.android.server.compat.config.Change@abd6277
11-03 17:01:47.954 D/CompatConfig( 697): Adding: com.android.server.compat.config.Change@5ad5ee4
11-03 17:01:47.954 D/CompatConfig( 697): Adding: com.android.server.compat.config.Change@6130f4d
11-03 17:01:47.954 D/CompatConfig( 697): Adding: com.android.server.compat.config.Change@7552a02
11-03 17:01:47.954 D/CompatConfig( 697): Adding: com.android.server.compat.config.Change@19baf13
11-03 17:01:47.954 D/CompatConfig( 697): Adding: com.android.server.compat.config.Change@a538550
11-03 17:01:47.954 D/CompatConfig( 697): Adding: com.android.server.compat.config.Change@40e5349
11-03 17:01:47.954 D/CompatConfig( 697): Adding: com.android.server.compat.config.Change@aefe44e
11-03 17:01:47.954 D/CompatConfig( 697): Adding: com.android.server.compat.config.Change@208296f
11-03 17:01:47.954 D/CompatConfig( 697): Adding: com.android.server.compat.config.Change@4f3a67c
11-03 17:01:47.954 D/CompatConfig( 697): Adding: com.android.server.compat.config.Change@85fdb05
11-03 17:01:47.954 D/CompatConfig( 697): Adding: com.android.server.compat.config.Change@69f75a
11-03 17:01:47.954 D/CompatConfig( 697): Adding: com.android.server.compat.config.Change@17ed8b
11-03 17:01:47.954 D/CompatConfig( 697): Adding: com.android.server.compat.config.Change@912ae68
11-03 17:01:47.954 D/CompatConfig( 697): Adding: com.android.server.compat.config.Change@a882281
11-03 17:01:47.954 D/CompatConfig( 697): Adding: com.android.server.compat.config.Change@215d767
11-03 17:01:47.954 D/CompatConfig( 697): Adding: com.android.server.compat.config.Change@b984914
11-03 17:01:47.954 D/CompatConfig( 697): Adding: com.android.server.compat.config.Change@f9365bd
11-03 17:01:47.954 D/CompatConfig( 697): Adding: com.android.server.compat.config.Change@7f017b2
11-03 17:01:47.954 D/CompatConfig( 697): Adding: com.android.server.compat.config.Change@e1e8303
11-03 17:01:47.954 D/CompatConfig( 697): Adding: com.android.server.compat.config.Change@63ae280
11-03 17:01:47.954 I/SystemConfig( 697): Reading permissions from /system/etc/permissions/com.android.media.tv.remoteprovider.xml
11-03 17:01:47.955 D/CompatConfig( 697): Adding: com.android.server.compat.config.Change@715a0b9
11-03 17:01:47.955 D/CompatConfig( 697): Adding: com.android.server.compat.config.Change@343fcfe
11-03 17:01:47.955 D/CompatConfig( 697): Adding: com.android.server.compat.config.Change@57c4c5f
11-03 17:01:47.955 D/CompatConfig( 697): Adding: com.android.server.compat.config.Change@5aba6ac
11-03 17:01:47.955 D/CompatConfig( 697): Adding: com.android.server.compat.config.Change@be68f75
11-03 17:01:47.955 D/CompatConfig( 697): Adding: com.android.server.compat.config.Change@a5eeb0a
11-03 17:01:47.955 D/CompatConfig( 697): Adding: com.android.server.compat.config.Change@9c34f7b
11-03 17:01:47.955 D/CompatConfig( 697): Adding: com.android.server.compat.config.Change@e828198
11-03 17:01:47.955 D/CompatConfig( 697): Adding: com.android.server.compat.config.Change@49dadf1
11-03 17:01:47.955 D/CompatConfig( 697): Adding: com.android.server.compat.config.Change@b88add6
11-03 17:01:47.955 D/CompatConfig( 697): Adding: com.android.server.compat.config.Change@7ad6857
11-03 17:01:47.955 D/CompatConfig( 697): Adding: com.android.server.compat.config.Change@4ea1f44
11-03 17:01:47.955 D/CompatConfig( 697): Adding: com.android.server.compat.config.Change@fce382d
11-03 17:01:47.955 D/CompatConfig( 697): Adding: com.android.server.compat.config.Change@fb9d162
11-03 17:01:47.955 D/CompatConfig( 697): Adding: com.android.server.compat.config.Change@3b632f3
11-03 17:01:47.955 D/CompatConfig( 697): Adding: com.android.server.compat.config.Change@30bebb0
11-03 17:01:47.955 D/CompatConfig( 697): Adding: com.android.server.compat.config.Change@8032a29
11-03 17:01:47.955 D/CompatConfig( 697): Adding: com.android.server.compat.config.Change@4e7a1ae
11-03 17:01:47.955 D/CompatConfig( 697): Adding: com.android.server.compat.config.Change@4770b4f
11-03 17:01:47.955 D/CompatConfig( 697): Adding: com.android.server.compat.config.Change@a3c12dc
11-03 17:01:47.955 D/CompatConfig( 697): Adding: com.android.server.compat.config.Change@b7b3fe5
11-03 17:01:47.955 D/CompatConfig( 697): Adding: com.android.server.compat.config.Change@1102aba
11-03 17:01:47.955 D/CompatConfig( 697): Adding: com.android.server.compat.config.Change@6c30d6b
11-03 17:01:47.955 D/CompatConfig( 697): Adding: com.android.server.compat.config.Change@ae580c8
11-03 17:01:47.955 D/CompatConfig( 697): Adding: com.android.server.compat.config.Change@3a4f561
11-03 17:01:47.955 D/CompatConfig( 697): Adding: com.android.server.compat.config.Change@a063886
11-03 17:01:47.955 D/CompatConfig( 697): Adding: com.android.server.compat.config.Change@7831547
11-03 17:01:47.955 D/CompatConfig( 697): Adding: com.android.server.compat.config.Change@f35e174
11-03 17:01:47.955 D/CompatConfig( 697): Adding: com.android.server.compat.config.Change@85a869d
11-03 17:01:47.955 D/CompatConfig( 697): Adding: com.android.server.compat.config.Change@dfd5712
11-03 17:01:47.955 D/CompatConfig( 697): Adding: com.android.server.compat.config.Change@f51bee3
11-03 17:01:47.955 D/CompatConfig( 697): Adding: com.android.server.compat.config.Change@489a0e0
11-03 17:01:47.955 D/CompatConfig( 697): Adding: com.android.server.compat.config.Change@addef99
11-03 17:01:47.955 D/CompatConfig( 697): Adding: com.android.server.compat.config.Change@8d5d25e
11-03 17:01:47.955 D/CompatConfig( 697): Adding: com.android.server.compat.config.Change@bd7663f
11-03 17:01:47.955 D/CompatConfig( 697): Adding: com.android.server.compat.config.Change@f97eb0c
11-03 17:01:47.955 D/CompatConfig( 697): Adding: com.android.server.compat.config.Change@494ec55
11-03 17:01:47.955 D/CompatConfig( 697): Adding: com.android.server.compat.config.Change@228b66a
11-03 17:01:47.956 D/CompatConfig( 697): No directory /system/system_ext/etc/compatconfig, skipping
11-03 17:01:47.956 I/SystemConfig( 697): Reading permissions from /system/etc/permissions/com.android.mediadrm.signer.xml
11-03 17:01:47.957 D/ApexManagerTiming( 697): getActiveApexInfos_noCache
11-03 17:01:47.957 I/SystemConfig( 697): Reading permissions from /system/etc/permissions/com.android.networkstack.xml
11-03 17:01:47.958 I/SystemConfig( 697): Reading permissions from /system/etc/permissions/javax.obex.xml
11-03 17:01:47.960 I/SystemConfig( 697): Reading permissions from /system/etc/permissions/org.apache.http.legacy.xml
11-03 17:01:47.961 I/SystemConfig( 697): Reading permissions from /system/etc/permissions/privapp-permissions-oranth.xml
11-03 17:01:47.963 I/SystemConfig( 697): Reading permissions from /system/etc/permissions/privapp-permissions-platform.xml
11-03 17:01:47.970 I/SystemConfig( 697): Reading permissions from /system/etc/permissions/privapp_allowlist_com.android.adservices.api.xml
11-03 17:01:47.971 I/SystemConfig( 697): Reading permissions from /system/etc/permissions/privapp_allowlist_com.android.providers.media.module.xml
11-03 17:01:47.972 I/SystemConfig( 697): Reading permissions from /system/etc/permissions/tv_core_hardware.xml
11-03 17:01:47.973 I/SystemConfig( 697): Reading permissions from /system/etc/permissions/platform.xml
11-03 17:01:47.975 D/CompatConfig( 697): No directory /apex/com.android.scheduling/etc/compatconfig, skipping
11-03 17:01:47.975 D/CompatConfig( 697): No directory /apex/com.android.appsearch/etc/compatconfig, skipping
11-03 17:01:47.975 D/CompatConfig( 697): No directory /apex/com.android.rkpd/etc/compatconfig, skipping
11-03 17:01:47.975 D/CompatConfig( 697): No directory /apex/com.android.healthfitness/etc/compatconfig, skipping
11-03 17:01:47.975 D/CompatConfig( 697): No directory /apex/com.android.neuralnetworks/etc/compatconfig, skipping
11-03 17:01:47.976 D/CompatConfig( 697): No directory /apex/com.amlogic.mediaextractor/etc/compatconfig, skipping
11-03 17:01:47.976 D/CompatConfig( 697): No directory /apex/com.google.android.widevine/etc/compatconfig, skipping
11-03 17:01:47.976 D/CompatConfig( 697): No directory /apex/com.android.permission/etc/compatconfig, skipping
11-03 17:01:47.976 D/CompatConfig( 697): No directory /apex/com.android.ondevicepersonalization/etc/compatconfig, skipping
11-03 17:01:47.977 D/CompatConfig( 697): Found a config file: /apex/com.android.mediaprovider/etc/compatconfig/media-provider-platform-compat-config.xml
11-03 17:01:47.977 I/SystemConfig( 697): Reading permissions from /vendor/etc/permissions/android.hardware.audio.output.xml
11-03 17:01:47.979 I/SystemConfig( 697): Reading permissions from /vendor/etc/permissions/android.hardware.bluetooth.xml
11-03 17:01:47.979 D/CompatConfig( 697): Adding: com.android.server.compat.config.Change@fe5d9a5
11-03 17:01:47.980 D/CompatConfig( 697): Adding: com.android.server.compat.config.Change@7cc217a
11-03 17:01:47.980 D/CompatConfig( 697): Adding: com.android.server.compat.config.Change@2799d2b
11-03 17:01:47.980 D/CompatConfig( 697): Adding: com.android.server.compat.config.Change@5ed3588
11-03 17:01:47.980 D/CompatConfig( 697): Adding: com.android.server.compat.config.Change@b7f6b21
11-03 17:01:47.980 D/CompatConfig( 697): Adding: com.android.server.compat.config.Change@46adb46
11-03 17:01:47.980 D/CompatConfig( 697): Adding: com.android.server.compat.config.Change@e72e107
11-03 17:01:47.980 I/SystemConfig( 697): Reading permissions from /vendor/etc/permissions/android.hardware.bluetooth_le.xml
11-03 17:01:47.981 D/CompatConfig( 697): No directory /apex/com.android.apex.cts.shim/etc/compatconfig, skipping
11-03 17:01:47.981 I/SystemConfig( 697): Reading permissions from /vendor/etc/permissions/android.hardware.camera.external.xml
11-03 17:01:47.981 D/CompatConfig( 697): No directory /apex/com.android.media.swcodec/etc/compatconfig, skipping
11-03 17:01:47.981 D/CompatConfig( 697): No directory /apex/com.android.ipsec/etc/compatconfig, skipping
11-03 17:01:47.982 D/CompatConfig( 697): No directory /apex/com.android.devicelock/etc/compatconfig, skipping
11-03 17:01:47.982 D/CompatConfig( 697): No directory /apex/com.android.sdkext/etc/compatconfig, skipping
11-03 17:01:47.982 D/CompatConfig( 697): No directory /apex/com.android.vndk.v34/etc/compatconfig, skipping
11-03 17:01:47.982 D/CompatConfig( 697): No directory /apex/com.android.extservices/etc/compatconfig, skipping
11-03 17:01:47.982 D/CompatConfig( 697): Found a config file: /apex/com.android.tethering/etc/compatconfig/connectivity-platform-compat-config.xml
11-03 17:01:47.983 I/SystemConfig( 697): Reading permissions from /vendor/etc/permissions/android.hardware.ethernet.xml
11-03 17:01:47.983 D/CompatConfig( 697): Adding: com.android.server.compat.config.Change@bb2da0
11-03 17:01:47.983 D/CompatConfig( 697): Adding: com.android.server.compat.config.Change@1595d59
11-03 17:01:47.983 D/CompatConfig( 697): Adding: com.android.server.compat.config.Change@9540d1e
11-03 17:01:47.983 D/CompatConfig( 697): Adding: com.android.server.compat.config.Change@7fce9ff
11-03 17:01:47.984 I/SystemConfig( 697): Reading permissions from /vendor/etc/permissions/android.hardware.gamepad.xml
11-03 17:01:47.985 D/CompatConfig( 697): No directory /apex/com.android.i18n/etc/compatconfig, skipping
11-03 17:01:47.985 I/SystemConfig( 697): Reading permissions from /vendor/etc/permissions/android.hardware.hardware_keystore.xml
11-03 17:01:47.985 D/CompatConfig( 697): Found a config file: /apex/com.android.btservices/etc/compatconfig/bluetoothapk-platform-compat-config.xml
11-03 17:01:47.985 I/SystemConfig( 697): Reading permissions from /vendor/etc/permissions/android.hardware.hdmi.cec.xml
11-03 17:01:47.986 D/CompatConfig( 697): Adding: com.android.server.compat.config.Change@51d10b8
11-03 17:01:47.986 D/CompatConfig( 697): Found a config file: /apex/com.android.btservices/etc/compatconfig/bluetooth-compat-config.xml
11-03 17:01:47.987 I/SystemConfig( 697): Reading permissions from /vendor/etc/permissions/android.hardware.keystore.app_attest_key.xml
11-03 17:01:47.987 D/CompatConfig( 697): Adding: com.android.server.compat.config.Change@6b019f7
11-03 17:01:47.987 I/SystemConfig( 697): Reading permissions from /vendor/etc/permissions/android.hardware.location.xml
11-03 17:01:47.988 D/CompatConfig( 697): Found a config file: /apex/com.android.btservices/etc/compatconfig/framework-bluetooth-compat-config.xml
11-03 17:01:47.988 I/SystemConfig( 697): Reading permissions from /vendor/etc/permissions/android.hardware.opengles.aep.xml
11-03 17:01:47.989 D/CompatConfig( 697): Adding: com.android.server.compat.config.Change@2c25e93
11-03 17:01:47.989 I/SystemConfig( 697): Reading permissions from /vendor/etc/permissions/android.hardware.usb.host.xml
11-03 17:01:47.989 D/CompatConfig( 697): No directory /apex/com.android.virt/etc/compatconfig, skipping
11-03 17:01:47.990 D/CompatConfig( 697): No directory /apex/com.android.configinfrastructure/etc/compatconfig, skipping
11-03 17:01:47.990 D/CompatConfig( 697): No directory /apex/com.android.uwb/etc/compatconfig, skipping
11-03 17:01:47.990 D/CompatConfig( 697): Found a config file: /apex/com.android.art/etc/compatconfig/libcore-platform-compat-config.xml
11-03 17:01:47.991 I/SystemConfig( 697): Reading permissions from /vendor/etc/permissions/android.hardware.vulkan.compute.xml
11-03 17:01:47.991 D/CompatConfig( 697): Adding: com.android.server.compat.config.Change@3aa50ef
11-03 17:01:47.991 D/CompatConfig( 697): Adding: com.android.server.compat.config.Change@c0777fc
11-03 17:01:47.991 D/CompatConfig( 697): Adding: com.android.server.compat.config.Change@ea50e85
11-03 17:01:47.991 D/CompatConfig( 697): Adding: com.android.server.compat.config.Change@691e4da
11-03 17:01:47.991 D/CompatConfig( 697): Adding: com.android.server.compat.config.Change@a750d0b
11-03 17:01:47.991 D/CompatConfig( 697): Adding: com.android.server.compat.config.Change@ead0e01
11-03 17:01:47.991 D/CompatConfig( 697): Adding: com.android.server.compat.config.Change@fb974a6
11-03 17:01:47.991 D/CompatConfig( 697): Adding: com.android.server.compat.config.Change@1e56ee7
11-03 17:01:47.991 D/CompatConfig( 697): Adding: com.android.server.compat.config.Change@424ca94
11-03 17:01:47.991 D/CompatConfig( 697): Adding: com.android.server.compat.config.Change@bdb893d
11-03 17:01:47.991 D/CompatConfig( 697): Adding: com.android.server.compat.config.Change@2783532
11-03 17:01:47.991 I/SystemConfig( 697): Reading permissions from /vendor/etc/permissions/android.hardware.vulkan.level.xml
11-03 17:01:47.992 I/SystemConfig( 697): Reading permissions from /vendor/etc/permissions/android.hardware.vulkan.version.xml
11-03 17:01:47.992 D/CompatConfig( 697): No directory /apex/com.android.adbd/etc/compatconfig, skipping
11-03 17:01:47.993 D/CompatConfig( 697): No directory /apex/com.android.tzdata/etc/compatconfig, skipping
11-03 17:01:47.993 D/CompatConfig( 697): No directory /apex/com.android.media/etc/compatconfig, skipping
11-03 17:01:47.993 D/CompatConfig( 697): No directory /apex/com.android.resolv/etc/compatconfig, skipping
11-03 17:01:47.993 D/CompatConfig( 697): No directory /apex/com.android.adservices/etc/compatconfig, skipping
11-03 17:01:47.993 D/CompatConfig( 697): No directory /apex/com.android.os.statsd/etc/compatconfig, skipping
11-03 17:01:47.993 I/SystemConfig( 697): Reading permissions from /vendor/etc/permissions/android.hardware.wifi.direct.xml
11-03 17:01:47.993 D/CompatConfig( 697): No directory /apex/com.android.runtime/etc/compatconfig, skipping
11-03 17:01:47.993 D/CompatConfig( 697): No directory /apex/com.android.conscrypt/etc/compatconfig, skipping
11-03 17:01:47.994 I/SystemConfig( 697): Reading permissions from /vendor/etc/permissions/android.hardware.wifi.passpoint.xml
11-03 17:01:47.994 D/CompatConfig( 697): Found a config file: /apex/com.android.wifi/etc/compatconfig/wifi-compat-config.xml
11-03 17:01:47.994 I/SystemConfig( 697): Reading permissions from /vendor/etc/permissions/android.hardware.wifi.xml
11-03 17:01:47.994 D/CompatConfig( 697): Adding: com.android.server.compat.config.Change@16d82c
11-03 17:01:47.995 D/CompatConfig( 697): Adding: com.android.server.compat.config.Change@d9fa2f5
11-03 17:01:47.995 D/CompatConfig( 697): Adding: com.android.server.compat.config.Change@f1d388a
11-03 17:01:47.995 I/SystemConfig( 697): Reading permissions from /vendor/etc/permissions/android.software.app_widgets.xml
11-03 17:01:47.996 I/SystemConfig( 697): Reading permissions from /vendor/etc/permissions/android.software.backup.xml
11-03 17:01:47.997 I/SystemConfig( 697): Reading permissions from /vendor/etc/permissions/android.software.cant_save_state.xml
11-03 17:01:47.998 D/SystemServerTiming( 697): StartFileIntegrityService
11-03 17:01:47.998 I/SystemServiceManager( 697): Starting com.android.server.security.FileIntegrityService
11-03 17:01:47.998 I/SystemConfig( 697): Reading permissions from /vendor/etc/permissions/android.software.farfield.xml
11-03 17:01:47.999 I/SystemConfig( 697): Reading permissions from /vendor/etc/permissions/android.software.ipsec_tunnels.xml
11-03 17:01:48.000 I/SystemConfig( 697): Reading permissions from /vendor/etc/permissions/android.software.opengles.deqp.level-2023-03-01.xml
11-03 17:01:48.001 I/SystemConfig( 697): Reading permissions from /vendor/etc/permissions/android.software.verified_boot.xml
11-03 17:01:48.001 D/SystemServerTiming( 697): StartInstaller
11-03 17:01:48.001 I/SystemServiceManager( 697): Starting com.android.server.pm.Installer
11-03 17:01:48.002 I/SystemConfig( 697): Reading permissions from /vendor/etc/permissions/android.software.vulkan.deqp.level-2023-03-01.xml
11-03 17:01:48.002 I/SystemConfig( 697): Reading permissions from /vendor/etc/permissions/aosp_excluded_hardware.xml
11-03 17:01:48.003 D/SystemConfig( 697): Removed unavailable feature android.hardware.location.network
11-03 17:01:48.003 I/SystemConfig( 697): Reading permissions from /vendor/etc/permissions/com.droidlogic.appinstaller.xml
11-03 17:01:48.004 I/SystemConfig( 697): Reading permissions from /vendor/etc/permissions/com.google.android.feature.SILENT_OTA.xml
11-03 17:01:48.006 I/SystemConfig( 697): Reading permissions from /vendor/etc/permissions/com.google.android.feature.fastpair.xml
11-03 17:01:48.006 D/SystemServerTiming( 697): DeviceIdentifiersPolicyService
11-03 17:01:48.006 I/SystemServiceManager( 697): Starting com.android.server.os.DeviceIdentifiersPolicyService
11-03 17:01:48.007 I/SystemConfig( 697): Reading permissions from /vendor/etc/permissions/droidlogic.jasplayer.xml
11-03 17:01:48.007 D/SystemServerTiming( 697): StartFeatureFlagsService
11-03 17:01:48.007 I/SystemServiceManager( 697): Starting com.android.server.flags.FeatureFlagsService
11-03 17:01:48.008 D/FeatureFlagsService( 697): Started Feature Flag Service
11-03 17:01:48.008 I/SystemConfig( 697): Reading permissions from /vendor/etc/permissions/droidlogic.jniasplayer.xml
11-03 17:01:48.009 I/SystemConfig( 697): Reading permissions from /vendor/etc/permissions/droidlogic.software.core.xml
11-03 17:01:48.009 W/SystemConfig( 697): name is required for in START_TAG (empty) @27:35 in java.io.FileReader@f25eceb
11-03 17:01:48.010 I/SystemConfig( 697): Reading permissions from /vendor/etc/permissions/droidlogic.tv.software.core.xml
11-03 17:01:48.010 D/SystemServerTiming( 697): UriGrantsManagerService
11-03 17:01:48.010 I/SystemServiceManager( 697): Starting com.android.server.uri.UriGrantsManagerService$Lifecycle
11-03 17:01:48.011 I/SystemConfig( 697): Ignore shared library droidlogic.tv.software.core: /vendor/framework/droidlogic.tv.software.core.jar does not exist
11-03 17:01:48.011 I/SystemConfig( 697): Reading permissions from /vendor/etc/permissions/prime.xml
