11-03 17:08:33.691 E/HTTP_KIT_LOG( 4419): [Lookup:118] SCENE_PCDN_NG:[jobId_285] SmartDns use cache domain:valipl10.cp31.ott.cibntv.net addrs:125.94.42.155[2],125.94.42.156[1],
11-03 17:08:33.691 I/HTTP_KIT_LOG( 4419): [AddRequestHeader:498] job:SCENE_PCDN_NG:[jobId_285] add header:[ range_from:6664884,cur_download:0 | User-Agent :Youku-ntk;Android;13.0.1.3;Scene4
11-03 17:08:33.691 I/HTTP_KIT_LOG( 4419): Range :bytes=6664884-7123635
11-03 17:08:33.691 I/HTTP_KIT_LOG( 4419): | Add Ip Resolve: 125.94.42.155 ]
11-03 17:08:33.706 I/HTTP_KIT_LOG( 4419): [StopTimer:165] SCENE_PCDN_NG:[jobId_285] stop open timeout timer
11-03 17:08:33.707 I/HTTP_KIT_LOG( 4419): [operator():492] SCENE_PCDN_NG:[jobId_285] notify response
11-03 17:08:33.708 E/HTTP_KIT_LOG( 4419): [OnResponse:205] SCENE_PCDN_NG:[jobId_285] OnResponse content-length:458752 of content-type:video/mp4, file-size:10089637
11-03 17:08:33.708 E/HTTP_KIT_LOG( 4419): headers:Content-Range:bytes 6664884-7123635/10089637
11-03 17:08:33.708 E/HTTP_KIT_LOG( 4419): Etag:"B5506E4301B3605DD6B3E2AB0268CE12"
11-03 17:08:33.708 E/HTTP_KIT_LOG( 4419): Via:ens-cache15.l2cn7146[0,0,304-0,H], ens-cache40.l2cn7146[2,0], ens-cache40.l2cn7146[2,0], ens-cache26.cn8704[48,90,304-0,H], ens-cache18.cn8704[94,0],cache23.hnchangsha-mp02[0,200-0,H],cache33.hnchangsha-mp02[1,206],cache05.gdgz-ct126[0,200-0,H],cache01.gdgz-ct126[2,206]
11-03 17:08:33.745 D/OPR_v3_OPRDanmakuModule( 4419): OPRDanmakuModule updatePosition: 323368
11-03 17:08:33.755 I/HTTP_KIT_LOG( 4419): [operator():463] SCENE_PCDN_NG:[jobId_285] notify complete
11-03 17:08:33.768 I/HTTP_KIT_LOG( 4419): [Close:281] SCENE_PCDN_NG:[jobId_285] Close
11-03 17:08:33.774 I/HTTP_KIT_LOG( 4419): [PrintStr:417] SCENE_PCDN_NG:[jobId_285] ReportStat: {"appconnectTime":90.99,"connectTime":90.99,"dnsTime":143.0,"downloadSize":458752.0,"downloadTime":64106.0,"error_rtt":-1.0,"firstBTime":18084.0,"firstKBTime":18084.0,"firstMBTime":0.0,"last32KTime":19144.0,"redirectTime":0.0,"speed":7156.14,"starttransferTime":13755.0}
11-03 17:08:33.910 I/DebugUtil( 7986): [0##107]in/out status {INS/OUTS=132(1)/119(0)}, pipeline status {IN=8/8, OUT=9/13[Component(0) Accelerator(4) Client(9)]}
11-03 17:08:34.051 I/VDA ( 7986): [0##107]"ServiceDeviceTask INs=126/133, OUTs=122/126"" {IN=7/8, OUT=9/13[kAtAccelerator(0) kAtDevice(4) kAtClient(9)]}"
11-03 17:08:34.161 I/BLEAudioDrive_HV412( 461): fd:25 data len: 9 1
11-03 17:08:34.171 D/audioserver( 503): logFgsApiBegin: FGS Logger Transaction failed, -129
11-03 17:08:34.172 I/audio_hw_hal_primary( 461): out_update_source_metadata_v7() line 1743 usage:1 content_type:2
11-03 17:08:34.172 I/audio_hw_hal_primary( 461): [out_write_new:7049] io 13: out:0xf1bc39d0 streamType:PCM_NORMAL, standby
11-03 17:08:34.172 I/audio_hw_hal_stream( 461): mixer_aux_buffer_write_wrap in_frames 960, input_cache_frames 960
11-03 17:08:34.172 I/SogouIME( 1937): onKeyDown: keyoCode=4
11-03 17:08:34.173 I/DefaultIMS( 1937): onKeyDown: keyoCode=4
11-03 17:08:34.173 I/audio_hw_hal_primary( 461): [out_write_new:7049] io 13: out:0xf1bc39d0 streamType:PCM_NORMAL, standby
11-03 17:08:34.173 I/audio_hw_hal_primary( 461): [mixer_aux_buffer_write:6391] io 13: out:0xf1bc39d0 streamType:PCM_NORMAL standby to unstandby
11-03 17:08:34.173 E/audio_hw_hal_virtualbuf( 461): ms12 system input underrun happens read=10472253964 write=6380000000 diff=4092253964
11-03 17:08:34.174 I/libdolbyms12( 461): handle=0xf1e00010 continuous fade mute begin duration=32, incnt 5
11-03 17:08:34.174 W/ottp_sdk_[160173986]VideoViewProxy( 4419): commonApi called,3 param=KeyEvent { action=ACTION_DOWN, keyCode=KEYCODE_BACK, scanCode=1, metaState=0, flags=0x8, repeatCount=0, eventTime=418393061000, downTime=418393061000, deviceId=10, source=0x301, displayId=-1 } mVideoView=com.yunos.tv.player.media.view.OTTVideoView{3d464c6 V.E...... ........ 0,0-1920,1080} mCommapiInfoMap={}
11-03 17:08:34.174 I/libdolbyms12( 461): eTagContinuousState 0, eCurContinuousState 6, s32InCnt 5
11-03 17:08:34.177 W/ottp_sdk_OTTVideoView[64251078]( 4419): isPause : mCurrentState=3 ,mTargetState=3
11-03 17:08:34.189 W/ottp_sdk_OTTVideoView[64251078]( 4419): isPause : mCurrentState=3 ,mTargetState=3
11-03 17:08:34.190 W/ottp_sdk_[160173986]VideoViewProxy( 4419): commonApi called,42 param=null mVideoView=com.yunos.tv.player.media.view.OTTVideoView{3d464c6 V.E...... ........ 0,0-1920,1080} mCommapiInfoMap={}
11-03 17:08:34.191 D/NovelAdSdk( 4419): [InventoryAdPresenter] onScreenModeChange:
11-03 17:08:34.192 E/ottp_sdk_OTTVideoView[64251078]( 4419): showWaterMark waterMarkInfo is null
11-03 17:08:34.192 D/BufferPoolAccessor2.0( 4419): bufferpool2 0xa6e86328 : 4(262144 size) total buffers - 4(262144 size) used buffers - 0/5 (recycle/alloc) - 4/409 (fetch/transfer)
11-03 17:08:34.194 E/ottp_sdk_OTTVideoView[64251078]( 4419): showWaterMark waterMarkInfo is null
11-03 17:08:34.195 W/ottp_sdk_[160173986]VideoViewProxy( 4419): commonApi called,30 param=smallplayer mVideoView=com.yunos.tv.player.media.view.OTTVideoView{3d464c6 V.E...... ......I. 0,0-1920,1080} mCommapiInfoMap={}
11-03 17:08:34.196 I/HTTP_KIT_LOG( 4419): [Send:235] SCENE_PCDN_NG:[jobId_286] Send url http://valipl10.cp31.ott.cibntv.net/67756D6080932713CFC02204E/0501100000669B4DCC0467A4424B4B3097ED14-F4B3-466F-B55E-A2D791FCC5D0_video_00027.mp4?ccode=0103010102&duration=6917&expire=18000&psid=491b12ee9f6864cbd87f203b3325d02a42346&ups_client_netip=7157521f&ups_ts=1762160907&ups_userid=1400807978&utid=aQSc5ul7QxsDADFIplqlGPrV&vid=XNTk2NDM1MjEyOA%3D%3D&s=ddbf820df3884e3480f6&iv=1&eo=1&t=9e0de6505e515f1&cug=1&fms=46f28f0c1cdcd5ab&tr=6917&le=dd79ff955e68478725912d3c990803f2&ckt=5&m_onoff=0&rid=20000000BE2C224CE2BDABCB8431FEC525F7F0D702000000&type=cmfv5hd4_hbr_bit10&bc=2&dre=u151&si=573&dst=1&yk_pid=cd719a991a008182&sm=1&operate_type=1&app_key=23299685&app_ver=2131300103&vkey=Bf4cbe52decc0cb11ea049bed1fce280d
11-03 17:08:34.197 I/HTTP_KIT_LOG( 4419): [UpdateConfig:108] SCENE_PCDN_NG:[jobId_286] dump config:Range :bytes=6533812-6599347
11-03 17:08:34.197 I/HTTP_KIT_LOG( 4419): [UpdateUrl:66] use domain valipl10.cp31.ott.cibntv.net
11-03 17:08:34.198 I/audio_hw_hal_stream( 461): aml_stream_out_info_print: out:0xf1bc39d0, stream_type:pcm, sync_mode:non tunnel, input_size:47043840 bytes
11-03 17:08:34.198 I/audio_hw_hal_stream( 461): aml_stream_out_info_print: last_time:414274 ms (sec:414, nsec:274366196), last_position:244854 ms (11753008), cur_time:418428 ms (sec:418, nsec:428697781), cur_position:244875 ms (11754032)
11-03 17:08:34.198 I/audio_hw_hal_stream( 461): aml_stream_out_info_print: time_gap:4154 ms (thr:100 ms), position_gap:21 ms, delay:144 ms, jitter: Position gap is behind system time gap by 4133 ms (thr:100 ms)
11-03 17:08:34.199 I/HTTP_KIT_LOG( 4419): [InstallTimer:128] SCENE_PCDN_NG:[jobId_286] start open timeout timer=999999
11-03 17:08:34.199 E/HTTP_KIT_LOG( 4419): [Lookup:118] SCENE_PCDN_NG:[jobId_286] SmartDns use cache domain:valipl10.cp31.ott.cibntv.net addrs:125.94.42.155[2],125.94.42.156[1],
11-03 17:08:34.200 I/HTTP_KIT_LOG( 4419): [AddRequestHeader:498] job:SCENE_PCDN_NG:[jobId_286] add header:[ range_from:6533812,cur_download:0 | User-Agent :Youku-ntk;Android;13.0.1.3;Scene4
11-03 17:08:34.200 I/HTTP_KIT_LOG( 4419): Range :bytes=6533812-6599347
11-03 17:08:34.200 I/HTTP_KIT_LOG( 4419): | Add Ip Resolve: 125.94.42.155 ]
11-03 17:08:34.204 E/CIBN-PLAY_MENU_BarrageUtils( 4419): hideBarrage:
11-03 17:08:34.204 W/ottp_sdk_[160173986]VideoViewProxy( 4419): commonApi called,54 param=null mVideoView=com.yunos.tv.player.media.view.OTTVideoView{3d464c6 V.E...... ......I. 0,0-1920,1080} mCommapiInfoMap={}
11-03 17:08:34.212 I/libdolbyms12( 461): handle=0xf1e00010 continuous fade in begin duration=32, incnt 5
11-03 17:08:34.213 I/libdolbyms12( 461): eTagContinuousState 0, eCurContinuousState 5, s32InCnt 5
11-03 17:08:34.215 W/CIBN-DetailV3BtnHolder( 4419): onLayoutChange skip, operatorFocusByUser from = firstFocus
11-03 17:08:34.223 W/CIBN-SqlLastplayDao( 4419): addLastPlayProgram----> program yoku.
11-03 17:08:34.236 I/DefaultIMS( 1937): onStartInput attribute=android.view.inputmethod.EditorInfo@dc43454 restarting=false inputType: 0
11-03 17:08:34.241 I/HTTP_KIT_LOG( 4419): [StopTimer:165] SCENE_PCDN_NG:[jobId_286] stop open timeout timer
11-03 17:08:34.241 I/HTTP_KIT_LOG( 4419): [operator():492] SCENE_PCDN_NG:[jobId_286] notify response
11-03 17:08:34.241 E/HTTP_KIT_LOG( 4419): [OnResponse:205] SCENE_PCDN_NG:[jobId_286] OnResponse content-length:65536 of content-type:video/mp4, file-size:10089637
11-03 17:08:34.241 E/HTTP_KIT_LOG( 4419): headers:Content-Range:bytes 6533812-6599347/10089637
11-03 17:08:34.241 E/HTTP_KIT_LOG( 4419): Etag:"B5506E4301B3605DD6B3E2AB0268CE12"
11-03 17:08:34.241 E/HTTP_KIT_LOG( 4419): Via:ens-cache15.l2cn7146[0,0,304-0,H], ens-cache40.l2cn7146[2,0], ens-cache40.l2cn7146[2,0], ens-cache26.cn8704[48,90,304-0,H], ens-cache18.cn8704[94,0],cache23.hnchangsha-mp02[0,200-0,H],cache33.hnchangsha-mp02[1,206],cache05.gdgz-ct126[0,200-0,H],cache01.gdgz-ct126[1,206]
11-03 17:08:34.242 I/HTTP_KIT_LOG( 4419): [operator():463] SCENE_PCDN_NG:[jobId_286] notify complete
11-03 17:08:34.246 I/HTTP_KIT_LOG( 4419): [Close:281] SCENE_PCDN_NG:[jobId_286] Close
11-03 17:08:34.249 I/libdolbyms12( 461): eTagContinuousState 0, eCurContinuousState 0, s32InCnt 5
11-03 17:08:34.250 I/HTTP_KIT_LOG( 4419): [PrintStr:417] SCENE_PCDN_NG:[jobId_286] ReportStat: {"appconnectTime":94.0,"connectTime":94.0,"dnsTime":227.0,"downloadSize":65536.0,"downloadTime":42493.0,"error_rtt":-1.0,"firstBTime":41933.0,"firstKBTime":41933.0,"firstMBTime":0.0,"last32KTime":41933.0,"redirectTime":0.0,"speed":1542.27,"starttransferTime":36406.99}
11-03 17:08:34.307 I/S-BasePlugin( 4419): type=1400 audit(0.0:3727): avc: denied { read } for name="address" dev="sysfs" ino=22143 scontext=u:r:untrusted_app_25:s0:c512,c768 tcontext=u:object_r:sysfs_net:s0 tclass=file permissive=1 app=com.cibn.tv
11-03 17:08:34.316 D/BufferPoolAccessor2.0( 4419): bufferpool2 0xa6e83628 : 8(67108864 size) total buffers - 8(67108864 size) used buffers - 1/9 (recycle/alloc) - 8/139 (fetch/transfer)
11-03 17:08:34.316 D/BufferPoolAccessor2.0( 4419): evictor expired: 4, evicted: 2
11-03 17:08:34.307 I/S-BasePlugin( 4419): type=1400 audit(0.0:3728): avc: denied { open } for path="/sys/devices/virtual/net/dummy0/address" dev="sysfs" ino=22143 scontext=u:r:untrusted_app_25:s0:c512,c768 tcontext=u:object_r:sysfs_net:s0 tclass=file permissive=1 app=com.cibn.tv
11-03 17:08:34.320 D/BufferPoolAccessor2.0( 594): bufferpool2 0xe5882f68 : 0(0 size) total buffers - 0(0 size) used buffers - 0/0 (recycle/alloc) - 0/0 (fetch/transfer)
11-03 17:08:34.320 D/BufferPoolAccessor2.0( 594): evictor expired: 1, evicted: 1
11-03 17:08:34.307 I/S-BasePlugin( 4419): type=1400 audit(0.0:3729): avc: denied { getattr } for path="/sys/devices/virtual/net/dummy0/address" dev="sysfs" ino=22143 scontext=u:r:untrusted_app_25:s0:c512,c768 tcontext=u:object_r:sysfs_net:s0 tclass=file permissive=1 app=com.cibn.tv
11-03 17:08:34.325 E/speedtest( 4419): mtop_rt:63|54|61|59|171|0|0|0|0|0|0|0|0|0|51|0|55|69|0|51|44|58|59|0|0|0|0|44|61|47|,traffic_info:[3564, 2480, 3360],rx_byte:1001|419|584|42|1782|261|2735|240|3828|1962|36|2485|1902|202|860|4235|2231|39|41|4615|1150|3775|1800|3564|2480|680|1354|6077|3098|4802|,nc_type:0
11-03 17:08:34.337 E/speedtest( 4419): netType:wifi,ipv4:192.168.3.201,ipv6:fe80::ad80:514c:8697:7435%wlan0,ssid:"DB-machines5G",rssi:-53|-54|-53|-54|-53|-52|,freq:5G,metered:0,gate_ip:192.168.3.1,RTTs:,devCnt:0,qualityCode:1100
11-03 17:08:34.351 I/audio_hw_hal_primary( 461): [audiohal_get_latency:1036] io 13: out:0xf1bc39d0 frames:1024 rate:48000 whole_latency:21 alsa_latency:21
11-03 17:08:34.362 I/audio_hw_hal_alsamgr( 461): alsa format =0x1 delay frames =1024 total frames=512000
11-03 17:08:34.363 I/audio_hw_hal_primary( 461): [audiohal_get_latency:1036] io 13: out:0xf1bc39d0 frames:1280 rate:48000 whole_latency:26 alsa_latency:26
11-03 17:08:34.370 I/audio_hw_hal_primary( 461): [audiohal_get_latency:1036] io 13: out:0xf1bc39d0 frames:1152 rate:48000 whole_latency:24 alsa_latency:24
11-03 17:08:34.375 I/BLEAudioDrive_HV412( 461): fd:25 data len: 9 1
11-03 17:08:34.378 I/audio_hw_hal_stream( 461): aml_stream_out_info_print: out:0xf1bcad50, stream_type:raw, sync_mode:non tunnel, input_size:164864 bytes
11-03 17:08:34.378 I/audio_hw_hal_stream( 461): aml_stream_out_info_print: last_time:418577 ms (sec:418, nsec:577554073), last_position:4891 ms (234779), cur_time:418610 ms (sec:418, nsec:610501448), cur_position:4924 ms (236357)
11-03 17:08:34.378 I/audio_hw_hal_stream( 461): aml_stream_out_info_print: time_gap:33 ms (thr:100 ms), position_gap:32 ms, delay:0 ms, jitter: Position gap is behind system time gap by 1 ms (thr:100 ms)
11-03 17:08:34.381 I/audio_hw_hal_primary( 461): [audiohal_get_latency:1036] io 13: out:0xf1bc39d0 frames:1152 rate:48000 whole_latency:24 alsa_latency:24
11-03 17:08:34.383 I/SogouIME( 1937): onKeyUp: keyoCode=4
11-03 17:08:34.383 I/DefaultIMS( 1937): onKeyUp: keyoCode=4
11-03 17:08:34.388 I/audio_hw_hal_primary( 461): [audiohal_get_latency:1036] io 13: out:0xf1bc39d0 frames:1024 rate:48000 whole_latency:21 alsa_latency:21
11-03 17:08:34.398 I/audio_hw_hal_primary( 461): [audiohal_get_latency:1036] io 13: out:0xf1bc39d0 frames:1024 rate:48000 whole_latency:21 alsa_latency:21
11-03 17:08:34.408 I/audio_hw_hal_primary( 461): [audiohal_get_latency:1036] io 13: out:0xf1bc39d0 frames:1152 rate:48000 whole_latency:24 alsa_latency:24
11-03 17:08:34.418 I/audio_hw_hal_primary( 461): [audiohal_get_latency:1036] io 13: out:0xf1bc39d0 frames:1152 rate:48000 whole_latency:24 alsa_latency:24
11-03 17:08:34.421 I/HTTP_KIT_LOG( 4419): [Send:235] SCENE_PCDN_NG:[jobId_287] Send url http://valipl10.cp31.ott.cibntv.net/67756D6080932713CFC02204E/0501100000669B4DCC0467A4424B4B3097ED14-F4B3-466F-B55E-A2D791FCC5D0_video_00027.mp4?ccode=0103010102&duration=6917&expire=18000&psid=491b12ee9f6864cbd87f203b3325d02a42346&ups_client_netip=7157521f&ups_ts=1762160907&ups_userid=1400807978&utid=aQSc5ul7QxsDADFIplqlGPrV&vid=XNTk2NDM1MjEyOA%3D%3D&s=ddbf820df3884e3480f6&iv=1&eo=1&t=9e0de6505e515f1&cug=1&fms=46f28f0c1cdcd5ab&tr=6917&le=dd79ff955e68478725912d3c990803f2&ckt=5&m_onoff=0&rid=20000000BE2C224CE2BDABCB8431FEC525F7F0D702000000&type=cmfv5hd4_hbr_bit10&bc=2&dre=u151&si=573&dst=1&yk_pid=cd719a991a008182&sm=1&operate_type=1&app_key=23299685&app_ver=2131300103&vkey=Bf4cbe52decc0cb11ea049bed1fce280d
11-03 17:08:34.421 I/HTTP_KIT_LOG( 4419): [UpdateConfig:108] SCENE_PCDN_NG:[jobId_287] dump config:Range :bytes=6599348-6664883
11-03 17:08:34.421 I/HTTP_KIT_LOG( 4419): [UpdateUrl:66] use domain valipl10.cp31.ott.cibntv.net
11-03 17:08:34.421 I/HTTP_KIT_LOG( 4419): [InstallTimer:128] SCENE_PCDN_NG:[jobId_287] start open timeout timer=999999
11-03 17:08:34.421 E/HTTP_KIT_LOG( 4419): [Lookup:118] SCENE_PCDN_NG:[jobId_287] SmartDns use cache domain:valipl10.cp31.ott.cibntv.net addrs:125.94.42.155[2],125.94.42.156[1],
11-03 17:08:34.422 I/HTTP_KIT_LOG( 4419): [AddRequestHeader:498] job:SCENE_PCDN_NG:[jobId_287] add header:[ range_from:6599348,cur_download:0 | User-Agent :Youku-ntk;Android;13.0.1.3;Scene4
11-03 17:08:34.422 I/HTTP_KIT_LOG( 4419): Range :bytes=6599348-6664883
11-03 17:08:34.422 I/HTTP_KIT_LOG( 4419): | Add Ip Resolve: 125.94.42.155 ]
11-03 17:08:34.426 I/audio_hw_hal_primary( 461): [audiohal_get_latency:1036] io 13: out:0xf1bc39d0 frames:1280 rate:48000 whole_latency:26 alsa_latency:26
11-03 17:08:34.435 I/HTTP_KIT_LOG( 4419): [StopTimer:165] SCENE_PCDN_NG:[jobId_287] stop open timeout timer
11-03 17:08:34.435 I/HTTP_KIT_LOG( 4419): [operator():492] SCENE_PCDN_NG:[jobId_287] notify response
11-03 17:08:34.436 E/HTTP_KIT_LOG( 4419): [OnResponse:205] SCENE_PCDN_NG:[jobId_287] OnResponse content-length:65536 of content-type:video/mp4, file-size:10089637
11-03 17:08:34.436 E/HTTP_KIT_LOG( 4419): headers:Content-Range:bytes 6599348-6664883/10089637
11-03 17:08:34.436 E/HTTP_KIT_LOG( 4419): Etag:"B5506E4301B3605DD6B3E2AB0268CE12"
11-03 17:08:34.436 E/HTTP_KIT_LOG( 4419): Via:ens-cache15.l2cn7146[0,0,304-0,H], ens-cache40.l2cn7146[2,0], ens-cache40.l2cn7146[2,0], ens-cache26.cn8704[48,90,304-0,H], ens-cache18.cn8704[94,0],cache23.hnchangsha-mp02[0,200-0,H],cache33.hnchangsha-mp02[1,206],cache05.gdgz-ct126[0,200-0,H],cache01.gdgz-ct126[2,206]
11-03 17:08:34.438 I/audio_hw_hal_primary( 461): [audiohal_get_latency:1036] io 13: out:0xf1bc39d0 frames:1280 rate:48000 whole_latency:26 alsa_latency:26
11-03 17:08:34.439 I/HTTP_KIT_LOG( 4419): [operator():463] SCENE_PCDN_NG:[jobId_287] notify complete
11-03 17:08:34.440 I/HTTP_KIT_LOG( 4419): [Close:281] SCENE_PCDN_NG:[jobId_287] Close
11-03 17:08:34.440 I/HTTP_KIT_LOG( 4419): [PrintStr:417] SCENE_PCDN_NG:[jobId_287] ReportStat: {"appconnectTime":98.0,"connectTime":98.0,"dnsTime":123.0,"downloadSize":65536.0,"downloadTime":17851.0,"error_rtt":-1.0,"firstBTime":14822.0,"firstKBTime":15921.0,"firstMBTime":0.0,"last32KTime":16588.0,"redirectTime":0.0,"speed":3671.27,"starttransferTime":12657.0}
11-03 17:08:34.444 E/DOWNLOADER_LOG( 4419): [NewPCDNDownloadFilter.cpp::SetDownloadComplete:847] filesize is 10089637 data received cost 4282 total cost 4284
11-03 17:08:34.445 I/audio_hw_hal_primary( 461): [audiohal_get_latency:1036] io 13: out:0xf1bc39d0 frames:1152 rate:48000 whole_latency:24 alsa_latency:24
11-03 17:08:34.456 I/audio_hw_hal_primary( 461): [audiohal_get_latency:1036] io 13: out:0xf1bc39d0 frames:1152 rate:48000 whole_latency:24 alsa_latency:24
11-03 17:08:34.465 I/audio_hw_hal_primary( 461): [audiohal_get_latency:1036] io 13: out:0xf1bc39d0 frames:1152 rate:48000 whole_latency:24 alsa_latency:24
11-03 17:08:34.476 I/audio_hw_hal_primary( 461): [audiohal_get_latency:1036] io 13: out:0xf1bc39d0 frames:1152 rate:48000 whole_latency:24 alsa_latency:24
11-03 17:08:34.483 E/DOWNLOADER_LOG( 4419): [NewPCDNDownloadFilter.cpp::Read:770] [tunnel:25][stream_id:91][player_id:24][65]read eof 10089637totalsize:10089637
11-03 17:08:34.484 I/audio_hw_hal_primary( 461): [audiohal_get_latency:1036] io 13: out:0xf1bc39d0 frames:1024 rate:48000 whole_latency:21 alsa_latency:21
11-03 17:08:34.484 E/DOWNLOADER_LOG( 4419): [NewPCDNDownloadFilter.cpp::ReportLastInfo:978] [tunnel:25][stream_id:91][player_id:24][65]pcdn excInfo:out_pcdn>0^out_ec>0^pcdn_ng_crc>0^pcdn_ng_cdn>1^pcdn_ng_range>0--1^pcdn_ng_size>10089637^dp1>292^dp2>206^dp3>0^ep1>0^ep2>0^ep3>0^dw_bytes>6291456
11-03 17:08:34.484 E/DOWNLOADER_LOG( 4419): [RetryableStream.cpp::Read:1229] [tunnel:25][stream_id:91][24] internalRead level:1, downgrade switch:0, stream time out:0, result:5, result size:0
11-03 17:08:34.484 E/DOWNLOADER_LOG( 4419): [RetryableStream.cpp::Read:1269] [tunnel:25][stream_id:91][24] read result:5, second:5, level:1, size:0, packet size:48655, hash:0, offset:10089637, hsoffset:0, heoffset:0, vid:(null), file:0501100000669B4DCC0467A4424B4B3097ED14-F4B3-466F-B55E-A2D791FCC5D0_video_00027, internal duration:1, duration:1
11-03 17:08:34.484 W/YKABRLog[[ABR]]( 4419): CABRStrategy::setExternalSpeedValue 3276750 Bps, limit (0, 125000000], use external speed 1
11-03 17:08:34.485 E/DOWNLOADER_LOG( 4419): [RetryableStream.cpp::Open:924] [tunnel:25][stream_id:93][24] RetryableStream open url:http://valipl10.cp31.ott.cibntv.net/67756D6080932713CFC02204E/0501100000669B4DCC0467A4424B4B3097ED14-F4B3-466F-B55E-A2D791FCC5D0_video_00028.mp4?ccode=0103010102&duration=6917&expire=18000&psid=491b12ee9f6864cbd87f203b3325d02a42346&ups_client_netip=7157521f&ups_ts=1762160907&ups_userid=1400807978&utid=aQSc5ul7QxsDADFIplqlGPrV&vid=XNTk2NDM1MjEyOA%3D%3D&s=ddbf820df3884e3480f6&iv=1&eo=1&t=9e0de6505e515f1&cug=1&fms=46f28f0c1cdcd5ab&tr=6917&le=dd79ff955e68478725912d3c990803f2&ckt=5&m_onoff=0&rid=20000000BE2C224CE2BDABCB8431FEC525F7F0D702000000&type=cmfv5hd4_hbr_bit10&bc=2&dre=u151&si=573&dst=1&yk_pid=cd719a991a008182&sm=1&operate_type=1&app_key=23299685&app_ver=2131300103&vkey=B8edaa53ec895fe48ce9debd8232bf961&pcdn_did=59&pcdn_url_no=28, need trace:0, default_pack_size:32768
11-03 17:08:34.486 E/DOWNLOADER_LOG( 4419): [CacheWriter.cpp::AcquireDataStore:705] AcquireDataStore,miss cache:0501100000669B4DCC0467A4424B4B3097ED14-F4B3-466F-B55E-A2D791FCC5D0_video_00028
11-03 17:08:34.486 E/DOWNLOADER_LOG( 4419): [CacheDownloadFilter.cpp::ShouldRespond:111] memory data store:nullptr
11-03 17:08:34.486 E/DOWNLOADER_LOG( 4419): [NewPCDNDownloadFilter.cpp::ShouldRespond:340] [playerid:24] isFreeFlow=0 url=http://valipl10.cp31.ott.cibntv.net/67756D6080932713CFC02204E/0501100000669B4DCC0467A4424B4B3097ED14-F4B3-466F-B55E-A2D791FCC5D0_video_00028.mp4?ccode=0103010102&duration=6917&expire=18000&psid=491b12ee9f6864cbd87f203b3325d02a42346&ups_client_netip=7157521f&ups_ts=1762160907&ups_userid=1400807978&utid=aQSc5ul7QxsDADFIplqlGPrV&vid=XNTk2NDM1MjEyOA%3D%3D&s=ddbf820df3884e3480f6&iv=1&eo=1&t=9e0de6505e515f1&cug=1&fms=46f28f0c1cdcd5ab&tr=6917&le=dd79ff955e68478725912d3c990803f2&ckt=5&m_onoff=0&rid=20000000BE2C224CE2BDABCB8431FEC525F7F0D702000000&type=cmfv5hd4_hbr_bit10&bc=2&dre=u151&si=573&dst=1&yk_pid=cd719a991a008182&sm=1&operate_type=1&app_key=23299685&app_ver=2131300103&vkey=B8edaa53ec895fe48ce9debd8232bf961&pcdn_did=59&pcdn_url_no=28
11-03 17:08:34.487 E/DOWNLOADER_LOG( 4419): [RetryableStream.cpp::operator():1999] [tunnel:25][stream_id:93]FLOWRATE-> MonitorHook OnOpen curl_level: 1
11-03 17:08:34.487 F/[PCDN_NG]( 4419): [reader.cpp::access_log_commit:453] T_access utdid:did[59]sid[65]uno[27] content:
11-03 17:08:34.488 E/[PCDN_NG]( 4419): [reader.cpp::access_log_commit:453] T_access utdid:did[59]sid[65]uno[27] content:
11-03 17:08:34.488 F/[PCDN_NG]( 4419): {"peer_id":"300000017BFFB69425639CDB7D8DBFDCBF8B06E2","utdid":"aQSc5ul7QxsDADFIplqlGPrV","version":"10.25.2.4140","proxy_type":"11","server_type":"1","dnsType":"","did":"59","sid":"65","index":"27","file_size":"10089637","content_length":"10089637","body_send":"10089637","out_byte":"10089637","downloaded":"10089637","play_time":"4283","speed":"2355","completed_":"1","pcdn_reader_start_ts":"1762160910157","pcdn_determine_t1_ts":"1762160910157","pcdn_send_complete_ts":"1762160914440","ttfb":"0","request_range":"0--1","offset":"0","rid":"20000000BE2C224CE2BDABCB8431FEC525F7F0D702000000","time_stamp":"1762160914487","cdn_url":"http://valipl10.cp31.ott.cibntv.net/67756D6080932713CFC02204E/0501100000669B4DCC0467A4424B4B3097ED14-F4B3-466F-B55E-A2D791FCC5D0_video_00027.mp4?ccode=0103010102&duration=6917&expire=18000&psid=491b12ee9f6864cbd87f203b3325d02a42346&ups_client_netip=7157521f&ups_ts=1762160907&ups_userid=1400807978&utid=aQSc5ul7QxsDADFIplqlGPrV&vid=XNTk2NDM1MjEyOA%3D%3D&s=ddbf820df3884e3480f6&iv=1&eo=1&t=9e0
11-03 17:08:34.488 E/[PCDN_NG]( 4419): {"peer_id":"300000017BFFB69425639CDB7D8DBFDCBF8B06E2","utdid":"aQSc5ul7QxsDADFIplqlGPrV","version":"10.25.2.4140","proxy_type":"11","server_type":"1","dnsType":"","did":"59","sid":"65","index":"27","file_size":"10089637","content_length":"10089637","body_send":"10089637","out_byte":"10089637","downloaded":"10089637","play_time":"4283","speed":"2355","completed_":"1","pcdn_reader_start_ts":"1762160910157","pcdn_determine_t1_ts":"1762160910157","pcdn_send_complete_ts":"1762160914440","ttfb":"0","request_range":"0--1","offset":"0","rid":"20000000BE2C224CE2BDABCB8431FEC525F7F0D702000000","time_stamp":"1762160914487","cdn_url":"http://valipl10.cp31.ott.cibntv.net/67756D6080932713CFC02204E/0501100000669B4DCC0467A4424B4B3097ED14-F4B3-466F-B55E-A2D791FCC5D0_video_00027.mp4?ccode=0103010102&duration=6917&expire=18000&psid=491b12ee9f6864cbd87f203b3325d02a42346&ups_client_netip=7157521f&ups_ts=1762160907&ups_userid=1400807978&utid=aQSc5ul7QxsDADFIplqlGPrV&vid=XNTk2NDM1MjEyOA%3D%3D&s=ddbf820df3884e3480f6&iv=1&eo=1&t=9e0de6505e515f1&cug=1&fms=46f28f0c1cdcd5ab&tr=6917&le=dd79ff955e68478725912d3c990803f2&ckt=5&m_onoff=0&rid=20000000BE2C224CE2BDABCB8431FEC525F7F0D702000000&type=cmfv5hd4_hbr_bit10&bc=2&dre=u151&si=573&dst=1&yk_pid=cd719a991a008182&sm=1&operate_type=1&app_key=23299685&app_ver=2131300103&vkey=Bf4cbe52decc0cb11ea049bed1fce280d","domain":"valipl10.cp31.ott.cibntv.net","ctl_cost_time":"0","ips":"125.94.42.155","t1_down_spy":"4194304","t2_down_spy":"0","t3_down_spy":"0","t31_down_spy":"0","from_beat":"1","cdn_detail":"did[59]sid[65]uno[27][12#66][12#66-12#87]task:url_no:27offset:1880756length:1441792,did[59]sid[65]uno[27][12#88][12#146-12#161]task:url_no:27offset:7123636length:1048576,did[59]sid[65]uno[27][12#92][12#162-12#177]task:url_no:27offset:8172212length:1048576,did[59]sid[65]uno[27][12#102][12#102-12#102]task:url_no:27offset:4240052length:65536,did[59]sid[65]uno[27][12#104][12#139-12#145]task:url_no:27offset:6664884length:458752,did[59]sid[65]uno[27][12#125][12#1
11-03 17:08:34.488 F/[PCDN_NG]( 4419): 37-12#137]task:url_no:27offset:6533812length:65536,did[59]sid[65]uno[27][12#138][12#138-12#138]task:url_no:27offset:6599348length:65536,","p2p_detail":"did[59]sid[65]uno[27][12#195-12#218]task:from:T2did[59]sid[65]uno[27][12#219-12#239]task:from:T2did[59]sid[65]uno[27][12#240-12#255]task:from:T2did[59]sid[65]uno[27][13#0-13#10]task:from:T2did[59]sid[65]uno[27][12#104-12#104]task:from:T2did[59]sid[65]uno[27][12#116-12#138]task:from:T2did[59]sid[65]uno[27][13#11-13#22]task:from:T2did[59]sid[65]uno[27][13#23-13#36]task:from:T2did[59]sid[65]uno[27][13#37-13#60]task:from:T2did[59]sid[65]uno[27][13#61-13#74]task:from:T2","controller":"123,123,123,123,123,123,123,123,123,123,","cdn_reason":"","p2p_reason":"","out_pcdn_reason":"0","down_id":"[12#138]","read_id":"[12#138]","down_buffer":"16800","playable_zone":"14208","play_speed":"1.000000","error_code":"0","ntk_last_report":"@BizType>pcdn_ng^yecs_downgrade>0^tcp_info>^yecs_list>^transfer_speeds>^strategyList>^hostIpList>125.94.42.155[2],125.94.42.156[1]^effectiveUr
11-03 17:08:34.489 E/[PCDN_NG]( 4419): 37-12#137]task:url_no:27offset:6533812length:65536,did[59]sid[65]uno[27][12#138][12#138-12#138]task:url_no:27offset:6599348length:65536,","p2p_detail":"did[59]sid[65]uno[27][12#195-12#218]task:from:T2did[59]sid[65]uno[27][12#219-12#239]task:from:T2did[59]sid[65]uno[27][12#240-12#255]task:from:T2did[59]sid[65]uno[27][13#0-13#10]task:from:T2did[59]sid[65]uno[27][12#104-12#104]task:from:T2did[59]sid[65]uno[27][12#116-12#138]task:from:T2did[59]sid[65]uno[27][13#11-13#22]task:from:T2did[59]sid[65]uno[27][13#23-13#36]task:from:T2did[59]sid[65]uno[27][13#37-13#60]task:from:T2did[59]sid[65]uno[27][13#61-13#74]task:from:T2","controller":"123,123,123,123,123,123,123,123,123,123,","cdn_reason":"","p2p_reason":"","out_pcdn_reason":"0","down_id":"[12#138]","read_id":"[12#138]","down_buffer":"16800","playable_zone":"14208","play_speed":"1.000000","error_code":"0","ntk_last_report":"@BizType>pcdn_ng^yecs_downgrade>0^tcp_info>^yecs_list>^transfer_speeds>^strategyList>^hostIpList>125.94.42.155[2],125.94.42.156[1]^effectiveUrl>^header>Server%3ATengine-HSY%0AContent-Type%3Avideo%2Fmp4%0AContent-Length%3A65536%0AVia%3Aens-cache15.l2cn7146%5B0%2C0%2C304-0%2CH%5D%2C%20ens-cache40.l2cn7146%5B2%2C0%5D%2C%20ens-cache40.l2cn7146%5B2%2C0%5D%2C%20ens-cache26.cn8704%5B48%2C90%2C304-0%2CH%5D%2C%20ens-cache18.cn8704%5B94%2C0%5D%2Ccache23.hnchangsha-mp02%5B0%2C200-0%2CH%5D%2Ccache33.hnchangsha-mp02%5B1%2C206%5D%2Ccache05.gdgz-ct126%5B0%2C200-0%2CH%5D%2Ccache01.gdgz-ct126%5B2%2C206%5D%0AX-Cache%3AHIT%20TCP_MEM_HIT%0AContent-Range%3Abytes%206599348-6664883%2F10089637%0A^error_rtt>-1^firstBTime>14822^speed>3671.3^dnsType>2^httpCode>206^errorCodeList>0^yecs_error_codes>^cdnIp>125.94.42.155[2]^downloadSize>65536^url>^connectTime>98","down_id_from":"0","down_id_duration":"0.000000","crc":"0"}
11-03 17:08:34.489 E/DOWNLOADER_LOG( 4419): [NewPCDNDownloadFilter.cpp::UpdateRequestSize:1017] [tunnel:25][stream_id:93][player_id:24][67][67]size:11420382
11-03 17:08:34.489 E/DOWNLOADER_LOG( 4419): [RetryableStream.cpp::operator():1048] [tunnel:25][stream_id:93][24] open uri:http://valipl10.cp31.ott.cibntv.net/67756D6080932713CFC02204E/0501100000669B4DCC0467A4424B4B3097ED14-F4B3-466F-B55E-A2D791FCC5D0_video_00028.mp4?ccode=0103010102&duration=6917&expire=18000&psid=491b12ee9f6864cbd87f203b3325d02a42346&ups_client_netip=7157521f&ups_ts=1762160907&ups_userid=1400807978&utid=aQSc5ul7QxsDADFIplqlGPrV&vid=XNTk2NDM1MjEyOA%3D%3D&s=ddbf820df3884e3480f6&iv=1&eo=1&t=9e0de6505e515f1&cug=1&fms=46f28f0c1cdcd5ab&tr=6917&le=dd79ff955e68478725912d3c990803f2&ckt=5&m_onoff=0&rid=20000000BE2C224CE2BDABCB8431FEC525F7F0D702000000&type=cmfv5hd4_hbr_bit10&bc=2&dre=u151&si=573&dst=1&yk_pid=cd719a991a008182&sm=1&operate_type=1&app_key=23299685&app_ver=2131300103&vkey=B8edaa53ec895fe48ce9debd8232bf961&pcdn_did=59&pcdn_url_no=28 with level 1, result:0
11-03 17:08:34.489 E/DOWNLOADER_LOG( 4419): [RetryableStream.cpp::Open:1185] [tunnel:25][stream_id:93][24] retryable stream done with uri:http://valipl10.cp31.ott.cibntv.net/67756D6080932713CFC02204E/0501100000669B4DCC0467A4424B4B3097ED14-F4B3-466F-B55E-A2D791FCC5D0_video_00028.mp4?ccode=0103010102&duration=6917&expire=18000&psid=491b12ee9f6864cbd87f203b3325d02a42346&ups_client_netip=7157521f&ups_ts=1762160907&ups_userid=1400807978&utid=aQSc5ul7QxsDADFIplqlGPrV&vid=XNTk2NDM1MjEyOA%3D%3D&s=ddbf820df3884e3480f6&iv=1&eo=1&t=9e0de6505e515f1&cug=1&fms=46f28f0c1cdcd5ab&tr=6917&le=dd79ff955e68478725912d3c990803f2&ckt=5&m_onoff=0&rid=20000000BE2C224CE2BDABCB8431FEC525F7F0D702000000&type=cmfv5hd4_hbr_bit10&bc=2&dre=u151&si=573&dst=1&yk_pid=cd719a991a008182&sm=1&operate_type=1&app_key=23299685&app_ver=2131300103&vkey=B8edaa53ec895fe48ce9debd8232bf961&pcdn_did=59&pcdn_url_no=28 with level 1, result:0
11-03 17:08:34.490 E/DnaLog[SourceParserCmafSub][24]( 4419): [SubType:1] YKStreamMsgCB MSG_DATASOURCE_READ_SEGMENT_START, SeqNumber:29, GearIndex:-1, StreamType:
11-03 17:08:34.490 E/DOWNLOADER_LOG( 4419): [RetryableStream.cpp::Close:1348] [tunnel:25][stream_id:91][KeyFlow] close stream [cdn_ip:125.94.42.155][url:http://valipl10.cp31.ott.cibntv.net/67756D6080932713CFC02204E/0501100000669B4DCC0467A4424B4B3097ED14-F4B3-466F-B55E-A2D791FCC5D0_video_00027.mp4?ccode=0103010102&duration=6917&expire=18000&psid=491b12ee9f6864cbd87f203b3325d02a42346&ups_client_netip=7157521f&ups_ts=1762160907&ups_userid=1400807978&utid=aQSc5ul7QxsDADFIplqlGPrV&vid=XNTk2NDM1MjEyOA%3D%3D&s=ddbf820df3884e3480f6&iv=1&eo=1&t=9e0de6505e515f1&cug=1&fms=46f28f0c1cdcd5ab&tr=6917&le=dd79ff955e68478725912d3c990803f2&ckt=5&m_onoff=0&rid=20000000BE2C224CE2BDABCB8431FEC525F7F0D702000000&type=cmfv5hd4_hbr_bit10&bc=2&dre=u151&si=573&dst=1&yk_pid=cd719a991a008182&sm=1&operate_type=1&app_key=23299685&app_ver=2131300103&vkey=Bf4cbe52decc0cb11ea049bed1fce280d&pcdn_did=59&pcdn_url_no=27]
11-03 17:08:34.490 E/DOWNLOADER_LOG( 4419): [RetryableStream.cpp::Close:1382] [tunnel:25][stream_id:91]tunnelstat:b0>0^b1>0^b2>0^b3>0^b1r>0^b3r>0^pcdn>
11-03 17:08:34.491 E/DOWNLOADER_LOG( 4419): [NewPCDNDownloadFilter.cpp::Close:820] [tunnel:25][stream_id:91][player_id:24][65]Close size:10089637totalSize:10089637
11-03 17:08:34.495 I/audio_hw_hal_primary( 461): [audiohal_get_latency:1036] io 13: out:0xf1bc39d0 frames:1024 rate:48000 whole_latency:21 alsa_latency:21
11-03 17:08:34.503 I/audio_hw_hal_primary( 461): [audiohal_get_latency:1036] io 13: out:0xf1bc39d0 frames:1152 rate:48000 whole_latency:24 alsa_latency:24
11-03 17:08:34.506 E/DOWNLOADER_LOG( 4419): [NewPCDNDownloadFilter.cpp::Read:770] [tunnel:25][stream_id:92][player_id:24][66]read eof 355528totalsize:355528
11-03 17:08:34.508 E/DOWNLOADER_LOG( 4419): [NewPCDNDownloadFilter.cpp::ReportLastInfo:978] [tunnel:25][stream_id:92][player_id:24][66]pcdn excInfo:out_pcdn>0^out_ec>0^pcdn_ng_crc>0^pcdn_ng_cdn>0^pcdn_ng_range>0--1^pcdn_ng_size>355528^dp1>9^dp2>11^dp3>0^ep1>0^ep2>0^ep3>0^dw_bytes>6291456
11-03 17:08:34.508 E/DOWNLOADER_LOG( 4419): [RetryableStream.cpp::Read:1229] [tunnel:25][stream_id:92][24] internalRead level:1, downgrade switch:0, stream time out:0, result:5, result size:0
11-03 17:08:34.508 E/DOWNLOADER_LOG( 4419): [RetryableStream.cpp::Read:1269] [tunnel:25][stream_id:92][24] read result:5, second:5, level:1, size:0, packet size:37688, hash:0, offset:355528, hsoffset:0, heoffset:0, vid:(null), file:0501550000656DA7255A99E7C14A78CB7B1E11-3353-4F66-8934-CE3FA28A1B64_audio_00027, internal duration:1, duration:1
11-03 17:08:34.509 W/YKABRLog[[ABR]]( 4419): CABRStrategy::setExternalSpeedValue 461514 Bps, limit (0, 125000000], use external speed 1
11-03 17:08:34.514 E/DOWNLOADER_LOG( 4419): [RetryableStream.cpp::Open:924] [tunnel:25][stream_id:94][24] RetryableStream open url:http://valipl10.cp31.ott.cibntv.net/65732B48C713D71C024043C81/0501550000656DA7255A99E7C14A78CB7B1E11-3353-4F66-8934-CE3FA28A1B64_audio_00028.mp4?ccode=0103010102&duration=0&expire=18000&psid=491b12ee9f6864cbd87f203b3325d02a42346&ups_client_netip=7157521f&ups_ts=1762160907&ups_userid=1400807978&apscid=&mnid=&rid=2000000066947585B0D6C420FA083B898B4704DA02000000&operate_type=1&umt=1&type=cmfa4hd3_51&utid=aQSc5ul7QxsDADFIplqlGPrV&vid=XNTk2NDM1MjEyOA%3D%3D&s=ddbf820df3884e3480f6&iv=1&t=9e0de6505e515f2&cug=2&bc=2&si=583&eo=1&ykfs=353480&ckt=5&m_onoff=0&vkey=Bca3bc1dde0e69febb25175d408dba761&fms=4c06aa114c65e8a2&tr=6902&le=2c4b8f25669fb0fc0813ebfb36f1d46e&yk_pid=cd719a991a008182&app_key=23299685&app_ver=2131300103&pcdn_did=61&pcdn_url_no=28, need trace:0, default_pack_size:32768
11-03 17:08:34.515 E/DOWNLOADER_LOG( 4419): [CacheWriter.cpp::AcquireDataStore:705] AcquireDataStore,miss cache:0501550000656DA7255A99E7C14A78CB7B1E11-3353-4F66-8934-CE3FA28A1B64_audio_00028
11-03 17:08:34.515 I/audio_hw_hal_primary( 461): [audiohal_get_latency:1036] io 13: out:0xf1bc39d0 frames:1152 rate:48000 whole_latency:24 alsa_latency:24
11-03 17:08:34.515 E/DOWNLOADER_LOG( 4419): [CacheDownloadFilter.cpp::ShouldRespond:111] memory data store:nullptr
11-03 17:08:34.516 D/audioserver( 503): logFgsApiEnd: FGS Logger Transaction failed, -129
11-03 17:08:34.517 E/DOWNLOADER_LOG( 4419): [NewPCDNDownloadFilter.cpp::ShouldRespond:340] [playerid:24] isFreeFlow=0 url=http://valipl10.cp31.ott.cibntv.net/65732B48C713D71C024043C81/0501550000656DA7255A99E7C14A78CB7B1E11-3353-4F66-8934-CE3FA28A1B64_audio_00028.mp4?ccode=0103010102&duration=0&expire=18000&psid=491b12ee9f6864cbd87f203b3325d02a42346&ups_client_netip=7157521f&ups_ts=1762160907&ups_userid=1400807978&apscid=&mnid=&rid=2000000066947585B0D6C420FA083B898B4704DA02000000&operate_type=1&umt=1&type=cmfa4hd3_51&utid=aQSc5ul7QxsDADFIplqlGPrV&vid=XNTk2NDM1MjEyOA%3D%3D&s=ddbf820df3884e3480f6&iv=1&t=9e0de6505e515f2&cug=2&bc=2&si=583&eo=1&ykfs=353480&ckt=5&m_onoff=0&vkey=Bca3bc1dde0e69febb25175d408dba761&fms=4c06aa114c65e8a2&tr=6902&le=2c4b8f25669fb0fc0813ebfb36f1d46e&yk_pid=cd719a991a008182&app_key=23299685&app_ver=2131300103&pcdn_did=61&pcdn_url_no=28
11-03 17:08:34.518 E/DOWNLOADER_LOG( 4419): [RetryableStream.cpp::operator():1999] [tunnel:25][stream_id:94]FLOWRATE-> MonitorHook OnOpen curl_level: 1
11-03 17:08:34.515 I/CPUMonitor( 4419): type=1400 audit(0.0:3730): avc: denied { read } for name="loadavg" dev="proc" ino=4026532001 scontext=u:r:untrusted_app_25:s0:c512,c768 tcontext=u:object_r:proc_loadavg:s0 tclass=file permissive=1 app=com.cibn.tv
11-03 17:08:34.530 E/DnaLog[util trace][24]( 4419): [DNAEvent_Abnormal:SectionTimeout]module name:audio consumer, SectionName:RenderOutput, cost: 160/164744, 1762160914530262 - 1762160914365518
11-03 17:08:34.515 I/CPUMonitor( 4419): type=1400 audit(0.0:3731): avc: denied { open } for path="/proc/loadavg" dev="proc" ino=4026532001 scontext=u:r:untrusted_app_25:s0:c512,c768 tcontext=u:object_r:proc_loadavg:s0 tclass=file permissive=1 app=com.cibn.tv
11-03 17:08:34.537 F/[PCDN_NG]( 4419): [reader.cpp::access_log_commit:453] T_access utdid:did[61]sid[66]uno[27] content:
11-03 17:08:34.538 E/[PCDN_NG]( 4419): [reader.cpp::access_log_commit:453] T_access utdid:did[61]sid[66]uno[27] content:
11-03 17:08:34.538 F/[PCDN_NG]( 4419): {"peer_id":"300000017BFFB69425639CDB7D8DBFDCBF8B06E2","utdid":"aQSc5ul7QxsDADFIplqlGPrV","version":"10.25.2.4140","proxy_type":"11","server_type":"1","dnsType":"","did":"61","sid":"66","index":"27","file_size":"355528","content_length":"355528","body_send":"355528","out_byte":"355528","downloaded":"355528","play_time":"1","speed":"355528","completed_":"1","pcdn_reader_start_ts":"1762160910202","pcdn_determine_t1_ts":"0","pcdn_send_complete_ts":"1762160910202","ttfb":"0","request_range":"0--1","offset":"0","rid":"2000000066947585B0D6C420FA083B898B4704DA02000000","time_stamp":"1762160914537","cdn_url":"http://valipl10.cp31.ott.cibntv.net/6774C0ECEEE3971A243BF43B3/0501550000656DA7255A99E7C14A78CB7B1E11-3353-4F66-8934-CE3FA28A1B64_audio_00027.mp4?ccode=0103010102&duration=0&expire=18000&psid=491b12ee9f6864cbd87f203b3325d02a42346&ups_client_netip=7157521f&ups_ts=1762160907&ups_userid=1400807978&apscid=&mnid=&rid=2000000066947585B0D6C420FA083B898B4704DA02000000&operate_type=1&umt=1&type=cmfa4hd3_51&utid=aQSc5ul7Qx
11-03 17:08:34.538 E/[PCDN_NG]( 4419): {"peer_id":"300000017BFFB69425639CDB7D8DBFDCBF8B06E2","utdid":"aQSc5ul7QxsDADFIplqlGPrV","version":"10.25.2.4140","proxy_type":"11","server_type":"1","dnsType":"","did":"61","sid":"66","index":"27","file_size":"355528","content_length":"355528","body_send":"355528","out_byte":"355528","downloaded":"355528","play_time":"1","speed":"355528","completed_":"1","pcdn_reader_start_ts":"1762160910202","pcdn_determine_t1_ts":"0","pcdn_send_complete_ts":"1762160910202","ttfb":"0","request_range":"0--1","offset":"0","rid":"2000000066947585B0D6C420FA083B898B4704DA02000000","time_stamp":"1762160914537","cdn_url":"http://valipl10.cp31.ott.cibntv.net/6774C0ECEEE3971A243BF43B3/0501550000656DA7255A99E7C14A78CB7B1E11-3353-4F66-8934-CE3FA28A1B64_audio_00027.mp4?ccode=0103010102&duration=0&expire=18000&psid=491b12ee9f6864cbd87f203b3325d02a42346&ups_client_netip=7157521f&ups_ts=1762160907&ups_userid=1400807978&apscid=&mnid=&rid=2000000066947585B0D6C420FA083B898B4704DA02000000&operate_type=1&umt=1&type=cmfa4hd3_51&utid=aQSc5ul7QxsDADFIplqlGPrV&vid=XNTk2NDM1MjEyOA%3D%3D&s=ddbf820df3884e3480f6&iv=1&t=9e0de6505e515f2&cug=2&bc=2&si=583&eo=1&ykfs=355528&ckt=5&m_onoff=0&vkey=B5a9b40dfef499328e464d4de33c15978&fms=4c06aa114c65e8a2&tr=6902&le=2c4b8f25669fb0fc0813ebfb36f1d46e&yk_pid=cd719a991a008182&app_key=23299685&app_ver=2131300103","domain":"pl.cp31.ott.cibntv.net","ctl_cost_time":"0","ips":"","t1_down_spy":"0","t2_down_spy":"0","t3_down_spy":"0","t31_down_spy":"0","from_beat":"1","cdn_detail":"","p2p_detail":"did[61]sid[66]uno[27][1#174-1#179]task:from:T2did[61]sid[66]uno[27][1#180-1#209]task:from:T2did[61]sid[66]uno[27][1#210-1#218]task:from:T2did[61]sid[66]uno[27][1#188-1#188]task:from:T2did[61]sid[66]uno[27][1#197-1#197]task:from:T2did[61]sid[66]uno[27][1#200-1#200]task:from:T2did[61]sid[66]uno[27][1#219-1#219]task:from:T2","controller":"23,23,23,23,","cdn_reason":"","p2p_reason":"","out_pcdn_reason":"0","down_id":"[1#188]","read_id":"[1#168]","down_buffer":"55146","playable_zone":"14208"
11-03 17:08:34.539 F/[PCDN_NG]( 4419): ,"play_speed":"1.000000","error_code":"0","ntk_last_report":"","down_id_from":"0","down_id_duration":"0.000000","crc":"0"}
11-03 17:08:34.539 E/[PCDN_NG]( 4419): ,"play_speed":"1.000000","error_code":"0","ntk_last_report":"","down_id_from":"0","down_id_duration":"0.000000","crc":"0"}
11-03 17:08:34.540 E/DOWNLOADER_LOG( 4419): [NewPCDNDownloadFilter.cpp::UpdateRequestSize:1017] [tunnel:25][stream_id:94][player_id:24][68][68]size:353480
11-03 17:08:34.541 E/DOWNLOADER_LOG( 4419): [NewPCDNDownloadFilter.cpp::SetDownloadComplete:847] filesize is 353480 data received cost 0 total cost 22
11-03 17:08:34.541 E/DOWNLOADER_LOG( 4419): [RetryableStream.cpp::operator():1048] [tunnel:25][stream_id:94][24] open uri:http://valipl10.cp31.ott.cibntv.net/65732B48C713D71C024043C81/0501550000656DA7255A99E7C14A78CB7B1E11-3353-4F66-8934-CE3FA28A1B64_audio_00028.mp4?ccode=0103010102&duration=0&expire=18000&psid=491b12ee9f6864cbd87f203b3325d02a42346&ups_client_netip=7157521f&ups_ts=1762160907&ups_userid=1400807978&apscid=&mnid=&rid=2000000066947585B0D6C420FA083B898B4704DA02000000&operate_type=1&umt=1&type=cmfa4hd3_51&utid=aQSc5ul7QxsDADFIplqlGPrV&vid=XNTk2NDM1MjEyOA%3D%3D&s=ddbf820df3884e3480f6&iv=1&t=9e0de6505e515f2&cug=2&bc=2&si=583&eo=1&ykfs=353480&ckt=5&m_onoff=0&vkey=Bca3bc1dde0e69febb25175d408dba761&fms=4c06aa114c65e8a2&tr=6902&le=2c4b8f25669fb0fc0813ebfb36f1d46e&yk_pid=cd719a991a008182&app_key=23299685&app_ver=2131300103&pcdn_did=61&pcdn_url_no=28 with level 1, result:0
11-03 17:08:34.541 E/DOWNLOADER_LOG( 4419): [RetryableStream.cpp::Open:1185] [tunnel:25][stream_id:94][24] retryable stream done with uri:http://valipl10.cp31.ott.cibntv.net/65732B48C713D71C024043C81/0501550000656DA7255A99E7C14A78CB7B1E11-3353-4F66-8934-CE3FA28A1B64_audio_00028.mp4?ccode=0103010102&duration=0&expire=18000&psid=491b12ee9f6864cbd87f203b3325d02a42346&ups_client_netip=7157521f&ups_ts=1762160907&ups_userid=1400807978&apscid=&mnid=&rid=2000000066947585B0D6C420FA083B898B4704DA02000000&operate_type=1&umt=1&type=cmfa4hd3_51&utid=aQSc5ul7QxsDADFIplqlGPrV&vid=XNTk2NDM1MjEyOA%3D%3D&s=ddbf820df3884e3480f6&iv=1&t=9e0de6505e515f2&cug=2&bc=2&si=583&eo=1&ykfs=353480&ckt=5&m_onoff=0&vkey=Bca3bc1dde0e69febb25175d408dba761&fms=4c06aa114c65e8a2&tr=6902&le=2c4b8f25669fb0fc0813ebfb36f1d46e&yk_pid=cd719a991a008182&app_key=23299685&app_ver=2131300103&pcdn_did=61&pcdn_url_no=28 with level 1, result:0
11-03 17:08:34.541 E/DOWNLOADER_LOG( 4419): [RetryableStream.cpp::Close:1348] [tunnel:25][stream_id:92][KeyFlow] close stream [cdn_ip:125.94.42.155][url:http://valipl10.cp31.ott.cibntv.net/6774C0ECEEE3971A243BF43B3/0501550000656DA7255A99E7C14A78CB7B1E11-3353-4F66-8934-CE3FA28A1B64_audio_00027.mp4?ccode=0103010102&duration=0&expire=18000&psid=491b12ee9f6864cbd87f203b3325d02a42346&ups_client_netip=7157521f&ups_ts=1762160907&ups_userid=1400807978&apscid=&mnid=&rid=2000000066947585B0D6C420FA083B898B4704DA02000000&operate_type=1&umt=1&type=cmfa4hd3_51&utid=aQSc5ul7QxsDADFIplqlGPrV&vid=XNTk2NDM1MjEyOA%3D%3D&s=ddbf820df3884e3480f6&iv=1&t=9e0de6505e515f2&cug=2&bc=2&si=583&eo=1&ykfs=355528&ckt=5&m_onoff=0&vkey=B5a9b40dfef499328e464d4de33c15978&fms=4c06aa114c65e8a2&tr=6902&le=2c4b8f25669fb0fc0813ebfb36f1d46e&yk_pid=cd719a991a008182&app_key=23299685&app_ver=2131300103&pcdn_did=61&pcdn_url_no=27]
11-03 17:08:34.542 E/DOWNLOADER_LOG( 4419): [RetryableStream.cpp::Close:1382] [tunnel:25][stream_id:92]tunnelstat:b0>0^b1>0^b2>0^b3>0^b1r>0^b3r>0^pcdn>
11-03 17:08:34.542 E/DOWNLOADER_LOG( 4419): [NewPCDNDownloadFilter.cpp::Close:820] [tunnel:25][stream_id:92][player_id:24][66]Close size:355528totalSize:355528
11-03 17:08:34.515 I/CPUMonitor( 4419): type=1400 audit(0.0:3732): avc: denied { getattr } for path="/proc/loadavg" dev="proc" ino=4026532001 scontext=u:r:untrusted_app_25:s0:c512,c768 tcontext=u:object_r:proc_loadavg:s0 tclass=file permissive=1 app=com.cibn.tv
11-03 17:08:34.584 E/DnaLog[player_monitor][24]( 4419): [DNAEvent_Normal:ReportPlayAbnormal]eventType(60), mExpModule(10) mLastErrorCode(0) mNewAbnormalType(60)
11-03 17:08:34.585 E/DnaLog[player_monitor][24]( 4419): CPlayerMonitor::InitReportInfos key player_monitor_msg_sourcer_infos, output vpPackets:1/1&apPackets:0/0&sState:1&soState:1&spType:0&sname:OpenSourceWrapper&sextBuf:20787/0/0&sstep:-1&duration:6917
11-03 17:08:34.585 E/DnaLog[player_monitor][24]( 4419): CPlayerMonitor::InitReportInfos key player_monitor_msg_decoder_infos, output vpFrames:0/0&apFrames:1/1&dvState:1&daState:1&dvoState:1&daoState:1&dvpType:0&dapType:0&dvstep:-1&dastep:-1
11-03 17:08:34.585 E/DnaLog[player_monitor][24]( 4419): CPlayerMonitor::InitReportInfos key player_monitor_msg_consumer_infos, output cvState:1&caState:1&cvoState:1&caoState:1&cvpType:0&capType:0&cvstep:-1&castep:-1
11-03 17:08:34.585 E/DnaLog[player_monitor][24]( 4419): CPlayerMonitor::InitReportInfos key player_monitor_msg_other_infos, output textureSize:0x0&errorCode:0
11-03 17:08:34.585 E/DnaLog[player_monitor][24]( 4419): CPlayerMonitor::InitReportInfos key player_monitor_msg_new_abnormal_infos, output ver:2&ablock:0,0,0,0,0&vblock:0,0,0,0,0&aunsmooth:0,0,0,0,0&vunsmooth:2,2,12,0,2&unsync:0,0,0&dna2:1&enableFrameStructDrop:1&enableSpeedActiveDrop:1&SpeedLowRateDrop:1&audio_render_device_id:101&speakerMode:0&srtype:0&srRunMode:0&pcdnng:1
11-03 17:08:34.585 E/DnaLog[player_monitor][24]( 4419): CPlayerMonitor::InitExtraInfos output:[sourceInfos=vpPackets:1/1&apPackets:0/0&sState:1&soState:1&spType:0&sname:OpenSourceWrapper&sextBuf:20787/0/0&sstep:-1&duration:6917];[decoderInfos=vpFrames:0/0&apFrames:1/1&dvState:1&daState:1&dvoState:1&daoState:1&dvpType:0&dapType:0&dvstep:-1&dastep:-1];[consumerInfos=cvState:1&caState:1&cvoState:1&caoState:1&cvpType:0&capType:0&cvstep:-1&castep:-1];[otherInfos=textureSize:0x0&errorCode:0];[newabnormalInfos=ver:2&ablock:0,0,0,0,0&vblock:0,0,0,0,0&aunsmooth:0,0,0,0,0&vunsmooth:2,2,12,0,2&unsync:0,0,0&dna2:1&enableFrameStructDrop:1&enableSpeedActiveDrop:1&SpeedLowRateDrop:1&audio_render_device_id:101&speakerMode:0&srtype:0&srRunMode:0&pcdnng:1];
11-03 17:08:34.587 I/ALIX_LOG( 4419): [alix::Para alix::MiscNotificationHandler::AdoMonitorMsgProcess(int, int, aliplayer::Param):953] [ZMONITOR]:CManagerChiengmai we get player monitor msg, extra(0)
11-03 17:08:34.588 I/ALIX_LOG( 4419): [alix::Para alix::MiscNotificationHandler::AdoMonitorMsgProcess(int, int, aliplayer::Param):1071] [ZMONITOR]:CManagerChiengmai MEDIA_INFO_PLAYER_MONITOR_DETAIL str(currentIndex=1;eventType=60;errorCode=10;currentDropFrames=0;currentUnsyncCount=2;currentPlaytime=5;decodingType=2;videoCodec=1;videoDecodeDroppedFramesTotal=-17400;videoRenderDroppedFramesTotal=0;audioDecodeDroppedFramesTotal=0;audioRenderDroppedFramesTotal=0;audioDecodeInputTotal=219;audioDecodeOutputTotal=217;videoDecodeInputTotal=145;videoDecodeOutputTotal=126;frameRate=24;sampleRate=48000;audioLatency=1709;speed=1;avgVideoDecodeFrameRate=22.7068;avgAuidoDecodeFrameRate=39.1061;avgVideoRenderFrameRate=16.0389;avgAudioRenderFrameRate=3347.63;avgVideoRenderCost=1;videoSourcePacketNum=507;audioSourcePacketNum=643;videoSourceBytes=15195109;audioSourceBytes=658432;videoSourcePipelineNum=150;audioSourcePipelineNum=219;audioFilters=256;videoFilters=0;avgVideoDecodeCost=29;feedType=0;)
11-03 17:08:34.671 I/HTTP_KIT_LOG( 4419): [Send:235] SCENE_PCDN_NG:[jobId_288] Send url http://valipl10.cp31.ott.cibntv.net/67756D6080932713CFC02204E/0501100000669B4DCC0467A4424B4B3097ED14-F4B3-466F-B55E-A2D791FCC5D0_video_00028.mp4?ccode=0103010102&duration=6917&expire=18000&psid=491b12ee9f6864cbd87f203b3325d02a42346&ups_client_netip=7157521f&ups_ts=1762160907&ups_userid=1400807978&utid=aQSc5ul7QxsDADFIplqlGPrV&vid=XNTk2NDM1MjEyOA%3D%3D&s=ddbf820df3884e3480f6&iv=1&eo=1&t=9e0de6505e515f1&cug=1&fms=46f28f0c1cdcd5ab&tr=6917&le=dd79ff955e68478725912d3c990803f2&ckt=5&m_onoff=0&rid=20000000BE2C224CE2BDABCB8431FEC525F7F0D702000000&type=cmfv5hd4_hbr_bit10&bc=2&dre=u151&si=573&dst=1&yk_pid=cd719a991a008182&sm=1&operate_type=1&app_key=23299685&app_ver=2131300103&vkey=B8edaa53ec895fe48ce9debd8232bf961
11-03 17:08:34.671 I/HTTP_KIT_LOG( 4419): [UpdateConfig:108] SCENE_PCDN_NG:[jobId_288] dump config:Range :bytes=4701711-4767246
11-03 17:08:34.671 I/HTTP_KIT_LOG( 4419): [UpdateUrl:66] use domain valipl10.cp31.ott.cibntv.net
11-03 17:08:34.671 I/HTTP_KIT_LOG( 4419): [InstallTimer:128] SCENE_PCDN_NG:[jobId_288] start open timeout timer=999999
11-03 17:08:34.671 E/HTTP_KIT_LOG( 4419): [Lookup:118] SCENE_PCDN_NG:[jobId_288] SmartDns use cache domain:valipl10.cp31.ott.cibntv.net addrs:125.94.42.155[2],125.94.42.156[1],
11-03 17:08:34.672 I/HTTP_KIT_LOG( 4419): [AddRequestHeader:498] job:SCENE_PCDN_NG:[jobId_288] add header:[ range_from:4701711,cur_download:0 | User-Agent :Youku-ntk;Android;13.0.1.3;Scene4
11-03 17:08:34.672 I/HTTP_KIT_LOG( 4419): Range :bytes=4701711-4767246
11-03 17:08:34.672 I/HTTP_KIT_LOG( 4419): | Add Ip Resolve: 125.94.42.155 ]
11-03 17:08:34.752 D/OPR_v3_OPRDanmakuModule( 4419): OPRDanmakuModule updatePosition: 324232
11-03 17:08:34.758 I/HTTP_KIT_LOG( 4419): [StopTimer:165] SCENE_PCDN_NG:[jobId_288] stop open timeout timer
11-03 17:08:34.758 E/HTTP_KIT_LOG( 4419): [OnResponse:205] SCENE_PCDN_NG:[jobId_288] OnResponse content-length:65536 of content-type:video/mp4, file-size:11420382
11-03 17:08:34.758 E/HTTP_KIT_LOG( 4419): headers:Content-Range:bytes 4701711-4767246/11420382
11-03 17:08:34.758 E/HTTP_KIT_LOG( 4419): Etag:"37D5FBB9AB5E83B193BB7058D7E17F0D"
11-03 17:08:34.758 E/HTTP_KIT_LOG( 4419): Via:cache37.l2cn7488[0,14,200-0,H], cache4.l2cn7488[17,0], ens-cache2.cn6791[0,19,304-0,H], ens-cache13.cn6791[21,0],cache01.jslianyungang-mp01[23,200-0,H],cache29.jslianyungang-mp01[23,206],cache06.gdgz-ct126[0,200-0,H],cache01.gdgz-ct126[2,206]
11-03 17:08:34.769 I/HTTP_KIT_LOG( 4419): [operator():492] SCENE_PCDN_NG:[jobId_288] notify response
11-03 17:08:34.770 I/[NIP] ( 4419): [ng handler] update remote cfg last:1762160904757, cur:1762160914768
11-03 17:08:34.770 E/OTTPlayer( 4419): [NIP] [NIP][ng handler] update remote cfg last:1762160904757, cur:1762160914768
11-03 17:08:34.770 I/HTTP_KIT_LOG( 4419): [operator():463] SCENE_PCDN_NG:[jobId_288] notify complete
11-03 17:08:34.780 I/HTTP_KIT_LOG( 4419): [Close:281] SCENE_PCDN_NG:[jobId_288] Close
11-03 17:08:34.781 I/HTTP_KIT_LOG( 4419): [PrintStr:417] SCENE_PCDN_NG:[jobId_288] ReportStat: {"appconnectTime":210.99,"connectTime":210.99,"dnsTime":234.0,"downloadSize":65536.0,"downloadTime":89073.0,"error_rtt":-1.0,"firstBTime":86740.0,"firstKBTime":86740.0,"firstMBTime":0.0,"last32KTime":86740.0,"redirectTime":0.0,"speed":735.75,"starttransferTime":84532.0}
11-03 17:08:34.786 I/HTTP_KIT_LOG( 4419): [Send:235] SCENE_PCDN_NG:[jobId_289] Send url http://pgw-tel-cld-sl.alicdn.com:80/address
11-03 17:08:34.786 I/HTTP_KIT_LOG( 4419): [UpdateConfig:108] SCENE_PCDN_NG:[jobId_289] dump config:content-type :application/octet-stream
11-03 17:08:34.786 I/HTTP_KIT_LOG( 4419): Accept :application/yk-zip-compressed
11-03 17:08:34.786 I/HTTP_KIT_LOG( 4419): [UpdateUrl:66] use domain pgw-tel-cld-sl.alicdn.com:80
