11-03 17:01:58.865 D/SystemServerTimingAsync( 697): ssm.onUnlockedUser-0_com.android.server.os.NativeTombstoneManagerService
11-03 17:01:58.865 D/SystemServerTimingAsync( 697): ssm.onUnlockedUser-0_com.android.server.os.BugreportManagerService
11-03 17:01:58.865 D/SystemServerTimingAsync( 697): ssm.onUnlockedUser-0_com.android.server.gpu.GpuService
11-03 17:01:58.865 D/SystemServerTimingAsync( 697): ssm.onUnlockedUser-0_com.android.server.security.rkp.RemoteProvisioningService
11-03 17:01:58.865 D/SystemServerTimingAsync( 697): ssm.onUnlockedUser-0_com.android.server.security.KeyChainSystemService
11-03 17:01:58.865 D/SystemServerTimingAsync( 697): ssm.onUnlockedUser-0_com.android.server.BinaryTransparencyService
11-03 17:01:58.865 D/AppWidgetServiceImpl( 697): Unable to load widget provider info from xml for ComponentInfo{com.tencent.qqmusictv/com.tencent.qqmusiccar.syswidget.WidgetProviderMiddle}
11-03 17:01:58.865 D/SystemServerTimingAsync( 697): ssm.onUnlockedUser-0_com.android.server.accounts.AccountManagerService$Lifecycle
11-03 17:01:58.865 D/SystemServerTimingAsync( 697): ssm.onUnlockedUser-0_com.android.server.content.ContentService$Lifecycle
11-03 17:01:58.865 D/SystemServerTimingAsync( 697): ssm.onUnlockedUser-0_com.android.server.deviceconfig.DeviceConfigInit$Lifecycle
11-03 17:01:58.865 D/SystemServerTimingAsync( 697): ssm.onUnlockedUser-0_com.android.server.DropBoxManagerService
11-03 17:01:58.865 D/SystemServerTimingAsync( 697): ssm.onUnlockedUser-0_com.android.role.RoleService
11-03 17:01:58.865 D/SystemServerTimingAsync( 697): ssm.onUnlockedUser-0_com.android.server.vibrator.VibratorManagerService$Lifecycle
11-03 17:01:58.865 D/SystemServerTimingAsync( 697): ssm.onUnlockedUser-0_com.android.server.tare.InternalResourceService
11-03 17:01:58.865 D/SystemServerTimingAsync( 697): ssm.onUnlockedUser-0_com.android.server.alarm.AlarmManagerService
11-03 17:01:58.865 D/SystemServerTimingAsync( 697): ssm.onUnlockedUser-0_com.android.server.devicestate.DeviceStateManagerService
11-03 17:01:58.865 D/SystemServerTimingAsync( 697): ssm.onUnlockedUser-0_com.android.server.camera.CameraServiceProxy
11-03 17:01:58.866 D/SystemServerTimingAsync( 697): ssm.onUnlockedUser-0_com.android.server.bluetooth.BluetoothService
11-03 17:01:58.866 D/SystemServerTimingAsync( 697): ssm.onUnlockedUser-0_com.android.server.connectivity.IpConnectivityMetrics
11-03 17:01:58.866 D/SystemServerTimingAsync( 697): ssm.onUnlockedUser-0_com.android.server.net.watchlist.NetworkWatchlistService$Lifecycle
11-03 17:01:58.866 D/SystemServerTimingAsync( 697): ssm.onUnlockedUser-0_com.android.server.PinnerService
11-03 17:01:58.866 D/SystemServerTimingAsync( 697): ssm.onUnlockedUser-0_com.android.server.integrity.AppIntegrityManagerService
11-03 17:01:58.866 D/AppWidgetServiceImpl( 697): Unable to load widget provider info from xml for ComponentInfo{com.netease.cloudmusic.tv/com.netease.cloudmusic.module.appwidget.PlayerWidget}
11-03 17:01:58.866 D/SystemServerTimingAsync( 697): ssm.onUnlockedUser-0_com.android.server.logcat.LogcatManagerService
11-03 17:01:58.866 D/SystemServerTimingAsync( 697): ssm.onUnlockedUser-0_com.android.server.inputmethod.InputMethodManagerService$Lifecycle
11-03 17:01:58.866 D/SystemServerTimingAsync( 697): ssm.onUnlockedUser-0_com.android.server.accessibility.AccessibilityManagerService$Lifecycle
11-03 17:01:58.866 D/SystemServerTimingAsync( 697): ssm.onUnlockedUser-0_com.android.server.StorageManagerService$Lifecycle
11-03 17:01:58.866 D/SystemServerTimingAsync( 697): ssm.onUnlockedUser-0_com.android.server.usage.StorageStatsService$Lifecycle
11-03 17:01:58.866 D/SystemServerTimingAsync( 697): ssm.onUnlockedUser-0_com.android.server.UiModeManagerService
11-03 17:01:58.866 D/SystemServerTimingAsync( 697): ssm.onUnlockedUser-0_com.android.server.locales.LocaleManagerService
11-03 17:01:58.866 D/SystemServerTimingAsync( 697): ssm.onUnlockedUser-0_com.android.server.grammaticalinflection.GrammaticalInflectionService
11-03 17:01:58.866 D/SystemServerTimingAsync( 697): ssm.onUnlockedUser-0_com.android.server.apphibernation.AppHibernationService
11-03 17:01:58.866 D/SystemServerTimingAsync( 697): ssm.onUnlockedUser-0_com.android.server.locksettings.LockSettingsService$Lifecycle
11-03 17:01:58.866 D/SystemServerTimingAsync( 697): ssm.onUnlockedUser-0_com.android.server.PersistentDataBlockService
11-03 17:01:58.866 D/SystemServerTimingAsync( 697): ssm.onUnlockedUser-0_com.android.server.testharness.TestHarnessModeService
11-03 17:01:58.866 D/SystemServerTimingAsync( 697): ssm.onUnlockedUser-0_com.android.server.oemlock.OemLockService
11-03 17:01:58.866 D/SystemServerTimingAsync( 697): ssm.onUnlockedUser-0_com.android.server.DeviceIdleController
11-03 17:01:58.866 D/SystemServerTimingAsync( 697): ssm.onUnlockedUser-0_com.android.server.devicepolicy.DevicePolicyManagerService$Lifecycle
11-03 17:01:58.866 D/AppWidgetServiceImpl( 697): Unable to load widget provider info from xml for ComponentInfo{com.netease.cloudmusic.tv/com.netease.cloudmusic.module.appwidget.PlayerWidgetFourTwo}
11-03 17:01:58.866 D/SystemServerTimingAsync( 697): ssm.onUnlockedUser-0_com.android.server.texttospeech.TextToSpeechManagerService
11-03 17:01:58.866 D/SystemServerTimingAsync( 697): ssm.onUnlockedUser-0_com.android.server.ambientcontext.AmbientContextManagerService
11-03 17:01:58.867 D/SystemServerTimingAsync( 697): ssm.onUnlockedUser-0_com.android.server.wearable.WearableSensingManagerService
11-03 17:01:58.867 D/SystemServerTimingAsync( 697): ssm.onUnlockedUser-0_com.android.server.speech.SpeechRecognitionManagerService
11-03 17:01:58.867 D/SystemServerTimingAsync( 697): ssm.onUnlockedUser-0_com.android.server.searchui.SearchUiManagerService
11-03 17:01:58.867 D/SystemServerTimingAsync( 697): ssm.onUnlockedUser-0_com.android.server.smartspace.SmartspaceManagerService
11-03 17:01:58.867 D/SystemServerTimingAsync( 697): ssm.onUnlockedUser-0_com.android.server.graphics.fonts.FontManagerService$Lifecycle
11-03 17:01:58.867 D/SystemServerTimingAsync( 697): ssm.onUnlockedUser-0_com.android.server.textservices.TextServicesManagerService$Lifecycle
11-03 17:01:58.867 D/SystemServerTimingAsync( 697): ssm.onUnlockedUser-0_com.android.server.textclassifier.TextClassificationManagerService$Lifecycle
11-03 17:01:58.867 D/SystemServerTimingAsync( 697): ssm.onUnlockedUser-0_com.android.server.NetworkScoreService$Lifecycle
11-03 17:01:58.867 D/SystemServerTimingAsync( 697): ssm.onUnlockedUser-0_com.android.server.NetworkStatsServiceInitializer
11-03 17:01:58.867 D/SystemServerTimingAsync( 697): ssm.onUnlockedUser-0_com.android.server.wifi.WifiService
11-03 17:01:58.867 D/SystemServerTimingAsync( 697): ssm.onUnlockedUser-0_com.android.server.wifi.scanner.WifiScanningService
11-03 17:01:58.867 D/SystemServerTimingAsync( 697): ssm.onUnlockedUser-0_com.android.server.wifi.p2p.WifiP2pService
11-03 17:01:58.867 D/SystemServerTimingAsync( 697): ssm.onUnlockedUser-0_com.android.server.ConnectivityServiceInitializer
11-03 17:01:58.867 D/SystemServerTimingAsync( 697): ssm.onUnlockedUser-0_com.android.server.notification.NotificationManagerService
11-03 17:01:58.868 I/NotificationHistory( 697): Attempted to unlock gone/disabled user 0
11-03 17:01:58.868 D/SystemServerTimingAsync( 697): ssm.onUnlockedUser-0_com.android.server.storage.DeviceStorageMonitorService
11-03 17:01:58.868 D/SystemServerTimingAsync( 697): ssm.onUnlockedUser-0_com.android.server.timedetector.TimeDetectorService$Lifecycle
11-03 17:01:58.868 D/SystemServerTimingAsync( 697): ssm.onUnlockedUser-0_com.android.server.location.LocationManagerService$Lifecycle
11-03 17:01:58.868 D/SystemServerTimingAsync( 697): ssm.onUnlockedUser-0_com.android.server.timezonedetector.TimeZoneDetectorService$Lifecycle
11-03 17:01:58.868 D/SystemServerTimingAsync( 697): ssm.onUnlockedUser-0_com.android.server.location.altitude.AltitudeService$Lifecycle
11-03 17:01:58.868 D/SystemServerTimingAsync( 697): ssm.onUnlockedUser-0_com.android.server.timezonedetector.location.LocationTimeZoneManagerService$Lifecycle
11-03 17:01:58.868 D/SystemServerTimingAsync( 697): ssm.onUnlockedUser-0_com.android.server.search.SearchManagerService$Lifecycle
11-03 17:01:58.868 D/SystemServerTimingAsync( 697): ssm.onUnlockedUser-0_com.android.server.wallpaper.WallpaperManagerService$Lifecycle
11-03 17:01:58.868 D/SystemServerTimingAsync( 697): ssm.onUnlockedUser-0_com.android.server.wallpapereffectsgeneration.WallpaperEffectsGenerationManagerService
11-03 17:01:58.868 D/SystemServerTimingAsync( 697): ssm.onUnlockedUser-0_com.android.server.audio.AudioService$Lifecycle
11-03 17:01:58.868 D/SystemServerTimingAsync( 697): ssm.onUnlockedUser-0_com.android.server.soundtrigger_middleware.SoundTriggerMiddlewareService$Lifecycle
11-03 17:01:58.868 D/SystemServerTimingAsync( 697): ssm.onUnlockedUser-0_com.android.server.adb.AdbService$Lifecycle
11-03 17:01:58.868 D/SystemServerTimingAsync( 697): ssm.onUnlockedUser-0_com.android.server.usb.UsbService$Lifecycle
11-03 17:01:58.868 D/SystemServerTimingAsync( 697): ssm.onUnlockedUser-0_com.android.server.twilight.TwilightService
11-03 17:01:58.868 D/SystemServerTimingAsync( 697): ssm.onUnlockedUser-0_com.android.server.display.color.ColorDisplayService
11-03 17:01:58.868 D/SystemServerTimingAsync( 697): ssm.onUnlockedUser-0_com.android.server.job.JobSchedulerService
11-03 17:01:58.868 D/SystemServerTimingAsync( 697): ssm.onUnlockedUser-0_com.android.server.soundtrigger.SoundTriggerService
11-03 17:01:58.868 D/SystemServerTimingAsync( 697): ssm.onUnlockedUser-0_com.android.server.trust.TrustManagerService
11-03 17:01:58.868 D/SystemServerTimingAsync( 697): ssm.onUnlockedUser-0_com.android.server.backup.BackupManagerService$Lifecycle
11-03 17:01:58.868 D/SystemServerTimingAsync( 697): ssm.onUnlockedUser-0_com.android.server.appwidget.AppWidgetService
11-03 17:01:58.868 D/SystemServerTimingAsync( 697): ssm.onUnlockedUser-0_com.android.server.voiceinteraction.VoiceInteractionManagerService
11-03 17:01:58.868 D/SystemServerTimingAsync( 697): ssm.onUnlockedUser-0_com.android.server.GestureLauncherService
11-03 17:01:58.868 D/SystemServerTimingAsync( 697): ssm.onUnlockedUser-0_com.android.server.SensorNotificationService
11-03 17:01:58.868 D/SystemServerTimingAsync( 697): ssm.onUnlockedUser-0_com.android.server.emergency.EmergencyAffordanceService
11-03 17:01:58.868 D/SystemServerTimingAsync( 697): ssm.onUnlockedUser-0_com.android.server.blob.BlobStoreManagerService
11-03 17:01:58.868 D/SystemServerTimingAsync( 697): ssm.onUnlockedUser-0_com.android.server.dreams.DreamManagerService
11-03 17:01:58.868 D/SystemServerTimingAsync( 697): ssm.onUnlockedUser-0_com.android.server.security.AttestationVerificationManagerService
11-03 17:01:58.868 D/SystemServerTimingAsync( 697): ssm.onUnlockedUser-0_com.android.server.restrictions.RestrictionsManagerService
11-03 17:01:58.868 D/SystemServerTimingAsync( 697): ssm.onUnlockedUser-0_com.android.server.media.MediaSessionService
11-03 17:01:58.868 D/SystemServerTimingAsync( 697): ssm.onUnlockedUser-0_com.android.server.hdmi.HdmiControlService
11-03 17:01:58.868 D/SystemServerTimingAsync( 697): ssm.onUnlockedUser-0_com.android.server.tv.interactive.TvInteractiveAppManagerService
11-03 17:01:58.868 D/SystemServerTimingAsync( 697): ssm.onUnlockedUser-0_com.android.server.tv.TvInputManagerService
11-03 17:01:58.868 D/SystemServerTimingAsync( 697): ssm.onUnlockedUser-0_com.android.server.media.MediaResourceMonitorService
11-03 17:01:58.868 D/SystemServerTimingAsync( 697): ssm.onUnlockedUser-0_com.android.server.tv.TvRemoteService
11-03 17:01:58.868 D/SystemServerTimingAsync( 697): ssm.onUnlockedUser-0_com.android.server.biometrics.BiometricService
11-03 17:01:58.868 D/SystemServerTimingAsync( 697): ssm.onUnlockedUser-0_com.android.server.biometrics.AuthService
11-03 17:01:58.868 D/SystemServerTimingAsync( 697): ssm.onUnlockedUser-0_com.android.server.pm.ShortcutService$Lifecycle
11-03 17:01:58.868 D/SystemServerTimingAsync( 697): ssm.onUnlockedUser-0_com.android.server.pm.LauncherAppsService
11-03 17:01:58.868 D/SystemServerTimingAsync( 697): ssm.onUnlockedUser-0_com.android.server.pm.CrossProfileAppsService
11-03 17:01:58.868 D/SystemServerTimingAsync( 697): ssm.onUnlockedUser-0_com.android.server.people.PeopleService
11-03 17:01:58.869 D/SystemServerTimingAsync( 697): ssm.onUnlockedUser-0_com.android.server.media.metrics.MediaMetricsManagerService
11-03 17:01:58.869 D/SystemServerTimingAsync( 697): ssm.onUnlockedUser-0_com.android.server.pm.BackgroundInstallControlService
11-03 17:01:58.869 D/SystemServerTimingAsync( 697): ssm.onUnlockedUser-0_com.android.server.media.projection.MediaProjectionManagerService
11-03 17:01:58.869 D/SystemServerTimingAsync( 697): ssm.onUnlockedUser-0_com.android.server.slice.SliceManagerService$Lifecycle
11-03 17:01:58.869 D/SystemServerTimingAsync( 697): ssm.onUnlockedUser-0_com.android.server.stats.StatsCompanion$Lifecycle
11-03 17:01:58.869 D/SystemServerTimingAsync( 697): ssm.onUnlockedUser-0_com.android.server.scheduling.RebootReadinessManagerService$Lifecycle
11-03 17:01:58.869 D/SystemServerTimingAsync( 697): ssm.onUnlockedUser-0_com.android.server.stats.pull.StatsPullAtomService
11-03 17:01:58.869 D/SystemServerTimingAsync( 697): ssm.onUnlockedUser-0_com.android.server.stats.bootstrap.StatsBootstrapAtomService$Lifecycle
11-03 17:01:58.869 D/SystemServerTimingAsync( 697): ssm.onUnlockedUser-0_com.android.server.incident.IncidentCompanionService
11-03 17:01:58.869 D/SystemServerTimingAsync( 697): ssm.onUnlockedUser-0_com.android.server.sdksandbox.SdkSandboxManagerService$Lifecycle
11-03 17:01:58.869 D/SystemServerTimingAsync( 697): ssm.onUnlockedUser-0_com.android.server.adservices.AdServicesManagerService$Lifecycle
11-03 17:01:58.869 D/SystemServerTimingAsync( 697): ssm.onUnlockedUser-0_com.android.server.ondevicepersonalization.OnDevicePersonalizationSystemService$Lifecycle
11-03 17:01:58.869 D/SystemServerTimingAsync( 697): ssm.onUnlockedUser-0_com.android.server.autofill.AutofillManagerService
11-03 17:01:58.869 D/SystemServerTimingAsync( 697): ssm.onUnlockedUser-0_com.android.server.clipboard.ClipboardService
11-03 17:01:58.869 D/SystemServerTimingAsync( 697): ssm.onUnlockedUser-0_com.android.server.appbinding.AppBindingService$Lifecycle
11-03 17:01:58.870 D/SystemServerTimingAsync( 697): ssm.onUnlockedUser-0_com.android.server.tracing.TracingServiceProxy
11-03 17:01:58.870 D/SystemServerTimingAsync( 697): ssm.onUnlockedUser-0_com.android.server.policy.PermissionPolicyService
11-03 17:01:58.872 D/SystemServerTimingAsync( 697): ssm.onUnlockedUser-0_com.android.server.pm.StagingManager$Lifecycle
11-03 17:01:58.872 D/SystemServerTimingAsync( 697): ssm.onUnlockedUser-0_com.android.server.app.GameManagerService$Lifecycle
11-03 17:01:58.872 D/SystemServerTimingAsync( 697): ssm.onUnlockedUser-0_com.android.safetycenter.SafetyCenterService
11-03 17:01:58.872 D/SystemServerTimingAsync( 697): ssm.onUnlockedUser-0_com.android.server.appsearch.AppSearchModule$Lifecycle
11-03 17:01:58.872 D/SystemServerTimingAsync( 697): ssm.onUnlockedUser-0_com.android.server.media.MediaCommunicationService
11-03 17:01:58.872 D/SystemServerTimingAsync( 697): ssm.onUnlockedUser-0_com.android.server.compat.overrides.AppCompatOverridesService$Lifecycle
11-03 17:01:58.872 D/SystemServerTimingAsync( 697): ssm.onUnlockedUser-0_com.android.server.healthconnect.HealthConnectManagerService
11-03 17:01:58.873 D/HealthConnectManagerService( 697): switchToSetupForUser: UserHandle{0}
11-03 17:01:58.873 D/HealthConnectBackupRestore( 697): Performing user switch operations.
11-03 17:01:58.875 D/AppWidgetServiceImpl( 697): Unable to load widget provider info from xml for ComponentInfo{com.netease.cloudmusic.tv/com.netease.cloudmusic.module.appwidget.PlayerWidgetFourFour}
11-03 17:01:58.875 I/AppWidgetServiceImpl( 697): Processing of handleUserUnlocked u0 took 23 ms
11-03 17:01:58.876 E/TaskPersister( 697): File error accessing recents directory (directory doesn't exist?).
11-03 17:01:58.877 D/SystemServerTimingAsync( 697): ssm.onUnlockedUser-0_com.android.server.devicelock.DeviceLockService
11-03 17:01:58.890 E/BackupPasswordManager( 697): Unable to read backup pw version
11-03 17:01:58.890 E/BackupPasswordManager( 697): Unable to read saved backup pw hash
11-03 17:01:58.894 V/NotificationAssistants( 697): disabling notification assistant for user 0: ComponentInfo{android.ext.services/android.ext.services.notification.Assistant}
11-03 17:01:58.894 D/NotificationListeners( 697): Removing active service ComponentInfo{android.ext.services/android.ext.services.notification.Assistant}
11-03 17:01:58.903 W/ContextImpl( 950): Calling a method in the system process without a qualified user: android.app.ContextImpl.startService:1899 android.content.ContextWrapper.startService:825 android.content.ContextWrapper.startService:825 com.droidlogic.btpair.FastBootComplete.onReceive:21 android.app.ActivityThread.handleReceiver:4494
11-03 17:01:58.915 V/WindowManagerShell( 933): Transition requested: android.os.BinderProxy@661c364 TransitionRequestInfo { type = 2, triggerTask = TaskInfo{userId=0 taskId=3 displayId=0 isRunning=false baseIntent=Intent { act=android.intent.action.MAIN cat=[android.intent.category.HOME] flg=0x10800100 cmp=com.android.tv.settings/.system.FallbackHome } baseActivity=null topActivity=null origActivity=null realActivity=ComponentInfo{com.android.tv.settings/com.android.tv.settings.system.FallbackHome} numActivities=0 lastActiveTime=24824 supportsMultiWindow=true resizeMode=0 isResizeable=false minWidth=-1 minHeight=-1 defaultMinSize=220 token=WCT{android.window.IWindowContainerToken$Stub$Proxy@480d9cd} topActivityType=2 pictureInPictureParams=null shouldDockBigOverlays=false launchIntoPipHostTaskId=-1 lastParentTaskIdBeforePip=-1 displayCutoutSafeInsets=null topActivityInfo=null launchCookies=[] positionInParent=Point(0, 0) parentTaskId=-1 isFocused=true isVisible=true isVisibleRequested=true isSleeping=false topActivityInSizeCompat=false topActivityEligibleForLetterboxEducation= false isLetterboxDoubleTapEnabled= false topActivityEligibleForUserAspectRatioButton= false topActivityBoundsLetterboxed= false isFromLetterboxDoubleTap= false topActivityLetterboxVerticalPosition= -1 topActivityLetterboxHorizontalPosition= -1 topActivityLetterboxWidth=-1 topActivityLetterboxHeight=-1 isUserFullscreenOverrideEnabled=false isTopActivityTransparent=false locusId=null displayAreaFeatureId=1 cameraCompatControlState=hidden}, remoteTransition = null, displayChange = null, flags = 0 }
11-03 17:01:58.916 W/ActivityManager( 697): Slow operation: 84ms so far, now at startProcess: returned from zygote!
11-03 17:01:58.921 D/CompatibilityChangeReporter( 697): Compat change id reported: 265464455; UID 1000; state: DISABLED
11-03 17:01:58.923 D/CompatibilityChangeReporter( 697): Compat change id reported: 265452344; UID 1000; state: DISABLED
11-03 17:01:58.923 D/CompatibilityChangeReporter( 697): Compat change id reported: 266124927; UID 1000; state: DISABLED
11-03 17:01:58.924 D/CompatibilityChangeReporter( 697): Compat change id reported: 265451093; UID 1000; state: DISABLED
11-03 17:01:58.924 D/CompatibilityChangeReporter( 697): Compat change id reported: 265456536; UID 1000; state: DISABLED
11-03 17:01:58.925 D/CompatibilityChangeReporter( 697): Compat change id reported: 255940284; UID 1000; state: DISABLED
11-03 17:01:58.925 D/CompatibilityChangeReporter( 697): Compat change id reported: 236283604; UID 1000; state: DISABLED
11-03 17:01:58.925 D/CompatibilityChangeReporter( 697): Compat change id reported: 263959004; UID 1000; state: DISABLED
11-03 17:01:58.925 D/CompatibilityChangeReporter( 697): Compat change id reported: 264304459; UID 1000; state: DISABLED
11-03 17:01:58.925 D/CompatibilityChangeReporter( 697): Compat change id reported: 264301586; UID 1000; state: DISABLED
11-03 17:01:58.926 D/CompatibilityChangeReporter( 697): Compat change id reported: 254631730; UID 1000; state: DISABLED
11-03 17:01:58.926 D/CompatibilityChangeReporter( 697): Compat change id reported: 273509367; UID 1000; state: DISABLED
11-03 17:01:58.926 D/CompatibilityChangeReporter( 697): Compat change id reported: 263259275; UID 1000; state: DISABLED
11-03 17:01:58.926 D/CompatibilityChangeReporter( 697): Compat change id reported: 174042980; UID 1000; state: DISABLED
11-03 17:01:58.927 D/CompatibilityChangeReporter( 697): Compat change id reported: 174042936; UID 1000; state: DISABLED
11-03 17:01:58.927 D/CompatibilityChangeReporter( 697): Compat change id reported: 181136395; UID 1000; state: DISABLED
11-03 17:01:58.935 V/NotificationAssistants( 697): enabling notification assistant for 0: ComponentInfo{android.ext.services/android.ext.services.notification.Assistant}
11-03 17:01:58.935 V/NotificationAssistants( 697): binding: Intent { act=android.service.notification.NotificationAssistantService cmp=android.ext.services/.notification.Assistant (has extras) }
11-03 17:01:58.940 W/ActivityManager( 697): Slow operation: 107ms so far, now at startProcess: done updating battery stats
11-03 17:01:58.940 I/Watchdog( 697): Interesting Java process com.android.providers.media.module started. Pid 1414
11-03 17:01:58.940 W/ActivityManager( 697): Slow operation: 107ms so far, now at startProcess: building log message
11-03 17:01:58.940 I/ActivityManager( 697): Start proc 1414:com.android.providers.media.module/u0a55 for service {com.android.providers.media.module/com.android.providers.media.fuse.ExternalStorageServiceImpl}
11-03 17:01:58.940 W/ActivityManager( 697): Slow operation: 107ms so far, now at startProcess: starting to update pids map
11-03 17:01:58.955 D/SystemServerTiming( 697): getUserSwitchability-0
11-03 17:01:58.955 D/SystemServerTiming( 697): TM.isInCall
11-03 17:01:58.956 D/SystemServerTiming( 697): hasUserRestriction-DISALLOW_USER_SWITCH
11-03 17:01:58.956 D/SystemServerTiming( 697): getInt-ALLOW_USER_SWITCHING_WHEN_SYSTEM_USER_LOCKED
11-03 17:01:58.957 D/SystemServerTiming( 697): isUserUnlocked-USER_SYSTEM
11-03 17:01:58.959 D/SystemServerTiming( 697): getUserSwitchability-0
11-03 17:01:58.959 D/SystemServerTiming( 697): TM.isInCall
11-03 17:01:58.962 D/SystemServerTiming( 697): hasUserRestriction-DISALLOW_USER_SWITCH
11-03 17:01:58.962 D/SystemServerTiming( 697): getInt-ALLOW_USER_SWITCHING_WHEN_SYSTEM_USER_LOCKED
11-03 17:01:58.962 D/SystemServerTiming( 697): isUserUnlocked-USER_SYSTEM
11-03 17:01:58.964 D/SystemServerTiming( 697): getUserSwitchability-0
11-03 17:01:58.964 D/SystemServerTiming( 697): TM.isInCall
11-03 17:01:58.964 D/SystemServerTiming( 697): hasUserRestriction-DISALLOW_USER_SWITCH
11-03 17:01:58.965 D/SystemServerTiming( 697): getInt-ALLOW_USER_SWITCHING_WHEN_SYSTEM_USER_LOCKED
11-03 17:01:58.965 D/SystemServerTiming( 697): isUserUnlocked-USER_SYSTEM
11-03 17:01:58.966 D/SystemServerTiming( 697): getUserSwitchability-0
11-03 17:01:58.966 D/SystemServerTiming( 697): TM.isInCall
11-03 17:01:58.967 D/SystemServerTiming( 697): hasUserRestriction-DISALLOW_USER_SWITCH
11-03 17:01:58.967 D/SystemServerTiming( 697): getInt-ALLOW_USER_SWITCHING_WHEN_SYSTEM_USER_LOCKED
11-03 17:01:58.967 D/SystemServerTiming( 697): isUserUnlocked-USER_SYSTEM
11-03 17:01:58.968 D/SystemServerTiming( 697): getUserSwitchability-0
11-03 17:01:58.969 D/SystemServerTiming( 697): TM.isInCall
11-03 17:01:58.969 D/SystemServerTiming( 697): hasUserRestriction-DISALLOW_USER_SWITCH
11-03 17:01:58.969 D/SystemServerTiming( 697): getInt-ALLOW_USER_SWITCHING_WHEN_SYSTEM_USER_LOCKED
11-03 17:01:58.969 D/SystemServerTiming( 697): isUserUnlocked-USER_SYSTEM
11-03 17:01:58.971 D/SystemServerTiming( 697): getUserSwitchability-0
11-03 17:01:58.972 D/SystemServerTiming( 697): TM.isInCall
11-03 17:01:58.972 D/SystemServerTiming( 697): hasUserRestriction-DISALLOW_USER_SWITCH
11-03 17:01:58.972 D/SystemServerTiming( 697): getInt-ALLOW_USER_SWITCHING_WHEN_SYSTEM_USER_LOCKED
11-03 17:01:58.972 D/SystemServerTiming( 697): isUserUnlocked-USER_SYSTEM
11-03 17:01:58.973 D/SystemServerTiming( 697): getUserSwitchability-0
11-03 17:01:58.973 D/SystemServerTiming( 697): TM.isInCall
11-03 17:01:58.974 D/SystemServerTiming( 697): hasUserRestriction-DISALLOW_USER_SWITCH
11-03 17:01:58.974 D/SystemServerTiming( 697): getInt-ALLOW_USER_SWITCHING_WHEN_SYSTEM_USER_LOCKED
11-03 17:01:58.974 D/SystemServerTiming( 697): isUserUnlocked-USER_SYSTEM
11-03 17:01:58.982 D/SystemServerTiming( 697): getUserSwitchability-0
11-03 17:01:58.982 D/SystemServerTiming( 697): TM.isInCall
11-03 17:01:58.982 D/SystemServerTiming( 697): hasUserRestriction-DISALLOW_USER_SWITCH
11-03 17:01:58.983 D/SystemServerTiming( 697): getInt-ALLOW_USER_SWITCHING_WHEN_SYSTEM_USER_LOCKED
11-03 17:01:58.983 D/SystemServerTiming( 697): isUserUnlocked-USER_SYSTEM
11-03 17:01:59.003 D/CompatibilityChangeReporter( 697): Compat change id reported: 194480991; UID 1000; state: ENABLED
11-03 17:01:59.013 D/CompatibilityChangeReporter( 697): Compat change id reported: 197654537; UID 1000; state: DISABLED
11-03 17:01:59.017 I/ActivityTaskManager( 697): START u0 {act=android.intent.action.MAIN cat=[android.intent.category.HOME] flg=0x10000100 cmp=com.dangbei.leard.leradlauncher/com.dangbei.launcher.home.LauncherActivity (has extras)} with LAUNCH_SINGLE_TASK from uid 0 (BAL_ALLOW_ALLOWLISTED_UID) result code=0
11-03 17:01:59.023 W/ActivityManager( 697): Slow operation: 190ms so far, now at startProcess: done updating pids map
11-03 17:01:59.023 W/ActivityManager( 697): Slow operation: 179ms so far, now at startProcess: asking zygote to start proc
11-03 17:01:59.030 D/CompatibilityChangeReporter( 697): Compat change id reported: 261072174; UID 1002; state: ENABLED
11-03 17:01:59.032 D/CompatibilityChangeReporter( 697): Compat change id reported: 161252188; UID 1000; state: DISABLED
11-03 17:01:59.038 W/ContextImpl( 950): Calling a method in the system process without a qualified user: android.app.ContextImpl.startService:1899 android.content.ContextWrapper.startService:825 android.content.ContextWrapper.startService:825 com.droidlogic.btpair.FastBootComplete.onReceive:24 android.app.ActivityThread.handleReceiver:4494
11-03 17:01:59.042 I/ActivityManager( 697): com.android.keychain is exempt from freezer
11-03 17:01:59.043 W/ActivityManager( 697): Slow operation: 199ms so far, now at startProcess: returned from zygote!
11-03 17:01:59.043 W/ActivityManager( 697): Slow operation: 199ms so far, now at startProcess: done updating battery stats
11-03 17:01:59.043 W/ActivityManager( 697): Slow operation: 199ms so far, now at startProcess: building log message
11-03 17:01:59.043 I/ActivityManager( 697): Start proc 1429:com.dangbei.lerad.etna.haqu/1000 for added application com.dangbei.lerad.etna.haqu
11-03 17:01:59.043 W/ActivityManager( 697): Slow operation: 199ms so far, now at startProcess: starting to update pids map
11-03 17:01:59.043 W/ActivityManager( 697): Slow operation: 199ms so far, now at startProcess: done updating pids map
11-03 17:01:59.044 W/Looper ( 697): Slow dispatch took 102ms main h=android.app.ActivityThread$H c=android.app.LoadedApk$ReceiverDispatcher$Args$$ExternalSyntheticLambda0@dddc445 m=0
11-03 17:01:59.045 D/CompatibilityChangeReporter( 697): Compat change id reported: 168419799; UID 10055; state: DISABLED
11-03 17:01:59.045 D/CompatibilityChangeReporter( 697): Compat change id reported: 273564678; UID 10055; state: DISABLED
11-03 17:01:59.049 D/CompatibilityChangeReporter( 697): Compat change id reported: 265195908; UID 10055; state: ENABLED
11-03 17:01:59.064 I/ActivityManager( 697): com.dangbei.leard.leradlauncher is exempt from freezer
11-03 17:01:59.067 D/CompatibilityChangeReporter( 697): Compat change id reported: 161252188; UID 10049; state: DISABLED
11-03 17:01:59.070 D/CompatibilityChangeReporter( 697): Compat change id reported: 135634846; UID 10049; state: DISABLED
11-03 17:01:59.070 D/CompatibilityChangeReporter( 697): Compat change id reported: 177438394; UID 10049; state: DISABLED
11-03 17:01:59.070 D/CompatibilityChangeReporter( 697): Compat change id reported: 135772972; UID 10049; state: DISABLED
11-03 17:01:59.071 D/CompatibilityChangeReporter( 697): Compat change id reported: 135754954; UID 10049; state: ENABLED
11-03 17:01:59.074 I/ActivityManager( 697): com.oranth.ledstatus is exempt from freezer
11-03 17:01:59.080 D/CompatibilityChangeReporter( 697): Compat change id reported: 170503758; UID 10055; state: ENABLED
11-03 17:01:59.081 V/NotificationAssistants( 697): 0 notification assistant service connected: ComponentInfo{android.ext.services/android.ext.services.notification.Assistant}
11-03 17:01:59.082 D/CompatibilityChangeReporter( 697): Compat change id reported: 161252188; UID 10077; state: DISABLED
11-03 17:01:59.085 D/CompatibilityChangeReporter( 697): Compat change id reported: 135634846; UID 10077; state: DISABLED
11-03 17:01:59.090 W/ActivityManager( 697): Slow operation: 57ms so far, now at startProcess: returned from zygote!
11-03 17:01:59.090 W/ActivityManager( 697): Slow operation: 57ms so far, now at startProcess: done updating battery stats
11-03 17:01:59.090 W/ActivityManager( 697): Slow operation: 58ms so far, now at startProcess: building log message
11-03 17:01:59.090 I/ActivityManager( 697): Start proc 1436:com.android.keychain/1000 for service {com.android.keychain/com.android.keychain.KeyChainService}
11-03 17:01:59.091 W/ActivityManager( 697): Slow operation: 58ms so far, now at startProcess: starting to update pids map
11-03 17:01:59.091 W/ActivityManager( 697): Slow operation: 58ms so far, now at startProcess: done updating pids map
11-03 17:01:59.093 I/MediaSessionStack( 697): addSession to bottom of stack | record: com.android.bluetooth/BluetoothMediaBrowserService (userId=0)
11-03 17:01:59.094 I/HealthConnectBackupRestore( 697): Attempt to schedule download timeout job with state: 0
11-03 17:01:59.094 I/HealthConnectBackupRestore( 697): Attempt to schedule staging timeout job with state: 0
11-03 17:01:59.094 I/HealthConnectBackupRestore( 697): Attempt to schedule merging timeout job with state: 0
11-03 17:01:59.108 I/SyncManager( 697): Loaded persisted syncs: 0 periodic syncs, 0 oneshot syncs, 0 total system server jobs, JobStats: FirstLoad: 5/3/0 LastSave: -1/-1/-1
11-03 17:01:59.122 D/WindowManagerShell( 933): TvPipController: onTaskStackChanged()
11-03 17:01:59.159 V/BackupManagerService( 697): [UserID:0] No ancestral data
11-03 17:01:59.164 D/CompatibilityChangeReporter( 697): Compat change id reported: 168419799; UID 1000; state: DISABLED
11-03 17:01:59.165 D/CompatibilityChangeReporter( 697): Compat change id reported: 273564678; UID 1000; state: DISABLED
11-03 17:01:59.170 I/MediaSessionStack( 697): addSession to bottom of stack | record: com.android.bluetooth/BluetoothMediaBrowserService (userId=0)
11-03 17:01:59.177 V/BackupManagerConstants( 697): getKeyValueBackupIntervalMilliseconds(...) returns 14400000
11-03 17:01:59.177 V/BackupManagerConstants( 697): getKeyValueBackupFuzzMilliseconds(...) returns 600000
11-03 17:01:59.177 V/BackupManagerConstants( 697): getKeyValueBackupRequiredNetworkType(...) returns 1
11-03 17:01:59.177 V/BackupManagerConstants( 697): getKeyValueBackupRequireCharging(...) returns true
11-03 17:01:59.177 V/KeyValueBackupJob( 697): Scheduling k/v pass in 245 minutes
11-03 17:01:59.201 W/ActivityManager( 697): Slow operation: 138ms so far, now at startProcess: returned from zygote!
11-03 17:01:59.202 W/ActivityManager( 697): Slow operation: 139ms so far, now at startProcess: done updating battery stats
11-03 17:01:59.202 W/ActivityManager( 697): Slow operation: 139ms so far, now at startProcess: building log message
11-03 17:01:59.202 I/ActivityManager( 697): Start proc 1459:com.dangbei.leard.leradlauncher/1000 for top-activity {com.dangbei.leard.leradlauncher/com.dangbei.launcher.home.LauncherActivity}
11-03 17:01:59.202 W/ActivityManager( 697): Slow operation: 139ms so far, now at startProcess: starting to update pids map
11-03 17:01:59.202 W/ActivityManager( 697): Slow operation: 139ms so far, now at startProcess: done updating pids map
11-03 17:01:59.202 W/ActivityManager( 697): Slow operation: 132ms so far, now at startProcess: asking zygote to start proc
11-03 17:01:59.202 D/CompatibilityChangeReporter( 697): Compat change id reported: 143937733; UID 10049; state: ENABLED
11-03 17:01:59.205 D/CompatibilityChangeReporter( 697): Compat change id reported: 271850009; UID 1000; state: ENABLED
11-03 17:01:59.205 D/CompatibilityChangeReporter( 697): Compat change id reported: 271850009; UID 1000; state: DISABLED
11-03 17:01:59.244 I/UsageStatsService( 697): User[0] Rollover scheduled @ 2025-11-04 16:41:07(1762245667220)
11-03 17:01:59.273 I/UsageStatsService( 697): User[0] Flushing usage stats to disk
11-03 17:01:59.273 D/CompatibilityChangeReporter( 697): Compat change id reported: 168419799; UID 1000; state: DISABLED
11-03 17:01:59.274 D/CompatibilityChangeReporter( 697): Compat change id reported: 273564678; UID 1000; state: DISABLED
11-03 17:01:59.294 W/ActivityManager( 697): Slow operation: 224ms so far, now at startProcess: returned from zygote!
11-03 17:01:59.294 W/ActivityManager( 697): Slow operation: 224ms so far, now at startProcess: done updating battery stats
11-03 17:01:59.294 W/ActivityManager( 697): Slow operation: 224ms so far, now at startProcess: building log message
11-03 17:01:59.294 I/ActivityManager( 697): Start proc 1476:com.android.music/u0a49 for service {com.android.music/com.android.music.MediaPlaybackService}
11-03 17:01:59.294 W/ActivityManager( 697): Slow operation: 224ms so far, now at startProcess: starting to update pids map
11-03 17:01:59.294 W/ActivityManager( 697): Slow operation: 224ms so far, now at startProcess: done updating pids map
11-03 17:01:59.294 W/ActivityManager( 697): Slow operation: 220ms so far, now at startProcess: asking zygote to start proc
11-03 17:01:59.296 I/BackupManagerService( 697): isBackupEnabled() => false due to absent settings file
11-03 17:01:59.296 D/BackupManagerService( 697): user:0 readBackupEnableState enabled:false
11-03 17:01:59.320 I/BackupManagerService( 697): [UserID:0] Backup enabled => false
11-03 17:01:59.329 W/ActivityManager( 697): Slow operation: 255ms so far, now at startProcess: returned from zygote!
11-03 17:01:59.330 W/ActivityManager( 697): Slow operation: 256ms so far, now at startProcess: done updating battery stats
11-03 17:01:59.330 W/ActivityManager( 697): Slow operation: 256ms so far, now at startProcess: building log message
11-03 17:01:59.330 I/ActivityManager( 697): Start proc 1479:com.oranth.ledstatus/1000 for broadcast {com.oranth.ledstatus/com.oranth.ledstatus.BootCompletedReceiver}
11-03 17:01:59.330 W/ActivityManager( 697): Slow operation: 256ms so far, now at startProcess: starting to update pids map
11-03 17:01:59.330 W/ActivityManager( 697): Slow operation: 256ms so far, now at startProcess: done updating pids map
11-03 17:01:59.331 W/ActivityManager( 697): Slow operation: 247ms so far, now at startProcess: asking zygote to start proc
11-03 17:01:59.331 D/CompatibilityChangeReporter( 697): Compat change id reported: 143937733; UID 10077; state: DISABLED
11-03 17:01:59.378 D/CompatibilityChangeReporter( 697): Compat change id reported: 168419799; UID 10049; state: DISABLED
11-03 17:01:59.379 D/CompatibilityChangeReporter( 697): Compat change id reported: 273564678; UID 10049; state: DISABLED
11-03 17:01:59.411 W/ActivityManager( 697): Slow operation: 327ms so far, now at startProcess: returned from zygote!
11-03 17:01:59.412 W/ActivityManager( 697): Slow operation: 328ms so far, now at startProcess: done updating battery stats
11-03 17:01:59.412 W/ActivityManager( 697): Slow operation: 328ms so far, now at startProcess: building log message
11-03 17:01:59.412 I/ActivityManager( 697): Start proc 1499:com.xiaodianshi.tv.yst/u0a77 for service {com.xiaodianshi.tv.yst/com.xiaodianshi.tv.yst.video.service.YstMediaService}
11-03 17:01:59.412 W/ActivityManager( 697): Slow operation: 328ms so far, now at startProcess: starting to update pids map
11-03 17:01:59.412 W/ActivityManager( 697): Slow operation: 328ms so far, now at startProcess: done updating pids map
11-03 17:01:59.432 D/CompatibilityChangeReporter( 697): Compat change id reported: 265195908; UID 10049; state: ENABLED
11-03 17:01:59.447 D/CompatibilityChangeReporter( 697): Compat change id reported: 168419799; UID 10077; state: DISABLED
11-03 17:01:59.448 D/CompatibilityChangeReporter( 697): Compat change id reported: 273564678; UID 10077; state: DISABLED
11-03 17:01:59.457 D/CompatibilityChangeReporter( 697): Compat change id reported: 265195908; UID 10077; state: ENABLED
11-03 17:01:59.463 D/CompatibilityChangeReporter( 697): Compat change id reported: 170503758; UID 10077; state: DISABLED
11-03 17:01:59.463 D/CompatibilityChangeReporter( 697): Compat change id reported: 170503758; UID 10049; state: DISABLED
11-03 17:01:59.484 D/CompatibilityChangeReporter( 697): Compat change id reported: 168419799; UID 1000; state: DISABLED
11-03 17:01:59.485 D/CompatibilityChangeReporter( 697): Compat change id reported: 273564678; UID 1000; state: DISABLED
11-03 17:01:59.498 V/BackupManagerConstants( 697): getKeyValueBackupIntervalMilliseconds(...) returns 14400000
11-03 17:01:59.498 V/BackupManagerConstants( 697): getKeyValueBackupFuzzMilliseconds(...) returns 600000
11-03 17:01:59.498 V/BackupManagerConstants( 697): getKeyValueBackupRequiredNetworkType(...) returns 1
11-03 17:01:59.498 V/BackupManagerConstants( 697): getKeyValueBackupRequireCharging(...) returns true
11-03 17:01:59.498 V/KeyValueBackupJob( 697): Scheduling k/v pass in 248 minutes
11-03 17:01:59.527 W/StorageManagerService( 697): Reporting emulated;0 unmounted due to system locked
11-03 17:01:59.555 V/WindowManager( 697): app ------------- force_land :0
11-03 17:01:59.560 D/CompatibilityChangeReporter( 697): Compat change id reported: 261072174; UID 10052; state: ENABLED
11-03 17:01:59.564 W/StorageManagerService( 697): Reporting emulated;0 unmounted due to system locked
11-03 17:01:59.634 I/MediaSessionStack( 697): addSession to bottom of stack | record: com.android.music/MediaPlaybackService (userId=0)
11-03 17:01:59.708 I/ActivityManager( 697): com.oranth.storage is exempt from freezer
11-03 17:01:59.709 D/CompatibilityChangeReporter( 697): Compat change id reported: 135634846; UID 1000; state: DISABLED
11-03 17:01:59.717 D/HDMI ( 697): [R]: 3F:84:10:00:03
11-03 17:01:59.718 D/HDMI ( 697): addCecDevice new:CEC: logical_address: 0x03 device_type: 3 cec_version: 5 vendor_id: 16777215 display_name: Tuner_1 power_status: -1 physical_address: 0xFFFF port_id: -1 old:null
11-03 17:01:59.718 D/HdmiControlService( 697): Switching to full volume behavior
11-03 17:01:59.720 D/HDMI ( 697): addCecDevice new:CEC: logical_address: 0x03 device_type: 3 cec_version: 5 vendor_id: 16777215 display_name: Tuner_1 power_status: -1 physical_address: 0x1000 port_id: -1 old:CEC: logical_address: 0x03 device_type: 3 cec_version: 5 vendor_id: 16777215 display_name: Tuner_1 power_status: -1 physical_address: 0xFFFF port_id: -1
11-03 17:01:59.720 D/HdmiControlService( 697): Switching to full volume behavior
11-03 17:01:59.724 D/HDMI ( 697): [S]: 40:83
11-03 17:01:59.784 W/ActivityManager( 697): Slow operation: 76ms so far, now at startProcess: returned from zygote!
11-03 17:01:59.784 W/ActivityManager( 697): Slow operation: 76ms so far, now at startProcess: done updating battery stats
11-03 17:01:59.785 W/ActivityManager( 697): Slow operation: 77ms so far, now at startProcess: building log message
11-03 17:01:59.785 I/ActivityManager( 697): Start proc 1556:com.oranth.storage/1000 for broadcast {com.oranth.storage/com.oranth.storage.BootCompletedReceiver}
11-03 17:01:59.785 W/ActivityManager( 697): Slow operation: 77ms so far, now at startProcess: starting to update pids map
11-03 17:01:59.785 W/ActivityManager( 697): Slow operation: 77ms so far, now at startProcess: done updating pids map
11-03 17:01:59.803 D/CompatibilityChangeReporter( 697): Compat change id reported: 161145287; UID 10077; state: DISABLED
11-03 17:01:59.814 D/CompatibilityChangeReporter( 697): Compat change id reported: 161145287; UID 10055; state: ENABLED
11-03 17:01:59.897 W/ContextImpl( 1479): Calling a method in the system process without a qualified user: android.app.ContextImpl.startService:1899 android.content.ContextWrapper.startService:825 android.content.ContextWrapper.startService:825 com.oranth.ledstatus.BootCompletedReceiver.onReceive:15 android.app.ActivityThread.handleReceiver:4494
11-03 17:01:59.904 I/StorageUserConnection( 697): Service: [ComponentInfo{com.android.providers.media.module/com.android.providers.media.fuse.ExternalStorageServiceImpl}] connected. User [0]
11-03 17:01:59.925 W/StorageManagerService( 697): Reporting emulated;0 unmounted due to system locked
11-03 17:01:59.930 W/StorageManagerService( 697): Reporting emulated;0 unmounted due to system locked
11-03 17:01:59.934 W/StorageManagerService( 697): Reporting emulated;0 unmounted due to system locked
11-03 17:01:59.937 W/StorageManagerService( 697): Reporting emulated;0 unmounted due to system locked
11-03 17:01:59.946 D/CompatibilityChangeReporter( 697): Compat change id reported: 149924527; UID 1000; state: ENABLED
11-03 17:01:59.980 D/CompatibilityChangeReporter( 697): Compat change id reported: 132649864; UID 1000; state: DISABLED
11-03 17:01:59.982 D/HDMI ( 697): [R]: 5F:72:01
11-03 17:01:59.983 W/StorageManagerService( 697): Reporting emulated;0 unmounted due to system locked
11-03 17:01:59.986 W/StorageManagerService( 697): Reporting emulated;0 unmounted due to system locked
11-03 17:01:59.988 D/CompatibilityChangeReporter( 697): Compat change id reported: 168419799; UID 1000; state: DISABLED
11-03 17:01:59.988 D/CompatibilityChangeReporter( 697): Compat change id reported: 273564678; UID 1000; state: DISABLED
11-03 17:01:59.997 W/StorageManagerService( 697): Reporting emulated;0 unmounted due to system locked
11-03 17:02:00.002 W/StorageManagerService( 697): Reporting emulated;0 unmounted due to system locked
11-03 17:02:00.029 W/StorageManagerService( 697): Reporting emulated;0 unmounted due to system locked
11-03 17:02:00.030 W/StorageManagerService( 697): Reporting emulated;0 unmounted due to system locked
11-03 17:02:00.031 W/StorageManagerService( 697): Reporting emulated;0 unmounted due to system locked
11-03 17:02:00.033 W/StorageManagerService( 697): Reporting emulated;0 unmounted due to system locked
11-03 17:02:00.093 W/ContextImpl( 1429): Calling a method in the system process without a qualified user: android.app.ContextImpl.startService:1899 android.content.ContextWrapper.startService:825 com.dangbei.quicklife.QuickLifeManager.startQuickLifeService:108 com.dangbei.quicklife.QuickLifeManager.init:57 com.dangbei.lerad.etna.haqu.EtnaApplication.init:68
11-03 17:02:00.118 W/StorageManagerService( 697): Reporting emulated;0 unmounted due to system locked
11-03 17:02:00.120 W/StorageManagerService( 697): Reporting emulated;0 unmounted due to system locked
11-03 17:02:00.126 W/StorageManagerService( 697): Reporting emulated;0 unmounted due to system locked
11-03 17:02:00.132 W/StorageManagerService( 697): Reporting emulated;0 unmounted due to system locked
11-03 17:02:00.145 D/CompatibilityChangeReporter( 697): Compat change id reported: 149924527; UID 10077; state: ENABLED
11-03 17:02:00.148 D/CompatibilityChangeReporter( 697): Compat change id reported: 132649864; UID 10077; state: DISABLED
11-03 17:02:00.148 W/StorageManagerService( 697): Reporting emulated;0 unmounted due to system locked
11-03 17:02:00.160 W/StorageManagerService( 697): Reporting emulated;0 unmounted due to system locked
11-03 17:02:00.162 W/StorageManagerService( 697): Reporting emulated;0 unmounted due to system locked
11-03 17:02:00.164 W/StorageManagerService( 697): Reporting emulated;0 unmounted due to system locked
11-03 17:02:00.213 W/ContextImpl( 1556): Calling a method in the system process without a qualified user: android.app.ContextImpl.startService:1899 android.content.ContextWrapper.startService:825 android.content.ContextWrapper.startService:825 com.oranth.storage.BootCompletedReceiver.onReceive:15 android.app.ActivityThread.handleReceiver:4494
11-03 17:02:00.226 W/StorageManagerService( 697): Reporting emulated;0 unmounted due to system locked
11-03 17:02:00.228 W/ContextImpl( 1429): Calling a method in the system process without a qualified user: android.app.ContextImpl.startService:1899 android.content.ContextWrapper.startService:825 com.dangbei.lerad.etna.core.EtnaManager.startService:64 com.dangbei.lerad.etna.core.EtnaManager.init:39 com.dangbei.lerad.etna.haqu.EtnaApplication.init:89
11-03 17:02:00.236 E/BootReceiver( 697): Could not open /sys/kernel/tracing/instances/bootreceiver/trace_pipe
11-03 17:02:00.236 E/BootReceiver( 697): android.system.ErrnoException: open failed: ENOENT (No such file or directory)
11-03 17:02:00.236 E/BootReceiver( 697): at libcore.io.Linux.open(Native Method)
11-03 17:02:00.236 E/BootReceiver( 697): at libcore.io.ForwardingOs.open(ForwardingOs.java:563)
11-03 17:02:00.236 E/BootReceiver( 697): at libcore.io.BlockGuardOs.open(BlockGuardOs.java:274)
11-03 17:02:00.236 E/BootReceiver( 697): at android.system.Os.open(Os.java:494)
11-03 17:02:00.236 E/BootReceiver( 697): at com.android.server.BootReceiver.onReceive(BootReceiver.java:164)
11-03 17:02:00.236 E/BootReceiver( 697): at android.app.ActivityThread.handleReceiver(ActivityThread.java:4494)
11-03 17:02:00.236 E/BootReceiver( 697): at android.app.ActivityThread.-$$Nest$mhandleReceiver(Unknown Source:0)
11-03 17:02:00.236 E/BootReceiver( 697): at android.app.ActivityThread$H.handleMessage(ActivityThread.java:2285)
11-03 17:02:00.236 E/BootReceiver( 697): at android.os.Handler.dispatchMessage(Handler.java:106)
11-03 17:02:00.236 E/BootReceiver( 697): at android.os.Looper.loopOnce(Looper.java:205)
11-03 17:02:00.236 E/BootReceiver( 697): at android.os.Looper.loop(Looper.java:294)
11-03 17:02:00.236 E/BootReceiver( 697): at com.android.server.SystemServer.run(SystemServer.java:982)
11-03 17:02:00.236 E/BootReceiver( 697): at com.android.server.SystemServer.main(SystemServer.java:668)
11-03 17:02:00.236 E/BootReceiver( 697): at java.lang.reflect.Method.invoke(Native Method)
11-03 17:02:00.236 E/BootReceiver( 697): at com.android.internal.os.RuntimeInit$MethodAndArgsCaller.run(RuntimeInit.java:552)
11-03 17:02:00.236 E/BootReceiver( 697): at com.android.internal.os.ZygoteInit.main(ZygoteInit.java:956)
11-03 17:02:00.240 W/ContextImpl( 1429): Calling a method in the system process without a qualified user: android.app.ContextImpl.startService:1899 android.content.ContextWrapper.startService:825 com.dangbei.andes.CoreService$Companion.start:29 com.dangbei.lerad.etna.haqu.EtnaApplication.init:90 com.dangbei.lerad.etna.haqu.EtnaApplication.onCreate:60
11-03 17:02:00.254 D/CompatibilityChangeReporter( 697): Compat change id reported: 171306433; UID 1000; state: ENABLED
11-03 17:02:00.254 D/CompatibilityChangeReporter( 697): Compat change id reported: 218533173; UID 1000; state: ENABLED
11-03 17:02:00.259 W/ContextImpl( 950): Calling a method in the system process without a qualified user: android.app.ContextImpl.startService:1899 android.content.ContextWrapper.startService:825 android.content.ContextWrapper.startService:825 com.droidlogic.BootComplete.onReceive:119 android.app.ActivityThread.handleReceiver:4494
11-03 17:02:00.262 W/ContextImpl( 950): Calling a method in the system process without a qualified user: android.app.ContextImpl.startForegroundService:1905 android.content.ContextWrapper.startForegroundService:830 android.content.ContextWrapper.startForegroundService:830 com.droidlogic.BootComplete.onReceive:128 android.app.ActivityThread.handleReceiver:4494
11-03 17:02:00.262 W/ActivityManager( 697): Unable to start service Intent { cmp=com.android.tv.mdnsoffloadcmd/.MdnsOffloadCmdService } U=0: not found
11-03 17:02:00.263 W/ContextImpl( 950): Calling a method in the system process without a qualified user: android.app.ContextImpl.startService:1899 android.content.ContextWrapper.startService:825 android.content.ContextWrapper.startService:825 com.droidlogic.BootComplete.onReceive:130 android.app.ActivityThread.handleReceiver:4494
11-03 17:02:00.266 W/ContextImpl( 950): Calling a method in the system process without a qualified user: android.app.ContextImpl.startService:1899 android.content.ContextWrapper.startService:825 android.content.ContextWrapper.startService:825 com.droidlogic.BootComplete.onReceive:131 android.app.ActivityThread.handleReceiver:4494
11-03 17:02:00.281 I/DropBoxManagerService( 697): add tag=SYSTEM_BOOT isTagEnabled=true flags=0x2
11-03 17:02:00.289 W/ContextImpl( 950): Calling a method in the system process without a qualified user: android.app.ContextImpl.stopService:1911 android.content.ContextWrapper.stopService:835 android.content.ContextWrapper.stopService:835 com.droidlogic.BootComplete$2.onChange:282 com.droidlogic.BootComplete.updateDeveloperOptionsWatcher:289
11-03 17:02:00.295 W/ContextImpl( 950): Calling a method in the system process without a qualified user: android.app.ContextImpl.startService:1899 android.content.ContextWrapper.startService:825 android.content.ContextWrapper.startService:825 com.droidlogic.BootComplete.onReceive:176 android.app.ActivityThread.handleReceiver:4494
11-03 17:02:00.299 I/BootReceiver( 697): Copying /sys/fs/pstore/console-ramoops-0 to DropBox (SYSTEM_LAST_KMSG)
11-03 17:02:00.300 I/DropBoxManagerService( 697): add tag=SYSTEM_LAST_KMSG isTagEnabled=true flags=0x6
11-03 17:02:00.302 W/ContextImpl( 950): Calling a method in the system process without a qualified user: android.app.ContextImpl.startService:1899 android.content.ContextWrapper.startService:825 android.content.ContextWrapper.startService:825 com.droidlogic.BootComplete.onReceive:186 android.app.ActivityThread.handleReceiver:4494
