11-05 11:34:21.927 W/WindowManager( 480): Failed looking up window session=Session{7a11049 2649:u0a10054} callers=com.android.server.wm.WindowManagerService.windowForClientLocked:5702 com.android.server.wm.Session.insetsModified:629 android.view.IWindowSession$Stub.onTransact:1151
11-05 11:34:21.953 I/gralloc ( 257): alloc buffer:W:1920 H:1080 S:1920 PL[1920 1080] SZ:8294400 fmt:1 if:0 af:1 usg:20000b00 fg:00000004
11-05 11:34:21.955 I/gralloc ( 257): alloc buffer:W:1920 H:1080 S:1920 PL[1920 1080] SZ:8294400 fmt:1 if:0 af:1 usg:20000b00 fg:00000004
11-05 11:34:21.957 I/gralloc ( 257): alloc buffer:W:1920 H:1080 S:1920 PL[1920 1080] SZ:8294400 fmt:1 if:0 af:1 usg:20000b00 fg:00000004
11-05 11:34:21.979 I/ActivityTaskManager( 480): +++Displayed com.tv.filemanager.os/com.dangbei.lerad.filemanager.ui.info.ManagerFileListActivity: +437ms
11-05 11:34:22.017 I/DefaultIMS( 3502): onStartInput attribute=android.view.inputmethod.EditorInfo@7359ac3 restarting=false inputType: 0
11-05 11:34:22.019 I/AW_PowerHAL( 263): Power setMode: LAUNCH to: 0
11-05 11:34:22.026 I/AW_PowerHAL( 263): cur-mode:SCHEDUTIL
11-05 11:34:22.843 W/IorapForwardingService( 480): No service published for: iorapd
11-05 11:34:23.089 E/WifiHAL ( 663): wifi_get_link_stats: requestResponse Error:-5
11-05 11:34:23.092 E/WifiVendorHal( 480): getWifiLinkLayerStats_1_5_Internal(l.1191) failed {.code = ERROR_INVALID_ARGS, .description = }
11-05 11:34:23.499 E/TaskPersister( 480): File error accessing recents directory (directory doesn't exist?).
11-05 11:34:23.846 W/IorapForwardingService( 480): No service published for: iorapd
11-05 11:34:24.816 I/BLEAudioDrive_HV410( 248): data len: 9 1
11-05 11:34:24.817 D/TvWindowManager( 480): key event key = KEYCODE_BACK down = true
11-05 11:34:24.828 D/GpioService( 480): mFlickerEnable = true
11-05 11:34:24.849 W/IorapForwardingService( 480): No service published for: iorapd
11-05 11:34:24.860 I/BaseRequest( 2649): complete
11-05 11:34:24.860 I/BaseRequest( 2649): success!=nulltrue
11-05 11:34:24.898 E/awplayer(14326): : nSpsMaxDecPicBuffering[i]: 4
11-05 11:34:24.917 W/View ( 2649): requestLayout() improperly called by com.dangbei.lerad.libui.control.layout.FitFrameLayout{c75a93d V.E...... ......ID 0,0-255,250 #7f0a02ee app:id/view_file_item_ll} during layout: running second layout pass
11-05 11:34:24.920 I/cedarc (14326): : not malloc locks
11-05 11:34:24.928 D/MediaPlayerFactory(14326): Initialize getpersist = 0 value=
11-05 11:34:24.929 I/cedarc (14326): : *** ic_version = 0x3301000012011,
11-05 11:34:24.956 I/DefaultIMS( 3502): onStartInput attribute=android.view.inputmethod.EditorInfo@f45a1ca restarting=false inputType: 0
11-05 11:34:24.966 D/GpioService( 480): mFlickerEnable = true
11-05 11:34:24.973 I/BLEAudioDrive_HV410( 248): data len: 9 1
11-05 11:34:24.973 D/TvWindowManager( 480): key event key = KEYCODE_BACK down = false
11-05 11:34:24.976 D/AutofillManagerService( 480): onBackKeyPressed()
11-05 11:34:24.978 I/BLEAudioDrive_HV410( 248): keyboard stop
11-05 11:34:24.980 W/View ( 2649): requestLayout() improperly called by com.dangbei.lerad.libui.control.layout.FitFrameLayout{c75a93d V.E...... ......ID 0,0-255,250 #7f0a02ee app:id/view_file_item_ll} during layout: running second layout pass
11-05 11:34:24.988 I/SogouIME( 3502): onKeyDown: keyoCode=4
11-05 11:34:24.988 I/DefaultIMS( 3502): onKeyDown: keyoCode=4
11-05 11:34:24.991 I/SogouIME( 3502): onKeyUp: keyoCode=4
11-05 11:34:24.991 I/DefaultIMS( 3502): onKeyUp: keyoCode=4
11-05 11:34:24.997 I/gralloc ( 257): alloc buffer:W:1920 H:1080 S:1920 PL[1920 1080] SZ:8294400 fmt:1 if:0 af:1 usg:b66 fg:00000004
11-05 11:34:25.021 D/AW_CODE ( 480): rotation =0
11-05 11:34:25.039 I/BpBinder( 278): onLastStrongRef automatically unlinking death recipients:
11-05 11:34:25.070 I/gralloc ( 257): alloc buffer:W:1920 H:1080 S:1920 PL[1920 1080] SZ:8294400 fmt:1 if:0 af:1 usg:20000b00 fg:00000004
11-05 11:34:25.073 I/gralloc ( 257): alloc buffer:W:1920 H:1080 S:1920 PL[1920 1080] SZ:8294400 fmt:1 if:0 af:1 usg:20000b00 fg:00000004
11-05 11:34:25.076 I/gralloc ( 257): alloc buffer:W:1920 H:1080 S:1920 PL[1920 1080] SZ:8294400 fmt:1 if:0 af:1 usg:20000b00 fg:00000004
11-05 11:34:25.135 D/TvPipController( 688): onTaskStackChanged()
11-05 11:34:25.135 I/DefaultIMS( 3502): onStartInput attribute=android.view.inputmethod.EditorInfo@42d9f3b restarting=false inputType: 0
11-05 11:34:25.224 I/ndroid.systemu( 688): NativeAlloc concurrent copying GC freed 7327(426KB) AllocSpace objects, 0(0B) LOS objects, 49% free, 3708KB/7416KB, paused 531us total 209.497ms
11-05 11:34:25.232 W/System ( 688): A resource failed to call close.
11-05 11:34:25.245 W/System ( 688): A resource failed to call close.
11-05 11:34:25.602 W/.filemanager.o( 2649): Accessing hidden field Landroid/view/inputmethod/InputMethodManager;->mCurRootView:Landroid/view/ViewRootImpl; (blocked, reflection, denied)
11-05 11:34:25.835 E/awplayer(14326): : nSpsMaxDecPicBuffering[i]: 5
11-05 11:34:25.844 I/cedarc (14326): : not malloc locks
11-05 11:34:25.849 W/IorapForwardingService( 480): No service published for: iorapd
11-05 11:34:25.851 W/MediaProvider( 1056): isAppCloneUserPair for user -1: false
11-05 11:34:25.858 W/MediaProvider( 1056): isAppCloneUserPair for user -1: false
11-05 11:34:25.865 W/MediaProvider( 1056): isAppCloneUserPair for user -1: false
11-05 11:34:25.871 W/MediaProvider( 1056): isAppCloneUserPair for user -1: false
11-05 11:34:25.878 W/MediaProvider( 1056): isAppCloneUserPair for user -1: false
11-05 11:34:25.885 W/MediaProvider( 1056): isAppCloneUserPair for user -1: false
11-05 11:34:25.891 W/MediaProvider( 1056): isAppCloneUserPair for user -1: false
11-05 11:34:25.904 I/.filemanager.o( 2649): Explicit concurrent copying GC freed 10840(710KB) AllocSpace objects, 0(0B) LOS objects, 50% free, 15MB/30MB, paused 233us total 291.465ms
11-05 11:34:25.918 D/MediaPlayerFactory(14326): Initialize getpersist = 0 value=
11-05 11:34:25.918 I/cedarc (14326): : *** ic_version = 0x3301000012011,
11-05 11:34:25.962 I/BLEAudioDrive_HV410( 248): data len: 9 1
11-05 11:34:25.963 D/TvWindowManager( 480): key event key = KEYCODE_DPAD_CENTER down = true
11-05 11:34:25.968 D/GpioService( 480): mFlickerEnable = true
11-05 11:34:26.098 I/BLEAudioDrive_HV410( 248): data len: 9 1
11-05 11:34:26.099 D/TvWindowManager( 480): key event key = KEYCODE_DPAD_CENTER down = false
11-05 11:34:26.099 I/BLEAudioDrive_HV410( 248): keyboard stop
11-05 11:34:26.103 E/WifiHAL ( 663): wifi_get_link_stats: requestResponse Error:-5
11-05 11:34:26.106 E/WifiVendorHal( 480): getWifiLinkLayerStats_1_5_Internal(l.1191) failed {.code = ERROR_INVALID_ARGS, .description = }
11-05 11:34:26.114 D/GpioService( 480): mFlickerEnable = true
11-05 11:34:26.208 I/.filemanager.o( 2649): Explicit concurrent copying GC freed 1061(70KB) AllocSpace objects, 0(0B) LOS objects, 49% free, 15MB/30MB, paused 140us total 301.143ms
11-05 11:34:26.248 D/StrictMode( 2649): StrictMode policy violation: android.os.strictmode.InstanceCountViolation: class com.dangbei.lerad.filemanager.ui.info.ManagerFileListActivity; instances=23; limit=3
11-05 11:34:26.248 D/StrictMode( 2649): at android.os.StrictMode.setClassInstanceLimit(StrictMode.java:1)
11-05 11:34:26.250 W/InputManager-JNI( 480): Input channel object '42ad7fc com.tv.filemanager.os/com.dangbei.lerad.filemanager.ui.info.ManagerFileListActivity (client)' was disposed without first being removed with the input manager!
11-05 11:34:26.255 I/Choreographer( 2649): Skipped 41 frames! The application may be doing too much work on its main thread.
11-05 11:34:26.255 I/SogouIME( 3502): onKeyDown: keyoCode=23
11-05 11:34:26.255 I/DefaultIMS( 3502): onKeyDown: keyoCode=23
11-05 11:34:26.267 I/SogouIME( 3502): onKeyUp: keyoCode=23
11-05 11:34:26.268 I/DefaultIMS( 3502): onKeyUp: keyoCode=23
11-05 11:34:26.282 I/ActivityStarter( 480): ---START u0 {cmp=com.tv.filemanager.os/com.dangbei.lerad.filemanager.ui.info.ManagerFileListActivity (has extras)} from uid 10054
11-05 11:34:26.291 I/AW_PowerHAL( 263): Power setMode: LAUNCH to: 1
11-05 11:34:26.310 W/ActivityTaskManager( 480): Tried to set launchTime (0) < mLastActivityLaunchTime (5825501)
11-05 11:34:26.311 D/AW_CODE ( 480): rotation =0
11-05 11:34:26.315 I/AW_PowerHAL( 263): cur-mode:LAUNCH
11-05 11:34:26.323 I/cedarc (14326): : not malloc locks
11-05 11:34:26.332 D/MediaPlayerFactory(14326): Initialize getpersist = 0 value=
11-05 11:34:26.332 I/cedarc (14326): : *** ic_version = 0x3301000012011,
11-05 11:34:26.339 I/BpBinder( 278): onLastStrongRef automatically unlinking death recipients:
11-05 11:34:26.339 D/ActivityTaskManager( 480): homlet: skip orientation settings: 0
11-05 11:34:26.420 D/TvPipController( 688): onTaskStackChanged()
11-05 11:34:26.511 W/WindowManager( 480): Failed looking up window session=Session{7a11049 2649:u0a10054} callers=com.android.server.wm.WindowManagerService.windowForClientLocked:5702 com.android.server.wm.Session.insetsModified:629 android.view.IWindowSession$Stub.onTransact:1151
11-05 11:34:26.540 I/gralloc ( 257): alloc buffer:W:1920 H:1080 S:1920 PL[1920 1080] SZ:8294400 fmt:1 if:0 af:1 usg:20000b00 fg:00000004
11-05 11:34:26.543 I/gralloc ( 257): alloc buffer:W:1920 H:1080 S:1920 PL[1920 1080] SZ:8294400 fmt:1 if:0 af:1 usg:20000b00 fg:00000004
11-05 11:34:26.548 I/gralloc ( 257): alloc buffer:W:1920 H:1080 S:1920 PL[1920 1080] SZ:8294400 fmt:1 if:0 af:1 usg:20000b00 fg:00000004
11-05 11:34:26.580 I/ActivityTaskManager( 480): +++Displayed com.tv.filemanager.os/com.dangbei.lerad.filemanager.ui.info.ManagerFileListActivity: +297ms
11-05 11:34:26.599 I/BaseRequest( 2649): complete
11-05 11:34:26.599 I/BaseRequest( 2649): success!=nulltrue
11-05 11:34:26.646 I/DefaultIMS( 3502): onStartInput attribute=android.view.inputmethod.EditorInfo@e68a022 restarting=false inputType: 0
11-05 11:34:26.655 I/cedarc (14326): : not malloc locks
11-05 11:34:26.668 D/MediaPlayerFactory(14326): Initialize getpersist = 0 value=
11-05 11:34:26.669 I/cedarc (14326): : *** ic_version = 0x3301000012011,
11-05 11:34:26.715 W/View ( 2649): requestLayout() improperly called by com.dangbei.lerad.libui.control.layout.FitFrameLayout{1e5716a V.E...... ......ID 0,0-255,250 #7f0a02ee app:id/view_file_item_ll} during layout: running second layout pass
11-05 11:34:26.730 I/DefaultIMS( 3502): onStartInput attribute=android.view.inputmethod.EditorInfo@fa2bab3 restarting=false inputType: 0
11-05 11:34:26.731 I/AW_PowerHAL( 263): Power setMode: LAUNCH to: 0
11-05 11:34:26.734 I/AW_PowerHAL( 263): cur-mode:SCHEDUTIL
11-05 11:34:26.851 W/IorapForwardingService( 480): No service published for: iorapd
11-05 11:34:27.116 I/cedarc (14326): : not malloc locks
11-05 11:34:27.125 W/MediaProvider( 1056): isAppCloneUserPair for user -1: false
11-05 11:34:27.132 W/MediaProvider( 1056): isAppCloneUserPair for user -1: false
11-05 11:34:27.140 W/MediaProvider( 1056): isAppCloneUserPair for user -1: false
11-05 11:34:27.150 W/MediaProvider( 1056): isAppCloneUserPair for user -1: false
11-05 11:34:27.208 D/MediaPlayerFactory(14326): Initialize getpersist = 0 value=
11-05 11:34:27.209 I/cedarc (14326): : *** ic_version = 0x3301000012011,
11-05 11:34:27.234 I/cedarc (14326): : not malloc locks
11-05 11:34:27.250 D/MediaPlayerFactory(14326): Initialize getpersist = 0 value=
11-05 11:34:27.251 I/cedarc (14326): : *** ic_version = 0x3301000012011,
11-05 11:34:27.268 I/BLEAudioDrive_HV410( 248): data len: 9 1
11-05 11:34:27.268 D/TvWindowManager( 480): key event key = KEYCODE_DPAD_RIGHT down = true
11-05 11:34:27.273 D/GpioService( 480): mFlickerEnable = true
11-05 11:34:27.276 I/SogouIME( 3502): onKeyDown: keyoCode=22
11-05 11:34:27.277 I/DefaultIMS( 3502): onKeyDown: keyoCode=22
11-05 11:34:27.291 I/cedarc (14326): : not malloc locks
11-05 11:34:27.298 I/DefaultIMS( 3502): onStartInput attribute=android.view.inputmethod.EditorInfo@772117a restarting=false inputType: 0
11-05 11:34:27.301 W/MediaProvider( 1056): isAppCloneUserPair for user -1: false
11-05 11:34:27.314 W/MediaProvider( 1056): isAppCloneUserPair for user -1: false
11-05 11:34:27.326 W/MediaProvider( 1056): isAppCloneUserPair for user -1: false
11-05 11:34:27.363 D/MediaPlayerFactory(14326): Initialize getpersist = 0 value=
11-05 11:34:27.363 I/cedarc (14326): : *** ic_version = 0x3301000012011,
11-05 11:34:27.374 I/FuseDaemon( 1056): Background concurrent copying GC freed 259208(13MB) AllocSpace objects, 93(20MB) LOS objects, 49% free, 6565KB/12MB, paused 147us total 170.521ms
11-05 11:34:27.383 I/cedarc (14326): : not malloc locks
11-05 11:34:27.388 W/MediaProvider( 1056): isAppCloneUserPair for user -1: false
11-05 11:34:27.394 W/MediaProvider( 1056): isAppCloneUserPair for user -1: false
11-05 11:34:27.402 W/MediaProvider( 1056): isAppCloneUserPair for user -1: false
11-05 11:34:27.435 D/MediaPlayerFactory(14326): Initialize getpersist = 0 value=
11-05 11:34:27.435 I/cedarc (14326): : *** ic_version = 0x3301000012011,
11-05 11:34:27.436 I/BLEAudioDrive_HV410( 248): data len: 9 1
11-05 11:34:27.436 I/BLEAudioDrive_HV410( 248): keyboard stop
11-05 11:34:27.436 D/TvWindowManager( 480): key event key = KEYCODE_DPAD_RIGHT down = false
11-05 11:34:27.440 I/SogouIME( 3502): onKeyUp: keyoCode=22
11-05 11:34:27.440 I/DefaultIMS( 3502): onKeyUp: keyoCode=22
11-05 11:34:27.477 I/cedarc (14326): : not malloc locks
11-05 11:34:27.487 D/MediaPlayerFactory(14326): Initialize getpersist = 0 value=
11-05 11:34:27.487 I/cedarc (14326): : *** ic_version = 0x3301000012011,
11-05 11:34:27.528 I/cedarc (14326): : not malloc locks
11-05 11:34:27.536 D/MediaPlayerFactory(14326): Initialize getpersist = 0 value=
11-05 11:34:27.536 I/cedarc (14326): : *** ic_version = 0x3301000012011,
11-05 11:34:27.567 I/cedarc (14326): : not malloc locks
11-05 11:34:27.574 W/MediaProvider( 1056): isAppCloneUserPair for user -1: false
11-05 11:34:27.583 W/MediaProvider( 1056): isAppCloneUserPair for user -1: false
11-05 11:34:27.619 W/MediaProvider( 1056): isAppCloneUserPair for user -1: false
11-05 11:34:27.626 W/MediaProvider( 1056): isAppCloneUserPair for user -1: false
11-05 11:34:27.634 W/MediaProvider( 1056): isAppCloneUserPair for user -1: false
11-05 11:34:27.639 I/BLEAudioDrive_HV410( 248): data len: 9 1
11-05 11:34:27.639 D/TvWindowManager( 480): key event key = KEYCODE_DPAD_CENTER down = true
11-05 11:34:27.645 D/GpioService( 480): mFlickerEnable = true
11-05 11:34:27.702 D/MediaPlayerFactory(14326): Initialize getpersist = 0 value=
11-05 11:34:27.703 I/cedarc (14326): : *** ic_version = 0x3301000012011,
11-05 11:34:27.718 I/cedarc (14326): : not malloc locks
11-05 11:34:27.721 D/MediaPlayerFactory(14326): Initialize getpersist = 0 value=
11-05 11:34:27.721 I/cedarc (14326): : *** ic_version = 0x3301000012011,
11-05 11:34:27.739 I/cedarc (14326): : not malloc locks
11-05 11:34:27.742 W/IsoInterface( 1056): Invalid box at 52056 of length 375052721. End of parent 293436220
11-05 11:34:27.752 I/BLEAudioDrive_HV410( 248): data len: 9 1
11-05 11:34:27.752 I/BLEAudioDrive_HV410( 248): keyboard stop
11-05 11:34:27.753 D/TvWindowManager( 480): key event key = KEYCODE_DPAD_CENTER down = false
11-05 11:34:27.789 D/GpioService( 480): mFlickerEnable = true
11-05 11:34:27.794 I/SogouIME( 3502): onKeyDown: keyoCode=23
11-05 11:34:27.794 I/DefaultIMS( 3502): onKeyDown: keyoCode=23
11-05 11:34:27.797 D/MediaPlayerFactory(14326): Initialize getpersist = 0 value=
11-05 11:34:27.798 I/cedarc (14326): : *** ic_version = 0x3301000012011,
11-05 11:34:27.798 I/SogouIME( 3502): onKeyUp: keyoCode=23
11-05 11:34:27.798 I/DefaultIMS( 3502): onKeyUp: keyoCode=23
11-05 11:34:27.821 E/awplayer(14326): : tag: 0x05 format_identifier=1146050121
11-05 11:34:27.823 E/awplayer(14326): : tag: 0x05 format_identifier=1161904947
11-05 11:34:27.849 D/StrictMode( 2649): StrictMode policy violation: android.os.strictmode.FileUriExposedViolation: file:///storage/02E24445E2443EE3/000%E9%9F%B3%E9%A2%91%E7%BC%96%E7%A0%81%E6%A0%BC%E5%BC%8F%E6%B5%8B%E8%AF%95/DTS/dts5.1.mkv exposed beyond app through Intent.getData()
11-05 11:34:27.849 D/StrictMode( 2649): at android.os.StrictMode.onFileUriExposed(StrictMode.java:2211)
11-05 11:34:27.849 D/StrictMode( 2649): at android.net.Uri.checkFileUriExposed(Uri.java:2402)
11-05 11:34:27.849 D/StrictMode( 2649): at android.content.Intent.prepareToLeaveProcess(Intent.java:11415)
11-05 11:34:27.849 D/StrictMode( 2649): at android.content.Intent.prepareToLeaveProcess(Intent.java:11367)
11-05 11:34:27.849 D/StrictMode( 2649): at android.app.Instrumentation.execStartActivity(Instrumentation.java:1742)
11-05 11:34:27.849 D/StrictMode( 2649): at android.app.ContextImpl.startActivity(ContextImpl.java:1085)
11-05 11:34:27.849 D/StrictMode( 2649): at android.app.ContextImpl.startActivity(ContextImpl.java:1056)
11-05 11:34:27.849 D/StrictMode( 2649): at android.content.ContextWrapper.startActivity(ContextWrapper.java:411)
11-05 11:34:27.849 D/StrictMode( 2649): at com.dangbei.lerad.filemanager.impl.open.FileTypePlayer.directlyOpen(FileTypePlayer.java:254)
11-05 11:34:27.849 D/StrictMode( 2649): at com.dangbei.lerad.filemanager.impl.open.FileTypePlayer.play(FileTypePlayer.java:116)
11-05 11:34:27.849 D/StrictMode( 2649): at com.dangbei.lerad.filemanager.impl.open.OpenFilterChain.run(OpenFilterChain.java:63)
11-05 11:34:27.849 D/StrictMode( 2649): at com.dangbei.lerad.filemanager.impl.open.OpenFilterChain.execute(OpenFilterChain.java:35)
11-05 11:34:27.849 D/StrictMode( 2649): at com.dangbei.lerad.filemanager.impl.open.OpenManager$1.onNext(OpenManager.java:109)
11-05 11:34:27.849 D/StrictMode( 2649): at com.dangbei.lerad.filemanager.impl.open.OpenManager$1.onNext(OpenManager.java:101)
11-05 11:34:27.849 D/StrictMode( 2649): at io.reactivex.internal.operators.observable.ObservableObserveOn$ObserveOnObserver.drainNormal(ObservableObserveOn.java:201)
11-05 11:34:27.849 D/StrictMode( 2649): at io.reactivex.internal.operators.observable.ObservableObserveOn$ObserveOnObserver.run(ObservableObserveOn.java:255)
11-05 11:34:27.849 D/StrictMode( 2649): at io.reactivex.android.schedulers.HandlerScheduler$ScheduledRunnable.run(HandlerScheduler.java:119)
11-05 11:34:27.849 D/StrictMode( 2649): at android.os.Handler.handleCallback(Handler.java:938)
11-05 11:34:27.849 D/StrictMode( 2649): at android.os.Handler.dispatchMessage(Handler.java:99)
11-05 11:34:27.849 D/StrictMode( 2649): at android.os.Looper.loopOnce(Looper.java:201)
11-05 11:34:27.849 D/StrictMode( 2649): at android.os.Looper.loop(Looper.java:288)
11-05 11:34:27.849 D/StrictMode( 2649): at android.app.ActivityThread.main(ActivityThread.java:7854)
11-05 11:34:27.849 D/StrictMode( 2649): at java.lang.reflect.Method.invoke(Native Method)
11-05 11:34:27.849 D/StrictMode( 2649): at com.android.internal.os.RuntimeInit$MethodAndArgsCaller.run(RuntimeInit.java:548)
11-05 11:34:27.849 D/StrictMode( 2649): at com.android.internal.os.ZygoteInit.main(ZygoteInit.java:1182)
11-05 11:34:27.851 I/ActivityStarter( 480): ---START u0 {act=android.intent.action.VIEW dat=file:///storage/02E24445E2443EE3/000音频编码格式测试/DTS/dts5.1.mkv typ=video/* flg=0x10000001 cmp=com.dangbei.lerad.videoposter/com.dangbei.leradplayer.activity.PlayerActivity} from uid 10054
11-05 11:34:27.854 W/ActivityTaskManager( 480): Can't find TaskDisplayArea to determine support for multi window. Task id=54 attached=false
11-05 11:34:27.854 W/IorapForwardingService( 480): No service published for: iorapd
11-05 11:34:27.867 I/AW_PowerHAL( 263): Power setMode: LAUNCH to: 1
11-05 11:34:27.871 V/SplashScreenExceptionList( 480): SplashScreen checking exception for package com.dangbei.lerad.videoposter (target sdk:26) -> false
11-05 11:34:27.873 D/StartingSurfaceDrawer( 688): addSplashScreen com.dangbei.lerad.videoposter theme=7f0d0007 task=54 suggestType=3
11-05 11:34:27.880 D/StartingSurfaceDrawer( 688): addSplashScreen: creating context based on task Configuration {1.0 ?mcc?mnc [zh_CN] ldltr sw720dp w1280dp h696dp 240dpi lrg long land television -touch qwerty/v/v dpad/v winConfig={ mBounds=Rect(0, 0 - 1920, 1080) mAppBounds=Rect(0, 0 - 1920, 1080) mMaxBounds=Rect(0, 0 - 1920, 1080) mWindowingMode=fullscreen mDisplayWindowingMode=fullscreen mActivityType=standard mAlwaysOnTop=undefined mRotation=ROTATION_0} s.1 fontWeightAdjustment=0} for splash screen
11-05 11:34:27.885 D/StartingSurfaceDrawer( 688): addSplashScreen: apply overrideConfig{1.0 ?mcc?mnc [zh_CN] ldltr sw720dp w1280dp h696dp 240dpi lrg long land television -touch qwerty/v/v dpad/v winConfig={ mBounds=Rect(0, 0 - 1920, 1080) mAppBounds=Rect(0, 0 - 1920, 1080) mMaxBounds=Rect(0, 0 - 1920, 1080) mWindowingMode=fullscreen mDisplayWindowingMode=fullscreen mActivityType=standard mAlwaysOnTop=undefined mRotation=ROTATION_0} s.1 fontWeightAdjustment=0} to starting window resId=2131165761
11-05 11:34:27.889 D/StartingSurfaceDrawer( 688): window attributes color: 0 icon null duration 0 brandImage null
11-05 11:34:27.892 D/SplashScreenView( 688): Build android.window.SplashScreenView{75d5ab5 V.E...... ......ID 0,0-0,0}
11-05 11:34:27.892 D/SplashScreenView( 688): Icon: view: null drawable: null size: 0
11-05 11:34:27.892 D/SplashScreenView( 688): Branding: view: android.view.View{160f54a G.ED..... ......I. 0,0-0,0 #10204a6 android:id/splashscreen_branding_view} drawable: null size w: 0 h: 0
11-05 11:34:27.892 D/StartingSurfaceDrawer( 688): fillViewWithIcon surfaceWindowView android.window.SplashScreenView{75d5ab5 V.E...... ......ID 0,0-0,0}
11-05 11:34:27.904 W/ActivityTaskManager( 480): Tried to set launchTime (0) < mLastActivityLaunchTime (5787636)
11-05 11:34:27.906 I/AW_PowerHAL( 263): cur-mode:LAUNCH
11-05 11:34:27.910 D/AW_CODE ( 480): rotation =0
11-05 11:34:27.939 I/BpBinder( 278): onLastStrongRef automatically unlinking death recipients:
11-05 11:34:27.948 I/gralloc ( 257): alloc buffer:W:1920 H:1080 S:1920 PL[1920 1080] SZ:8294400 fmt:1 if:0 af:1 usg:20000b00 fg:00000004
11-05 11:34:27.953 I/gralloc ( 257): alloc buffer:W:1920 H:1080 S:1920 PL[1920 1080] SZ:8294400 fmt:1 if:0 af:1 usg:20000b00 fg:00000004
11-05 11:34:27.958 I/gralloc ( 257): alloc buffer:W:1920 H:1080 S:1920 PL[1920 1080] SZ:8294400 fmt:1 if:0 af:1 usg:20000b00 fg:00000004
11-05 11:34:28.019 D/TvPipController( 688): onTaskStackChanged()
11-05 11:34:28.204 W/AudioManager( 4556): Use of stream types is deprecated for operations other than volume control
11-05 11:34:28.204 W/AudioManager( 4556): See the documentation of requestAudioFocus() for what to use instead with android.media.AudioAttributes to qualify your playback use case
11-05 11:34:28.206 I/MediaFocusControl( 480): requestAudioFocus() from uid/pid 10042/4556 AA=USAGE_MEDIA/CONTENT_TYPE_MUSIC clientId=android.media.AudioManager@187d065 callingPack=com.dangbei.lerad.videoposter req=1 flags=0x0 sdk=26
11-05 11:34:28.209 I/AudioService.FadeOutManager( 480): unfadeOutUid() uid:10042
11-05 11:34:28.211 W/System.err( 4556): java.lang.Exception: you should init first
11-05 11:34:28.211 W/System.err( 4556): at com.dangbei.alps.AlpsManager.check(AlpsManager.java:315)
11-05 11:34:28.212 W/System.err( 4556): at com.dangbei.alps.AlpsManager.onResume(AlpsManager.java:240)
11-05 11:34:28.212 W/System.err( 4556): at com.dangbei.leradplayer.activity.PlayerActivity.onResume(PlayerActivity.java:658)
11-05 11:34:28.212 W/System.err( 4556): at android.app.Instrumentation.callActivityOnResume(Instrumentation.java:1476)
11-05 11:34:28.212 W/System.err( 4556): at android.app.Activity.performResume(Activity.java:8190)
11-05 11:34:28.212 W/System.err( 4556): at android.app.ActivityThread.performResumeActivity(ActivityThread.java:4747)
11-05 11:34:28.212 W/System.err( 4556): at android.app.ActivityThread.handleResumeActivity(ActivityThread.java:4790)
11-05 11:34:28.212 W/System.err( 4556): at android.app.servertransaction.ResumeActivityItem.execute(ResumeActivityItem.java:54)
11-05 11:34:28.212 W/System.err( 4556): at android.app.servertransaction.ActivityTransactionItem.execute(ActivityTransactionItem.java:45)
11-05 11:34:28.212 W/System.err( 4556): at android.app.servertransaction.TransactionExecutor.executeLifecycleState(TransactionExecutor.java:176)
11-05 11:34:28.212 W/System.err( 4556): at android.app.servertransaction.TransactionExecutor.execute(TransactionExecutor.java:97)
11-05 11:34:28.212 W/System.err( 4556): at android.app.ActivityThread$H.handleMessage(ActivityThread.java:2210)
11-05 11:34:28.212 W/System.err( 4556): at android.os.Handler.dispatchMessage(Handler.java:106)
11-05 11:34:28.212 W/System.err( 4556): at android.os.Looper.loopOnce(Looper.java:201)
11-05 11:34:28.212 W/System.err( 4556): at android.os.Looper.loop(Looper.java:288)
11-05 11:34:28.212 W/System.err( 4556): at android.app.ActivityThread.main(ActivityThread.java:7854)
11-05 11:34:28.212 W/System.err( 4556): at java.lang.reflect.Method.invoke(Native Method)
11-05 11:34:28.212 W/System.err( 4556): at com.android.internal.os.RuntimeInit$MethodAndArgsCaller.run(RuntimeInit.java:548)
11-05 11:34:28.212 W/System.err( 4556): at com.android.internal.os.ZygoteInit.main(ZygoteInit.java:1182)
11-05 11:34:28.217 W/WindowManager( 480): Failed looking up window session=Session{2870cc2 4556:u0a10042} callers=com.android.server.wm.WindowManagerService.windowForClientLocked:5702 com.android.server.wm.Session.insetsModified:629 android.view.IWindowSession$Stub.onTransact:1151
11-05 11:34:28.268 I/gralloc ( 257): alloc buffer:W:1920 H:1080 S:1920 PL[1920 1080] SZ:8294400 fmt:1 if:0 af:1 usg:20000b00 fg:00000004
11-05 11:34:28.300 D/StartingSurfaceDrawer( 688): Task start finish, remove starting surface for task 54
11-05 11:34:28.300 V/StartingSurfaceDrawer( 688): Removing splash screen window for task: 54
11-05 11:34:28.367 I/gralloc ( 257): alloc buffer:W:1920 H:1080 S:1920 PL[1920 1080] SZ:8294400 fmt:1 if:0 af:1 usg:20000b00 fg:00000004
11-05 11:34:28.454 I/gralloc ( 257): alloc buffer:W:1920 H:1080 S:1920 PL[1920 1080] SZ:8294400 fmt:1 if:0 af:1 usg:20000b00 fg:00000004
11-05 11:34:28.463 I/DefaultIMS( 3502): onStartInput attribute=android.view.inputmethod.EditorInfo@f1d19ff restarting=false inputType: 0
11-05 11:34:28.469 I/AW_PowerHAL( 263): Power setMode: LAUNCH to: 0
11-05 11:34:28.486 I/AW_PowerHAL( 263): cur-mode:SCHEDUTIL
11-05 11:34:28.513 W/Looper ( 480): Slow dispatch took 211ms android.fg h=android.os.Handler c=com.android.server.wm.ActivityMetricsLogger$$ExternalSyntheticLambda1@3c6bc4b m=0
11-05 11:34:28.513 I/ActivityTaskManager( 480): +++Displayed com.dangbei.lerad.videoposter/com.dangbei.leradplayer.activity.PlayerActivity: +445ms
11-05 11:34:28.513 W/Looper ( 480): Slow delivery took 215ms android.fg h=android.os.Handler c=com.android.server.wm.ActivityMetricsLogger$$ExternalSyntheticLambda2@5ff3628 m=0
11-05 11:34:28.571 I/gralloc ( 257): alloc buffer:W:860 H:760 S:864 PL[860 760] SZ:2626560 fmt:1 if:0 af:1 usg:20000b00 fg:00000004
11-05 11:34:28.613 I/gralloc ( 257): alloc buffer:W:860 H:760 S:864 PL[860 760] SZ:2626560 fmt:1 if:0 af:1 usg:20000b00 fg:00000004
11-05 11:34:28.635 I/gralloc ( 257): alloc buffer:W:860 H:760 S:864 PL[860 760] SZ:2626560 fmt:1 if:0 af:1 usg:20000b00 fg:00000004
11-05 11:34:28.669 W/Looper ( 480): Drained
11-05 11:34:28.744 W/InputManager-JNI( 480): Input channel object 'be33c8 Splash Screen com.dangbei.lerad.videoposter (client)' was disposed without first being removed with the input manager!
11-05 11:34:28.753 I/DefaultIMS( 3502): onStartInput attribute=android.view.inputmethod.EditorInfo@789f3cc restarting=false inputType: 0
11-05 11:34:28.861 W/IorapForwardingService( 480): No service published for: iorapd
11-05 11:34:29.021 E/awplayer(14326): : nSpsMaxDecPicBuffering[i]: 6
11-05 11:34:29.035 I/cedarc (14326): : not malloc locks
11-05 11:34:29.045 D/MediaPlayerFactory(14326): Initialize getpersist = 0 value=
11-05 11:34:29.046 I/cedarc (14326): : *** ic_version = 0x3301000012011,
11-05 11:34:29.117 E/WifiHAL ( 663): wifi_get_link_stats: requestResponse Error:-5
11-05 11:34:29.119 E/WifiVendorHal( 480): getWifiLinkLayerStats_1_5_Internal(l.1191) failed {.code = ERROR_INVALID_ARGS, .description = }
11-05 11:34:29.182 I/BLEAudioDrive_HV410( 248): data len: 9 1
11-05 11:34:29.183 D/TvWindowManager( 480): key event key = KEYCODE_DPAD_CENTER down = true
11-05 11:34:29.190 D/GpioService( 480): mFlickerEnable = true
11-05 11:34:29.304 I/BLEAudioDrive_HV410( 248): data len: 9 1
11-05 11:34:29.304 I/BLEAudioDrive_HV410( 248): keyboard stop
11-05 11:34:29.304 D/TvWindowManager( 480): key event key = KEYCODE_DPAD_CENTER down = false
11-05 11:34:29.333 D/GpioService( 480): mFlickerEnable = true
11-05 11:34:29.336 I/SogouIME( 3502): onKeyDown: keyoCode=23
11-05 11:34:29.336 I/DefaultIMS( 3502): onKeyDown: keyoCode=23
11-05 11:34:29.340 I/SogouIME( 3502): onKeyUp: keyoCode=23
11-05 11:34:29.340 I/DefaultIMS( 3502): onKeyUp: keyoCode=23
11-05 11:34:29.344 V/MediaPlayer( 4556): resetDrmState: mDrmInfo=null mDrmProvisioningThread=null mPrepareDrmInProgress=false mActiveDrmScheme=false
11-05 11:34:29.344 V/MediaPlayer( 4556): cleanDrmObj: mDrmObj=null mDrmSessionId=null
11-05 11:34:29.376 W/MediaProvider( 1056): Failed to fetch original file descriptor
11-05 11:34:29.376 W/MediaProvider( 1056): java.io.FileNotFoundException: Input file descriptor is already original
11-05 11:34:29.376 W/MediaProvider( 1056): at com.android.providers.media.MediaProvider.getOriginalMediaFormatFileDescriptor(MediaProvider.java:5774)
11-05 11:34:29.376 W/MediaProvider( 1056): at com.android.providers.media.MediaProvider.openTypedAssetFileCommon(MediaProvider.java:7190)
11-05 11:34:29.376 W/MediaProvider( 1056): at com.android.providers.media.MediaProvider.openTypedAssetFile(MediaProvider.java:7171)
11-05 11:34:29.376 W/MediaProvider( 1056): at android.content.ContentProvider$Transport.openTypedAssetFile(ContentProvider.java:548)
11-05 11:34:29.376 W/MediaProvider( 1056): at android.content.ContentProviderNative.onTransact(ContentProviderNative.java:327)
11-05 11:34:29.376 W/MediaProvider( 1056): at android.os.Binder.execTransactInternal(Binder.java:1179)
11-05 11:34:29.376 W/MediaProvider( 1056): at android.os.Binder.execTransact(Binder.java:1143)
11-05 11:34:29.404 D/MediaPlayerFactory(14326): Initialize getpersist = 0 value=
11-05 11:34:29.409 I/awplayer(14326): : process message XPLAYER_COMMAND_SET_SOURCE.
11-05 11:34:29.543 W/awplayer(14326): : Set log level to 4
11-05 11:34:29.543 E/cedarc (14326): : now cedarc log level:4
11-05 11:34:29.543 I/cedarc (14326): : CreateVideoDecoder p:0xf466b380
11-05 11:34:29.544 I/cedarc (14326): : *** ic_version = 0x3301000012011,
11-05 11:34:29.558 W/VE (17261): VE real_freq=648000000
11-05 11:34:29.591 D/SurfaceUtils(14326): connecting to surface 0xf4676808, reason setVideoSurfaceTexture
11-05 11:34:29.594 I/awplayer(14326): : xxxxxxxxxx video size: width = 1440, height = 1080
11-05 11:34:29.606 W/InputManager-JNI( 480): Input channel object '56d5ce6 com.dangbei.lerad.videoposter/com.dangbei.leradplayer.activity.PlayerActivity (client)' was disposed without first being removed with the input manager!
11-05 11:34:29.622 W/InputEventReceiver( 4556): Attempted to finish an input event but the input event receiver has already been disposed.
11-05 11:34:29.631 I/awplayer(14326): : isPlaying
11-05 11:34:29.636 D/Allwinner Audio Middle Layer(14326): ver : 2017-8-4-18-00 Create Decoder!!=====
11-05 11:34:29.636 D/Allwinner Audio Middle Layer(14326): ver : 2017-8-4-18-00 AudioDec_Installaudiolib ok
11-05 11:34:29.636 D/Allwinner Audio Middle Layer(14326): ver : 2017-8-4-18-00 audio decoder init start ...
11-05 11:34:29.636 D/AllwinnerAlibs(14326): ver : 2017-8-4-18-00
11-05 11:34:29.636 D/AllwinnerAlibs(14326): >>>>>>>>>>>>>>>>>>>>>>>>>>>>>>> Audio <<<<<<<<<<<<<<<<<<<<<<<<<<<<<<<
11-05 11:34:29.636 D/AllwinnerAlibs(14326): tag : audiocodec-v1.2
11-05 11:34:29.636 D/AllwinnerAlibs(14326): branch: new
11-05 11:34:29.636 D/AllwinnerAlibs(14326): commit: 3ba65962c01cbf1280ddda19d843009b6ef8ce85
11-05 11:34:29.636 D/AllwinnerAlibs(14326): date : Tue Jan 8 16:25:27 2019 +0800
11-05 11:34:29.636 D/AllwinnerAlibs(14326): ----------------------------------------------------------------------
11-05 11:34:29.637 D/AllwinnerAlibs(14326): ver : 2017-8-4-18-00 ----Loading so success!
11-05 11:34:29.638 D/AllwinnerAlibs(14326): ver : 2017-8-4-18-00 *************pAudioStreamInfo start******************
11-05 11:34:29.638 D/AllwinnerAlibs(14326): ver : 2017-8-4-18-00 eCodecFormat :id(6), name(dts audio)
11-05 11:34:29.638 D/AllwinnerAlibs(14326): ver : 2017-8-4-18-00 eSubCodecFormat :0
11-05 11:34:29.638 D/AllwinnerAlibs(14326): ver : 2017-8-4-18-00 nChannelNum :6
11-05 11:34:29.638 D/AllwinnerAlibs(14326): ver : 2017-8-4-18-00 nBitsPerSample :24
11-05 11:34:29.638 D/AllwinnerAlibs(14326): ver : 2017-8-4-18-00 nSampleRate :48000
11-05 11:34:29.638 D/AllwinnerAlibs(14326): ver : 2017-8-4-18-00 nAvgBitrate :0
11-05 11:34:29.638 D/AllwinnerAlibs(14326): ver : 2017-8-4-18-00 nMaxBitRate :0
11-05 11:34:29.638 D/AllwinnerAlibs(14326): ver : 2017-8-4-18-00 nFileSize :0
11-05 11:34:29.638 D/AllwinnerAlibs(14326): ver : 2017-8-4-18-00 eAudioBitstreamSource:0
11-05 11:34:29.638 D/AllwinnerAlibs(14326): ver : 2017-8-4-18-00 eDataEncodeType :1
11-05 11:34:29.638 D/AllwinnerAlibs(14326): ver : 2017-8-4-18-00 nCodecSpecificDataLen:0
11-05 11:34:29.638 D/AllwinnerAlibs(14326): ver : 2017-8-4-18-00 pCodecSpecificData :0x0
11-05 11:34:29.638 D/AllwinnerAlibs(14326): ver : 2017-8-4-18-00 nFlags :0
11-05 11:34:29.638 D/AllwinnerAlibs(14326): ver : 2017-8-4-18-00 nBlockAlign :0
11-05 11:34:29.638 D/AllwinnerAlibs(14326): ver : 2017-8-4-18-00 *************pAudioStreamInfo end ******************
11-05 11:34:29.639 D/Allwinner Audio Middle Layer(14326): ver : 2017-8-4-18-00 AUDIO DECODE INIT OK...0
11-05 11:34:29.641 I/awplayer(14326): : audio render process start message.
11-05 11:34:29.641 W/awplayer(14326): : message 0x40a not handled.
11-05 11:34:29.643 I/awplayer(14326): : audio render process pause message.
11-05 11:34:29.643 W/awplayer(14326): <__SdPause:622>: Invalid pause operation, sound device not in start status.
11-05 11:34:29.645 D/AllwinnerAlibs(14326): ver : 2017-8-4-18-00 ad_cedar seek sync ......nSeekTime:9874000
11-05 11:34:29.646 I/awplayer(14326): : audio render process reset message.
11-05 11:34:29.716 I/awplayer(14326): : audio render process start message.
11-05 11:34:29.725 D/AudioFlinger( 270): Client defaulted notificationFrames to 2610 for frameCount 5220
11-05 11:34:29.728 D/AF::TrackHandle( 270): OpPlayAudio: track:136 usage:1 not muted
11-05 11:34:29.739 I/awplayer(14326): : isPlaying
11-05 11:34:29.750 I/EffectsFactory( 248): EffectCreate() create_effect
11-05 11:34:29.762 I/DefaultIMS( 3502): onStartInput attribute=android.view.inputmethod.EditorInfo@9cd2615 restarting=false inputType: 0
11-05 11:34:29.763 E/EffectHalHidl( 270): Buffer provider callbacks are not supported
11-05 11:34:29.767 I/awplayer(14326): : isPlaying
11-05 11:34:29.827 W/awplayer(14326): : submit +++video+++ stream data , pts is 10277.000 ms
11-05 11:34:29.828 W/awplayer(14326): : submit ---audio--- stream data , pts is 10283.000 ms
11-05 11:34:29.833 I/cedarc (14326): : Video Stream Information:
11-05 11:34:29.833 I/cedarc (14326): : codec = H264
11-05 11:34:29.833 I/cedarc (14326): : width = 1440 pixels
11-05 11:34:29.833 I/cedarc (14326): : height = 1080 pixels
11-05 11:34:29.833 I/cedarc (14326): : frame rate = 59941
11-05 11:34:29.833 I/cedarc (14326): : frame duration = 0 us
11-05 11:34:29.833 I/cedarc (14326): : aspect ratio = 0
11-05 11:34:29.833 I/cedarc (14326): : is 3D stream = no
11-05 11:34:29.833 I/cedarc (14326): : Video Stream Information:
11-05 11:34:29.833 I/cedarc (14326): : codec = H264
11-05 11:34:29.833 I/cedarc (14326): : width = 1440 pixels
11-05 11:34:29.833 I/cedarc (14326): : height = 1080 pixels
11-05 11:34:29.833 I/cedarc (14326): : frame rate = 59941
11-05 11:34:29.833 I/cedarc (14326): : frame duration = 0 us
11-05 11:34:29.833 I/cedarc (14326): : aspect ratio = 0
11-05 11:34:29.833 I/cedarc (14326): : is 3D stream = no
11-05 11:34:29.833 W/awplayer(14326): : do not need open deinterlace, video_size-1440x1080 > threshold_size-2048x1088! rate =59941!
11-05 11:34:29.835 I/gralloc ( 257): alloc buffer:W:1440 H:1088 S:1440 PL[1440 1088] SZ:2350144 fmt:842094169 if:0 af:842094169 usg:410960 fg:00000004
11-05 11:34:29.836 W/[Gralloc-Warning](14326): mali_gralloc_lock:288 Buffers with YUV compatible formats should be locked using GRALLOC1_FUNCTION_LOCK_FLEX. Requested format is:0x32315659
11-05 11:34:29.837 W/awplayer(14326): <__SdStart:284>: Sound device already started.
11-05 11:34:29.837 I/gralloc ( 257): alloc buffer:W:1440 H:1088 S:1440 PL[1440 1088] SZ:2350144 fmt:842094169 if:0 af:842094169 usg:410960 fg:00000004
11-05 11:34:29.838 W/[Gralloc-Warning](14326): mali_gralloc_lock:288 Buffers with YUV compatible formats should be locked using GRALLOC1_FUNCTION_LOCK_FLEX. Requested format is:0x32315659
11-05 11:34:29.839 I/gralloc ( 257): alloc buffer:W:1440 H:1088 S:1440 PL[1440 1088] SZ:2350144 fmt:842094169 if:0 af:842094169 usg:410960 fg:00000004
11-05 11:34:29.840 W/[Gralloc-Warning](14326): mali_gralloc_lock:288 Buffers with YUV compatible formats should be locked using GRALLOC1_FUNCTION_LOCK_FLEX. Requested format is:0x32315659
11-05 11:34:29.841 I/gralloc ( 257): alloc buffer:W:1440 H:1088 S:1440 PL[1440 1088] SZ:2350144 fmt:842094169 if:0 af:842094169 usg:410960 fg:00000004
11-05 11:34:29.843 W/[Gralloc-Warning](14326): mali_gralloc_lock:288 Buffers with YUV compatible formats should be locked using GRALLOC1_FUNCTION_LOCK_FLEX. Requested format is:0x32315659
11-05 11:34:29.844 I/gralloc ( 257): alloc buffer:W:1440 H:1088 S:1440 PL[1440 1088] SZ:2350144 fmt:842094169 if:0 af:842094169 usg:410960 fg:00000004
11-05 11:34:29.845 W/[Gralloc-Warning](14326): mali_gralloc_lock:288 Buffers with YUV compatible formats should be locked using GRALLOC1_FUNCTION_LOCK_FLEX. Requested format is:0x32315659
11-05 11:34:29.845 I/gralloc ( 257): alloc buffer:W:1440 H:1088 S:1440 PL[1440 1088] SZ:2350144 fmt:842094169 if:0 af:842094169 usg:410960 fg:00000004
11-05 11:34:29.848 W/[Gralloc-Warning](14326): mali_gralloc_lock:288 Buffers with YUV compatible formats should be locked using GRALLOC1_FUNCTION_LOCK_FLEX. Requested format is:0x32315659
11-05 11:34:29.850 I/gralloc ( 257): alloc buffer:W:1440 H:1088 S:1440 PL[1440 1088] SZ:2350144 fmt:842094169 if:0 af:842094169 usg:410960 fg:00000004
11-05 11:34:29.851 W/[Gralloc-Warning](14326): mali_gralloc_lock:288 Buffers with YUV compatible formats should be locked using GRALLOC1_FUNCTION_LOCK_FLEX. Requested format is:0x32315659
11-05 11:34:29.852 I/gralloc ( 257): alloc buffer:W:1440 H:1088 S:1440 PL[1440 1088] SZ:2350144 fmt:842094169 if:0 af:842094169 usg:410960 fg:00000004
11-05 11:34:29.853 W/[Gralloc-Warning](14326): mali_gralloc_lock:288 Buffers with YUV compatible formats should be locked using GRALLOC1_FUNCTION_LOCK_FLEX. Requested format is:0x32315659
11-05 11:34:29.855 I/gralloc ( 257): alloc buffer:W:1440 H:1088 S:1440 PL[1440 1088] SZ:2350144 fmt:842094169 if:0 af:842094169 usg:410960 fg:00000004
11-05 11:34:29.858 W/[Gralloc-Warning](14326): mali_gralloc_lock:288 Buffers with YUV compatible formats should be locked using GRALLOC1_FUNCTION_LOCK_FLEX. Requested format is:0x32315659
11-05 11:34:29.860 I/gralloc ( 257): alloc buffer:W:1440 H:1088 S:1440 PL[1440 1088] SZ:2350144 fmt:842094169 if:0 af:842094169 usg:410960 fg:00000004
11-05 11:34:29.862 W/[Gralloc-Warning](14326): mali_gralloc_lock:288 Buffers with YUV compatible formats should be locked using GRALLOC1_FUNCTION_LOCK_FLEX. Requested format is:0x32315659
11-05 11:34:29.863 W/IorapForwardingService( 480): No service published for: iorapd
11-05 11:34:29.864 I/gralloc ( 257): alloc buffer:W:1440 H:1088 S:1440 PL[1440 1088] SZ:2350144 fmt:842094169 if:0 af:842094169 usg:410960 fg:00000004
11-05 11:34:29.865 W/[Gralloc-Warning](14326): mali_gralloc_lock:288 Buffers with YUV compatible formats should be locked using GRALLOC1_FUNCTION_LOCK_FLEX. Requested format is:0x32315659
11-05 11:34:29.868 I/gralloc ( 257): alloc buffer:W:1440 H:1088 S:1440 PL[1440 1088] SZ:2350144 fmt:842094169 if:0 af:842094169 usg:410960 fg:00000004
11-05 11:34:29.869 I/cedarc (14326): : Video Stream Information:
11-05 11:34:29.869 I/cedarc (14326): : codec = H264
11-05 11:34:29.869 I/cedarc (14326): : width = 1440 pixels
11-05 11:34:29.869 I/cedarc (14326): : height = 1080 pixels
11-05 11:34:29.869 I/cedarc (14326): : frame rate = 59941
11-05 11:34:29.869 I/cedarc (14326): : frame duration = 0 us
11-05 11:34:29.869 I/cedarc (14326): : aspect ratio = 0
11-05 11:34:29.869 I/cedarc (14326): : is 3D stream = no
11-05 11:34:29.870 W/[Gralloc-Warning](14326): mali_gralloc_lock:288 Buffers with YUV compatible formats should be locked using GRALLOC1_FUNCTION_LOCK_FLEX. Requested format is:0x32315659
11-05 11:34:29.875 I/gralloc ( 257): alloc buffer:W:1440 H:1088 S:1440 PL[1440 1088] SZ:2350144 fmt:842094169 if:0 af:842094169 usg:410960 fg:00000004
11-05 11:34:29.877 W/[Gralloc-Warning](14326): mali_gralloc_lock:288 Buffers with YUV compatible formats should be locked using GRALLOC1_FUNCTION_LOCK_FLEX. Requested format is:0x32315659
11-05 11:34:29.881 I/gralloc ( 257): alloc buffer:W:1440 H:1088 S:1440 PL[1440 1088] SZ:2350144 fmt:842094169 if:0 af:842094169 usg:410960 fg:00000004
11-05 11:34:29.884 W/[Gralloc-Warning](14326): mali_gralloc_lock:288 Buffers with YUV compatible formats should be locked using GRALLOC1_FUNCTION_LOCK_FLEX. Requested format is:0x32315659
11-05 11:34:29.888 I/awplayer(14326): : xxxxxxxxxx video size : width = 1440, height = 1080
11-05 11:34:29.889 W/MediaPlayerNative( 4556): info/warning (3, 0)
11-05 11:34:29.895 I/awplayer(14326): : isPlaying
11-05 11:34:29.899 W/awplayer(14326): : message 0x40a not handled.
11-05 11:34:29.899 W/awplayer(14326): : sample rate change from 48000 to 48000.
11-05 11:34:29.899 W/awplayer(14326): : channel num change from 6 to 2.
11-05 11:34:29.899 W/awplayer(14326): : bitPerSample num change from 16 to 16.
11-05 11:34:29.899 W/awplayer(14326): : if need direct out put flag change from 0 to 1.
11-05 11:34:29.899 W/awplayer(14326): : data type change from 1 to 7.
11-05 11:34:29.902 W/awplayer(14326): : start sound devide again because samplaRate or channelNum change
11-05 11:34:29.912 W/ServiceUtilities( 270): doIsAllowed: Playback capture for uid 1013 is denied as no package name could be retrieved from the package manager.
11-05 11:34:29.913 I/AudioFlinger( 270): openOutput() this 0xf3273000, module 10 Device type:0x2,@:, SamplingRate 48000, Format 0xb000000, Channels 0x3, flags 0x1
11-05 11:34:29.917 D/audio_hw_primary( 248): adev_open_output_stream
11-05 11:34:29.917 V/audio_hw_primary( 248): adev_open_output_stream, flags: 1
11-05 11:34:29.917 D/audio_hw_primary( 248): config format 0xb000000 raw_flag 7
11-05 11:34:29.917 V/audio_hw_primary( 248): +++++++++++++++ adev_open_output_stream: req_sample_rate: 48000, fmt: b000000, channel_count: 3
11-05 11:34:29.922 I/AudioFlinger( 270): HAL output buffer size 2048 frames, normal sink buffer size 2048 frames
11-05 11:34:29.929 D/AudioFlinger( 270): Failed to add event callback
11-05 11:34:29.931 I/AudioFlinger( 270): AudioFlinger's thread 0xf2f55e40 tid=17272 ready to run
11-05 11:34:29.940 D/AudioFlinger( 270): ro.audio.silent is ignored since no output device is set
11-05 11:34:29.947 D/audio_hw_primary( 248): out_standby
11-05 11:34:29.950 D/AudioFlinger( 270): ro.audio.silent is ignored since no output device is set
11-05 11:34:29.979 D/AudioFlinger( 270): Client defaulted notificationFrames to 2050 for frameCount 4100
11-05 11:34:29.985 D/AF::TrackHandle( 270): OpPlayAudio: not muting track:137 usage:1 for service UID 1013
11-05 11:34:30.035 V/audio_hw_primary( 248): adev_create_audio_patch num_sources: 1, num_sinks: 1
11-05 11:34:30.036 V/audio_hw_primary( 248): playback device: 2
11-05 11:34:30.096 D/audio_hw_primary( 248): start_output_stream out->format : 0x0b000000
11-05 11:34:30.096 E/audio_hw_primary( 248): adev->active_output(0xf7867000) format : 0 standby
11-05 11:34:30.101 V/audio_hw_primary( 248): start_output_stream, line: 1503
11-05 11:34:30.101 V/audio_hw_primary( 248): use AUDIO_HDMI to playback audio
11-05 11:34:30.101 D/audio_hw_primary( 248): card[HDMI_RAW] use hdmi pcm config, spr : 48000
11-05 11:34:30.101 D/audio_hw_primary( 248): open card=3, port=0
11-05 11:34:30.101 D/audio_hw_primary( 248): config:2 48000 2048 2 0 0 7 0
11-05 11:34:30.101 D/audio_hw_primary( 248): set_raw_flag(card=3, raw_flag=7)
11-05 11:34:30.101 D/audio_hw_primary( 248): set_raw_flag control_name = audio data format control_value DTS)
11-05 11:34:30.101 D/audio_hw_primary( 248): ahub use hdmi pcm config, hdmicard : 3, spr : 48000
11-05 11:34:30.104 V/audio_hw_primary( 248): do not use out resampler
11-05 11:34:30.106 I/ (17273): HDMI Audio Enable Successfully
11-05 11:34:30.382 E/awplayer(14326): : nSpsMaxDecPicBuffering[i]: 4
11-05 11:34:30.407 D/MediaPlayerFactory(14326): Initialize getpersist = 0 value=
11-05 11:34:30.438 D/MediaPlayerFactory(14326): Initialize getpersist = 0 value=
11-05 11:34:30.458 D/MediaPlayerFactory(14326): Initialize getpersist = 0 value=
11-05 11:34:30.865 W/IorapForwardingService( 480): No service published for: iorapd
11-05 11:34:30.995 I/cedarc (14326): : stream buffer 0 ring back.
11-05 11:34:31.074 E/TaskPersister( 480): File error accessing recents directory (directory doesn't exist?).
11-05 11:34:31.080 I/cling--ap-1( 3126): type=1400 audit(0.0:2883): avc: denied { search } for name="net" dev="sysfs" ino=10442 scontext=u:r:platform_app:s0:c512,c768 tcontext=u:object_r:sysfs_net:s0 tclass=dir permissive=1 app=com.dangbei.screencast
11-05 11:34:31.080 I/cling--ap-1( 3126): type=1400 audit(0.0:2884): avc: denied { read } for name="address" dev="sysfs" ino=16906 scontext=u:r:platform_app:s0:c512,c768 tcontext=u:object_r:sysfs_net:s0 tclass=file permissive=1 app=com.dangbei.screencast
11-05 11:34:31.080 I/cling--ap-1( 3126): type=1400 audit(0.0:2885): avc: denied { open } for path="/sys/devices/virtual/net/dummy0/address" dev="sysfs" ino=16906 scontext=u:r:platform_app:s0:c512,c768 tcontext=u:object_r:sysfs_net:s0 tclass=file permissive=1 app=com.dangbei.screencast
11-05 11:34:31.080 I/cling--ap-1( 3126): type=1400 audit(0.0:2886): avc: denied { getattr } for path="/sys/devices/virtual/net/dummy0/address" dev="sysfs" ino=16906 scontext=u:r:platform_app:s0:c512,c768 tcontext=u:object_r:sysfs_net:s0 tclass=file permissive=1 app=com.dangbei.screencast
11-05 11:34:31.376 E/awplayer(14326): : nSpsMaxDecPicBuffering[i]: 4
11-05 11:34:31.426 D/MediaPlayerFactory(14326): Initialize getpersist = 0 value=
11-05 11:34:31.436 D/MediaPlayerFactory(14326): Initialize getpersist = 0 value=
11-05 11:34:31.475 D/MediaPlayerFactory(14326): Initialize getpersist = 0 value=
11-05 11:34:31.490 E/awplayer(14326): <__FlacParserProbe:1096>: Flac probe failed.
11-05 11:34:31.498 W/awplayer(14326): : Wav parser : no dice, no valid sequence of frames found.
11-05 11:34:31.498 W/awplayer(14326): : Wav parser : no dice, no valid sequence of frames found.
11-05 11:34:31.498 W/awplayer(14326): : Wav parser : no dice, no valid sequence of frames found.
11-05 11:34:31.499 W/awplayer(14326): : Wav parser : no dice, no valid sequence of frames found.
11-05 11:34:31.499 W/awplayer(14326): : Wav parser : no dice, no valid sequence of frames found.
11-05 11:34:31.499 W/awplayer(14326): : Wav parser : no dice, no valid sequence of frames found.
11-05 11:34:31.499 W/awplayer(14326): : Wav parser : no dice, no valid sequence of frames found.
11-05 11:34:31.499 W/awplayer(14326): : Wav parser : no dice, no valid sequence of frames found.
11-05 11:34:31.500 W/awplayer(14326): : Wav parser : no dice, no valid sequence of frames found.
11-05 11:34:31.500 W/awplayer(14326): : Wav parser : no dice, no valid sequence of frames found.
11-05 11:34:31.500 W/awplayer(14326): : Wav parser : no dice, no valid sequence of frames found.
11-05 11:34:31.500 W/awplayer(14326): : Wav parser : no dice, no valid sequence of frames found.
11-05 11:34:31.501 E/awplayer(14326): <__CafParserProbe:567>: Caf probe failed.
11-05 11:34:31.501 E/awplayer(14326): <__G729ParserProbe:290>: g729 SYNC_WORD probe failed.
11-05 11:34:31.501 W/awplayer(14326): : audio probe fail!!!
11-05 11:34:31.501 I/awplayer(14326): <__AiffParserProbe:805>: wav probe failed.
11-05 11:34:31.501 E/awplayer(14326): <__Id3v2ParserProbe:330>: Probe ID3_header loss sync...
11-05 11:34:31.501 W/awplayer(14326): : Sorry, I don't know what it is!
11-05 11:34:31.501 E/awplayer(14326): : parser creat fail.
11-05 11:34:31.501 E/awplayer(14326): : parser for the source cannot be created. source can be set yet.
11-05 11:34:31.536 D/MediaPlayerFactory(14326): Initialize getpersist = 0 value=
11-05 11:34:31.581 D/MediaPlayerFactory(14326): Initialize getpersist = 0 value=
11-05 11:34:31.598 D/MediaPlayerFactory(14326): Initialize getpersist = 0 value=
11-05 11:34:31.673 D/MediaPlayerFactory(14326): Initialize getpersist = 0 value=
11-05 11:34:31.735 D/MediaPlayerFactory(14326): Initialize getpersist = 0 value=
11-05 11:34:31.767 D/MediaPlayerFactory(14326): Initialize getpersist = 0 value=
11-05 11:34:31.783 D/MediaPlayerFactory(14326): Initialize getpersist = 0 value=
11-05 11:34:31.826 D/MediaPlayerFactory(14326): Initialize getpersist = 0 value=
11-05 11:34:31.867 W/IorapForwardingService( 480): No service published for: iorapd
11-05 11:34:31.876 W/awplayer(14326): : Read error at pos 5997654463(0x1657cf1bf)
11-05 11:34:31.876 E/awplayer(14326): : Invalid id(0) at pos (0x1657cf1bf)
11-05 11:34:31.878 W/awplayer(14326): : Read error at pos 5997690540(0x1657d7eac)
11-05 11:34:31.878 E/awplayer(14326): : Invalid id(0) at pos (0x1657d7eac)
11-05 11:34:32.134 E/WifiHAL ( 663): wifi_get_link_stats: requestResponse Error:-5
11-05 11:34:32.135 E/WifiVendorHal( 480): getWifiLinkLayerStats_1_5_Internal(l.1191) failed {.code = ERROR_INVALID_ARGS, .description = }
