--------- beginning of main
11-05 11:33:20.497 D/MediaPlayerFactory(14326): Initialize getpersist = 0 value=
11-05 11:33:20.498 I/cedarc (14326): : *** ic_version = 0x3301000012011,
11-05 11:33:20.517 I/cedarc (14326): : not malloc locks
11-05 11:33:20.520 D/MediaPlayerFactory(14326): Initialize getpersist = 0 value=
11-05 11:33:20.520 I/cedarc (14326): : *** ic_version = 0x3301000012011,
11-05 11:33:20.535 I/cedarc (14326): : not malloc locks
11-05 11:33:20.554 D/MediaPlayerFactory(14326): Initialize getpersist = 0 value=
11-05 11:33:20.555 I/cedarc (14326): : *** ic_version = 0x3301000012011,
11-05 11:33:20.600 I/cedarc (14326): : not malloc locks
11-05 11:33:20.602 D/MediaPlayerFactory(14326): Initialize getpersist = 0 value=
11-05 11:33:20.602 I/cedarc (14326): : *** ic_version = 0x3301000012011,
11-05 11:33:20.617 I/cedarc (14326): : not malloc locks
11-05 11:33:20.626 D/MediaPlayerFactory(14326): Initialize getpersist = 0 value=
11-05 11:33:20.627 I/cedarc (14326): : *** ic_version = 0x3301000012011,
11-05 11:33:20.680 I/cedarc (14326): : not malloc locks
11-05 11:33:20.684 D/MediaPlayerFactory(14326): Initialize getpersist = 0 value=
11-05 11:33:20.684 I/cedarc (14326): : *** ic_version = 0x3301000012011,
11-05 11:33:20.693 W/IorapForwardingService( 480): No service published for: iorapd
11-05 11:33:20.703 I/cedarc (14326): : not malloc locks
11-05 11:33:20.714 D/MediaPlayerFactory(14326): Initialize getpersist = 0 value=
11-05 11:33:20.714 I/cedarc (14326): : *** ic_version = 0x3301000012011,
11-05 11:33:20.751 I/cedarc (14326): : not malloc locks
11-05 11:33:20.752 D/MediaPlayerFactory(14326): Initialize getpersist = 0 value=
11-05 11:33:20.752 I/cedarc (14326): : *** ic_version = 0x3301000012011,
11-05 11:33:20.763 I/cedarc (14326): : not malloc locks
11-05 11:33:20.769 D/MediaPlayerFactory(14326): Initialize getpersist = 0 value=
11-05 11:33:20.769 I/cedarc (14326): : *** ic_version = 0x3301000012011,
11-05 11:33:20.791 I/cedarc (14326): : not malloc locks
11-05 11:33:20.793 D/MediaPlayerFactory(14326): Initialize getpersist = 0 value=
11-05 11:33:20.793 I/cedarc (14326): : *** ic_version = 0x3301000012011,
11-05 11:33:20.802 I/cedarc (14326): : not malloc locks
11-05 11:33:20.810 D/MediaPlayerFactory(14326): Initialize getpersist = 0 value=
11-05 11:33:20.811 I/cedarc (14326): : *** ic_version = 0x3301000012011,
11-05 11:33:20.853 I/cedarc (14326): : not malloc locks
11-05 11:33:20.861 D/MediaPlayerFactory(14326): Initialize getpersist = 0 value=
11-05 11:33:20.862 I/cedarc (14326): : *** ic_version = 0x3301000012011,
11-05 11:33:20.902 I/cedarc (14326): : not malloc locks
11-05 11:33:20.909 W/MediaProvider( 1056): isAppCloneUserPair for user -1: false
11-05 11:33:20.946 W/MediaProvider( 1056): isAppCloneUserPair for user -1: false
11-05 11:33:20.957 W/MediaProvider( 1056): isAppCloneUserPair for user -1: false
11-05 11:33:20.966 W/MediaProvider( 1056): isAppCloneUserPair for user -1: false
11-05 11:33:20.977 W/MediaProvider( 1056): isAppCloneUserPair for user -1: false
11-05 11:33:20.984 W/MediaProvider( 1056): isAppCloneUserPair for user -1: false
11-05 11:33:20.980 I/ModuleDataForwa( 3301): type=1400 audit(0.0:2818): avc: denied { search } for name="com.dangbei.screencast" dev="mmcblk0p25" ino=891 scontext=u:r:platform_app:s0:c512,c768 tcontext=u:object_r:app_data_file:s0:c512,c768 tclass=dir permissive=1 app=com.dangbei.screencast
11-05 11:33:20.980 I/ModuleDataForwa( 3301): type=1400 audit(0.0:2819): avc: denied { read } for name="td_database2SaaS" dev="mmcblk0p25" ino=2163 scontext=u:r:platform_app:s0:c512,c768 tcontext=u:object_r:app_data_file:s0:c512,c768 tclass=dir permissive=1 app=com.dangbei.screencast
11-05 11:33:20.980 I/ModuleDataForwa( 3301): type=1400 audit(0.0:2820): avc: denied { open } for path="/data/user/0/com.dangbei.screencast/files/__database_reborn_January_one__/td_database2SaaS" dev="mmcblk0p25" ino=2163 scontext=u:r:platform_app:s0:c512,c768 tcontext=u:object_r:app_data_file:s0:c512,c768 tclass=dir permissive=1 app=com.dangbei.screencast
11-05 11:33:20.995 W/MediaProvider( 1056): isAppCloneUserPair for user -1: false
11-05 11:33:21.001 W/MediaProvider( 1056): isAppCloneUserPair for user -1: false
11-05 11:33:21.010 W/MediaProvider( 1056): isAppCloneUserPair for user -1: false
11-05 11:33:21.016 W/MediaProvider( 1056): isAppCloneUserPair for user -1: false
11-05 11:33:21.025 W/MediaProvider( 1056): isAppCloneUserPair for user -1: false
11-05 11:33:21.031 W/MediaProvider( 1056): isAppCloneUserPair for user -1: false
11-05 11:33:21.037 W/MediaProvider( 1056): isAppCloneUserPair for user -1: false
11-05 11:33:21.046 W/MediaProvider( 1056): isAppCloneUserPair for user -1: false
11-05 11:33:21.052 W/MediaProvider( 1056): isAppCloneUserPair for user -1: false
11-05 11:33:21.060 W/MediaProvider( 1056): isAppCloneUserPair for user -1: false
11-05 11:33:21.067 W/MediaProvider( 1056): isAppCloneUserPair for user -1: false
11-05 11:33:21.072 W/MediaProvider( 1056): isAppCloneUserPair for user -1: false
11-05 11:33:21.080 W/MediaProvider( 1056): isAppCloneUserPair for user -1: false
11-05 11:33:21.087 W/MediaProvider( 1056): isAppCloneUserPair for user -1: false
11-05 11:33:21.094 W/MediaProvider( 1056): isAppCloneUserPair for user -1: false
11-05 11:33:21.187 D/MediaPlayerFactory(14326): Initialize getpersist = 0 value=
11-05 11:33:21.187 I/cedarc (14326): : *** ic_version = 0x3301000012011,
11-05 11:33:21.289 I/cedarc (14326): : not malloc locks
11-05 11:33:21.298 W/MediaProvider( 1056): isAppCloneUserPair for user -1: false
11-05 11:33:21.304 W/MediaProvider( 1056): isAppCloneUserPair for user -1: false
11-05 11:33:21.313 W/MediaProvider( 1056): isAppCloneUserPair for user -1: false
11-05 11:33:21.347 W/MediaProvider( 1056): isAppCloneUserPair for user -1: false
11-05 11:33:21.353 W/MediaProvider( 1056): isAppCloneUserPair for user -1: false
11-05 11:33:21.362 W/MediaProvider( 1056): isAppCloneUserPair for user -1: false
11-05 11:33:21.380 D/MediaPlayerFactory(14326): Initialize getpersist = 0 value=
11-05 11:33:21.380 I/cedarc (14326): : *** ic_version = 0x3301000012011,
11-05 11:33:21.426 I/cedarc (14326): : not malloc locks
11-05 11:33:21.428 D/MediaPlayerFactory(14326): Initialize getpersist = 0 value=
11-05 11:33:21.429 I/cedarc (14326): : *** ic_version = 0x3301000012011,
11-05 11:33:21.443 I/cedarc (14326): : not malloc locks
11-05 11:33:21.456 W/MediaProvider( 1056): isAppCloneUserPair for user -1: false
11-05 11:33:21.463 W/MediaProvider( 1056): isAppCloneUserPair for user -1: false
11-05 11:33:21.470 W/MediaProvider( 1056): isAppCloneUserPair for user -1: false
11-05 11:33:21.504 W/MediaProvider( 1056): isAppCloneUserPair for user -1: false
11-05 11:33:21.512 W/MediaProvider( 1056): isAppCloneUserPair for user -1: false
11-05 11:33:21.518 W/MediaProvider( 1056): isAppCloneUserPair for user -1: false
11-05 11:33:21.518 I/BLEAudioDrive_HV410( 248): select timeout!
11-05 11:33:21.516 I/HwBinder:248_2( 248): type=1400 audit(0.0:2821): avc: denied { remove_name } for name="ble" dev="mmcblk0p25" ino=6073 scontext=u:r:hal_audio_default:s0 tcontext=u:object_r:vendor_data_file:s0 tclass=dir permissive=1
11-05 11:33:21.516 I/HwBinder:248_2( 248): type=1400 audit(0.0:2822): avc: denied { unlink } for name="ble" dev="mmcblk0p25" ino=6073 scontext=u:r:hal_audio_default:s0 tcontext=u:object_r:vendor_data_file:s0 tclass=file permissive=1
11-05 11:33:21.519 D/audio_so_hv_309( 248): HBG remote is powerdown!
11-05 11:33:21.525 W/MediaProvider( 1056): isAppCloneUserPair for user -1: false
11-05 11:33:21.567 D/MediaPlayerFactory(14326): Initialize getpersist = 0 value=
11-05 11:33:21.567 I/cedarc (14326): : *** ic_version = 0x3301000012011,
11-05 11:33:21.615 I/cedarc (14326): : not malloc locks
11-05 11:33:21.617 D/MediaPlayerFactory(14326): Initialize getpersist = 0 value=
11-05 11:33:21.617 I/cedarc (14326): : *** ic_version = 0x3301000012011,
11-05 11:33:21.641 I/cedarc (14326): : not malloc locks
11-05 11:33:21.657 W/MediaProvider( 1056): isAppCloneUserPair for user -1: false
11-05 11:33:21.664 W/MediaProvider( 1056): isAppCloneUserPair for user -1: false
11-05 11:33:21.670 W/MediaProvider( 1056): isAppCloneUserPair for user -1: false
11-05 11:33:21.677 W/MediaProvider( 1056): isAppCloneUserPair for user -1: false
11-05 11:33:21.684 W/MediaProvider( 1056): isAppCloneUserPair for user -1: false
11-05 11:33:21.691 W/MediaProvider( 1056): isAppCloneUserPair for user -1: false
11-05 11:33:21.695 W/IorapForwardingService( 480): No service published for: iorapd
11-05 11:33:21.748 D/MediaPlayerFactory(14326): Initialize getpersist = 0 value=
11-05 11:33:21.749 I/cedarc (14326): : *** ic_version = 0x3301000012011,
11-05 11:33:21.785 I/cedarc (14326): : not malloc locks
11-05 11:33:21.787 D/MediaPlayerFactory(14326): Initialize getpersist = 0 value=
11-05 11:33:21.787 I/cedarc (14326): : *** ic_version = 0x3301000012011,
11-05 11:33:21.801 I/cedarc (14326): : not malloc locks
11-05 11:33:21.815 W/MediaProvider( 1056): isAppCloneUserPair for user -1: false
11-05 11:33:21.822 W/MediaProvider( 1056): isAppCloneUserPair for user -1: false
11-05 11:33:21.830 W/MediaProvider( 1056): isAppCloneUserPair for user -1: false
11-05 11:33:21.836 W/MediaProvider( 1056): isAppCloneUserPair for user -1: false
11-05 11:33:21.844 W/MediaProvider( 1056): isAppCloneUserPair for user -1: false
11-05 11:33:21.850 W/MediaProvider( 1056): isAppCloneUserPair for user -1: false
11-05 11:33:21.871 D/MediaPlayerFactory(14326): Initialize getpersist = 0 value=
11-05 11:33:21.871 I/cedarc (14326): : *** ic_version = 0x3301000012011,
11-05 11:33:21.908 D/hdmi-cec( 265): receive invalid cec message!
11-05 11:33:21.908 D/hdmi-cec( 265): receive poll message [04], skip!
11-05 11:33:21.909 I/cedarc (14326): : not malloc locks
11-05 11:33:21.912 D/MediaPlayerFactory(14326): Initialize getpersist = 0 value=
11-05 11:33:21.912 I/cedarc (14326): : *** ic_version = 0x3301000012011,
11-05 11:33:21.927 I/cedarc (14326): : not malloc locks
11-05 11:33:21.938 W/MediaProvider( 1056): isAppCloneUserPair for user -1: false
11-05 11:33:21.947 W/MediaProvider( 1056): isAppCloneUserPair for user -1: false
11-05 11:33:21.953 W/MediaProvider( 1056): isAppCloneUserPair for user -1: false
11-05 11:33:21.960 W/MediaProvider( 1056): isAppCloneUserPair for user -1: false
11-05 11:33:21.967 W/MediaProvider( 1056): isAppCloneUserPair for user -1: false
11-05 11:33:21.975 W/MediaProvider( 1056): isAppCloneUserPair for user -1: false
11-05 11:33:22.049 D/MediaPlayerFactory(14326): Initialize getpersist = 0 value=
11-05 11:33:22.049 I/cedarc (14326): : *** ic_version = 0x3301000012011,
11-05 11:33:22.091 I/cedarc (14326): : not malloc locks
11-05 11:33:22.093 D/MediaPlayerFactory(14326): Initialize getpersist = 0 value=
11-05 11:33:22.094 I/cedarc (14326): : *** ic_version = 0x3301000012011,
11-05 11:33:22.109 I/cedarc (14326): : not malloc locks
11-05 11:33:22.122 W/MediaProvider( 1056): isAppCloneUserPair for user -1: false
11-05 11:33:22.129 W/MediaProvider( 1056): isAppCloneUserPair for user -1: false
11-05 11:33:22.136 W/MediaProvider( 1056): isAppCloneUserPair for user -1: false
11-05 11:33:22.143 W/MediaProvider( 1056): isAppCloneUserPair for user -1: false
11-05 11:33:22.178 W/MediaProvider( 1056): isAppCloneUserPair for user -1: false
11-05 11:33:22.184 W/MediaProvider( 1056): isAppCloneUserPair for user -1: false
11-05 11:33:22.204 D/MediaPlayerFactory(14326): Initialize getpersist = 0 value=
11-05 11:33:22.204 I/cedarc (14326): : *** ic_version = 0x3301000012011,
11-05 11:33:22.241 I/cedarc (14326): : not malloc locks
11-05 11:33:22.248 D/MediaPlayerFactory(14326): Initialize getpersist = 0 value=
11-05 11:33:22.248 I/cedarc (14326): : *** ic_version = 0x3301000012011,
11-05 11:33:22.266 I/cedarc (14326): : not malloc locks
11-05 11:33:22.281 W/MediaProvider( 1056): isAppCloneUserPair for user -1: false
11-05 11:33:22.287 W/MediaProvider( 1056): isAppCloneUserPair for user -1: false
11-05 11:33:22.295 W/MediaProvider( 1056): isAppCloneUserPair for user -1: false
11-05 11:33:22.301 W/MediaProvider( 1056): isAppCloneUserPair for user -1: false
11-05 11:33:22.308 W/MediaProvider( 1056): isAppCloneUserPair for user -1: false
11-05 11:33:22.315 W/MediaProvider( 1056): isAppCloneUserPair for user -1: false
11-05 11:33:22.345 D/MediaPlayerFactory(14326): Initialize getpersist = 0 value=
11-05 11:33:22.345 I/cedarc (14326): : *** ic_version = 0x3301000012011,
11-05 11:33:22.382 I/cedarc (14326): : not malloc locks
11-05 11:33:22.387 D/MediaPlayerFactory(14326): Initialize getpersist = 0 value=
11-05 11:33:22.387 I/cedarc (14326): : *** ic_version = 0x3301000012011,
11-05 11:33:22.400 I/cedarc (14326): : not malloc locks --------- beginning of kernel
11-05 11:33:22.403 I/logd ( 189): logdr: UID=2000 GID=2000 PID=16798 b tail=0 logMask=99 pid=0 start=0ns deadline=0ns
11-05 11:33:22.423 W/MediaProvider( 1056): isAppCloneUserPair for user -1: false
11-05 11:33:22.431 W/MediaProvider( 1056): isAppCloneUserPair for user -1: false
11-05 11:33:22.437 W/MediaProvider( 1056): isAppCloneUserPair for user -1: false
11-05 11:33:22.445 W/MediaProvider( 1056): isAppCloneUserPair for user -1: false
11-05 11:33:22.452 W/MediaProvider( 1056): isAppCloneUserPair for user -1: false
11-05 11:33:22.462 W/MediaProvider( 1056): isAppCloneUserPair for user -1: false
11-05 11:33:22.469 W/MediaProvider( 1056): isAppCloneUserPair for user -1: false
11-05 11:33:22.483 W/MediaProvider( 1056): isAppCloneUserPair for user -1: false
11-05 11:33:22.552 D/MediaPlayerFactory(14326): Initialize getpersist = 0 value=
11-05 11:33:22.554 I/cedarc (14326): : *** ic_version = 0x3301000012011,
11-05 11:33:22.608 I/cedarc (14326): : not malloc locks
11-05 11:33:22.615 D/MediaPlayerFactory(14326): Initialize getpersist = 0 value=
11-05 11:33:22.617 I/cedarc (14326): : *** ic_version = 0x3301000012011,
11-05 11:33:22.648 I/cedarc (14326): : not malloc locks
11-05 11:33:22.666 W/MediaProvider( 1056): isAppCloneUserPair for user -1: false
11-05 11:33:22.675 W/MediaProvider( 1056): isAppCloneUserPair for user -1: false
11-05 11:33:22.697 W/IorapForwardingService( 480): No service published for: iorapd
11-05 11:33:22.710 W/MediaProvider( 1056): isAppCloneUserPair for user -1: false
11-05 11:33:22.718 W/MediaProvider( 1056): isAppCloneUserPair for user -1: false
11-05 11:33:22.726 W/MediaProvider( 1056): isAppCloneUserPair for user -1: false
11-05 11:33:22.733 W/MediaProvider( 1056): isAppCloneUserPair for user -1: false
11-05 11:33:22.780 D/MediaPlayerFactory(14326): Initialize getpersist = 0 value=
11-05 11:33:22.780 I/cedarc (14326): : *** ic_version = 0x3301000012011,
11-05 11:33:22.807 E/WifiHAL ( 663): wifi_get_link_stats: requestResponse Error:-5
11-05 11:33:22.809 E/WifiVendorHal( 480): getWifiLinkLayerStats_1_5_Internal(l.1191) failed {.code = ERROR_INVALID_ARGS, .description = }
11-05 11:33:22.818 I/cedarc (14326): : not malloc locks
11-05 11:33:22.825 D/MediaPlayerFactory(14326): Initialize getpersist = 0 value=
11-05 11:33:22.827 I/cedarc (14326): : *** ic_version = 0x3301000012011,
11-05 11:33:22.845 I/cedarc (14326): : not malloc locks
11-05 11:33:22.863 W/MediaProvider( 1056): isAppCloneUserPair for user -1: false
11-05 11:33:22.870 W/MediaProvider( 1056): isAppCloneUserPair for user -1: false
11-05 11:33:22.903 W/MediaProvider( 1056): isAppCloneUserPair for user -1: false
11-05 11:33:22.913 W/MediaProvider( 1056): isAppCloneUserPair for user -1: false
11-05 11:33:22.919 W/MediaProvider( 1056): isAppCloneUserPair for user -1: false
11-05 11:33:22.927 W/MediaProvider( 1056): isAppCloneUserPair for user -1: false
11-05 11:33:22.933 W/MediaProvider( 1056): isAppCloneUserPair for user -1: false
11-05 11:33:22.961 D/MediaPlayerFactory(14326): Initialize getpersist = 0 value=
11-05 11:33:22.961 I/cedarc (14326): : *** ic_version = 0x3301000012011,
11-05 11:33:22.986 I/cedarc (14326): : not malloc locks
11-05 11:33:22.988 D/MediaPlayerFactory(14326): Initialize getpersist = 0 value=
11-05 11:33:22.989 I/cedarc (14326): : *** ic_version = 0x3301000012011,
11-05 11:33:23.006 I/cedarc (14326): : not malloc locks
11-05 11:33:23.021 W/MediaProvider( 1056): isAppCloneUserPair for user -1: false
11-05 11:33:23.030 W/MediaProvider( 1056): isAppCloneUserPair for user -1: false
11-05 11:33:23.036 W/MediaProvider( 1056): isAppCloneUserPair for user -1: false
11-05 11:33:23.045 W/MediaProvider( 1056): isAppCloneUserPair for user -1: false
11-05 11:33:23.052 W/MediaProvider( 1056): isAppCloneUserPair for user -1: false
11-05 11:33:23.086 W/MediaProvider( 1056): isAppCloneUserPair for user -1: false
11-05 11:33:23.175 D/MediaPlayerFactory(14326): Initialize getpersist = 0 value=
11-05 11:33:23.175 I/cedarc (14326): : *** ic_version = 0x3301000012011,
11-05 11:33:23.260 I/cedarc (14326): : not malloc locks
11-05 11:33:23.268 D/MediaPlayerFactory(14326): Initialize getpersist = 0 value=
11-05 11:33:23.268 I/cedarc (14326): : *** ic_version = 0x3301000012011,
11-05 11:33:23.302 I/cedarc (14326): : not malloc locks
11-05 11:33:23.311 D/MediaPlayerFactory(14326): Initialize getpersist = 0 value=
11-05 11:33:23.312 I/cedarc (14326): : *** ic_version = 0x3301000012011,
11-05 11:33:23.379 I/cedarc (14326): : not malloc locks
11-05 11:33:23.386 W/MediaProvider( 1056): isAppCloneUserPair for user -1: false
11-05 11:33:23.420 W/MediaProvider( 1056): isAppCloneUserPair for user -1: false
11-05 11:33:23.429 W/MediaProvider( 1056): isAppCloneUserPair for user -1: false
11-05 11:33:23.437 W/MediaProvider( 1056): isAppCloneUserPair for user -1: false
11-05 11:33:23.446 W/MediaProvider( 1056): isAppCloneUserPair for user -1: false
11-05 11:33:23.466 D/MediaPlayerFactory(14326): Initialize getpersist = 0 value=
11-05 11:33:23.467 I/cedarc (14326): : *** ic_version = 0x3301000012011,
11-05 11:33:23.521 I/cedarc (14326): : not malloc locks
11-05 11:33:23.528 W/MediaProvider( 1056): isAppCloneUserPair for user -1: false
11-05 11:33:23.543 W/MediaProvider( 1056): isAppCloneUserPair for user -1: false
11-05 11:33:23.574 D/MediaPlayerFactory(14326): Initialize getpersist = 0 value=
11-05 11:33:23.575 I/cedarc (14326): : *** ic_version = 0x3301000012011,
11-05 11:33:23.592 E/awplayer(14326): <__FlacParserProbe:1096>: Flac probe failed.
11-05 11:33:23.601 W/awplayer(14326): : Wav parser : no dice, no valid sequence of frames found.
11-05 11:33:23.601 W/awplayer(14326): : Wav parser : no dice, no valid sequence of frames found.
11-05 11:33:23.601 W/awplayer(14326): : Wav parser : no dice, no valid sequence of frames found.
11-05 11:33:23.602 W/awplayer(14326): : Wav parser : no dice, no valid sequence of frames found.
11-05 11:33:23.602 W/awplayer(14326): : Wav parser : no dice, no valid sequence of frames found.
11-05 11:33:23.602 W/awplayer(14326): : Wav parser : no dice, no valid sequence of frames found.
11-05 11:33:23.602 E/awplayer(14326): <__CafParserProbe:567>: Caf probe failed.
11-05 11:33:23.603 E/awplayer(14326): <__G729ParserProbe:290>: g729 SYNC_WORD probe failed.
11-05 11:33:23.603 W/awplayer(14326): : audio probe fail!!!
11-05 11:33:23.603 I/awplayer(14326): <__AiffParserProbe:805>: wav probe failed.
11-05 11:33:23.603 E/awplayer(14326): <__Id3v2ParserProbe:330>: Probe ID3_header loss sync...
11-05 11:33:23.603 W/awplayer(14326): : Sorry, I don't know what it is!
11-05 11:33:23.603 E/awplayer(14326): : parser creat fail.
11-05 11:33:23.603 E/awplayer(14326): : parser for the source cannot be created. source can be set yet.
11-05 11:33:23.612 I/cedarc (14326): : not malloc locks
11-05 11:33:23.618 W/MediaProvider( 1056): isAppCloneUserPair for user -1: false
11-05 11:33:23.630 W/MediaProvider( 1056): isAppCloneUserPair for user -1: false
11-05 11:33:23.667 D/MediaPlayerFactory(14326): Initialize getpersist = 0 value=
11-05 11:33:23.667 I/cedarc (14326): : *** ic_version = 0x3301000012011,
11-05 11:33:23.684 E/awplayer(14326): <__FlacParserProbe:1096>: Flac probe failed.
11-05 11:33:23.686 E/awplayer(14326): <__CafParserProbe:567>: Caf probe failed.
11-05 11:33:23.686 E/awplayer(14326): <__G729ParserProbe:290>: g729 SYNC_WORD probe failed.
11-05 11:33:23.686 W/awplayer(14326): : audio probe fail!!!
11-05 11:33:23.686 I/awplayer(14326): <__AiffParserProbe:805>: wav probe failed.
11-05 11:33:23.692 E/awplayer(14326): <__FlacParserProbe:1096>: Flac probe failed.
11-05 11:33:23.699 W/IorapForwardingService( 480): No service published for: iorapd
11-05 11:33:23.715 I/cedarc (14326): : not malloc locks
11-05 11:33:23.724 D/MediaPlayerFactory(14326): Initialize getpersist = 0 value=
11-05 11:33:23.725 I/cedarc (14326): : *** ic_version = 0x3301000012011,
11-05 11:33:23.737 I/awplayer(14326): : Flag Not Zero
11-05 11:33:23.748 I/cedarc (14326): : not malloc locks
11-05 11:33:23.757 W/MediaProvider( 1056): isAppCloneUserPair for user -1: false
11-05 11:33:23.769 W/MediaProvider( 1056): isAppCloneUserPair for user -1: false
11-05 11:33:23.779 W/MediaProvider( 1056): isAppCloneUserPair for user -1: false
11-05 11:33:23.791 W/MediaProvider( 1056): isAppCloneUserPair for user -1: false
11-05 11:33:23.829 D/MediaPlayerFactory(14326): Initialize getpersist = 0 value=
11-05 11:33:23.830 I/cedarc (14326): : *** ic_version = 0x3301000012011,
11-05 11:33:23.862 I/cedarc (14326): : not malloc locks
11-05 11:33:23.869 D/MediaPlayerFactory(14326): Initialize getpersist = 0 value=
11-05 11:33:23.869 I/cedarc (14326): : *** ic_version = 0x3301000012011,
11-05 11:33:23.899 I/cedarc (14326): : not malloc locks
11-05 11:33:23.903 W/MediaProvider( 1056): isAppCloneUserPair for user -1: false
11-05 11:33:23.912 W/MediaProvider( 1056): isAppCloneUserPair for user -1: false
11-05 11:33:23.947 W/MediaProvider( 1056): isAppCloneUserPair for user -1: false
11-05 11:33:23.969 D/MediaPlayerFactory(14326): Initialize getpersist = 0 value=
11-05 11:33:23.969 I/cedarc (14326): : *** ic_version = 0x3301000012011,
11-05 11:33:24.015 I/awplayer(14326): <__CdxAviParserInit:1193>: read avi head finish.
11-05 11:33:24.023 I/cedarc (14326): : not malloc locks
11-05 11:33:24.030 D/MediaPlayerFactory(14326): Initialize getpersist = 0 value=
11-05 11:33:24.031 I/cedarc (14326): : *** ic_version = 0x3301000012011,
11-05 11:33:24.221 I/awplayer(14326): <__CdxAviParserInit:1193>: read avi head finish.
11-05 11:33:24.232 I/cedarc (14326): : not malloc locks
11-05 11:33:24.237 D/MediaPlayerFactory(14326): Initialize getpersist = 0 value=
11-05 11:33:24.238 I/cedarc (14326): : *** ic_version = 0x3301000012011,
11-05 11:33:24.245 E/awplayer(14326): : the eVideoCodecFormat(0x101) is not supported yet.
11-05 11:33:24.245 E/awplayer(14326): : probeVideoSpecificData error
11-05 11:33:24.257 I/awplayer(14326): <__CdxAviParserInit:1193>: read avi head finish.
11-05 11:33:24.266 I/cedarc (14326): : not malloc locks
11-05 11:33:24.276 D/MediaPlayerFactory(14326): Initialize getpersist = 0 value=
11-05 11:33:24.277 I/cedarc (14326): : *** ic_version = 0x3301000012011,
11-05 11:33:24.333 I/awplayer(14326): <__CdxAviParserInit:1193>: read avi head finish.
11-05 11:33:24.346 I/cedarc (14326): : not malloc locks
11-05 11:33:24.356 D/MediaPlayerFactory(14326): Initialize getpersist = 0 value=
11-05 11:33:24.357 I/cedarc (14326): : *** ic_version = 0x3301000012011,
11-05 11:33:24.367 E/awplayer(14326): <__FlacParserProbe:1096>: Flac probe failed.
11-05 11:33:24.372 E/awplayer(14326): <__CafParserProbe:567>: Caf probe failed.
11-05 11:33:24.373 E/awplayer(14326): <__G729ParserProbe:290>: g729 SYNC_WORD probe failed.
11-05 11:33:24.373 W/awplayer(14326): : audio probe fail!!!
11-05 11:33:24.373 I/awplayer(14326): <__AiffParserProbe:805>: wav probe failed.
11-05 11:33:24.373 E/awplayer(14326): <__Id3v2ParserProbe:330>: Probe ID3_header loss sync...
11-05 11:33:24.393 I/cedarc (14326): : not malloc locks
11-05 11:33:24.401 D/MediaPlayerFactory(14326): Initialize getpersist = 0 value=
11-05 11:33:24.401 I/cedarc (14326): : *** ic_version = 0x3301000012011,
11-05 11:33:24.443 I/awplayer(14326): <__CdxAviParserInit:1193>: read avi head finish.
11-05 11:33:24.451 I/cedarc (14326): : not malloc locks
11-05 11:33:24.469 D/MediaPlayerFactory(14326): Initialize getpersist = 0 value=
11-05 11:33:24.469 I/cedarc (14326): : *** ic_version = 0x3301000012011,
11-05 11:33:24.504 I/awplayer(14326): <__CdxAviParserInit:1193>: read avi head finish.
11-05 11:33:24.521 I/cedarc (14326): : not malloc locks
11-05 11:33:24.530 D/MediaPlayerFactory(14326): Initialize getpersist = 0 value=
11-05 11:33:24.531 I/cedarc (14326): : *** ic_version = 0x3301000012011,
11-05 11:33:24.539 E/awplayer(14326): : PROBE_SPECIFIC_DATA_NONE
11-05 11:33:24.540 W/awplayer(14326): : PROBE_SPECIFIC_DATA_NONE
11-05 11:33:24.641 I/awplayer(14326): <__CdxAviParserInit:1193>: read avi head finish.
11-05 11:33:24.650 I/cedarc (14326): : not malloc locks
11-05 11:33:24.659 D/MediaPlayerFactory(14326): Initialize getpersist = 0 value=
11-05 11:33:24.660 I/cedarc (14326): : *** ic_version = 0x3301000012011,
11-05 11:33:24.684 I/awplayer(14326): <__CdxAviParserInit:1193>: read avi head finish.
11-05 11:33:24.694 I/cedarc (14326): : not malloc locks
11-05 11:33:24.700 W/MediaProvider( 1056): isAppCloneUserPair for user -1: false
11-05 11:33:24.702 W/IorapForwardingService( 480): No service published for: iorapd
11-05 11:33:24.709 W/MediaProvider( 1056): isAppCloneUserPair for user -1: false
11-05 11:33:24.717 W/MediaProvider( 1056): isAppCloneUserPair for user -1: false
11-05 11:33:24.724 W/MediaProvider( 1056): isAppCloneUserPair for user -1: false
11-05 11:33:24.731 W/MediaProvider( 1056): isAppCloneUserPair for user -1: false
11-05 11:33:24.739 W/MediaProvider( 1056): isAppCloneUserPair for user -1: false
11-05 11:33:24.747 W/MediaProvider( 1056): isAppCloneUserPair for user -1: false
11-05 11:33:24.781 W/MediaProvider( 1056): isAppCloneUserPair for user -1: false
11-05 11:33:24.788 W/MediaProvider( 1056): isAppCloneUserPair for user -1: false
11-05 11:33:24.796 W/MediaProvider( 1056): isAppCloneUserPair for user -1: false
11-05 11:33:24.804 W/MediaProvider( 1056): isAppCloneUserPair for user -1: false
11-05 11:33:24.813 W/MediaProvider( 1056): isAppCloneUserPair for user -1: false
11-05 11:33:24.821 W/MediaProvider( 1056): isAppCloneUserPair for user -1: false
11-05 11:33:24.860 W/MediaProvider( 1056): isAppCloneUserPair for user -1: false
11-05 11:33:24.869 W/MediaProvider( 1056): isAppCloneUserPair for user -1: false
11-05 11:33:24.927 D/MediaPlayerFactory(14326): Initialize getpersist = 0 value=
11-05 11:33:24.927 I/cedarc (14326): : *** ic_version = 0x3301000012011,
11-05 11:33:24.950 I/cedarc (14326): : not malloc locks
11-05 11:33:24.960 W/MediaProvider( 1056): isAppCloneUserPair for user -1: false
11-05 11:33:24.971 W/MediaProvider( 1056): isAppCloneUserPair for user -1: false
11-05 11:33:24.980 W/MediaProvider( 1056): isAppCloneUserPair for user -1: false
11-05 11:33:24.994 W/MediaProvider( 1056): isAppCloneUserPair for user -1: false
11-05 11:33:25.031 D/MediaPlayerFactory(14326): Initialize getpersist = 0 value=
11-05 11:33:25.032 I/cedarc (14326): : *** ic_version = 0x3301000012011,
11-05 11:33:25.066 I/awplayer(14326): : ------------------ total time from end = 610286
11-05 11:33:25.084 I/cedarc (14326): : not malloc locks
11-05 11:33:25.092 D/MediaPlayerFactory(14326): Initialize getpersist = 0 value=
11-05 11:33:25.092 I/cedarc (14326): : *** ic_version = 0x3301000012011,
11-05 11:33:25.119 I/awplayer(14326): : ------------------ total time from end = 103050
11-05 11:33:25.131 I/cedarc (14326): : not malloc locks
11-05 11:33:25.132 I/cling--ap-1( 3126): type=1400 audit(0.0:2823): avc: denied { search } for name="net" dev="sysfs" ino=10442 scontext=u:r:platform_app:s0:c512,c768 tcontext=u:object_r:sysfs_net:s0 tclass=dir permissive=1 app=com.dangbei.screencast
11-05 11:33:25.139 D/MediaPlayerFactory(14326): Initialize getpersist = 0 value=
11-05 11:33:25.142 I/cedarc (14326): : *** ic_version = 0x3301000012011,
11-05 11:33:25.169 I/awplayer(14326): : ------------------ total time from end = 610286
11-05 11:33:25.183 I/cedarc (14326): : not malloc locks
11-05 11:33:25.192 D/MediaPlayerFactory(14326): Initialize getpersist = 0 value=
11-05 11:33:25.192 I/cedarc (14326): : *** ic_version = 0x3301000012011,
11-05 11:33:25.237 I/awplayer(14326): : ------------------ total time from end = 581982
11-05 11:33:25.237 E/awplayer(14326): : Get script failed.
11-05 11:33:25.237 I/awplayer(14326): : ------------------ total time from end = 581982
11-05 11:33:25.237 E/awplayer(14326): : PROBE_SPECIFIC_DATA_NONE
11-05 11:33:25.237 W/awplayer(14326): : PROBE_SPECIFIC_DATA_NONE
11-05 11:33:25.247 I/cedarc (14326): : not malloc locks
11-05 11:33:25.254 D/MediaPlayerFactory(14326): Initialize getpersist = 0 value=
11-05 11:33:25.255 I/cedarc (14326): : *** ic_version = 0x3301000012011,
11-05 11:33:25.281 I/awplayer(14326): : ------------------ total time from end = 1659400
11-05 11:33:25.289 E/awplayer(14326): : PROBE_SPECIFIC_DATA_NONE
11-05 11:33:25.289 W/awplayer(14326): : PROBE_SPECIFIC_DATA_NONE
11-05 11:33:25.299 I/cedarc (14326): : not malloc locks
11-05 11:33:25.304 W/MediaProvider( 1056): isAppCloneUserPair for user -1: false
11-05 11:33:25.312 W/MediaProvider( 1056): isAppCloneUserPair for user -1: false
11-05 11:33:25.322 W/MediaProvider( 1056): isAppCloneUserPair for user -1: false
11-05 11:33:25.331 W/MediaProvider( 1056): isAppCloneUserPair for user -1: false
11-05 11:33:25.342 W/MediaProvider( 1056): isAppCloneUserPair for user -1: false
11-05 11:33:25.378 W/MediaProvider( 1056): isAppCloneUserPair for user -1: false
11-05 11:33:25.423 D/MediaPlayerFactory(14326): Initialize getpersist = 0 value=
11-05 11:33:25.424 I/cedarc (14326): : *** ic_version = 0x3301000012011,
11-05 11:33:25.705 W/IorapForwardingService( 480): No service published for: iorapd
11-05 11:33:25.820 E/WifiHAL ( 663): wifi_get_link_stats: requestResponse Error:-5
11-05 11:33:25.820 E/WifiVendorHal( 480): getWifiLinkLayerStats_1_5_Internal(l.1191) failed {.code = ERROR_INVALID_ARGS, .description = }
11-05 11:33:26.253 I/cedarc (14326): : not malloc locks
11-05 11:33:26.263 D/MediaPlayerFactory(14326): Initialize getpersist = 0 value=
11-05 11:33:26.263 I/cedarc (14326): : *** ic_version = 0x3301000012011,
11-05 11:33:26.708 W/IorapForwardingService( 480): No service published for: iorapd
11-05 11:33:27.508 I/efs-base( 3126): type=1400 audit(0.0:2824): avc: denied { getattr } for path="/data/user/0/com.dangbei.screencast/app_UApm/5fc60c21094d637f3130af19/ready" dev="mmcblk0p25" ino=2110 scontext=u:r:platform_app:s0:c512,c768 tcontext=u:object_r:app_data_file:s0:c512,c768 tclass=dir permissive=1 app=com.dangbei.screencast
11-05 11:33:27.710 W/IorapForwardingService( 480): No service published for: iorapd
11-05 11:33:28.068 I/rkstack.proces( 780): Background concurrent copying GC freed 33206(1189KB) AllocSpace objects, 30(1800KB) LOS objects, 49% free, 3086KB/6173KB, paused 190us total 127.862ms
11-05 11:33:28.314 I/gbei.screencas( 3126): Background concurrent copying GC freed 58722(5592KB) AllocSpace objects, 0(0B) LOS objects, 49% free, 5528KB/10MB, paused 160us total 142.479ms
11-05 11:33:28.712 W/IorapForwardingService( 480): No service published for: iorapd
11-05 11:33:28.836 E/WifiHAL ( 663): wifi_get_link_stats: requestResponse Error:-5
11-05 11:33:28.837 E/WifiVendorHal( 480): getWifiLinkLayerStats_1_5_Internal(l.1191) failed {.code = ERROR_INVALID_ARGS, .description = }
11-05 11:33:29.714 W/IorapForwardingService( 480): No service published for: iorapd
11-05 11:33:30.717 W/IorapForwardingService( 480): No service published for: iorapd
11-05 11:33:31.524 I/BLEAudioDrive_HV410( 248): select timeout!
11-05 11:33:31.719 W/IorapForwardingService( 480): No service published for: iorapd
11-05 11:33:31.849 E/WifiHAL ( 663): wifi_get_link_stats: requestResponse Error:-5
11-05 11:33:31.850 E/WifiVendorHal( 480): getWifiLinkLayerStats_1_5_Internal(l.1191) failed {.code = ERROR_INVALID_ARGS, .description = }
11-05 11:33:32.448 D/TvWindowManager( 480): key event key = KEYCODE_DPAD_RIGHT down = true
11-05 11:33:32.448 I/BLEAudioDrive_HV410( 248): HBG remote PoweOn
11-05 11:33:32.448 I/BLEAudioDrive_HV410( 248): data len: 9 1
11-05 11:33:32.449 D/audio_so_hv_309( 248): HBG remote is active!
11-05 11:33:32.461 D/audio_hw_primary( 248): start_output_stream out->format : 0x00000000
11-05 11:33:32.461 V/audio_hw_primary( 248): start_output_stream, line: 1503
11-05 11:33:32.461 V/audio_hw_primary( 248): use AUDIO_HDMI to playback audio
11-05 11:33:32.461 D/audio_hw_primary( 248): open card=3, port=0
11-05 11:33:32.461 D/audio_hw_primary( 248): config:2 44100 960 2 0 5760 1 0
11-05 11:33:32.461 D/audio_hw_primary( 248): set_raw_flag(card=3, raw_flag=1)
11-05 11:33:32.462 D/audio_hw_primary( 248): set_raw_flag control_name = audio data format control_value PCM)
11-05 11:33:32.462 V/audio_hw_primary( 248): do not use out resampler --------- beginning of system
11-05 11:33:32.463 D/GpioService( 480): mFlickerEnable = true
11-05 11:33:32.471 I/SogouIME( 3502): onKeyDown: keyoCode=22
11-05 11:33:32.474 I/DefaultIMS( 3502): onKeyDown: keyoCode=22
11-05 11:33:32.486 D/AudioFlinger( 270): mixer(0xf2ef8f00) throttle end: throttle time(9)
11-05 11:33:32.509 I/DefaultIMS( 3502): onStartInput attribute=android.view.inputmethod.EditorInfo@eb0f16e restarting=false inputType: 0
11-05 11:33:32.661 I/BLEAudioDrive_HV410( 248): data len: 9 1
11-05 11:33:32.661 D/TvWindowManager( 480): key event key = KEYCODE_DPAD_RIGHT down = false
11-05 11:33:32.661 I/BLEAudioDrive_HV410( 248): keyboard stop
11-05 11:33:32.664 I/SogouIME( 3502): onKeyUp: keyoCode=22
11-05 11:33:32.664 I/DefaultIMS( 3502): onKeyUp: keyoCode=22
11-05 11:33:32.723 W/IorapForwardingService( 480): No service published for: iorapd
11-05 11:33:32.897 I/BLEAudioDrive_HV410( 248): data len: 9 1
11-05 11:33:32.925 D/TvWindowManager( 480): key event key = KEYCODE_DPAD_LEFT down = true
11-05 11:33:32.935 D/GpioService( 480): mFlickerEnable = true
11-05 11:33:32.938 I/SogouIME( 3502): onKeyDown: keyoCode=21
11-05 11:33:32.938 I/DefaultIMS( 3502): onKeyDown: keyoCode=21
11-05 11:33:32.962 I/DefaultIMS( 3502): onStartInput attribute=android.view.inputmethod.EditorInfo@3fa800f restarting=false inputType: 0
11-05 11:33:33.044 I/BLEAudioDrive_HV410( 248): data len: 9 1
11-05 11:33:33.044 I/BLEAudioDrive_HV410( 248): keyboard stop
11-05 11:33:33.044 D/TvWindowManager( 480): key event key = KEYCODE_DPAD_LEFT down = false
11-05 11:33:33.047 I/SogouIME( 3502): onKeyUp: keyoCode=21
11-05 11:33:33.048 I/DefaultIMS( 3502): onKeyUp: keyoCode=21
11-05 11:33:33.728 W/IorapForwardingService( 480): No service published for: iorapd
11-05 11:33:33.842 I/BLEAudioDrive_HV410( 248): data len: 9 1
11-05 11:33:33.843 D/TvWindowManager( 480): key event key = KEYCODE_DPAD_RIGHT down = true
11-05 11:33:33.853 D/GpioService( 480): mFlickerEnable = true
11-05 11:33:33.856 I/SogouIME( 3502): onKeyDown: keyoCode=22
11-05 11:33:33.856 I/DefaultIMS( 3502): onKeyDown: keyoCode=22
11-05 11:33:33.882 I/DefaultIMS( 3502): onStartInput attribute=android.view.inputmethod.EditorInfo@b02eaa0 restarting=false inputType: 0
11-05 11:33:33.917 W/ZramWriteback( 480): Writeback device is not set
11-05 11:33:33.918 D/ZramWriteback( 480): wait to flush
11-05 11:33:33.977 I/BLEAudioDrive_HV410( 248): data len: 9 1
11-05 11:33:33.977 I/BLEAudioDrive_HV410( 248): keyboard stop
11-05 11:33:33.977 D/TvWindowManager( 480): key event key = KEYCODE_DPAD_RIGHT down = false
11-05 11:33:33.980 I/SogouIME( 3502): onKeyUp: keyoCode=22
11-05 11:33:33.980 I/DefaultIMS( 3502): onKeyUp: keyoCode=22
11-05 11:33:34.123 I/BLEAudioDrive_HV410( 248): data len: 9 1
11-05 11:33:34.124 D/TvWindowManager( 480): key event key = KEYCODE_DPAD_CENTER down = true
11-05 11:33:34.130 D/GpioService( 480): mFlickerEnable = true
11-05 11:33:34.236 I/BLEAudioDrive_HV410( 248): data len: 9 1
11-05 11:33:34.236 I/BLEAudioDrive_HV410( 248): keyboard stop
11-05 11:33:34.236 D/TvWindowManager( 480): key event key = KEYCODE_DPAD_CENTER down = false
11-05 11:33:34.275 D/GpioService( 480): mFlickerEnable = true
11-05 11:33:34.305 I/SogouIME( 3502): onKeyDown: keyoCode=23
11-05 11:33:34.305 I/DefaultIMS( 3502): onKeyDown: keyoCode=23
11-05 11:33:34.312 I/SogouIME( 3502): onKeyUp: keyoCode=23
11-05 11:33:34.312 I/DefaultIMS( 3502): onKeyUp: keyoCode=23
11-05 11:33:34.318 I/ActivityStarter( 480): ---START u0 {cmp=com.tv.filemanager.os/com.dangbei.lerad.filemanager.ui.info.ManagerFileListActivity (has extras)} from uid 10054
11-05 11:33:34.325 I/AW_PowerHAL( 263): Power setMode: LAUNCH to: 1
11-05 11:33:34.339 W/ActivityTaskManager( 480): Tried to set launchTime (0) < mLastActivityLaunchTime (5648244)
11-05 11:33:34.340 D/AW_CODE ( 480): rotation =0
11-05 11:33:34.362 I/AW_PowerHAL( 263): cur-mode:LAUNCH
11-05 11:33:34.372 D/ActivityTaskManager( 480): homlet: skip orientation settings: 0
11-05 11:33:34.372 I/BpBinder( 278): onLastStrongRef automatically unlinking death recipients:
11-05 11:33:34.448 D/TvPipController( 688): onTaskStackChanged()
11-05 11:33:34.730 W/IorapForwardingService( 480): No service published for: iorapd
11-05 11:33:34.862 E/WifiHAL ( 663): wifi_get_link_stats: requestResponse Error:-5
11-05 11:33:34.863 E/WifiVendorHal( 480): getWifiLinkLayerStats_1_5_Internal(l.1191) failed {.code = ERROR_INVALID_ARGS, .description = }
11-05 11:33:35.730 W/IorapForwardingService( 480): No service published for: iorapd
11-05 11:33:35.832 W/WindowManager( 480): Failed looking up window session=Session{7a11049 2649:u0a10054} callers=com.android.server.wm.WindowManagerService.windowForClientLocked:5702 com.android.server.wm.Session.insetsModified:629 android.view.IWindowSession$Stub.onTransact:1151
11-05 11:33:35.837 I/Choreographer( 2649): Skipped 88 frames! The application may be doing too much work on its main thread.
11-05 11:33:35.868 I/gralloc ( 257): alloc buffer:W:1920 H:1080 S:1920 PL[1920 1080] SZ:8294400 fmt:1 if:0 af:1 usg:20000b00 fg:00000004
11-05 11:33:35.881 I/gralloc ( 257): alloc buffer:W:1920 H:1080 S:1920 PL[1920 1080] SZ:8294400 fmt:1 if:0 af:1 usg:20000b00 fg:00000004
11-05 11:33:35.898 I/gralloc ( 257): alloc buffer:W:1920 H:1080 S:1920 PL[1920 1080] SZ:8294400 fmt:1 if:0 af:1 usg:20000b00 fg:00000004
11-05 11:33:35.922 I/ActivityTaskManager( 480): +++Displayed com.tv.filemanager.os/com.dangbei.lerad.filemanager.ui.info.ManagerFileListActivity: +1s599ms
11-05 11:33:35.966 E/hq_file ( 2649): diskinfo_onSaveInstanceState
11-05 11:33:35.971 I/DefaultIMS( 3502): onStartInput attribute=android.view.inputmethod.EditorInfo@8fa5c82 restarting=false inputType: 0
11-05 11:33:35.988 I/BaseRequest( 2649): complete
11-05 11:33:35.988 I/BaseRequest( 2649): success!=nulltrue
11-05 11:33:36.005 I/AW_PowerHAL( 263): Power setMode: LAUNCH to: 0
11-05 11:33:36.012 I/AW_PowerHAL( 263): cur-mode:SCHEDUTIL
11-05 11:33:36.091 W/View ( 2649): requestLayout() improperly called by com.dangbei.lerad.libui.control.layout.FitFrameLayout{1a2b69e V.E...... ......ID 0,0-255,250 #7f0a02ee app:id/view_file_item_ll} during layout: running second layout pass
11-05 11:33:36.155 W/MediaProvider( 1056): Failed to fetch original file descriptor
11-05 11:33:36.155 W/MediaProvider( 1056): java.io.FileNotFoundException: Input file descriptor is already original
11-05 11:33:36.155 W/MediaProvider( 1056): at com.android.providers.media.MediaProvider.getOriginalMediaFormatFileDescriptor(MediaProvider.java:5774)
11-05 11:33:36.155 W/MediaProvider( 1056): at com.android.providers.media.MediaProvider.openTypedAssetFileCommon(MediaProvider.java:7190)
11-05 11:33:36.155 W/MediaProvider( 1056): at com.android.providers.media.MediaProvider.openTypedAssetFile(MediaProvider.java:7171)
11-05 11:33:36.155 W/MediaProvider( 1056): at android.content.ContentProvider$Transport.openTypedAssetFile(ContentProvider.java:548)
11-05 11:33:36.155 W/MediaProvider( 1056): at android.content.ContentProviderNative.onTransact(ContentProviderNative.java:327)
11-05 11:33:36.155 W/MediaProvider( 1056): at android.os.Binder.execTransactInternal(Binder.java:1184)
11-05 11:33:36.155 W/MediaProvider( 1056): at android.os.Binder.execTransact(Binder.java:1143)
11-05 11:33:36.156 W/MediaProvider( 1056): Failed to fetch original file descriptor
11-05 11:33:36.156 W/MediaProvider( 1056): java.io.FileNotFoundException: Input file descriptor is already original
11-05 11:33:36.156 W/MediaProvider( 1056): at com.android.providers.media.MediaProvider.getOriginalMediaFormatFileDescriptor(MediaProvider.java:5774)
11-05 11:33:36.156 W/MediaProvider( 1056): at com.android.providers.media.MediaProvider.openTypedAssetFileCommon(MediaProvider.java:7190)
11-05 11:33:36.156 W/MediaProvider( 1056): at com.android.providers.media.MediaProvider.openTypedAssetFile(MediaProvider.java:7171)
11-05 11:33:36.156 W/MediaProvider( 1056): at android.content.ContentProvider$Transport.openTypedAssetFile(ContentProvider.java:548)
11-05 11:33:36.156 W/MediaProvider( 1056): at android.content.ContentProviderNative.onTransact(ContentProviderNative.java:327)
11-05 11:33:36.156 W/MediaProvider( 1056): at android.os.Binder.execTransactInternal(Binder.java:1184)
11-05 11:33:36.156 W/MediaProvider( 1056): at android.os.Binder.execTransact(Binder.java:1143)
11-05 11:33:36.167 W/MediaProvider( 1056): Failed to fetch original file descriptor
11-05 11:33:36.167 W/MediaProvider( 1056): java.io.FileNotFoundException: Input file descriptor is already original
11-05 11:33:36.167 W/MediaProvider( 1056): at com.android.providers.media.MediaProvider.getOriginalMediaFormatFileDescriptor(MediaProvider.java:5774)
11-05 11:33:36.167 W/MediaProvider( 1056): at com.android.providers.media.MediaProvider.openTypedAssetFileCommon(MediaProvider.java:7190)
11-05 11:33:36.167 W/MediaProvider( 1056): at com.android.providers.media.MediaProvider.openTypedAssetFile(MediaProvider.java:7171)
11-05 11:33:36.167 W/MediaProvider( 1056): at android.content.ContentProvider$Transport.openTypedAssetFile(ContentProvider.java:548)
11-05 11:33:36.167 W/MediaProvider( 1056): at android.content.ContentProviderNative.onTransact(ContentProviderNative.java:327)
11-05 11:33:36.167 W/MediaProvider( 1056): at android.os.Binder.execTransactInternal(Binder.java:1184)
11-05 11:33:36.167 W/MediaProvider( 1056): at android.os.Binder.execTransact(Binder.java:1143)
11-05 11:33:36.182 I/cedarc (14326): : not malloc locks
11-05 11:33:36.190 D/MediaPlayerFactory(14326): Initialize getpersist = 0 value=
11-05 11:33:36.190 I/DefaultIMS( 3502): onStartInput attribute=android.view.inputmethod.EditorInfo@9552f93 restarting=false inputType: 0
11-05 11:33:36.192 I/cedarc (14326): : *** ic_version = 0x3301000012011,
11-05 11:33:36.210 D/MediaPlayerFactory(14326): Initialize getpersist = 0 value=
11-05 11:33:36.220 W/MediaProvider( 1056): Failed to fetch original file descriptor
11-05 11:33:36.220 W/MediaProvider( 1056): java.io.FileNotFoundException: Input file descriptor is already original
11-05 11:33:36.220 W/MediaProvider( 1056): at com.android.providers.media.MediaProvider.getOriginalMediaFormatFileDescriptor(MediaProvider.java:5774)
11-05 11:33:36.220 W/MediaProvider( 1056): at com.android.providers.media.MediaProvider.openTypedAssetFileCommon(MediaProvider.java:7190)
11-05 11:33:36.220 W/MediaProvider( 1056): at com.android.providers.media.MediaProvider.openTypedAssetFile(MediaProvider.java:7171)
11-05 11:33:36.220 W/MediaProvider( 1056): at android.content.ContentProvider$Transport.openTypedAssetFile(ContentProvider.java:548)
11-05 11:33:36.220 W/MediaProvider( 1056): at android.content.ContentProviderNative.onTransact(ContentProviderNative.java:327)
11-05 11:33:36.220 W/MediaProvider( 1056): at android.os.Binder.execTransactInternal(Binder.java:1184)
11-05 11:33:36.220 W/MediaProvider( 1056): at android.os.Binder.execTransact(Binder.java:1143)
11-05 11:33:36.235 D/MediaPlayerFactory(14326): Initialize getpersist = 0 value=
11-05 11:33:36.255 E/MetadataRetrieverClient(14326): failed to extract an album art
11-05 11:33:36.257 E/MediaMetadataRetrieverJNI( 2649): getEmbeddedPicture: Call to getEmbeddedPicture failed.
11-05 11:33:36.258 W/System.err( 2649): java.lang.NullPointerException: Attempt to invoke virtual method 'boolean android.graphics.Bitmap.compress(android.graphics.Bitmap$CompressFormat, int, java.io.OutputStream)' on a null object reference
11-05 11:33:36.261 W/System.err( 2649): at com.lerad.lerad_base_util.glide.mp3.Mp3IconFetcher.bitmap2InputStream(Mp3IconFetcher.java:46)
11-05 11:33:36.261 W/System.err( 2649): at com.lerad.lerad_base_util.glide.mp3.Mp3IconFetcher.loadData(Mp3IconFetcher.java:36)
11-05 11:33:36.261 W/System.err( 2649): at com.bumptech.glide.load.engine.SourceGenerator.startNext(SourceGenerator.java:62)
11-05 11:33:36.261 W/System.err( 2649): at com.bumptech.glide.load.engine.DecodeJob.runGenerators(DecodeJob.java:302)
11-05 11:33:36.261 W/System.err( 2649): at com.bumptech.glide.load.engine.DecodeJob.runWrapped(DecodeJob.java:272)
11-05 11:33:36.262 W/System.err( 2649): at com.bumptech.glide.load.engine.DecodeJob.run(DecodeJob.java:233)
11-05 11:33:36.262 W/System.err( 2649): at java.util.concurrent.ThreadPoolExecutor.runWorker(ThreadPoolExecutor.java:1167)
11-05 11:33:36.262 W/System.err( 2649): at java.util.concurrent.ThreadPoolExecutor$Worker.run(ThreadPoolExecutor.java:641)
11-05 11:33:36.262 W/System.err( 2649): at java.lang.Thread.run(Thread.java:920)
11-05 11:33:36.262 W/System.err( 2649): at com.bumptech.glide.load.engine.executor.GlideExecutor$DefaultThreadFactory$1.run(GlideExecutor.java:446)
11-05 11:33:36.269 W/View ( 2649): requestLayout() improperly called by com.dangbei.lerad.libui.control.layout.FitFrameLayout{1a2b69e V.E...... ......ID 0,0-255,250 #7f0a02ee app:id/view_file_item_ll} during layout: running second layout pass
11-05 11:33:36.281 D/MediaPlayerFactory(14326): Initialize getpersist = 0 value=
11-05 11:33:36.300 E/MetadataRetrieverClient(14326): failed to extract an album art
11-05 11:33:36.300 E/MediaMetadataRetrieverJNI( 2649): getEmbeddedPicture: Call to getEmbeddedPicture failed.
11-05 11:33:36.302 W/System.err( 2649): java.lang.NullPointerException: Attempt to invoke virtual method 'boolean android.graphics.Bitmap.compress(android.graphics.Bitmap$CompressFormat, int, java.io.OutputStream)' on a null object reference
11-05 11:33:36.303 W/System.err( 2649): at com.lerad.lerad_base_util.glide.mp3.Mp3IconFetcher.bitmap2InputStream(Mp3IconFetcher.java:46)
11-05 11:33:36.303 W/System.err( 2649): at com.lerad.lerad_base_util.glide.mp3.Mp3IconFetcher.loadData(Mp3IconFetcher.java:36)
11-05 11:33:36.303 W/System.err( 2649): at com.bumptech.glide.load.engine.SourceGenerator.startNext(SourceGenerator.java:62)
11-05 11:33:36.303 W/System.err( 2649): at com.bumptech.glide.load.engine.DecodeJob.runGenerators(DecodeJob.java:302)
11-05 11:33:36.303 W/System.err( 2649): at com.bumptech.glide.load.engine.DecodeJob.runWrapped(DecodeJob.java:272)
11-05 11:33:36.303 W/System.err( 2649): at com.bumptech.glide.load.engine.DecodeJob.run(DecodeJob.java:233)
11-05 11:33:36.303 W/System.err( 2649): at java.util.concurrent.ThreadPoolExecutor.runWorker(ThreadPoolExecutor.java:1167)
11-05 11:33:36.303 W/System.err( 2649): at java.util.concurrent.ThreadPoolExecutor$Worker.run(ThreadPoolExecutor.java:641)
11-05 11:33:36.303 W/System.err( 2649): at java.lang.Thread.run(Thread.java:920)
11-05 11:33:36.303 W/System.err( 2649): at com.bumptech.glide.load.engine.executor.GlideExecutor$DefaultThreadFactory$1.run(GlideExecutor.java:446)
11-05 11:33:36.326 W/awplayer(14326): : Wav parser : no dice, no valid sequence of frames found.
11-05 11:33:36.327 W/awplayer(14326): : Wav parser : no dice, no valid sequence of frames found.
11-05 11:33:36.327 W/awplayer(14326): : Wav parser : no dice, no valid sequence of frames found.
11-05 11:33:36.327 W/awplayer(14326): : Wav parser : no dice, no valid sequence of frames found.
11-05 11:33:36.327 W/awplayer(14326): : Wav parser : no dice, no valid sequence of frames found.
11-05 11:33:36.327 W/awplayer(14326): : Wav parser : no dice, no valid sequence of frames found.
11-05 11:33:36.327 W/awplayer(14326): : Wav parser : no dice, no valid sequence of frames found.
11-05 11:33:36.327 W/awplayer(14326): : Wav parser : no dice, no valid sequence of frames found.
11-05 11:33:36.327 W/awplayer(14326): : Wav parser : no dice, no valid sequence of frames found.
11-05 11:33:36.327 W/awplayer(14326): : Wav parser : no dice, no valid sequence of frames found.
11-05 11:33:36.327 W/awplayer(14326): : Wav parser : no dice, no valid sequence of frames found.
11-05 11:33:36.327 W/awplayer(14326): : Wav parser : no dice, no valid sequence of frames found.
11-05 11:33:36.327 W/awplayer(14326): : Wav parser : no dice, no valid sequence of frames found.
11-05 11:33:36.327 W/awplayer(14326): : Wav parser : no dice, no valid sequence of frames found.
11-05 11:33:36.327 W/awplayer(14326): : Wav parser : no dice, no valid sequence of frames found.
11-05 11:33:36.327 W/awplayer(14326): : Wav parser : no dice, no valid sequence of frames found.
11-05 11:33:36.328 W/awplayer(14326): : Wav parser : no dice, no valid sequence of frames found.
11-05 11:33:36.328 W/awplayer(14326): : Wav parser : no dice, no valid sequence of frames found.
11-05 11:33:36.328 W/awplayer(14326): : Wav parser : no dice, no valid sequence of frames found.
11-05 11:33:36.328 W/awplayer(14326): : Wav parser : no dice, no valid sequence of frames found.
11-05 11:33:36.328 W/awplayer(14326): : Wav parser : no dice, no valid sequence of frames found.
11-05 11:33:36.328 W/awplayer(14326): : Wav parser : no dice, no valid sequence of frames found.
11-05 11:33:36.328 W/awplayer(14326): : Wav parser : no dice, no valid sequence of frames found.
11-05 11:33:36.328 W/awplayer(14326): : Wav parser : no dice, no valid sequence of frames found.
11-05 11:33:36.328 W/awplayer(14326): : Wav parser : no dice, no valid sequence of frames found.
