11-05 11:33:44.632 W/MediaProvider( 1056): isAppCloneUserPair for user -1: false
11-05 11:33:44.651 I/DefaultIMS( 3502): onStartInput attribute=android.view.inputmethod.EditorInfo@26de98e restarting=false inputType: 0
11-05 11:33:44.705 W/MediaProvider( 1056): isAppCloneUserPair for user -1: false
11-05 11:33:44.747 W/InputManager-JNI( 480): Input channel object 'd21c43 Splash Screen com.dangbei.lerad.videoposter (client)' was disposed without first being removed with the input manager!
11-05 11:33:44.757 W/MediaProvider( 1056): isAppCloneUserPair for user -1: false
11-05 11:33:44.757 W/IorapForwardingService( 480): No service published for: iorapd
11-05 11:33:44.867 D/MediaPlayerFactory(14326): Initialize getpersist = 0 value=
11-05 11:33:44.867 I/cedarc (14326): : *** ic_version = 0x3301000012011,
11-05 11:33:44.896 E/awplayer(14326): <__FlacParserProbe:1096>: Flac probe failed.
11-05 11:33:44.906 W/awplayer(14326): : Wav parser : no dice, no valid sequence of frames found.
11-05 11:33:44.907 W/awplayer(14326): : Wav parser : no dice, no valid sequence of frames found.
11-05 11:33:44.907 W/awplayer(14326): : Wav parser : no dice, no valid sequence of frames found.
11-05 11:33:44.907 W/awplayer(14326): : Wav parser : no dice, no valid sequence of frames found.
11-05 11:33:44.907 W/awplayer(14326): : Wav parser : no dice, no valid sequence of frames found.
11-05 11:33:44.907 W/awplayer(14326): : Wav parser : no dice, no valid sequence of frames found.
11-05 11:33:44.907 W/awplayer(14326): : Wav parser : no dice, no valid sequence of frames found.
11-05 11:33:44.907 W/awplayer(14326): : Wav parser : no dice, no valid sequence of frames found.
11-05 11:33:44.907 W/awplayer(14326): : Wav parser : no dice, no valid sequence of frames found.
11-05 11:33:44.907 W/awplayer(14326): : Wav parser : no dice, no valid sequence of frames found.
11-05 11:33:44.907 W/awplayer(14326): : Wav parser : no dice, no valid sequence of frames found.
11-05 11:33:44.907 W/awplayer(14326): : Wav parser : no dice, no valid sequence of frames found.
11-05 11:33:44.907 W/awplayer(14326): : Wav parser : no dice, no valid sequence of frames found.
11-05 11:33:44.907 W/awplayer(14326): : Wav parser : no dice, no valid sequence of frames found.
11-05 11:33:44.907 W/awplayer(14326): : Wav parser : no dice, no valid sequence of frames found.
11-05 11:33:44.907 W/awplayer(14326): : Wav parser : no dice, no valid sequence of frames found.
11-05 11:33:44.907 W/awplayer(14326): : Wav parser : no dice, no valid sequence of frames found.
11-05 11:33:44.907 W/awplayer(14326): : Wav parser : no dice, no valid sequence of frames found.
11-05 11:33:44.907 W/awplayer(14326): : Wav parser : no dice, no valid sequence of frames found.
11-05 11:33:44.907 W/awplayer(14326): : Wav parser : no dice, no valid sequence of frames found.
11-05 11:33:44.907 W/awplayer(14326): : Wav parser : no dice, no valid sequence of frames found.
11-05 11:33:44.907 W/awplayer(14326): : Wav parser : no dice, no valid sequence of frames found.
11-05 11:33:44.907 W/awplayer(14326): : Wav parser : no dice, no valid sequence of frames found.
11-05 11:33:44.907 W/awplayer(14326): : Wav parser : no dice, no valid sequence of frames found.
11-05 11:33:44.907 W/awplayer(14326): : Wav parser : no dice, no valid sequence of frames found.
11-05 11:33:44.907 W/awplayer(14326): : Wav parser : no dice, no valid sequence of frames found.
11-05 11:33:44.907 W/awplayer(14326): : Wav parser : no dice, no valid sequence of frames found.
11-05 11:33:44.907 W/awplayer(14326): : Wav parser : no dice, no valid sequence of frames found.
11-05 11:33:44.907 W/awplayer(14326): : Wav parser : no dice, no valid sequence of frames found.
11-05 11:33:44.907 W/awplayer(14326): : Wav parser : no dice, no valid sequence of frames found.
11-05 11:33:44.907 W/awplayer(14326): : Wav parser : no dice, no valid sequence of frames found.
11-05 11:33:44.907 W/awplayer(14326): : Wav parser : no dice, no valid sequence of frames found.
11-05 11:33:44.907 W/awplayer(14326): : Wav parser : no dice, no valid sequence of frames found.
11-05 11:33:44.907 W/awplayer(14326): : Wav parser : no dice, no valid sequence of frames found.
11-05 11:33:44.907 W/awplayer(14326): : Wav parser : no dice, no valid sequence of frames found.
11-05 11:33:44.907 W/awplayer(14326): : Wav parser : no dice, no valid sequence of frames found.
11-05 11:33:44.907 W/awplayer(14326): : Wav parser : no dice, no valid sequence of frames found.
11-05 11:33:44.907 W/awplayer(14326): : Wav parser : no dice, no valid sequence of frames found.
11-05 11:33:44.907 W/awplayer(14326): : Wav parser : no dice, no valid sequence of frames found.
11-05 11:33:44.907 W/awplayer(14326): : Wav parser : no dice, no valid sequence of frames found.
11-05 11:33:44.907 W/awplayer(14326): : Wav parser : no dice, no valid sequence of frames found.
11-05 11:33:44.907 W/awplayer(14326): : Wav parser : no dice, no valid sequence of frames found.
11-05 11:33:44.907 W/awplayer(14326): : Wav parser : no dice, no valid sequence of frames found.
11-05 11:33:44.907 W/awplayer(14326): : Wav parser : no dice, no valid sequence of frames found.
11-05 11:33:44.907 W/awplayer(14326): : Wav parser : no dice, no valid sequence of frames found.
11-05 11:33:44.907 W/awplayer(14326): : Wav parser : no dice, no valid sequence of frames found.
11-05 11:33:44.907 W/awplayer(14326): : Wav parser : no dice, no valid sequence of frames found.
11-05 11:33:44.907 W/awplayer(14326): : Wav parser : no dice, no valid sequence of frames found.
11-05 11:33:44.907 W/awplayer(14326): : Wav parser : no dice, no valid sequence of frames found.
11-05 11:33:44.908 W/awplayer(14326): : Wav parser : no dice, no valid sequence of frames found.
11-05 11:33:44.908 W/awplayer(14326): : Wav parser : no dice, no valid sequence of frames found.
11-05 11:33:44.908 W/awplayer(14326): : Wav parser : no dice, no valid sequence of frames found.
11-05 11:33:44.908 W/awplayer(14326): : Wav parser : no dice, no valid sequence of frames found.
11-05 11:33:44.908 W/awplayer(14326): : Wav parser : no dice, no valid sequence of frames found.
11-05 11:33:44.908 W/awplayer(14326): : Wav parser : no dice, no valid sequence of frames found.
11-05 11:33:44.908 W/awplayer(14326): : Wav parser : no dice, no valid sequence of frames found.
11-05 11:33:44.908 W/awplayer(14326): : Wav parser : no dice, no valid sequence of frames found.
11-05 11:33:44.908 W/awplayer(14326): : Wav parser : no dice, no valid sequence of frames found.
11-05 11:33:44.908 W/awplayer(14326): : Wav parser : no dice, no valid sequence of frames found.
11-05 11:33:44.908 W/awplayer(14326): : Wav parser : no dice, no valid sequence of frames found.
11-05 11:33:44.908 W/awplayer(14326): : Wav parser : no dice, no valid sequence of frames found.
11-05 11:33:44.908 W/awplayer(14326): : Wav parser : no dice, no valid sequence of frames found.
11-05 11:33:44.908 W/awplayer(14326): : Wav parser : no dice, no valid sequence of frames found.
11-05 11:33:44.908 W/awplayer(14326): : Wav parser : no dice, no valid sequence of frames found.
11-05 11:33:44.908 W/awplayer(14326): : Wav parser : no dice, no valid sequence of frames found.
11-05 11:33:44.908 W/awplayer(14326): : Wav parser : no dice, no valid sequence of frames found.
11-05 11:33:44.908 W/awplayer(14326): : Wav parser : no dice, no valid sequence of frames found.
11-05 11:33:44.908 W/awplayer(14326): : Wav parser : no dice, no valid sequence of frames found.
11-05 11:33:44.908 W/awplayer(14326): : Wav parser : no dice, no valid sequence of frames found.
11-05 11:33:44.908 W/awplayer(14326): : Wav parser : no dice, no valid sequence of frames found.
11-05 11:33:44.908 W/awplayer(14326): : Wav parser : no dice, no valid sequence of frames found.
11-05 11:33:44.908 W/awplayer(14326): : Wav parser : no dice, no valid sequence of frames found.
11-05 11:33:44.908 W/awplayer(14326): : Wav parser : no dice, no valid sequence of frames found.
11-05 11:33:44.908 W/awplayer(14326): : Wav parser : no dice, no valid sequence of frames found.
11-05 11:33:44.908 W/awplayer(14326): : Wav parser : no dice, no valid sequence of frames found.
11-05 11:33:44.908 W/awplayer(14326): : Wav parser : no dice, no valid sequence of frames found.
11-05 11:33:44.908 W/awplayer(14326): : Wav parser : no dice, no valid sequence of frames found.
11-05 11:33:44.908 W/awplayer(14326): : Wav parser : no dice, no valid sequence of frames found.
11-05 11:33:44.908 W/awplayer(14326): : Wav parser : no dice, no valid sequence of frames found.
11-05 11:33:44.908 W/awplayer(14326): : Wav parser : no dice, no valid sequence of frames found.
11-05 11:33:44.908 W/awplayer(14326): : Wav parser : no dice, no valid sequence of frames found.
11-05 11:33:44.908 W/awplayer(14326): : Wav parser : no dice, no valid sequence of frames found.
11-05 11:33:44.908 W/awplayer(14326): : Wav parser : no dice, no valid sequence of frames found.
11-05 11:33:44.908 W/awplayer(14326): : Wav parser : no dice, no valid sequence of frames found.
11-05 11:33:44.908 W/awplayer(14326): : Wav parser : no dice, no valid sequence of frames found.
11-05 11:33:44.908 W/awplayer(14326): : Wav parser : no dice, no valid sequence of frames found.
11-05 11:33:44.908 W/awplayer(14326): : Wav parser : no dice, no valid sequence of frames found.
11-05 11:33:44.908 W/awplayer(14326): : Wav parser : no dice, no valid sequence of frames found.
11-05 11:33:44.908 W/awplayer(14326): : Wav parser : no dice, no valid sequence of frames found.
11-05 11:33:44.908 W/awplayer(14326): : Wav parser : no dice, no valid sequence of frames found.
11-05 11:33:44.908 W/awplayer(14326): : Wav parser : no dice, no valid sequence of frames found.
11-05 11:33:44.908 W/awplayer(14326): : Wav parser : no dice, no valid sequence of frames found.
11-05 11:33:44.908 W/awplayer(14326): : Wav parser : no dice, no valid sequence of frames found.
11-05 11:33:44.910 W/awplayer(14326): : Wav parser : no dice, no valid sequence of frames found.
11-05 11:33:44.910 W/awplayer(14326): : Wav parser : no dice, no valid sequence of frames found.
11-05 11:33:44.910 W/awplayer(14326): : Wav parser : no dice, no valid sequence of frames found.
11-05 11:33:44.910 W/awplayer(14326): : Wav parser : no dice, no valid sequence of frames found.
11-05 11:33:44.910 W/awplayer(14326): : Wav parser : no dice, no valid sequence of frames found.
11-05 11:33:44.910 W/awplayer(14326): : Wav parser : no dice, no valid sequence of frames found.
11-05 11:33:44.910 W/awplayer(14326): : Wav parser : no dice, no valid sequence of frames found.
11-05 11:33:44.910 W/awplayer(14326): : Wav parser : no dice, no valid sequence of frames found.
11-05 11:33:44.910 W/awplayer(14326): : Wav parser : no dice, no valid sequence of frames found.
11-05 11:33:44.910 W/awplayer(14326): : Wav parser : no dice, no valid sequence of frames found.
11-05 11:33:44.910 W/awplayer(14326): : Wav parser : no dice, no valid sequence of frames found.
11-05 11:33:44.910 W/awplayer(14326): : Wav parser : no dice, no valid sequence of frames found.
11-05 11:33:44.910 W/awplayer(14326): : Wav parser : no dice, no valid sequence of frames found.
11-05 11:33:44.910 W/awplayer(14326): : Wav parser : no dice, no valid sequence of frames found.
11-05 11:33:44.910 W/awplayer(14326): : Wav parser : no dice, no valid sequence of frames found.
11-05 11:33:44.910 W/awplayer(14326): : Wav parser : no dice, no valid sequence of frames found.
11-05 11:33:44.910 W/awplayer(14326): : Wav parser : no dice, no valid sequence of frames found.
11-05 11:33:44.910 W/awplayer(14326): : Wav parser : no dice, no valid sequence of frames found.
11-05 11:33:44.910 W/awplayer(14326): : Wav parser : no dice, no valid sequence of frames found.
11-05 11:33:44.910 W/awplayer(14326): : Wav parser : no dice, no valid sequence of frames found.
11-05 11:33:44.911 W/awplayer(14326): : Wav parser : no dice, no valid sequence of frames found.
11-05 11:33:44.911 W/awplayer(14326): : Wav parser : no dice, no valid sequence of frames found.
11-05 11:33:44.911 W/awplayer(14326): : Wav parser : no dice, no valid sequence of frames found.
11-05 11:33:44.911 W/awplayer(14326): : Wav parser : no dice, no valid sequence of frames found.
11-05 11:33:44.911 W/awplayer(14326): : Wav parser : no dice, no valid sequence of frames found.
11-05 11:33:44.911 W/awplayer(14326): : Wav parser : no dice, no valid sequence of frames found.
11-05 11:33:44.911 W/awplayer(14326): : Wav parser : no dice, no valid sequence of frames found.
11-05 11:33:44.911 W/awplayer(14326): : Wav parser : no dice, no valid sequence of frames found.
11-05 11:33:44.911 W/awplayer(14326): : Wav parser : no dice, no valid sequence of frames found.
11-05 11:33:44.911 W/awplayer(14326): : Wav parser : no dice, no valid sequence of frames found.
11-05 11:33:44.912 W/awplayer(14326): : Wav parser : no dice, no valid sequence of frames found.
11-05 11:33:44.912 W/awplayer(14326): : Wav parser : no dice, no valid sequence of frames found.
11-05 11:33:44.912 W/awplayer(14326): : Wav parser : no dice, no valid sequence of frames found.
11-05 11:33:44.912 W/awplayer(14326): : Wav parser : no dice, no valid sequence of frames found.
11-05 11:33:44.912 W/awplayer(14326): : Wav parser : no dice, no valid sequence of frames found.
11-05 11:33:44.912 W/awplayer(14326): : Wav parser : no dice, no valid sequence of frames found.
11-05 11:33:44.912 W/awplayer(14326): : Wav parser : no dice, no valid sequence of frames found.
11-05 11:33:44.912 W/awplayer(14326): : Wav parser : no dice, no valid sequence of frames found.
11-05 11:33:44.912 W/awplayer(14326): : Wav parser : no dice, no valid sequence of frames found.
11-05 11:33:44.912 W/awplayer(14326): : Wav parser : no dice, no valid sequence of frames found.
11-05 11:33:44.912 W/awplayer(14326): : Wav parser : no dice, no valid sequence of frames found.
11-05 11:33:44.912 W/awplayer(14326): : Wav parser : no dice, no valid sequence of frames found.
11-05 11:33:44.912 W/awplayer(14326): : Wav parser : no dice, no valid sequence of frames found.
11-05 11:33:44.912 W/awplayer(14326): : Wav parser : no dice, no valid sequence of frames found.
11-05 11:33:44.912 W/awplayer(14326): : Wav parser : no dice, no valid sequence of frames found.
11-05 11:33:44.912 W/awplayer(14326): : Wav parser : no dice, no valid sequence of frames found.
11-05 11:33:44.912 W/awplayer(14326): : Wav parser : no dice, no valid sequence of frames found.
11-05 11:33:44.912 W/awplayer(14326): : Wav parser : no dice, no valid sequence of frames found.
11-05 11:33:44.912 W/awplayer(14326): : Wav parser : no dice, no valid sequence of frames found.
11-05 11:33:44.912 W/awplayer(14326): : Wav parser : no dice, no valid sequence of frames found.
11-05 11:33:44.912 W/awplayer(14326): : Wav parser : no dice, no valid sequence of frames found.
11-05 11:33:44.912 W/awplayer(14326): : Wav parser : no dice, no valid sequence of frames found.
11-05 11:33:44.912 W/awplayer(14326): : Wav parser : no dice, no valid sequence of frames found.
11-05 11:33:44.913 W/awplayer(14326): : Wav parser : no dice, no valid sequence of frames found.
11-05 11:33:44.913 W/awplayer(14326): : Wav parser : no dice, no valid sequence of frames found.
11-05 11:33:44.913 W/awplayer(14326): : Wav parser : no dice, no valid sequence of frames found.
11-05 11:33:44.913 W/awplayer(14326): : Wav parser : no dice, no valid sequence of frames found.
11-05 11:33:44.913 W/awplayer(14326): : Wav parser : no dice, no valid sequence of frames found.
11-05 11:33:44.913 W/awplayer(14326): : Wav parser : no dice, no valid sequence of frames found.
11-05 11:33:44.913 W/awplayer(14326): : Wav parser : no dice, no valid sequence of frames found.
11-05 11:33:44.913 W/awplayer(14326): : Wav parser : no dice, no valid sequence of frames found.
11-05 11:33:44.913 W/awplayer(14326): : Wav parser : no dice, no valid sequence of frames found.
11-05 11:33:44.913 W/awplayer(14326): : Wav parser : no dice, no valid sequence of frames found.
11-05 11:33:44.913 W/awplayer(14326): : Wav parser : no dice, no valid sequence of frames found.
11-05 11:33:44.914 W/awplayer(14326): : Wav parser : no dice, no valid sequence of frames found.
11-05 11:33:44.914 W/awplayer(14326): : Wav parser : no dice, no valid sequence of frames found.
11-05 11:33:44.914 W/awplayer(14326): : Wav parser : no dice, no valid sequence of frames found.
11-05 11:33:44.914 W/awplayer(14326): : Wav parser : no dice, no valid sequence of frames found.
11-05 11:33:44.914 W/awplayer(14326): : Wav parser : no dice, no valid sequence of frames found.
11-05 11:33:44.914 W/awplayer(14326): : Wav parser : no dice, no valid sequence of frames found.
11-05 11:33:44.914 W/awplayer(14326): : Wav parser : no dice, no valid sequence of frames found.
11-05 11:33:44.915 W/awplayer(14326): : Wav parser : no dice, no valid sequence of frames found.
11-05 11:33:44.915 W/awplayer(14326): : Wav parser : no dice, no valid sequence of frames found.
11-05 11:33:44.915 W/awplayer(14326): : Wav parser : no dice, no valid sequence of frames found.
11-05 11:33:44.915 W/awplayer(14326): : Wav parser : no dice, no valid sequence of frames found.
11-05 11:33:44.915 W/awplayer(14326): : Wav parser : no dice, no valid sequence of frames found.
11-05 11:33:44.915 W/awplayer(14326): : Wav parser : no dice, no valid sequence of frames found.
11-05 11:33:44.915 W/awplayer(14326): : Wav parser : no dice, no valid sequence of frames found.
11-05 11:33:44.915 W/awplayer(14326): : Wav parser : no dice, no valid sequence of frames found.
11-05 11:33:44.915 W/awplayer(14326): : Wav parser : no dice, no valid sequence of frames found.
11-05 11:33:44.915 W/awplayer(14326): : Wav parser : no dice, no valid sequence of frames found.
11-05 11:33:44.915 W/awplayer(14326): : Wav parser : no dice, no valid sequence of frames found.
11-05 11:33:44.915 W/awplayer(14326): : Wav parser : no dice, no valid sequence of frames found.
11-05 11:33:44.915 W/awplayer(14326): : Wav parser : no dice, no valid sequence of frames found.
11-05 11:33:44.915 W/awplayer(14326): : Wav parser : no dice, no valid sequence of frames found.
11-05 11:33:44.915 W/awplayer(14326): : Wav parser : no dice, no valid sequence of frames found.
11-05 11:33:44.915 W/awplayer(14326): : Wav parser : no dice, no valid sequence of frames found.
11-05 11:33:44.915 W/awplayer(14326): : Wav parser : no dice, no valid sequence of frames found.
11-05 11:33:44.915 W/awplayer(14326): : Wav parser : no dice, no valid sequence of frames found.
11-05 11:33:44.915 W/awplayer(14326): : Wav parser : no dice, no valid sequence of frames found.
11-05 11:33:44.915 W/awplayer(14326): : Wav parser : no dice, no valid sequence of frames found.
11-05 11:33:44.915 W/awplayer(14326): : Wav parser : no dice, no valid sequence of frames found.
11-05 11:33:44.915 W/awplayer(14326): : Wav parser : no dice, no valid sequence of frames found.
11-05 11:33:44.915 W/awplayer(14326): : Wav parser : no dice, no valid sequence of frames found.
11-05 11:33:44.915 W/awplayer(14326): : Wav parser : no dice, no valid sequence of frames found.
11-05 11:33:44.915 W/awplayer(14326): : Wav parser : no dice, no valid sequence of frames found.
11-05 11:33:44.915 W/awplayer(14326): : Wav parser : no dice, no valid sequence of frames found.
11-05 11:33:44.915 W/awplayer(14326): : Wav parser : no dice, no valid sequence of frames found.
11-05 11:33:44.915 W/awplayer(14326): : Wav parser : no dice, no valid sequence of frames found.
11-05 11:33:44.915 W/awplayer(14326): : Wav parser : no dice, no valid sequence of frames found.
11-05 11:33:44.915 W/awplayer(14326): : Wav parser : no dice, no valid sequence of frames found.
11-05 11:33:44.915 W/awplayer(14326): : Wav parser : no dice, no valid sequence of frames found.
11-05 11:33:44.915 W/awplayer(14326): : Wav parser : no dice, no valid sequence of frames found.
11-05 11:33:44.915 W/awplayer(14326): : Wav parser : no dice, no valid sequence of frames found.
11-05 11:33:44.915 W/awplayer(14326): : Wav parser : no dice, no valid sequence of frames found.
11-05 11:33:44.915 W/awplayer(14326): : Wav parser : no dice, no valid sequence of frames found.
11-05 11:33:44.915 W/awplayer(14326): : Wav parser : no dice, no valid sequence of frames found.
11-05 11:33:44.915 W/awplayer(14326): : Wav parser : no dice, no valid sequence of frames found.
11-05 11:33:44.915 W/awplayer(14326): : Wav parser : no dice, no valid sequence of frames found.
11-05 11:33:44.915 W/awplayer(14326): : Wav parser : no dice, no valid sequence of frames found.
11-05 11:33:44.915 W/awplayer(14326): : Wav parser : no dice, no valid sequence of frames found.
11-05 11:33:44.915 W/awplayer(14326): : Wav parser : no dice, no valid sequence of frames found.
11-05 11:33:44.915 W/awplayer(14326): : Wav parser : no dice, no valid sequence of frames found.
11-05 11:33:44.915 W/awplayer(14326): : Wav parser : no dice, no valid sequence of frames found.
11-05 11:33:44.915 W/awplayer(14326): : Wav parser : no dice, no valid sequence of frames found.
11-05 11:33:44.915 W/awplayer(14326): : Wav parser : no dice, no valid sequence of frames found.
11-05 11:33:44.915 W/awplayer(14326): : Wav parser : no dice, no valid sequence of frames found.
11-05 11:33:44.915 W/awplayer(14326): : Wav parser : no dice, no valid sequence of frames found.
11-05 11:33:44.915 W/awplayer(14326): : Wav parser : no dice, no valid sequence of frames found.
11-05 11:33:44.915 W/awplayer(14326): : Wav parser : no dice, no valid sequence of frames found.
11-05 11:33:44.915 W/awplayer(14326): : Wav parser : no dice, no valid sequence of frames found.
11-05 11:33:44.915 W/awplayer(14326): : Wav parser : no dice, no valid sequence of frames found.
11-05 11:33:44.915 W/awplayer(14326): : Wav parser : no dice, no valid sequence of frames found.
11-05 11:33:44.915 W/awplayer(14326): : Wav parser : no dice, no valid sequence of frames found.
11-05 11:33:44.915 W/awplayer(14326): : Wav parser : no dice, no valid sequence of frames found.
11-05 11:33:44.915 W/awplayer(14326): : Wav parser : no dice, no valid sequence of frames found.
11-05 11:33:44.915 W/awplayer(14326): : Wav parser : no dice, no valid sequence of frames found.
11-05 11:33:44.915 W/awplayer(14326): : Wav parser : no dice, no valid sequence of frames found.
11-05 11:33:44.915 W/awplayer(14326): : Wav parser : no dice, no valid sequence of frames found.
11-05 11:33:44.915 W/awplayer(14326): : Wav parser : no dice, no valid sequence of frames found.
11-05 11:33:44.915 W/awplayer(14326): : Wav parser : no dice, no valid sequence of frames found.
11-05 11:33:44.915 W/awplayer(14326): : Wav parser : no dice, no valid sequence of frames found.
11-05 11:33:44.915 W/awplayer(14326): : Wav parser : no dice, no valid sequence of frames found.
11-05 11:33:44.915 W/awplayer(14326): : Wav parser : no dice, no valid sequence of frames found.
11-05 11:33:44.916 W/awplayer(14326): : Wav parser : no dice, no valid sequence of frames found.
11-05 11:33:44.916 W/awplayer(14326): : Wav parser : no dice, no valid sequence of frames found.
11-05 11:33:44.916 W/awplayer(14326): : Wav parser : no dice, no valid sequence of frames found.
11-05 11:33:44.916 W/awplayer(14326): : Wav parser : no dice, no valid sequence of frames found.
11-05 11:33:44.916 W/awplayer(14326): : Wav parser : no dice, no valid sequence of frames found.
11-05 11:33:44.916 W/awplayer(14326): : Wav parser : no dice, no valid sequence of frames found.
11-05 11:33:44.916 W/awplayer(14326): : Wav parser : no dice, no valid sequence of frames found.
11-05 11:33:44.916 W/awplayer(14326): : Wav parser : no dice, no valid sequence of frames found.
11-05 11:33:44.916 W/awplayer(14326): : Wav parser : no dice, no valid sequence of frames found.
11-05 11:33:44.916 W/awplayer(14326): : Wav parser : no dice, no valid sequence of frames found.
11-05 11:33:44.916 W/awplayer(14326): : Wav parser : no dice, no valid sequence of frames found.
11-05 11:33:44.916 W/awplayer(14326): : Wav parser : no dice, no valid sequence of frames found.
11-05 11:33:44.916 W/awplayer(14326): : Wav parser : no dice, no valid sequence of frames found.
11-05 11:33:44.916 W/awplayer(14326): : Wav parser : no dice, no valid sequence of frames found.
11-05 11:33:44.916 W/awplayer(14326): : Wav parser : no dice, no valid sequence of frames found.
11-05 11:33:44.916 W/awplayer(14326): : Wav parser : no dice, no valid sequence of frames found.
11-05 11:33:44.916 W/awplayer(14326): : Wav parser : no dice, no valid sequence of frames found.
11-05 11:33:44.916 W/awplayer(14326): : Wav parser : no dice, no valid sequence of frames found.
11-05 11:33:44.916 W/awplayer(14326): : Wav parser : no dice, no valid sequence of frames found.
11-05 11:33:44.916 W/awplayer(14326): : Wav parser : no dice, no valid sequence of frames found.
11-05 11:33:44.916 W/awplayer(14326): : Wav parser : no dice, no valid sequence of frames found.
11-05 11:33:44.916 W/awplayer(14326): : Wav parser : no dice, no valid sequence of frames found.
11-05 11:33:44.918 W/awplayer(14326): : Wav parser : no dice, no valid sequence of frames found.
11-05 11:33:44.919 E/awplayer(14326): <__CafParserProbe:567>: Caf probe failed.
11-05 11:33:44.919 E/awplayer(14326): <__G729ParserProbe:290>: g729 SYNC_WORD probe failed.
11-05 11:33:44.919 W/awplayer(14326): : audio probe fail!!!
11-05 11:33:44.919 I/awplayer(14326): <__AiffParserProbe:805>: wav probe failed.
11-05 11:33:44.919 E/awplayer(14326): <__Id3v2ParserProbe:330>: Probe ID3_header loss sync...
11-05 11:33:44.919 W/awplayer(14326): : Sorry, I don't know what it is!
11-05 11:33:44.919 E/awplayer(14326): : parser creat fail.
11-05 11:33:44.919 E/awplayer(14326): : parser for the source cannot be created. source can be set yet.
11-05 11:33:44.935 I/cedarc (14326): : not malloc locks
11-05 11:33:44.948 D/MediaPlayerFactory(14326): Initialize getpersist = 0 value=
11-05 11:33:44.949 I/cedarc (14326): : *** ic_version = 0x3301000012011,
11-05 11:33:44.963 E/awplayer(14326): <__FlacParserProbe:1096>: Flac probe failed.
11-05 11:33:44.970 W/awplayer(14326): : Wav parser : no dice, no valid sequence of frames found.
11-05 11:33:44.970 W/awplayer(14326): : Wav parser : no dice, no valid sequence of frames found.
11-05 11:33:44.970 W/awplayer(14326): : Wav parser : no dice, no valid sequence of frames found.
11-05 11:33:44.971 W/awplayer(14326): : Wav parser : no dice, no valid sequence of frames found.
11-05 11:33:44.971 W/awplayer(14326): : Wav parser : no dice, no valid sequence of frames found.
11-05 11:33:44.971 W/awplayer(14326): : Wav parser : no dice, no valid sequence of frames found.
11-05 11:33:44.971 W/awplayer(14326): : Wav parser : no dice, no valid sequence of frames found.
11-05 11:33:44.971 W/awplayer(14326): : Wav parser : no dice, no valid sequence of frames found.
11-05 11:33:44.971 W/awplayer(14326): : Wav parser : no dice, no valid sequence of frames found.
11-05 11:33:44.972 W/awplayer(14326): : Wav parser : no dice, no valid sequence of frames found.
11-05 11:33:44.972 W/awplayer(14326): : Wav parser : no dice, no valid sequence of frames found.
11-05 11:33:44.972 W/awplayer(14326): : Wav parser : no dice, no valid sequence of frames found.
11-05 11:33:44.976 E/awplayer(14326): <__CafParserProbe:567>: Caf probe failed.
11-05 11:33:44.976 E/awplayer(14326): <__G729ParserProbe:290>: g729 SYNC_WORD probe failed.
11-05 11:33:44.976 W/awplayer(14326): : audio probe fail!!!
11-05 11:33:44.976 I/awplayer(14326): <__AiffParserProbe:805>: wav probe failed.
11-05 11:33:44.976 E/awplayer(14326): <__Id3v2ParserProbe:330>: Probe ID3_header loss sync...
11-05 11:33:44.976 W/awplayer(14326): : Sorry, I don't know what it is!
11-05 11:33:44.976 E/awplayer(14326): : parser creat fail.
11-05 11:33:44.976 E/awplayer(14326): : parser for the source cannot be created. source can be set yet.
11-05 11:33:44.984 I/cedarc (14326): : not malloc locks
11-05 11:33:45.000 D/MediaPlayerFactory(14326): Initialize getpersist = 0 value=
11-05 11:33:45.000 I/cedarc (14326): : *** ic_version = 0x3301000012011,
11-05 11:33:45.016 E/awplayer(14326): <__FlacParserProbe:1096>: Flac probe failed.
11-05 11:33:45.027 W/awplayer(14326): : Wav parser : no dice, no valid sequence of frames found.
11-05 11:33:45.027 W/awplayer(14326): : Wav parser : no dice, no valid sequence of frames found.
11-05 11:33:45.027 W/awplayer(14326): : Wav parser : no dice, no valid sequence of frames found.
11-05 11:33:45.028 W/awplayer(14326): : Wav parser : no dice, no valid sequence of frames found.
11-05 11:33:45.028 W/awplayer(14326): : Wav parser : no dice, no valid sequence of frames found.
11-05 11:33:45.030 W/awplayer(14326): : Wav parser : no dice, no valid sequence of frames found.
11-05 11:33:45.030 W/awplayer(14326): : Wav parser : no dice, no valid sequence of frames found.
11-05 11:33:45.031 E/awplayer(14326): <__CafParserProbe:567>: Caf probe failed.
11-05 11:33:45.031 E/awplayer(14326): <__G729ParserProbe:290>: g729 SYNC_WORD probe failed.
11-05 11:33:45.031 W/awplayer(14326): : audio probe fail!!!
11-05 11:33:45.031 I/awplayer(14326): <__AiffParserProbe:805>: wav probe failed.
11-05 11:33:45.032 E/awplayer(14326): <__Id3v2ParserProbe:330>: Probe ID3_header loss sync...
11-05 11:33:45.032 W/awplayer(14326): : Sorry, I don't know what it is!
11-05 11:33:45.032 E/awplayer(14326): : parser creat fail.
11-05 11:33:45.032 E/awplayer(14326): : parser for the source cannot be created. source can be set yet.
11-05 11:33:45.041 I/cedarc (14326): : not malloc locks
11-05 11:33:45.047 D/MediaPlayerFactory(14326): Initialize getpersist = 0 value=
11-05 11:33:45.047 I/cedarc (14326): : *** ic_version = 0x3301000012011,
11-05 11:33:45.064 E/awplayer(14326): <__FlacParserProbe:1096>: Flac probe failed.
11-05 11:33:45.072 W/awplayer(14326): : Wav parser : no dice, no valid sequence of frames found.
11-05 11:33:45.072 W/awplayer(14326): : Wav parser : no dice, no valid sequence of frames found.
11-05 11:33:45.073 W/awplayer(14326): : Wav parser : no dice, no valid sequence of frames found.
11-05 11:33:45.074 W/awplayer(14326): : Wav parser : no dice, no valid sequence of frames found.
11-05 11:33:45.074 W/awplayer(14326): : Wav parser : no dice, no valid sequence of frames found.
11-05 11:33:45.075 W/awplayer(14326): : Wav parser : no dice, no valid sequence of frames found.
11-05 11:33:45.075 W/awplayer(14326): : Wav parser : no dice, no valid sequence of frames found.
11-05 11:33:45.075 W/awplayer(14326): : Wav parser : no dice, no valid sequence of frames found.
11-05 11:33:45.075 W/awplayer(14326): : Wav parser : no dice, no valid sequence of frames found.
11-05 11:33:45.076 E/awplayer(14326): <__CafParserProbe:567>: Caf probe failed.
11-05 11:33:45.076 E/awplayer(14326): <__G729ParserProbe:290>: g729 SYNC_WORD probe failed.
11-05 11:33:45.076 W/awplayer(14326): : audio probe fail!!!
11-05 11:33:45.076 I/awplayer(14326): <__AiffParserProbe:805>: wav probe failed.
11-05 11:33:45.076 E/awplayer(14326): <__Id3v2ParserProbe:330>: Probe ID3_header loss sync...
11-05 11:33:45.076 W/awplayer(14326): : Sorry, I don't know what it is!
11-05 11:33:45.076 E/awplayer(14326): : parser creat fail.
11-05 11:33:45.076 E/awplayer(14326): : parser for the source cannot be created. source can be set yet.
11-05 11:33:45.082 I/cedarc (14326): : not malloc locks
11-05 11:33:45.094 D/MediaPlayerFactory(14326): Initialize getpersist = 0 value=
11-05 11:33:45.095 I/cedarc (14326): : *** ic_version = 0x3301000012011,
11-05 11:33:45.111 E/awplayer(14326): <__FlacParserProbe:1096>: Flac probe failed.
11-05 11:33:45.124 W/awplayer(14326): : Wav parser : no dice, no valid sequence of frames found.
11-05 11:33:45.126 W/awplayer(14326): : Wav parser : no dice, no valid sequence of frames found.
11-05 11:33:45.126 W/awplayer(14326): : Wav parser : no dice, no valid sequence of frames found.
11-05 11:33:45.126 W/awplayer(14326): : Wav parser : no dice, no valid sequence of frames found.
11-05 11:33:45.127 W/awplayer(14326): : Wav parser : no dice, no valid sequence of frames found.
11-05 11:33:45.127 W/awplayer(14326): : Wav parser : no dice, no valid sequence of frames found.
11-05 11:33:45.128 W/awplayer(14326): : Wav parser : no dice, no valid sequence of frames found.
11-05 11:33:45.128 W/awplayer(14326): : Wav parser : no dice, no valid sequence of frames found.
11-05 11:33:45.129 W/awplayer(14326): : Wav parser : no dice, no valid sequence of frames found.
11-05 11:33:45.129 W/awplayer(14326): : Wav parser : no dice, no valid sequence of frames found.
11-05 11:33:45.129 E/awplayer(14326): <__CafParserProbe:567>: Caf probe failed.
11-05 11:33:45.130 E/awplayer(14326): <__G729ParserProbe:290>: g729 SYNC_WORD probe failed.
11-05 11:33:45.130 W/awplayer(14326): : audio probe fail!!!
11-05 11:33:45.130 I/awplayer(14326): <__AiffParserProbe:805>: wav probe failed.
11-05 11:33:45.130 E/awplayer(14326): <__Id3v2ParserProbe:330>: Probe ID3_header loss sync...
11-05 11:33:45.130 W/awplayer(14326): : Sorry, I don't know what it is!
11-05 11:33:45.130 E/awplayer(14326): : parser creat fail.
11-05 11:33:45.130 E/awplayer(14326): : parser for the source cannot be created. source can be set yet.
11-05 11:33:45.140 I/cedarc (14326): : not malloc locks
11-05 11:33:45.149 I/BLEAudioDrive_HV410( 248): data len: 9 1
11-05 11:33:45.149 D/TvWindowManager( 480): key event key = KEYCODE_DPAD_CENTER down = true
11-05 11:33:45.151 W/MediaProvider( 1056): isAppCloneUserPair for user -1: false
11-05 11:33:45.159 D/GpioService( 480): mFlickerEnable = true
11-05 11:33:45.198 W/MediaProvider( 1056): isAppCloneUserPair for user -1: false
11-05 11:33:45.226 W/MediaProvider( 1056): isAppCloneUserPair for user -1: false
11-05 11:33:45.237 W/MediaProvider( 1056): isAppCloneUserPair for user -1: false
11-05 11:33:45.249 W/MediaProvider( 1056): isAppCloneUserPair for user -1: false
11-05 11:33:45.261 W/MediaProvider( 1056): isAppCloneUserPair for user -1: false
11-05 11:33:45.272 I/BLEAudioDrive_HV410( 248): data len: 9 1
11-05 11:33:45.272 I/BLEAudioDrive_HV410( 248): keyboard stop
11-05 11:33:45.273 D/TvWindowManager( 480): key event key = KEYCODE_DPAD_CENTER down = false
11-05 11:33:45.299 D/GpioService( 480): mFlickerEnable = true
11-05 11:33:45.301 I/SogouIME( 3502): onKeyDown: keyoCode=23
11-05 11:33:45.302 I/DefaultIMS( 3502): onKeyDown: keyoCode=23
11-05 11:33:45.304 I/SogouIME( 3502): onKeyUp: keyoCode=23
11-05 11:33:45.304 I/DefaultIMS( 3502): onKeyUp: keyoCode=23
11-05 11:33:45.307 V/MediaPlayer( 4556): resetDrmState: mDrmInfo=null mDrmProvisioningThread=null mPrepareDrmInProgress=false mActiveDrmScheme=false
11-05 11:33:45.307 V/MediaPlayer( 4556): cleanDrmObj: mDrmObj=null mDrmSessionId=null
11-05 11:33:45.319 W/MediaProvider( 1056): Failed to fetch original file descriptor
11-05 11:33:45.319 W/MediaProvider( 1056): java.io.FileNotFoundException: Input file descriptor is already original
11-05 11:33:45.319 W/MediaProvider( 1056): at com.android.providers.media.MediaProvider.getOriginalMediaFormatFileDescriptor(MediaProvider.java:5774)
11-05 11:33:45.319 W/MediaProvider( 1056): at com.android.providers.media.MediaProvider.openTypedAssetFileCommon(MediaProvider.java:7190)
11-05 11:33:45.319 W/MediaProvider( 1056): at com.android.providers.media.MediaProvider.openTypedAssetFile(MediaProvider.java:7171)
11-05 11:33:45.319 W/MediaProvider( 1056): at android.content.ContentProvider$Transport.openTypedAssetFile(ContentProvider.java:548)
11-05 11:33:45.319 W/MediaProvider( 1056): at android.content.ContentProviderNative.onTransact(ContentProviderNative.java:327)
11-05 11:33:45.319 W/MediaProvider( 1056): at android.os.Binder.execTransactInternal(Binder.java:1179)
11-05 11:33:45.319 W/MediaProvider( 1056): at android.os.Binder.execTransact(Binder.java:1143)
11-05 11:33:45.342 D/MediaPlayerFactory(14326): Initialize getpersist = 0 value=
11-05 11:33:45.354 W/MediaProvider( 1056): isAppCloneUserPair for user -1: false
11-05 11:33:45.363 I/awplayer(14326): : process message XPLAYER_COMMAND_SET_SOURCE.
11-05 11:33:45.364 W/MediaProvider( 1056): isAppCloneUserPair for user -1: false
11-05 11:33:45.384 W/MediaProvider( 1056): isAppCloneUserPair for user -1: false
11-05 11:33:45.392 W/MediaProvider( 1056): isAppCloneUserPair for user -1: false
11-05 11:33:45.416 D/MediaPlayerFactory(14326): Initialize getpersist = 0 value=
11-05 11:33:45.418 I/cedarc (14326): : *** ic_version = 0x3301000012011,
11-05 11:33:45.501 E/awplayer(14326): :  read error
at pos(2f8472ec)
11-05 11:33:45.501 E/awplayer(14326): : Invalid id(0) at pos (0x2f8472ec)
11-05 11:33:45.504 W/awplayer(14326): : Set log level to 4
11-05 11:33:45.504 E/cedarc (14326): : now cedarc log level:4
11-05 11:33:45.504 I/cedarc (14326): : CreateVideoDecoder p:0xf466b380
11-05 11:33:45.504 I/cedarc (14326): : *** ic_version = 0x3301000012011,
11-05 11:33:45.507 I/cedarc (14326): : h265 stream type: 8 bit. before = -1
11-05 11:33:45.508 W/VE (16898): VE real_freq=648000000
11-05 11:33:45.507 I/cedarc (14326): : h265 stream type: 8 bit. before = 0
11-05 11:33:45.514 D/SurfaceUtils(14326): connecting to surface 0xf4676808, reason setVideoSurfaceTexture
11-05 11:33:45.516 I/awplayer(14326): : xxxxxxxxxx video size: width = 1920, height = 1080
11-05 11:33:45.525 W/InputManager-JNI( 480): Input channel object '81ead52 com.dangbei.lerad.videoposter/com.dangbei.leradplayer.activity.PlayerActivity (client)' was disposed without first being removed with the input manager!
11-05 11:33:45.542 W/InputEventReceiver( 4556): Attempted to finish an input event but the input event receiver has already been disposed.
11-05 11:33:45.552 I/awplayer(14326): : isPlaying
11-05 11:33:45.560 D/Allwinner Audio Middle Layer(14326): ver : 2017-8-4-18-00 Create Decoder!!=====
11-05 11:33:45.560 D/Allwinner Audio Middle Layer(14326): ver : 2017-8-4-18-00 AudioDec_Installaudiolib ok
11-05 11:33:45.560 D/Allwinner Audio Middle Layer(14326): ver : 2017-8-4-18-00 audio decoder init start ...
11-05 11:33:45.560 D/AllwinnerAlibs(14326): ver : 2017-8-4-18-00
11-05 11:33:45.560 D/AllwinnerAlibs(14326): >>>>>>>>>>>>>>>>>>>>>>>>>>>>>>> Audio <<<<<<<<<<<<<<<<<<<<<<<<<<<<<<<
11-05 11:33:45.560 D/AllwinnerAlibs(14326): tag : audiocodec-v1.2
11-05 11:33:45.560 D/AllwinnerAlibs(14326): branch: new
11-05 11:33:45.560 D/AllwinnerAlibs(14326): commit: 3ba65962c01cbf1280ddda19d843009b6ef8ce85
11-05 11:33:45.560 D/AllwinnerAlibs(14326): date : Tue Jan 8 16:25:27 2019 +0800
11-05 11:33:45.560 D/AllwinnerAlibs(14326): ----------------------------------------------------------------------
11-05 11:33:45.561 D/AllwinnerAlibs(14326): ver : 2017-8-4-18-00 ----Loading so success!
11-05 11:33:45.561 D/AllwinnerAlibs(14326): ver : 2017-8-4-18-00 *************pAudioStreamInfo start******************
11-05 11:33:45.561 D/AllwinnerAlibs(14326): ver : 2017-8-4-18-00 eCodecFormat :id(5), name(dolby audio)
11-05 11:33:45.561 D/AllwinnerAlibs(14326): ver : 2017-8-4-18-00 eSubCodecFormat :0
11-05 11:33:45.561 D/AllwinnerAlibs(14326): ver : 2017-8-4-18-00 nChannelNum :6
11-05 11:33:45.561 D/AllwinnerAlibs(14326): ver : 2017-8-4-18-00 nBitsPerSample :16
11-05 11:33:45.561 D/AllwinnerAlibs(14326): ver : 2017-8-4-18-00 nSampleRate :48000
11-05 11:33:45.561 D/AllwinnerAlibs(14326): ver : 2017-8-4-18-00 nAvgBitrate :0
11-05 11:33:45.561 D/AllwinnerAlibs(14326): ver : 2017-8-4-18-00 nMaxBitRate :0
11-05 11:33:45.561 D/AllwinnerAlibs(14326): ver : 2017-8-4-18-00 nFileSize :0
11-05 11:33:45.561 D/AllwinnerAlibs(14326): ver : 2017-8-4-18-00 eAudioBitstreamSource:0
11-05 11:33:45.561 D/AllwinnerAlibs(14326): ver : 2017-8-4-18-00 eDataEncodeType :1
11-05 11:33:45.561 D/AllwinnerAlibs(14326): ver : 2017-8-4-18-00 nCodecSpecificDataLen:0
11-05 11:33:45.561 D/AllwinnerAlibs(14326): ver : 2017-8-4-18-00 pCodecSpecificData :0x0
11-05 11:33:45.561 D/AllwinnerAlibs(14326): ver : 2017-8-4-18-00 nFlags :0
11-05 11:33:45.561 D/AllwinnerAlibs(14326): ver : 2017-8-4-18-00 nBlockAlign :0
11-05 11:33:45.561 D/AllwinnerAlibs(14326): ver : 2017-8-4-18-00 *************pAudioStreamInfo end ******************
11-05 11:33:45.562 D/Ac3 Decoder(14326): 2025-06-20-11-37 init successs...
11-05 11:33:45.562 D/Allwinner Audio Middle Layer(14326): ver : 2017-8-4-18-00 AUDIO DECODE INIT OK...0
11-05 11:33:45.563 D/Alib_edid_parser(14326): 2025-06-20-11-37 check audio code error!
11-05 11:33:45.563 D/Alib_edid_parser(14326): 2025-06-20-11-37 check audio code error!
11-05 11:33:45.563 D/Alib_edid_parser(14326): 2025-06-20-11-37 check audio code error!
11-05 11:33:45.563 D/Alib_edid_parser(14326): 2025-06-20-11-37 Normal pcm is not supported
11-05 11:33:45.563 D/Alib_edid_parser(14326): 2025-06-20-11-37 Dolby-core 5.1 channel is supported
11-05 11:33:45.563 D/Alib_edid_parser(14326): 2025-06-20-11-37 Dolby truehd 7.1 channel is not supported
11-05 11:33:45.563 D/Alib_edid_parser(14326): 2025-06-20-11-37 Dts-core 5.1 channel is supported
11-05 11:33:45.563 D/Alib_edid_parser(14326): 2025-06-20-11-37 Dts-hdma master 7.1 channel is not supported
11-05 11:33:45.563 D/Alib_edid_parser(14326): 2025-06-20-11-37 WmaPro is not supported
11-05 11:33:45.563 D/Alib_edid_parser(14326): 2025-06-20-11-37 check audio code error!
11-05 11:33:45.563 E/ac3_decInternal(14326): 2025-06-20-11-37 EAC3frameDec score 5
11-05 11:33:45.564 D/Alib_edid_parser(14326): 2025-06-20-11-37 check audio code error!
11-05 11:33:45.564 D/Alib_edid_parser(14326): 2025-06-20-11-37 check audio code error!
11-05 11:33:45.564 D/Alib_edid_parser(14326): 2025-06-20-11-37 check audio code error!
11-05 11:33:45.564 D/Alib_edid_parser(14326): 2025-06-20-11-37 Normal pcm is not supported
11-05 11:33:45.564 D/Alib_edid_parser(14326): 2025-06-20-11-37 Dolby-core 5.1 channel is supported
11-05 11:33:45.564 D/Alib_edid_parser(14326): 2025-06-20-11-37 Dolby truehd 7.1 channel is not supported
11-05 11:33:45.564 D/Alib_edid_parser(14326): 2025-06-20-11-37 Dts-core 5.1 channel is supported
11-05 11:33:45.564 D/Alib_edid_parser(14326): 2025-06-20-11-37 Dts-hdma master 7.1 channel is not supported
11-05 11:33:45.564 D/Alib_edid_parser(14326): 2025-06-20-11-37 WmaPro is not supported
11-05 11:33:45.564 D/Alib_edid_parser(14326): 2025-06-20-11-37 check audio code error!
11-05 11:33:45.564 E/ac3_decInternal(14326): 2025-06-20-11-37 EAC3frameDec score 5
11-05 11:33:45.566 D/subInternal(14326): : ***internal sub_type = 0x200, nCodecSpecificDataLen = 0
11-05 11:33:45.567 I/awplayer(14326): : audio render process start message.
11-05 11:33:45.567 W/awplayer(14326): : message 0x40a not handled.
11-05 11:33:45.567 I/awplayer(14326): : audio render process pause message.
11-05 11:33:45.567 W/awplayer(14326): <__SdPause:622>: Invalid pause operation, sound device not in start status.
11-05 11:33:45.570 I/awplayer(14326): : audio render process reset message.
11-05 11:33:45.579 D/Alib_edid_parser(14326): 2025-06-20-11-37 check audio code error!
11-05 11:33:45.579 D/Alib_edid_parser(14326): 2025-06-20-11-37 check audio code error!
11-05 11:33:45.579 D/Alib_edid_parser(14326): 2025-06-20-11-37 check audio code error!
11-05 11:33:45.579 D/Alib_edid_parser(14326): 2025-06-20-11-37 Normal pcm is not supported
11-05 11:33:45.579 D/Alib_edid_parser(14326): 2025-06-20-11-37 Dolby-core 5.1 channel is supported
11-05 11:33:45.579 D/Alib_edid_parser(14326): 2025-06-20-11-37 Dolby truehd 7.1 channel is not supported
11-05 11:33:45.579 D/Alib_edid_parser(14326): 2025-06-20-11-37 Dts-core 5.1 channel is supported
11-05 11:33:45.579 D/Alib_edid_parser(14326): 2025-06-20-11-37 Dts-hdma master 7.1 channel is not supported
11-05 11:33:45.579 D/Alib_edid_parser(14326): 2025-06-20-11-37 WmaPro is not supported
11-05 11:33:45.579 D/Alib_edid_parser(14326): 2025-06-20-11-37 check audio code error!
11-05 11:33:45.579 E/ac3_decInternal(14326): 2025-06-20-11-37 EAC3frameDec score 5
11-05 11:33:45.579 D/Alib_edid_parser(14326): 2025-06-20-11-37 check audio code error!
11-05 11:33:45.579 D/Alib_edid_parser(14326): 2025-06-20-11-37 check audio code error!
11-05 11:33:45.579 D/Alib_edid_parser(14326): 2025-06-20-11-37 check audio code error!
11-05 11:33:45.579 D/Alib_edid_parser(14326): 2025-06-20-11-37 Normal pcm is not supported
11-05 11:33:45.579 D/Alib_edid_parser(14326): 2025-06-20-11-37 Dolby-core 5.1 channel is supported
11-05 11:33:45.579 D/Alib_edid_parser(14326): 2025-06-20-11-37 Dolby truehd 7.1 channel is not supported
11-05 11:33:45.580 D/Alib_edid_parser(14326): 2025-06-20-11-37 Dts-core 5.1 channel is supported
11-05 11:33:45.580 D/Alib_edid_parser(14326): 2025-06-20-11-37 Dts-hdma master 7.1 channel is not supported
11-05 11:33:45.580 D/Alib_edid_parser(14326): 2025-06-20-11-37 WmaPro is not supported
11-05 11:33:45.580 D/Alib_edid_parser(14326): 2025-06-20-11-37 check audio code error!
11-05 11:33:45.580 E/ac3_decInternal(14326): 2025-06-20-11-37 EAC3frameDec score 5
11-05 11:33:45.580 D/Alib_edid_parser(14326): 2025-06-20-11-37 check audio code error!
11-05 11:33:45.580 D/Alib_edid_parser(14326): 2025-06-20-11-37 check audio code error!
11-05 11:33:45.580 D/Alib_edid_parser(14326): 2025-06-20-11-37 check audio code error!
11-05 11:33:45.580 D/Alib_edid_parser(14326): 2025-06-20-11-37 Normal pcm is not supported
11-05 11:33:45.580 D/Alib_edid_parser(14326): 2025-06-20-11-37 Dolby-core 5.1 channel is supported
11-05 11:33:45.580 D/Alib_edid_parser(14326): 2025-06-20-11-37 Dolby truehd 7.1 channel is not supported
11-05 11:33:45.580 D/Alib_edid_parser(14326): 2025-06-20-11-37 Dts-core 5.1 channel is supported
11-05 11:33:45.580 D/Alib_edid_parser(14326): 2025-06-20-11-37 Dts-hdma master 7.1 channel is not supported
11-05 11:33:45.580 D/Alib_edid_parser(14326): 2025-06-20-11-37 WmaPro is not supported
11-05 11:33:45.580 D/Alib_edid_parser(14326): 2025-06-20-11-37 check audio code error!
11-05 11:33:45.580 E/ac3_decInternal(14326): 2025-06-20-11-37 EAC3frameDec score 5
11-05 11:33:45.580 I/awplayer(14326): : audio render process start message.
11-05 11:33:45.591 D/AudioFlinger( 270): Client defaulted notificationFrames to 2610 for frameCount 5220
11-05 11:33:45.593 D/AF::TrackHandle( 270): OpPlayAudio: track:134 usage:1 not muted
11-05 11:33:45.603 I/awplayer(14326): : isPlaying
11-05 11:33:45.611 I/DefaultIMS( 3502): onStartInput attribute=android.view.inputmethod.EditorInfo@7c9e5af restarting=false inputType: 0
11-05 11:33:45.615 I/awplayer(14326): : isPlaying
11-05 11:33:45.623 I/EffectsFactory( 248): EffectCreate() create_effect
11-05 11:33:45.632 D/Alib_edid_parser(14326): 2025-06-20-11-37 check audio code error!
11-05 11:33:45.632 D/Alib_edid_parser(14326): 2025-06-20-11-37 check audio code error!
11-05 11:33:45.632 D/Alib_edid_parser(14326): 2025-06-20-11-37 check audio code error!
11-05 11:33:45.632 D/Alib_edid_parser(14326): 2025-06-20-11-37 Normal pcm is not supported
11-05 11:33:45.632 D/Alib_edid_parser(14326): 2025-06-20-11-37 Dolby-core 5.1 channel is supported
11-05 11:33:45.632 D/Alib_edid_parser(14326): 2025-06-20-11-37 Dolby truehd 7.1 channel is not supported
11-05 11:33:45.632 D/Alib_edid_parser(14326): 2025-06-20-11-37 Dts-core 5.1 channel is supported
11-05 11:33:45.632 D/Alib_edid_parser(14326): 2025-06-20-11-37 Dts-hdma master 7.1 channel is not supported
11-05 11:33:45.632 D/Alib_edid_parser(14326): 2025-06-20-11-37 WmaPro is not supported
11-05 11:33:45.632 D/Alib_edid_parser(14326): 2025-06-20-11-37 check audio code error!
11-05 11:33:45.632 E/ac3_decInternal(14326): 2025-06-20-11-37 EAC3frameDec score 5
11-05 11:33:45.634 E/EffectHalHidl( 270): Buffer provider callbacks are not supported
11-05 11:33:45.653 W/awplayer(14326): : submit +++video+++ stream data , pts is 180180.000 ms
11-05 11:33:45.654 W/awplayer(14326): : submit ---audio--- stream data , pts is 180192.000 ms
11-05 11:33:45.655 D/Alib_edid_parser(14326): 2025-06-20-11-37 check audio code error!
11-05 11:33:45.655 D/Alib_edid_parser(14326): 2025-06-20-11-37 check audio code error!
11-05 11:33:45.656 D/Alib_edid_parser(14326): 2025-06-20-11-37 check audio code error!
11-05 11:33:45.656 D/Alib_edid_parser(14326): 2025-06-20-11-37 Normal pcm is not supported
11-05 11:33:45.656 D/Alib_edid_parser(14326): 2025-06-20-11-37 Dolby-core 5.1 channel is supported
11-05 11:33:45.656 D/Alib_edid_parser(14326): 2025-06-20-11-37 Dolby truehd 7.1 channel is not supported
11-05 11:33:45.656 D/Alib_edid_parser(14326): 2025-06-20-11-37 Dts-core 5.1 channel is supported
11-05 11:33:45.656 D/Alib_edid_parser(14326): 2025-06-20-11-37 Dts-hdma master 7.1 channel is not supported
11-05 11:33:45.656 D/Alib_edid_parser(14326): 2025-06-20-11-37 WmaPro is not supported
11-05 11:33:45.656 D/Alib_edid_parser(14326): 2025-06-20-11-37 check audio code error!
11-05 11:33:45.656 E/ac3_decInternal(14326): 2025-06-20-11-37 EAC3frameDec score 5
11-05 11:33:45.657 D/Alib_edid_parser(14326): 2025-06-20-11-37 check audio code error!
11-05 11:33:45.657 D/Alib_edid_parser(14326): 2025-06-20-11-37 check audio code error!
11-05 11:33:45.657 D/Alib_edid_parser(14326): 2025-06-20-11-37 check audio code error!
11-05 11:33:45.657 D/Alib_edid_parser(14326): 2025-06-20-11-37 Normal pcm is not supported
11-05 11:33:45.657 D/Alib_edid_parser(14326): 2025-06-20-11-37 Dolby-core 5.1 channel is supported
11-05 11:33:45.657 D/Alib_edid_parser(14326): 2025-06-20-11-37 Dolby truehd 7.1 channel is not supported
11-05 11:33:45.657 D/Alib_edid_parser(14326): 2025-06-20-11-37 Dts-core 5.1 channel is supported
11-05 11:33:45.657 D/Alib_edid_parser(14326): 2025-06-20-11-37 Dts-hdma master 7.1 channel is not supported
11-05 11:33:45.657 D/Alib_edid_parser(14326): 2025-06-20-11-37 WmaPro is not supported
11-05 11:33:45.657 D/Alib_edid_parser(14326): 2025-06-20-11-37 check audio code error!
11-05 11:33:45.657 E/ac3_decInternal(14326): 2025-06-20-11-37 EAC3frameDec score 1
11-05 11:33:45.657 E/ac3_decInternal(14326): 2025-06-20-11-37 EAC3frame_PassThrough begin
11-05 11:33:45.657 E/AllwinnerAlibs(14326): 2025-06-20-11-37 MafiaAc3spdif_write_header
