11-05 11:33:45.748 E/AllwinnerAlibs(14326): 2025-06-20-11-37 spdif_header_ac3
11-05 11:33:45.748 E/AllwinnerAlibs(14326): 2025-06-20-11-37 bill set SYNCWORD MafiaAc3spdif_write_packet 365
11-05 11:33:45.748 E/AllwinnerAlibs(14326): 2025-06-20-11-37 MafiaAc3spdif_write_packet 393 re = 6144
11-05 11:33:45.748 E/ac3_decInternal(14326): 2025-06-20-11-37 EAC3frame_PassThrough end OutBuffLen 6144
11-05 11:33:45.748 E/ac3_decInternal(14326): 2025-06-20-11-37 EAC3frame_PassThrough begin
11-05 11:33:45.748 E/AllwinnerAlibs(14326): 2025-06-20-11-37 MafiaAc3spdif_write_header
11-05 11:33:45.748 E/AllwinnerAlibs(14326): 2025-06-20-11-37 MafiaAc3spdif_write_packet
11-05 11:33:45.748 E/AllwinnerAlibs(14326): 2025-06-20-11-37 spdif_header_ac3
11-05 11:33:45.748 E/AllwinnerAlibs(14326): 2025-06-20-11-37 bill set SYNCWORD MafiaAc3spdif_write_packet 365
11-05 11:33:45.748 E/AllwinnerAlibs(14326): 2025-06-20-11-37 MafiaAc3spdif_write_packet 393 re = 6144
11-05 11:33:45.748 E/ac3_decInternal(14326): 2025-06-20-11-37 EAC3frame_PassThrough end OutBuffLen 6144
11-05 11:33:45.753 W/[Gralloc-Warning](14326): mali_gralloc_lock:288 Buffers with YUV compatible formats should be locked using GRALLOC1_FUNCTION_LOCK_FLEX. Requested format is:0x32315659
11-05 11:33:45.754 I/gralloc ( 257): alloc buffer:W:1920 H:1088 S:1920 PL[1920 1088] SZ:3133504 fmt:842094169 if:0 af:842094169 usg:410960 fg:00000004
11-05 11:33:45.755 W/[Gralloc-Warning](14326): mali_gralloc_lock:288 Buffers with YUV compatible formats should be locked using GRALLOC1_FUNCTION_LOCK_FLEX. Requested format is:0x32315659
11-05 11:33:45.756 I/gralloc ( 257): alloc buffer:W:1920 H:1088 S:1920 PL[1920 1088] SZ:3133504 fmt:842094169 if:0 af:842094169 usg:410960 fg:00000004
11-05 11:33:45.758 W/[Gralloc-Warning](14326): mali_gralloc_lock:288 Buffers with YUV compatible formats should be locked using GRALLOC1_FUNCTION_LOCK_FLEX. Requested format is:0x32315659
11-05 11:33:45.759 I/gralloc ( 257): alloc buffer:W:1920 H:1088 S:1920 PL[1920 1088] SZ:3133504 fmt:842094169 if:0 af:842094169 usg:410960 fg:00000004
11-05 11:33:45.760 W/IorapForwardingService( 480): No service published for: iorapd
11-05 11:33:45.762 W/[Gralloc-Warning](14326): mali_gralloc_lock:288 Buffers with YUV compatible formats should be locked using GRALLOC1_FUNCTION_LOCK_FLEX. Requested format is:0x32315659
11-05 11:33:45.768 I/gralloc ( 257): alloc buffer:W:1920 H:1088 S:1920 PL[1920 1088] SZ:3133504 fmt:842094169 if:0 af:842094169 usg:410960 fg:00000004
11-05 11:33:45.770 W/[Gralloc-Warning](14326): mali_gralloc_lock:288 Buffers with YUV compatible formats should be locked using GRALLOC1_FUNCTION_LOCK_FLEX. Requested format is:0x32315659
11-05 11:33:45.789 I/gralloc ( 257): alloc buffer:W:1920 H:1088 S:1920 PL[1920 1088] SZ:3133504 fmt:842094169 if:0 af:842094169 usg:410960 fg:00000004
11-05 11:33:45.798 W/[Gralloc-Warning](14326): mali_gralloc_lock:288 Buffers with YUV compatible formats should be locked using GRALLOC1_FUNCTION_LOCK_FLEX. Requested format is:0x32315659
11-05 11:33:45.806 I/gralloc ( 257): alloc buffer:W:1920 H:1088 S:1920 PL[1920 1088] SZ:3133504 fmt:842094169 if:0 af:842094169 usg:410960 fg:00000004
11-05 11:33:45.812 W/[Gralloc-Warning](14326): mali_gralloc_lock:288 Buffers with YUV compatible formats should be locked using GRALLOC1_FUNCTION_LOCK_FLEX. Requested format is:0x32315659
11-05 11:33:45.855 I/gralloc ( 257): alloc buffer:W:1920 H:1088 S:1920 PL[1920 1088] SZ:3133504 fmt:842094169 if:0 af:842094169 usg:410960 fg:00000004
11-05 11:33:45.857 W/[Gralloc-Warning](14326): mali_gralloc_lock:288 Buffers with YUV compatible formats should be locked using GRALLOC1_FUNCTION_LOCK_FLEX. Requested format is:0x32315659
11-05 11:33:45.865 I/gralloc ( 257): alloc buffer:W:1920 H:1088 S:1920 PL[1920 1088] SZ:3133504 fmt:842094169 if:0 af:842094169 usg:410960 fg:00000004
11-05 11:33:45.869 W/[Gralloc-Warning](14326): mali_gralloc_lock:288 Buffers with YUV compatible formats should be locked using GRALLOC1_FUNCTION_LOCK_FLEX. Requested format is:0x32315659
11-05 11:33:45.888 I/gralloc ( 257): alloc buffer:W:1920 H:1088 S:1920 PL[1920 1088] SZ:3133504 fmt:842094169 if:0 af:842094169 usg:410960 fg:00000004
11-05 11:33:45.895 W/[Gralloc-Warning](14326): mali_gralloc_lock:288 Buffers with YUV compatible formats should be locked using GRALLOC1_FUNCTION_LOCK_FLEX. Requested format is:0x32315659
11-05 11:33:45.910 I/gralloc ( 257): alloc buffer:W:1920 H:1088 S:1920 PL[1920 1088] SZ:3133504 fmt:842094169 if:0 af:842094169 usg:410960 fg:00000004
11-05 11:33:45.913 W/[Gralloc-Warning](14326): mali_gralloc_lock:288 Buffers with YUV compatible formats should be locked using GRALLOC1_FUNCTION_LOCK_FLEX. Requested format is:0x32315659
11-05 11:33:45.970 I/gralloc ( 257): alloc buffer:W:1920 H:1088 S:1920 PL[1920 1088] SZ:3133504 fmt:842094169 if:0 af:842094169 usg:410960 fg:00000004
11-05 11:33:45.973 W/[Gralloc-Warning](14326): mali_gralloc_lock:288 Buffers with YUV compatible formats should be locked using GRALLOC1_FUNCTION_LOCK_FLEX. Requested format is:0x32315659
11-05 11:33:45.985 I/gralloc ( 257): alloc buffer:W:1920 H:1088 S:1920 PL[1920 1088] SZ:3133504 fmt:842094169 if:0 af:842094169 usg:410960 fg:00000004
11-05 11:33:45.987 W/[Gralloc-Warning](14326): mali_gralloc_lock:288 Buffers with YUV compatible formats should be locked using GRALLOC1_FUNCTION_LOCK_FLEX. Requested format is:0x32315659
11-05 11:33:45.993 I/gralloc ( 257): alloc buffer:W:1920 H:1088 S:1920 PL[1920 1088] SZ:3133504 fmt:842094169 if:0 af:842094169 usg:410960 fg:00000004
11-05 11:33:45.997 W/[Gralloc-Warning](14326): mali_gralloc_lock:288 Buffers with YUV compatible formats should be locked using GRALLOC1_FUNCTION_LOCK_FLEX. Requested format is:0x32315659
11-05 11:33:46.009 I/gralloc ( 257): alloc buffer:W:1920 H:1088 S:1920 PL[1920 1088] SZ:3133504 fmt:842094169 if:0 af:842094169 usg:410960 fg:00000004
11-05 11:33:46.011 W/[Gralloc-Warning](14326): mali_gralloc_lock:288 Buffers with YUV compatible formats should be locked using GRALLOC1_FUNCTION_LOCK_FLEX. Requested format is:0x32315659
11-05 11:33:46.020 I/gralloc ( 257): alloc buffer:W:1920 H:1088 S:1920 PL[1920 1088] SZ:3133504 fmt:842094169 if:0 af:842094169 usg:410960 fg:00000004
11-05 11:33:46.023 W/[Gralloc-Warning](14326): mali_gralloc_lock:288 Buffers with YUV compatible formats should be locked using GRALLOC1_FUNCTION_LOCK_FLEX. Requested format is:0x32315659
11-05 11:33:46.032 I/gralloc ( 257): alloc buffer:W:1920 H:1088 S:1920 PL[1920 1088] SZ:3133504 fmt:842094169 if:0 af:842094169 usg:410960 fg:00000004
11-05 11:33:46.035 W/[Gralloc-Warning](14326): mali_gralloc_lock:288 Buffers with YUV compatible formats should be locked using GRALLOC1_FUNCTION_LOCK_FLEX. Requested format is:0x32315659
11-05 11:33:46.036 I/awplayer(14326): : xxxxxxxxxx video size : width = 1920, height = 1080
11-05 11:33:46.037 W/MediaPlayerNative( 4556): info/warning (3, 0)
11-05 11:33:46.038 I/awplayer(14326): : isPlaying
11-05 11:33:46.062 W/awplayer(14326): : message 0x40a not handled.
11-05 11:33:46.063 W/awplayer(14326): : sample rate change from 48000 to 48000.
11-05 11:33:46.064 W/awplayer(14326): : channel num change from 6 to 2.
11-05 11:33:46.064 W/awplayer(14326): : bitPerSample num change from 16 to 16.
11-05 11:33:46.064 W/awplayer(14326): : if need direct out put flag change from 0 to 1.
11-05 11:33:46.064 W/awplayer(14326): : data type change from 1 to 2.
11-05 11:33:46.069 W/awplayer(14326): : start sound devide again because samplaRate or channelNum change
11-05 11:33:46.092 I/cling--ap-1( 3126): type=1400 audit(0.0:2827): avc: denied { read } for name="address" dev="sysfs" ino=27443 scontext=u:r:platform_app:s0:c512,c768 tcontext=u:object_r:sysfs:s0 tclass=file permissive=1 app=com.dangbei.screencast
11-05 11:33:46.092 I/cling--ap-1( 3126): type=1400 audit(0.0:2828): avc: denied { open } for path="/sys/devices/platform/unisoc_wifi/net/wlan1/address" dev="sysfs" ino=27443 scontext=u:r:platform_app:s0:c512,c768 tcontext=u:object_r:sysfs:s0 tclass=file permissive=1 app=com.dangbei.screencast
11-05 11:33:46.092 I/cling--ap-1( 3126): type=1400 audit(0.0:2829): avc: denied { getattr } for path="/sys/devices/platform/unisoc_wifi/net/wlan1/address" dev="sysfs" ino=27443 scontext=u:r:platform_app:s0:c512,c768 tcontext=u:object_r:sysfs:s0 tclass=file permissive=1 app=com.dangbei.screencast
11-05 11:33:46.104 W/ServiceUtilities( 270): doIsAllowed: Playback capture for uid 1013 is denied as no package name could be retrieved from the package manager.
11-05 11:33:46.111 I/AudioFlinger( 270): openOutput() this 0xf3273000, module 10 Device type:0x2,@:, SamplingRate 48000, Format 0x9000000, Channels 0x3, flags 0x1
11-05 11:33:46.118 D/audio_hw_primary( 248): adev_open_output_stream
11-05 11:33:46.118 V/audio_hw_primary( 248): adev_open_output_stream, flags: 1
11-05 11:33:46.119 D/audio_hw_primary( 248): config format 0x9000000 raw_flag 2
11-05 11:33:46.119 V/audio_hw_primary( 248): +++++++++++++++ adev_open_output_stream: req_sample_rate: 48000, fmt: 9000000, channel_count: 3
11-05 11:33:46.142 I/AudioFlinger( 270): HAL output buffer size 2048 frames, normal sink buffer size 2048 frames
11-05 11:33:46.144 D/AudioFlinger( 270): Failed to add event callback
11-05 11:33:46.145 I/AudioFlinger( 270): AudioFlinger's thread 0xf2f55ac0 tid=16911 ready to run
11-05 11:33:46.157 D/AudioFlinger( 270): ro.audio.silent is ignored since no output device is set
11-05 11:33:46.159 D/audio_hw_primary( 248): out_standby
11-05 11:33:46.168 D/AudioFlinger( 270): ro.audio.silent is ignored since no output device is set
11-05 11:33:46.210 D/AudioFlinger( 270): Client defaulted notificationFrames to 2050 for frameCount 4100
11-05 11:33:46.212 D/AF::TrackHandle( 270): OpPlayAudio: not muting track:135 usage:1 for service UID 1013
11-05 11:33:46.278 D/AudioFlinger( 270): ro.audio.silent is ignored since no output device is set
11-05 11:33:46.280 V/audio_hw_primary( 248): adev_create_audio_patch num_sources: 1, num_sinks: 1
11-05 11:33:46.280 V/audio_hw_primary( 248): playback device: 2
11-05 11:33:46.287 W/awplayer(14326): : reset the timer to 180.312, time difference is -0.137
11-05 11:33:46.365 D/audio_hw_primary( 248): start_output_stream out->format : 0x09000000
11-05 11:33:46.365 E/audio_hw_primary( 248): adev->active_output(0xf7867000) format : 0 standby
11-05 11:33:46.373 V/audio_hw_primary( 248): start_output_stream, line: 1503
11-05 11:33:46.373 V/audio_hw_primary( 248): use AUDIO_HDMI to playback audio
11-05 11:33:46.373 D/audio_hw_primary( 248): card[HDMI_RAW] use hdmi pcm config, spr : 48000
11-05 11:33:46.373 D/audio_hw_primary( 248): open card=3, port=0
11-05 11:33:46.373 D/audio_hw_primary( 248): config:2 48000 2048 2 0 0 2 0
11-05 11:33:46.373 D/audio_hw_primary( 248): set_raw_flag(card=3, raw_flag=2)
11-05 11:33:46.374 D/audio_hw_primary( 248): set_raw_flag control_name = audio data format control_value AC3)
11-05 11:33:46.375 D/audio_hw_primary( 248): ahub use hdmi pcm config, hdmicard : 3, spr : 48000
11-05 11:33:46.391 I/ (16912): HDMI Audio Enable Successfully
11-05 11:33:46.396 V/audio_hw_primary( 248): do not use out resampler
11-05 11:33:46.630 W/MediaProvider( 1056): isAppCloneUserPair for user -1: false
11-05 11:33:46.636 W/MediaProvider( 1056): isAppCloneUserPair for user -1: false
11-05 11:33:46.652 W/MediaProvider( 1056): isAppCloneUserPair for user -1: false
11-05 11:33:46.652 I/ModuleDataForwa( 3126): type=1400 audit(0.0:2830): avc: denied { lock } for path="/data/user/0/com.dangbei.screencast/files/TD__Env_Synchronous_Lock__" dev="mmcblk0p25" ino=2653 scontext=u:r:platform_app:s0:c512,c768 tcontext=u:object_r:app_data_file:s0:c512,c768 tclass=file permissive=1 app=com.dangbei.screencast
11-05 11:33:46.658 E/ac3_decInternal(14326): 2025-06-20-11-37 EAC3frame_PassThrough begin
11-05 11:33:46.658 E/AllwinnerAlibs(14326): 2025-06-20-11-37 MafiaAc3spdif_write_header
11-05 11:33:46.658 E/AllwinnerAlibs(14326): 2025-06-20-11-37 MafiaAc3spdif_write_packet
11-05 11:33:46.658 E/AllwinnerAlibs(14326): 2025-06-20-11-37 spdif_header_ac3
11-05 11:33:46.658 E/AllwinnerAlibs(14326): 2025-06-20-11-37 bill set SYNCWORD MafiaAc3spdif_write_packet 365
11-05 11:33:46.658 E/AllwinnerAlibs(14326): 2025-06-20-11-37 MafiaAc3spdif_write_packet 393 re = 6144
11-05 11:33:46.658 E/ac3_decInternal(14326): 2025-06-20-11-37 EAC3frame_PassThrough end OutBuffLen 6144
11-05 11:33:46.660 E/ac3_decInternal(14326): 2025-06-20-11-37 EAC3frame_PassThrough begin
11-05 11:33:46.660 E/AllwinnerAlibs(14326): 2025-06-20-11-37 MafiaAc3spdif_write_header
11-05 11:33:46.660 E/AllwinnerAlibs(14326): 2025-06-20-11-37 MafiaAc3spdif_write_packet
11-05 11:33:46.660 E/AllwinnerAlibs(14326): 2025-06-20-11-37 spdif_header_ac3
11-05 11:33:46.660 E/AllwinnerAlibs(14326): 2025-06-20-11-37 bill set SYNCWORD MafiaAc3spdif_write_packet 365
11-05 11:33:46.660 E/AllwinnerAlibs(14326): 2025-06-20-11-37 MafiaAc3spdif_write_packet 393 re = 6144
11-05 11:33:46.660 E/ac3_decInternal(14326): 2025-06-20-11-37 EAC3frame_PassThrough end OutBuffLen 6144
11-05 11:33:46.661 W/MediaProvider( 1056): isAppCloneUserPair for user -1: false
11-05 11:33:46.700 D/MediaPlayerFactory(14326): Initialize getpersist = 0 value=
11-05 11:33:46.742 E/ac3_decInternal(14326): 2025-06-20-11-37 EAC3frame_PassThrough begin
11-05 11:33:46.742 E/AllwinnerAlibs(14326): 2025-06-20-11-37 MafiaAc3spdif_write_header
11-05 11:33:46.742 E/AllwinnerAlibs(14326): 2025-06-20-11-37 MafiaAc3spdif_write_packet
11-05 11:33:46.742 E/AllwinnerAlibs(14326): 2025-06-20-11-37 spdif_header_ac3
11-05 11:33:46.742 E/AllwinnerAlibs(14326): 2025-06-20-11-37 bill set SYNCWORD MafiaAc3spdif_write_packet 365
11-05 11:33:46.742 E/AllwinnerAlibs(14326): 2025-06-20-11-37 MafiaAc3spdif_write_packet 393 re = 6144
11-05 11:33:46.742 E/ac3_decInternal(14326): 2025-06-20-11-37 EAC3frame_PassThrough end OutBuffLen 6144
11-05 11:33:46.743 E/ac3_decInternal(14326): 2025-06-20-11-37 EAC3frame_PassThrough begin
11-05 11:33:46.743 E/AllwinnerAlibs(14326): 2025-06-20-11-37 MafiaAc3spdif_write_header
11-05 11:33:46.743 E/AllwinnerAlibs(14326): 2025-06-20-11-37 MafiaAc3spdif_write_packet
11-05 11:33:46.743 E/AllwinnerAlibs(14326): 2025-06-20-11-37 spdif_header_ac3
11-05 11:33:46.743 E/AllwinnerAlibs(14326): 2025-06-20-11-37 bill set SYNCWORD MafiaAc3spdif_write_packet 365
11-05 11:33:46.743 E/AllwinnerAlibs(14326): 2025-06-20-11-37 MafiaAc3spdif_write_packet 393 re = 6144
11-05 11:33:46.743 E/ac3_decInternal(14326): 2025-06-20-11-37 EAC3frame_PassThrough end OutBuffLen 6144
11-05 11:33:46.762 W/IorapForwardingService( 480): No service published for: iorapd
11-05 11:33:46.827 E/ac3_decInternal(14326): 2025-06-20-11-37 EAC3frame_PassThrough begin
11-05 11:33:46.827 E/AllwinnerAlibs(14326): 2025-06-20-11-37 MafiaAc3spdif_write_header
11-05 11:33:46.827 E/AllwinnerAlibs(14326): 2025-06-20-11-37 MafiaAc3spdif_write_packet
11-05 11:33:46.827 E/AllwinnerAlibs(14326): 2025-06-20-11-37 spdif_header_ac3
11-05 11:33:46.828 E/AllwinnerAlibs(14326): 2025-06-20-11-37 bill set SYNCWORD MafiaAc3spdif_write_packet 365
11-05 11:33:46.828 E/AllwinnerAlibs(14326): 2025-06-20-11-37 MafiaAc3spdif_write_packet 393 re = 6144
11-05 11:33:46.828 E/ac3_decInternal(14326): 2025-06-20-11-37 EAC3frame_PassThrough end OutBuffLen 6144
11-05 11:33:46.828 E/ac3_decInternal(14326): 2025-06-20-11-37 EAC3frame_PassThrough begin
11-05 11:33:46.828 E/AllwinnerAlibs(14326): 2025-06-20-11-37 MafiaAc3spdif_write_header
11-05 11:33:46.828 E/AllwinnerAlibs(14326): 2025-06-20-11-37 MafiaAc3spdif_write_packet
11-05 11:33:46.828 E/AllwinnerAlibs(14326): 2025-06-20-11-37 spdif_header_ac3
11-05 11:33:46.828 E/AllwinnerAlibs(14326): 2025-06-20-11-37 bill set SYNCWORD MafiaAc3spdif_write_packet 365
11-05 11:33:46.828 E/AllwinnerAlibs(14326): 2025-06-20-11-37 MafiaAc3spdif_write_packet 393 re = 6144
11-05 11:33:46.828 E/ac3_decInternal(14326): 2025-06-20-11-37 EAC3frame_PassThrough end OutBuffLen 6144
11-05 11:33:46.829 E/ac3_decInternal(14326): 2025-06-20-11-37 EAC3frame_PassThrough begin
11-05 11:33:46.829 E/AllwinnerAlibs(14326): 2025-06-20-11-37 MafiaAc3spdif_write_header
11-05 11:33:46.829 E/AllwinnerAlibs(14326): 2025-06-20-11-37 MafiaAc3spdif_write_packet
11-05 11:33:46.829 E/AllwinnerAlibs(14326): 2025-06-20-11-37 spdif_header_ac3
11-05 11:33:46.829 E/AllwinnerAlibs(14326): 2025-06-20-11-37 bill set SYNCWORD MafiaAc3spdif_write_packet 365
11-05 11:33:46.829 E/AllwinnerAlibs(14326): 2025-06-20-11-37 MafiaAc3spdif_write_packet 393 re = 6144
11-05 11:33:46.829 E/ac3_decInternal(14326): 2025-06-20-11-37 EAC3frame_PassThrough end OutBuffLen 6144
11-05 11:33:46.830 E/ac3_decInternal(14326): 2025-06-20-11-37 EAC3frame_PassThrough begin
11-05 11:33:46.830 E/AllwinnerAlibs(14326): 2025-06-20-11-37 MafiaAc3spdif_write_header
11-05 11:33:46.831 E/AllwinnerAlibs(14326): 2025-06-20-11-37 MafiaAc3spdif_write_packet
11-05 11:33:46.831 E/AllwinnerAlibs(14326): 2025-06-20-11-37 spdif_header_ac3
11-05 11:33:46.831 E/AllwinnerAlibs(14326): 2025-06-20-11-37 bill set SYNCWORD MafiaAc3spdif_write_packet 365
11-05 11:33:46.831 E/AllwinnerAlibs(14326): 2025-06-20-11-37 MafiaAc3spdif_write_packet 393 re = 6144
11-05 11:33:46.831 E/ac3_decInternal(14326): 2025-06-20-11-37 EAC3frame_PassThrough end OutBuffLen 6144
11-05 11:33:46.914 E/ac3_decInternal(14326): 2025-06-20-11-37 EAC3frame_PassThrough begin
11-05 11:33:46.914 E/AllwinnerAlibs(14326): 2025-06-20-11-37 MafiaAc3spdif_write_header
11-05 11:33:46.914 E/AllwinnerAlibs(14326): 2025-06-20-11-37 MafiaAc3spdif_write_packet
11-05 11:33:46.914 E/AllwinnerAlibs(14326): 2025-06-20-11-37 spdif_header_ac3
11-05 11:33:46.914 E/AllwinnerAlibs(14326): 2025-06-20-11-37 bill set SYNCWORD MafiaAc3spdif_write_packet 365
11-05 11:33:46.914 E/AllwinnerAlibs(14326): 2025-06-20-11-37 MafiaAc3spdif_write_packet 393 re = 6144
11-05 11:33:46.914 E/ac3_decInternal(14326): 2025-06-20-11-37 EAC3frame_PassThrough end OutBuffLen 6144
11-05 11:33:46.915 E/ac3_decInternal(14326): 2025-06-20-11-37 EAC3frame_PassThrough begin
11-05 11:33:46.915 E/AllwinnerAlibs(14326): 2025-06-20-11-37 MafiaAc3spdif_write_header
11-05 11:33:46.915 E/AllwinnerAlibs(14326): 2025-06-20-11-37 MafiaAc3spdif_write_packet
11-05 11:33:46.915 E/AllwinnerAlibs(14326): 2025-06-20-11-37 spdif_header_ac3
11-05 11:33:46.915 E/AllwinnerAlibs(14326): 2025-06-20-11-37 bill set SYNCWORD MafiaAc3spdif_write_packet 365
11-05 11:33:46.915 E/AllwinnerAlibs(14326): 2025-06-20-11-37 MafiaAc3spdif_write_packet 393 re = 6144
11-05 11:33:46.915 E/ac3_decInternal(14326): 2025-06-20-11-37 EAC3frame_PassThrough end OutBuffLen 6144
11-05 11:33:46.915 E/ac3_decInternal(14326): 2025-06-20-11-37 EAC3frame_PassThrough begin
11-05 11:33:46.915 E/AllwinnerAlibs(14326): 2025-06-20-11-37 MafiaAc3spdif_write_header
11-05 11:33:46.915 E/AllwinnerAlibs(14326): 2025-06-20-11-37 MafiaAc3spdif_write_packet
11-05 11:33:46.915 E/AllwinnerAlibs(14326): 2025-06-20-11-37 spdif_header_ac3
11-05 11:33:46.915 E/AllwinnerAlibs(14326): 2025-06-20-11-37 bill set SYNCWORD MafiaAc3spdif_write_packet 365
11-05 11:33:46.915 E/AllwinnerAlibs(14326): 2025-06-20-11-37 MafiaAc3spdif_write_packet 393 re = 6144
11-05 11:33:46.915 E/ac3_decInternal(14326): 2025-06-20-11-37 EAC3frame_PassThrough end OutBuffLen 6144
11-05 11:33:46.916 E/WifiHAL ( 663): wifi_get_link_stats: requestResponse Error:-5
11-05 11:33:46.918 E/WifiVendorHal( 480): getWifiLinkLayerStats_1_5_Internal(l.1191) failed {.code = ERROR_INVALID_ARGS, .description = }
11-05 11:33:46.998 E/ac3_decInternal(14326): 2025-06-20-11-37 EAC3frame_PassThrough begin
11-05 11:33:47.000 E/AllwinnerAlibs(14326): 2025-06-20-11-37 MafiaAc3spdif_write_header
11-05 11:33:47.000 E/AllwinnerAlibs(14326): 2025-06-20-11-37 MafiaAc3spdif_write_packet
11-05 11:33:47.000 E/AllwinnerAlibs(14326): 2025-06-20-11-37 spdif_header_ac3
11-05 11:33:47.000 E/AllwinnerAlibs(14326): 2025-06-20-11-37 bill set SYNCWORD MafiaAc3spdif_write_packet 365
11-05 11:33:47.000 E/AllwinnerAlibs(14326): 2025-06-20-11-37 MafiaAc3spdif_write_packet 393 re = 6144
11-05 11:33:47.000 E/ac3_decInternal(14326): 2025-06-20-11-37 EAC3frame_PassThrough end OutBuffLen 6144
11-05 11:33:47.000 E/ac3_decInternal(14326): 2025-06-20-11-37 EAC3frame_PassThrough begin
11-05 11:33:47.000 E/AllwinnerAlibs(14326): 2025-06-20-11-37 MafiaAc3spdif_write_header
11-05 11:33:47.000 E/AllwinnerAlibs(14326): 2025-06-20-11-37 MafiaAc3spdif_write_packet
11-05 11:33:47.000 E/AllwinnerAlibs(14326): 2025-06-20-11-37 spdif_header_ac3
11-05 11:33:47.000 E/AllwinnerAlibs(14326): 2025-06-20-11-37 bill set SYNCWORD MafiaAc3spdif_write_packet 365
11-05 11:33:47.000 E/AllwinnerAlibs(14326): 2025-06-20-11-37 MafiaAc3spdif_write_packet 393 re = 6144
11-05 11:33:47.000 E/ac3_decInternal(14326): 2025-06-20-11-37 EAC3frame_PassThrough end OutBuffLen 6144
11-05 11:33:47.083 E/ac3_decInternal(14326): 2025-06-20-11-37 EAC3frame_PassThrough begin
11-05 11:33:47.083 E/AllwinnerAlibs(14326): 2025-06-20-11-37 MafiaAc3spdif_write_header
11-05 11:33:47.084 E/AllwinnerAlibs(14326): 2025-06-20-11-37 MafiaAc3spdif_write_packet
11-05 11:33:47.084 E/AllwinnerAlibs(14326): 2025-06-20-11-37 spdif_header_ac3
11-05 11:33:47.084 E/AllwinnerAlibs(14326): 2025-06-20-11-37 bill set SYNCWORD MafiaAc3spdif_write_packet 365
11-05 11:33:47.084 E/AllwinnerAlibs(14326): 2025-06-20-11-37 MafiaAc3spdif_write_packet 393 re = 6144
11-05 11:33:47.084 E/ac3_decInternal(14326): 2025-06-20-11-37 EAC3frame_PassThrough end OutBuffLen 6144
11-05 11:33:47.084 E/ac3_decInternal(14326): 2025-06-20-11-37 EAC3frame_PassThrough begin
11-05 11:33:47.085 E/AllwinnerAlibs(14326): 2025-06-20-11-37 MafiaAc3spdif_write_header
11-05 11:33:47.085 E/AllwinnerAlibs(14326): 2025-06-20-11-37 MafiaAc3spdif_write_packet
11-05 11:33:47.085 E/AllwinnerAlibs(14326): 2025-06-20-11-37 spdif_header_ac3
11-05 11:33:47.085 E/AllwinnerAlibs(14326): 2025-06-20-11-37 bill set SYNCWORD MafiaAc3spdif_write_packet 365
11-05 11:33:47.085 E/AllwinnerAlibs(14326): 2025-06-20-11-37 MafiaAc3spdif_write_packet 393 re = 6144
11-05 11:33:47.085 E/ac3_decInternal(14326): 2025-06-20-11-37 EAC3frame_PassThrough end OutBuffLen 6144
11-05 11:33:47.085 E/ac3_decInternal(14326): 2025-06-20-11-37 EAC3frame_PassThrough begin
11-05 11:33:47.085 E/AllwinnerAlibs(14326): 2025-06-20-11-37 MafiaAc3spdif_write_header
11-05 11:33:47.085 E/AllwinnerAlibs(14326): 2025-06-20-11-37 MafiaAc3spdif_write_packet
11-05 11:33:47.085 E/AllwinnerAlibs(14326): 2025-06-20-11-37 spdif_header_ac3
11-05 11:33:47.085 E/AllwinnerAlibs(14326): 2025-06-20-11-37 bill set SYNCWORD MafiaAc3spdif_write_packet 365
11-05 11:33:47.085 E/AllwinnerAlibs(14326): 2025-06-20-11-37 MafiaAc3spdif_write_packet 393 re = 6144
11-05 11:33:47.085 E/ac3_decInternal(14326): 2025-06-20-11-37 EAC3frame_PassThrough end OutBuffLen 6144
11-05 11:33:47.168 E/ac3_decInternal(14326): 2025-06-20-11-37 EAC3frame_PassThrough begin
11-05 11:33:47.169 E/AllwinnerAlibs(14326): 2025-06-20-11-37 MafiaAc3spdif_write_header
11-05 11:33:47.169 E/AllwinnerAlibs(14326): 2025-06-20-11-37 MafiaAc3spdif_write_packet
11-05 11:33:47.169 E/AllwinnerAlibs(14326): 2025-06-20-11-37 spdif_header_ac3
11-05 11:33:47.169 E/AllwinnerAlibs(14326): 2025-06-20-11-37 bill set SYNCWORD MafiaAc3spdif_write_packet 365
11-05 11:33:47.169 E/AllwinnerAlibs(14326): 2025-06-20-11-37 MafiaAc3spdif_write_packet 393 re = 6144
11-05 11:33:47.169 E/ac3_decInternal(14326): 2025-06-20-11-37 EAC3frame_PassThrough end OutBuffLen 6144
11-05 11:33:47.170 E/ac3_decInternal(14326): 2025-06-20-11-37 EAC3frame_PassThrough begin
11-05 11:33:47.170 E/AllwinnerAlibs(14326): 2025-06-20-11-37 MafiaAc3spdif_write_header
11-05 11:33:47.170 E/AllwinnerAlibs(14326): 2025-06-20-11-37 MafiaAc3spdif_write_packet
11-05 11:33:47.170 E/AllwinnerAlibs(14326): 2025-06-20-11-37 spdif_header_ac3
11-05 11:33:47.170 E/AllwinnerAlibs(14326): 2025-06-20-11-37 bill set SYNCWORD MafiaAc3spdif_write_packet 365
11-05 11:33:47.170 E/AllwinnerAlibs(14326): 2025-06-20-11-37 MafiaAc3spdif_write_packet 393 re = 6144
11-05 11:33:47.170 E/ac3_decInternal(14326): 2025-06-20-11-37 EAC3frame_PassThrough end OutBuffLen 6144
11-05 11:33:47.254 E/ac3_decInternal(14326): 2025-06-20-11-37 EAC3frame_PassThrough begin
11-05 11:33:47.254 E/AllwinnerAlibs(14326): 2025-06-20-11-37 MafiaAc3spdif_write_header
11-05 11:33:47.254 E/AllwinnerAlibs(14326): 2025-06-20-11-37 MafiaAc3spdif_write_packet
11-05 11:33:47.254 E/AllwinnerAlibs(14326): 2025-06-20-11-37 spdif_header_ac3
11-05 11:33:47.254 E/AllwinnerAlibs(14326): 2025-06-20-11-37 bill set SYNCWORD MafiaAc3spdif_write_packet 365
11-05 11:33:47.254 E/AllwinnerAlibs(14326): 2025-06-20-11-37 MafiaAc3spdif_write_packet 393 re = 6144
11-05 11:33:47.254 E/ac3_decInternal(14326): 2025-06-20-11-37 EAC3frame_PassThrough end OutBuffLen 6144
11-05 11:33:47.256 E/ac3_decInternal(14326): 2025-06-20-11-37 EAC3frame_PassThrough begin
11-05 11:33:47.256 E/AllwinnerAlibs(14326): 2025-06-20-11-37 MafiaAc3spdif_write_header
11-05 11:33:47.256 E/AllwinnerAlibs(14326): 2025-06-20-11-37 MafiaAc3spdif_write_packet
11-05 11:33:47.256 E/AllwinnerAlibs(14326): 2025-06-20-11-37 spdif_header_ac3
11-05 11:33:47.256 E/AllwinnerAlibs(14326): 2025-06-20-11-37 bill set SYNCWORD MafiaAc3spdif_write_packet 365
11-05 11:33:47.256 E/AllwinnerAlibs(14326): 2025-06-20-11-37 MafiaAc3spdif_write_packet 393 re = 6144
11-05 11:33:47.256 E/ac3_decInternal(14326): 2025-06-20-11-37 EAC3frame_PassThrough end OutBuffLen 6144
11-05 11:33:47.256 E/ac3_decInternal(14326): 2025-06-20-11-37 EAC3frame_PassThrough begin
11-05 11:33:47.256 E/AllwinnerAlibs(14326): 2025-06-20-11-37 MafiaAc3spdif_write_header
11-05 11:33:47.256 E/AllwinnerAlibs(14326): 2025-06-20-11-37 MafiaAc3spdif_write_packet
11-05 11:33:47.257 E/AllwinnerAlibs(14326): 2025-06-20-11-37 spdif_header_ac3
11-05 11:33:47.257 E/AllwinnerAlibs(14326): 2025-06-20-11-37 bill set SYNCWORD MafiaAc3spdif_write_packet 365
11-05 11:33:47.257 E/AllwinnerAlibs(14326): 2025-06-20-11-37 MafiaAc3spdif_write_packet 393 re = 6144
11-05 11:33:47.257 E/ac3_decInternal(14326): 2025-06-20-11-37 EAC3frame_PassThrough end OutBuffLen 6144
11-05 11:33:47.287 E/TaskPersister( 480): File error accessing recents directory (directory doesn't exist?).
11-05 11:33:47.342 E/ac3_decInternal(14326): 2025-06-20-11-37 EAC3frame_PassThrough begin
11-05 11:33:47.343 E/AllwinnerAlibs(14326): 2025-06-20-11-37 MafiaAc3spdif_write_header
11-05 11:33:47.343 E/AllwinnerAlibs(14326): 2025-06-20-11-37 MafiaAc3spdif_write_packet
11-05 11:33:47.343 E/AllwinnerAlibs(14326): 2025-06-20-11-37 spdif_header_ac3
11-05 11:33:47.343 E/AllwinnerAlibs(14326): 2025-06-20-11-37 bill set SYNCWORD MafiaAc3spdif_write_packet 365
11-05 11:33:47.343 E/AllwinnerAlibs(14326): 2025-06-20-11-37 MafiaAc3spdif_write_packet 393 re = 6144
11-05 11:33:47.343 E/ac3_decInternal(14326): 2025-06-20-11-37 EAC3frame_PassThrough end OutBuffLen 6144
11-05 11:33:47.343 E/ac3_decInternal(14326): 2025-06-20-11-37 EAC3frame_PassThrough begin
11-05 11:33:47.343 E/AllwinnerAlibs(14326): 2025-06-20-11-37 MafiaAc3spdif_write_header
11-05 11:33:47.343 E/AllwinnerAlibs(14326): 2025-06-20-11-37 MafiaAc3spdif_write_packet
11-05 11:33:47.343 E/AllwinnerAlibs(14326): 2025-06-20-11-37 spdif_header_ac3
11-05 11:33:47.344 E/AllwinnerAlibs(14326): 2025-06-20-11-37 bill set SYNCWORD MafiaAc3spdif_write_packet 365
11-05 11:33:47.344 E/AllwinnerAlibs(14326): 2025-06-20-11-37 MafiaAc3spdif_write_packet 393 re = 6144
11-05 11:33:47.344 E/ac3_decInternal(14326): 2025-06-20-11-37 EAC3frame_PassThrough end OutBuffLen 6144
11-05 11:33:47.427 E/ac3_decInternal(14326): 2025-06-20-11-37 EAC3frame_PassThrough begin
11-05 11:33:47.427 E/AllwinnerAlibs(14326): 2025-06-20-11-37 MafiaAc3spdif_write_header
11-05 11:33:47.427 E/AllwinnerAlibs(14326): 2025-06-20-11-37 MafiaAc3spdif_write_packet
11-05 11:33:47.427 E/AllwinnerAlibs(14326): 2025-06-20-11-37 spdif_header_ac3
11-05 11:33:47.427 E/AllwinnerAlibs(14326): 2025-06-20-11-37 bill set SYNCWORD MafiaAc3spdif_write_packet 365
11-05 11:33:47.427 E/AllwinnerAlibs(14326): 2025-06-20-11-37 MafiaAc3spdif_write_packet 393 re = 6144
11-05 11:33:47.427 E/ac3_decInternal(14326): 2025-06-20-11-37 EAC3frame_PassThrough end OutBuffLen 6144
11-05 11:33:47.428 E/ac3_decInternal(14326): 2025-06-20-11-37 EAC3frame_PassThrough begin
11-05 11:33:47.428 E/AllwinnerAlibs(14326): 2025-06-20-11-37 MafiaAc3spdif_write_header
11-05 11:33:47.428 E/AllwinnerAlibs(14326): 2025-06-20-11-37 MafiaAc3spdif_write_packet
11-05 11:33:47.428 E/AllwinnerAlibs(14326): 2025-06-20-11-37 spdif_header_ac3
11-05 11:33:47.428 E/AllwinnerAlibs(14326): 2025-06-20-11-37 bill set SYNCWORD MafiaAc3spdif_write_packet 365
11-05 11:33:47.428 E/AllwinnerAlibs(14326): 2025-06-20-11-37 MafiaAc3spdif_write_packet 393 re = 6144
11-05 11:33:47.428 E/ac3_decInternal(14326): 2025-06-20-11-37 EAC3frame_PassThrough end OutBuffLen 6144
11-05 11:33:47.428 E/ac3_decInternal(14326): 2025-06-20-11-37 EAC3frame_PassThrough begin
11-05 11:33:47.428 E/AllwinnerAlibs(14326): 2025-06-20-11-37 MafiaAc3spdif_write_header
11-05 11:33:47.428 E/AllwinnerAlibs(14326): 2025-06-20-11-37 MafiaAc3spdif_write_packet
11-05 11:33:47.428 E/AllwinnerAlibs(14326): 2025-06-20-11-37 spdif_header_ac3
11-05 11:33:47.428 E/AllwinnerAlibs(14326): 2025-06-20-11-37 bill set SYNCWORD MafiaAc3spdif_write_packet 365
11-05 11:33:47.428 E/AllwinnerAlibs(14326): 2025-06-20-11-37 MafiaAc3spdif_write_packet 393 re = 6144
11-05 11:33:47.428 E/ac3_decInternal(14326): 2025-06-20-11-37 EAC3frame_PassThrough end OutBuffLen 6144
11-05 11:33:47.445 I/cedarc (14326): : stream buffer 0 ring back.
11-05 11:33:47.510 E/ac3_decInternal(14326): 2025-06-20-11-37 EAC3frame_PassThrough begin
11-05 11:33:47.510 E/AllwinnerAlibs(14326): 2025-06-20-11-37 MafiaAc3spdif_write_header
11-05 11:33:47.510 E/AllwinnerAlibs(14326): 2025-06-20-11-37 MafiaAc3spdif_write_packet
11-05 11:33:47.510 E/AllwinnerAlibs(14326): 2025-06-20-11-37 spdif_header_ac3
11-05 11:33:47.510 E/AllwinnerAlibs(14326): 2025-06-20-11-37 bill set SYNCWORD MafiaAc3spdif_write_packet 365
11-05 11:33:47.510 E/AllwinnerAlibs(14326): 2025-06-20-11-37 MafiaAc3spdif_write_packet 393 re = 6144
11-05 11:33:47.510 E/ac3_decInternal(14326): 2025-06-20-11-37 EAC3frame_PassThrough end OutBuffLen 6144
11-05 11:33:47.515 E/ac3_decInternal(14326): 2025-06-20-11-37 EAC3frame_PassThrough begin
11-05 11:33:47.515 E/AllwinnerAlibs(14326): 2025-06-20-11-37 MafiaAc3spdif_write_header
11-05 11:33:47.515 E/AllwinnerAlibs(14326): 2025-06-20-11-37 MafiaAc3spdif_write_packet
11-05 11:33:47.515 E/AllwinnerAlibs(14326): 2025-06-20-11-37 spdif_header_ac3
11-05 11:33:47.515 E/AllwinnerAlibs(14326): 2025-06-20-11-37 bill set SYNCWORD MafiaAc3spdif_write_packet 365
11-05 11:33:47.515 E/AllwinnerAlibs(14326): 2025-06-20-11-37 MafiaAc3spdif_write_packet 393 re = 6144
11-05 11:33:47.515 E/ac3_decInternal(14326): 2025-06-20-11-37 EAC3frame_PassThrough end OutBuffLen 6144
11-05 11:33:47.516 E/ac3_decInternal(14326): 2025-06-20-11-37 EAC3frame_PassThrough begin
11-05 11:33:47.516 E/AllwinnerAlibs(14326): 2025-06-20-11-37 MafiaAc3spdif_write_header
11-05 11:33:47.516 E/AllwinnerAlibs(14326): 2025-06-20-11-37 MafiaAc3spdif_write_packet
11-05 11:33:47.516 E/AllwinnerAlibs(14326): 2025-06-20-11-37 spdif_header_ac3
11-05 11:33:47.516 E/AllwinnerAlibs(14326): 2025-06-20-11-37 bill set SYNCWORD MafiaAc3spdif_write_packet 365
11-05 11:33:47.516 E/AllwinnerAlibs(14326): 2025-06-20-11-37 MafiaAc3spdif_write_packet 393 re = 6144
11-05 11:33:47.516 E/ac3_decInternal(14326): 2025-06-20-11-37 EAC3frame_PassThrough end OutBuffLen 6144
11-05 11:33:47.576 E/awplayer(14326): : nSpsMaxDecPicBuffering[i]: 5
11-05 11:33:47.593 D/MediaPlayerFactory(14326): Initialize getpersist = 0 value=
11-05 11:33:47.596 E/ac3_decInternal(14326): 2025-06-20-11-37 EAC3frame_PassThrough begin
11-05 11:33:47.596 E/AllwinnerAlibs(14326): 2025-06-20-11-37 MafiaAc3spdif_write_header
11-05 11:33:47.596 E/AllwinnerAlibs(14326): 2025-06-20-11-37 MafiaAc3spdif_write_packet
11-05 11:33:47.596 E/AllwinnerAlibs(14326): 2025-06-20-11-37 spdif_header_ac3
11-05 11:33:47.596 E/AllwinnerAlibs(14326): 2025-06-20-11-37 bill set SYNCWORD MafiaAc3spdif_write_packet 365
11-05 11:33:47.596 E/AllwinnerAlibs(14326): 2025-06-20-11-37 MafiaAc3spdif_write_packet 393 re = 6144
11-05 11:33:47.596 E/ac3_decInternal(14326): 2025-06-20-11-37 EAC3frame_PassThrough end OutBuffLen 6144
11-05 11:33:47.596 E/ac3_decInternal(14326): 2025-06-20-11-37 EAC3frame_PassThrough begin
11-05 11:33:47.596 E/AllwinnerAlibs(14326): 2025-06-20-11-37 MafiaAc3spdif_write_header
11-05 11:33:47.596 E/AllwinnerAlibs(14326): 2025-06-20-11-37 MafiaAc3spdif_write_packet
11-05 11:33:47.596 E/AllwinnerAlibs(14326): 2025-06-20-11-37 spdif_header_ac3
11-05 11:33:47.596 E/AllwinnerAlibs(14326): 2025-06-20-11-37 bill set SYNCWORD MafiaAc3spdif_write_packet 365
11-05 11:33:47.596 E/AllwinnerAlibs(14326): 2025-06-20-11-37 MafiaAc3spdif_write_packet 393 re = 6144
11-05 11:33:47.596 E/ac3_decInternal(14326): 2025-06-20-11-37 EAC3frame_PassThrough end OutBuffLen 6144
11-05 11:33:47.597 E/ac3_decInternal(14326): 2025-06-20-11-37 EAC3frame_PassThrough begin
11-05 11:33:47.597 E/AllwinnerAlibs(14326): 2025-06-20-11-37 MafiaAc3spdif_write_header
11-05 11:33:47.597 E/AllwinnerAlibs(14326): 2025-06-20-11-37 MafiaAc3spdif_write_packet
11-05 11:33:47.597 E/AllwinnerAlibs(14326): 2025-06-20-11-37 spdif_header_ac3
11-05 11:33:47.597 E/AllwinnerAlibs(14326): 2025-06-20-11-37 bill set SYNCWORD MafiaAc3spdif_write_packet 365
11-05 11:33:47.597 E/AllwinnerAlibs(14326): 2025-06-20-11-37 MafiaAc3spdif_write_packet 393 re = 6144
11-05 11:33:47.597 E/ac3_decInternal(14326): 2025-06-20-11-37 EAC3frame_PassThrough end OutBuffLen 6144
11-05 11:33:47.629 D/MediaPlayerFactory(14326): Initialize getpersist = 0 value=
11-05 11:33:47.647 I/cedarc (14326): : stream buffer 0 ring back.
11-05 11:33:47.680 E/ac3_decInternal(14326): 2025-06-20-11-37 EAC3frame_PassThrough begin
11-05 11:33:47.681 E/AllwinnerAlibs(14326): 2025-06-20-11-37 MafiaAc3spdif_write_header
11-05 11:33:47.681 E/AllwinnerAlibs(14326): 2025-06-20-11-37 MafiaAc3spdif_write_packet
11-05 11:33:47.681 E/AllwinnerAlibs(14326): 2025-06-20-11-37 spdif_header_ac3
11-05 11:33:47.681 E/AllwinnerAlibs(14326): 2025-06-20-11-37 bill set SYNCWORD MafiaAc3spdif_write_packet 365
11-05 11:33:47.681 E/AllwinnerAlibs(14326): 2025-06-20-11-37 MafiaAc3spdif_write_packet 393 re = 6144
11-05 11:33:47.681 E/ac3_decInternal(14326): 2025-06-20-11-37 EAC3frame_PassThrough end OutBuffLen 6144
11-05 11:33:47.682 E/ac3_decInternal(14326): 2025-06-20-11-37 EAC3frame_PassThrough begin
11-05 11:33:47.682 E/AllwinnerAlibs(14326): 2025-06-20-11-37 MafiaAc3spdif_write_header
11-05 11:33:47.682 E/AllwinnerAlibs(14326): 2025-06-20-11-37 MafiaAc3spdif_write_packet
11-05 11:33:47.682 E/AllwinnerAlibs(14326): 2025-06-20-11-37 spdif_header_ac3
11-05 11:33:47.682 E/AllwinnerAlibs(14326): 2025-06-20-11-37 bill set SYNCWORD MafiaAc3spdif_write_packet 365
11-05 11:33:47.682 E/AllwinnerAlibs(14326): 2025-06-20-11-37 MafiaAc3spdif_write_packet 393 re = 6144
11-05 11:33:47.682 E/ac3_decInternal(14326): 2025-06-20-11-37 EAC3frame_PassThrough end OutBuffLen 6144
11-05 11:33:47.765 W/IorapForwardingService( 480): No service published for: iorapd
11-05 11:33:47.766 E/ac3_decInternal(14326): 2025-06-20-11-37 EAC3frame_PassThrough begin
11-05 11:33:47.767 E/AllwinnerAlibs(14326): 2025-06-20-11-37 MafiaAc3spdif_write_header
11-05 11:33:47.767 E/AllwinnerAlibs(14326): 2025-06-20-11-37 MafiaAc3spdif_write_packet
11-05 11:33:47.767 E/AllwinnerAlibs(14326): 2025-06-20-11-37 spdif_header_ac3
11-05 11:33:47.767 E/AllwinnerAlibs(14326): 2025-06-20-11-37 bill set SYNCWORD MafiaAc3spdif_write_packet 365
11-05 11:33:47.767 E/AllwinnerAlibs(14326): 2025-06-20-11-37 MafiaAc3spdif_write_packet 393 re = 6144
11-05 11:33:47.767 E/ac3_decInternal(14326): 2025-06-20-11-37 EAC3frame_PassThrough end OutBuffLen 6144
11-05 11:33:47.767 E/ac3_decInternal(14326): 2025-06-20-11-37 EAC3frame_PassThrough begin
11-05 11:33:47.767 E/AllwinnerAlibs(14326): 2025-06-20-11-37 MafiaAc3spdif_write_header
11-05 11:33:47.767 E/AllwinnerAlibs(14326): 2025-06-20-11-37 MafiaAc3spdif_write_packet
11-05 11:33:47.767 E/AllwinnerAlibs(14326): 2025-06-20-11-37 spdif_header_ac3
11-05 11:33:47.767 E/AllwinnerAlibs(14326): 2025-06-20-11-37 bill set SYNCWORD MafiaAc3spdif_write_packet 365
11-05 11:33:47.767 E/AllwinnerAlibs(14326): 2025-06-20-11-37 MafiaAc3spdif_write_packet 393 re = 6144
11-05 11:33:47.767 E/ac3_decInternal(14326): 2025-06-20-11-37 EAC3frame_PassThrough end OutBuffLen 6144
11-05 11:33:47.767 E/ac3_decInternal(14326): 2025-06-20-11-37 EAC3frame_PassThrough begin
11-05 11:33:47.767 E/AllwinnerAlibs(14326): 2025-06-20-11-37 MafiaAc3spdif_write_header
11-05 11:33:47.767 E/AllwinnerAlibs(14326): 2025-06-20-11-37 MafiaAc3spdif_write_packet
11-05 11:33:47.767 E/AllwinnerAlibs(14326): 2025-06-20-11-37 spdif_header_ac3
11-05 11:33:47.767 E/AllwinnerAlibs(14326): 2025-06-20-11-37 bill set SYNCWORD MafiaAc3spdif_write_packet 365
11-05 11:33:47.767 E/AllwinnerAlibs(14326): 2025-06-20-11-37 MafiaAc3spdif_write_packet 393 re = 6144
11-05 11:33:47.768 E/ac3_decInternal(14326): 2025-06-20-11-37 EAC3frame_PassThrough end OutBuffLen 6144
11-05 11:33:47.851 E/ac3_decInternal(14326): 2025-06-20-11-37 EAC3frame_PassThrough begin
11-05 11:33:47.851 E/AllwinnerAlibs(14326): 2025-06-20-11-37 MafiaAc3spdif_write_header
11-05 11:33:47.851 E/AllwinnerAlibs(14326): 2025-06-20-11-37 MafiaAc3spdif_write_packet
11-05 11:33:47.851 E/AllwinnerAlibs(14326): 2025-06-20-11-37 spdif_header_ac3
11-05 11:33:47.851 E/AllwinnerAlibs(14326): 2025-06-20-11-37 bill set SYNCWORD MafiaAc3spdif_write_packet 365
11-05 11:33:47.851 E/AllwinnerAlibs(14326): 2025-06-20-11-37 MafiaAc3spdif_write_packet 393 re = 6144
11-05 11:33:47.851 E/ac3_decInternal(14326): 2025-06-20-11-37 EAC3frame_PassThrough end OutBuffLen 6144
11-05 11:33:47.852 E/ac3_decInternal(14326): 2025-06-20-11-37 EAC3frame_PassThrough begin
11-05 11:33:47.852 E/AllwinnerAlibs(14326): 2025-06-20-11-37 MafiaAc3spdif_write_header
11-05 11:33:47.853 E/AllwinnerAlibs(14326): 2025-06-20-11-37 MafiaAc3spdif_write_packet
11-05 11:33:47.853 E/AllwinnerAlibs(14326): 2025-06-20-11-37 spdif_header_ac3
11-05 11:33:47.853 E/AllwinnerAlibs(14326): 2025-06-20-11-37 bill set SYNCWORD MafiaAc3spdif_write_packet 365
11-05 11:33:47.853 E/AllwinnerAlibs(14326): 2025-06-20-11-37 MafiaAc3spdif_write_packet 393 re = 6144
11-05 11:33:47.853 E/ac3_decInternal(14326): 2025-06-20-11-37 EAC3frame_PassThrough end OutBuffLen 6144
11-05 11:33:47.936 E/ac3_decInternal(14326): 2025-06-20-11-37 EAC3frame_PassThrough begin
11-05 11:33:47.936 E/AllwinnerAlibs(14326): 2025-06-20-11-37 MafiaAc3spdif_write_header
11-05 11:33:47.936 E/AllwinnerAlibs(14326): 2025-06-20-11-37 MafiaAc3spdif_write_packet
11-05 11:33:47.936 E/AllwinnerAlibs(14326): 2025-06-20-11-37 spdif_header_ac3
11-05 11:33:47.936 E/AllwinnerAlibs(14326): 2025-06-20-11-37 bill set SYNCWORD MafiaAc3spdif_write_packet 365
11-05 11:33:47.937 E/AllwinnerAlibs(14326): 2025-06-20-11-37 MafiaAc3spdif_write_packet 393 re = 6144
11-05 11:33:47.937 E/ac3_decInternal(14326): 2025-06-20-11-37 EAC3frame_PassThrough end OutBuffLen 6144
11-05 11:33:47.937 E/ac3_decInternal(14326): 2025-06-20-11-37 EAC3frame_PassThrough begin
11-05 11:33:47.937 E/AllwinnerAlibs(14326): 2025-06-20-11-37 MafiaAc3spdif_write_header
11-05 11:33:47.937 E/AllwinnerAlibs(14326): 2025-06-20-11-37 MafiaAc3spdif_write_packet
11-05 11:33:47.937 E/AllwinnerAlibs(14326): 2025-06-20-11-37 spdif_header_ac3
11-05 11:33:47.937 E/AllwinnerAlibs(14326): 2025-06-20-11-37 bill set SYNCWORD MafiaAc3spdif_write_packet 365
11-05 11:33:47.937 E/AllwinnerAlibs(14326): 2025-06-20-11-37 MafiaAc3spdif_write_packet 393 re = 6144
11-05 11:33:47.937 E/ac3_decInternal(14326): 2025-06-20-11-37 EAC3frame_PassThrough end OutBuffLen 6144
11-05 11:33:47.937 E/ac3_decInternal(14326): 2025-06-20-11-37 EAC3frame_PassThrough begin
11-05 11:33:47.938 E/AllwinnerAlibs(14326): 2025-06-20-11-37 MafiaAc3spdif_write_header
11-05 11:33:47.938 E/AllwinnerAlibs(14326): 2025-06-20-11-37 MafiaAc3spdif_write_packet
11-05 11:33:47.938 E/AllwinnerAlibs(14326): 2025-06-20-11-37 spdif_header_ac3
11-05 11:33:47.938 E/AllwinnerAlibs(14326): 2025-06-20-11-37 bill set SYNCWORD MafiaAc3spdif_write_packet 365
11-05 11:33:47.938 E/AllwinnerAlibs(14326): 2025-06-20-11-37 MafiaAc3spdif_write_packet 393 re = 6144
11-05 11:33:47.938 E/ac3_decInternal(14326): 2025-06-20-11-37 EAC3frame_PassThrough end OutBuffLen 6144
11-05 11:33:48.022 E/ac3_decInternal(14326): 2025-06-20-11-37 EAC3frame_PassThrough begin
11-05 11:33:48.022 E/AllwinnerAlibs(14326): 2025-06-20-11-37 MafiaAc3spdif_write_header
11-05 11:33:48.022 E/AllwinnerAlibs(14326): 2025-06-20-11-37 MafiaAc3spdif_write_packet
11-05 11:33:48.022 E/AllwinnerAlibs(14326): 2025-06-20-11-37 spdif_header_ac3
11-05 11:33:48.022 E/AllwinnerAlibs(14326): 2025-06-20-11-37 bill set SYNCWORD MafiaAc3spdif_write_packet 365
11-05 11:33:48.022 E/AllwinnerAlibs(14326): 2025-06-20-11-37 MafiaAc3spdif_write_packet 393 re = 6144
11-05 11:33:48.022 E/ac3_decInternal(14326): 2025-06-20-11-37 EAC3frame_PassThrough end OutBuffLen 6144
11-05 11:33:48.024 E/ac3_decInternal(14326): 2025-06-20-11-37 EAC3frame_PassThrough begin
11-05 11:33:48.024 E/AllwinnerAlibs(14326): 2025-06-20-11-37 MafiaAc3spdif_write_header
11-05 11:33:48.024 E/AllwinnerAlibs(14326): 2025-06-20-11-37 MafiaAc3spdif_write_packet
11-05 11:33:48.024 E/AllwinnerAlibs(14326): 2025-06-20-11-37 spdif_header_ac3
11-05 11:33:48.024 E/AllwinnerAlibs(14326): 2025-06-20-11-37 bill set SYNCWORD MafiaAc3spdif_write_packet 365
11-05 11:33:48.024 E/AllwinnerAlibs(14326): 2025-06-20-11-37 MafiaAc3spdif_write_packet 393 re = 6144
11-05 11:33:48.024 E/ac3_decInternal(14326): 2025-06-20-11-37 EAC3frame_PassThrough end OutBuffLen 6144
11-05 11:33:48.108 E/ac3_decInternal(14326): 2025-06-20-11-37 EAC3frame_PassThrough begin
11-05 11:33:48.108 E/AllwinnerAlibs(14326): 2025-06-20-11-37 MafiaAc3spdif_write_header
11-05 11:33:48.108 E/AllwinnerAlibs(14326): 2025-06-20-11-37 MafiaAc3spdif_write_packet
11-05 11:33:48.108 E/AllwinnerAlibs(14326): 2025-06-20-11-37 spdif_header_ac3
11-05 11:33:48.108 E/AllwinnerAlibs(14326): 2025-06-20-11-37 bill set SYNCWORD MafiaAc3spdif_write_packet 365
11-05 11:33:48.108 E/AllwinnerAlibs(14326): 2025-06-20-11-37 MafiaAc3spdif_write_packet 393 re = 6144
11-05 11:33:48.108 E/ac3_decInternal(14326): 2025-06-20-11-37 EAC3frame_PassThrough end OutBuffLen 6144
11-05 11:33:48.111 E/ac3_decInternal(14326): 2025-06-20-11-37 EAC3frame_PassThrough begin
11-05 11:33:48.111 E/AllwinnerAlibs(14326): 2025-06-20-11-37 MafiaAc3spdif_write_header
11-05 11:33:48.111 E/AllwinnerAlibs(14326): 2025-06-20-11-37 MafiaAc3spdif_write_packet
11-05 11:33:48.111 E/AllwinnerAlibs(14326): 2025-06-20-11-37 spdif_header_ac3
11-05 11:33:48.111 E/AllwinnerAlibs(14326): 2025-06-20-11-37 bill set SYNCWORD MafiaAc3spdif_write_packet 365
11-05 11:33:48.111 E/AllwinnerAlibs(14326): 2025-06-20-11-37 MafiaAc3spdif_write_packet 393 re = 6144
11-05 11:33:48.111 E/ac3_decInternal(14326): 2025-06-20-11-37 EAC3frame_PassThrough end OutBuffLen 6144
11-05 11:33:48.111 E/ac3_decInternal(14326): 2025-06-20-11-37 EAC3frame_PassThrough begin
11-05 11:33:48.111 E/AllwinnerAlibs(14326): 2025-06-20-11-37 MafiaAc3spdif_write_header
11-05 11:33:48.111 E/AllwinnerAlibs(14326): 2025-06-20-11-37 MafiaAc3spdif_write_packet
11-05 11:33:48.111 E/AllwinnerAlibs(14326): 2025-06-20-11-37 spdif_header_ac3
11-05 11:33:48.111 E/AllwinnerAlibs(14326): 2025-06-20-11-37 bill set SYNCWORD MafiaAc3spdif_write_packet 365
11-05 11:33:48.111 E/AllwinnerAlibs(14326): 2025-06-20-11-37 MafiaAc3spdif_write_packet 393 re = 6144
11-05 11:33:48.111 E/ac3_decInternal(14326): 2025-06-20-11-37 EAC3frame_PassThrough end OutBuffLen 6144
11-05 11:33:48.111 E/ac3_decInternal(14326): 2025-06-20-11-37 EAC3frame_PassThrough begin
11-05 11:33:48.112 E/AllwinnerAlibs(14326): 2025-06-20-11-37 MafiaAc3spdif_write_header
11-05 11:33:48.112 E/AllwinnerAlibs(14326): 2025-06-20-11-37 MafiaAc3spdif_write_packet
11-05 11:33:48.112 E/AllwinnerAlibs(14326): 2025-06-20-11-37 spdif_header_ac3
11-05 11:33:48.112 E/AllwinnerAlibs(14326): 2025-06-20-11-37 bill set SYNCWORD MafiaAc3spdif_write_packet 365
11-05 11:33:48.112 E/AllwinnerAlibs(14326): 2025-06-20-11-37 MafiaAc3spdif_write_packet 393 re = 6144
11-05 11:33:48.112 E/ac3_decInternal(14326): 2025-06-20-11-37 EAC3frame_PassThrough end OutBuffLen 6144
11-05 11:33:48.193 E/ac3_decInternal(14326): 2025-06-20-11-37 EAC3frame_PassThrough begin
11-05 11:33:48.194 E/AllwinnerAlibs(14326): 2025-06-20-11-37 MafiaAc3spdif_write_header
11-05 11:33:48.194 E/AllwinnerAlibs(14326): 2025-06-20-11-37 MafiaAc3spdif_write_packet
11-05 11:33:48.194 E/AllwinnerAlibs(14326): 2025-06-20-11-37 spdif_header_ac3
11-05 11:33:48.194 E/AllwinnerAlibs(14326): 2025-06-20-11-37 bill set SYNCWORD MafiaAc3spdif_write_packet 365
11-05 11:33:48.194 E/AllwinnerAlibs(14326): 2025-06-20-11-37 MafiaAc3spdif_write_packet 393 re = 6144
11-05 11:33:48.194 E/ac3_decInternal(14326): 2025-06-20-11-37 EAC3frame_PassThrough end OutBuffLen 6144
11-05 11:33:48.194 E/ac3_decInternal(14326): 2025-06-20-11-37 EAC3frame_PassThrough begin
11-05 11:33:48.194 E/AllwinnerAlibs(14326): 2025-06-20-11-37 MafiaAc3spdif_write_header
11-05 11:33:48.194 E/AllwinnerAlibs(14326): 2025-06-20-11-37 MafiaAc3spdif_write_packet
11-05 11:33:48.194 E/AllwinnerAlibs(14326): 2025-06-20-11-37 spdif_header_ac3
11-05 11:33:48.194 E/AllwinnerAlibs(14326): 2025-06-20-11-37 bill set SYNCWORD MafiaAc3spdif_write_packet 365
11-05 11:33:48.195 E/AllwinnerAlibs(14326): 2025-06-20-11-37 MafiaAc3spdif_write_packet 393 re = 6144
11-05 11:33:48.195 E/ac3_decInternal(14326): 2025-06-20-11-37 EAC3frame_PassThrough end OutBuffLen 6144
11-05 11:33:48.195 E/ac3_decInternal(14326): 2025-06-20-11-37 EAC3frame_PassThrough begin
11-05 11:33:48.195 E/AllwinnerAlibs(14326): 2025-06-20-11-37 MafiaAc3spdif_write_header
11-05 11:33:48.195 E/AllwinnerAlibs(14326): 2025-06-20-11-37 MafiaAc3spdif_write_packet
11-05 11:33:48.195 E/AllwinnerAlibs(14326): 2025-06-20-11-37 spdif_header_ac3
11-05 11:33:48.195 E/AllwinnerAlibs(14326): 2025-06-20-11-37 bill set SYNCWORD MafiaAc3spdif_write_packet 365
11-05 11:33:48.195 E/AllwinnerAlibs(14326): 2025-06-20-11-37 MafiaAc3spdif_write_packet 393 re = 6144
11-05 11:33:48.195 E/ac3_decInternal(14326): 2025-06-20-11-37 EAC3frame_PassThrough end OutBuffLen 6144
11-05 11:33:48.279 E/ac3_decInternal(14326): 2025-06-20-11-37 EAC3frame_PassThrough begin
11-05 11:33:48.279 E/AllwinnerAlibs(14326): 2025-06-20-11-37 MafiaAc3spdif_write_header
11-05 11:33:48.279 E/AllwinnerAlibs(14326): 2025-06-20-11-37 MafiaAc3spdif_write_packet
11-05 11:33:48.279 E/AllwinnerAlibs(14326): 2025-06-20-11-37 spdif_header_ac3
11-05 11:33:48.279 E/AllwinnerAlibs(14326): 2025-06-20-11-37 bill set SYNCWORD MafiaAc3spdif_write_packet 365
11-05 11:33:48.279 E/AllwinnerAlibs(14326): 2025-06-20-11-37 MafiaAc3spdif_write_packet 393 re = 6144
11-05 11:33:48.279 E/ac3_decInternal(14326): 2025-06-20-11-37 EAC3frame_PassThrough end OutBuffLen 6144
11-05 11:33:48.280 E/ac3_decInternal(14326): 2025-06-20-11-37 EAC3frame_PassThrough begin
11-05 11:33:48.280 E/AllwinnerAlibs(14326): 2025-06-20-11-37 MafiaAc3spdif_write_header
11-05 11:33:48.280 E/AllwinnerAlibs(14326): 2025-06-20-11-37 MafiaAc3spdif_write_packet
11-05 11:33:48.280 E/AllwinnerAlibs(14326): 2025-06-20-11-37 spdif_header_ac3
11-05 11:33:48.280 E/AllwinnerAlibs(14326): 2025-06-20-11-37 bill set SYNCWORD MafiaAc3spdif_write_packet 365
11-05 11:33:48.280 E/AllwinnerAlibs(14326): 2025-06-20-11-37 MafiaAc3spdif_write_packet 393 re = 6144
11-05 11:33:48.280 E/ac3_decInternal(14326): 2025-06-20-11-37 EAC3frame_PassThrough end OutBuffLen 6144
11-05 11:33:48.364 E/ac3_decInternal(14326): 2025-06-20-11-37 EAC3frame_PassThrough begin
11-05 11:33:48.364 E/AllwinnerAlibs(14326): 2025-06-20-11-37 MafiaAc3spdif_write_header
11-05 11:33:48.364 E/AllwinnerAlibs(14326): 2025-06-20-11-37 MafiaAc3spdif_write_packet
11-05 11:33:48.364 E/AllwinnerAlibs(14326): 2025-06-20-11-37 spdif_header_ac3
11-05 11:33:48.364 E/AllwinnerAlibs(14326): 2025-06-20-11-37 bill set SYNCWORD MafiaAc3spdif_write_packet 365
11-05 11:33:48.364 E/AllwinnerAlibs(14326): 2025-06-20-11-37 MafiaAc3spdif_write_packet 393 re = 6144
11-05 11:33:48.364 E/ac3_decInternal(14326): 2025-06-20-11-37 EAC3frame_PassThrough end OutBuffLen 6144
11-05 11:33:48.365 E/ac3_decInternal(14326): 2025-06-20-11-37 EAC3frame_PassThrough begin
11-05 11:33:48.365 E/AllwinnerAlibs(14326): 2025-06-20-11-37 MafiaAc3spdif_write_header
11-05 11:33:48.365 E/AllwinnerAlibs(14326): 2025-06-20-11-37 MafiaAc3spdif_write_packet
11-05 11:33:48.365 E/AllwinnerAlibs(14326): 2025-06-20-11-37 spdif_header_ac3
11-05 11:33:48.365 E/AllwinnerAlibs(14326): 2025-06-20-11-37 bill set SYNCWORD MafiaAc3spdif_write_packet 365
11-05 11:33:48.365 E/AllwinnerAlibs(14326): 2025-06-20-11-37 MafiaAc3spdif_write_packet 393 re = 6144
11-05 11:33:48.365 E/ac3_decInternal(14326): 2025-06-20-11-37 EAC3frame_PassThrough end OutBuffLen 6144
11-05 11:33:48.365 E/ac3_decInternal(14326): 2025-06-20-11-37 EAC3frame_PassThrough begin
11-05 11:33:48.365 E/AllwinnerAlibs(14326): 2025-06-20-11-37 MafiaAc3spdif_write_header
11-05 11:33:48.365 E/AllwinnerAlibs(14326): 2025-06-20-11-37 MafiaAc3spdif_write_packet
11-05 11:33:48.365 E/AllwinnerAlibs(14326): 2025-06-20-11-37 spdif_header_ac3
11-05 11:33:48.365 E/AllwinnerAlibs(14326): 2025-06-20-11-37 bill set SYNCWORD MafiaAc3spdif_write_packet 365
11-05 11:33:48.365 E/AllwinnerAlibs(14326): 2025-06-20-11-37 MafiaAc3spdif_write_packet 393 re = 6144
11-05 11:33:48.365 E/ac3_decInternal(14326): 2025-06-20-11-37 EAC3frame_PassThrough end OutBuffLen 6144
11-05 11:33:48.365 E/ac3_decInternal(14326): 2025-06-20-11-37 EAC3frame_PassThrough begin
11-05 11:33:48.365 E/AllwinnerAlibs(14326): 2025-06-20-11-37 MafiaAc3spdif_write_header
11-05 11:33:48.365 E/AllwinnerAlibs(14326): 2025-06-20-11-37 MafiaAc3spdif_write_packet
