11-05 11:33:36.328 W/awplayer(14326): : Wav parser : no dice, no valid sequence of frames found.
11-05 11:33:36.328 W/awplayer(14326): : Wav parser : no dice, no valid sequence of frames found.
11-05 11:33:36.329 W/awplayer(14326): : Wav parser : no dice, no valid sequence of frames found.
11-05 11:33:36.329 W/awplayer(14326): : Wav parser : no dice, no valid sequence of frames found.
11-05 11:33:36.329 W/awplayer(14326): : Wav parser : no dice, no valid sequence of frames found.
11-05 11:33:36.329 W/awplayer(14326): : Wav parser : no dice, no valid sequence of frames found.
11-05 11:33:36.329 W/awplayer(14326): : Wav parser : no dice, no valid sequence of frames found.
11-05 11:33:36.329 W/awplayer(14326): : Wav parser : no dice, no valid sequence of frames found.
11-05 11:33:36.329 W/awplayer(14326): : Wav parser : no dice, no valid sequence of frames found.
11-05 11:33:36.329 W/awplayer(14326): : Wav parser : no dice, no valid sequence of frames found.
11-05 11:33:36.329 W/awplayer(14326): : Wav parser : no dice, no valid sequence of frames found.
11-05 11:33:36.331 E/MetadataRetrieverClient(14326): failed to extract an album art
11-05 11:33:36.332 E/MediaMetadataRetrieverJNI( 2649): getEmbeddedPicture: Call to getEmbeddedPicture failed.
11-05 11:33:36.333 W/System.err( 2649): java.lang.NullPointerException: Attempt to invoke virtual method 'boolean android.graphics.Bitmap.compress(android.graphics.Bitmap$CompressFormat, int, java.io.OutputStream)' on a null object reference
11-05 11:33:36.333 W/System.err( 2649): at com.lerad.lerad_base_util.glide.mp3.Mp3IconFetcher.bitmap2InputStream(Mp3IconFetcher.java:46)
11-05 11:33:36.333 W/System.err( 2649): at com.lerad.lerad_base_util.glide.mp3.Mp3IconFetcher.loadData(Mp3IconFetcher.java:36)
11-05 11:33:36.333 W/System.err( 2649): at com.bumptech.glide.load.engine.SourceGenerator.startNext(SourceGenerator.java:62)
11-05 11:33:36.333 W/System.err( 2649): at com.bumptech.glide.load.engine.DecodeJob.runGenerators(DecodeJob.java:302)
11-05 11:33:36.333 W/System.err( 2649): at com.bumptech.glide.load.engine.DecodeJob.runWrapped(DecodeJob.java:272)
11-05 11:33:36.333 W/System.err( 2649): at com.bumptech.glide.load.engine.DecodeJob.run(DecodeJob.java:233)
11-05 11:33:36.333 W/System.err( 2649): at java.util.concurrent.ThreadPoolExecutor.runWorker(ThreadPoolExecutor.java:1167)
11-05 11:33:36.333 W/System.err( 2649): at java.util.concurrent.ThreadPoolExecutor$Worker.run(ThreadPoolExecutor.java:641)
11-05 11:33:36.333 W/System.err( 2649): at java.lang.Thread.run(Thread.java:920)
11-05 11:33:36.333 W/System.err( 2649): at com.bumptech.glide.load.engine.executor.GlideExecutor$DefaultThreadFactory$1.run(GlideExecutor.java:446)
11-05 11:33:36.348 E/MetadataRetrieverClient(14326): failed to extract an album art
11-05 11:33:36.350 E/MediaMetadataRetrieverJNI( 2649): getEmbeddedPicture: Call to getEmbeddedPicture failed.
11-05 11:33:36.351 W/System.err( 2649): java.lang.NullPointerException: Attempt to invoke virtual method 'boolean android.graphics.Bitmap.compress(android.graphics.Bitmap$CompressFormat, int, java.io.OutputStream)' on a null object reference
11-05 11:33:36.351 W/System.err( 2649): at com.lerad.lerad_base_util.glide.mp3.Mp3IconFetcher.bitmap2InputStream(Mp3IconFetcher.java:46)
11-05 11:33:36.351 W/System.err( 2649): at com.lerad.lerad_base_util.glide.mp3.Mp3IconFetcher.loadData(Mp3IconFetcher.java:36)
11-05 11:33:36.351 W/System.err( 2649): at com.bumptech.glide.load.engine.SourceGenerator.startNext(SourceGenerator.java:62)
11-05 11:33:36.351 W/System.err( 2649): at com.bumptech.glide.load.engine.DecodeJob.runGenerators(DecodeJob.java:302)
11-05 11:33:36.351 W/System.err( 2649): at com.bumptech.glide.load.engine.DecodeJob.runWrapped(DecodeJob.java:272)
11-05 11:33:36.351 W/System.err( 2649): at com.bumptech.glide.load.engine.DecodeJob.run(DecodeJob.java:233)
11-05 11:33:36.351 W/System.err( 2649): at java.util.concurrent.ThreadPoolExecutor.runWorker(ThreadPoolExecutor.java:1167)
11-05 11:33:36.351 W/System.err( 2649): at java.util.concurrent.ThreadPoolExecutor$Worker.run(ThreadPoolExecutor.java:641)
11-05 11:33:36.351 W/System.err( 2649): at java.lang.Thread.run(Thread.java:920)
11-05 11:33:36.352 W/System.err( 2649): at com.bumptech.glide.load.engine.executor.GlideExecutor$DefaultThreadFactory$1.run(GlideExecutor.java:446)
11-05 11:33:36.363 D/MediaPlayerFactory(14326): Initialize getpersist = 0 value=
11-05 11:33:36.375 W/MediaProvider( 1056): Failed to fetch original file descriptor
11-05 11:33:36.375 W/MediaProvider( 1056): java.io.FileNotFoundException: Input file descriptor is already original
11-05 11:33:36.375 W/MediaProvider( 1056): at com.android.providers.media.MediaProvider.getOriginalMediaFormatFileDescriptor(MediaProvider.java:5774)
11-05 11:33:36.375 W/MediaProvider( 1056): at com.android.providers.media.MediaProvider.openTypedAssetFileCommon(MediaProvider.java:7190)
11-05 11:33:36.375 W/MediaProvider( 1056): at com.android.providers.media.MediaProvider.openTypedAssetFile(MediaProvider.java:7171)
11-05 11:33:36.375 W/MediaProvider( 1056): at android.content.ContentProvider$Transport.openTypedAssetFile(ContentProvider.java:548)
11-05 11:33:36.375 W/MediaProvider( 1056): at android.content.ContentProviderNative.onTransact(ContentProviderNative.java:327)
11-05 11:33:36.375 W/MediaProvider( 1056): at android.os.Binder.execTransactInternal(Binder.java:1184)
11-05 11:33:36.375 W/MediaProvider( 1056): at android.os.Binder.execTransact(Binder.java:1143)
11-05 11:33:36.387 W/MediaProvider( 1056): Failed to fetch original file descriptor
11-05 11:33:36.387 W/MediaProvider( 1056): java.io.FileNotFoundException: Input file descriptor is already original
11-05 11:33:36.387 W/MediaProvider( 1056): at com.android.providers.media.MediaProvider.getOriginalMediaFormatFileDescriptor(MediaProvider.java:5774)
11-05 11:33:36.387 W/MediaProvider( 1056): at com.android.providers.media.MediaProvider.openTypedAssetFileCommon(MediaProvider.java:7190)
11-05 11:33:36.387 W/MediaProvider( 1056): at com.android.providers.media.MediaProvider.openTypedAssetFile(MediaProvider.java:7171)
11-05 11:33:36.387 W/MediaProvider( 1056): at android.content.ContentProvider$Transport.openTypedAssetFile(ContentProvider.java:548)
11-05 11:33:36.387 W/MediaProvider( 1056): at android.content.ContentProviderNative.onTransact(ContentProviderNative.java:327)
11-05 11:33:36.387 W/MediaProvider( 1056): at android.os.Binder.execTransactInternal(Binder.java:1184)
11-05 11:33:36.387 W/MediaProvider( 1056): at android.os.Binder.execTransact(Binder.java:1143)
11-05 11:33:36.388 D/MediaPlayerFactory(14326): Initialize getpersist = 0 value=
11-05 11:33:36.395 W/MediaProvider( 1056): Failed to fetch original file descriptor
11-05 11:33:36.395 W/MediaProvider( 1056): java.io.FileNotFoundException: Input file descriptor is already original
11-05 11:33:36.395 W/MediaProvider( 1056): at com.android.providers.media.MediaProvider.getOriginalMediaFormatFileDescriptor(MediaProvider.java:5774)
11-05 11:33:36.395 W/MediaProvider( 1056): at com.android.providers.media.MediaProvider.openTypedAssetFileCommon(MediaProvider.java:7190)
11-05 11:33:36.395 W/MediaProvider( 1056): at com.android.providers.media.MediaProvider.openTypedAssetFile(MediaProvider.java:7171)
11-05 11:33:36.395 W/MediaProvider( 1056): at android.content.ContentProvider$Transport.openTypedAssetFile(ContentProvider.java:548)
11-05 11:33:36.395 W/MediaProvider( 1056): at android.content.ContentProviderNative.onTransact(ContentProviderNative.java:327)
11-05 11:33:36.395 W/MediaProvider( 1056): at android.os.Binder.execTransactInternal(Binder.java:1184)
11-05 11:33:36.395 W/MediaProvider( 1056): at android.os.Binder.execTransact(Binder.java:1143)
11-05 11:33:36.402 E/MetadataRetrieverClient(14326): failed to extract an album art
11-05 11:33:36.404 E/MediaMetadataRetrieverJNI( 2649): getEmbeddedPicture: Call to getEmbeddedPicture failed.
11-05 11:33:36.413 W/System.err( 2649): java.lang.NullPointerException: Attempt to invoke virtual method 'boolean android.graphics.Bitmap.compress(android.graphics.Bitmap$CompressFormat, int, java.io.OutputStream)' on a null object reference
11-05 11:33:36.413 W/System.err( 2649): at com.lerad.lerad_base_util.glide.mp3.Mp3IconFetcher.bitmap2InputStream(Mp3IconFetcher.java:46)
11-05 11:33:36.413 W/System.err( 2649): at com.lerad.lerad_base_util.glide.mp3.Mp3IconFetcher.loadData(Mp3IconFetcher.java:36)
11-05 11:33:36.414 W/System.err( 2649): at com.bumptech.glide.load.engine.SourceGenerator.startNext(SourceGenerator.java:62)
11-05 11:33:36.414 W/System.err( 2649): at com.bumptech.glide.load.engine.DecodeJob.runGenerators(DecodeJob.java:302)
11-05 11:33:36.414 W/System.err( 2649): at com.bumptech.glide.load.engine.DecodeJob.runWrapped(DecodeJob.java:272)
11-05 11:33:36.414 W/System.err( 2649): at com.bumptech.glide.load.engine.DecodeJob.run(DecodeJob.java:233)
11-05 11:33:36.414 W/System.err( 2649): at java.util.concurrent.ThreadPoolExecutor.runWorker(ThreadPoolExecutor.java:1167)
11-05 11:33:36.414 W/System.err( 2649): at java.util.concurrent.ThreadPoolExecutor$Worker.run(ThreadPoolExecutor.java:641)
11-05 11:33:36.414 W/System.err( 2649): at java.lang.Thread.run(Thread.java:920)
11-05 11:33:36.415 W/System.err( 2649): at com.bumptech.glide.load.engine.executor.GlideExecutor$DefaultThreadFactory$1.run(GlideExecutor.java:446)
11-05 11:33:36.441 D/MediaPlayerFactory(14326): Initialize getpersist = 0 value=
11-05 11:33:36.443 W/MediaProvider( 1056): Failed to fetch original file descriptor
11-05 11:33:36.443 W/MediaProvider( 1056): java.io.FileNotFoundException: Input file descriptor is already original
11-05 11:33:36.443 W/MediaProvider( 1056): at com.android.providers.media.MediaProvider.getOriginalMediaFormatFileDescriptor(MediaProvider.java:5774)
11-05 11:33:36.443 W/MediaProvider( 1056): at com.android.providers.media.MediaProvider.openTypedAssetFileCommon(MediaProvider.java:7190)
11-05 11:33:36.443 W/MediaProvider( 1056): at com.android.providers.media.MediaProvider.openTypedAssetFile(MediaProvider.java:7171)
11-05 11:33:36.443 W/MediaProvider( 1056): at android.content.ContentProvider$Transport.openTypedAssetFile(ContentProvider.java:548)
11-05 11:33:36.443 W/MediaProvider( 1056): at android.content.ContentProviderNative.onTransact(ContentProviderNative.java:327)
11-05 11:33:36.443 W/MediaProvider( 1056): at android.os.Binder.execTransactInternal(Binder.java:1184)
11-05 11:33:36.443 W/MediaProvider( 1056): at android.os.Binder.execTransact(Binder.java:1143)
11-05 11:33:36.450 W/Glide ( 2649): Load failed for com.lerad.lerad_base_util.glide.mp3.Mp3IconModel@f7db5f3 with size [128x160]
11-05 11:33:36.450 W/Glide ( 2649): class com.bumptech.glide.load.engine.GlideException: Failed to load resource
11-05 11:33:36.450 W/Glide ( 2649): There was 1 cause:
11-05 11:33:36.450 W/Glide ( 2649): java.lang.NullPointerException(Attempt to invoke virtual method 'boolean android.graphics.Bitmap.compress(android.graphics.Bitmap$CompressFormat, int, java.io.OutputStream)' on a null object reference)
11-05 11:33:36.450 W/Glide ( 2649): call GlideException#logRootCauses(String) for more detail
11-05 11:33:36.450 W/Glide ( 2649): Cause (1 of 1): class com.bumptech.glide.load.engine.GlideException: Fetching data failed, class java.io.InputStream, LOCAL
11-05 11:33:36.450 W/Glide ( 2649): There was 1 cause:
11-05 11:33:36.450 W/Glide ( 2649): java.lang.NullPointerException(Attempt to invoke virtual method 'boolean android.graphics.Bitmap.compress(android.graphics.Bitmap$CompressFormat, int, java.io.OutputStream)' on a null object reference)
11-05 11:33:36.450 W/Glide ( 2649): call GlideException#logRootCauses(String) for more detail
11-05 11:33:36.450 W/Glide ( 2649): Cause (1 of 1): class java.lang.NullPointerException: Attempt to invoke virtual method 'boolean android.graphics.Bitmap.compress(android.graphics.Bitmap$CompressFormat, int, java.io.OutputStream)' on a null object reference
11-05 11:33:36.451 I/Glide ( 2649): Root cause (1 of 1)
11-05 11:33:36.451 I/Glide ( 2649): java.lang.NullPointerException: Attempt to invoke virtual method 'boolean android.graphics.Bitmap.compress(android.graphics.Bitmap$CompressFormat, int, java.io.OutputStream)' on a null object reference
11-05 11:33:36.451 I/Glide ( 2649): at com.lerad.lerad_base_util.glide.mp3.Mp3IconFetcher.bitmap2InputStream(Mp3IconFetcher.java:46)
11-05 11:33:36.451 I/Glide ( 2649): at com.lerad.lerad_base_util.glide.mp3.Mp3IconFetcher.loadData(Mp3IconFetcher.java:36)
11-05 11:33:36.451 I/Glide ( 2649): at com.bumptech.glide.load.engine.SourceGenerator.startNext(SourceGenerator.java:62)
11-05 11:33:36.451 I/Glide ( 2649): at com.bumptech.glide.load.engine.DecodeJob.runGenerators(DecodeJob.java:302)
11-05 11:33:36.451 I/Glide ( 2649): at com.bumptech.glide.load.engine.DecodeJob.runWrapped(DecodeJob.java:272)
11-05 11:33:36.451 I/Glide ( 2649): at com.bumptech.glide.load.engine.DecodeJob.run(DecodeJob.java:233)
11-05 11:33:36.451 I/Glide ( 2649): at java.util.concurrent.ThreadPoolExecutor.runWorker(ThreadPoolExecutor.java:1167)
11-05 11:33:36.451 I/Glide ( 2649): at java.util.concurrent.ThreadPoolExecutor$Worker.run(ThreadPoolExecutor.java:641)
11-05 11:33:36.451 I/Glide ( 2649): at java.lang.Thread.run(Thread.java:920)
11-05 11:33:36.451 I/Glide ( 2649): at com.bumptech.glide.load.engine.executor.GlideExecutor$DefaultThreadFactory$1.run(GlideExecutor.java:446)
11-05 11:33:36.482 D/MediaPlayerFactory(14326): Initialize getpersist = 0 value=
11-05 11:33:36.483 D/MediaPlayerFactory(14326): Initialize getpersist = 0 value=
11-05 11:33:36.484 W/awplayer(14326): : Wav parser : no dice, no valid sequence of frames found.
11-05 11:33:36.484 W/awplayer(14326): : Wav parser : no dice, no valid sequence of frames found.
11-05 11:33:36.484 W/awplayer(14326): : Wav parser : no dice, no valid sequence of frames found.
11-05 11:33:36.484 W/awplayer(14326): : Wav parser : no dice, no valid sequence of frames found.
11-05 11:33:36.484 W/awplayer(14326): : Wav parser : no dice, no valid sequence of frames found.
11-05 11:33:36.484 W/awplayer(14326): : Wav parser : no dice, no valid sequence of frames found.
11-05 11:33:36.484 W/awplayer(14326): : Wav parser : no dice, no valid sequence of frames found.
11-05 11:33:36.484 W/awplayer(14326): : Wav parser : no dice, no valid sequence of frames found.
11-05 11:33:36.484 W/awplayer(14326): : Wav parser : no dice, no valid sequence of frames found.
11-05 11:33:36.485 W/awplayer(14326): : Wav parser : no dice, no valid sequence of frames found.
11-05 11:33:36.485 W/awplayer(14326): : Wav parser : no dice, no valid sequence of frames found.
11-05 11:33:36.485 W/awplayer(14326): : Wav parser : no dice, no valid sequence of frames found.
11-05 11:33:36.485 W/awplayer(14326): : Wav parser : no dice, no valid sequence of frames found.
11-05 11:33:36.485 W/awplayer(14326): : Wav parser : no dice, no valid sequence of frames found.
11-05 11:33:36.485 W/awplayer(14326): : Wav parser : no dice, no valid sequence of frames found.
11-05 11:33:36.485 W/awplayer(14326): : Wav parser : no dice, no valid sequence of frames found.
11-05 11:33:36.485 W/awplayer(14326): : Wav parser : no dice, no valid sequence of frames found.
11-05 11:33:36.485 W/awplayer(14326): : Wav parser : no dice, no valid sequence of frames found.
11-05 11:33:36.485 W/awplayer(14326): : Wav parser : no dice, no valid sequence of frames found.
11-05 11:33:36.485 W/awplayer(14326): : Wav parser : no dice, no valid sequence of frames found.
11-05 11:33:36.485 W/awplayer(14326): : Wav parser : no dice, no valid sequence of frames found.
11-05 11:33:36.486 W/awplayer(14326): : Wav parser : no dice, no valid sequence of frames found.
11-05 11:33:36.486 W/awplayer(14326): : Wav parser : no dice, no valid sequence of frames found.
11-05 11:33:36.486 W/awplayer(14326): : Wav parser : no dice, no valid sequence of frames found.
11-05 11:33:36.486 W/awplayer(14326): : Wav parser : no dice, no valid sequence of frames found.
11-05 11:33:36.486 W/awplayer(14326): : Wav parser : no dice, no valid sequence of frames found.
11-05 11:33:36.486 W/awplayer(14326): : Wav parser : no dice, no valid sequence of frames found.
11-05 11:33:36.486 W/awplayer(14326): : Wav parser : no dice, no valid sequence of frames found.
11-05 11:33:36.486 W/awplayer(14326): : Wav parser : no dice, no valid sequence of frames found.
11-05 11:33:36.486 W/awplayer(14326): : Wav parser : no dice, no valid sequence of frames found.
11-05 11:33:36.486 W/awplayer(14326): : Wav parser : no dice, no valid sequence of frames found.
11-05 11:33:36.486 W/awplayer(14326): : Wav parser : no dice, no valid sequence of frames found.
11-05 11:33:36.486 W/awplayer(14326): : Wav parser : no dice, no valid sequence of frames found.
11-05 11:33:36.486 W/awplayer(14326): : Wav parser : no dice, no valid sequence of frames found.
11-05 11:33:36.486 W/awplayer(14326): : Wav parser : no dice, no valid sequence of frames found.
11-05 11:33:36.486 W/awplayer(14326): : Wav parser : no dice, no valid sequence of frames found.
11-05 11:33:36.489 E/MetadataRetrieverClient(14326): failed to extract an album art
11-05 11:33:36.491 E/MediaMetadataRetrieverJNI( 2649): getEmbeddedPicture: Call to getEmbeddedPicture failed.
11-05 11:33:36.493 W/System.err( 2649): java.lang.NullPointerException: Attempt to invoke virtual method 'boolean android.graphics.Bitmap.compress(android.graphics.Bitmap$CompressFormat, int, java.io.OutputStream)' on a null object reference
11-05 11:33:36.494 W/System.err( 2649): at com.lerad.lerad_base_util.glide.mp3.Mp3IconFetcher.bitmap2InputStream(Mp3IconFetcher.java:46)
11-05 11:33:36.494 W/System.err( 2649): at com.lerad.lerad_base_util.glide.mp3.Mp3IconFetcher.loadData(Mp3IconFetcher.java:36)
11-05 11:33:36.494 W/System.err( 2649): at com.bumptech.glide.load.engine.SourceGenerator.startNext(SourceGenerator.java:62)
11-05 11:33:36.494 W/System.err( 2649): at com.bumptech.glide.load.engine.DecodeJob.runGenerators(DecodeJob.java:302)
11-05 11:33:36.494 W/System.err( 2649): at com.bumptech.glide.load.engine.DecodeJob.runWrapped(DecodeJob.java:272)
11-05 11:33:36.494 W/System.err( 2649): at com.bumptech.glide.load.engine.DecodeJob.run(DecodeJob.java:233)
11-05 11:33:36.494 W/System.err( 2649): at java.util.concurrent.ThreadPoolExecutor.runWorker(ThreadPoolExecutor.java:1167)
11-05 11:33:36.494 W/System.err( 2649): at java.util.concurrent.ThreadPoolExecutor$Worker.run(ThreadPoolExecutor.java:641)
11-05 11:33:36.494 W/System.err( 2649): at java.lang.Thread.run(Thread.java:920)
11-05 11:33:36.494 W/System.err( 2649): at com.bumptech.glide.load.engine.executor.GlideExecutor$DefaultThreadFactory$1.run(GlideExecutor.java:446)
11-05 11:33:36.495 W/Glide ( 2649): Load failed for com.lerad.lerad_base_util.glide.mp3.Mp3IconModel@42b40ae with size [128x160]
11-05 11:33:36.495 W/Glide ( 2649): class com.bumptech.glide.load.engine.GlideException: Failed to load resource
11-05 11:33:36.495 W/Glide ( 2649): There was 1 cause:
11-05 11:33:36.495 W/Glide ( 2649): java.lang.NullPointerException(Attempt to invoke virtual method 'boolean android.graphics.Bitmap.compress(android.graphics.Bitmap$CompressFormat, int, java.io.OutputStream)' on a null object reference)
11-05 11:33:36.495 W/Glide ( 2649): call GlideException#logRootCauses(String) for more detail
11-05 11:33:36.495 W/Glide ( 2649): Cause (1 of 1): class com.bumptech.glide.load.engine.GlideException: Fetching data failed, class java.io.InputStream, LOCAL
11-05 11:33:36.495 W/Glide ( 2649): There was 1 cause:
11-05 11:33:36.495 W/Glide ( 2649): java.lang.NullPointerException(Attempt to invoke virtual method 'boolean android.graphics.Bitmap.compress(android.graphics.Bitmap$CompressFormat, int, java.io.OutputStream)' on a null object reference)
11-05 11:33:36.495 W/Glide ( 2649): call GlideException#logRootCauses(String) for more detail
11-05 11:33:36.495 W/Glide ( 2649): Cause (1 of 1): class java.lang.NullPointerException: Attempt to invoke virtual method 'boolean android.graphics.Bitmap.compress(android.graphics.Bitmap$CompressFormat, int, java.io.OutputStream)' on a null object reference
11-05 11:33:36.495 I/Glide ( 2649): Root cause (1 of 1)
11-05 11:33:36.495 I/Glide ( 2649): java.lang.NullPointerException: Attempt to invoke virtual method 'boolean android.graphics.Bitmap.compress(android.graphics.Bitmap$CompressFormat, int, java.io.OutputStream)' on a null object reference
11-05 11:33:36.495 I/Glide ( 2649): at com.lerad.lerad_base_util.glide.mp3.Mp3IconFetcher.bitmap2InputStream(Mp3IconFetcher.java:46)
11-05 11:33:36.495 I/Glide ( 2649): at com.lerad.lerad_base_util.glide.mp3.Mp3IconFetcher.loadData(Mp3IconFetcher.java:36)
11-05 11:33:36.495 I/Glide ( 2649): at com.bumptech.glide.load.engine.SourceGenerator.startNext(SourceGenerator.java:62)
11-05 11:33:36.495 I/Glide ( 2649): at com.bumptech.glide.load.engine.DecodeJob.runGenerators(DecodeJob.java:302)
11-05 11:33:36.495 I/Glide ( 2649): at com.bumptech.glide.load.engine.DecodeJob.runWrapped(DecodeJob.java:272)
11-05 11:33:36.495 I/Glide ( 2649): at com.bumptech.glide.load.engine.DecodeJob.run(DecodeJob.java:233)
11-05 11:33:36.495 I/Glide ( 2649): at java.util.concurrent.ThreadPoolExecutor.runWorker(ThreadPoolExecutor.java:1167)
11-05 11:33:36.495 I/Glide ( 2649): at java.util.concurrent.ThreadPoolExecutor$Worker.run(ThreadPoolExecutor.java:641)
11-05 11:33:36.495 I/Glide ( 2649): at java.lang.Thread.run(Thread.java:920)
11-05 11:33:36.495 I/Glide ( 2649): at com.bumptech.glide.load.engine.executor.GlideExecutor$DefaultThreadFactory$1.run(GlideExecutor.java:446)
11-05 11:33:36.553 W/awplayer(14326): : Wav parser : no dice, no valid sequence of frames found.
11-05 11:33:36.553 W/awplayer(14326): : Wav parser : no dice, no valid sequence of frames found.
11-05 11:33:36.553 W/awplayer(14326): : Wav parser : no dice, no valid sequence of frames found.
11-05 11:33:36.553 W/awplayer(14326): : Wav parser : no dice, no valid sequence of frames found.
11-05 11:33:36.553 W/awplayer(14326): : Wav parser : no dice, no valid sequence of frames found.
11-05 11:33:36.553 W/awplayer(14326): : Wav parser : no dice, no valid sequence of frames found.
11-05 11:33:36.553 W/awplayer(14326): : Wav parser : no dice, no valid sequence of frames found.
11-05 11:33:36.553 W/awplayer(14326): : Wav parser : no dice, no valid sequence of frames found.
11-05 11:33:36.553 W/awplayer(14326): : Wav parser : no dice, no valid sequence of frames found.
11-05 11:33:36.553 W/awplayer(14326): : Wav parser : no dice, no valid sequence of frames found.
11-05 11:33:36.553 W/awplayer(14326): : Wav parser : no dice, no valid sequence of frames found.
11-05 11:33:36.553 W/awplayer(14326): : Wav parser : no dice, no valid sequence of frames found.
11-05 11:33:36.553 W/awplayer(14326): : Wav parser : no dice, no valid sequence of frames found.
11-05 11:33:36.553 W/awplayer(14326): : Wav parser : no dice, no valid sequence of frames found.
11-05 11:33:36.553 W/awplayer(14326): : Wav parser : no dice, no valid sequence of frames found.
11-05 11:33:36.553 W/awplayer(14326): : Wav parser : no dice, no valid sequence of frames found.
11-05 11:33:36.553 W/awplayer(14326): : Wav parser : no dice, no valid sequence of frames found.
11-05 11:33:36.553 W/awplayer(14326): : Wav parser : no dice, no valid sequence of frames found.
11-05 11:33:36.553 W/awplayer(14326): : Wav parser : no dice, no valid sequence of frames found.
11-05 11:33:36.553 W/awplayer(14326): : Wav parser : no dice, no valid sequence of frames found.
11-05 11:33:36.553 W/awplayer(14326): : Wav parser : no dice, no valid sequence of frames found.
11-05 11:33:36.553 W/awplayer(14326): : Wav parser : no dice, no valid sequence of frames found.
11-05 11:33:36.553 W/awplayer(14326): : Wav parser : no dice, no valid sequence of frames found.
11-05 11:33:36.553 W/awplayer(14326): : Wav parser : no dice, no valid sequence of frames found.
11-05 11:33:36.553 W/awplayer(14326): : Wav parser : no dice, no valid sequence of frames found.
11-05 11:33:36.553 W/awplayer(14326): : Wav parser : no dice, no valid sequence of frames found.
11-05 11:33:36.554 W/awplayer(14326): : Wav parser : no dice, no valid sequence of frames found.
11-05 11:33:36.554 W/awplayer(14326): : Wav parser : no dice, no valid sequence of frames found.
11-05 11:33:36.554 W/awplayer(14326): : Wav parser : no dice, no valid sequence of frames found.
11-05 11:33:36.554 W/awplayer(14326): : Wav parser : no dice, no valid sequence of frames found.
11-05 11:33:36.554 W/awplayer(14326): : Wav parser : no dice, no valid sequence of frames found.
11-05 11:33:36.554 W/awplayer(14326): : Wav parser : no dice, no valid sequence of frames found.
11-05 11:33:36.554 W/awplayer(14326): : Wav parser : no dice, no valid sequence of frames found.
11-05 11:33:36.555 W/awplayer(14326): : Wav parser : no dice, no valid sequence of frames found.
11-05 11:33:36.556 W/awplayer(14326): : Wav parser : no dice, no valid sequence of frames found.
11-05 11:33:36.557 W/awplayer(14326): : Wav parser : no dice, no valid sequence of frames found.
11-05 11:33:36.557 W/awplayer(14326): : Wav parser : no dice, no valid sequence of frames found.
11-05 11:33:36.557 W/awplayer(14326): : Wav parser : no dice, no valid sequence of frames found.
11-05 11:33:36.557 W/awplayer(14326): : Wav parser : no dice, no valid sequence of frames found.
11-05 11:33:36.557 W/awplayer(14326): : Wav parser : no dice, no valid sequence of frames found.
11-05 11:33:36.559 W/awplayer(14326): : Wav parser : no dice, no valid sequence of frames found.
11-05 11:33:36.559 W/awplayer(14326): : Wav parser : no dice, no valid sequence of frames found.
11-05 11:33:36.559 W/awplayer(14326): : Wav parser : no dice, no valid sequence of frames found.
11-05 11:33:36.559 W/awplayer(14326): : Wav parser : no dice, no valid sequence of frames found.
11-05 11:33:36.559 W/awplayer(14326): : Wav parser : no dice, no valid sequence of frames found.
11-05 11:33:36.559 W/awplayer(14326): : Wav parser : no dice, no valid sequence of frames found.
11-05 11:33:36.559 W/awplayer(14326): : Wav parser : no dice, no valid sequence of frames found.
11-05 11:33:36.559 W/awplayer(14326): : Wav parser : no dice, no valid sequence of frames found.
11-05 11:33:36.560 W/awplayer(14326): : Wav parser : no dice, no valid sequence of frames found.
11-05 11:33:36.567 W/MediaProvider( 1056): Failed to fetch original file descriptor
11-05 11:33:36.567 W/MediaProvider( 1056): java.io.FileNotFoundException: Input file descriptor is already original
11-05 11:33:36.567 W/MediaProvider( 1056): at com.android.providers.media.MediaProvider.getOriginalMediaFormatFileDescriptor(MediaProvider.java:5774)
11-05 11:33:36.567 W/MediaProvider( 1056): at com.android.providers.media.MediaProvider.openTypedAssetFileCommon(MediaProvider.java:7190)
11-05 11:33:36.567 W/MediaProvider( 1056): at com.android.providers.media.MediaProvider.openTypedAssetFile(MediaProvider.java:7171)
11-05 11:33:36.567 W/MediaProvider( 1056): at android.content.ContentProvider$Transport.openTypedAssetFile(ContentProvider.java:548)
11-05 11:33:36.567 W/MediaProvider( 1056): at android.content.ContentProviderNative.onTransact(ContentProviderNative.java:327)
11-05 11:33:36.567 W/MediaProvider( 1056): at android.os.Binder.execTransactInternal(Binder.java:1184)
11-05 11:33:36.567 W/MediaProvider( 1056): at android.os.Binder.execTransact(Binder.java:1143)
11-05 11:33:36.568 E/MetadataRetrieverClient(14326): failed to extract an album art
11-05 11:33:36.568 E/MediaMetadataRetrieverJNI( 2649): getEmbeddedPicture: Call to getEmbeddedPicture failed.
11-05 11:33:36.569 W/System.err( 2649): java.lang.NullPointerException: Attempt to invoke virtual method 'boolean android.graphics.Bitmap.compress(android.graphics.Bitmap$CompressFormat, int, java.io.OutputStream)' on a null object reference
11-05 11:33:36.570 W/System.err( 2649): at com.lerad.lerad_base_util.glide.mp3.Mp3IconFetcher.bitmap2InputStream(Mp3IconFetcher.java:46)
11-05 11:33:36.570 W/System.err( 2649): at com.lerad.lerad_base_util.glide.mp3.Mp3IconFetcher.loadData(Mp3IconFetcher.java:36)
11-05 11:33:36.570 W/System.err( 2649): at com.bumptech.glide.load.engine.SourceGenerator.startNext(SourceGenerator.java:62)
11-05 11:33:36.570 W/System.err( 2649): at com.bumptech.glide.load.engine.DecodeJob.runGenerators(DecodeJob.java:302)
11-05 11:33:36.571 W/System.err( 2649): at com.bumptech.glide.load.engine.DecodeJob.runWrapped(DecodeJob.java:272)
11-05 11:33:36.571 W/System.err( 2649): at com.bumptech.glide.load.engine.DecodeJob.run(DecodeJob.java:233)
11-05 11:33:36.571 W/System.err( 2649): at java.util.concurrent.ThreadPoolExecutor.runWorker(ThreadPoolExecutor.java:1167)
11-05 11:33:36.571 W/System.err( 2649): at java.util.concurrent.ThreadPoolExecutor$Worker.run(ThreadPoolExecutor.java:641)
11-05 11:33:36.571 W/System.err( 2649): at java.lang.Thread.run(Thread.java:920)
11-05 11:33:36.571 W/System.err( 2649): at com.bumptech.glide.load.engine.executor.GlideExecutor$DefaultThreadFactory$1.run(GlideExecutor.java:446)
11-05 11:33:36.573 D/MediaPlayerFactory(14326): Initialize getpersist = 0 value=
11-05 11:33:36.579 E/MetadataRetrieverClient(14326): failed to extract an album art
11-05 11:33:36.579 E/MediaMetadataRetrieverJNI( 2649): getEmbeddedPicture: Call to getEmbeddedPicture failed.
11-05 11:33:36.580 W/System.err( 2649): java.lang.NullPointerException: Attempt to invoke virtual method 'boolean android.graphics.Bitmap.compress(android.graphics.Bitmap$CompressFormat, int, java.io.OutputStream)' on a null object reference
11-05 11:33:36.581 W/System.err( 2649): at com.lerad.lerad_base_util.glide.mp3.Mp3IconFetcher.bitmap2InputStream(Mp3IconFetcher.java:46)
11-05 11:33:36.581 W/System.err( 2649): at com.lerad.lerad_base_util.glide.mp3.Mp3IconFetcher.loadData(Mp3IconFetcher.java:36)
11-05 11:33:36.581 W/System.err( 2649): at com.bumptech.glide.load.engine.SourceGenerator.startNext(SourceGenerator.java:62)
11-05 11:33:36.581 W/System.err( 2649): at com.bumptech.glide.load.engine.DecodeJob.runGenerators(DecodeJob.java:302)
11-05 11:33:36.581 W/System.err( 2649): at com.bumptech.glide.load.engine.DecodeJob.runWrapped(DecodeJob.java:272)
11-05 11:33:36.581 W/System.err( 2649): at com.bumptech.glide.load.engine.DecodeJob.run(DecodeJob.java:233)
11-05 11:33:36.581 W/System.err( 2649): at java.util.concurrent.ThreadPoolExecutor.runWorker(ThreadPoolExecutor.java:1167)
11-05 11:33:36.581 W/System.err( 2649): at java.util.concurrent.ThreadPoolExecutor$Worker.run(ThreadPoolExecutor.java:641)
11-05 11:33:36.581 W/System.err( 2649): at java.lang.Thread.run(Thread.java:920)
11-05 11:33:36.581 W/System.err( 2649): at com.bumptech.glide.load.engine.executor.GlideExecutor$DefaultThreadFactory$1.run(GlideExecutor.java:446)
11-05 11:33:36.581 W/Glide ( 2649): Load failed for com.lerad.lerad_base_util.glide.mp3.Mp3IconModel@20eaae5 with size [128x160]
11-05 11:33:36.581 W/Glide ( 2649): class com.bumptech.glide.load.engine.GlideException: Failed to load resource
11-05 11:33:36.581 W/Glide ( 2649): There was 1 cause:
11-05 11:33:36.581 W/Glide ( 2649): java.lang.NullPointerException(Attempt to invoke virtual method 'boolean android.graphics.Bitmap.compress(android.graphics.Bitmap$CompressFormat, int, java.io.OutputStream)' on a null object reference)
11-05 11:33:36.581 W/Glide ( 2649): call GlideException#logRootCauses(String) for more detail
11-05 11:33:36.581 W/Glide ( 2649): Cause (1 of 1): class com.bumptech.glide.load.engine.GlideException: Fetching data failed, class java.io.InputStream, LOCAL
11-05 11:33:36.581 W/Glide ( 2649): There was 1 cause:
11-05 11:33:36.581 W/Glide ( 2649): java.lang.NullPointerException(Attempt to invoke virtual method 'boolean android.graphics.Bitmap.compress(android.graphics.Bitmap$CompressFormat, int, java.io.OutputStream)' on a null object reference)
11-05 11:33:36.581 W/Glide ( 2649): call GlideException#logRootCauses(String) for more detail
11-05 11:33:36.581 W/Glide ( 2649): Cause (1 of 1): class java.lang.NullPointerException: Attempt to invoke virtual method 'boolean android.graphics.Bitmap.compress(android.graphics.Bitmap$CompressFormat, int, java.io.OutputStream)' on a null object reference
11-05 11:33:36.582 I/Glide ( 2649): Root cause (1 of 1)
11-05 11:33:36.582 I/Glide ( 2649): java.lang.NullPointerException: Attempt to invoke virtual method 'boolean android.graphics.Bitmap.compress(android.graphics.Bitmap$CompressFormat, int, java.io.OutputStream)' on a null object reference
11-05 11:33:36.582 I/Glide ( 2649): at com.lerad.lerad_base_util.glide.mp3.Mp3IconFetcher.bitmap2InputStream(Mp3IconFetcher.java:46)
11-05 11:33:36.582 I/Glide ( 2649): at com.lerad.lerad_base_util.glide.mp3.Mp3IconFetcher.loadData(Mp3IconFetcher.java:36)
11-05 11:33:36.582 I/Glide ( 2649): at com.bumptech.glide.load.engine.SourceGenerator.startNext(SourceGenerator.java:62)
11-05 11:33:36.582 I/Glide ( 2649): at com.bumptech.glide.load.engine.DecodeJob.runGenerators(DecodeJob.java:302)
11-05 11:33:36.582 I/Glide ( 2649): at com.bumptech.glide.load.engine.DecodeJob.runWrapped(DecodeJob.java:272)
11-05 11:33:36.582 I/Glide ( 2649): at com.bumptech.glide.load.engine.DecodeJob.run(DecodeJob.java:233)
11-05 11:33:36.582 I/Glide ( 2649): at java.util.concurrent.ThreadPoolExecutor.runWorker(ThreadPoolExecutor.java:1167)
11-05 11:33:36.582 I/Glide ( 2649): at java.util.concurrent.ThreadPoolExecutor$Worker.run(ThreadPoolExecutor.java:641)
11-05 11:33:36.582 I/Glide ( 2649): at java.lang.Thread.run(Thread.java:920)
11-05 11:33:36.582 I/Glide ( 2649): at com.bumptech.glide.load.engine.executor.GlideExecutor$DefaultThreadFactory$1.run(GlideExecutor.java:446)
11-05 11:33:36.584 W/Glide ( 2649): Load failed for com.lerad.lerad_base_util.glide.mp3.Mp3IconModel@2c7f874 with size [128x160]
11-05 11:33:36.584 W/Glide ( 2649): class com.bumptech.glide.load.engine.GlideException: Failed to load resource
11-05 11:33:36.584 W/Glide ( 2649): There was 1 cause:
11-05 11:33:36.584 W/Glide ( 2649): java.lang.NullPointerException(Attempt to invoke virtual method 'boolean android.graphics.Bitmap.compress(android.graphics.Bitmap$CompressFormat, int, java.io.OutputStream)' on a null object reference)
11-05 11:33:36.584 W/Glide ( 2649): call GlideException#logRootCauses(String) for more detail
11-05 11:33:36.584 W/Glide ( 2649): Cause (1 of 1): class com.bumptech.glide.load.engine.GlideException: Fetching data failed, class java.io.InputStream, LOCAL
11-05 11:33:36.584 W/Glide ( 2649): There was 1 cause:
11-05 11:33:36.584 W/Glide ( 2649): java.lang.NullPointerException(Attempt to invoke virtual method 'boolean android.graphics.Bitmap.compress(android.graphics.Bitmap$CompressFormat, int, java.io.OutputStream)' on a null object reference)
11-05 11:33:36.584 W/Glide ( 2649): call GlideException#logRootCauses(String) for more detail
11-05 11:33:36.584 W/Glide ( 2649): Cause (1 of 1): class java.lang.NullPointerException: Attempt to invoke virtual method 'boolean android.graphics.Bitmap.compress(android.graphics.Bitmap$CompressFormat, int, java.io.OutputStream)' on a null object reference
11-05 11:33:36.585 I/Glide ( 2649): Root cause (1 of 1)
11-05 11:33:36.585 I/Glide ( 2649): java.lang.NullPointerException: Attempt to invoke virtual method 'boolean android.graphics.Bitmap.compress(android.graphics.Bitmap$CompressFormat, int, java.io.OutputStream)' on a null object reference
11-05 11:33:36.585 I/Glide ( 2649): at com.lerad.lerad_base_util.glide.mp3.Mp3IconFetcher.bitmap2InputStream(Mp3IconFetcher.java:46)
11-05 11:33:36.585 I/Glide ( 2649): at com.lerad.lerad_base_util.glide.mp3.Mp3IconFetcher.loadData(Mp3IconFetcher.java:36)
11-05 11:33:36.585 I/Glide ( 2649): at com.bumptech.glide.load.engine.SourceGenerator.startNext(SourceGenerator.java:62)
11-05 11:33:36.585 I/Glide ( 2649): at com.bumptech.glide.load.engine.DecodeJob.runGenerators(DecodeJob.java:302)
11-05 11:33:36.585 I/Glide ( 2649): at com.bumptech.glide.load.engine.DecodeJob.runWrapped(DecodeJob.java:272)
11-05 11:33:36.585 I/Glide ( 2649): at com.bumptech.glide.load.engine.DecodeJob.run(DecodeJob.java:233)
11-05 11:33:36.585 I/Glide ( 2649): at java.util.concurrent.ThreadPoolExecutor.runWorker(ThreadPoolExecutor.java:1167)
11-05 11:33:36.585 I/Glide ( 2649): at java.util.concurrent.ThreadPoolExecutor$Worker.run(ThreadPoolExecutor.java:641)
11-05 11:33:36.585 I/Glide ( 2649): at java.lang.Thread.run(Thread.java:920)
11-05 11:33:36.585 I/Glide ( 2649): at com.bumptech.glide.load.engine.executor.GlideExecutor$DefaultThreadFactory$1.run(GlideExecutor.java:446)
11-05 11:33:36.620 W/MediaProvider( 1056): Failed to fetch original file descriptor
11-05 11:33:36.620 W/MediaProvider( 1056): java.io.FileNotFoundException: Input file descriptor is already original
11-05 11:33:36.620 W/MediaProvider( 1056): at com.android.providers.media.MediaProvider.getOriginalMediaFormatFileDescriptor(MediaProvider.java:5774)
11-05 11:33:36.620 W/MediaProvider( 1056): at com.android.providers.media.MediaProvider.openTypedAssetFileCommon(MediaProvider.java:7190)
11-05 11:33:36.620 W/MediaProvider( 1056): at com.android.providers.media.MediaProvider.openTypedAssetFile(MediaProvider.java:7171)
11-05 11:33:36.620 W/MediaProvider( 1056): at android.content.ContentProvider$Transport.openTypedAssetFile(ContentProvider.java:548)
11-05 11:33:36.620 W/MediaProvider( 1056): at android.content.ContentProviderNative.onTransact(ContentProviderNative.java:327)
11-05 11:33:36.620 W/MediaProvider( 1056): at android.os.Binder.execTransactInternal(Binder.java:1184)
11-05 11:33:36.620 W/MediaProvider( 1056): at android.os.Binder.execTransact(Binder.java:1143)
11-05 11:33:36.621 D/MediaPlayerFactory(14326): Initialize getpersist = 0 value=
11-05 11:33:36.629 E/MetadataRetrieverClient(14326): failed to extract an album art
11-05 11:33:36.629 E/MediaMetadataRetrieverJNI( 2649): getEmbeddedPicture: Call to getEmbeddedPicture failed.
11-05 11:33:36.630 W/System.err( 2649): java.lang.NullPointerException: Attempt to invoke virtual method 'boolean android.graphics.Bitmap.compress(android.graphics.Bitmap$CompressFormat, int, java.io.OutputStream)' on a null object reference
11-05 11:33:36.636 W/System.err( 2649): at com.lerad.lerad_base_util.glide.mp3.Mp3IconFetcher.bitmap2InputStream(Mp3IconFetcher.java:46)
11-05 11:33:36.637 W/System.err( 2649): at com.lerad.lerad_base_util.glide.mp3.Mp3IconFetcher.loadData(Mp3IconFetcher.java:36)
11-05 11:33:36.637 W/System.err( 2649): at com.bumptech.glide.load.engine.SourceGenerator.startNext(SourceGenerator.java:62)
11-05 11:33:36.637 W/System.err( 2649): at com.bumptech.glide.load.engine.DecodeJob.runGenerators(DecodeJob.java:302)
11-05 11:33:36.637 W/System.err( 2649): at com.bumptech.glide.load.engine.DecodeJob.runWrapped(DecodeJob.java:272)
11-05 11:33:36.637 W/System.err( 2649): at com.bumptech.glide.load.engine.DecodeJob.run(DecodeJob.java:233)
11-05 11:33:36.637 W/System.err( 2649): at java.util.concurrent.ThreadPoolExecutor.runWorker(ThreadPoolExecutor.java:1167)
11-05 11:33:36.637 W/System.err( 2649): at java.util.concurrent.ThreadPoolExecutor$Worker.run(ThreadPoolExecutor.java:641)
11-05 11:33:36.637 W/System.err( 2649): at java.lang.Thread.run(Thread.java:920)
11-05 11:33:36.637 W/System.err( 2649): at com.bumptech.glide.load.engine.executor.GlideExecutor$DefaultThreadFactory$1.run(GlideExecutor.java:446)
11-05 11:33:36.639 W/Glide ( 2649): Load failed for com.lerad.lerad_base_util.glide.mp3.Mp3IconModel@2256a99 with size [128x160]
11-05 11:33:36.639 W/Glide ( 2649): class com.bumptech.glide.load.engine.GlideException: Failed to load resource
11-05 11:33:36.639 W/Glide ( 2649): There was 1 cause:
11-05 11:33:36.639 W/Glide ( 2649): java.lang.NullPointerException(Attempt to invoke virtual method 'boolean android.graphics.Bitmap.compress(android.graphics.Bitmap$CompressFormat, int, java.io.OutputStream)' on a null object reference)
11-05 11:33:36.639 W/Glide ( 2649): call GlideException#logRootCauses(String) for more detail
11-05 11:33:36.639 W/Glide ( 2649): Cause (1 of 1): class com.bumptech.glide.load.engine.GlideException: Fetching data failed, class java.io.InputStream, LOCAL
11-05 11:33:36.639 W/Glide ( 2649): There was 1 cause:
11-05 11:33:36.639 W/Glide ( 2649): java.lang.NullPointerException(Attempt to invoke virtual method 'boolean android.graphics.Bitmap.compress(android.graphics.Bitmap$CompressFormat, int, java.io.OutputStream)' on a null object reference)
11-05 11:33:36.639 W/Glide ( 2649): call GlideException#logRootCauses(String) for more detail
11-05 11:33:36.639 W/Glide ( 2649): Cause (1 of 1): class java.lang.NullPointerException: Attempt to invoke virtual method 'boolean android.graphics.Bitmap.compress(android.graphics.Bitmap$CompressFormat, int, java.io.OutputStream)' on a null object reference
11-05 11:33:36.641 I/Glide ( 2649): Root cause (1 of 1)
11-05 11:33:36.641 I/Glide ( 2649): java.lang.NullPointerException: Attempt to invoke virtual method 'boolean android.graphics.Bitmap.compress(android.graphics.Bitmap$CompressFormat, int, java.io.OutputStream)' on a null object reference
11-05 11:33:36.641 I/Glide ( 2649): at com.lerad.lerad_base_util.glide.mp3.Mp3IconFetcher.bitmap2InputStream(Mp3IconFetcher.java:46)
11-05 11:33:36.641 I/Glide ( 2649): at com.lerad.lerad_base_util.glide.mp3.Mp3IconFetcher.loadData(Mp3IconFetcher.java:36)
11-05 11:33:36.641 I/Glide ( 2649): at com.bumptech.glide.load.engine.SourceGenerator.startNext(SourceGenerator.java:62)
11-05 11:33:36.641 I/Glide ( 2649): at com.bumptech.glide.load.engine.DecodeJob.runGenerators(DecodeJob.java:302)
11-05 11:33:36.641 I/Glide ( 2649): at com.bumptech.glide.load.engine.DecodeJob.runWrapped(DecodeJob.java:272)
11-05 11:33:36.641 I/Glide ( 2649): at com.bumptech.glide.load.engine.DecodeJob.run(DecodeJob.java:233)
11-05 11:33:36.641 I/Glide ( 2649): at java.util.concurrent.ThreadPoolExecutor.runWorker(ThreadPoolExecutor.java:1167)
11-05 11:33:36.641 I/Glide ( 2649): at java.util.concurrent.ThreadPoolExecutor$Worker.run(ThreadPoolExecutor.java:641)
11-05 11:33:36.641 I/Glide ( 2649): at java.lang.Thread.run(Thread.java:920)
11-05 11:33:36.641 I/Glide ( 2649): at com.bumptech.glide.load.engine.executor.GlideExecutor$DefaultThreadFactory$1.run(GlideExecutor.java:446)
11-05 11:33:36.734 W/IorapForwardingService( 480): No service published for: iorapd
11-05 11:33:36.935 D/hdmi-cec( 265): receive invalid cec message!
11-05 11:33:36.935 D/hdmi-cec( 265): receive poll message [04], skip!
11-05 11:33:37.103 E/dangbei111( 1064): cccccc 检查遥控器是否连接: Dangbei C9:B5:96:5C:E3:CB
11-05 11:33:37.111 E/dangbei111( 1064): cccccc 检查遥控器是否连接: 蓝牙的结果 Dangbei C9:B5:96:5C:E3:CB true
11-05 11:33:37.111 E/dangbei111( 1064): cccccc 确实有遥控器 存在 取消check任务
11-05 11:33:37.138 E/dangbei111( 1064): cccccc 尝试 stopBleScan
11-05 11:33:37.146 D/BluetoothAdapter( 1064): isLeEnabled(): ON
11-05 11:33:37.146 D/BluetoothLeScanner( 1064): could not find callback wrapper
11-05 11:33:37.146 E/dangbei111( 1064): cccccc stopBleScanInner null
11-05 11:33:37.146 E/dangbei111( 1064): cccccc rc is connected, stop scan =C9:B5:96:5C:E3:CB
11-05 11:33:37.202 D/MediaPlayerFactory(14326): Initialize getpersist = 0 value=
11-05 11:33:37.318 I/BLEAudioDrive_HV410( 248): data len: 9 1
11-05 11:33:37.319 D/TvWindowManager( 480): key event key = KEYCODE_BACK down = true
11-05 11:33:37.335 D/GpioService( 480): mFlickerEnable = true
11-05 11:33:37.386 I/BLEAudioDrive_HV410( 248): data len: 9 1
11-05 11:33:37.386 I/BLEAudioDrive_HV410( 248): keyboard stop
11-05 11:33:37.387 D/TvWindowManager( 480): key event key = KEYCODE_BACK down = false
11-05 11:33:37.393 E/TaskPersister( 480): File error accessing recents directory (directory doesn't exist?).
11-05 11:33:37.395 D/AutofillManagerService( 480): onBackKeyPressed()
11-05 11:33:37.470 D/GpioService( 480): mFlickerEnable = true
11-05 11:33:37.473 I/SogouIME( 3502): onKeyDown: keyoCode=4
11-05 11:33:37.473 I/DefaultIMS( 3502): onKeyDown: keyoCode=4
11-05 11:33:37.479 I/SogouIME( 3502): onKeyUp: keyoCode=4
11-05 11:33:37.479 I/DefaultIMS( 3502): onKeyUp: keyoCode=4
11-05 11:33:37.484 I/gralloc ( 257): alloc buffer:W:1920 H:1080 S:1920 PL[1920 1080] SZ:8294400 fmt:1 if:0 af:1 usg:b66 fg:00000004
11-05 11:33:37.513 D/AW_CODE ( 480): rotation =0
11-05 11:33:37.522 I/BpBinder( 278): onLastStrongRef automatically unlinking death recipients:
11-05 11:33:37.547 E/hq_file ( 2649): startActivity:onStart
11-05 11:33:37.550 E/hq_file ( 2649): loadData:path:/storage/02E24445E2443EE3
11-05 11:33:37.550 E/hq_file ( 2649): loadData:name:meida
11-05 11:33:37.550 E/hq_file ( 2649): loadData:canRead:true
11-05 11:33:37.550 E/hq_file ( 2649): loadData:isExsit:true
11-05 11:33:37.550 E/hq_file ( 2649): loadData:islocalUsb:false
11-05 11:33:37.553 E/hq_file ( 2649): startActivity:onResume
11-05 11:33:37.577 I/gralloc ( 257): alloc buffer:W:1920 H:1080 S:1920 PL[1920 1080] SZ:8294400 fmt:1 if:0 af:1 usg:20000b00 fg:00000004
11-05 11:33:37.593 I/gralloc ( 257): alloc buffer:W:1920 H:1080 S:1920 PL[1920 1080] SZ:8294400 fmt:1 if:0 af:1 usg:20000b00 fg:00000004
11-05 11:33:37.619 I/gralloc ( 257): alloc buffer:W:1920 H:1080 S:1920 PL[1920 1080] SZ:8294400 fmt:1 if:0 af:1 usg:20000b00 fg:00000004
11-05 11:33:37.623 D/TvPipController( 688): onTaskStackChanged()
11-05 11:33:37.710 I/DefaultIMS( 3502): onStartInput attribute=android.view.inputmethod.EditorInfo@c763bd0 restarting=false inputType: 0
11-05 11:33:37.725 I/ndroid.systemu( 688): NativeAlloc concurrent copying GC freed 7178(425KB) AllocSpace objects, 0(0B) LOS objects, 49% free, 3708KB/7416KB, paused 312us total 189.500ms
11-05 11:33:37.728 W/System ( 688): A resource failed to call release.
11-05 11:33:37.728 W/System ( 688): A resource failed to call close.
11-05 11:33:37.729 W/System ( 688): A resource failed to call close.
11-05 11:33:37.740 W/IorapForwardingService( 480): No service published for: iorapd
11-05 11:33:37.872 E/WifiHAL ( 663): wifi_get_link_stats: requestResponse Error:-5
11-05 11:33:37.875 E/WifiVendorHal( 480): getWifiLinkLayerStats_1_5_Internal(l.1191) failed {.code = ERROR_INVALID_ARGS, .description = }
11-05 11:33:38.125 W/MediaProvider( 1056): isAppCloneUserPair for user -1: false
11-05 11:33:38.150 W/MediaProvider( 1056): isAppCloneUserPair for user -1: false
11-05 11:33:38.166 W/MediaProvider( 1056): isAppCloneUserPair for user -1: false
11-05 11:33:38.170 W/.filemanager.o( 2649): Accessing hidden field Landroid/view/inputmethod/InputMethodManager;->mCurRootView:Landroid/view/ViewRootImpl; (blocked, reflection, denied)
11-05 11:33:38.182 W/MediaProvider( 1056): isAppCloneUserPair for user -1: false
11-05 11:33:38.209 W/MediaProvider( 1056): isAppCloneUserPair for user -1: false
11-05 11:33:38.303 D/MediaPlayerFactory(14326): Initialize getpersist = 0 value=
11-05 11:33:38.385 D/MediaPlayerFactory(14326): Initialize getpersist = 0 value=
11-05 11:33:38.432 D/MediaPlayerFactory(14326): Initialize getpersist = 0 value=
11-05 11:33:38.465 D/MediaPlayerFactory(14326): Initialize getpersist = 0 value=
11-05 11:33:38.499 I/.filemanager.o( 2649): Explicit concurrent copying GC freed 44340(2219KB) AllocSpace objects, 8(476KB) LOS objects, 49% free, 14MB/29MB, paused 308us total 307.681ms
11-05 11:33:38.500 I/BLEAudioDrive_HV410( 248): data len: 9 1
11-05 11:33:38.501 D/TvWindowManager( 480): key event key = KEYCODE_DPAD_LEFT down = true
11-05 11:33:38.516 I/cedarc (14326): : not malloc locks
11-05 11:33:38.524 D/MediaPlayerFactory(14326): Initialize getpersist = 0 value=
11-05 11:33:38.525 I/cedarc (14326): : *** ic_version = 0x3301000012011,
11-05 11:33:38.535 D/GpioService( 480): mFlickerEnable = true
11-05 11:33:38.548 I/cedarc (14326): : not malloc locks
11-05 11:33:38.566 D/MediaPlayerFactory(14326): Initialize getpersist = 0 value=
11-05 11:33:38.567 I/cedarc (14326): : *** ic_version = 0x3301000012011,
11-05 11:33:38.608 I/cedarc (14326): : not malloc locks
11-05 11:33:38.616 W/MediaProvider( 1056): isAppCloneUserPair for user -1: false
11-05 11:33:38.635 I/BLEAudioDrive_HV410( 248): data len: 9 1
11-05 11:33:38.635 D/TvWindowManager( 480): key event key = KEYCODE_DPAD_LEFT down = false
11-05 11:33:38.637 I/BLEAudioDrive_HV410( 248): keyboard stop
11-05 11:33:38.642 W/MediaProvider( 1056): isAppCloneUserPair for user -1: false
11-05 11:33:38.651 W/MediaProvider( 1056): isAppCloneUserPair for user -1: false
11-05 11:33:38.662 W/MediaProvider( 1056): isAppCloneUserPair for user -1: false
11-05 11:33:38.673 I/system_server( 480): NativeAlloc concurrent copying GC freed 230347(7696KB) AllocSpace objects, 2(72KB) LOS objects, 49% free, 12MB/24MB, paused 439us total 478.150ms
11-05 11:33:38.673 W/MediaProvider( 1056): isAppCloneUserPair for user -1: false
11-05 11:33:38.684 W/MediaProvider( 1056): isAppCloneUserPair for user -1: false
11-05 11:33:38.685 W/System ( 480): A resource failed to call close.
11-05 11:33:38.695 W/MediaProvider( 1056): isAppCloneUserPair for user -1: false
11-05 11:33:38.704 W/MediaProvider( 1056): isAppCloneUserPair for user -1: false
11-05 11:33:38.712 W/MediaProvider( 1056): isAppCloneUserPair for user -1: false
11-05 11:33:38.726 D/MediaPlayerFactory(14326): Initialize getpersist = 0 value=
11-05 11:33:38.727 I/cedarc (14326): : *** ic_version = 0x3301000012011,
11-05 11:33:38.746 W/IorapForwardingService( 480): No service published for: iorapd
11-05 11:33:38.776 I/cedarc (14326): : not malloc locks
11-05 11:33:38.780 D/MediaPlayerFactory(14326): Initialize getpersist = 0 value=
11-05 11:33:38.780 I/cedarc (14326): : *** ic_version = 0x3301000012011,
11-05 11:33:38.797 I/.filemanager.o( 2649): Explicit concurrent copying GC freed 4896(399KB) AllocSpace objects, 0(0B) LOS objects, 49% free, 14MB/28MB, paused 174us total 285.254ms
11-05 11:33:38.801 I/cedarc (14326): : not malloc locks
11-05 11:33:38.810 W/MediaProvider( 1056): isAppCloneUserPair for user -1: false
11-05 11:33:38.818 W/MediaProvider( 1056): isAppCloneUserPair for user -1: false
