11-05 11:33:38.837 D/StrictMode( 2649): StrictMode policy violation: android.os.strictmode.InstanceCountViolation: class com.dangbei.lerad.filemanager.ui.info.ManagerFileListActivity; instances=20; limit=2
11-05 11:33:38.837 D/StrictMode( 2649): at android.os.StrictMode.setClassInstanceLimit(StrictMode.java:1)
11-05 11:33:38.839 W/InputManager-JNI( 480): Input channel object '13c01b2 com.tv.filemanager.os/com.dangbei.lerad.filemanager.ui.info.ManagerFileListActivity (client)' was disposed without first being removed with the input manager!
11-05 11:33:38.844 I/Choreographer( 2649): Skipped 44 frames! The application may be doing too much work on its main thread.
11-05 11:33:38.844 I/SogouIME( 3502): onKeyDown: keyoCode=21
11-05 11:33:38.844 I/DefaultIMS( 3502): onKeyDown: keyoCode=21
11-05 11:33:38.851 I/SogouIME( 3502): onKeyUp: keyoCode=21
11-05 11:33:38.851 I/DefaultIMS( 3502): onKeyUp: keyoCode=21
11-05 11:33:38.879 I/DefaultIMS( 3502): onStartInput attribute=android.view.inputmethod.EditorInfo@470fe0b restarting=false inputType: 0
11-05 11:33:38.928 D/MediaPlayerFactory(14326): Initialize getpersist = 0 value=
11-05 11:33:38.928 I/cedarc (14326): : *** ic_version = 0x3301000012011,
11-05 11:33:38.939 D/TvWindowManager( 480): key event key = KEYCODE_DPAD_LEFT down = true
11-05 11:33:38.940 I/BLEAudioDrive_HV410( 248): data len: 9 1
11-05 11:33:38.948 D/GpioService( 480): mFlickerEnable = true
11-05 11:33:38.950 I/SogouIME( 3502): onKeyDown: keyoCode=21
11-05 11:33:38.950 I/DefaultIMS( 3502): onKeyDown: keyoCode=21
11-05 11:33:38.966 I/DefaultIMS( 3502): onStartInput attribute=android.view.inputmethod.EditorInfo@905b4e8 restarting=false inputType: 0
11-05 11:33:38.967 E/awplayer(14326): :  read error
at pos(714f26f)
11-05 11:33:38.967 E/awplayer(14326): : Invalid id(0) at pos (0x714f26f)
11-05 11:33:38.977 I/cedarc (14326): : not malloc locks
11-05 11:33:38.986 D/MediaPlayerFactory(14326): Initialize getpersist = 0 value=
11-05 11:33:38.986 I/cedarc (14326): : *** ic_version = 0x3301000012011,
11-05 11:33:39.000 W/awplayer(14326): : cannot support this atom: 55b0
11-05 11:33:39.039 I/BLEAudioDrive_HV410( 248): data len: 9 1
11-05 11:33:39.040 I/BLEAudioDrive_HV410( 248): keyboard stop
11-05 11:33:39.040 I/cedarc (14326): : not malloc locks
11-05 11:33:39.040 D/TvWindowManager( 480): key event key = KEYCODE_DPAD_LEFT down = false
11-05 11:33:39.045 I/SogouIME( 3502): onKeyUp: keyoCode=21
11-05 11:33:39.045 I/DefaultIMS( 3502): onKeyUp: keyoCode=21
11-05 11:33:39.054 D/MediaPlayerFactory(14326): Initialize getpersist = 0 value=
11-05 11:33:39.055 I/cedarc (14326): : *** ic_version = 0x3301000012011,
11-05 11:33:39.085 I/cedarc (14326): : not malloc locks
11-05 11:33:39.094 D/MediaPlayerFactory(14326): Initialize getpersist = 0 value=
11-05 11:33:39.094 I/cedarc (14326): : *** ic_version = 0x3301000012011,
11-05 11:33:39.140 I/cedarc (14326): : not malloc locks
11-05 11:33:39.147 D/MediaPlayerFactory(14326): Initialize getpersist = 0 value=
11-05 11:33:39.148 I/cedarc (14326): : *** ic_version = 0x3301000012011,
11-05 11:33:39.193 I/cedarc (14326): : not malloc locks
11-05 11:33:39.200 D/MediaPlayerFactory(14326): Initialize getpersist = 0 value=
11-05 11:33:39.200 I/cedarc (14326): : *** ic_version = 0x3301000012011,
11-05 11:33:39.233 E/awplayer(14326): :  read error
at pos(887df53)
11-05 11:33:39.233 E/awplayer(14326): : Invalid id(0) at pos (0x887df53)
11-05 11:33:39.242 I/cedarc (14326): : not malloc locks
11-05 11:33:39.250 D/MediaPlayerFactory(14326): Initialize getpersist = 0 value=
11-05 11:33:39.250 I/cedarc (14326): : *** ic_version = 0x3301000012011,
11-05 11:33:39.288 I/cedarc (14326): : not malloc locks
11-05 11:33:39.298 D/MediaPlayerFactory(14326): Initialize getpersist = 0 value=
11-05 11:33:39.298 I/cedarc (14326): : *** ic_version = 0x3301000012011,
11-05 11:33:39.332 E/awplayer(14326): :  read error
at pos(29198e60)
11-05 11:33:39.332 E/awplayer(14326): : Invalid id(0) at pos (0x29198e60)
11-05 11:33:39.367 I/cedarc (14326): : not malloc locks
11-05 11:33:39.376 D/MediaPlayerFactory(14326): Initialize getpersist = 0 value=
11-05 11:33:39.376 I/cedarc (14326): : *** ic_version = 0x3301000012011,
11-05 11:33:39.405 E/awplayer(14326): :  read error
at pos(7122556)
11-05 11:33:39.405 E/awplayer(14326): : Invalid id(0) at pos (0x7122556)
11-05 11:33:39.421 I/cedarc (14326): : not malloc locks
11-05 11:33:39.435 D/MediaPlayerFactory(14326): Initialize getpersist = 0 value=
11-05 11:33:39.436 I/cedarc (14326): : *** ic_version = 0x3301000012011,
11-05 11:33:39.451 E/awplayer(14326): <__FileStreamSeek:259>: invalid arguments, offset(19572517), size(143451)
11-05 11:33:39.452 E/awplayer(14326): <__FileStreamSeek:273>: invalid arguments, offset(111630), size(143451), curPos(141683)
11-05 11:33:39.452 E/awplayer(14326): <__FileStreamSeek:273>: invalid arguments, offset(3677087530), size(143451), curPos(141413)
11-05 11:33:39.452 E/awplayer(14326): <__FileStreamSeek:273>: invalid arguments, offset(281474976710656), size(143451), curPos(141439)
11-05 11:33:39.452 W/awplayer(14326): : Read error at pos 141440(0x22880)
11-05 11:33:39.453 E/awplayer(14326): <__FileStreamSeek:273>: invalid arguments, offset(1023410176), size(143451), curPos(141448)
11-05 11:33:39.453 E/awplayer(14326): <__FileStreamSeek:273>: invalid arguments, offset(1599), size(143451), curPos(142128)
11-05 11:33:39.453 E/awplayer(14326): <__FileStreamSeek:273>: invalid arguments, offset(11305), size(143451), curPos(142174)
11-05 11:33:39.453 E/awplayer(14326): <__FileStreamSeek:273>: invalid arguments, offset(3059), size(143451), curPos(142177)
11-05 11:33:39.453 E/awplayer(14326): : Invalid EBML number size tag 0x7
at pos(0x22bdf)
11-05 11:33:39.454 E/awplayer(14326): <__FileStreamSeek:273>: invalid arguments, offset(5728), size(143451), curPos(142378)
11-05 11:33:39.454 E/awplayer(14326): <__FileStreamSeek:273>: invalid arguments, offset(7159), size(143451), curPos(142537)
11-05 11:33:39.454 E/awplayer(14326): <__FileStreamSeek:273>: invalid arguments, offset(9364), size(143451), curPos(142541)
11-05 11:33:39.454 E/awplayer(14326): <__FileStreamSeek:273>: invalid arguments, offset(8277), size(143451), curPos(142580)
11-05 11:33:39.454 E/awplayer(14326): <__FileStreamSeek:273>: invalid arguments, offset(6527), size(143451), curPos(142583)
11-05 11:33:39.454 E/awplayer(14326): <__FileStreamSeek:273>: invalid arguments, offset(16295), size(143451), curPos(142588)
11-05 11:33:39.454 W/awplayer(14326): : Read error at pos 142862(0x22e0e)
11-05 11:33:39.465 I/cedarc (14326): : not malloc locks
11-05 11:33:39.472 D/MediaPlayerFactory(14326): Initialize getpersist = 0 value=
11-05 11:33:39.473 I/cedarc (14326): : *** ic_version = 0x3301000012011,
11-05 11:33:39.515 I/cedarc (14326): : not malloc locks
11-05 11:33:39.527 D/MediaPlayerFactory(14326): Initialize getpersist = 0 value=
11-05 11:33:39.528 I/cedarc (14326): : *** ic_version = 0x3301000012011,
11-05 11:33:39.676 I/cedarc (14326): : not malloc locks
11-05 11:33:39.682 W/MediaProvider( 1056): isAppCloneUserPair for user -1: false
11-05 11:33:39.689 W/MediaProvider( 1056): isAppCloneUserPair for user -1: false
11-05 11:33:39.697 W/MediaProvider( 1056): isAppCloneUserPair for user -1: false
11-05 11:33:39.708 W/MediaProvider( 1056): isAppCloneUserPair for user -1: false
11-05 11:33:39.715 W/MediaProvider( 1056): isAppCloneUserPair for user -1: false
11-05 11:33:39.722 W/MediaProvider( 1056): isAppCloneUserPair for user -1: false
11-05 11:33:39.731 W/MediaProvider( 1056): isAppCloneUserPair for user -1: false
11-05 11:33:39.741 W/MediaProvider( 1056): isAppCloneUserPair for user -1: false
11-05 11:33:39.747 W/IorapForwardingService( 480): No service published for: iorapd
11-05 11:33:39.750 W/MediaProvider( 1056): isAppCloneUserPair for user -1: false
11-05 11:33:39.759 W/MediaProvider( 1056): isAppCloneUserPair for user -1: false
11-05 11:33:39.766 W/MediaProvider( 1056): isAppCloneUserPair for user -1: false
11-05 11:33:39.801 W/MediaProvider( 1056): isAppCloneUserPair for user -1: false
11-05 11:33:39.810 W/MediaProvider( 1056): isAppCloneUserPair for user -1: false
11-05 11:33:39.816 I/BLEAudioDrive_HV410( 248): data len: 9 1
11-05 11:33:39.816 D/TvWindowManager( 480): key event key = KEYCODE_DPAD_CENTER down = true
11-05 11:33:39.827 D/GpioService( 480): mFlickerEnable = true
11-05 11:33:39.863 D/MediaPlayerFactory(14326): Initialize getpersist = 0 value=
11-05 11:33:39.864 I/cedarc (14326): : *** ic_version = 0x3301000012011,
11-05 11:33:39.909 I/cedarc (14326): : not malloc locks
11-05 11:33:39.918 D/MediaPlayerFactory(14326): Initialize getpersist = 0 value=
11-05 11:33:39.918 I/cedarc (14326): : *** ic_version = 0x3301000012011,
11-05 11:33:39.942 I/BLEAudioDrive_HV410( 248): data len: 9 1
11-05 11:33:39.942 D/TvWindowManager( 480): key event key = KEYCODE_DPAD_CENTER down = false
11-05 11:33:39.943 I/BLEAudioDrive_HV410( 248): keyboard stop
11-05 11:33:39.952 I/cedarc (14326): : not malloc locks
11-05 11:33:39.967 D/GpioService( 480): mFlickerEnable = true
11-05 11:33:39.969 I/SogouIME( 3502): onKeyDown: keyoCode=23
11-05 11:33:39.970 I/DefaultIMS( 3502): onKeyDown: keyoCode=23
11-05 11:33:39.977 D/MediaPlayerFactory(14326): Initialize getpersist = 0 value=
11-05 11:33:39.978 I/cedarc (14326): : *** ic_version = 0x3301000012011,
11-05 11:33:39.983 I/SogouIME( 3502): onKeyUp: keyoCode=23
11-05 11:33:39.983 I/DefaultIMS( 3502): onKeyUp: keyoCode=23
11-05 11:33:39.994 I/ActivityStarter( 480): ---START u0 {cmp=com.tv.filemanager.os/com.dangbei.lerad.filemanager.ui.info.ManagerFileListActivity (has extras)} from uid 10054
11-05 11:33:40.003 I/AW_PowerHAL( 263): Power setMode: LAUNCH to: 1
11-05 11:33:40.017 W/ActivityTaskManager( 480): Tried to set launchTime (0) < mLastActivityLaunchTime (5778276)
11-05 11:33:40.018 D/AW_CODE ( 480): rotation =0
11-05 11:33:40.022 I/AW_PowerHAL( 263): cur-mode:LAUNCH
11-05 11:33:40.033 I/cedarc (14326): : not malloc locks
11-05 11:33:40.039 I/BpBinder( 278): onLastStrongRef automatically unlinking death recipients:
11-05 11:33:40.048 D/MediaPlayerFactory(14326): Initialize getpersist = 0 value=
11-05 11:33:40.048 I/cedarc (14326): : *** ic_version = 0x3301000012011,
11-05 11:33:40.052 D/ActivityTaskManager( 480): homlet: skip orientation settings: 0
11-05 11:33:40.098 I/cedarc (14326): : not malloc locks
11-05 11:33:40.104 W/MediaProvider( 1056): isAppCloneUserPair for user -1: false
11-05 11:33:40.114 W/MediaProvider( 1056): isAppCloneUserPair for user -1: false
11-05 11:33:40.121 W/MediaProvider( 1056): isAppCloneUserPair for user -1: false
11-05 11:33:40.129 W/MediaProvider( 1056): isAppCloneUserPair for user -1: false
11-05 11:33:40.133 D/TvPipController( 688): onTaskStackChanged()
11-05 11:33:40.137 W/MediaProvider( 1056): isAppCloneUserPair for user -1: false
11-05 11:33:40.168 D/MediaPlayerFactory(14326): Initialize getpersist = 0 value=
11-05 11:33:40.169 I/cedarc (14326): : *** ic_version = 0x3301000012011,
11-05 11:33:40.200 I/cedarc (14326): : not malloc locks
11-05 11:33:40.205 W/MediaProvider( 1056): isAppCloneUserPair for user -1: false
11-05 11:33:40.212 W/MediaProvider( 1056): isAppCloneUserPair for user -1: false
11-05 11:33:40.219 W/MediaProvider( 1056): isAppCloneUserPair for user -1: false
11-05 11:33:40.229 W/MediaProvider( 1056): isAppCloneUserPair for user -1: false
11-05 11:33:40.238 W/WindowManager( 480): Failed looking up window session=Session{7a11049 2649:u0a10054} callers=com.android.server.wm.WindowManagerService.windowForClientLocked:5702 com.android.server.wm.Session.insetsModified:629 android.view.IWindowSession$Stub.onTransact:1151
11-05 11:33:40.262 I/gralloc ( 257): alloc buffer:W:1920 H:1080 S:1920 PL[1920 1080] SZ:8294400 fmt:1 if:0 af:1 usg:20000b00 fg:00000004
11-05 11:33:40.264 I/gralloc ( 257): alloc buffer:W:1920 H:1080 S:1920 PL[1920 1080] SZ:8294400 fmt:1 if:0 af:1 usg:20000b00 fg:00000004
11-05 11:33:40.319 I/gralloc ( 257): alloc buffer:W:1920 H:1080 S:1920 PL[1920 1080] SZ:8294400 fmt:1 if:0 af:1 usg:20000b00 fg:00000004
11-05 11:33:40.323 I/ActivityTaskManager( 480): +++Displayed com.tv.filemanager.os/com.dangbei.lerad.filemanager.ui.info.ManagerFileListActivity: +326ms
11-05 11:33:40.357 D/MediaPlayerFactory(14326): Initialize getpersist = 0 value=
11-05 11:33:40.357 I/cedarc (14326): : *** ic_version = 0x3301000012011,
11-05 11:33:40.380 E/hq_file ( 2649): diskinfo_onSaveInstanceState
11-05 11:33:40.384 I/DefaultIMS( 3502): onStartInput attribute=android.view.inputmethod.EditorInfo@9982bf5 restarting=false inputType: 0
11-05 11:33:40.403 I/AW_PowerHAL( 263): Power setMode: LAUNCH to: 0
11-05 11:33:40.411 I/AW_PowerHAL( 263): cur-mode:SCHEDUTIL
11-05 11:33:40.439 I/cedarc (14326): : not malloc locks
11-05 11:33:40.442 I/BaseRequest( 2649): complete
11-05 11:33:40.442 I/BaseRequest( 2649): success!=nulltrue
11-05 11:33:40.444 D/MediaPlayerFactory(14326): Initialize getpersist = 0 value=
11-05 11:33:40.444 I/cedarc (14326): : *** ic_version = 0x3301000012011,
11-05 11:33:40.465 I/cedarc (14326): : not malloc locks
11-05 11:33:40.474 D/MediaPlayerFactory(14326): Initialize getpersist = 0 value=
11-05 11:33:40.475 I/cedarc (14326): : *** ic_version = 0x3301000012011,
11-05 11:33:40.483 I/cedarc (14326): : not malloc locks
11-05 11:33:40.485 D/MediaPlayerFactory(14326): Initialize getpersist = 0 value=
11-05 11:33:40.486 I/cedarc (14326): : *** ic_version = 0x3301000012011,
11-05 11:33:40.497 I/cedarc (14326): : not malloc locks
11-05 11:33:40.500 W/View ( 2649): requestLayout() improperly called by com.dangbei.lerad.libui.control.layout.FitFrameLayout{37d78e4 V.E...... ......ID 0,0-255,250 #7f0a02ee app:id/view_file_item_ll} during layout: running second layout pass
11-05 11:33:40.562 D/MediaPlayerFactory(14326): Initialize getpersist = 0 value=
11-05 11:33:40.563 I/cedarc (14326): : *** ic_version = 0x3301000012011,
11-05 11:33:40.599 I/cedarc (14326): : not malloc locks
11-05 11:33:40.602 D/MediaPlayerFactory(14326): Initialize getpersist = 0 value=
11-05 11:33:40.603 I/cedarc (14326): : *** ic_version = 0x3301000012011,
11-05 11:33:40.612 I/cedarc (14326): : not malloc locks
11-05 11:33:40.621 D/MediaPlayerFactory(14326): Initialize getpersist = 0 value=
11-05 11:33:40.621 I/cedarc (14326): : *** ic_version = 0x3301000012011,
11-05 11:33:40.634 I/DefaultIMS( 3502): onStartInput attribute=android.view.inputmethod.EditorInfo@59fadc4 restarting=false inputType: 0
11-05 11:33:40.641 I/cedarc (14326): : not malloc locks
11-05 11:33:40.644 D/MediaPlayerFactory(14326): Initialize getpersist = 0 value=
11-05 11:33:40.644 I/cedarc (14326): : *** ic_version = 0x3301000012011,
11-05 11:33:40.654 I/cedarc (14326): : not malloc locks
11-05 11:33:40.664 D/MediaPlayerFactory(14326): Initialize getpersist = 0 value=
11-05 11:33:40.664 I/cedarc (14326): : *** ic_version = 0x3301000012011,
11-05 11:33:40.676 I/cedarc (14326): : not malloc locks
11-05 11:33:40.680 D/MediaPlayerFactory(14326): Initialize getpersist = 0 value=
11-05 11:33:40.681 I/cedarc (14326): : *** ic_version = 0x3301000012011,
11-05 11:33:40.690 I/cedarc (14326): : not malloc locks
11-05 11:33:40.703 D/MediaPlayerFactory(14326): Initialize getpersist = 0 value=
11-05 11:33:40.703 I/cedarc (14326): : *** ic_version = 0x3301000012011,
11-05 11:33:40.733 W/View ( 2649): requestLayout() improperly called by com.dangbei.lerad.libui.control.layout.FitFrameLayout{3602037 V.E...... ......ID 0,0-255,250 #7f0a02ee app:id/view_file_item_ll} during layout: running second layout pass
11-05 11:33:40.745 I/DefaultIMS( 3502): onStartInput attribute=android.view.inputmethod.EditorInfo@586e4ad restarting=false inputType: 0
11-05 11:33:40.749 W/IorapForwardingService( 480): No service published for: iorapd
11-05 11:33:40.886 E/WifiHAL ( 663): wifi_get_link_stats: requestResponse Error:-5
11-05 11:33:40.888 E/WifiVendorHal( 480): getWifiLinkLayerStats_1_5_Internal(l.1191) failed {.code = ERROR_INVALID_ARGS, .description = }
11-05 11:33:41.209 E/ccc ( 1064): cccccc sendCycleCheckBroadcast
11-05 11:33:41.232 W/ContextImpl( 1064): Calling a method in the system process without a qualified user: android.app.ContextImpl.sendBroadcast:1173 android.content.ContextWrapper.sendBroadcast:479 com.dangbei.etna.setting.core.SettingHelper.sendCycleToProjector:250 com.dangbei.etna.setting.core.SettingHelper.sendCycleCheckBroadcast:219 com.dangbei.etna.setting.core.SettingHelper.startLoop$lambda-0:177
11-05 11:33:41.233 I/BLEAudioDrive_HV410( 248): data len: 9 1
11-05 11:33:41.234 D/TvWindowManager( 480): key event key = KEYCODE_DPAD_RIGHT down = true
11-05 11:33:41.236 W/ContextImpl( 1064): Calling a method in the system process without a qualified user: android.app.ContextImpl.sendBroadcast:1173 android.content.ContextWrapper.sendBroadcast:479 com.dangbei.etna.setting.core.SettingHelper.sendCycleToVoice:235 com.dangbei.etna.setting.core.SettingHelper.sendCycleCheckBroadcast:220 com.dangbei.etna.setting.core.SettingHelper.startLoop$lambda-0:177
11-05 11:33:41.243 D/GpioService( 480): mFlickerEnable = true
11-05 11:33:41.247 I/SogouIME( 3502): onKeyDown: keyoCode=22
11-05 11:33:41.247 I/DefaultIMS( 3502): onKeyDown: keyoCode=22
11-05 11:33:41.268 I/DefaultIMS( 3502): onStartInput attribute=android.view.inputmethod.EditorInfo@eea43e2 restarting=false inputType: 0
11-05 11:33:41.277 E/ActivityManager( 480): Sending non-protected broadcast com.dangbei.etna.setting.action_cycle_check_broadcast from system 1064:com.dangbei.lerad.etna.haqu/1000 pkg com.dangbei.lerad.etna.haqu
11-05 11:33:41.277 E/ActivityManager( 480): java.lang.Throwable
11-05 11:33:41.277 E/ActivityManager( 480): at com.android.server.am.ActivityManagerService.checkBroadcastFromSystem(ActivityManagerService.java:12816)
11-05 11:33:41.277 E/ActivityManager( 480): at com.android.server.am.ActivityManagerService.broadcastIntentLocked(ActivityManagerService.java:13513)
11-05 11:33:41.277 E/ActivityManager( 480): at com.android.server.am.ActivityManagerService.broadcastIntentLocked(ActivityManagerService.java:12833)
11-05 11:33:41.277 E/ActivityManager( 480): at com.android.server.am.ActivityManagerService.broadcastIntentWithFeature(ActivityManagerService.java:13670)
11-05 11:33:41.277 E/ActivityManager( 480): at android.app.IActivityManager$Stub.onTransact(IActivityManager.java:2326)
11-05 11:33:41.277 E/ActivityManager( 480): at com.android.server.am.ActivityManagerService.onTransact(ActivityManagerService.java:2509)
11-05 11:33:41.277 E/ActivityManager( 480): at android.os.Binder.execTransactInternal(Binder.java:1179)
11-05 11:33:41.277 E/ActivityManager( 480): at android.os.Binder.execTransact(Binder.java:1143)
11-05 11:33:41.283 I/DropBoxManagerService( 480): add tag=system_server_wtf isTagEnabled=true flags=0x2
11-05 11:33:41.304 D/RockyVoice(14752): RestartReceiver onReceive
11-05 11:33:41.391 I/BLEAudioDrive_HV410( 248): data len: 9 1
11-05 11:33:41.392 D/TvWindowManager( 480): key event key = KEYCODE_DPAD_RIGHT down = false
11-05 11:33:41.395 I/BLEAudioDrive_HV410( 248): keyboard stop
11-05 11:33:41.396 I/SogouIME( 3502): onKeyUp: keyoCode=22
11-05 11:33:41.396 I/DefaultIMS( 3502): onKeyUp: keyoCode=22
11-05 11:33:41.546 E/awplayer(14326): : nSpsMaxDecPicBuffering[i]: 5
11-05 11:33:41.550 I/cedarc (14326): : not malloc locks
11-05 11:33:41.552 D/MediaPlayerFactory(14326): Initialize getpersist = 0 value=
11-05 11:33:41.552 I/cedarc (14326): : *** ic_version = 0x3301000012011,
11-05 11:33:41.583 I/BLEAudioDrive_HV410( 248): data len: 9 1
11-05 11:33:41.583 D/TvWindowManager( 480): key event key = KEYCODE_DPAD_RIGHT down = true
11-05 11:33:41.598 D/GpioService( 480): mFlickerEnable = true
11-05 11:33:41.600 I/SogouIME( 3502): onKeyDown: keyoCode=22
11-05 11:33:41.601 I/DefaultIMS( 3502): onKeyDown: keyoCode=22
11-05 11:33:41.625 I/DefaultIMS( 3502): onStartInput attribute=android.view.inputmethod.EditorInfo@d39f373 restarting=false inputType: 0
11-05 11:33:41.628 E/awplayer(14326): : nSpsMaxDecPicBuffering[i]: 5
11-05 11:33:41.642 I/cedarc (14326): : not malloc locks
11-05 11:33:41.649 W/MediaProvider( 1056): isAppCloneUserPair for user -1: false
11-05 11:33:41.657 W/MediaProvider( 1056): isAppCloneUserPair for user -1: false
11-05 11:33:41.664 W/MediaProvider( 1056): isAppCloneUserPair for user -1: false
11-05 11:33:41.671 W/MediaProvider( 1056): isAppCloneUserPair for user -1: false
11-05 11:33:41.682 W/MediaProvider( 1056): isAppCloneUserPair for user -1: false
11-05 11:33:41.689 W/MediaProvider( 1056): isAppCloneUserPair for user -1: false
11-05 11:33:41.698 W/MediaProvider( 1056): isAppCloneUserPair for user -1: false
11-05 11:33:41.717 I/BLEAudioDrive_HV410( 248): data len: 9 1
11-05 11:33:41.717 I/BLEAudioDrive_HV410( 248): keyboard stop
11-05 11:33:41.717 D/TvWindowManager( 480): key event key = KEYCODE_DPAD_RIGHT down = false
11-05 11:33:41.719 I/SogouIME( 3502): onKeyUp: keyoCode=22
11-05 11:33:41.719 I/DefaultIMS( 3502): onKeyUp: keyoCode=22
11-05 11:33:41.750 D/MediaPlayerFactory(14326): Initialize getpersist = 0 value=
11-05 11:33:41.751 I/cedarc (14326): : *** ic_version = 0x3301000012011,
11-05 11:33:41.751 W/IorapForwardingService( 480): No service published for: iorapd
11-05 11:33:42.077 I/BLEAudioDrive_HV410( 248): data len: 9 1
11-05 11:33:42.077 D/TvWindowManager( 480): key event key = KEYCODE_DPAD_CENTER down = true
11-05 11:33:42.088 D/GpioService( 480): mFlickerEnable = true
11-05 11:33:42.115 I/cedarc (14326): : not malloc locks
11-05 11:33:42.120 W/MediaProvider( 1056): isAppCloneUserPair for user -1: false
11-05 11:33:42.129 W/MediaProvider( 1056): isAppCloneUserPair for user -1: false
11-05 11:33:42.188 D/MediaPlayerFactory(14326): Initialize getpersist = 0 value=
11-05 11:33:42.188 I/cedarc (14326): : *** ic_version = 0x3301000012011,
11-05 11:33:42.201 I/BLEAudioDrive_HV410( 248): data len: 9 1
11-05 11:33:42.201 I/BLEAudioDrive_HV410( 248): keyboard stop
11-05 11:33:42.202 D/TvWindowManager( 480): key event key = KEYCODE_DPAD_CENTER down = false
11-05 11:33:42.227 D/GpioService( 480): mFlickerEnable = true
11-05 11:33:42.232 I/SogouIME( 3502): onKeyDown: keyoCode=23
11-05 11:33:42.232 I/DefaultIMS( 3502): onKeyDown: keyoCode=23
11-05 11:33:42.236 I/SogouIME( 3502): onKeyUp: keyoCode=23
11-05 11:33:42.236 I/DefaultIMS( 3502): onKeyUp: keyoCode=23
11-05 11:33:42.242 I/ActivityStarter( 480): ---START u0 {cmp=com.tv.filemanager.os/com.dangbei.lerad.filemanager.ui.info.ManagerFileListActivity (has extras)} from uid 10054
11-05 11:33:42.246 I/AW_PowerHAL( 263): Power setMode: LAUNCH to: 1
11-05 11:33:42.247 I/cedarc (14326): : not malloc locks
11-05 11:33:42.254 D/MediaPlayerFactory(14326): Initialize getpersist = 0 value=
11-05 11:33:42.255 I/cedarc (14326): : *** ic_version = 0x3301000012011,
11-05 11:33:42.265 W/ActivityTaskManager( 480): Tried to set launchTime (0) < mLastActivityLaunchTime (5783957)
11-05 11:33:42.268 D/AW_CODE ( 480): rotation =0
11-05 11:33:42.275 I/AW_PowerHAL( 263): cur-mode:LAUNCH
11-05 11:33:42.302 D/ActivityTaskManager( 480): homlet: skip orientation settings: 0
11-05 11:33:42.306 I/BpBinder( 278): onLastStrongRef automatically unlinking death recipients:
11-05 11:33:42.318 I/cedarc (14326): : not malloc locks
11-05 11:33:42.323 D/MediaPlayerFactory(14326): Initialize getpersist = 0 value=
11-05 11:33:42.323 I/cedarc (14326): : *** ic_version = 0x3301000012011,
11-05 11:33:42.344 E/awplayer(14326): : tag: 0x05 format_identifier=1195456820
11-05 11:33:42.362 W/WindowManager( 480): Failed looking up window session=Session{7a11049 2649:u0a10054} callers=com.android.server.wm.WindowManagerService.windowForClientLocked:5702 com.android.server.wm.Session.insetsModified:629 android.view.IWindowSession$Stub.onTransact:1151
11-05 11:33:42.388 D/TvPipController( 688): onTaskStackChanged()
11-05 11:33:42.403 I/gralloc ( 257): alloc buffer:W:1920 H:1080 S:1920 PL[1920 1080] SZ:8294400 fmt:1 if:0 af:1 usg:20000b00 fg:00000004
11-05 11:33:42.451 I/ActivityTaskManager( 480): +++Displayed com.tv.filemanager.os/com.dangbei.lerad.filemanager.ui.info.ManagerFileListActivity: +206ms
11-05 11:33:42.469 I/gralloc ( 257): alloc buffer:W:1920 H:1080 S:1920 PL[1920 1080] SZ:8294400 fmt:1 if:0 af:1 usg:20000b00 fg:00000004
11-05 11:33:42.540 I/BaseRequest( 2649): complete
11-05 11:33:42.540 I/BaseRequest( 2649): success!=nulltrue
11-05 11:33:42.551 I/DefaultIMS( 3502): onStartInput attribute=android.view.inputmethod.EditorInfo@1ac0ff4 restarting=false inputType: 0
11-05 11:33:42.569 I/gralloc ( 257): alloc buffer:W:1920 H:1080 S:1920 PL[1920 1080] SZ:8294400 fmt:1 if:0 af:1 usg:20000b00 fg:00000004
11-05 11:33:42.650 W/View ( 2649): requestLayout() improperly called by com.dangbei.lerad.libui.control.layout.FitFrameLayout{28317a9 V.E...... ......ID 0,0-255,250 #7f0a02ee app:id/view_file_item_ll} during layout: running second layout pass
11-05 11:33:42.665 I/DefaultIMS( 3502): onStartInput attribute=android.view.inputmethod.EditorInfo@dd7531d restarting=false inputType: 0
11-05 11:33:42.666 I/AW_PowerHAL( 263): Power setMode: LAUNCH to: 0
11-05 11:33:42.669 I/AW_PowerHAL( 263): cur-mode:SCHEDUTIL
11-05 11:33:42.753 W/IorapForwardingService( 480): No service published for: iorapd
11-05 11:33:43.006 E/TaskPersister( 480): File error accessing recents directory (directory doesn't exist?).
11-05 11:33:43.101 I/BLEAudioDrive_HV410( 248): data len: 9 1
11-05 11:33:43.102 D/TvWindowManager( 480): key event key = KEYCODE_DPAD_RIGHT down = true
11-05 11:33:43.116 D/GpioService( 480): mFlickerEnable = true
11-05 11:33:43.119 I/SogouIME( 3502): onKeyDown: keyoCode=22
11-05 11:33:43.120 I/DefaultIMS( 3502): onKeyDown: keyoCode=22
11-05 11:33:43.142 I/DefaultIMS( 3502): onStartInput attribute=android.view.inputmethod.EditorInfo@7d5698c restarting=false inputType: 0
11-05 11:33:43.247 I/BLEAudioDrive_HV410( 248): data len: 9 1
11-05 11:33:43.247 I/BLEAudioDrive_HV410( 248): keyboard stop
11-05 11:33:43.248 D/TvWindowManager( 480): key event key = KEYCODE_DPAD_RIGHT down = false
11-05 11:33:43.252 I/SogouIME( 3502): onKeyUp: keyoCode=22
11-05 11:33:43.252 I/DefaultIMS( 3502): onKeyUp: keyoCode=22
11-05 11:33:43.277 I/cedarc (14326): : not malloc locks
11-05 11:33:43.286 W/MediaProvider( 1056): isAppCloneUserPair for user -1: false
11-05 11:33:43.321 W/MediaProvider( 1056): isAppCloneUserPair for user -1: false
11-05 11:33:43.331 W/MediaProvider( 1056): isAppCloneUserPair for user -1: false
11-05 11:33:43.340 W/MediaProvider( 1056): isAppCloneUserPair for user -1: false
11-05 11:33:43.450 I/BLEAudioDrive_HV410( 248): data len: 9 1
11-05 11:33:43.450 D/TvWindowManager( 480): key event key = KEYCODE_DPAD_CENTER down = true
11-05 11:33:43.461 D/GpioService( 480): mFlickerEnable = true
11-05 11:33:43.545 W/MediaProvider( 1056): isAppCloneUserPair for user -1: false
11-05 11:33:43.560 W/MediaProvider( 1056): isAppCloneUserPair for user -1: false
11-05 11:33:43.562 I/BLEAudioDrive_HV410( 248): data len: 9 1
11-05 11:33:43.562 D/TvWindowManager( 480): key event key = KEYCODE_DPAD_CENTER down = false
11-05 11:33:43.562 I/BLEAudioDrive_HV410( 248): keyboard stop
11-05 11:33:43.600 D/GpioService( 480): mFlickerEnable = true
11-05 11:33:43.603 I/SogouIME( 3502): onKeyDown: keyoCode=23
11-05 11:33:43.603 I/DefaultIMS( 3502): onKeyDown: keyoCode=23
11-05 11:33:43.607 I/SogouIME( 3502): onKeyUp: keyoCode=23
11-05 11:33:43.607 I/DefaultIMS( 3502): onKeyUp: keyoCode=23
11-05 11:33:43.652 D/StrictMode( 2649): StrictMode policy violation: android.os.strictmode.FileUriExposedViolation: file:///storage/02E24445E2443EE3/000%E9%9F%B3%E9%A2%91%E7%BC%96%E7%A0%81%E6%A0%BC%E5%BC%8F%E6%B5%8B%E8%AF%95/Dolby%20Digital/Dolby%20digital%201920.1080p.H265.AC3%205.1DD.mkv exposed beyond app through Intent.getData()
11-05 11:33:43.652 D/StrictMode( 2649): at android.os.StrictMode.onFileUriExposed(StrictMode.java:2211)
11-05 11:33:43.652 D/StrictMode( 2649): at android.net.Uri.checkFileUriExposed(Uri.java:2402)
11-05 11:33:43.652 D/StrictMode( 2649): at android.content.Intent.prepareToLeaveProcess(Intent.java:11415)
11-05 11:33:43.652 D/StrictMode( 2649): at android.content.Intent.prepareToLeaveProcess(Intent.java:11367)
11-05 11:33:43.652 D/StrictMode( 2649): at android.app.Instrumentation.execStartActivity(Instrumentation.java:1742)
11-05 11:33:43.652 D/StrictMode( 2649): at android.app.ContextImpl.startActivity(ContextImpl.java:1085)
11-05 11:33:43.652 D/StrictMode( 2649): at android.app.ContextImpl.startActivity(ContextImpl.java:1056)
11-05 11:33:43.652 D/StrictMode( 2649): at android.content.ContextWrapper.startActivity(ContextWrapper.java:411)
11-05 11:33:43.652 D/StrictMode( 2649): at com.dangbei.lerad.filemanager.impl.open.FileTypePlayer.directlyOpen(FileTypePlayer.java:254)
11-05 11:33:43.652 D/StrictMode( 2649): at com.dangbei.lerad.filemanager.impl.open.FileTypePlayer.play(FileTypePlayer.java:116)
11-05 11:33:43.652 D/StrictMode( 2649): at com.dangbei.lerad.filemanager.impl.open.OpenFilterChain.run(OpenFilterChain.java:63)
11-05 11:33:43.652 D/StrictMode( 2649): at com.dangbei.lerad.filemanager.impl.open.OpenFilterChain.execute(OpenFilterChain.java:35)
11-05 11:33:43.652 D/StrictMode( 2649): at com.dangbei.lerad.filemanager.impl.open.OpenManager$1.onNext(OpenManager.java:109)
11-05 11:33:43.652 D/StrictMode( 2649): at com.dangbei.lerad.filemanager.impl.open.OpenManager$1.onNext(OpenManager.java:101)
11-05 11:33:43.652 D/StrictMode( 2649): at io.reactivex.internal.operators.observable.ObservableObserveOn$ObserveOnObserver.drainNormal(ObservableObserveOn.java:201)
11-05 11:33:43.652 D/StrictMode( 2649): at io.reactivex.internal.operators.observable.ObservableObserveOn$ObserveOnObserver.run(ObservableObserveOn.java:255)
11-05 11:33:43.652 D/StrictMode( 2649): at io.reactivex.android.schedulers.HandlerScheduler$ScheduledRunnable.run(HandlerScheduler.java:119)
11-05 11:33:43.652 D/StrictMode( 2649): at android.os.Handler.handleCallback(Handler.java:938)
11-05 11:33:43.652 D/StrictMode( 2649): at android.os.Handler.dispatchMessage(Handler.java:99)
11-05 11:33:43.652 D/StrictMode( 2649): at android.os.Looper.loopOnce(Looper.java:201)
11-05 11:33:43.652 D/StrictMode( 2649): at android.os.Looper.loop(Looper.java:288)
11-05 11:33:43.652 D/StrictMode( 2649): at android.app.ActivityThread.main(ActivityThread.java:7854)
11-05 11:33:43.652 D/StrictMode( 2649): at java.lang.reflect.Method.invoke(Native Method)
11-05 11:33:43.652 D/StrictMode( 2649): at com.android.internal.os.RuntimeInit$MethodAndArgsCaller.run(RuntimeInit.java:548)
11-05 11:33:43.652 D/StrictMode( 2649): at com.android.internal.os.ZygoteInit.main(ZygoteInit.java:1182)
11-05 11:33:43.653 D/MediaPlayerFactory(14326): Initialize getpersist = 0 value=
11-05 11:33:43.654 I/cedarc (14326): : *** ic_version = 0x3301000012011,
11-05 11:33:43.654 I/ActivityStarter( 480): ---START u0 {act=android.intent.action.VIEW dat=file:///storage/02E24445E2443EE3/000音频编码格式测试/Dolby Digital/Dolby digital 1920.1080p.H265.AC3 5.1DD.mkv typ=video/* flg=0x10000001 cmp=com.dangbei.lerad.videoposter/com.dangbei.leradplayer.activity.PlayerActivity} from uid 10054
11-05 11:33:43.655 W/ActivityTaskManager( 480): Can't find TaskDisplayArea to determine support for multi window. Task id=53 attached=false
11-05 11:33:43.664 I/AW_PowerHAL( 263): Power setMode: LAUNCH to: 1
11-05 11:33:43.667 V/SplashScreenExceptionList( 480): SplashScreen checking exception for package com.dangbei.lerad.videoposter (target sdk:26) -> false
11-05 11:33:43.670 E/awplayer(14326): <__FlacParserProbe:1096>: Flac probe failed.
11-05 11:33:43.676 D/StartingSurfaceDrawer( 688): addSplashScreen com.dangbei.lerad.videoposter theme=7f0d0007 task=53 suggestType=3
11-05 11:33:43.684 W/awplayer(14326): : Wav parser : no dice, no valid sequence of frames found.
11-05 11:33:43.684 W/awplayer(14326): : Wav parser : no dice, no valid sequence of frames found.
11-05 11:33:43.685 W/awplayer(14326): : Wav parser : no dice, no valid sequence of frames found.
11-05 11:33:43.685 W/awplayer(14326): : Wav parser : no dice, no valid sequence of frames found.
11-05 11:33:43.686 W/awplayer(14326): : Wav parser : no dice, no valid sequence of frames found.
11-05 11:33:43.686 W/awplayer(14326): : Wav parser : no dice, no valid sequence of frames found.
11-05 11:33:43.686 W/awplayer(14326): : Wav parser : no dice, no valid sequence of frames found.
11-05 11:33:43.686 I/AW_PowerHAL( 263): cur-mode:LAUNCH
11-05 11:33:43.695 E/awplayer(14326): <__CafParserProbe:567>: Caf probe failed.
11-05 11:33:43.695 E/awplayer(14326): <__G729ParserProbe:290>: g729 SYNC_WORD probe failed.
11-05 11:33:43.695 W/awplayer(14326): : audio probe fail!!!
11-05 11:33:43.695 I/awplayer(14326): <__AiffParserProbe:805>: wav probe failed.
11-05 11:33:43.695 E/awplayer(14326): <__Id3v2ParserProbe:330>: Probe ID3_header loss sync...
11-05 11:33:43.695 W/awplayer(14326): : Sorry, I don't know what it is!
11-05 11:33:43.695 E/awplayer(14326): : parser creat fail.
11-05 11:33:43.695 E/awplayer(14326): : parser for the source cannot be created. source can be set yet.
11-05 11:33:43.698 W/ActivityTaskManager( 480): Tried to set launchTime (0) < mLastActivityLaunchTime (5442866)
11-05 11:33:43.699 D/AW_CODE ( 480): rotation =0
11-05 11:33:43.710 I/cedarc (14326): : not malloc locks
11-05 11:33:43.717 D/StartingSurfaceDrawer( 688): addSplashScreen: creating context based on task Configuration {1.0 ?mcc?mnc [zh_CN] ldltr sw720dp w1280dp h696dp 240dpi lrg long land television -touch qwerty/v/v dpad/v winConfig={ mBounds=Rect(0, 0 - 1920, 1080) mAppBounds=Rect(0, 0 - 1920, 1080) mMaxBounds=Rect(0, 0 - 1920, 1080) mWindowingMode=fullscreen mDisplayWindowingMode=fullscreen mActivityType=standard mAlwaysOnTop=undefined mRotation=ROTATION_0} s.1 fontWeightAdjustment=0} for splash screen
11-05 11:33:43.722 I/BpBinder( 278): onLastStrongRef automatically unlinking death recipients:
11-05 11:33:43.736 D/StartingSurfaceDrawer( 688): addSplashScreen: apply overrideConfig{1.0 ?mcc?mnc [zh_CN] ldltr sw720dp w1280dp h696dp 240dpi lrg long land television -touch qwerty/v/v dpad/v winConfig={ mBounds=Rect(0, 0 - 1920, 1080) mAppBounds=Rect(0, 0 - 1920, 1080) mMaxBounds=Rect(0, 0 - 1920, 1080) mWindowingMode=fullscreen mDisplayWindowingMode=fullscreen mActivityType=standard mAlwaysOnTop=undefined mRotation=ROTATION_0} s.1 fontWeightAdjustment=0} to starting window resId=2131165761
11-05 11:33:43.755 W/IorapForwardingService( 480): No service published for: iorapd
11-05 11:33:43.756 D/MediaPlayerFactory(14326): Initialize getpersist = 0 value=
11-05 11:33:43.758 I/cedarc (14326): : *** ic_version = 0x3301000012011,
11-05 11:33:43.769 D/StartingSurfaceDrawer( 688): window attributes color: 0 icon null duration 0 brandImage null
11-05 11:33:43.777 D/SplashScreenView( 688): Build android.window.SplashScreenView{485e2af V.E...... ......ID 0,0-0,0}
11-05 11:33:43.777 D/SplashScreenView( 688): Icon: view: null drawable: null size: 0
11-05 11:33:43.777 D/SplashScreenView( 688): Branding: view: android.view.View{a6d06bc G.ED..... ......I. 0,0-0,0 #10204a6 android:id/splashscreen_branding_view} drawable: null size w: 0 h: 0
11-05 11:33:43.777 D/StartingSurfaceDrawer( 688): fillViewWithIcon surfaceWindowView android.window.SplashScreenView{485e2af V.E...... ......ID 0,0-0,0}
11-05 11:33:43.786 E/awplayer(14326): <__FlacParserProbe:1096>: Flac probe failed.
11-05 11:33:43.815 D/TvPipController( 688): onTaskStackChanged()
11-05 11:33:43.818 I/gralloc ( 257): alloc buffer:W:1920 H:1080 S:1920 PL[1920 1080] SZ:8294400 fmt:1 if:0 af:1 usg:20000b00 fg:00000004
11-05 11:33:43.820 I/gralloc ( 257): alloc buffer:W:1920 H:1080 S:1920 PL[1920 1080] SZ:8294400 fmt:1 if:0 af:1 usg:20000b00 fg:00000004
11-05 11:33:43.825 W/awplayer(14326): : Wav parser : no dice, no valid sequence of frames found.
11-05 11:33:43.829 W/awplayer(14326): : Wav parser : no dice, no valid sequence of frames found.
11-05 11:33:43.829 W/awplayer(14326): : Wav parser : no dice, no valid sequence of frames found.
11-05 11:33:43.829 W/awplayer(14326): : Wav parser : no dice, no valid sequence of frames found.
11-05 11:33:43.829 W/awplayer(14326): : Wav parser : no dice, no valid sequence of frames found.
11-05 11:33:43.830 W/awplayer(14326): : Wav parser : no dice, no valid sequence of frames found.
11-05 11:33:43.830 W/awplayer(14326): : Wav parser : no dice, no valid sequence of frames found.
11-05 11:33:43.831 W/awplayer(14326): : Wav parser : no dice, no valid sequence of frames found.
11-05 11:33:43.833 W/awplayer(14326): : Wav parser : no dice, no valid sequence of frames found.
11-05 11:33:43.834 W/awplayer(14326): : Wav parser : no dice, no valid sequence of frames found.
11-05 11:33:43.834 W/awplayer(14326): : Wav parser : no dice, no valid sequence of frames found.
11-05 11:33:43.835 W/awplayer(14326): : Wav parser : no dice, no valid sequence of frames found.
11-05 11:33:43.835 W/awplayer(14326): : Wav parser : no dice, no valid sequence of frames found.
11-05 11:33:43.835 W/awplayer(14326): : Wav parser : no dice, no valid sequence of frames found.
11-05 11:33:43.855 E/awplayer(14326): <__CafParserProbe:567>: Caf probe failed.
11-05 11:33:43.855 E/awplayer(14326): <__G729ParserProbe:290>: g729 SYNC_WORD probe failed.
11-05 11:33:43.855 W/awplayer(14326): : audio probe fail!!!
11-05 11:33:43.855 I/awplayer(14326): <__AiffParserProbe:805>: wav probe failed.
11-05 11:33:43.855 E/awplayer(14326): <__Id3v2ParserProbe:330>: Probe ID3_header loss sync...
11-05 11:33:43.855 W/awplayer(14326): : Sorry, I don't know what it is!
11-05 11:33:43.855 E/awplayer(14326): : parser creat fail.
11-05 11:33:43.855 E/awplayer(14326): : parser for the source cannot be created. source can be set yet.
11-05 11:33:43.857 I/gralloc ( 257): alloc buffer:W:1920 H:1080 S:1920 PL[1920 1080] SZ:8294400 fmt:1 if:0 af:1 usg:20000b00 fg:00000004
11-05 11:33:43.876 I/cedarc (14326): : not malloc locks
11-05 11:33:43.892 D/MediaPlayerFactory(14326): Initialize getpersist = 0 value=
11-05 11:33:43.893 I/cedarc (14326): : *** ic_version = 0x3301000012011,
11-05 11:33:43.902 E/WifiHAL ( 663): wifi_get_link_stats: requestResponse Error:-5
11-05 11:33:43.903 E/WifiVendorHal( 480): getWifiLinkLayerStats_1_5_Internal(l.1191) failed {.code = ERROR_INVALID_ARGS, .description = }
11-05 11:33:43.912 E/awplayer(14326): <__FlacParserProbe:1096>: Flac probe failed.
11-05 11:33:43.919 W/awplayer(14326): : Wav parser : no dice, no valid sequence of frames found.
11-05 11:33:43.920 W/awplayer(14326): : Wav parser : no dice, no valid sequence of frames found.
11-05 11:33:43.920 W/awplayer(14326): : Wav parser : no dice, no valid sequence of frames found.
11-05 11:33:43.921 W/awplayer(14326): : Wav parser : no dice, no valid sequence of frames found.
11-05 11:33:43.921 W/awplayer(14326): : Wav parser : no dice, no valid sequence of frames found.
11-05 11:33:43.921 W/awplayer(14326): : Wav parser : no dice, no valid sequence of frames found.
11-05 11:33:43.921 W/awplayer(14326): : Wav parser : no dice, no valid sequence of frames found.
11-05 11:33:43.921 W/awplayer(14326): : Wav parser : no dice, no valid sequence of frames found.
11-05 11:33:43.921 W/awplayer(14326): : Wav parser : no dice, no valid sequence of frames found.
11-05 11:33:43.923 E/awplayer(14326): <__CafParserProbe:567>: Caf probe failed.
11-05 11:33:43.923 E/awplayer(14326): <__G729ParserProbe:290>: g729 SYNC_WORD probe failed.
11-05 11:33:43.923 W/awplayer(14326): : audio probe fail!!!
11-05 11:33:43.923 I/awplayer(14326): <__AiffParserProbe:805>: wav probe failed.
11-05 11:33:43.923 E/awplayer(14326): <__Id3v2ParserProbe:330>: Probe ID3_header loss sync...
11-05 11:33:43.923 W/awplayer(14326): : Sorry, I don't know what it is!
11-05 11:33:43.923 E/awplayer(14326): : parser creat fail.
11-05 11:33:43.923 E/awplayer(14326): : parser for the source cannot be created. source can be set yet.
11-05 11:33:43.930 I/cedarc (14326): : not malloc locks
11-05 11:33:43.948 I/EventThread( 265): type=1400 audit(0.0:2825): avc: denied { search } for name="extcon" dev="sysfs" ino=18103 scontext=u:r:hal_tv_cec_default:s0 tcontext=u:object_r:sysfs_extcon:s0 tclass=dir permissive=1
11-05 11:33:43.992 D/MediaPlayerFactory(14326): Initialize getpersist = 0 value=
11-05 11:33:43.992 I/cedarc (14326): : *** ic_version = 0x3301000012011,
11-05 11:33:44.010 E/awplayer(14326): <__FlacParserProbe:1096>: Flac probe failed.
11-05 11:33:44.017 W/awplayer(14326): : Wav parser : no dice, no valid sequence of frames found.
11-05 11:33:44.017 W/awplayer(14326): : Wav parser : no dice, no valid sequence of frames found.
11-05 11:33:44.017 W/awplayer(14326): : Wav parser : no dice, no valid sequence of frames found.
11-05 11:33:44.017 W/awplayer(14326): : Wav parser : no dice, no valid sequence of frames found.
11-05 11:33:44.017 W/awplayer(14326): : Wav parser : no dice, no valid sequence of frames found.
11-05 11:33:44.018 W/awplayer(14326): : Wav parser : no dice, no valid sequence of frames found.
11-05 11:33:44.018 W/awplayer(14326): : Wav parser : no dice, no valid sequence of frames found.
11-05 11:33:44.018 W/awplayer(14326): : Wav parser : no dice, no valid sequence of frames found.
11-05 11:33:44.018 W/awplayer(14326): : Wav parser : no dice, no valid sequence of frames found.
11-05 11:33:44.018 W/awplayer(14326): : Wav parser : no dice, no valid sequence of frames found.
11-05 11:33:44.019 W/awplayer(14326): : Wav parser : no dice, no valid sequence of frames found.
11-05 11:33:44.020 E/awplayer(14326): <__CafParserProbe:567>: Caf probe failed.
11-05 11:33:44.020 E/awplayer(14326): <__G729ParserProbe:290>: g729 SYNC_WORD probe failed.
11-05 11:33:44.020 W/awplayer(14326): : audio probe fail!!!
11-05 11:33:44.020 I/awplayer(14326): <__AiffParserProbe:805>: wav probe failed.
11-05 11:33:44.020 E/awplayer(14326): <__Id3v2ParserProbe:330>: Probe ID3_header loss sync...
11-05 11:33:44.020 W/awplayer(14326): : Sorry, I don't know what it is!
11-05 11:33:44.020 E/awplayer(14326): : parser creat fail.
11-05 11:33:44.020 E/awplayer(14326): : parser for the source cannot be created. source can be set yet.
11-05 11:33:44.030 I/cedarc (14326): : not malloc locks
11-05 11:33:44.035 W/MediaProvider( 1056): isAppCloneUserPair for user -1: false
11-05 11:33:44.069 W/MediaProvider( 1056): isAppCloneUserPair for user -1: false
11-05 11:33:44.078 W/MediaProvider( 1056): isAppCloneUserPair for user -1: false
11-05 11:33:44.084 W/MediaProvider( 1056): isAppCloneUserPair for user -1: false
11-05 11:33:44.094 W/MediaProvider( 1056): isAppCloneUserPair for user -1: false
11-05 11:33:44.103 W/MediaProvider( 1056): isAppCloneUserPair for user -1: false
11-05 11:33:44.113 W/MediaProvider( 1056): isAppCloneUserPair for user -1: false
11-05 11:33:44.120 W/MediaProvider( 1056): isAppCloneUserPair for user -1: false
11-05 11:33:44.148 W/AudioManager( 4556): Use of stream types is deprecated for operations other than volume control
11-05 11:33:44.148 W/AudioManager( 4556): See the documentation of requestAudioFocus() for what to use instead with android.media.AudioAttributes to qualify your playback use case
11-05 11:33:44.152 I/MediaFocusControl( 480): requestAudioFocus() from uid/pid 10042/4556 AA=USAGE_MEDIA/CONTENT_TYPE_MUSIC clientId=android.media.AudioManager@eeb57ac callingPack=com.dangbei.lerad.videoposter req=1 flags=0x0 sdk=26
11-05 11:33:44.153 I/AudioService.FadeOutManager( 480): unfadeOutUid() uid:10042
11-05 11:33:44.158 W/System.err( 4556): java.lang.Exception: you should init first
11-05 11:33:44.163 W/System.err( 4556): at com.dangbei.alps.AlpsManager.check(AlpsManager.java:315)
11-05 11:33:44.163 W/System.err( 4556): at com.dangbei.alps.AlpsManager.onResume(AlpsManager.java:240)
11-05 11:33:44.163 W/System.err( 4556): at com.dangbei.leradplayer.activity.PlayerActivity.onResume(PlayerActivity.java:658)
11-05 11:33:44.163 W/System.err( 4556): at android.app.Instrumentation.callActivityOnResume(Instrumentation.java:1476)
11-05 11:33:44.163 W/System.err( 4556): at android.app.Activity.performResume(Activity.java:8190)
11-05 11:33:44.163 W/System.err( 4556): at android.app.ActivityThread.performResumeActivity(ActivityThread.java:4747)
11-05 11:33:44.163 W/System.err( 4556): at android.app.ActivityThread.handleResumeActivity(ActivityThread.java:4790)
11-05 11:33:44.163 W/System.err( 4556): at android.app.servertransaction.ResumeActivityItem.execute(ResumeActivityItem.java:54)
11-05 11:33:44.163 W/System.err( 4556): at android.app.servertransaction.ActivityTransactionItem.execute(ActivityTransactionItem.java:45)
11-05 11:33:44.163 W/System.err( 4556): at android.app.servertransaction.TransactionExecutor.executeLifecycleState(TransactionExecutor.java:176)
11-05 11:33:44.163 W/System.err( 4556): at android.app.servertransaction.TransactionExecutor.execute(TransactionExecutor.java:97)
11-05 11:33:44.163 W/System.err( 4556): at android.app.ActivityThread$H.handleMessage(ActivityThread.java:2210)
11-05 11:33:44.163 W/System.err( 4556): at android.os.Handler.dispatchMessage(Handler.java:106)
11-05 11:33:44.163 W/System.err( 4556): at android.os.Looper.loopOnce(Looper.java:201)
11-05 11:33:44.163 W/System.err( 4556): at android.os.Looper.loop(Looper.java:288)
11-05 11:33:44.163 W/System.err( 4556): at android.app.ActivityThread.main(ActivityThread.java:7854)
11-05 11:33:44.163 W/System.err( 4556): at java.lang.reflect.Method.invoke(Native Method)
11-05 11:33:44.163 W/System.err( 4556): at com.android.internal.os.RuntimeInit$MethodAndArgsCaller.run(RuntimeInit.java:548)
11-05 11:33:44.163 W/System.err( 4556): at com.android.internal.os.ZygoteInit.main(ZygoteInit.java:1182)
11-05 11:33:44.165 D/MediaPlayerFactory(14326): Initialize getpersist = 0 value=
11-05 11:33:44.165 I/cedarc (14326): : *** ic_version = 0x3301000012011,
11-05 11:33:44.232 I/rainbow_flow(16495): type=1400 audit(0.0:2826): avc: denied { ioctl } for path="/dev/spidev1.0" dev="tmpfs" ino=1317 ioctlcmd=0x6b00 scontext=u:r:init:s0 tcontext=u:object_r:device:s0 tclass=chr_file permissive=1
11-05 11:33:44.262 I/gralloc ( 257): alloc buffer:W:1920 H:1080 S:1920 PL[1920 1080] SZ:8294400 fmt:1 if:0 af:1 usg:20000b00 fg:00000004
11-05 11:33:44.265 I/cedarc (14326): : not malloc locks
11-05 11:33:44.285 D/AudioFlinger( 270): mixer(0xf2ef8f00) throttle end: throttle time(1)
11-05 11:33:44.287 I/gralloc ( 257): alloc buffer:W:1920 H:1080 S:1920 PL[1920 1080] SZ:8294400 fmt:1 if:0 af:1 usg:20000b00 fg:00000004
11-05 11:33:44.288 D/MediaPlayerFactory(14326): Initialize getpersist = 0 value=
11-05 11:33:44.296 D/StartingSurfaceDrawer( 688): Task start finish, remove starting surface for task 53
11-05 11:33:44.296 V/StartingSurfaceDrawer( 688): Removing splash screen window for task: 53
11-05 11:33:44.299 I/cedarc (14326): : *** ic_version = 0x3301000012011,
11-05 11:33:44.348 E/awplayer(14326): <__FlacParserProbe:1096>: Flac probe failed.
11-05 11:33:44.349 I/gralloc ( 257): alloc buffer:W:1920 H:1080 S:1920 PL[1920 1080] SZ:8294400 fmt:1 if:0 af:1 usg:20000b00 fg:00000004
11-05 11:33:44.364 W/awplayer(14326): : Wav parser : no dice, no valid sequence of frames found.
11-05 11:33:44.364 W/awplayer(14326): : Wav parser : no dice, no valid sequence of frames found.
11-05 11:33:44.366 W/awplayer(14326): : Wav parser : no dice, no valid sequence of frames found.
11-05 11:33:44.367 W/awplayer(14326): : Wav parser : no dice, no valid sequence of frames found.
11-05 11:33:44.367 W/awplayer(14326): : Wav parser : no dice, no valid sequence of frames found.
11-05 11:33:44.367 W/awplayer(14326): : Wav parser : no dice, no valid sequence of frames found.
11-05 11:33:44.369 W/awplayer(14326): : Wav parser : no dice, no valid sequence of frames found.
11-05 11:33:44.370 W/awplayer(14326): : Wav parser : no dice, no valid sequence of frames found.
11-05 11:33:44.370 W/awplayer(14326): : Wav parser : no dice, no valid sequence of frames found.
11-05 11:33:44.370 E/awplayer(14326): <__CafParserProbe:567>: Caf probe failed.
11-05 11:33:44.370 E/awplayer(14326): <__G729ParserProbe:290>: g729 SYNC_WORD probe failed.
11-05 11:33:44.370 W/awplayer(14326): : audio probe fail!!!
11-05 11:33:44.370 I/awplayer(14326): <__AiffParserProbe:805>: wav probe failed.
11-05 11:33:44.370 E/awplayer(14326): <__Id3v2ParserProbe:330>: Probe ID3_header loss sync...
11-05 11:33:44.370 W/awplayer(14326): : Sorry, I don't know what it is!
11-05 11:33:44.370 E/awplayer(14326): : parser creat fail.
11-05 11:33:44.370 E/awplayer(14326): : parser for the source cannot be created. source can be set yet.
11-05 11:33:44.399 I/cedarc (14326): : not malloc locks
11-05 11:33:44.415 I/DefaultIMS( 3502): onStartInput attribute=android.view.inputmethod.EditorInfo@2d82589 restarting=false inputType: 0
11-05 11:33:44.420 W/Looper ( 480): Slow dispatch took 129ms android.fg h=android.os.Handler c=com.android.server.wm.ActivityMetricsLogger$$ExternalSyntheticLambda1@fab3db4 m=0
11-05 11:33:44.420 I/ActivityTaskManager( 480): +++Displayed com.dangbei.lerad.videoposter/com.dangbei.leradplayer.activity.PlayerActivity: +634ms
11-05 11:33:44.426 D/MediaPlayerFactory(14326): Initialize getpersist = 0 value=
11-05 11:33:44.427 I/cedarc (14326): : *** ic_version = 0x3301000012011,
11-05 11:33:44.445 I/awplayer(14326): : Flag Not Zero
11-05 11:33:44.457 I/cedarc (14326): : not malloc locks
11-05 11:33:44.482 W/MediaProvider( 1056): isAppCloneUserPair for user -1: false
11-05 11:33:44.512 W/MediaProvider( 1056): isAppCloneUserPair for user -1: false
11-05 11:33:44.540 I/gralloc ( 257): alloc buffer:W:860 H:760 S:864 PL[860 760] SZ:2626560 fmt:1 if:0 af:1 usg:20000b00 fg:00000004
11-05 11:33:44.581 I/gralloc ( 257): alloc buffer:W:860 H:760 S:864 PL[860 760] SZ:2626560 fmt:1 if:0 af:1 usg:20000b00 fg:00000004
11-05 11:33:44.596 I/gralloc ( 257): alloc buffer:W:860 H:760 S:864 PL[860 760] SZ:2626560 fmt:1 if:0 af:1 usg:20000b00 fg:00000004
11-05 11:33:44.619 I/AW_PowerHAL( 263): Power setMode: LAUNCH to: 0
11-05 11:33:44.629 I/AW_PowerHAL( 263): cur-mode:SCHEDUTIL
