11-05 11:35:08.300 W/awplayer(14326): : Wav parser : no dice, no valid sequence of frames found.
11-05 11:35:08.300 W/awplayer(14326): : Wav parser : no dice, no valid sequence of frames found.
11-05 11:35:08.300 W/awplayer(14326): : Wav parser : no dice, no valid sequence of frames found.
11-05 11:35:08.300 W/awplayer(14326): : Wav parser : no dice, no valid sequence of frames found.
11-05 11:35:08.300 W/awplayer(14326): : Wav parser : no dice, no valid sequence of frames found.
11-05 11:35:08.300 W/awplayer(14326): : Wav parser : no dice, no valid sequence of frames found.
11-05 11:35:08.300 W/awplayer(14326): : Wav parser : no dice, no valid sequence of frames found.
11-05 11:35:08.300 W/awplayer(14326): : Wav parser : no dice, no valid sequence of frames found.
11-05 11:35:08.300 W/awplayer(14326): : Wav parser : no dice, no valid sequence of frames found.
11-05 11:35:08.300 W/awplayer(14326): : Wav parser : no dice, no valid sequence of frames found.
11-05 11:35:08.300 W/awplayer(14326): : Wav parser : no dice, no valid sequence of frames found.
11-05 11:35:08.300 W/awplayer(14326): : Wav parser : no dice, no valid sequence of frames found.
11-05 11:35:08.300 W/awplayer(14326): : Wav parser : no dice, no valid sequence of frames found.
11-05 11:35:08.300 W/awplayer(14326): : Wav parser : no dice, no valid sequence of frames found.
11-05 11:35:08.300 W/awplayer(14326): : Wav parser : no dice, no valid sequence of frames found.
11-05 11:35:08.300 W/awplayer(14326): : Wav parser : no dice, no valid sequence of frames found.
11-05 11:35:08.300 W/awplayer(14326): : Wav parser : no dice, no valid sequence of frames found.
11-05 11:35:08.300 W/awplayer(14326): : Wav parser : no dice, no valid sequence of frames found.
11-05 11:35:08.314 E/ac3_decInternal(14326): 2025-06-20-11-37 EAC3frame_PassThrough begin
11-05 11:35:08.320 D/MediaPlayerFactory(14326): Initialize getpersist = 0 value=
11-05 11:35:08.333 W/awplayer(14326): : Wav parser : no dice, no valid sequence of frames found.
11-05 11:35:08.334 W/awplayer(14326): : Wav parser : no dice, no valid sequence of frames found.
11-05 11:35:08.334 W/awplayer(14326): : Wav parser : no dice, no valid sequence of frames found.
11-05 11:35:08.334 W/awplayer(14326): : Wav parser : no dice, no valid sequence of frames found.
11-05 11:35:08.334 W/awplayer(14326): : Wav parser : no dice, no valid sequence of frames found.
11-05 11:35:08.334 W/awplayer(14326): : Wav parser : no dice, no valid sequence of frames found.
11-05 11:35:08.334 W/awplayer(14326): : Wav parser : no dice, no valid sequence of frames found.
11-05 11:35:08.334 W/awplayer(14326): : Wav parser : no dice, no valid sequence of frames found.
11-05 11:35:08.334 W/awplayer(14326): : Wav parser : no dice, no valid sequence of frames found.
11-05 11:35:08.335 W/awplayer(14326): : Wav parser : no dice, no valid sequence of frames found.
11-05 11:35:08.335 W/awplayer(14326): : Wav parser : no dice, no valid sequence of frames found.
11-05 11:35:08.335 W/awplayer(14326): : Wav parser : no dice, no valid sequence of frames found.
11-05 11:35:08.336 W/awplayer(14326): : Wav parser : no dice, no valid sequence of frames found.
11-05 11:35:08.336 W/awplayer(14326): : Wav parser : no dice, no valid sequence of frames found.
11-05 11:35:08.336 W/awplayer(14326): : Wav parser : no dice, no valid sequence of frames found.
11-05 11:35:08.336 W/awplayer(14326): : Wav parser : no dice, no valid sequence of frames found.
11-05 11:35:08.336 W/awplayer(14326): : Wav parser : no dice, no valid sequence of frames found.
11-05 11:35:08.336 W/awplayer(14326): : Wav parser : no dice, no valid sequence of frames found.
11-05 11:35:08.337 W/awplayer(14326): : Wav parser : no dice, no valid sequence of frames found.
11-05 11:35:08.337 W/awplayer(14326): : Wav parser : no dice, no valid sequence of frames found.
11-05 11:35:08.337 W/awplayer(14326): : Wav parser : no dice, no valid sequence of frames found.
11-05 11:35:08.339 W/awplayer(14326): : Wav parser : no dice, no valid sequence of frames found.
11-05 11:35:08.339 W/awplayer(14326): : Wav parser : no dice, no valid sequence of frames found.
11-05 11:35:08.339 W/awplayer(14326): : Wav parser : no dice, no valid sequence of frames found.
11-05 11:35:08.339 W/awplayer(14326): : Wav parser : no dice, no valid sequence of frames found.
11-05 11:35:08.339 W/awplayer(14326): : Wav parser : no dice, no valid sequence of frames found.
11-05 11:35:08.339 W/awplayer(14326): : Wav parser : no dice, no valid sequence of frames found.
11-05 11:35:08.339 W/awplayer(14326): : Wav parser : no dice, no valid sequence of frames found.
11-05 11:35:08.339 W/awplayer(14326): : Wav parser : no dice, no valid sequence of frames found.
11-05 11:35:08.339 W/awplayer(14326): : Wav parser : no dice, no valid sequence of frames found.
11-05 11:35:08.339 W/awplayer(14326): : Wav parser : no dice, no valid sequence of frames found.
11-05 11:35:08.339 W/awplayer(14326): : Wav parser : no dice, no valid sequence of frames found.
11-05 11:35:08.340 W/awplayer(14326): : Wav parser : no dice, no valid sequence of frames found.
11-05 11:35:08.340 W/awplayer(14326): : Wav parser : no dice, no valid sequence of frames found.
11-05 11:35:08.340 W/awplayer(14326): : Wav parser : no dice, no valid sequence of frames found.
11-05 11:35:08.340 W/awplayer(14326): : Wav parser : no dice, no valid sequence of frames found.
11-05 11:35:08.340 W/awplayer(14326): : Wav parser : no dice, no valid sequence of frames found.
11-05 11:35:08.340 W/awplayer(14326): : Wav parser : no dice, no valid sequence of frames found.
11-05 11:35:08.340 W/awplayer(14326): : Wav parser : no dice, no valid sequence of frames found.
11-05 11:35:08.340 W/awplayer(14326): : Wav parser : no dice, no valid sequence of frames found.
11-05 11:35:08.340 W/awplayer(14326): : Wav parser : no dice, no valid sequence of frames found.
11-05 11:35:08.340 W/awplayer(14326): : Wav parser : no dice, no valid sequence of frames found.
11-05 11:35:08.340 W/awplayer(14326): : Wav parser : no dice, no valid sequence of frames found.
11-05 11:35:08.340 W/awplayer(14326): : Wav parser : no dice, no valid sequence of frames found.
11-05 11:35:08.340 W/awplayer(14326): : Wav parser : no dice, no valid sequence of frames found.
11-05 11:35:08.340 W/awplayer(14326): : Wav parser : no dice, no valid sequence of frames found.
11-05 11:35:08.340 W/awplayer(14326): : Wav parser : no dice, no valid sequence of frames found.
11-05 11:35:08.340 W/awplayer(14326): : Wav parser : no dice, no valid sequence of frames found.
11-05 11:35:08.340 W/awplayer(14326): : Wav parser : no dice, no valid sequence of frames found.
11-05 11:35:08.340 W/awplayer(14326): : Wav parser : no dice, no valid sequence of frames found.
11-05 11:35:08.340 W/awplayer(14326): : Wav parser : no dice, no valid sequence of frames found.
11-05 11:35:08.340 W/awplayer(14326): : Wav parser : no dice, no valid sequence of frames found.
11-05 11:35:08.340 W/awplayer(14326): : Wav parser : no dice, no valid sequence of frames found.
11-05 11:35:08.340 W/awplayer(14326): : Wav parser : no dice, no valid sequence of frames found.
11-05 11:35:08.341 W/awplayer(14326): : Wav parser : no dice, no valid sequence of frames found.
11-05 11:35:08.341 W/awplayer(14326): : Wav parser : no dice, no valid sequence of frames found.
11-05 11:35:08.341 W/awplayer(14326): : Wav parser : no dice, no valid sequence of frames found.
11-05 11:35:08.341 W/awplayer(14326): : Wav parser : no dice, no valid sequence of frames found.
11-05 11:35:08.341 W/awplayer(14326): : Wav parser : no dice, no valid sequence of frames found.
11-05 11:35:08.344 E/WifiHAL ( 663): wifi_get_link_stats: requestResponse Error:-5
11-05 11:35:08.345 E/WifiVendorHal( 480): getWifiLinkLayerStats_1_5_Internal(l.1191) failed {.code = ERROR_INVALID_ARGS, .description = }
11-05 11:35:08.365 E/ac3_decInternal(14326): 2025-06-20-11-37 EAC3frame_PassThrough begin
11-05 11:35:08.366 D/MediaPlayerFactory(14326): Initialize getpersist = 0 value=
11-05 11:35:08.379 W/awplayer(14326): : Wav parser : no dice, no valid sequence of frames found.
11-05 11:35:08.379 W/awplayer(14326): : Wav parser : no dice, no valid sequence of frames found.
11-05 11:35:08.379 W/awplayer(14326): : Wav parser : no dice, no valid sequence of frames found.
11-05 11:35:08.379 W/awplayer(14326): : Wav parser : no dice, no valid sequence of frames found.
11-05 11:35:08.379 W/awplayer(14326): : Wav parser : no dice, no valid sequence of frames found.
11-05 11:35:08.379 W/awplayer(14326): : Wav parser : no dice, no valid sequence of frames found.
11-05 11:35:08.379 W/awplayer(14326): : Wav parser : no dice, no valid sequence of frames found.
11-05 11:35:08.379 W/awplayer(14326): : Wav parser : no dice, no valid sequence of frames found.
11-05 11:35:08.379 W/awplayer(14326): : Wav parser : no dice, no valid sequence of frames found.
11-05 11:35:08.379 W/awplayer(14326): : Wav parser : no dice, no valid sequence of frames found.
11-05 11:35:08.380 W/awplayer(14326): : Wav parser : no dice, no valid sequence of frames found.
11-05 11:35:08.380 W/awplayer(14326): : Wav parser : no dice, no valid sequence of frames found.
11-05 11:35:08.380 W/awplayer(14326): : Wav parser : no dice, no valid sequence of frames found.
11-05 11:35:08.380 W/awplayer(14326): : Wav parser : no dice, no valid sequence of frames found.
11-05 11:35:08.380 W/awplayer(14326): : Wav parser : no dice, no valid sequence of frames found.
11-05 11:35:08.380 W/awplayer(14326): : Wav parser : no dice, no valid sequence of frames found.
11-05 11:35:08.380 W/awplayer(14326): : Wav parser : no dice, no valid sequence of frames found.
11-05 11:35:08.380 W/awplayer(14326): : Wav parser : no dice, no valid sequence of frames found.
11-05 11:35:08.381 W/awplayer(14326): : Wav parser : no dice, no valid sequence of frames found.
11-05 11:35:08.381 W/awplayer(14326): : Wav parser : no dice, no valid sequence of frames found.
11-05 11:35:08.381 W/awplayer(14326): : Wav parser : no dice, no valid sequence of frames found.
11-05 11:35:08.381 W/awplayer(14326): : Wav parser : no dice, no valid sequence of frames found.
11-05 11:35:08.381 W/awplayer(14326): : Wav parser : no dice, no valid sequence of frames found.
11-05 11:35:08.381 W/awplayer(14326): : Wav parser : no dice, no valid sequence of frames found.
11-05 11:35:08.381 W/awplayer(14326): : Wav parser : no dice, no valid sequence of frames found.
11-05 11:35:08.381 W/awplayer(14326): : Wav parser : no dice, no valid sequence of frames found.
11-05 11:35:08.381 W/awplayer(14326): : Wav parser : no dice, no valid sequence of frames found.
11-05 11:35:08.382 W/awplayer(14326): : Wav parser : no dice, no valid sequence of frames found.
11-05 11:35:08.382 W/awplayer(14326): : Wav parser : no dice, no valid sequence of frames found.
11-05 11:35:08.382 W/awplayer(14326): : Wav parser : no dice, no valid sequence of frames found.
11-05 11:35:08.382 W/awplayer(14326): : Wav parser : no dice, no valid sequence of frames found.
11-05 11:35:08.382 W/awplayer(14326): : Wav parser : no dice, no valid sequence of frames found.
11-05 11:35:08.382 W/awplayer(14326): : Wav parser : no dice, no valid sequence of frames found.
11-05 11:35:08.382 W/awplayer(14326): : Wav parser : no dice, no valid sequence of frames found.
11-05 11:35:08.382 W/awplayer(14326): : Wav parser : no dice, no valid sequence of frames found.
11-05 11:35:08.382 W/awplayer(14326): : Wav parser : no dice, no valid sequence of frames found.
11-05 11:35:08.382 W/awplayer(14326): : Wav parser : no dice, no valid sequence of frames found.
11-05 11:35:08.382 W/awplayer(14326): : Wav parser : no dice, no valid sequence of frames found.
11-05 11:35:08.382 W/awplayer(14326): : Wav parser : no dice, no valid sequence of frames found.
11-05 11:35:08.382 W/awplayer(14326): : Wav parser : no dice, no valid sequence of frames found.
11-05 11:35:08.382 W/awplayer(14326): : Wav parser : no dice, no valid sequence of frames found.
11-05 11:35:08.382 W/awplayer(14326): : Wav parser : no dice, no valid sequence of frames found.
11-05 11:35:08.382 W/awplayer(14326): : Wav parser : no dice, no valid sequence of frames found.
11-05 11:35:08.382 W/awplayer(14326): : Wav parser : no dice, no valid sequence of frames found.
11-05 11:35:08.382 W/awplayer(14326): : Wav parser : no dice, no valid sequence of frames found.
11-05 11:35:08.382 W/awplayer(14326): : Wav parser : no dice, no valid sequence of frames found.
11-05 11:35:08.383 W/awplayer(14326): : Wav parser : no dice, no valid sequence of frames found.
11-05 11:35:08.383 W/awplayer(14326): : Wav parser : no dice, no valid sequence of frames found.
11-05 11:35:08.383 W/awplayer(14326): : Wav parser : no dice, no valid sequence of frames found.
11-05 11:35:08.383 W/awplayer(14326): : Wav parser : no dice, no valid sequence of frames found.
11-05 11:35:08.383 W/awplayer(14326): : Wav parser : no dice, no valid sequence of frames found.
11-05 11:35:08.383 W/awplayer(14326): : Wav parser : no dice, no valid sequence of frames found.
11-05 11:35:08.383 W/awplayer(14326): : Wav parser : no dice, no valid sequence of frames found.
11-05 11:35:08.383 W/awplayer(14326): : Wav parser : no dice, no valid sequence of frames found.
11-05 11:35:08.383 W/awplayer(14326): : Wav parser : no dice, no valid sequence of frames found.
11-05 11:35:08.383 W/awplayer(14326): : Wav parser : no dice, no valid sequence of frames found.
11-05 11:35:08.415 E/ac3_decInternal(14326): 2025-06-20-11-37 EAC3frame_PassThrough begin
11-05 11:35:08.423 W/cedarc (14326): : request stream buffer fail, 6274758 bytes valid data in SBM[0], total buffer size is 6291456 bytes.
11-05 11:35:08.423 I/demuxComponent(14326): : waiting for video stream buffer.
11-05 11:35:08.434 D/MediaPlayerFactory(14326): Initialize getpersist = 0 value=
11-05 11:35:08.450 W/awplayer(14326): : Wav parser : no dice, no valid sequence of frames found.
11-05 11:35:08.450 W/awplayer(14326): : Wav parser : no dice, no valid sequence of frames found.
11-05 11:35:08.450 W/awplayer(14326): : Wav parser : no dice, no valid sequence of frames found.
11-05 11:35:08.451 W/awplayer(14326): : Wav parser : no dice, no valid sequence of frames found.
11-05 11:35:08.451 W/awplayer(14326): : Wav parser : no dice, no valid sequence of frames found.
11-05 11:35:08.451 W/awplayer(14326): : Wav parser : no dice, no valid sequence of frames found.
11-05 11:35:08.451 W/awplayer(14326): : Wav parser : no dice, no valid sequence of frames found.
11-05 11:35:08.452 W/awplayer(14326): : Wav parser : no dice, no valid sequence of frames found.
11-05 11:35:08.452 W/awplayer(14326): : Wav parser : no dice, no valid sequence of frames found.
11-05 11:35:08.452 W/awplayer(14326): : Wav parser : no dice, no valid sequence of frames found.
11-05 11:35:08.452 W/awplayer(14326): : Wav parser : no dice, no valid sequence of frames found.
11-05 11:35:08.452 W/awplayer(14326): : Wav parser : no dice, no valid sequence of frames found.
11-05 11:35:08.452 W/awplayer(14326): : Wav parser : no dice, no valid sequence of frames found.
11-05 11:35:08.452 W/awplayer(14326): : Wav parser : no dice, no valid sequence of frames found.
11-05 11:35:08.452 W/awplayer(14326): : Wav parser : no dice, no valid sequence of frames found.
11-05 11:35:08.452 W/awplayer(14326): : Wav parser : no dice, no valid sequence of frames found.
11-05 11:35:08.452 W/awplayer(14326): : Wav parser : no dice, no valid sequence of frames found.
11-05 11:35:08.453 W/awplayer(14326): : Wav parser : no dice, no valid sequence of frames found.
11-05 11:35:08.453 W/awplayer(14326): : Wav parser : no dice, no valid sequence of frames found.
11-05 11:35:08.453 W/awplayer(14326): : Wav parser : no dice, no valid sequence of frames found.
11-05 11:35:08.453 W/awplayer(14326): : Wav parser : no dice, no valid sequence of frames found.
11-05 11:35:08.453 W/awplayer(14326): : Wav parser : no dice, no valid sequence of frames found.
11-05 11:35:08.465 E/ac3_decInternal(14326): 2025-06-20-11-37 EAC3frame_PassThrough begin
11-05 11:35:08.485 D/MediaPlayerFactory(14326): Initialize getpersist = 0 value=
11-05 11:35:08.515 E/ac3_decInternal(14326): 2025-06-20-11-37 EAC3frame_PassThrough begin
11-05 11:35:08.536 W/MediaProvider( 1056): isAppCloneUserPair for user -1: false
11-05 11:35:08.566 E/ac3_decInternal(14326): 2025-06-20-11-37 EAC3frame_PassThrough begin
11-05 11:35:08.574 W/MediaProvider( 1056): isAppCloneUserPair for user -1: false
11-05 11:35:08.583 W/MediaProvider( 1056): isAppCloneUserPair for user -1: false
11-05 11:35:08.589 W/MediaProvider( 1056): isAppCloneUserPair for user -1: false
11-05 11:35:08.599 W/MediaProvider( 1056): isAppCloneUserPair for user -1: false
11-05 11:35:08.608 W/MediaProvider( 1056): isAppCloneUserPair for user -1: false
11-05 11:35:08.616 E/ac3_decInternal(14326): 2025-06-20-11-37 EAC3frame_PassThrough begin
11-05 11:35:08.619 W/MediaProvider( 1056): isAppCloneUserPair for user -1: false
11-05 11:35:08.623 W/cedarc (14326): : request stream buffer fail, 6274758 bytes valid data in SBM[0], total buffer size is 6291456 bytes.
11-05 11:35:08.623 I/demuxComponent(14326): : waiting for video stream buffer.
11-05 11:35:08.627 W/MediaProvider( 1056): isAppCloneUserPair for user -1: false
11-05 11:35:08.636 W/MediaProvider( 1056): isAppCloneUserPair for user -1: false
11-05 11:35:08.644 W/MediaProvider( 1056): isAppCloneUserPair for user -1: false
11-05 11:35:08.665 W/MediaProvider( 1056): isAppCloneUserPair for user -1: false
11-05 11:35:08.666 E/ac3_decInternal(14326): 2025-06-20-11-37 EAC3frame_PassThrough begin
11-05 11:35:08.684 W/MediaProvider( 1056): isAppCloneUserPair for user -1: false
11-05 11:35:08.706 W/MediaProvider( 1056): isAppCloneUserPair for user -1: false
11-05 11:35:08.716 E/ac3_decInternal(14326): 2025-06-20-11-37 EAC3frame_PassThrough begin
11-05 11:35:08.725 W/MediaProvider( 1056): isAppCloneUserPair for user -1: false
11-05 11:35:08.743 W/MediaProvider( 1056): isAppCloneUserPair for user -1: false
11-05 11:35:08.761 W/MediaProvider( 1056): isAppCloneUserPair for user -1: false
11-05 11:35:08.767 E/ac3_decInternal(14326): 2025-06-20-11-37 EAC3frame_PassThrough begin
11-05 11:35:08.777 W/MediaProvider( 1056): isAppCloneUserPair for user -1: false
11-05 11:35:08.789 W/MediaProvider( 1056): isAppCloneUserPair for user -1: false
11-05 11:35:08.802 W/MediaProvider( 1056): isAppCloneUserPair for user -1: false
11-05 11:35:08.815 W/MediaProvider( 1056): isAppCloneUserPair for user -1: false
11-05 11:35:08.817 E/ac3_decInternal(14326): 2025-06-20-11-37 EAC3frame_PassThrough begin
11-05 11:35:08.823 W/cedarc (14326): : request stream buffer fail, 6274758 bytes valid data in SBM[0], total buffer size is 6291456 bytes.
11-05 11:35:08.823 I/demuxComponent(14326): : waiting for video stream buffer.
11-05 11:35:08.831 W/MediaProvider( 1056): isAppCloneUserPair for user -1: false
11-05 11:35:08.837 W/MediaProvider( 1056): isAppCloneUserPair for user -1: false
11-05 11:35:08.846 W/MediaProvider( 1056): isAppCloneUserPair for user -1: false
11-05 11:35:08.867 E/ac3_decInternal(14326): 2025-06-20-11-37 EAC3frame_PassThrough begin
11-05 11:35:08.917 W/MediaProvider( 1056): isAppCloneUserPair for user -1: false
11-05 11:35:08.917 E/ac3_decInternal(14326): 2025-06-20-11-37 EAC3frame_PassThrough begin
11-05 11:35:08.925 W/MediaProvider( 1056): isAppCloneUserPair for user -1: false
11-05 11:35:08.935 W/MediaProvider( 1056): isAppCloneUserPair for user -1: false
11-05 11:35:08.965 W/IorapForwardingService( 480): No service published for: iorapd
11-05 11:35:08.967 E/ac3_decInternal(14326): 2025-06-20-11-37 EAC3frame_PassThrough begin
11-05 11:35:08.989 D/MediaPlayerFactory(14326): Initialize getpersist = 0 value=
11-05 11:35:09.018 E/ac3_decInternal(14326): 2025-06-20-11-37 EAC3frame_PassThrough begin
11-05 11:35:09.023 W/cedarc (14326): : request stream buffer fail, 6274758 bytes valid data in SBM[0], total buffer size is 6291456 bytes.
11-05 11:35:09.023 I/demuxComponent(14326): : waiting for video stream buffer.
11-05 11:35:09.024 D/MediaPlayerFactory(14326): Initialize getpersist = 0 value=
11-05 11:35:09.068 E/ac3_decInternal(14326): 2025-06-20-11-37 EAC3frame_PassThrough begin
11-05 11:35:09.069 D/MediaPlayerFactory(14326): Initialize getpersist = 0 value=
11-05 11:35:09.096 D/MediaPlayerFactory(14326): Initialize getpersist = 0 value=
11-05 11:35:09.108 E/awplayer(14326): <__FlacParserProbe:1096>: Flac probe failed.
11-05 11:35:09.112 E/awplayer(14326): <__FlacParserProbe:1096>: Flac probe failed.
11-05 11:35:09.118 E/ac3_decInternal(14326): 2025-06-20-11-37 EAC3frame_PassThrough begin
11-05 11:35:09.130 E/awplayer(14326): <__CafParserProbe:567>: Caf probe failed.
11-05 11:35:09.131 E/awplayer(14326): <__G729ParserProbe:290>: g729 SYNC_WORD probe failed.
11-05 11:35:09.131 W/awplayer(14326): : audio probe fail!!!
11-05 11:35:09.131 I/awplayer(14326): <__AiffParserProbe:805>: wav probe failed.
11-05 11:35:09.131 E/awplayer(14326): <__Id3v2ParserProbe:330>: Probe ID3_header loss sync...
11-05 11:35:09.131 W/awplayer(14326): : Sorry, I don't know what it is!
11-05 11:35:09.131 E/awplayer(14326): : parser creat fail.
11-05 11:35:09.131 E/awplayer(14326): : parser for the source cannot be created. source can be set yet.
11-05 11:35:09.144 W/MediaProvider( 1056): isAppCloneUserPair for user -1: false
11-05 11:35:09.153 W/MediaProvider( 1056): isAppCloneUserPair for user -1: false
11-05 11:35:09.168 E/ac3_decInternal(14326): 2025-06-20-11-37 EAC3frame_PassThrough begin
11-05 11:35:09.191 W/MediaProvider( 1056): isAppCloneUserPair for user -1: false
11-05 11:35:09.204 W/MediaProvider( 1056): isAppCloneUserPair for user -1: false
11-05 11:35:09.213 W/MediaProvider( 1056): isAppCloneUserPair for user -1: false
11-05 11:35:09.219 E/ac3_decInternal(14326): 2025-06-20-11-37 EAC3frame_PassThrough begin
11-05 11:35:09.223 W/cedarc (14326): : request stream buffer fail, 6274758 bytes valid data in SBM[0], total buffer size is 6291456 bytes.
11-05 11:35:09.224 I/demuxComponent(14326): : waiting for video stream buffer.
11-05 11:35:09.231 W/MediaProvider( 1056): isAppCloneUserPair for user -1: false
11-05 11:35:09.269 E/ac3_decInternal(14326): 2025-06-20-11-37 EAC3frame_PassThrough begin
11-05 11:35:09.319 E/ac3_decInternal(14326): 2025-06-20-11-37 EAC3frame_PassThrough begin
11-05 11:35:09.349 D/MediaPlayerFactory(14326): Initialize getpersist = 0 value=
11-05 11:35:09.370 E/ac3_decInternal(14326): 2025-06-20-11-37 EAC3frame_PassThrough begin
11-05 11:35:09.420 E/ac3_decInternal(14326): 2025-06-20-11-37 EAC3frame_PassThrough begin
11-05 11:35:09.424 W/cedarc (14326): : request stream buffer fail, 6274758 bytes valid data in SBM[0], total buffer size is 6291456 bytes.
11-05 11:35:09.424 I/demuxComponent(14326): : waiting for video stream buffer.
11-05 11:35:09.470 E/ac3_decInternal(14326): 2025-06-20-11-37 EAC3frame_PassThrough begin
11-05 11:35:09.521 E/ac3_decInternal(14326): 2025-06-20-11-37 EAC3frame_PassThrough begin
11-05 11:35:09.571 E/ac3_decInternal(14326): 2025-06-20-11-37 EAC3frame_PassThrough begin
11-05 11:35:09.621 E/ac3_decInternal(14326): 2025-06-20-11-37 EAC3frame_PassThrough begin
11-05 11:35:09.624 W/cedarc (14326): : request stream buffer fail, 6274758 bytes valid data in SBM[0], total buffer size is 6291456 bytes.
11-05 11:35:09.624 I/demuxComponent(14326): : waiting for video stream buffer.
11-05 11:35:09.671 E/ac3_decInternal(14326): 2025-06-20-11-37 EAC3frame_PassThrough begin
11-05 11:35:09.722 E/ac3_decInternal(14326): 2025-06-20-11-37 EAC3frame_PassThrough begin
11-05 11:35:09.772 E/ac3_decInternal(14326): 2025-06-20-11-37 EAC3frame_PassThrough begin
11-05 11:35:09.822 E/ac3_decInternal(14326): 2025-06-20-11-37 EAC3frame_PassThrough begin
11-05 11:35:09.825 W/cedarc (14326): : request stream buffer fail, 6274758 bytes valid data in SBM[0], total buffer size is 6291456 bytes.
11-05 11:35:09.825 I/demuxComponent(14326): : waiting for video stream buffer.
11-05 11:35:09.873 E/ac3_decInternal(14326): 2025-06-20-11-37 EAC3frame_PassThrough begin
11-05 11:35:09.923 E/ac3_decInternal(14326): 2025-06-20-11-37 EAC3frame_PassThrough begin
11-05 11:35:09.937 E/TaskPersister( 480): File error accessing recents directory (directory doesn't exist?).
11-05 11:35:09.966 W/IorapForwardingService( 480): No service published for: iorapd
11-05 11:35:09.973 E/ac3_decInternal(14326): 2025-06-20-11-37 EAC3frame_PassThrough begin
11-05 11:35:10.024 E/ac3_decInternal(14326): 2025-06-20-11-37 EAC3frame_PassThrough begin
11-05 11:35:10.025 W/cedarc (14326): : request stream buffer fail, 6274758 bytes valid data in SBM[0], total buffer size is 6291456 bytes.
11-05 11:35:10.025 I/demuxComponent(14326): : waiting for video stream buffer.
11-05 11:35:10.074 E/ac3_decInternal(14326): 2025-06-20-11-37 EAC3frame_PassThrough begin
11-05 11:35:10.125 E/ac3_decInternal(14326): 2025-06-20-11-37 EAC3frame_PassThrough begin
11-05 11:35:10.141 D/MediaPlayerFactory(14326): Initialize getpersist = 0 value=
11-05 11:35:10.175 E/ac3_decInternal(14326): 2025-06-20-11-37 EAC3frame_PassThrough begin
11-05 11:35:10.225 E/ac3_decInternal(14326): 2025-06-20-11-37 EAC3frame_PassThrough begin
11-05 11:35:10.225 W/cedarc (14326): : request stream buffer fail, 6274758 bytes valid data in SBM[0], total buffer size is 6291456 bytes.
11-05 11:35:10.225 I/demuxComponent(14326): : waiting for video stream buffer.
11-05 11:35:10.276 E/ac3_decInternal(14326): 2025-06-20-11-37 EAC3frame_PassThrough begin
11-05 11:35:10.326 E/ac3_decInternal(14326): 2025-06-20-11-37 EAC3frame_PassThrough begin
11-05 11:35:10.376 E/ac3_decInternal(14326): 2025-06-20-11-37 EAC3frame_PassThrough begin
11-05 11:35:10.425 W/cedarc (14326): : request stream buffer fail, 6274758 bytes valid data in SBM[0], total buffer size is 6291456 bytes.
11-05 11:35:10.425 I/demuxComponent(14326): : waiting for video stream buffer.
11-05 11:35:10.426 E/ac3_decInternal(14326): 2025-06-20-11-37 EAC3frame_PassThrough begin
11-05 11:35:10.477 E/ac3_decInternal(14326): 2025-06-20-11-37 EAC3frame_PassThrough begin
11-05 11:35:10.479 D/MediaPlayerFactory(14326): Initialize getpersist = 0 value=
11-05 11:35:10.527 E/ac3_decInternal(14326): 2025-06-20-11-37 EAC3frame_PassThrough begin
11-05 11:35:10.557 I/gbei.screencas( 3126): Background concurrent copying GC freed 51575(5501KB) AllocSpace objects, 0(0B) LOS objects, 49% free, 5546KB/10MB, paused 187us total 264.383ms
11-05 11:35:10.565 W/MediaProvider( 1056): isAppCloneUserPair for user -1: false
11-05 11:35:10.575 W/MediaProvider( 1056): isAppCloneUserPair for user -1: false
11-05 11:35:10.577 E/ac3_decInternal(14326): 2025-06-20-11-37 EAC3frame_PassThrough begin
11-05 11:35:10.587 W/MediaProvider( 1056): isAppCloneUserPair for user -1: false
11-05 11:35:10.595 W/MediaProvider( 1056): isAppCloneUserPair for user -1: false
11-05 11:35:10.602 W/MediaProvider( 1056): isAppCloneUserPair for user -1: false
11-05 11:35:10.608 W/MediaProvider( 1056): isAppCloneUserPair for user -1: false
11-05 11:35:10.626 W/cedarc (14326): : request stream buffer fail, 6274758 bytes valid data in SBM[0], total buffer size is 6291456 bytes.
11-05 11:35:10.626 I/demuxComponent(14326): : waiting for video stream buffer.
11-05 11:35:10.627 E/ac3_decInternal(14326): 2025-06-20-11-37 EAC3frame_PassThrough begin
11-05 11:35:10.634 D/MediaPlayerFactory(14326): Initialize getpersist = 0 value=
11-05 11:35:10.672 E/awplayer(14326): :  read error
at pos(65ebdeb)
11-05 11:35:10.672 E/awplayer(14326): : Invalid id(0) at pos (0x65ebdeb)
11-05 11:35:10.677 E/ac3_decInternal(14326): 2025-06-20-11-37 EAC3frame_PassThrough begin
11-05 11:35:10.693 D/MediaPlayerFactory(14326): Initialize getpersist = 0 value=
11-05 11:35:10.722 D/MediaPlayerFactory(14326): Initialize getpersist = 0 value=
11-05 11:35:10.728 E/ac3_decInternal(14326): 2025-06-20-11-37 EAC3frame_PassThrough begin
11-05 11:35:10.741 W/MediaProvider( 1056): isAppCloneUserPair for user -1: false
11-05 11:35:10.749 W/MediaProvider( 1056): isAppCloneUserPair for user -1: false
11-05 11:35:10.778 E/ac3_decInternal(14326): 2025-06-20-11-37 EAC3frame_PassThrough begin
11-05 11:35:10.826 W/cedarc (14326): : request stream buffer fail, 6274758 bytes valid data in SBM[0], total buffer size is 6291456 bytes.
11-05 11:35:10.826 I/demuxComponent(14326): : waiting for video stream buffer.
11-05 11:35:10.828 E/ac3_decInternal(14326): 2025-06-20-11-37 EAC3frame_PassThrough begin
11-05 11:35:10.878 E/ac3_decInternal(14326): 2025-06-20-11-37 EAC3frame_PassThrough begin
11-05 11:35:10.929 E/ac3_decInternal(14326): 2025-06-20-11-37 EAC3frame_PassThrough begin
11-05 11:35:10.968 W/IorapForwardingService( 480): No service published for: iorapd
11-05 11:35:10.979 E/ac3_decInternal(14326): 2025-06-20-11-37 EAC3frame_PassThrough begin
11-05 11:35:11.026 W/cedarc (14326): : request stream buffer fail, 6274758 bytes valid data in SBM[0], total buffer size is 6291456 bytes.
11-05 11:35:11.027 I/demuxComponent(14326): : waiting for video stream buffer.
11-05 11:35:11.029 E/ac3_decInternal(14326): 2025-06-20-11-37 EAC3frame_PassThrough begin
11-05 11:35:11.052 I/FuseDaemon( 1056): Background concurrent copying GC freed 46791(2704KB) AllocSpace objects, 91(5704KB) LOS objects, 49% free, 7242KB/14MB, paused 122us total 105.868ms
11-05 11:35:11.080 E/ac3_decInternal(14326): 2025-06-20-11-37 EAC3frame_PassThrough begin
11-05 11:35:11.130 E/ac3_decInternal(14326): 2025-06-20-11-37 EAC3frame_PassThrough begin
11-05 11:35:11.133 W/MediaProvider( 1056): isAppCloneUserPair for user -1: false
11-05 11:35:11.139 W/MediaProvider( 1056): isAppCloneUserPair for user -1: false
11-05 11:35:11.172 W/MediaProvider( 1056): isAppCloneUserPair for user -1: false
11-05 11:35:11.180 E/ac3_decInternal(14326): 2025-06-20-11-37 EAC3frame_PassThrough begin
11-05 11:35:11.183 W/MediaProvider( 1056): isAppCloneUserPair for user -1: false
11-05 11:35:11.190 W/MediaProvider( 1056): isAppCloneUserPair for user -1: false
11-05 11:35:11.197 W/MediaProvider( 1056): isAppCloneUserPair for user -1: false
11-05 11:35:11.206 W/MediaProvider( 1056): isAppCloneUserPair for user -1: false
11-05 11:35:11.212 W/MediaProvider( 1056): isAppCloneUserPair for user -1: false
11-05 11:35:11.221 W/MediaProvider( 1056): isAppCloneUserPair for user -1: false
11-05 11:35:11.227 W/cedarc (14326): : request stream buffer fail, 6274758 bytes valid data in SBM[0], total buffer size is 6291456 bytes.
11-05 11:35:11.227 I/demuxComponent(14326): : waiting for video stream buffer.
11-05 11:35:11.231 E/ac3_decInternal(14326): 2025-06-20-11-37 EAC3frame_PassThrough begin
11-05 11:35:11.231 W/MediaProvider( 1056): isAppCloneUserPair for user -1: false
11-05 11:35:11.239 W/MediaProvider( 1056): isAppCloneUserPair for user -1: false
11-05 11:35:11.249 W/MediaProvider( 1056): isAppCloneUserPair for user -1: false
11-05 11:35:11.254 W/MediaProvider( 1056): isAppCloneUserPair for user -1: false
11-05 11:35:11.260 W/MediaProvider( 1056): isAppCloneUserPair for user -1: false
11-05 11:35:11.265 W/MediaProvider( 1056): isAppCloneUserPair for user -1: false
11-05 11:35:11.271 W/MediaProvider( 1056): isAppCloneUserPair for user -1: false
11-05 11:35:11.277 W/MediaProvider( 1056): isAppCloneUserPair for user -1: false
11-05 11:35:11.281 E/ac3_decInternal(14326): 2025-06-20-11-37 EAC3frame_PassThrough begin
11-05 11:35:11.283 W/MediaProvider( 1056): isAppCloneUserPair for user -1: false
11-05 11:35:11.289 W/MediaProvider( 1056): isAppCloneUserPair for user -1: false
11-05 11:35:11.295 W/MediaProvider( 1056): isAppCloneUserPair for user -1: false
11-05 11:35:11.301 W/MediaProvider( 1056): isAppCloneUserPair for user -1: false
11-05 11:35:11.307 W/MediaProvider( 1056): isAppCloneUserPair for user -1: false
11-05 11:35:11.312 W/MediaProvider( 1056): isAppCloneUserPair for user -1: false
11-05 11:35:11.317 W/MediaProvider( 1056): isAppCloneUserPair for user -1: false
11-05 11:35:11.323 W/MediaProvider( 1056): isAppCloneUserPair for user -1: false
11-05 11:35:11.328 W/MediaProvider( 1056): isAppCloneUserPair for user -1: false
11-05 11:35:11.331 E/ac3_decInternal(14326): 2025-06-20-11-37 EAC3frame_PassThrough begin
11-05 11:35:11.336 W/MediaProvider( 1056): isAppCloneUserPair for user -1: false
11-05 11:35:11.342 W/MediaProvider( 1056): isAppCloneUserPair for user -1: false
11-05 11:35:11.348 W/MediaProvider( 1056): isAppCloneUserPair for user -1: false
11-05 11:35:11.354 W/MediaProvider( 1056): isAppCloneUserPair for user -1: false
11-05 11:35:11.357 E/WifiHAL ( 663): wifi_get_link_stats: requestResponse Error:-5
11-05 11:35:11.358 E/WifiVendorHal( 480): getWifiLinkLayerStats_1_5_Internal(l.1191) failed {.code = ERROR_INVALID_ARGS, .description = }
11-05 11:35:11.362 W/MediaProvider( 1056): isAppCloneUserPair for user -1: false
11-05 11:35:11.368 W/MediaProvider( 1056): isAppCloneUserPair for user -1: false
11-05 11:35:11.374 W/MediaProvider( 1056): isAppCloneUserPair for user -1: false
11-05 11:35:11.381 E/ac3_decInternal(14326): 2025-06-20-11-37 EAC3frame_PassThrough begin
11-05 11:35:11.399 W/awplayer(14326): : break audio video first sync.
11-05 11:35:11.428 E/ac3_decInternal(14326): 2025-06-20-11-37 EAC3frame_PassThrough begin
11-05 11:35:11.428 E/ac3_decInternal(14326): 2025-06-20-11-37 EAC3frame_PassThrough begin
11-05 11:35:11.428 E/ac3_decInternal(14326): 2025-06-20-11-37 EAC3frame_PassThrough begin
11-05 11:35:11.428 E/ac3_decInternal(14326): 2025-06-20-11-37 EAC3frame_PassThrough begin
11-05 11:35:11.429 E/ac3_decInternal(14326): 2025-06-20-11-37 EAC3frame_PassThrough begin
11-05 11:35:11.429 E/ac3_decInternal(14326): 2025-06-20-11-37 EAC3frame_PassThrough begin
11-05 11:35:11.429 E/ac3_decInternal(14326): 2025-06-20-11-37 EAC3frame_PassThrough begin
11-05 11:35:11.430 E/ac3_decInternal(14326): 2025-06-20-11-37 EAC3frame_PassThrough begin
11-05 11:35:11.430 E/ac3_decInternal(14326): 2025-06-20-11-37 EAC3frame_PassThrough begin
11-05 11:35:11.431 E/ac3_decInternal(14326): 2025-06-20-11-37 EAC3frame_PassThrough begin
11-05 11:35:11.431 E/ac3_decInternal(14326): 2025-06-20-11-37 EAC3frame_PassThrough begin
11-05 11:35:11.431 E/ac3_decInternal(14326): 2025-06-20-11-37 EAC3frame_PassThrough begin
11-05 11:35:11.431 E/ac3_decInternal(14326): 2025-06-20-11-37 EAC3frame_PassThrough begin
11-05 11:35:11.431 E/ac3_decInternal(14326): 2025-06-20-11-37 EAC3frame_PassThrough begin
11-05 11:35:11.431 E/ac3_decInternal(14326): 2025-06-20-11-37 EAC3frame_PassThrough begin
11-05 11:35:11.431 E/ac3_decInternal(14326): 2025-06-20-11-37 EAC3frame_PassThrough begin
11-05 11:35:11.432 E/ac3_decInternal(14326): 2025-06-20-11-37 EAC3frame_PassThrough begin
11-05 11:35:11.432 E/ac3_decInternal(14326): 2025-06-20-11-37 EAC3frame_PassThrough begin
11-05 11:35:11.432 E/ac3_decInternal(14326): 2025-06-20-11-37 EAC3frame_PassThrough begin
11-05 11:35:11.432 E/ac3_decInternal(14326): 2025-06-20-11-37 EAC3frame_PassThrough begin
11-05 11:35:11.432 W/cedarc (14326): : request stream buffer fail, 6264168 bytes valid data in SBM[0], total buffer size is 6291456 bytes.
11-05 11:35:11.432 I/demuxComponent(14326): : waiting for video stream buffer.
11-05 11:35:11.432 E/ac3_decInternal(14326): 2025-06-20-11-37 EAC3frame_PassThrough begin
11-05 11:35:11.432 E/ac3_decInternal(14326): 2025-06-20-11-37 EAC3frame_PassThrough begin
11-05 11:35:11.433 E/ac3_decInternal(14326): 2025-06-20-11-37 EAC3frame_PassThrough begin
11-05 11:35:11.483 E/ac3_decInternal(14326): 2025-06-20-11-37 EAC3frame_PassThrough begin
11-05 11:35:11.533 E/ac3_decInternal(14326): 2025-06-20-11-37 EAC3frame_PassThrough begin
11-05 11:35:11.584 E/ac3_decInternal(14326): 2025-06-20-11-37 EAC3frame_PassThrough begin
11-05 11:35:11.633 E/ac3_decInternal(14326): 2025-06-20-11-37 EAC3frame_PassThrough begin
11-05 11:35:11.634 E/ac3_decInternal(14326): 2025-06-20-11-37 EAC3frame_PassThrough begin
11-05 11:35:11.634 E/ac3_decInternal(14326): 2025-06-20-11-37 EAC3frame_PassThrough begin
11-05 11:35:11.634 E/ac3_decInternal(14326): 2025-06-20-11-37 EAC3frame_PassThrough begin
11-05 11:35:11.634 E/ac3_decInternal(14326): 2025-06-20-11-37 EAC3frame_PassThrough begin
11-05 11:35:11.634 E/ac3_decInternal(14326): 2025-06-20-11-37 EAC3frame_PassThrough begin
11-05 11:35:11.634 E/ac3_decInternal(14326): 2025-06-20-11-37 EAC3frame_PassThrough begin
11-05 11:35:11.634 E/ac3_decInternal(14326): 2025-06-20-11-37 EAC3frame_PassThrough begin
11-05 11:35:11.634 E/ac3_decInternal(14326): 2025-06-20-11-37 EAC3frame_PassThrough begin
11-05 11:35:11.635 E/ac3_decInternal(14326): 2025-06-20-11-37 EAC3frame_PassThrough begin
11-05 11:35:11.635 E/ac3_decInternal(14326): 2025-06-20-11-37 EAC3frame_PassThrough begin
11-05 11:35:11.635 E/ac3_decInternal(14326): 2025-06-20-11-37 EAC3frame_PassThrough begin
11-05 11:35:11.635 E/ac3_decInternal(14326): 2025-06-20-11-37 EAC3frame_PassThrough begin
11-05 11:35:11.635 E/ac3_decInternal(14326): 2025-06-20-11-37 EAC3frame_PassThrough begin
11-05 11:35:11.635 E/ac3_decInternal(14326): 2025-06-20-11-37 EAC3frame_PassThrough begin
11-05 11:35:11.635 E/ac3_decInternal(14326): 2025-06-20-11-37 EAC3frame_PassThrough begin
11-05 11:35:11.635 E/ac3_decInternal(14326): 2025-06-20-11-37 EAC3frame_PassThrough begin
11-05 11:35:11.635 E/ac3_decInternal(14326): 2025-06-20-11-37 EAC3frame_PassThrough begin
11-05 11:35:11.635 E/ac3_decInternal(14326): 2025-06-20-11-37 EAC3frame_PassThrough begin
11-05 11:35:11.635 E/ac3_decInternal(14326): 2025-06-20-11-37 EAC3frame_PassThrough begin
11-05 11:35:11.635 E/ac3_decInternal(14326): 2025-06-20-11-37 EAC3frame_PassThrough begin
11-05 11:35:11.635 E/ac3_decInternal(14326): 2025-06-20-11-37 EAC3frame_PassThrough begin
11-05 11:35:11.635 E/ac3_decInternal(14326): 2025-06-20-11-37 EAC3frame_PassThrough begin
11-05 11:35:11.635 E/ac3_decInternal(14326): 2025-06-20-11-37 EAC3frame_PassThrough begin
11-05 11:35:11.635 E/ac3_decInternal(14326): 2025-06-20-11-37 EAC3frame_PassThrough begin
11-05 11:35:11.635 E/ac3_decInternal(14326): 2025-06-20-11-37 EAC3frame_PassThrough begin
11-05 11:35:11.635 E/ac3_decInternal(14326): 2025-06-20-11-37 EAC3frame_PassThrough begin
11-05 11:35:11.635 E/ac3_decInternal(14326): 2025-06-20-11-37 EAC3frame_PassThrough begin
11-05 11:35:11.636 E/ac3_decInternal(14326): 2025-06-20-11-37 EAC3frame_PassThrough begin
11-05 11:35:11.636 E/ac3_decInternal(14326): 2025-06-20-11-37 EAC3frame_PassThrough begin
11-05 11:35:11.636 E/ac3_decInternal(14326): 2025-06-20-11-37 EAC3frame_PassThrough begin
11-05 11:35:11.636 E/ac3_decInternal(14326): 2025-06-20-11-37 EAC3frame_PassThrough begin
11-05 11:35:11.636 E/ac3_decInternal(14326): 2025-06-20-11-37 EAC3frame_PassThrough begin
11-05 11:35:11.636 E/ac3_decInternal(14326): 2025-06-20-11-37 EAC3frame_PassThrough begin
11-05 11:35:11.636 E/ac3_decInternal(14326): 2025-06-20-11-37 EAC3frame_PassThrough begin
11-05 11:35:11.636 E/ac3_decInternal(14326): 2025-06-20-11-37 EAC3frame_PassThrough begin
11-05 11:35:11.636 E/ac3_decInternal(14326): 2025-06-20-11-37 EAC3frame_PassThrough begin
11-05 11:35:11.636 E/ac3_decInternal(14326): 2025-06-20-11-37 EAC3frame_PassThrough begin
11-05 11:35:11.636 E/ac3_decInternal(14326): 2025-06-20-11-37 EAC3frame_PassThrough begin
11-05 11:35:11.636 E/ac3_decInternal(14326): 2025-06-20-11-37 EAC3frame_PassThrough begin
11-05 11:35:11.636 E/ac3_decInternal(14326): 2025-06-20-11-37 EAC3frame_PassThrough begin
11-05 11:35:11.636 E/ac3_decInternal(14326): 2025-06-20-11-37 EAC3frame_PassThrough begin
11-05 11:35:11.636 E/ac3_decInternal(14326): 2025-06-20-11-37 EAC3frame_PassThrough begin
11-05 11:35:11.636 E/ac3_decInternal(14326): 2025-06-20-11-37 EAC3frame_PassThrough begin
11-05 11:35:11.636 E/ac3_decInternal(14326): 2025-06-20-11-37 EAC3frame_PassThrough begin
11-05 11:35:11.636 E/ac3_decInternal(14326): 2025-06-20-11-37 EAC3frame_PassThrough begin
11-05 11:35:11.636 E/ac3_decInternal(14326): 2025-06-20-11-37 EAC3frame_PassThrough begin
11-05 11:35:11.636 E/ac3_decInternal(14326): 2025-06-20-11-37 EAC3frame_PassThrough begin
11-05 11:35:11.637 E/ac3_decInternal(14326): 2025-06-20-11-37 EAC3frame_PassThrough begin
11-05 11:35:11.638 E/ac3_decInternal(14326): 2025-06-20-11-37 EAC3frame_PassThrough begin
11-05 11:35:11.638 E/ac3_decInternal(14326): 2025-06-20-11-37 EAC3frame_PassThrough begin
11-05 11:35:11.638 E/ac3_decInternal(14326): 2025-06-20-11-37 EAC3frame_PassThrough begin
11-05 11:35:11.638 E/ac3_decInternal(14326): 2025-06-20-11-37 EAC3frame_PassThrough begin
11-05 11:35:11.638 E/ac3_decInternal(14326): 2025-06-20-11-37 EAC3frame_PassThrough begin
11-05 11:35:11.638 E/ac3_decInternal(14326): 2025-06-20-11-37 EAC3frame_PassThrough begin
11-05 11:35:11.638 E/ac3_decInternal(14326): 2025-06-20-11-37 EAC3frame_PassThrough begin
11-05 11:35:11.638 E/ac3_decInternal(14326): 2025-06-20-11-37 EAC3frame_PassThrough begin
11-05 11:35:11.638 E/ac3_decInternal(14326): 2025-06-20-11-37 EAC3frame_PassThrough begin
11-05 11:35:11.638 E/ac3_decInternal(14326): 2025-06-20-11-37 EAC3frame_PassThrough begin
11-05 11:35:11.639 E/ac3_decInternal(14326): 2025-06-20-11-37 EAC3frame_PassThrough begin
11-05 11:35:11.641 E/ac3_decInternal(14326): 2025-06-20-11-37 EAC3frame_PassThrough begin
11-05 11:35:11.641 E/ac3_decInternal(14326): 2025-06-20-11-37 EAC3frame_PassThrough begin
11-05 11:35:11.641 E/ac3_decInternal(14326): 2025-06-20-11-37 EAC3frame_PassThrough begin
11-05 11:35:11.641 E/ac3_decInternal(14326): 2025-06-20-11-37 EAC3frame_PassThrough begin
11-05 11:35:11.641 E/ac3_decInternal(14326): 2025-06-20-11-37 EAC3frame_PassThrough begin
11-05 11:35:11.641 E/ac3_decInternal(14326): 2025-06-20-11-37 EAC3frame_PassThrough begin
11-05 11:35:11.641 E/ac3_decInternal(14326): 2025-06-20-11-37 EAC3frame_PassThrough begin
11-05 11:35:11.641 E/ac3_decInternal(14326): 2025-06-20-11-37 EAC3frame_PassThrough begin
11-05 11:35:11.641 E/ac3_decInternal(14326): 2025-06-20-11-37 EAC3frame_PassThrough begin
11-05 11:35:11.642 E/ac3_decInternal(14326): 2025-06-20-11-37 EAC3frame_PassThrough begin
11-05 11:35:11.642 E/ac3_decInternal(14326): 2025-06-20-11-37 EAC3frame_PassThrough begin
11-05 11:35:11.642 E/ac3_decInternal(14326): 2025-06-20-11-37 EAC3frame_PassThrough begin
11-05 11:35:11.642 E/ac3_decInternal(14326): 2025-06-20-11-37 EAC3frame_PassThrough begin
11-05 11:35:11.642 E/ac3_decInternal(14326): 2025-06-20-11-37 EAC3frame_PassThrough begin
11-05 11:35:11.642 E/ac3_decInternal(14326): 2025-06-20-11-37 EAC3frame_PassThrough begin
11-05 11:35:11.642 E/ac3_decInternal(14326): 2025-06-20-11-37 EAC3frame_PassThrough begin
11-05 11:35:11.642 E/ac3_decInternal(14326): 2025-06-20-11-37 EAC3frame_PassThrough begin
11-05 11:35:11.642 E/ac3_decInternal(14326): 2025-06-20-11-37 EAC3frame_PassThrough begin
11-05 11:35:11.642 E/ac3_decInternal(14326): 2025-06-20-11-37 EAC3frame_PassThrough begin
11-05 11:35:11.643 E/ac3_decInternal(14326): 2025-06-20-11-37 EAC3frame_PassThrough begin
11-05 11:35:11.643 E/ac3_decInternal(14326): 2025-06-20-11-37 EAC3frame_PassThrough begin
11-05 11:35:11.643 E/ac3_decInternal(14326): 2025-06-20-11-37 EAC3frame_PassThrough begin
11-05 11:35:11.643 E/ac3_decInternal(14326): 2025-06-20-11-37 EAC3frame_PassThrough begin
11-05 11:35:11.645 E/ac3_decInternal(14326): 2025-06-20-11-37 EAC3frame_PassThrough begin
11-05 11:35:11.646 E/ac3_decInternal(14326): 2025-06-20-11-37 EAC3frame_PassThrough begin
11-05 11:35:11.646 E/ac3_decInternal(14326): 2025-06-20-11-37 EAC3frame_PassThrough begin
11-05 11:35:11.647 E/ac3_decInternal(14326): 2025-06-20-11-37 EAC3frame_PassThrough begin
11-05 11:35:11.647 E/ac3_decInternal(14326): 2025-06-20-11-37 EAC3frame_PassThrough begin
11-05 11:35:11.647 E/ac3_decInternal(14326): 2025-06-20-11-37 EAC3frame_PassThrough begin
11-05 11:35:11.647 E/ac3_decInternal(14326): 2025-06-20-11-37 EAC3frame_PassThrough begin
11-05 11:35:11.647 E/ac3_decInternal(14326): 2025-06-20-11-37 EAC3frame_PassThrough begin
11-05 11:35:11.648 E/ac3_decInternal(14326): 2025-06-20-11-37 EAC3frame_PassThrough begin
11-05 11:35:11.648 E/ac3_decInternal(14326): 2025-06-20-11-37 EAC3frame_PassThrough begin
11-05 11:35:11.648 E/ac3_decInternal(14326): 2025-06-20-11-37 EAC3frame_PassThrough begin
11-05 11:35:11.648 E/ac3_decInternal(14326): 2025-06-20-11-37 EAC3frame_PassThrough begin
11-05 11:35:11.651 E/ac3_decInternal(14326): 2025-06-20-11-37 EAC3frame_PassThrough begin
11-05 11:35:11.651 E/ac3_decInternal(14326): 2025-06-20-11-37 EAC3frame_PassThrough begin
11-05 11:35:11.657 E/ac3_decInternal(14326): 2025-06-20-11-37 EAC3frame_PassThrough begin
11-05 11:35:11.662 E/ac3_decInternal(14326): 2025-06-20-11-37 EAC3frame_PassThrough begin
11-05 11:35:11.662 E/ac3_decInternal(14326): 2025-06-20-11-37 EAC3frame_PassThrough begin
11-05 11:35:11.662 E/ac3_decInternal(14326): 2025-06-20-11-37 EAC3frame_PassThrough begin
11-05 11:35:11.662 E/ac3_decInternal(14326): 2025-06-20-11-37 EAC3frame_PassThrough begin
11-05 11:35:11.662 E/ac3_decInternal(14326): 2025-06-20-11-37 EAC3frame_PassThrough begin
11-05 11:35:11.662 E/ac3_decInternal(14326): 2025-06-20-11-37 EAC3frame_PassThrough begin
11-05 11:35:11.663 E/ac3_decInternal(14326): 2025-06-20-11-37 EAC3frame_PassThrough begin
11-05 11:35:11.663 E/ac3_decInternal(14326): 2025-06-20-11-37 EAC3frame_PassThrough begin
11-05 11:35:11.663 E/ac3_decInternal(14326): 2025-06-20-11-37 EAC3frame_PassThrough begin
11-05 11:35:11.663 E/ac3_decInternal(14326): 2025-06-20-11-37 EAC3frame_PassThrough begin
11-05 11:35:11.663 E/ac3_decInternal(14326): 2025-06-20-11-37 EAC3frame_PassThrough begin
11-05 11:35:11.663 E/ac3_decInternal(14326): 2025-06-20-11-37 EAC3frame_PassThrough begin
11-05 11:35:11.667 E/ac3_decInternal(14326): 2025-06-20-11-37 EAC3frame_PassThrough begin
11-05 11:35:11.667 E/ac3_decInternal(14326): 2025-06-20-11-37 EAC3frame_PassThrough begin
11-05 11:35:11.667 E/ac3_decInternal(14326): 2025-06-20-11-37 EAC3frame_PassThrough begin
11-05 11:35:11.668 E/ac3_decInternal(14326): 2025-06-20-11-37 EAC3frame_PassThrough begin
11-05 11:35:11.668 E/ac3_decInternal(14326): 2025-06-20-11-37 EAC3frame_PassThrough begin
11-05 11:35:11.668 E/ac3_decInternal(14326): 2025-06-20-11-37 EAC3frame_PassThrough begin
11-05 11:35:11.668 E/ac3_decInternal(14326): 2025-06-20-11-37 EAC3frame_PassThrough begin
11-05 11:35:11.668 E/ac3_decInternal(14326): 2025-06-20-11-37 EAC3frame_PassThrough begin
11-05 11:35:11.668 E/ac3_decInternal(14326): 2025-06-20-11-37 EAC3frame_PassThrough begin
11-05 11:35:11.668 E/ac3_decInternal(14326): 2025-06-20-11-37 EAC3frame_PassThrough begin
11-05 11:35:11.668 E/ac3_decInternal(14326): 2025-06-20-11-37 EAC3frame_PassThrough begin
11-05 11:35:11.673 E/ac3_decInternal(14326): 2025-06-20-11-37 EAC3frame_PassThrough begin
11-05 11:35:11.673 E/ac3_decInternal(14326): 2025-06-20-11-37 EAC3frame_PassThrough begin
11-05 11:35:11.673 E/ac3_decInternal(14326): 2025-06-20-11-37 EAC3frame_PassThrough begin
11-05 11:35:11.673 E/ac3_decInternal(14326): 2025-06-20-11-37 EAC3frame_PassThrough begin
11-05 11:35:11.673 E/ac3_decInternal(14326): 2025-06-20-11-37 EAC3frame_PassThrough begin
11-05 11:35:11.673 E/ac3_decInternal(14326): 2025-06-20-11-37 EAC3frame_PassThrough begin
11-05 11:35:11.673 E/ac3_decInternal(14326): 2025-06-20-11-37 EAC3frame_PassThrough begin
11-05 11:35:11.673 E/ac3_decInternal(14326): 2025-06-20-11-37 EAC3frame_PassThrough begin
11-05 11:35:11.673 E/ac3_decInternal(14326): 2025-06-20-11-37 EAC3frame_PassThrough begin
11-05 11:35:11.674 E/ac3_decInternal(14326): 2025-06-20-11-37 EAC3frame_PassThrough begin
11-05 11:35:11.674 E/ac3_decInternal(14326): 2025-06-20-11-37 EAC3frame_PassThrough begin
11-05 11:35:11.674 E/ac3_decInternal(14326): 2025-06-20-11-37 EAC3frame_PassThrough begin
11-05 11:35:11.674 E/ac3_decInternal(14326): 2025-06-20-11-37 EAC3frame_PassThrough begin
11-05 11:35:11.674 E/ac3_decInternal(14326): 2025-06-20-11-37 EAC3frame_PassThrough begin
11-05 11:35:11.674 E/ac3_decInternal(14326): 2025-06-20-11-37 EAC3frame_PassThrough begin
11-05 11:35:11.677 E/ac3_decInternal(14326): 2025-06-20-11-37 EAC3frame_PassThrough begin
11-05 11:35:11.677 E/ac3_decInternal(14326): 2025-06-20-11-37 EAC3frame_PassThrough begin
11-05 11:35:11.677 E/ac3_decInternal(14326): 2025-06-20-11-37 EAC3frame_PassThrough begin
11-05 11:35:11.677 E/ac3_decInternal(14326): 2025-06-20-11-37 EAC3frame_PassThrough begin
11-05 11:35:11.677 E/ac3_decInternal(14326): 2025-06-20-11-37 EAC3frame_PassThrough begin
11-05 11:35:11.677 E/ac3_decInternal(14326): 2025-06-20-11-37 EAC3frame_PassThrough begin
11-05 11:35:11.677 E/ac3_decInternal(14326): 2025-06-20-11-37 EAC3frame_PassThrough begin
11-05 11:35:11.680 E/ac3_decInternal(14326): 2025-06-20-11-37 EAC3frame_PassThrough begin
11-05 11:35:11.680 E/ac3_decInternal(14326): 2025-06-20-11-37 EAC3frame_PassThrough begin
11-05 11:35:11.680 E/ac3_decInternal(14326): 2025-06-20-11-37 EAC3frame_PassThrough begin
11-05 11:35:11.680 E/ac3_decInternal(14326): 2025-06-20-11-37 EAC3frame_PassThrough begin
11-05 11:35:11.680 E/ac3_decInternal(14326): 2025-06-20-11-37 EAC3frame_PassThrough begin
11-05 11:35:11.680 E/ac3_decInternal(14326): 2025-06-20-11-37 EAC3frame_PassThrough begin
11-05 11:35:11.680 E/ac3_decInternal(14326): 2025-06-20-11-37 EAC3frame_PassThrough begin
11-05 11:35:11.680 E/ac3_decInternal(14326): 2025-06-20-11-37 EAC3frame_PassThrough begin
11-05 11:35:11.680 E/ac3_decInternal(14326): 2025-06-20-11-37 EAC3frame_PassThrough begin
11-05 11:35:11.681 E/ac3_decInternal(14326): 2025-06-20-11-37 EAC3frame_PassThrough begin
11-05 11:35:11.681 E/ac3_decInternal(14326): 2025-06-20-11-37 EAC3frame_PassThrough begin
11-05 11:35:11.681 E/ac3_decInternal(14326): 2025-06-20-11-37 EAC3frame_PassThrough begin
11-05 11:35:11.681 E/ac3_decInternal(14326): 2025-06-20-11-37 EAC3frame_PassThrough begin
11-05 11:35:11.681 E/ac3_decInternal(14326): 2025-06-20-11-37 EAC3frame_PassThrough begin
11-05 11:35:11.681 E/ac3_decInternal(14326): 2025-06-20-11-37 EAC3frame_PassThrough begin
11-05 11:35:11.681 E/ac3_decInternal(14326): 2025-06-20-11-37 EAC3frame_PassThrough begin
