11-05 11:33:48.365 E/AllwinnerAlibs(14326): 2025-06-20-11-37 spdif_header_ac3
11-05 11:33:48.365 E/AllwinnerAlibs(14326): 2025-06-20-11-37 bill set SYNCWORD MafiaAc3spdif_write_packet 365
11-05 11:33:48.365 E/AllwinnerAlibs(14326): 2025-06-20-11-37 MafiaAc3spdif_write_packet 393 re = 6144
11-05 11:33:48.365 E/ac3_decInternal(14326): 2025-06-20-11-37 EAC3frame_PassThrough end OutBuffLen 6144
11-05 11:33:48.365 E/ac3_decInternal(14326): 2025-06-20-11-37 EAC3frame_PassThrough begin
11-05 11:33:48.365 E/AllwinnerAlibs(14326): 2025-06-20-11-37 MafiaAc3spdif_write_header
11-05 11:33:48.365 E/AllwinnerAlibs(14326): 2025-06-20-11-37 MafiaAc3spdif_write_packet
11-05 11:33:48.365 E/AllwinnerAlibs(14326): 2025-06-20-11-37 spdif_header_ac3
11-05 11:33:48.365 E/AllwinnerAlibs(14326): 2025-06-20-11-37 bill set SYNCWORD MafiaAc3spdif_write_packet 365
11-05 11:33:48.366 E/AllwinnerAlibs(14326): 2025-06-20-11-37 MafiaAc3spdif_write_packet 393 re = 6144
11-05 11:33:48.366 E/ac3_decInternal(14326): 2025-06-20-11-37 EAC3frame_PassThrough end OutBuffLen 6144
11-05 11:33:48.366 E/ac3_decInternal(14326): 2025-06-20-11-37 EAC3frame_PassThrough begin
11-05 11:33:48.366 E/AllwinnerAlibs(14326): 2025-06-20-11-37 MafiaAc3spdif_write_header
11-05 11:33:48.366 E/AllwinnerAlibs(14326): 2025-06-20-11-37 MafiaAc3spdif_write_packet
11-05 11:33:48.366 E/AllwinnerAlibs(14326): 2025-06-20-11-37 spdif_header_ac3
11-05 11:33:48.366 E/AllwinnerAlibs(14326): 2025-06-20-11-37 bill set SYNCWORD MafiaAc3spdif_write_packet 365
11-05 11:33:48.366 E/AllwinnerAlibs(14326): 2025-06-20-11-37 MafiaAc3spdif_write_packet 393 re = 6144
11-05 11:33:48.366 E/ac3_decInternal(14326): 2025-06-20-11-37 EAC3frame_PassThrough end OutBuffLen 6144
11-05 11:33:48.366 E/ac3_decInternal(14326): 2025-06-20-11-37 EAC3frame_PassThrough begin
11-05 11:33:48.366 E/AllwinnerAlibs(14326): 2025-06-20-11-37 MafiaAc3spdif_write_header
11-05 11:33:48.366 E/AllwinnerAlibs(14326): 2025-06-20-11-37 MafiaAc3spdif_write_packet
11-05 11:33:48.366 E/AllwinnerAlibs(14326): 2025-06-20-11-37 spdif_header_ac3
11-05 11:33:48.366 E/AllwinnerAlibs(14326): 2025-06-20-11-37 bill set SYNCWORD MafiaAc3spdif_write_packet 365
11-05 11:33:48.366 E/AllwinnerAlibs(14326): 2025-06-20-11-37 MafiaAc3spdif_write_packet 393 re = 6144
11-05 11:33:48.366 E/ac3_decInternal(14326): 2025-06-20-11-37 EAC3frame_PassThrough end OutBuffLen 6144
11-05 11:33:48.366 E/ac3_decInternal(14326): 2025-06-20-11-37 EAC3frame_PassThrough begin
11-05 11:33:48.366 E/AllwinnerAlibs(14326): 2025-06-20-11-37 MafiaAc3spdif_write_header
11-05 11:33:48.366 E/AllwinnerAlibs(14326): 2025-06-20-11-37 MafiaAc3spdif_write_packet
11-05 11:33:48.366 E/AllwinnerAlibs(14326): 2025-06-20-11-37 spdif_header_ac3
11-05 11:33:48.366 E/AllwinnerAlibs(14326): 2025-06-20-11-37 bill set SYNCWORD MafiaAc3spdif_write_packet 365
11-05 11:33:48.366 E/AllwinnerAlibs(14326): 2025-06-20-11-37 MafiaAc3spdif_write_packet 393 re = 6144
11-05 11:33:48.366 E/ac3_decInternal(14326): 2025-06-20-11-37 EAC3frame_PassThrough end OutBuffLen 6144
11-05 11:33:48.366 E/ac3_decInternal(14326): 2025-06-20-11-37 EAC3frame_PassThrough begin
11-05 11:33:48.366 E/AllwinnerAlibs(14326): 2025-06-20-11-37 MafiaAc3spdif_write_header
11-05 11:33:48.366 E/AllwinnerAlibs(14326): 2025-06-20-11-37 MafiaAc3spdif_write_packet
11-05 11:33:48.366 E/AllwinnerAlibs(14326): 2025-06-20-11-37 spdif_header_ac3
11-05 11:33:48.366 E/AllwinnerAlibs(14326): 2025-06-20-11-37 bill set SYNCWORD MafiaAc3spdif_write_packet 365
11-05 11:33:48.366 E/AllwinnerAlibs(14326): 2025-06-20-11-37 MafiaAc3spdif_write_packet 393 re = 6144
11-05 11:33:48.366 E/ac3_decInternal(14326): 2025-06-20-11-37 EAC3frame_PassThrough end OutBuffLen 6144
11-05 11:33:48.366 E/ac3_decInternal(14326): 2025-06-20-11-37 EAC3frame_PassThrough begin
11-05 11:33:48.366 E/AllwinnerAlibs(14326): 2025-06-20-11-37 MafiaAc3spdif_write_header
11-05 11:33:48.366 E/AllwinnerAlibs(14326): 2025-06-20-11-37 MafiaAc3spdif_write_packet
11-05 11:33:48.366 E/AllwinnerAlibs(14326): 2025-06-20-11-37 spdif_header_ac3
11-05 11:33:48.366 E/AllwinnerAlibs(14326): 2025-06-20-11-37 bill set SYNCWORD MafiaAc3spdif_write_packet 365
11-05 11:33:48.367 E/AllwinnerAlibs(14326): 2025-06-20-11-37 MafiaAc3spdif_write_packet 393 re = 6144
11-05 11:33:48.367 E/ac3_decInternal(14326): 2025-06-20-11-37 EAC3frame_PassThrough end OutBuffLen 6144
11-05 11:33:48.367 E/ac3_decInternal(14326): 2025-06-20-11-37 EAC3frame_PassThrough begin
11-05 11:33:48.367 E/AllwinnerAlibs(14326): 2025-06-20-11-37 MafiaAc3spdif_write_header
11-05 11:33:48.367 E/AllwinnerAlibs(14326): 2025-06-20-11-37 MafiaAc3spdif_write_packet
11-05 11:33:48.367 E/AllwinnerAlibs(14326): 2025-06-20-11-37 spdif_header_ac3
11-05 11:33:48.367 E/AllwinnerAlibs(14326): 2025-06-20-11-37 bill set SYNCWORD MafiaAc3spdif_write_packet 365
11-05 11:33:48.367 E/AllwinnerAlibs(14326): 2025-06-20-11-37 MafiaAc3spdif_write_packet 393 re = 6144
11-05 11:33:48.367 E/ac3_decInternal(14326): 2025-06-20-11-37 EAC3frame_PassThrough end OutBuffLen 6144
11-05 11:33:48.367 E/ac3_decInternal(14326): 2025-06-20-11-37 EAC3frame_PassThrough begin
11-05 11:33:48.367 E/AllwinnerAlibs(14326): 2025-06-20-11-37 MafiaAc3spdif_write_header
11-05 11:33:48.367 E/AllwinnerAlibs(14326): 2025-06-20-11-37 MafiaAc3spdif_write_packet
11-05 11:33:48.367 E/AllwinnerAlibs(14326): 2025-06-20-11-37 spdif_header_ac3
11-05 11:33:48.367 E/AllwinnerAlibs(14326): 2025-06-20-11-37 bill set SYNCWORD MafiaAc3spdif_write_packet 365
11-05 11:33:48.367 E/AllwinnerAlibs(14326): 2025-06-20-11-37 MafiaAc3spdif_write_packet 393 re = 6144
11-05 11:33:48.367 E/ac3_decInternal(14326): 2025-06-20-11-37 EAC3frame_PassThrough end OutBuffLen 6144
11-05 11:33:48.367 E/ac3_decInternal(14326): 2025-06-20-11-37 EAC3frame_PassThrough begin
11-05 11:33:48.367 E/AllwinnerAlibs(14326): 2025-06-20-11-37 MafiaAc3spdif_write_header
11-05 11:33:48.367 E/AllwinnerAlibs(14326): 2025-06-20-11-37 MafiaAc3spdif_write_packet
11-05 11:33:48.367 E/AllwinnerAlibs(14326): 2025-06-20-11-37 spdif_header_ac3
11-05 11:33:48.367 E/AllwinnerAlibs(14326): 2025-06-20-11-37 bill set SYNCWORD MafiaAc3spdif_write_packet 365
11-05 11:33:48.367 E/AllwinnerAlibs(14326): 2025-06-20-11-37 MafiaAc3spdif_write_packet 393 re = 6144
11-05 11:33:48.367 E/ac3_decInternal(14326): 2025-06-20-11-37 EAC3frame_PassThrough end OutBuffLen 6144
11-05 11:33:48.367 E/ac3_decInternal(14326): 2025-06-20-11-37 EAC3frame_PassThrough begin
11-05 11:33:48.367 E/AllwinnerAlibs(14326): 2025-06-20-11-37 MafiaAc3spdif_write_header
11-05 11:33:48.367 E/AllwinnerAlibs(14326): 2025-06-20-11-37 MafiaAc3spdif_write_packet
11-05 11:33:48.367 E/AllwinnerAlibs(14326): 2025-06-20-11-37 spdif_header_ac3
11-05 11:33:48.367 E/AllwinnerAlibs(14326): 2025-06-20-11-37 bill set SYNCWORD MafiaAc3spdif_write_packet 365
11-05 11:33:48.367 E/AllwinnerAlibs(14326): 2025-06-20-11-37 MafiaAc3spdif_write_packet 393 re = 6144
11-05 11:33:48.367 E/ac3_decInternal(14326): 2025-06-20-11-37 EAC3frame_PassThrough end OutBuffLen 6144
11-05 11:33:48.368 E/ac3_decInternal(14326): 2025-06-20-11-37 EAC3frame_PassThrough begin
11-05 11:33:48.368 E/AllwinnerAlibs(14326): 2025-06-20-11-37 MafiaAc3spdif_write_header
11-05 11:33:48.368 E/AllwinnerAlibs(14326): 2025-06-20-11-37 MafiaAc3spdif_write_packet
11-05 11:33:48.368 E/AllwinnerAlibs(14326): 2025-06-20-11-37 spdif_header_ac3
11-05 11:33:48.368 E/AllwinnerAlibs(14326): 2025-06-20-11-37 bill set SYNCWORD MafiaAc3spdif_write_packet 365
11-05 11:33:48.368 E/AllwinnerAlibs(14326): 2025-06-20-11-37 MafiaAc3spdif_write_packet 393 re = 6144
11-05 11:33:48.368 E/ac3_decInternal(14326): 2025-06-20-11-37 EAC3frame_PassThrough end OutBuffLen 6144
11-05 11:33:48.368 E/ac3_decInternal(14326): 2025-06-20-11-37 EAC3frame_PassThrough begin
11-05 11:33:48.368 E/AllwinnerAlibs(14326): 2025-06-20-11-37 MafiaAc3spdif_write_header
11-05 11:33:48.368 E/AllwinnerAlibs(14326): 2025-06-20-11-37 MafiaAc3spdif_write_packet
11-05 11:33:48.368 E/AllwinnerAlibs(14326): 2025-06-20-11-37 spdif_header_ac3
11-05 11:33:48.368 E/AllwinnerAlibs(14326): 2025-06-20-11-37 bill set SYNCWORD MafiaAc3spdif_write_packet 365
11-05 11:33:48.368 E/AllwinnerAlibs(14326): 2025-06-20-11-37 MafiaAc3spdif_write_packet 393 re = 6144
11-05 11:33:48.368 E/ac3_decInternal(14326): 2025-06-20-11-37 EAC3frame_PassThrough end OutBuffLen 6144
11-05 11:33:48.368 E/ac3_decInternal(14326): 2025-06-20-11-37 EAC3frame_PassThrough begin
11-05 11:33:48.368 E/AllwinnerAlibs(14326): 2025-06-20-11-37 MafiaAc3spdif_write_header
11-05 11:33:48.369 E/AllwinnerAlibs(14326): 2025-06-20-11-37 MafiaAc3spdif_write_packet
11-05 11:33:48.369 E/AllwinnerAlibs(14326): 2025-06-20-11-37 spdif_header_ac3
11-05 11:33:48.369 E/AllwinnerAlibs(14326): 2025-06-20-11-37 bill set SYNCWORD MafiaAc3spdif_write_packet 365
11-05 11:33:48.369 E/AllwinnerAlibs(14326): 2025-06-20-11-37 MafiaAc3spdif_write_packet 393 re = 6144
11-05 11:33:48.369 E/ac3_decInternal(14326): 2025-06-20-11-37 EAC3frame_PassThrough end OutBuffLen 6144
11-05 11:33:48.683 E/awplayer(14326): : ProbeStream size too big
11-05 11:33:48.702 D/MediaPlayerFactory(14326): Initialize getpersist = 0 value=
11-05 11:33:48.767 W/IorapForwardingService( 480): No service published for: iorapd
11-05 11:33:48.879 E/ac3_decInternal(14326): 2025-06-20-11-37 EAC3frame_PassThrough begin
11-05 11:33:48.879 E/AllwinnerAlibs(14326): 2025-06-20-11-37 MafiaAc3spdif_write_header
11-05 11:33:48.879 E/AllwinnerAlibs(14326): 2025-06-20-11-37 MafiaAc3spdif_write_packet
11-05 11:33:48.879 E/AllwinnerAlibs(14326): 2025-06-20-11-37 spdif_header_ac3
11-05 11:33:48.879 E/AllwinnerAlibs(14326): 2025-06-20-11-37 bill set SYNCWORD MafiaAc3spdif_write_packet 365
11-05 11:33:48.879 E/AllwinnerAlibs(14326): 2025-06-20-11-37 MafiaAc3spdif_write_packet 393 re = 6144
11-05 11:33:48.879 E/ac3_decInternal(14326): 2025-06-20-11-37 EAC3frame_PassThrough end OutBuffLen 6144
11-05 11:33:48.879 E/ac3_decInternal(14326): 2025-06-20-11-37 EAC3frame_PassThrough begin
11-05 11:33:48.879 E/AllwinnerAlibs(14326): 2025-06-20-11-37 MafiaAc3spdif_write_header
11-05 11:33:48.879 E/AllwinnerAlibs(14326): 2025-06-20-11-37 MafiaAc3spdif_write_packet
11-05 11:33:48.879 E/AllwinnerAlibs(14326): 2025-06-20-11-37 spdif_header_ac3
11-05 11:33:48.879 E/AllwinnerAlibs(14326): 2025-06-20-11-37 bill set SYNCWORD MafiaAc3spdif_write_packet 365
11-05 11:33:48.879 E/AllwinnerAlibs(14326): 2025-06-20-11-37 MafiaAc3spdif_write_packet 393 re = 6144
11-05 11:33:48.879 E/ac3_decInternal(14326): 2025-06-20-11-37 EAC3frame_PassThrough end OutBuffLen 6144
11-05 11:33:48.963 E/ac3_decInternal(14326): 2025-06-20-11-37 EAC3frame_PassThrough begin
11-05 11:33:48.963 E/AllwinnerAlibs(14326): 2025-06-20-11-37 MafiaAc3spdif_write_header
11-05 11:33:48.963 E/AllwinnerAlibs(14326): 2025-06-20-11-37 MafiaAc3spdif_write_packet
11-05 11:33:48.963 E/AllwinnerAlibs(14326): 2025-06-20-11-37 spdif_header_ac3
11-05 11:33:48.963 E/AllwinnerAlibs(14326): 2025-06-20-11-37 bill set SYNCWORD MafiaAc3spdif_write_packet 365
11-05 11:33:48.963 E/AllwinnerAlibs(14326): 2025-06-20-11-37 MafiaAc3spdif_write_packet 393 re = 6144
11-05 11:33:48.963 E/ac3_decInternal(14326): 2025-06-20-11-37 EAC3frame_PassThrough end OutBuffLen 6144
11-05 11:33:48.964 E/ac3_decInternal(14326): 2025-06-20-11-37 EAC3frame_PassThrough begin
11-05 11:33:48.964 E/AllwinnerAlibs(14326): 2025-06-20-11-37 MafiaAc3spdif_write_header
11-05 11:33:48.964 E/AllwinnerAlibs(14326): 2025-06-20-11-37 MafiaAc3spdif_write_packet
11-05 11:33:48.964 E/AllwinnerAlibs(14326): 2025-06-20-11-37 spdif_header_ac3
11-05 11:33:48.964 E/AllwinnerAlibs(14326): 2025-06-20-11-37 bill set SYNCWORD MafiaAc3spdif_write_packet 365
11-05 11:33:48.964 E/AllwinnerAlibs(14326): 2025-06-20-11-37 MafiaAc3spdif_write_packet 393 re = 6144
11-05 11:33:48.964 E/ac3_decInternal(14326): 2025-06-20-11-37 EAC3frame_PassThrough end OutBuffLen 6144
11-05 11:33:48.985 I/BLEAudioDrive_HV410( 248): data len: 9 1
11-05 11:33:48.988 D/TvWindowManager( 480): key event key = KEYCODE_BACK down = true
11-05 11:33:49.010 D/GpioService( 480): mFlickerEnable = true
11-05 11:33:49.047 E/ac3_decInternal(14326): 2025-06-20-11-37 EAC3frame_PassThrough begin
11-05 11:33:49.047 E/AllwinnerAlibs(14326): 2025-06-20-11-37 MafiaAc3spdif_write_header
11-05 11:33:49.047 E/AllwinnerAlibs(14326): 2025-06-20-11-37 MafiaAc3spdif_write_packet
11-05 11:33:49.047 E/AllwinnerAlibs(14326): 2025-06-20-11-37 spdif_header_ac3
11-05 11:33:49.047 E/AllwinnerAlibs(14326): 2025-06-20-11-37 bill set SYNCWORD MafiaAc3spdif_write_packet 365
11-05 11:33:49.047 E/AllwinnerAlibs(14326): 2025-06-20-11-37 MafiaAc3spdif_write_packet 393 re = 6144
11-05 11:33:49.047 E/ac3_decInternal(14326): 2025-06-20-11-37 EAC3frame_PassThrough end OutBuffLen 6144
11-05 11:33:49.047 E/ac3_decInternal(14326): 2025-06-20-11-37 EAC3frame_PassThrough begin
11-05 11:33:49.047 E/AllwinnerAlibs(14326): 2025-06-20-11-37 MafiaAc3spdif_write_header
11-05 11:33:49.047 E/AllwinnerAlibs(14326): 2025-06-20-11-37 MafiaAc3spdif_write_packet
11-05 11:33:49.047 E/AllwinnerAlibs(14326): 2025-06-20-11-37 spdif_header_ac3
11-05 11:33:49.047 E/AllwinnerAlibs(14326): 2025-06-20-11-37 bill set SYNCWORD MafiaAc3spdif_write_packet 365
11-05 11:33:49.047 E/AllwinnerAlibs(14326): 2025-06-20-11-37 MafiaAc3spdif_write_packet 393 re = 6144
11-05 11:33:49.047 E/ac3_decInternal(14326): 2025-06-20-11-37 EAC3frame_PassThrough end OutBuffLen 6144
11-05 11:33:49.048 E/ac3_decInternal(14326): 2025-06-20-11-37 EAC3frame_PassThrough begin
11-05 11:33:49.048 E/AllwinnerAlibs(14326): 2025-06-20-11-37 MafiaAc3spdif_write_header
11-05 11:33:49.048 E/AllwinnerAlibs(14326): 2025-06-20-11-37 MafiaAc3spdif_write_packet
11-05 11:33:49.048 E/AllwinnerAlibs(14326): 2025-06-20-11-37 spdif_header_ac3
11-05 11:33:49.048 E/AllwinnerAlibs(14326): 2025-06-20-11-37 bill set SYNCWORD MafiaAc3spdif_write_packet 365
11-05 11:33:49.048 E/AllwinnerAlibs(14326): 2025-06-20-11-37 MafiaAc3spdif_write_packet 393 re = 6144
11-05 11:33:49.048 E/ac3_decInternal(14326): 2025-06-20-11-37 EAC3frame_PassThrough end OutBuffLen 6144
11-05 11:33:49.131 E/ac3_decInternal(14326): 2025-06-20-11-37 EAC3frame_PassThrough begin
11-05 11:33:49.131 E/AllwinnerAlibs(14326): 2025-06-20-11-37 MafiaAc3spdif_write_header
11-05 11:33:49.131 E/AllwinnerAlibs(14326): 2025-06-20-11-37 MafiaAc3spdif_write_packet
11-05 11:33:49.131 E/AllwinnerAlibs(14326): 2025-06-20-11-37 spdif_header_ac3
11-05 11:33:49.131 E/AllwinnerAlibs(14326): 2025-06-20-11-37 bill set SYNCWORD MafiaAc3spdif_write_packet 365
11-05 11:33:49.131 E/AllwinnerAlibs(14326): 2025-06-20-11-37 MafiaAc3spdif_write_packet 393 re = 6144
11-05 11:33:49.131 E/ac3_decInternal(14326): 2025-06-20-11-37 EAC3frame_PassThrough end OutBuffLen 6144
11-05 11:33:49.133 E/ac3_decInternal(14326): 2025-06-20-11-37 EAC3frame_PassThrough begin
11-05 11:33:49.133 E/AllwinnerAlibs(14326): 2025-06-20-11-37 MafiaAc3spdif_write_header
11-05 11:33:49.133 E/AllwinnerAlibs(14326): 2025-06-20-11-37 MafiaAc3spdif_write_packet
11-05 11:33:49.133 E/AllwinnerAlibs(14326): 2025-06-20-11-37 spdif_header_ac3
11-05 11:33:49.133 E/AllwinnerAlibs(14326): 2025-06-20-11-37 bill set SYNCWORD MafiaAc3spdif_write_packet 365
11-05 11:33:49.133 E/AllwinnerAlibs(14326): 2025-06-20-11-37 MafiaAc3spdif_write_packet 393 re = 6144
11-05 11:33:49.133 E/ac3_decInternal(14326): 2025-06-20-11-37 EAC3frame_PassThrough end OutBuffLen 6144
11-05 11:33:49.134 D/GpioService( 480): mFlickerEnable = true
11-05 11:33:49.137 I/SogouIME( 3502): onKeyDown: keyoCode=4
11-05 11:33:49.138 I/DefaultIMS( 3502): onKeyDown: keyoCode=4
11-05 11:33:49.165 I/BLEAudioDrive_HV410( 248): data len: 9 1
11-05 11:33:49.165 I/BLEAudioDrive_HV410( 248): keyboard stop
11-05 11:33:49.165 D/TvWindowManager( 480): key event key = KEYCODE_BACK down = false
11-05 11:33:49.166 D/AutofillManagerService( 480): onBackKeyPressed()
11-05 11:33:49.183 I/SogouIME( 3502): onKeyUp: keyoCode=4
11-05 11:33:49.183 I/DefaultIMS( 3502): onKeyUp: keyoCode=4
11-05 11:33:49.183 I/NotificationService( 480): cancelToast pkg=com.dangbei.lerad.videoposter token=android.os.BinderProxy@c9fa614
11-05 11:33:49.184 W/NotificationService( 480): Toast already cancelled. pkg=com.dangbei.lerad.videoposter token=android.os.BinderProxy@c9fa614
11-05 11:33:49.219 E/ac3_decInternal(14326): 2025-06-20-11-37 EAC3frame_PassThrough begin
11-05 11:33:49.219 E/AllwinnerAlibs(14326): 2025-06-20-11-37 MafiaAc3spdif_write_header
11-05 11:33:49.219 E/AllwinnerAlibs(14326): 2025-06-20-11-37 MafiaAc3spdif_write_packet
11-05 11:33:49.219 E/AllwinnerAlibs(14326): 2025-06-20-11-37 spdif_header_ac3
11-05 11:33:49.219 E/AllwinnerAlibs(14326): 2025-06-20-11-37 bill set SYNCWORD MafiaAc3spdif_write_packet 365
11-05 11:33:49.219 E/AllwinnerAlibs(14326): 2025-06-20-11-37 MafiaAc3spdif_write_packet 393 re = 6144
11-05 11:33:49.219 E/ac3_decInternal(14326): 2025-06-20-11-37 EAC3frame_PassThrough end OutBuffLen 6144
11-05 11:33:49.219 E/ac3_decInternal(14326): 2025-06-20-11-37 EAC3frame_PassThrough begin
11-05 11:33:49.219 E/AllwinnerAlibs(14326): 2025-06-20-11-37 MafiaAc3spdif_write_header
11-05 11:33:49.219 E/AllwinnerAlibs(14326): 2025-06-20-11-37 MafiaAc3spdif_write_packet
11-05 11:33:49.219 E/AllwinnerAlibs(14326): 2025-06-20-11-37 spdif_header_ac3
11-05 11:33:49.219 E/AllwinnerAlibs(14326): 2025-06-20-11-37 bill set SYNCWORD MafiaAc3spdif_write_packet 365
11-05 11:33:49.219 E/AllwinnerAlibs(14326): 2025-06-20-11-37 MafiaAc3spdif_write_packet 393 re = 6144
11-05 11:33:49.219 E/ac3_decInternal(14326): 2025-06-20-11-37 EAC3frame_PassThrough end OutBuffLen 6144
11-05 11:33:49.220 E/ac3_decInternal(14326): 2025-06-20-11-37 EAC3frame_PassThrough begin
11-05 11:33:49.220 E/AllwinnerAlibs(14326): 2025-06-20-11-37 MafiaAc3spdif_write_header
11-05 11:33:49.221 E/AllwinnerAlibs(14326): 2025-06-20-11-37 MafiaAc3spdif_write_packet
11-05 11:33:49.221 E/AllwinnerAlibs(14326): 2025-06-20-11-37 spdif_header_ac3
11-05 11:33:49.221 E/AllwinnerAlibs(14326): 2025-06-20-11-37 bill set SYNCWORD MafiaAc3spdif_write_packet 365
11-05 11:33:49.221 E/AllwinnerAlibs(14326): 2025-06-20-11-37 MafiaAc3spdif_write_packet 393 re = 6144
11-05 11:33:49.221 E/ac3_decInternal(14326): 2025-06-20-11-37 EAC3frame_PassThrough end OutBuffLen 6144
11-05 11:33:49.235 I/gralloc ( 257): alloc buffer:W:240 H:75 S:240 PL[240 75] SZ:72000 fmt:1 if:0 af:1 usg:20000b00 fg:00000004
11-05 11:33:49.237 I/gralloc ( 257): alloc buffer:W:240 H:75 S:240 PL[240 75] SZ:72000 fmt:1 if:0 af:1 usg:20000b00 fg:00000004
11-05 11:33:49.243 I/gralloc ( 257): alloc buffer:W:240 H:75 S:240 PL[240 75] SZ:72000 fmt:1 if:0 af:1 usg:20000b00 fg:00000004
11-05 11:33:49.302 E/ac3_decInternal(14326): 2025-06-20-11-37 EAC3frame_PassThrough begin
11-05 11:33:49.302 E/AllwinnerAlibs(14326): 2025-06-20-11-37 MafiaAc3spdif_write_header
11-05 11:33:49.302 E/AllwinnerAlibs(14326): 2025-06-20-11-37 MafiaAc3spdif_write_packet
11-05 11:33:49.302 E/AllwinnerAlibs(14326): 2025-06-20-11-37 spdif_header_ac3
11-05 11:33:49.302 E/AllwinnerAlibs(14326): 2025-06-20-11-37 bill set SYNCWORD MafiaAc3spdif_write_packet 365
11-05 11:33:49.302 E/AllwinnerAlibs(14326): 2025-06-20-11-37 MafiaAc3spdif_write_packet 393 re = 6144
11-05 11:33:49.302 E/ac3_decInternal(14326): 2025-06-20-11-37 EAC3frame_PassThrough end OutBuffLen 6144
11-05 11:33:49.303 E/ac3_decInternal(14326): 2025-06-20-11-37 EAC3frame_PassThrough begin
11-05 11:33:49.303 E/AllwinnerAlibs(14326): 2025-06-20-11-37 MafiaAc3spdif_write_header
11-05 11:33:49.303 E/AllwinnerAlibs(14326): 2025-06-20-11-37 MafiaAc3spdif_write_packet
11-05 11:33:49.304 E/AllwinnerAlibs(14326): 2025-06-20-11-37 spdif_header_ac3
11-05 11:33:49.304 E/AllwinnerAlibs(14326): 2025-06-20-11-37 bill set SYNCWORD MafiaAc3spdif_write_packet 365
11-05 11:33:49.304 E/AllwinnerAlibs(14326): 2025-06-20-11-37 MafiaAc3spdif_write_packet 393 re = 6144
11-05 11:33:49.304 E/ac3_decInternal(14326): 2025-06-20-11-37 EAC3frame_PassThrough end OutBuffLen 6144
11-05 11:33:49.387 E/ac3_decInternal(14326): 2025-06-20-11-37 EAC3frame_PassThrough begin
11-05 11:33:49.387 E/AllwinnerAlibs(14326): 2025-06-20-11-37 MafiaAc3spdif_write_header
11-05 11:33:49.387 E/AllwinnerAlibs(14326): 2025-06-20-11-37 MafiaAc3spdif_write_packet
11-05 11:33:49.387 E/AllwinnerAlibs(14326): 2025-06-20-11-37 spdif_header_ac3
11-05 11:33:49.387 E/AllwinnerAlibs(14326): 2025-06-20-11-37 bill set SYNCWORD MafiaAc3spdif_write_packet 365
11-05 11:33:49.387 E/AllwinnerAlibs(14326): 2025-06-20-11-37 MafiaAc3spdif_write_packet 393 re = 6144
11-05 11:33:49.387 E/ac3_decInternal(14326): 2025-06-20-11-37 EAC3frame_PassThrough end OutBuffLen 6144
11-05 11:33:49.388 E/ac3_decInternal(14326): 2025-06-20-11-37 EAC3frame_PassThrough begin
11-05 11:33:49.388 E/AllwinnerAlibs(14326): 2025-06-20-11-37 MafiaAc3spdif_write_header
11-05 11:33:49.388 E/AllwinnerAlibs(14326): 2025-06-20-11-37 MafiaAc3spdif_write_packet
11-05 11:33:49.388 E/AllwinnerAlibs(14326): 2025-06-20-11-37 spdif_header_ac3
11-05 11:33:49.388 E/AllwinnerAlibs(14326): 2025-06-20-11-37 bill set SYNCWORD MafiaAc3spdif_write_packet 365
11-05 11:33:49.388 E/AllwinnerAlibs(14326): 2025-06-20-11-37 MafiaAc3spdif_write_packet 393 re = 6144
11-05 11:33:49.388 E/ac3_decInternal(14326): 2025-06-20-11-37 EAC3frame_PassThrough end OutBuffLen 6144
11-05 11:33:49.393 E/ac3_decInternal(14326): 2025-06-20-11-37 EAC3frame_PassThrough begin
11-05 11:33:49.396 E/AllwinnerAlibs(14326): 2025-06-20-11-37 MafiaAc3spdif_write_header
11-05 11:33:49.397 E/AllwinnerAlibs(14326): 2025-06-20-11-37 MafiaAc3spdif_write_packet
11-05 11:33:49.397 E/AllwinnerAlibs(14326): 2025-06-20-11-37 spdif_header_ac3
11-05 11:33:49.398 E/AllwinnerAlibs(14326): 2025-06-20-11-37 bill set SYNCWORD MafiaAc3spdif_write_packet 365
11-05 11:33:49.398 E/AllwinnerAlibs(14326): 2025-06-20-11-37 MafiaAc3spdif_write_packet 393 re = 6144
11-05 11:33:49.398 E/ac3_decInternal(14326): 2025-06-20-11-37 EAC3frame_PassThrough end OutBuffLen 6144
11-05 11:33:49.398 E/ac3_decInternal(14326): 2025-06-20-11-37 EAC3frame_PassThrough begin
11-05 11:33:49.398 E/AllwinnerAlibs(14326): 2025-06-20-11-37 MafiaAc3spdif_write_header
11-05 11:33:49.399 E/AllwinnerAlibs(14326): 2025-06-20-11-37 MafiaAc3spdif_write_packet
11-05 11:33:49.399 E/AllwinnerAlibs(14326): 2025-06-20-11-37 spdif_header_ac3
11-05 11:33:49.399 E/AllwinnerAlibs(14326): 2025-06-20-11-37 bill set SYNCWORD MafiaAc3spdif_write_packet 365
11-05 11:33:49.399 E/AllwinnerAlibs(14326): 2025-06-20-11-37 MafiaAc3spdif_write_packet 393 re = 6144
11-05 11:33:49.399 E/ac3_decInternal(14326): 2025-06-20-11-37 EAC3frame_PassThrough end OutBuffLen 6144
11-05 11:33:49.476 E/ac3_decInternal(14326): 2025-06-20-11-37 EAC3frame_PassThrough begin
11-05 11:33:49.478 E/AllwinnerAlibs(14326): 2025-06-20-11-37 MafiaAc3spdif_write_header
11-05 11:33:49.479 E/AllwinnerAlibs(14326): 2025-06-20-11-37 MafiaAc3spdif_write_packet
11-05 11:33:49.479 E/AllwinnerAlibs(14326): 2025-06-20-11-37 spdif_header_ac3
11-05 11:33:49.479 E/AllwinnerAlibs(14326): 2025-06-20-11-37 bill set SYNCWORD MafiaAc3spdif_write_packet 365
11-05 11:33:49.479 E/AllwinnerAlibs(14326): 2025-06-20-11-37 MafiaAc3spdif_write_packet 393 re = 6144
11-05 11:33:49.480 E/ac3_decInternal(14326): 2025-06-20-11-37 EAC3frame_PassThrough end OutBuffLen 6144
11-05 11:33:49.480 E/ac3_decInternal(14326): 2025-06-20-11-37 EAC3frame_PassThrough begin
11-05 11:33:49.480 E/AllwinnerAlibs(14326): 2025-06-20-11-37 MafiaAc3spdif_write_header
11-05 11:33:49.480 E/AllwinnerAlibs(14326): 2025-06-20-11-37 MafiaAc3spdif_write_packet
11-05 11:33:49.480 E/AllwinnerAlibs(14326): 2025-06-20-11-37 spdif_header_ac3
11-05 11:33:49.480 E/AllwinnerAlibs(14326): 2025-06-20-11-37 bill set SYNCWORD MafiaAc3spdif_write_packet 365
11-05 11:33:49.481 E/AllwinnerAlibs(14326): 2025-06-20-11-37 MafiaAc3spdif_write_packet 393 re = 6144
11-05 11:33:49.481 E/ac3_decInternal(14326): 2025-06-20-11-37 EAC3frame_PassThrough end OutBuffLen 6144
11-05 11:33:49.481 E/ac3_decInternal(14326): 2025-06-20-11-37 EAC3frame_PassThrough begin
11-05 11:33:49.481 E/AllwinnerAlibs(14326): 2025-06-20-11-37 MafiaAc3spdif_write_header
11-05 11:33:49.481 E/AllwinnerAlibs(14326): 2025-06-20-11-37 MafiaAc3spdif_write_packet
11-05 11:33:49.481 E/AllwinnerAlibs(14326): 2025-06-20-11-37 spdif_header_ac3
11-05 11:33:49.481 E/AllwinnerAlibs(14326): 2025-06-20-11-37 bill set SYNCWORD MafiaAc3spdif_write_packet 365
11-05 11:33:49.481 E/AllwinnerAlibs(14326): 2025-06-20-11-37 MafiaAc3spdif_write_packet 393 re = 6144
11-05 11:33:49.481 E/ac3_decInternal(14326): 2025-06-20-11-37 EAC3frame_PassThrough end OutBuffLen 6144
11-05 11:33:49.562 E/ac3_decInternal(14326): 2025-06-20-11-37 EAC3frame_PassThrough begin
11-05 11:33:49.562 E/AllwinnerAlibs(14326): 2025-06-20-11-37 MafiaAc3spdif_write_header
11-05 11:33:49.563 E/AllwinnerAlibs(14326): 2025-06-20-11-37 MafiaAc3spdif_write_packet
11-05 11:33:49.563 E/AllwinnerAlibs(14326): 2025-06-20-11-37 spdif_header_ac3
11-05 11:33:49.563 E/AllwinnerAlibs(14326): 2025-06-20-11-37 bill set SYNCWORD MafiaAc3spdif_write_packet 365
11-05 11:33:49.563 E/AllwinnerAlibs(14326): 2025-06-20-11-37 MafiaAc3spdif_write_packet 393 re = 6144
11-05 11:33:49.563 E/ac3_decInternal(14326): 2025-06-20-11-37 EAC3frame_PassThrough end OutBuffLen 6144
11-05 11:33:49.563 E/ac3_decInternal(14326): 2025-06-20-11-37 EAC3frame_PassThrough begin
11-05 11:33:49.563 E/AllwinnerAlibs(14326): 2025-06-20-11-37 MafiaAc3spdif_write_header
11-05 11:33:49.563 E/AllwinnerAlibs(14326): 2025-06-20-11-37 MafiaAc3spdif_write_packet
11-05 11:33:49.563 E/AllwinnerAlibs(14326): 2025-06-20-11-37 spdif_header_ac3
11-05 11:33:49.563 E/AllwinnerAlibs(14326): 2025-06-20-11-37 bill set SYNCWORD MafiaAc3spdif_write_packet 365
11-05 11:33:49.564 E/AllwinnerAlibs(14326): 2025-06-20-11-37 MafiaAc3spdif_write_packet 393 re = 6144
11-05 11:33:49.564 E/ac3_decInternal(14326): 2025-06-20-11-37 EAC3frame_PassThrough end OutBuffLen 6144
11-05 11:33:49.647 E/ac3_decInternal(14326): 2025-06-20-11-37 EAC3frame_PassThrough begin
11-05 11:33:49.647 E/awplayer(14326): : nSpsMaxDecPicBuffering[i]: 5
11-05 11:33:49.647 E/AllwinnerAlibs(14326): 2025-06-20-11-37 MafiaAc3spdif_write_header
11-05 11:33:49.647 E/AllwinnerAlibs(14326): 2025-06-20-11-37 MafiaAc3spdif_write_packet
11-05 11:33:49.647 E/AllwinnerAlibs(14326): 2025-06-20-11-37 spdif_header_ac3
11-05 11:33:49.647 E/AllwinnerAlibs(14326): 2025-06-20-11-37 bill set SYNCWORD MafiaAc3spdif_write_packet 365
11-05 11:33:49.647 E/AllwinnerAlibs(14326): 2025-06-20-11-37 MafiaAc3spdif_write_packet 393 re = 6144
11-05 11:33:49.647 E/ac3_decInternal(14326): 2025-06-20-11-37 EAC3frame_PassThrough end OutBuffLen 6144
11-05 11:33:49.648 E/ac3_decInternal(14326): 2025-06-20-11-37 EAC3frame_PassThrough begin
11-05 11:33:49.648 E/AllwinnerAlibs(14326): 2025-06-20-11-37 MafiaAc3spdif_write_header
11-05 11:33:49.648 E/AllwinnerAlibs(14326): 2025-06-20-11-37 MafiaAc3spdif_write_packet
11-05 11:33:49.648 E/AllwinnerAlibs(14326): 2025-06-20-11-37 spdif_header_ac3
11-05 11:33:49.648 E/AllwinnerAlibs(14326): 2025-06-20-11-37 bill set SYNCWORD MafiaAc3spdif_write_packet 365
11-05 11:33:49.648 E/AllwinnerAlibs(14326): 2025-06-20-11-37 MafiaAc3spdif_write_packet 393 re = 6144
11-05 11:33:49.648 E/ac3_decInternal(14326): 2025-06-20-11-37 EAC3frame_PassThrough end OutBuffLen 6144
11-05 11:33:49.648 E/ac3_decInternal(14326): 2025-06-20-11-37 EAC3frame_PassThrough begin
11-05 11:33:49.648 E/AllwinnerAlibs(14326): 2025-06-20-11-37 MafiaAc3spdif_write_header
11-05 11:33:49.648 E/AllwinnerAlibs(14326): 2025-06-20-11-37 MafiaAc3spdif_write_packet
11-05 11:33:49.648 E/AllwinnerAlibs(14326): 2025-06-20-11-37 spdif_header_ac3
11-05 11:33:49.648 E/AllwinnerAlibs(14326): 2025-06-20-11-37 bill set SYNCWORD MafiaAc3spdif_write_packet 365
11-05 11:33:49.648 E/AllwinnerAlibs(14326): 2025-06-20-11-37 MafiaAc3spdif_write_packet 393 re = 6144
11-05 11:33:49.648 E/ac3_decInternal(14326): 2025-06-20-11-37 EAC3frame_PassThrough end OutBuffLen 6144
11-05 11:33:49.678 D/MediaPlayerFactory(14326): Initialize getpersist = 0 value=
11-05 11:33:49.736 E/ac3_decInternal(14326): 2025-06-20-11-37 EAC3frame_PassThrough begin
11-05 11:33:49.736 E/AllwinnerAlibs(14326): 2025-06-20-11-37 MafiaAc3spdif_write_header
11-05 11:33:49.736 E/AllwinnerAlibs(14326): 2025-06-20-11-37 MafiaAc3spdif_write_packet
11-05 11:33:49.736 E/AllwinnerAlibs(14326): 2025-06-20-11-37 spdif_header_ac3
11-05 11:33:49.736 E/AllwinnerAlibs(14326): 2025-06-20-11-37 bill set SYNCWORD MafiaAc3spdif_write_packet 365
11-05 11:33:49.736 E/AllwinnerAlibs(14326): 2025-06-20-11-37 MafiaAc3spdif_write_packet 393 re = 6144
11-05 11:33:49.736 E/ac3_decInternal(14326): 2025-06-20-11-37 EAC3frame_PassThrough end OutBuffLen 6144
11-05 11:33:49.737 E/ac3_decInternal(14326): 2025-06-20-11-37 EAC3frame_PassThrough begin
11-05 11:33:49.737 E/AllwinnerAlibs(14326): 2025-06-20-11-37 MafiaAc3spdif_write_header
11-05 11:33:49.737 E/AllwinnerAlibs(14326): 2025-06-20-11-37 MafiaAc3spdif_write_packet
11-05 11:33:49.737 E/AllwinnerAlibs(14326): 2025-06-20-11-37 spdif_header_ac3
11-05 11:33:49.737 E/AllwinnerAlibs(14326): 2025-06-20-11-37 bill set SYNCWORD MafiaAc3spdif_write_packet 365
11-05 11:33:49.737 E/AllwinnerAlibs(14326): 2025-06-20-11-37 MafiaAc3spdif_write_packet 393 re = 6144
11-05 11:33:49.737 E/ac3_decInternal(14326): 2025-06-20-11-37 EAC3frame_PassThrough end OutBuffLen 6144
11-05 11:33:49.770 W/IorapForwardingService( 480): No service published for: iorapd
11-05 11:33:49.816 E/ac3_decInternal(14326): 2025-06-20-11-37 EAC3frame_PassThrough begin
11-05 11:33:49.816 E/AllwinnerAlibs(14326): 2025-06-20-11-37 MafiaAc3spdif_write_header
11-05 11:33:49.817 E/AllwinnerAlibs(14326): 2025-06-20-11-37 MafiaAc3spdif_write_packet
11-05 11:33:49.817 E/AllwinnerAlibs(14326): 2025-06-20-11-37 spdif_header_ac3
11-05 11:33:49.817 E/AllwinnerAlibs(14326): 2025-06-20-11-37 bill set SYNCWORD MafiaAc3spdif_write_packet 365
11-05 11:33:49.817 E/AllwinnerAlibs(14326): 2025-06-20-11-37 MafiaAc3spdif_write_packet 393 re = 6144
11-05 11:33:49.817 E/ac3_decInternal(14326): 2025-06-20-11-37 EAC3frame_PassThrough end OutBuffLen 6144
11-05 11:33:49.819 E/ac3_decInternal(14326): 2025-06-20-11-37 EAC3frame_PassThrough begin
11-05 11:33:49.819 E/AllwinnerAlibs(14326): 2025-06-20-11-37 MafiaAc3spdif_write_header
11-05 11:33:49.819 E/AllwinnerAlibs(14326): 2025-06-20-11-37 MafiaAc3spdif_write_packet
11-05 11:33:49.819 E/AllwinnerAlibs(14326): 2025-06-20-11-37 spdif_header_ac3
11-05 11:33:49.819 E/AllwinnerAlibs(14326): 2025-06-20-11-37 bill set SYNCWORD MafiaAc3spdif_write_packet 365
11-05 11:33:49.819 E/AllwinnerAlibs(14326): 2025-06-20-11-37 MafiaAc3spdif_write_packet 393 re = 6144
11-05 11:33:49.819 E/ac3_decInternal(14326): 2025-06-20-11-37 EAC3frame_PassThrough end OutBuffLen 6144
11-05 11:33:49.819 E/ac3_decInternal(14326): 2025-06-20-11-37 EAC3frame_PassThrough begin
11-05 11:33:49.819 E/AllwinnerAlibs(14326): 2025-06-20-11-37 MafiaAc3spdif_write_header
11-05 11:33:49.820 E/AllwinnerAlibs(14326): 2025-06-20-11-37 MafiaAc3spdif_write_packet
11-05 11:33:49.820 E/AllwinnerAlibs(14326): 2025-06-20-11-37 spdif_header_ac3
11-05 11:33:49.820 E/AllwinnerAlibs(14326): 2025-06-20-11-37 bill set SYNCWORD MafiaAc3spdif_write_packet 365
11-05 11:33:49.820 E/AllwinnerAlibs(14326): 2025-06-20-11-37 MafiaAc3spdif_write_packet 393 re = 6144
11-05 11:33:49.820 E/ac3_decInternal(14326): 2025-06-20-11-37 EAC3frame_PassThrough end OutBuffLen 6144
11-05 11:33:49.885 I/BLEAudioDrive_HV410( 248): data len: 9 1
11-05 11:33:49.885 D/TvWindowManager( 480): key event key = KEYCODE_BACK down = true
11-05 11:33:49.901 D/GpioService( 480): mFlickerEnable = true
11-05 11:33:49.902 E/ac3_decInternal(14326): 2025-06-20-11-37 EAC3frame_PassThrough begin
11-05 11:33:49.902 E/AllwinnerAlibs(14326): 2025-06-20-11-37 MafiaAc3spdif_write_header
11-05 11:33:49.902 E/AllwinnerAlibs(14326): 2025-06-20-11-37 MafiaAc3spdif_write_packet
11-05 11:33:49.902 E/AllwinnerAlibs(14326): 2025-06-20-11-37 spdif_header_ac3
11-05 11:33:49.902 E/AllwinnerAlibs(14326): 2025-06-20-11-37 bill set SYNCWORD MafiaAc3spdif_write_packet 365
11-05 11:33:49.902 E/AllwinnerAlibs(14326): 2025-06-20-11-37 MafiaAc3spdif_write_packet 393 re = 6144
11-05 11:33:49.902 E/ac3_decInternal(14326): 2025-06-20-11-37 EAC3frame_PassThrough end OutBuffLen 6144
11-05 11:33:49.903 E/ac3_decInternal(14326): 2025-06-20-11-37 EAC3frame_PassThrough begin
11-05 11:33:49.903 E/AllwinnerAlibs(14326): 2025-06-20-11-37 MafiaAc3spdif_write_header
11-05 11:33:49.903 E/AllwinnerAlibs(14326): 2025-06-20-11-37 MafiaAc3spdif_write_packet
11-05 11:33:49.903 E/AllwinnerAlibs(14326): 2025-06-20-11-37 spdif_header_ac3
11-05 11:33:49.904 E/AllwinnerAlibs(14326): 2025-06-20-11-37 bill set SYNCWORD MafiaAc3spdif_write_packet 365
11-05 11:33:49.904 E/AllwinnerAlibs(14326): 2025-06-20-11-37 MafiaAc3spdif_write_packet 393 re = 6144
11-05 11:33:49.905 E/ac3_decInternal(14326): 2025-06-20-11-37 EAC3frame_PassThrough end OutBuffLen 6144
11-05 11:33:49.931 E/WifiHAL ( 663): wifi_get_link_stats: requestResponse Error:-5
11-05 11:33:49.933 E/WifiVendorHal( 480): getWifiLinkLayerStats_1_5_Internal(l.1191) failed {.code = ERROR_INVALID_ARGS, .description = }
11-05 11:33:49.986 E/ac3_decInternal(14326): 2025-06-20-11-37 EAC3frame_PassThrough begin
11-05 11:33:49.987 E/AllwinnerAlibs(14326): 2025-06-20-11-37 MafiaAc3spdif_write_header
11-05 11:33:49.987 E/AllwinnerAlibs(14326): 2025-06-20-11-37 MafiaAc3spdif_write_packet
11-05 11:33:49.987 E/AllwinnerAlibs(14326): 2025-06-20-11-37 spdif_header_ac3
11-05 11:33:49.987 E/AllwinnerAlibs(14326): 2025-06-20-11-37 bill set SYNCWORD MafiaAc3spdif_write_packet 365
11-05 11:33:49.987 E/AllwinnerAlibs(14326): 2025-06-20-11-37 MafiaAc3spdif_write_packet 393 re = 6144
11-05 11:33:49.987 E/ac3_decInternal(14326): 2025-06-20-11-37 EAC3frame_PassThrough end OutBuffLen 6144
11-05 11:33:49.990 E/ac3_decInternal(14326): 2025-06-20-11-37 EAC3frame_PassThrough begin
11-05 11:33:49.990 E/AllwinnerAlibs(14326): 2025-06-20-11-37 MafiaAc3spdif_write_header
11-05 11:33:49.990 E/AllwinnerAlibs(14326): 2025-06-20-11-37 MafiaAc3spdif_write_packet
11-05 11:33:49.990 E/AllwinnerAlibs(14326): 2025-06-20-11-37 spdif_header_ac3
11-05 11:33:49.990 E/AllwinnerAlibs(14326): 2025-06-20-11-37 bill set SYNCWORD MafiaAc3spdif_write_packet 365
11-05 11:33:49.990 E/AllwinnerAlibs(14326): 2025-06-20-11-37 MafiaAc3spdif_write_packet 393 re = 6144
11-05 11:33:49.990 E/ac3_decInternal(14326): 2025-06-20-11-37 EAC3frame_PassThrough end OutBuffLen 6144
11-05 11:33:49.990 E/ac3_decInternal(14326): 2025-06-20-11-37 EAC3frame_PassThrough begin
11-05 11:33:49.990 E/AllwinnerAlibs(14326): 2025-06-20-11-37 MafiaAc3spdif_write_header
11-05 11:33:49.990 E/AllwinnerAlibs(14326): 2025-06-20-11-37 MafiaAc3spdif_write_packet
11-05 11:33:49.990 E/AllwinnerAlibs(14326): 2025-06-20-11-37 spdif_header_ac3
11-05 11:33:49.990 E/AllwinnerAlibs(14326): 2025-06-20-11-37 bill set SYNCWORD MafiaAc3spdif_write_packet 365
11-05 11:33:49.990 E/AllwinnerAlibs(14326): 2025-06-20-11-37 MafiaAc3spdif_write_packet 393 re = 6144
11-05 11:33:49.990 E/ac3_decInternal(14326): 2025-06-20-11-37 EAC3frame_PassThrough end OutBuffLen 6144
11-05 11:33:50.034 D/GpioService( 480): mFlickerEnable = true
11-05 11:33:50.036 I/SogouIME( 3502): onKeyDown: keyoCode=4
11-05 11:33:50.036 I/DefaultIMS( 3502): onKeyDown: keyoCode=4
11-05 11:33:50.065 I/BLEAudioDrive_HV410( 248): data len: 9 1
11-05 11:33:50.065 I/BLEAudioDrive_HV410( 248): keyboard stop
11-05 11:33:50.065 D/TvWindowManager( 480): key event key = KEYCODE_BACK down = false
11-05 11:33:50.067 D/AutofillManagerService( 480): onBackKeyPressed()
11-05 11:33:50.071 I/awplayer(14326): : audio render process stop message.
11-05 11:33:50.072 E/ac3_decInternal(14326): 2025-06-20-11-37 EAC3frame_PassThrough begin
11-05 11:33:50.072 E/AllwinnerAlibs(14326): 2025-06-20-11-37 MafiaAc3spdif_write_header
11-05 11:33:50.072 E/AllwinnerAlibs(14326): 2025-06-20-11-37 MafiaAc3spdif_write_packet
11-05 11:33:50.072 E/AllwinnerAlibs(14326): 2025-06-20-11-37 spdif_header_ac3
11-05 11:33:50.072 E/AllwinnerAlibs(14326): 2025-06-20-11-37 bill set SYNCWORD MafiaAc3spdif_write_packet 365
11-05 11:33:50.072 E/AllwinnerAlibs(14326): 2025-06-20-11-37 MafiaAc3spdif_write_packet 393 re = 6144
11-05 11:33:50.072 E/ac3_decInternal(14326): 2025-06-20-11-37 EAC3frame_PassThrough end OutBuffLen 6144
11-05 11:33:50.119 D/Ac3 Decoder(14326): 2025-06-20-11-37 exit successs...
11-05 11:33:50.119 D/AllwinnerAlibs(14326): ver : 2017-8-4-18-00 ----dlclose so success!
11-05 11:33:50.147 E/BufferQueueProducer( 4556): [SurfaceView[com.dangbei.lerad.videoposter/com.dangbei.leradplayer.activity.PlayerActivity]#154(BLAST Consumer)154](id:11cc0000009a,api:3,p:14326,c:4556) connect: already connected (cur=3 req=3)
11-05 11:33:50.156 W/awplayer(14326): : Sound device already stopped.
11-05 11:33:50.167 I/cedarc (14326): : DestroyVideoDecoder, pDecoder=0xf466b380
11-05 11:33:50.189 I/cedarc (14326): : not malloc locks
11-05 11:33:50.193 V/MediaPlayer( 4556): resetDrmState: mDrmInfo=null mDrmProvisioningThread=null mPrepareDrmInProgress=false mActiveDrmScheme=false
11-05 11:33:50.193 V/MediaPlayer( 4556): cleanDrmObj: mDrmObj=null mDrmSessionId=null
11-05 11:33:50.195 W/awplayer(14326): : reset...
11-05 11:33:50.205 D/SurfaceUtils(14326): disconnecting from surface 0xf4676808, reason disconnectNativeWindow
11-05 11:33:50.207 E/BufferQueueProducer( 4556): [SurfaceView[com.dangbei.lerad.videoposter/com.dangbei.leradplayer.activity.PlayerActivity]#154(BLAST Consumer)154](id:11cc0000009a,api:0,p:-1,c:4556) disconnect: not connected (req=3)
11-05 11:33:50.211 E/SurfaceUtils(14326): Failed to disconnect from surface 0xf4676808, err -19
11-05 11:33:50.211 W/MediaPlayerService(14326): nativeWindowDisconnect returned an error: No such device (-19)
11-05 11:33:50.211 W/awplayer(14326): : XPlayerDestroy
11-05 11:33:50.211 W/awplayer(14326): : reset...
11-05 11:33:50.213 D/RefBase (14326): RefBase: Explicit destruction, weak count = 0 (in 0xf48adc00)
11-05 11:33:50.213 W/RefBase (14326): CallStack::getCurrentInternal not linked, returning null
11-05 11:33:50.213 W/RefBase (14326): CallStack::logStackInternal not linked
11-05 11:33:50.217 D/audio_hw_primary( 248): adev_release_audio_patch
11-05 11:33:50.218 D/audio_hw_primary( 248): out_standby
11-05 11:33:50.219 D/audio_hw_primary( 248): start_output_stream out->format : 0x00000000
11-05 11:33:50.219 V/audio_hw_primary( 248): start_output_stream, line: 1503
11-05 11:33:50.219 V/audio_hw_primary( 248): use AUDIO_HDMI to playback audio
11-05 11:33:50.219 D/audio_hw_primary( 248): open card=3, port=0
11-05 11:33:50.219 D/audio_hw_primary( 248): config:2 44100 960 2 0 5760 1 0
11-05 11:33:50.219 D/audio_hw_primary( 248): set_raw_flag(card=3, raw_flag=1)
11-05 11:33:50.220 D/audio_hw_primary( 248): set_raw_flag control_name = audio data format control_value PCM)
11-05 11:33:50.220 V/audio_hw_primary( 248): do not use out resampler
11-05 11:33:50.221 D/AudioFlinger( 270): ro.audio.silent is ignored since no output device is set
11-05 11:33:50.224 I/ ( 4844): HDMI Audio Enable Successfully
11-05 11:33:50.225 V/audio_hw_primary( 248): out_set_parameters: closing=true
11-05 11:33:50.229 V/audio_hw_primary( 248): out_set_parameters: exiting=1
11-05 11:33:50.230 E/AudioFlinger( 270): Error when setting parameters on exit: -61
11-05 11:33:50.232 D/audio_hw_primary( 248): out_standby
11-05 11:33:50.244 D/AudioFlinger( 270): mixer(0xf2ef8f00) throttle end: throttle time(9)
11-05 11:33:50.295 I/SogouIME( 3502): onKeyUp: keyoCode=4
11-05 11:33:50.295 I/DefaultIMS( 3502): onKeyUp: keyoCode=4
11-05 11:33:50.307 I/gralloc ( 257): alloc buffer:W:1920 H:1080 S:1920 PL[1920 1080] SZ:8294400 fmt:1 if:0 af:1 usg:b66 fg:00000004
11-05 11:33:50.335 W/System.err( 4556): java.lang.Exception: you should init first
11-05 11:33:50.336 W/System.err( 4556): at com.dangbei.alps.AlpsManager.check(AlpsManager.java:315)
11-05 11:33:50.336 W/System.err( 4556): at com.dangbei.alps.AlpsManager.onPause(AlpsManager.java:247)
11-05 11:33:50.336 W/System.err( 4556): at com.dangbei.leradplayer.activity.PlayerActivity.onPause(PlayerActivity.java:676)
11-05 11:33:50.336 W/System.err( 4556): at android.app.Activity.performPause(Activity.java:8234)
11-05 11:33:50.336 W/System.err( 4556): at android.app.Instrumentation.callActivityOnPause(Instrumentation.java:1530)
11-05 11:33:50.336 W/System.err( 4556): at android.app.ActivityThread.performPauseActivityIfNeeded(ActivityThread.java:5031)
11-05 11:33:50.336 W/System.err( 4556): at android.app.ActivityThread.performPauseActivity(ActivityThread.java:4992)
11-05 11:33:50.336 W/System.err( 4556): at android.app.ActivityThread.handlePauseActivity(ActivityThread.java:4944)
11-05 11:33:50.336 W/System.err( 4556): at android.app.servertransaction.PauseActivityItem.execute(PauseActivityItem.java:47)
11-05 11:33:50.336 W/System.err( 4556): at android.app.servertransaction.ActivityTransactionItem.execute(ActivityTransactionItem.java:45)
11-05 11:33:50.336 W/System.err( 4556): at android.app.servertransaction.TransactionExecutor.executeLifecycleState(TransactionExecutor.java:176)
11-05 11:33:50.336 W/System.err( 4556): at android.app.servertransaction.TransactionExecutor.execute(TransactionExecutor.java:97)
11-05 11:33:50.336 W/System.err( 4556): at android.app.ActivityThread$H.handleMessage(ActivityThread.java:2210)
11-05 11:33:50.336 W/System.err( 4556): at android.os.Handler.dispatchMessage(Handler.java:106)
11-05 11:33:50.336 W/System.err( 4556): at android.os.Looper.loopOnce(Looper.java:201)
11-05 11:33:50.336 W/System.err( 4556): at android.os.Looper.loop(Looper.java:288)
11-05 11:33:50.336 W/System.err( 4556): at android.app.ActivityThread.main(ActivityThread.java:7854)
11-05 11:33:50.336 W/System.err( 4556): at java.lang.reflect.Method.invoke(Native Method)
11-05 11:33:50.336 W/System.err( 4556): at com.android.internal.os.RuntimeInit$MethodAndArgsCaller.run(RuntimeInit.java:548)
11-05 11:33:50.336 W/System.err( 4556): at com.android.internal.os.ZygoteInit.main(ZygoteInit.java:1182)
11-05 11:33:50.353 D/AW_CODE ( 480): rotation =0
11-05 11:33:50.388 I/BpBinder( 278): onLastStrongRef automatically unlinking death recipients:
11-05 11:33:50.437 I/gralloc ( 257): alloc buffer:W:1920 H:1080 S:1920 PL[1920 1080] SZ:8294400 fmt:1 if:0 af:1 usg:20000b00 fg:00000004
11-05 11:33:50.440 I/gralloc ( 257): alloc buffer:W:1920 H:1080 S:1920 PL[1920 1080] SZ:8294400 fmt:1 if:0 af:1 usg:20000b00 fg:00000004
11-05 11:33:50.444 I/gralloc ( 257): alloc buffer:W:1920 H:1080 S:1920 PL[1920 1080] SZ:8294400 fmt:1 if:0 af:1 usg:20000b00 fg:00000004
11-05 11:33:50.476 D/TvPipController( 688): onTaskStackChanged()
11-05 11:33:50.483 I/DefaultIMS( 3502): onStartInput attribute=android.view.inputmethod.EditorInfo@c4ee5c0 restarting=false inputType: 0
11-05 11:33:50.771 W/IorapForwardingService( 480): No service published for: iorapd
11-05 11:33:50.819 D/AudioAnalytics( 351): gc(1700, 2000): log size:1700 item map size:42, item map items:1700
11-05 11:33:51.141 I/MediaFocusControl( 480): abandonAudioFocus() from uid/pid 10042/4556 clientId=android.media.AudioManager@eeb57ac
11-05 11:33:51.149 W/InputManager-JNI( 480): Input channel object 'f60c88f com.dangbei.lerad.videoposter/com.dangbei.leradplayer.activity.PlayerActivity (client)' was disposed without first being removed with the input manager!
11-05 11:33:51.165 W/ActivityTaskManager( 480): Can't find TaskDisplayArea to determine support for multi window. Task id=53 attached=false
11-05 11:33:51.165 W/ActivityTaskManager( 480): Can't find TaskDisplayArea to determine support for multi window. Task id=53 attached=false
11-05 11:33:51.186 W/InputManager-JNI( 480): Input channel object 'be73cb2 Toast (client)' was disposed without first being removed with the input manager!
11-05 11:33:51.196 W/NotificationService( 480): Toast already killed. pkg=com.dangbei.lerad.videoposter token=android.os.BinderProxy@382555
11-05 11:33:51.201 I/BLEAudioDrive_HV410( 248): data len: 9 1
11-05 11:33:51.202 D/TvWindowManager( 480): key event key = KEYCODE_BACK down = true
11-05 11:33:51.212 D/GpioService( 480): mFlickerEnable = true
11-05 11:33:51.335 I/BLEAudioDrive_HV410( 248): data len: 9 1
11-05 11:33:51.335 I/BLEAudioDrive_HV410( 248): keyboard stop
11-05 11:33:51.336 D/TvWindowManager( 480): key event key = KEYCODE_BACK down = false
11-05 11:33:51.336 D/AutofillManagerService( 480): onBackKeyPressed()
11-05 11:33:51.352 D/GpioService( 480): mFlickerEnable = true
11-05 11:33:51.356 I/SogouIME( 3502): onKeyDown: keyoCode=4
11-05 11:33:51.356 I/DefaultIMS( 3502): onKeyDown: keyoCode=4
11-05 11:33:51.365 I/SogouIME( 3502): onKeyUp: keyoCode=4
11-05 11:33:51.365 I/DefaultIMS( 3502): onKeyUp: keyoCode=4
11-05 11:33:51.371 I/gralloc ( 257): alloc buffer:W:1920 H:1080 S:1920 PL[1920 1080] SZ:8294400 fmt:1 if:0 af:1 usg:b66 fg:00000004
11-05 11:33:51.402 D/AW_CODE ( 480): rotation =0
11-05 11:33:51.439 I/BpBinder( 278): onLastStrongRef automatically unlinking death recipients:
11-05 11:33:51.449 I/gralloc ( 257): alloc buffer:W:1920 H:1080 S:1920 PL[1920 1080] SZ:8294400 fmt:1 if:0 af:1 usg:20000b00 fg:00000004
11-05 11:33:51.450 I/gralloc ( 257): alloc buffer:W:1920 H:1080 S:1920 PL[1920 1080] SZ:8294400 fmt:1 if:0 af:1 usg:20000b00 fg:00000004
11-05 11:33:51.453 I/gralloc ( 257): alloc buffer:W:1920 H:1080 S:1920 PL[1920 1080] SZ:8294400 fmt:1 if:0 af:1 usg:20000b00 fg:00000004
11-05 11:33:51.471 D/hdmi-cec( 265): receive invalid cec message!
11-05 11:33:51.471 D/hdmi-cec( 265): receive poll message [04], skip!
11-05 11:33:51.518 D/TvPipController( 688): onTaskStackChanged()
11-05 11:33:51.549 I/DefaultIMS( 3502): onStartInput attribute=android.view.inputmethod.EditorInfo@1751fbb restarting=false inputType: 0
11-05 11:33:51.773 W/IorapForwardingService( 480): No service published for: iorapd
11-05 11:33:51.952 W/.filemanager.o( 2649): Accessing hidden field Landroid/view/inputmethod/InputMethodManager;->mCurRootView:Landroid/view/ViewRootImpl; (blocked, reflection, denied)
11-05 11:33:52.056 I/BLEAudioDrive_HV410( 248): data len: 9 1
11-05 11:33:52.056 D/TvWindowManager( 480): key event key = KEYCODE_DPAD_RIGHT down = true
11-05 11:33:52.062 D/GpioService( 480): mFlickerEnable = true
11-05 11:33:52.100 I/cling--ap-1( 3126): type=1400 audit(0.0:2831): avc: denied { search } for name="net" dev="sysfs" ino=10442 scontext=u:r:platform_app:s0:c512,c768 tcontext=u:object_r:sysfs_net:s0 tclass=dir permissive=1 app=com.dangbei.screencast
11-05 11:33:52.238 I/.filemanager.o( 2649): Explicit concurrent copying GC freed 11536(727KB) AllocSpace objects, 0(0B) LOS objects, 49% free, 14MB/29MB, paused 270us total 276.384ms
11-05 11:33:52.247 I/BLEAudioDrive_HV410( 248): data len: 9 1
11-05 11:33:52.247 I/BLEAudioDrive_HV410( 248): keyboard stop
11-05 11:33:52.248 D/TvWindowManager( 480): key event key = KEYCODE_DPAD_RIGHT down = false
11-05 11:33:52.506 I/.filemanager.o( 2649): Explicit concurrent copying GC freed 860(59KB) AllocSpace objects, 0(0B) LOS objects, 49% free, 14MB/29MB, paused 252us total 260.657ms
11-05 11:33:52.544 D/StrictMode( 2649): StrictMode policy violation: android.os.strictmode.InstanceCountViolation: class com.dangbei.lerad.filemanager.ui.info.ManagerFileListActivity; instances=21; limit=3
11-05 11:33:52.544 D/StrictMode( 2649): at android.os.StrictMode.setClassInstanceLimit(StrictMode.java:1)
11-05 11:33:52.549 W/InputManager-JNI( 480): Input channel object 'ae6e97d com.tv.filemanager.os/com.dangbei.lerad.filemanager.ui.info.ManagerFileListActivity (client)' was disposed without first being removed with the input manager!
11-05 11:33:52.554 I/Choreographer( 2649): Skipped 36 frames! The application may be doing too much work on its main thread.
11-05 11:33:52.554 I/SogouIME( 3502): onKeyDown: keyoCode=22
11-05 11:33:52.554 I/DefaultIMS( 3502): onKeyDown: keyoCode=22
11-05 11:33:52.567 I/SogouIME( 3502): onKeyUp: keyoCode=22
11-05 11:33:52.567 I/DefaultIMS( 3502): onKeyUp: keyoCode=22
11-05 11:33:52.586 I/DefaultIMS( 3502): onStartInput attribute=android.view.inputmethod.EditorInfo@9f7a2a2 restarting=false inputType: 0
11-05 11:33:52.774 W/IorapForwardingService( 480): No service published for: iorapd
11-05 11:33:52.950 E/WifiHAL ( 663): wifi_get_link_stats: requestResponse Error:-5
11-05 11:33:52.952 E/WifiVendorHal( 480): getWifiLinkLayerStats_1_5_Internal(l.1191) failed {.code = ERROR_INVALID_ARGS, .description = }
11-05 11:33:53.198 W/WindowManager( 480): Unable to start animation, surface is null or no children.
11-05 11:33:53.226 I/BLEAudioDrive_HV410( 248): data len: 9 1
11-05 11:33:53.226 D/TvWindowManager( 480): key event key = KEYCODE_DPAD_CENTER down = true
11-05 11:33:53.237 D/GpioService( 480): mFlickerEnable = true
11-05 11:33:53.274 D/bbb (14661): onStartCommand begin !!!!!!! data分区剩余 25003MB
11-05 11:33:53.360 I/BLEAudioDrive_HV410( 248): data len: 9 1
11-05 11:33:53.360 I/BLEAudioDrive_HV410( 248): keyboard stop
11-05 11:33:53.361 D/TvWindowManager( 480): key event key = KEYCODE_DPAD_CENTER down = false
11-05 11:33:53.377 D/GpioService( 480): mFlickerEnable = true
11-05 11:33:53.380 I/SogouIME( 3502): onKeyDown: keyoCode=23
11-05 11:33:53.381 I/DefaultIMS( 3502): onKeyDown: keyoCode=23
11-05 11:33:53.385 I/SogouIME( 3502): onKeyUp: keyoCode=23
11-05 11:33:53.386 I/DefaultIMS( 3502): onKeyUp: keyoCode=23
11-05 11:33:53.394 I/ActivityStarter( 480): ---START u0 {cmp=com.tv.filemanager.os/com.dangbei.lerad.filemanager.ui.info.ManagerFileListActivity (has extras)} from uid 10054
11-05 11:33:53.399 I/AW_PowerHAL( 263): Power setMode: LAUNCH to: 1
11-05 11:33:53.416 W/ActivityTaskManager( 480): Tried to set launchTime (0) < mLastActivityLaunchTime (5786213)
11-05 11:33:53.417 D/AW_CODE ( 480): rotation =0
11-05 11:33:53.426 I/AW_PowerHAL( 263): cur-mode:LAUNCH
11-05 11:33:53.438 D/ActivityTaskManager( 480): homlet: skip orientation settings: 0
11-05 11:33:53.439 I/BpBinder( 278): onLastStrongRef automatically unlinking death recipients:
11-05 11:33:53.529 D/TvPipController( 688): onTaskStackChanged()
