11-05 11:34:41.871 I/DefaultIMS( 3502): onStartInput attribute=android.view.inputmethod.EditorInfo@46850e1 restarting=false inputType: 0
11-05 11:34:41.875 I/gralloc ( 257): alloc buffer:W:1920 H:1080 S:1920 PL[1920 1080] SZ:8294400 fmt:1 if:0 af:1 usg:20000b00 fg:00000004
11-05 11:34:41.895 W/IorapForwardingService( 480): No service published for: iorapd
11-05 11:34:41.932 I/AW_PowerHAL( 263): Power setMode: LAUNCH to: 0
11-05 11:34:41.941 I/AW_PowerHAL( 263): cur-mode:SCHEDUTIL
11-05 11:34:41.974 W/Looper ( 480): Slow dispatch took 208ms android.fg h=android.os.Handler c=com.android.server.wm.ActivityMetricsLogger$$ExternalSyntheticLambda1@2b90622 m=0
11-05 11:34:41.976 I/ActivityTaskManager( 480): +++Displayed com.dangbei.lerad.videoposter/com.dangbei.leradplayer.activity.PlayerActivity: +441ms
11-05 11:34:41.979 W/Looper ( 480): Slow delivery took 210ms android.fg h=android.os.Handler c=com.android.server.wm.ActivityMetricsLogger$$ExternalSyntheticLambda2@8f228b3 m=0
11-05 11:34:42.017 I/gralloc ( 257): alloc buffer:W:860 H:760 S:864 PL[860 760] SZ:2626560 fmt:1 if:0 af:1 usg:20000b00 fg:00000004
11-05 11:34:42.030 I/gralloc ( 257): alloc buffer:W:860 H:760 S:864 PL[860 760] SZ:2626560 fmt:1 if:0 af:1 usg:20000b00 fg:00000004
11-05 11:34:42.034 I/gralloc ( 257): alloc buffer:W:860 H:760 S:864 PL[860 760] SZ:2626560 fmt:1 if:0 af:1 usg:20000b00 fg:00000004
11-05 11:34:42.061 W/Looper ( 480): Drained
11-05 11:34:42.080 I/EventThread( 265): type=1400 audit(0.0:2891): avc: denied { search } for name="extcon" dev="sysfs" ino=18103 scontext=u:r:hal_tv_cec_default:s0 tcontext=u:object_r:sysfs_extcon:s0 tclass=dir permissive=1
11-05 11:34:42.107 I/rad.videoposte( 4556): CollectorTransition concurrent copying GC freed 16113(1066KB) AllocSpace objects, 10(520KB) LOS objects, 49% free, 4284KB/8569KB, paused 1.892ms total 302.574ms
11-05 11:34:42.161 W/InputManager-JNI( 480): Input channel object '3e275a4 Splash Screen com.dangbei.lerad.videoposter (client)' was disposed without first being removed with the input manager!
11-05 11:34:42.168 I/DefaultIMS( 3502): onStartInput attribute=android.view.inputmethod.EditorInfo@4b81a1d restarting=false inputType: 0
11-05 11:34:42.568 I/BLEAudioDrive_HV410( 248): data len: 9 1
11-05 11:34:42.568 D/TvWindowManager( 480): key event key = KEYCODE_DPAD_CENTER down = true
11-05 11:34:42.580 D/GpioService( 480): mFlickerEnable = true
11-05 11:34:42.702 I/BLEAudioDrive_HV410( 248): data len: 9 1
11-05 11:34:42.703 I/BLEAudioDrive_HV410( 248): keyboard stop
11-05 11:34:42.703 D/TvWindowManager( 480): key event key = KEYCODE_DPAD_CENTER down = false
11-05 11:34:42.719 D/GpioService( 480): mFlickerEnable = true
11-05 11:34:42.721 I/SogouIME( 3502): onKeyDown: keyoCode=23
11-05 11:34:42.721 I/DefaultIMS( 3502): onKeyDown: keyoCode=23
11-05 11:34:42.725 I/SogouIME( 3502): onKeyUp: keyoCode=23
11-05 11:34:42.725 I/DefaultIMS( 3502): onKeyUp: keyoCode=23
11-05 11:34:42.728 V/MediaPlayer( 4556): resetDrmState: mDrmInfo=null mDrmProvisioningThread=null mPrepareDrmInProgress=false mActiveDrmScheme=false
11-05 11:34:42.731 V/MediaPlayer( 4556): cleanDrmObj: mDrmObj=null mDrmSessionId=null
11-05 11:34:42.785 W/MediaProvider( 1056): Failed to fetch original file descriptor
11-05 11:34:42.785 W/MediaProvider( 1056): java.io.FileNotFoundException: Input file descriptor is already original
11-05 11:34:42.785 W/MediaProvider( 1056): at com.android.providers.media.MediaProvider.getOriginalMediaFormatFileDescriptor(MediaProvider.java:5774)
11-05 11:34:42.785 W/MediaProvider( 1056): at com.android.providers.media.MediaProvider.openTypedAssetFileCommon(MediaProvider.java:7190)
11-05 11:34:42.785 W/MediaProvider( 1056): at com.android.providers.media.MediaProvider.openTypedAssetFile(MediaProvider.java:7171)
11-05 11:34:42.785 W/MediaProvider( 1056): at android.content.ContentProvider$Transport.openTypedAssetFile(ContentProvider.java:548)
11-05 11:34:42.785 W/MediaProvider( 1056): at android.content.ContentProviderNative.onTransact(ContentProviderNative.java:327)
11-05 11:34:42.785 W/MediaProvider( 1056): at android.os.Binder.execTransactInternal(Binder.java:1179)
11-05 11:34:42.785 W/MediaProvider( 1056): at android.os.Binder.execTransact(Binder.java:1143)
11-05 11:34:42.813 D/MediaPlayerFactory(14326): Initialize getpersist = 0 value=
11-05 11:34:42.825 I/awplayer(14326): : process message XPLAYER_COMMAND_SET_SOURCE.
11-05 11:34:42.897 W/IorapForwardingService( 480): No service published for: iorapd
11-05 11:34:42.960 W/awplayer(14326): : Set log level to 4
11-05 11:34:42.960 E/cedarc (14326): : now cedarc log level:4
11-05 11:34:42.960 I/cedarc (14326): : CreateVideoDecoder p:0xf466b380
11-05 11:34:42.960 I/cedarc (14326): : *** ic_version = 0x3301000012011,
11-05 11:34:42.961 I/cedarc (14326): : This is HEVC main 10 profile bitstream.
11-05 11:34:42.962 I/cedarc (14326): : This is HEVC main 10 profile bitstream.
11-05 11:34:42.964 W/VE (17332): VE real_freq=648000000
11-05 11:34:42.978 D/SurfaceUtils(14326): connecting to surface 0xf4676808, reason setVideoSurfaceTexture
11-05 11:34:42.980 I/awplayer(14326): : xxxxxxxxxx video size: width = 3840, height = 2160
11-05 11:34:42.998 W/InputManager-JNI( 480): Input channel object '9f19604 com.dangbei.lerad.videoposter/com.dangbei.leradplayer.activity.PlayerActivity (client)' was disposed without first being removed with the input manager!
11-05 11:34:43.017 W/InputEventReceiver( 4556): Attempted to finish an input event but the input event receiver has already been disposed.
11-05 11:34:43.020 I/awplayer(14326): : isPlaying
11-05 11:34:43.030 D/Allwinner Audio Middle Layer(14326): ver : 2017-8-4-18-00 Create Decoder!!=====
11-05 11:34:43.030 D/Allwinner Audio Middle Layer(14326): ver : 2017-8-4-18-00 AudioDec_Installaudiolib ok
11-05 11:34:43.030 D/Allwinner Audio Middle Layer(14326): ver : 2017-8-4-18-00 audio decoder init start ...
11-05 11:34:43.030 D/AllwinnerAlibs(14326): ver : 2017-8-4-18-00
11-05 11:34:43.030 D/AllwinnerAlibs(14326): >>>>>>>>>>>>>>>>>>>>>>>>>>>>>>> Audio <<<<<<<<<<<<<<<<<<<<<<<<<<<<<<<
11-05 11:34:43.030 D/AllwinnerAlibs(14326): tag : audiocodec-v1.2
11-05 11:34:43.030 D/AllwinnerAlibs(14326): branch: new
11-05 11:34:43.030 D/AllwinnerAlibs(14326): commit: 3ba65962c01cbf1280ddda19d843009b6ef8ce85
11-05 11:34:43.030 D/AllwinnerAlibs(14326): date : Tue Jan 8 16:25:27 2019 +0800
11-05 11:34:43.030 D/AllwinnerAlibs(14326): ----------------------------------------------------------------------
11-05 11:34:43.031 D/AllwinnerAlibs(14326): ver : 2017-8-4-18-00 ----Loading so success!
11-05 11:34:43.032 D/AllwinnerAlibs(14326): ver : 2017-8-4-18-00 *************pAudioStreamInfo start******************
11-05 11:34:43.032 D/AllwinnerAlibs(14326): ver : 2017-8-4-18-00 eCodecFormat :id(6), name(dts audio)
11-05 11:34:43.032 D/AllwinnerAlibs(14326): ver : 2017-8-4-18-00 eSubCodecFormat :0
11-05 11:34:43.032 D/AllwinnerAlibs(14326): ver : 2017-8-4-18-00 nChannelNum :6
11-05 11:34:43.032 D/AllwinnerAlibs(14326): ver : 2017-8-4-18-00 nBitsPerSample :24
11-05 11:34:43.032 D/AllwinnerAlibs(14326): ver : 2017-8-4-18-00 nSampleRate :48000
11-05 11:34:43.032 D/AllwinnerAlibs(14326): ver : 2017-8-4-18-00 nAvgBitrate :0
11-05 11:34:43.032 D/AllwinnerAlibs(14326): ver : 2017-8-4-18-00 nMaxBitRate :0
11-05 11:34:43.032 D/AllwinnerAlibs(14326): ver : 2017-8-4-18-00 nFileSize :0
11-05 11:34:43.033 D/AllwinnerAlibs(14326): ver : 2017-8-4-18-00 eAudioBitstreamSource:0
11-05 11:34:43.033 D/AllwinnerAlibs(14326): ver : 2017-8-4-18-00 eDataEncodeType :1
11-05 11:34:43.033 D/AllwinnerAlibs(14326): ver : 2017-8-4-18-00 nCodecSpecificDataLen:0
11-05 11:34:43.033 D/AllwinnerAlibs(14326): ver : 2017-8-4-18-00 pCodecSpecificData :0x0
11-05 11:34:43.033 D/AllwinnerAlibs(14326): ver : 2017-8-4-18-00 nFlags :0
11-05 11:34:43.033 D/AllwinnerAlibs(14326): ver : 2017-8-4-18-00 nBlockAlign :0
11-05 11:34:43.033 D/AllwinnerAlibs(14326): ver : 2017-8-4-18-00 *************pAudioStreamInfo end ******************
11-05 11:34:43.034 D/Allwinner Audio Middle Layer(14326): ver : 2017-8-4-18-00 AUDIO DECODE INIT OK...0
11-05 11:34:43.034 I/awplayer(14326): : audio render process start message.
11-05 11:34:43.034 W/awplayer(14326): : message 0x40a not handled.
11-05 11:34:43.035 I/awplayer(14326): : audio render process pause message.
11-05 11:34:43.036 W/awplayer(14326): <__SdPause:622>: Invalid pause operation, sound device not in start status.
11-05 11:34:43.037 D/AllwinnerAlibs(14326): ver : 2017-8-4-18-00 ad_cedar seek sync ......nSeekTime:9259000
11-05 11:34:43.037 I/awplayer(14326): : audio render process reset message.
11-05 11:34:43.050 I/awplayer(14326): : audio render process start message.
11-05 11:34:43.054 D/MediaPlayerFactory(14326): Initialize getpersist = 0 value=
11-05 11:34:43.060 D/AudioFlinger( 270): Client defaulted notificationFrames to 2610 for frameCount 5220
11-05 11:34:43.065 D/AF::TrackHandle( 270): OpPlayAudio: track:138 usage:1 not muted
11-05 11:34:43.084 I/awplayer(14326): : isPlaying
11-05 11:34:43.093 I/DefaultIMS( 3502): onStartInput attribute=android.view.inputmethod.EditorInfo@9c62492 restarting=false inputType: 0
11-05 11:34:43.100 I/EffectsFactory( 248): EffectCreate() create_effect
11-05 11:34:43.103 E/EffectHalHidl( 270): Buffer provider callbacks are not supported
11-05 11:34:43.100 I/rainbow_flow(16996): type=1400 audit(0.0:2892): avc: denied { ioctl } for path="/dev/spidev1.0" dev="tmpfs" ino=1317 ioctlcmd=0x6b00 scontext=u:r:init:s0 tcontext=u:object_r:device:s0 tclass=chr_file permissive=1
11-05 11:34:43.113 I/awplayer(14326): : isPlaying
11-05 11:34:43.310 I/cedarc (14326): : This is HEVC main 10 profile bitstream.
11-05 11:34:43.310 I/cedarc (14326): : This is HEVC main 10 profile bitstream.
11-05 11:34:43.316 I/cedarc (14326): : Video Stream Information:
11-05 11:34:43.316 I/cedarc (14326): : codec = H265
11-05 11:34:43.316 I/cedarc (14326): : width = 3840 pixels
11-05 11:34:43.316 I/cedarc (14326): : height = 2160 pixels
11-05 11:34:43.316 I/cedarc (14326): : frame rate = 23976
11-05 11:34:43.316 I/cedarc (14326): : frame duration = 0 us
11-05 11:34:43.316 I/cedarc (14326): : aspect ratio = 0
11-05 11:34:43.316 I/cedarc (14326): : is 3D stream = no
11-05 11:34:43.316 I/cedarc (14326): : Video Stream Information:
11-05 11:34:43.316 I/cedarc (14326): : codec = H265
11-05 11:34:43.316 I/cedarc (14326): : width = 3840 pixels
11-05 11:34:43.316 I/cedarc (14326): : height = 2160 pixels
11-05 11:34:43.316 I/cedarc (14326): : frame rate = 23976
11-05 11:34:43.316 I/cedarc (14326): : frame duration = 0 us
11-05 11:34:43.316 I/cedarc (14326): : aspect ratio = 0
11-05 11:34:43.316 I/cedarc (14326): : is 3D stream = no
11-05 11:34:43.316 W/awplayer(14326): : do not need open deinterlace, video_size-3840x2160 > threshold_size-2048x1088! rate =23976!
11-05 11:34:43.317 I/gralloc ( 257): alloc buffer:W:64 H:64 S:64 PL[64 64] SZ:9280 fmt:522 if:0 af:842094169 usg:410960 fg:00000004
11-05 11:34:43.318 W/[Gralloc-Warning](14326): mali_gralloc_lock:288 Buffers with YUV compatible formats should be locked using GRALLOC1_FUNCTION_LOCK_FLEX. Requested format is:0x20a
11-05 11:34:43.320 I/gralloc ( 257): alloc buffer:W:64 H:64 S:64 PL[64 64] SZ:9280 fmt:522 if:0 af:842094169 usg:410960 fg:00000004
11-05 11:34:43.320 W/[Gralloc-Warning](14326): mali_gralloc_lock:288 Buffers with YUV compatible formats should be locked using GRALLOC1_FUNCTION_LOCK_FLEX. Requested format is:0x20a
11-05 11:34:43.324 I/gralloc ( 257): alloc buffer:W:64 H:64 S:64 PL[64 64] SZ:9280 fmt:522 if:0 af:842094169 usg:410960 fg:00000004
11-05 11:34:43.325 W/[Gralloc-Warning](14326): mali_gralloc_lock:288 Buffers with YUV compatible formats should be locked using GRALLOC1_FUNCTION_LOCK_FLEX. Requested format is:0x20a
11-05 11:34:43.327 I/gralloc ( 257): alloc buffer:W:64 H:64 S:64 PL[64 64] SZ:9280 fmt:522 if:0 af:842094169 usg:410960 fg:00000004
11-05 11:34:43.329 W/[Gralloc-Warning](14326): mali_gralloc_lock:288 Buffers with YUV compatible formats should be locked using GRALLOC1_FUNCTION_LOCK_FLEX. Requested format is:0x20a
11-05 11:34:43.330 I/gralloc ( 257): alloc buffer:W:64 H:64 S:64 PL[64 64] SZ:9280 fmt:522 if:0 af:842094169 usg:410960 fg:00000004
11-05 11:34:43.331 W/[Gralloc-Warning](14326): mali_gralloc_lock:288 Buffers with YUV compatible formats should be locked using GRALLOC1_FUNCTION_LOCK_FLEX. Requested format is:0x20a
11-05 11:34:43.333 I/gralloc ( 257): alloc buffer:W:64 H:64 S:64 PL[64 64] SZ:9280 fmt:522 if:0 af:842094169 usg:410960 fg:00000004
11-05 11:34:43.335 W/[Gralloc-Warning](14326): mali_gralloc_lock:288 Buffers with YUV compatible formats should be locked using GRALLOC1_FUNCTION_LOCK_FLEX. Requested format is:0x20a
11-05 11:34:43.337 I/gralloc ( 257): alloc buffer:W:64 H:64 S:64 PL[64 64] SZ:9280 fmt:522 if:0 af:842094169 usg:410960 fg:00000004
11-05 11:34:43.339 W/[Gralloc-Warning](14326): mali_gralloc_lock:288 Buffers with YUV compatible formats should be locked using GRALLOC1_FUNCTION_LOCK_FLEX. Requested format is:0x20a
11-05 11:34:43.342 I/gralloc ( 257): alloc buffer:W:64 H:64 S:64 PL[64 64] SZ:9280 fmt:522 if:0 af:842094169 usg:410960 fg:00000004
11-05 11:34:43.346 W/[Gralloc-Warning](14326): mali_gralloc_lock:288 Buffers with YUV compatible formats should be locked using GRALLOC1_FUNCTION_LOCK_FLEX. Requested format is:0x20a
11-05 11:34:43.347 I/gralloc ( 257): alloc buffer:W:64 H:64 S:64 PL[64 64] SZ:9280 fmt:522 if:0 af:842094169 usg:410960 fg:00000004
11-05 11:34:43.348 W/[Gralloc-Warning](14326): mali_gralloc_lock:288 Buffers with YUV compatible formats should be locked using GRALLOC1_FUNCTION_LOCK_FLEX. Requested format is:0x20a
11-05 11:34:43.368 W/awplayer(14326): <__SdStart:284>: Sound device already started.
11-05 11:34:43.378 I/gralloc ( 257): alloc buffer:W:64 H:64 S:64 PL[64 64] SZ:9280 fmt:522 if:0 af:842094169 usg:410960 fg:00000004
11-05 11:34:43.381 W/[Gralloc-Warning](14326): mali_gralloc_lock:288 Buffers with YUV compatible formats should be locked using GRALLOC1_FUNCTION_LOCK_FLEX. Requested format is:0x20a
11-05 11:34:43.646 I/AudioFlinger( 270): BUFFER TIMEOUT: remove(138) from active list on thread 0xf2ef8f00
11-05 11:34:43.684 D/AudioFlinger( 270): mixer(0xf2ef8f00) throttle end: throttle time(4)
11-05 11:34:43.796 I/gralloc ( 257): alloc buffer:W:3840 H:2160 S:3840 PL[3840 2160] SZ:28835680 fmt:522 if:0 af:842094169 usg:40410960 fg:00000004
11-05 11:34:43.798 W/[Gralloc-Warning](14326): mali_gralloc_lock:288 Buffers with YUV compatible formats should be locked using GRALLOC1_FUNCTION_LOCK_FLEX. Requested format is:0x20a
11-05 11:34:43.832 I/cedarc (14326): : Video Stream Information:
11-05 11:34:43.835 I/cedarc (14326): : codec = H265
11-05 11:34:43.837 I/cedarc (14326): : width = 3840 pixels
11-05 11:34:43.840 I/cedarc (14326): : height = 2160 pixels
11-05 11:34:43.841 I/cedarc (14326): : frame rate = 23976
11-05 11:34:43.841 I/cedarc (14326): : frame duration = 0 us
11-05 11:34:43.842 I/cedarc (14326): : aspect ratio = 0
11-05 11:34:43.842 I/cedarc (14326): : is 3D stream = no
11-05 11:34:43.862 I/gralloc ( 257): alloc buffer:W:3840 H:2160 S:3840 PL[3840 2160] SZ:28835680 fmt:522 if:0 af:842094169 usg:40410960 fg:00000004
11-05 11:34:43.877 W/[Gralloc-Warning](14326): mali_gralloc_lock:288 Buffers with YUV compatible formats should be locked using GRALLOC1_FUNCTION_LOCK_FLEX. Requested format is:0x20a
11-05 11:34:43.900 W/IorapForwardingService( 480): No service published for: iorapd
11-05 11:34:43.953 W/awplayer(14326): : submit ---audio--- stream data , pts is 10005.000 ms
11-05 11:34:43.979 W/awplayer(14326): : submit +++video+++ stream data , pts is 10052.000 ms
11-05 11:34:44.010 I/gralloc ( 257): alloc buffer:W:3840 H:2160 S:3840 PL[3840 2160] SZ:28835680 fmt:522 if:0 af:842094169 usg:40410960 fg:00000004
11-05 11:34:44.019 W/[Gralloc-Warning](14326): mali_gralloc_lock:288 Buffers with YUV compatible formats should be locked using GRALLOC1_FUNCTION_LOCK_FLEX. Requested format is:0x20a
11-05 11:34:44.075 I/gralloc ( 257): alloc buffer:W:3840 H:2160 S:3840 PL[3840 2160] SZ:28835680 fmt:522 if:0 af:842094169 usg:40410960 fg:00000004
11-05 11:34:44.089 W/[Gralloc-Warning](14326): mali_gralloc_lock:288 Buffers with YUV compatible formats should be locked using GRALLOC1_FUNCTION_LOCK_FLEX. Requested format is:0x20a
11-05 11:34:44.200 E/WifiHAL ( 663): wifi_get_link_stats: requestResponse Error:-5
11-05 11:34:44.202 E/WifiVendorHal( 480): getWifiLinkLayerStats_1_5_Internal(l.1191) failed {.code = ERROR_INVALID_ARGS, .description = }
11-05 11:34:44.207 E/lowmemorykiller( 179): /dev/memcg/memory.usage_in_bytes open: No such file or directory
11-05 11:34:44.209 E/libprocessgroup( 179): set_timerslack_ns write failed: No such process
11-05 11:34:44.210 I/lowmemorykiller( 179): Kill 'com.oranth.storage' (14661), uid 1000, oom_score_adj 800 to free 36220kB rss, 5376kb swap
11-05 11:34:44.210 I/lowmemorykiller( 179): Reclaimed 36220kB at oom_score_adj 800
11-05 11:34:44.261 I/lowmemorykiller( 179): 2 memory pressure events were skipped after a kill!
11-05 11:34:44.262 E/lowmemorykiller( 179): /dev/memcg/memory.usage_in_bytes open: No such file or directory
11-05 11:34:44.264 I/lowmemorykiller( 179): Kill 'com.oranth.ledstatus' (16004), uid 1000, oom_score_adj 800 to free 38400kB rss, 5368kb swap
11-05 11:34:44.264 I/lowmemorykiller( 179): Reclaimed 38400kB at oom_score_adj 800
11-05 11:34:44.266 I/libprocessgroup( 480): Successfully killed process cgroup uid 1000 pid 14661 in 0ms
11-05 11:34:44.267 I/ActivityManager( 480): Process com.oranth.storage (pid 14661) has died: svcb SVC
11-05 11:34:44.267 I/Zygote ( 243): Process 14661 exited due to signal 9 (Killed)
11-05 11:34:44.303 I/Zygote ( 243): Process 16004 exited due to signal 9 (Killed)
11-05 11:34:44.303 E/lowmemorykiller( 179): /dev/memcg/memory.usage_in_bytes open: No such file or directory
11-05 11:34:44.314 W/ActivityManager( 480): Scheduling restart of crashed service com.oranth.storage/.MainService in 1000ms for start-requested
11-05 11:34:44.327 I/gralloc ( 257): alloc buffer:W:3840 H:2160 S:3840 PL[3840 2160] SZ:28835680 fmt:522 if:0 af:842094169 usg:40410960 fg:00000004
11-05 11:34:44.332 W/[Gralloc-Warning](14326): mali_gralloc_lock:288 Buffers with YUV compatible formats should be locked using GRALLOC1_FUNCTION_LOCK_FLEX. Requested format is:0x20a
11-05 11:34:44.369 I/libprocessgroup( 480): Successfully killed process cgroup uid 1000 pid 16004 in 0ms
11-05 11:34:44.381 I/ActivityManager( 480): Process com.oranth.ledstatus (pid 16004) has died: svcb SVC
11-05 11:34:44.394 W/ActivityManager( 480): Scheduling restart of crashed service com.oranth.ledstatus/.LedStatusService in 10922ms for start-requested
11-05 11:34:44.487 I/gralloc ( 257): alloc buffer:W:3840 H:2160 S:3840 PL[3840 2160] SZ:28835680 fmt:522 if:0 af:842094169 usg:40410960 fg:00000004
11-05 11:34:44.496 W/[Gralloc-Warning](14326): mali_gralloc_lock:288 Buffers with YUV compatible formats should be locked using GRALLOC1_FUNCTION_LOCK_FLEX. Requested format is:0x20a
11-05 11:34:44.503 E/lowmemorykiller( 179): /dev/memcg/memory.usage_in_bytes open: No such file or directory
11-05 11:34:44.548 I/gralloc ( 257): alloc buffer:W:3840 H:2160 S:3840 PL[3840 2160] SZ:28835680 fmt:522 if:0 af:842094169 usg:40410960 fg:00000004
11-05 11:34:44.559 W/[Gralloc-Warning](14326): mali_gralloc_lock:288 Buffers with YUV compatible formats should be locked using GRALLOC1_FUNCTION_LOCK_FLEX. Requested format is:0x20a
11-05 11:34:44.683 I/gralloc ( 257): alloc buffer:W:3840 H:2160 S:3840 PL[3840 2160] SZ:28835680 fmt:522 if:0 af:842094169 usg:40410960 fg:00000004
11-05 11:34:44.693 W/[Gralloc-Warning](14326): mali_gralloc_lock:288 Buffers with YUV compatible formats should be locked using GRALLOC1_FUNCTION_LOCK_FLEX. Requested format is:0x20a
11-05 11:34:44.704 E/lowmemorykiller( 179): /dev/memcg/memory.usage_in_bytes open: No such file or directory
11-05 11:34:44.737 I/gralloc ( 257): alloc buffer:W:3840 H:2160 S:3840 PL[3840 2160] SZ:28835680 fmt:522 if:0 af:842094169 usg:40410960 fg:00000004
11-05 11:34:44.748 W/[Gralloc-Warning](14326): mali_gralloc_lock:288 Buffers with YUV compatible formats should be locked using GRALLOC1_FUNCTION_LOCK_FLEX. Requested format is:0x20a
11-05 11:34:44.753 W/awplayer(14326): : dequeue buffer fail, return value from dequeueBuffer_DEPRECATED() method is -38.
11-05 11:34:44.753 E/awplayer(14326): <__LayerDequeueBuffer:2079>: *** dequeueTheInitGpuBuffer failed
11-05 11:34:44.753 W/awplayer(14326): : *** dequeue buffer failed when set-buffer-to-decoder
11-05 11:34:44.753 I/awplayer(14326): : xxxxxxxxxx video size : width = 3840, height = 2160
11-05 11:34:44.754 W/MediaPlayerNative( 4556): info/warning (3, 0)
11-05 11:34:44.754 I/awplayer(14326): : isPlaying
11-05 11:34:44.759 W/AudioTrack(14326): restartIfDisabled(148): releaseBuffer() track 0xf4376400 disabled due to previous underrun, restarting
11-05 11:34:44.768 W/awplayer(14326): : message 0x40a not handled.
11-05 11:34:44.769 W/awplayer(14326): : sample rate change from 48000 to 48000.
11-05 11:34:44.769 W/awplayer(14326): : channel num change from 6 to 2.
11-05 11:34:44.769 W/awplayer(14326): : bitPerSample num change from 16 to 16.
11-05 11:34:44.769 W/awplayer(14326): : if need direct out put flag change from 0 to 1.
11-05 11:34:44.769 W/awplayer(14326): : data type change from 1 to 7.
11-05 11:34:44.770 W/awplayer(14326): : start sound devide again because samplaRate or channelNum change
11-05 11:34:44.775 W/ServiceUtilities( 270): doIsAllowed: Playback capture for uid 1013 is denied as no package name could be retrieved from the package manager.
11-05 11:34:44.776 I/AudioFlinger( 270): openOutput() this 0xf3273000, module 10 Device type:0x2,@:, SamplingRate 48000, Format 0xb000000, Channels 0x3, flags 0x1
11-05 11:34:44.777 D/audio_hw_primary( 248): adev_open_output_stream
11-05 11:34:44.777 V/audio_hw_primary( 248): adev_open_output_stream, flags: 1
11-05 11:34:44.777 D/audio_hw_primary( 248): config format 0xb000000 raw_flag 7
11-05 11:34:44.777 V/audio_hw_primary( 248): +++++++++++++++ adev_open_output_stream: req_sample_rate: 48000, fmt: b000000, channel_count: 3
11-05 11:34:44.780 I/AudioFlinger( 270): HAL output buffer size 2048 frames, normal sink buffer size 2048 frames
11-05 11:34:44.781 D/AudioFlinger( 270): Failed to add event callback
11-05 11:34:44.781 I/AudioFlinger( 270): AudioFlinger's thread 0xf2f55940 tid=17343 ready to run
11-05 11:34:44.782 D/AudioFlinger( 270): ro.audio.silent is ignored since no output device is set
11-05 11:34:44.783 D/audio_hw_primary( 248): out_standby
11-05 11:34:44.783 D/AudioFlinger( 270): ro.audio.silent is ignored since no output device is set
11-05 11:34:44.793 D/AudioFlinger( 270): Client defaulted notificationFrames to 2050 for frameCount 4100
11-05 11:34:44.795 D/AF::TrackHandle( 270): OpPlayAudio: not muting track:139 usage:1 for service UID 1013
11-05 11:34:44.836 W/displayd( 259): xxxxxxx: Rqeuest HDR output
11-05 11:34:44.842 W/[DISP] de_cdc_set_para,line( 384): 406:
11-05 11:34:44.848 V/audio_hw_primary( 248): adev_create_audio_patch num_sources: 1, num_sinks: 1
11-05 11:34:44.849 V/audio_hw_primary( 248): playback device: 2
11-05 11:34:44.875 D/audio_hw_primary( 248): start_output_stream out->format : 0x0b000000
11-05 11:34:44.876 E/audio_hw_primary( 248): adev->active_output(0xf7867000) format : 0 standby
11-05 11:34:44.881 V/audio_hw_primary( 248): start_output_stream, line: 1503
11-05 11:34:44.881 V/audio_hw_primary( 248): use AUDIO_HDMI to playback audio
11-05 11:34:44.881 D/audio_hw_primary( 248): card[HDMI_RAW] use hdmi pcm config, spr : 48000
11-05 11:34:44.881 D/audio_hw_primary( 248): open card=3, port=0
11-05 11:34:44.881 D/audio_hw_primary( 248): config:2 48000 2048 2 0 0 7 0
11-05 11:34:44.881 D/audio_hw_primary( 248): set_raw_flag(card=3, raw_flag=7)
11-05 11:34:44.882 D/audio_hw_primary( 248): set_raw_flag control_name = audio data format control_value DTS)
11-05 11:34:44.882 D/audio_hw_primary( 248): ahub use hdmi pcm config, hdmicard : 3, spr : 48000
11-05 11:34:44.842 W/ ( 384): hdr10p2sdr_mode =-1, 255, 8
11-05 11:34:44.886 I/ (17344): HDMI Audio Enable Successfully
11-05 11:34:44.903 W/IorapForwardingService( 480): No service published for: iorapd
11-05 11:34:44.905 E/lowmemorykiller( 179): /dev/memcg/memory.usage_in_bytes open: No such file or directory
11-05 11:34:44.908 V/audio_hw_primary( 248): do not use out resampler
11-05 11:34:45.020 I/gralloc ( 257): alloc buffer:W:3840 H:2160 S:3840 PL[3840 2160] SZ:28835680 fmt:522 if:0 af:842094169 usg:40410960 fg:00000004
11-05 11:34:45.033 W/[Gralloc-Warning](14326): mali_gralloc_lock:288 Buffers with YUV compatible formats should be locked using GRALLOC1_FUNCTION_LOCK_FLEX. Requested format is:0x20a
11-05 11:34:45.062 W/displayd( 259): xxxxxxx: Rqeuest HDR output
11-05 11:34:45.104 W/displayd( 259): xxxxxxx: Rqeuest HDR output
11-05 11:34:45.106 E/lowmemorykiller( 179): /dev/memcg/memory.usage_in_bytes open: No such file or directory
11-05 11:34:45.110 W/displayd( 259): xxxxxxx: Rqeuest HDR output
11-05 11:34:45.143 W/cedarc (14326): : hevc decoder drop one frame. poc: 134
11-05 11:34:45.161 W/displayd( 259): xxxxxxx: Rqeuest HDR output
11-05 11:34:45.211 W/displayd( 259): xxxxxxx: Rqeuest HDR output
11-05 11:34:45.220 W/cedarc (14326): : hevc decoder drop one frame. poc: 137
11-05 11:34:45.241 W/displayd( 259): xxxxxxx: Rqeuest HDR output
11-05 11:34:45.278 W/displayd( 259): xxxxxxx: Rqeuest HDR output
11-05 11:34:45.283 E/lowmemorykiller( 179): /dev/memcg/memory.usage_in_bytes open: No such file or directory
11-05 11:34:45.283 I/lowmemorykiller( 179): Reclaimed 0kB at oom_score_adj 800
11-05 11:34:45.283 I/lowmemorykiller( 179): Suppressed 5 failed kill reports
11-05 11:34:45.289 W/cedarc (14326): : hevc decoder drop one frame. poc: 140
11-05 11:34:45.312 W/displayd( 259): xxxxxxx: Rqeuest HDR output
11-05 11:34:45.333 I/ActivityManager( 480): com.oranth.storage is exempt from freezer
11-05 11:34:45.336 D/CompatibilityChangeReporter( 480): Compat change id reported: 135634846; UID 1000; state: DISABLED
11-05 11:34:45.342 W/displayd( 259): xxxxxxx: Rqeuest HDR output
11-05 11:34:45.353 W/ActivityManager( 480): Slow operation: 53ms so far, now at startProcess: done starting proc!
11-05 11:34:45.353 W/ActivityManager( 480): Slow operation: 52ms so far, now at startProcess: asking zygote to start proc
11-05 11:34:45.362 W/cedarc (14326): : hevc decoder drop one frame. poc: 143
11-05 11:34:45.363 I/cedarc (14326): : This is HEVC main 10 profile bitstream.
11-05 11:34:45.363 I/cedarc (14326): : This is HEVC main 10 profile bitstream.
11-05 11:34:45.377 W/displayd( 259): xxxxxxx: Rqeuest HDR output
11-05 11:34:45.389 D/Zygote ( 243): Forked child process 17345
11-05 11:34:45.393 W/ActivityManager( 480): Slow operation: 92ms so far, now at startProcess: returned from zygote!
11-05 11:34:45.399 W/ActivityManager( 480): Slow operation: 99ms so far, now at startProcess: done updating battery stats
11-05 11:34:45.418 I/Zygote (17345): seccomp disabled by setenforce 0
11-05 11:34:45.425 W/displayd( 259): xxxxxxx: Rqeuest HDR output
11-05 11:34:45.438 W/ActivityManager( 480): Slow operation: 130ms so far, now at startProcess: building log message
11-05 11:34:45.441 W/cedarc (14326): : hevc decoder drop one frame. poc: 146
11-05 11:34:45.444 I/ActivityManager( 480): app.processName = com.oranth.storage
11-05 11:34:45.445 I/ActivityManager( 480): Start proc 17345:com.oranth.storage/1000 for service {com.oranth.storage/com.oranth.storage.MainService}
11-05 11:34:45.446 W/ActivityManager( 480): Slow operation: 145ms so far, now at startProcess: starting to update pids map
11-05 11:34:45.447 W/ActivityManager( 480): Slow operation: 146ms so far, now at startProcess: done updating pids map
11-05 11:34:45.452 I/.oranth.storag(17345): Late-enabling -Xcheck:jni
11-05 11:34:45.461 W/displayd( 259): xxxxxxx: Rqeuest HDR output
11-05 11:34:45.484 E/lowmemorykiller( 179): /dev/memcg/memory.usage_in_bytes open: No such file or directory
11-05 11:34:45.511 W/displayd( 259): xxxxxxx: Rqeuest HDR output
11-05 11:34:45.518 W/cedarc (14326): : hevc decoder drop one frame. poc: 149
11-05 11:34:45.525 E/TaskPersister( 480): File error accessing recents directory (directory doesn't exist?).
11-05 11:34:45.543 W/displayd( 259): xxxxxxx: Rqeuest HDR output
11-05 11:34:45.576 W/displayd( 259): xxxxxxx: Rqeuest HDR output
11-05 11:34:45.598 W/cedarc (14326): : hevc decoder drop one frame. poc: 152
11-05 11:34:45.608 W/displayd( 259): xxxxxxx: Rqeuest HDR output
11-05 11:34:45.657 W/displayd( 259): xxxxxxx: Rqeuest HDR output
11-05 11:34:45.677 W/cedarc (14326): : hevc decoder drop one frame. poc: 155
11-05 11:34:45.691 W/displayd( 259): xxxxxxx: Rqeuest HDR output
11-05 11:34:45.691 I/adbd ( 393): jdwp connection from 17345
11-05 11:34:45.697 D/MediaPlayerFactory(14326): Initialize getpersist = 0 value=
11-05 11:34:45.742 W/displayd( 259): xxxxxxx: Rqeuest HDR output
11-05 11:34:45.766 W/cedarc (14326): : hevc decoder drop one frame. poc: 158
11-05 11:34:45.776 W/displayd( 259): xxxxxxx: Rqeuest HDR output
11-05 11:34:45.811 D/MediaPlayerFactory(14326): Initialize getpersist = 0 value=
11-05 11:34:45.823 W/displayd( 259): xxxxxxx: Rqeuest HDR output
11-05 11:34:45.841 W/cedarc (14326): : hevc decoder drop one frame. poc: 161
11-05 11:34:45.848 W/IsoInterface( 1056): Invalid box at 104962 of length 1565270122. End of parent 1333456896
11-05 11:34:45.859 W/displayd( 259): xxxxxxx: Rqeuest HDR output
11-05 11:34:45.885 D/MediaPlayerFactory(14326): Initialize getpersist = 0 value=
11-05 11:34:45.893 W/displayd( 259): xxxxxxx: Rqeuest HDR output
11-05 11:34:45.907 W/IorapForwardingService( 480): No service published for: iorapd
11-05 11:34:45.915 W/cedarc (14326): : hevc decoder drop one frame. poc: 164
11-05 11:34:45.915 I/cedarc (14326): : This is HEVC main 10 profile bitstream.
11-05 11:34:45.915 I/cedarc (14326): : This is HEVC main 10 profile bitstream.
11-05 11:34:45.941 W/displayd( 259): xxxxxxx: Rqeuest HDR output
11-05 11:34:45.974 W/displayd( 259): xxxxxxx: Rqeuest HDR output
11-05 11:34:45.980 W/cedarc (14326): : hevc decoder drop one frame. poc: 167
11-05 11:34:46.024 W/displayd( 259): xxxxxxx: Rqeuest HDR output
11-05 11:34:46.046 I/cedarc (14326): : stream buffer 0 ring back.
11-05 11:34:46.059 W/displayd( 259): xxxxxxx: Rqeuest HDR output
11-05 11:34:46.109 W/displayd( 259): xxxxxxx: Rqeuest HDR output
11-05 11:34:46.141 W/displayd( 259): xxxxxxx: Rqeuest HDR output
11-05 11:34:46.136 I/cling--ap-1( 3126): type=1400 audit(0.0:2893): avc: denied { search } for name="net" dev="sysfs" ino=10442 scontext=u:r:platform_app:s0:c512,c768 tcontext=u:object_r:sysfs_net:s0 tclass=dir permissive=1 app=com.dangbei.screencast
11-05 11:34:46.140 I/cling--ap-1( 3126): type=1400 audit(0.0:2894): avc: denied { read } for name="address" dev="sysfs" ino=16906 scontext=u:r:platform_app:s0:c512,c768 tcontext=u:object_r:sysfs_net:s0 tclass=file permissive=1 app=com.dangbei.screencast
11-05 11:34:46.140 I/cling--ap-1( 3126): type=1400 audit(0.0:2895): avc: denied { open } for path="/sys/devices/virtual/net/dummy0/address" dev="sysfs" ino=16906 scontext=u:r:platform_app:s0:c512,c768 tcontext=u:object_r:sysfs_net:s0 tclass=file permissive=1 app=com.dangbei.screencast
11-05 11:34:46.140 I/cling--ap-1( 3126): type=1400 audit(0.0:2896): avc: denied { getattr } for path="/sys/devices/virtual/net/dummy0/address" dev="sysfs" ino=16906 scontext=u:r:platform_app:s0:c512,c768 tcontext=u:object_r:sysfs_net:s0 tclass=file permissive=1 app=com.dangbei.screencast
11-05 11:34:46.168 W/MediaProvider( 1056): isAppCloneUserPair for user -1: false
11-05 11:34:46.172 I/cling--ap-1( 3126): type=1400 audit(0.0:2897): avc: denied { read } for name="address" dev="sysfs" ino=27443 scontext=u:r:platform_app:s0:c512,c768 tcontext=u:object_r:sysfs:s0 tclass=file permissive=1 app=com.dangbei.screencast
11-05 11:34:46.186 W/audit ( 3444): audit_lost=1183 audit_rate_limit=5 audit_backlog_limit=64
11-05 11:34:46.186 E/audit ( 3444): rate limit exceeded
11-05 11:34:46.176 I/cling--ap-1( 3126): type=1400 audit(0.0:2898): avc: denied { open } for path="/sys/devices/platform/unisoc_wifi/net/wlan1/address" dev="sysfs" ino=27443 scontext=u:r:platform_app:s0:c512,c768 tcontext=u:object_r:sysfs:s0 tclass=file permissive=1 app=com.dangbei.screencast
11-05 11:34:46.194 W/displayd( 259): xxxxxxx: Rqeuest HDR output
11-05 11:34:46.226 W/displayd( 259): xxxxxxx: Rqeuest HDR output
11-05 11:34:46.274 W/displayd( 259): xxxxxxx: Rqeuest HDR output
11-05 11:34:46.310 W/displayd( 259): xxxxxxx: Rqeuest HDR output
11-05 11:34:46.356 W/MediaProvider( 1056): isAppCloneUserPair for user -1: false
11-05 11:34:46.359 W/displayd( 259): xxxxxxx: Rqeuest HDR output
11-05 11:34:46.363 D/CompatibilityChangeReporter(17345): Compat change id reported: 171979766; UID 1000; state: ENABLED
11-05 11:34:46.393 W/displayd( 259): xxxxxxx: Rqeuest HDR output
11-05 11:34:46.404 W/MediaProvider( 1056): isAppCloneUserPair for user -1: false
11-05 11:34:46.442 W/displayd( 259): xxxxxxx: Rqeuest HDR output
11-05 11:34:46.454 W/MediaProvider( 1056): isAppCloneUserPair for user -1: false
11-05 11:34:46.475 W/displayd( 259): xxxxxxx: Rqeuest HDR output
11-05 11:34:46.505 W/MediaProvider( 1056): isAppCloneUserPair for user -1: false
11-05 11:34:46.526 W/displayd( 259): xxxxxxx: Rqeuest HDR output
11-05 11:34:46.560 W/displayd( 259): xxxxxxx: Rqeuest HDR output
11-05 11:34:46.589 W/MediaProvider( 1056): isAppCloneUserPair for user -1: false
11-05 11:34:46.610 W/displayd( 259): xxxxxxx: Rqeuest HDR output
11-05 11:34:46.620 I/cedarc (14326): : This is HEVC main 10 profile bitstream.
11-05 11:34:46.620 I/cedarc (14326): : This is HEVC main 10 profile bitstream.
11-05 11:34:46.633 V/GraphicsEnvironment(17345): ANGLE Developer option for 'com.oranth.storage' set to: 'default'
11-05 11:34:46.634 V/GraphicsEnvironment(17345): Neither updatable production driver nor prerelease driver is supported.
11-05 11:34:46.642 W/displayd( 259): xxxxxxx: Rqeuest HDR output
11-05 11:34:46.661 D/NetworkSecurityConfig(17345): No Network Security Config specified, using platform default
11-05 11:34:46.674 D/NetworkSecurityConfig(17345): No Network Security Config specified, using platform default
11-05 11:34:46.686 W/MediaProvider( 1056): isAppCloneUserPair for user -1: false
11-05 11:34:46.692 W/displayd( 259): xxxxxxx: Rqeuest HDR output
11-05 11:34:46.712 D/bbb (17345): onCreate()
11-05 11:34:46.715 D/CompatibilityChangeReporter(17345): Compat change id reported: 160794467; UID 1000; state: ENABLED
11-05 11:34:46.726 W/displayd( 259): xxxxxxx: Rqeuest HDR output
11-05 11:34:46.736 D/bbb (17345): onStartCommand begin !!!!!!! data分区剩余 25003MB
11-05 11:34:46.741 D/CompatibilityChangeReporter( 480): Compat change id reported: 171306433; UID 1000; state: ENABLED
11-05 11:34:46.774 W/displayd( 259): xxxxxxx: Rqeuest HDR output
11-05 11:34:46.799 W/MediaProvider( 1056): isAppCloneUserPair for user -1: false
11-05 11:34:46.807 W/displayd( 259): xxxxxxx: Rqeuest HDR output
11-05 11:34:46.857 W/displayd( 259): xxxxxxx: Rqeuest HDR output
11-05 11:34:46.874 W/MediaProvider( 1056): isAppCloneUserPair for user -1: false
11-05 11:34:46.893 W/displayd( 259): xxxxxxx: Rqeuest HDR output
11-05 11:34:46.913 W/IorapForwardingService( 480): No service published for: iorapd
11-05 11:34:46.943 W/displayd( 259): xxxxxxx: Rqeuest HDR output
11-05 11:34:46.968 W/MediaProvider( 1056): isAppCloneUserPair for user -1: false
11-05 11:34:46.976 W/displayd( 259): xxxxxxx: Rqeuest HDR output
11-05 11:34:47.025 W/displayd( 259): xxxxxxx: Rqeuest HDR output
11-05 11:34:47.051 W/MediaProvider( 1056): isAppCloneUserPair for user -1: false
11-05 11:34:47.058 W/displayd( 259): xxxxxxx: Rqeuest HDR output
11-05 11:34:47.110 W/displayd( 259): xxxxxxx: Rqeuest HDR output
11-05 11:34:47.125 W/MediaProvider( 1056): isAppCloneUserPair for user -1: false
11-05 11:34:47.142 W/displayd( 259): xxxxxxx: Rqeuest HDR output
11-05 11:34:47.194 W/displayd( 259): xxxxxxx: Rqeuest HDR output
11-05 11:34:47.226 W/displayd( 259): xxxxxxx: Rqeuest HDR output
11-05 11:34:47.242 E/WifiHAL ( 663): wifi_get_link_stats: requestResponse Error:-5
11-05 11:34:47.247 E/WifiVendorHal( 480): getWifiLinkLayerStats_1_5_Internal(l.1191) failed {.code = ERROR_INVALID_ARGS, .description = }
11-05 11:34:47.275 W/displayd( 259): xxxxxxx: Rqeuest HDR output
11-05 11:34:47.294 W/MediaProvider( 1056): isAppCloneUserPair for user -1: false
11-05 11:34:47.309 W/displayd( 259): xxxxxxx: Rqeuest HDR output
11-05 11:34:47.358 W/displayd( 259): xxxxxxx: Rqeuest HDR output
11-05 11:34:47.363 I/cedarc (14326): : This is HEVC main 10 profile bitstream.
11-05 11:34:47.365 I/cedarc (14326): : This is HEVC main 10 profile bitstream.
11-05 11:34:47.367 I/cedarc (14326): : This is HEVC main 10 profile bitstream.
11-05 11:34:47.367 I/cedarc (14326): : This is HEVC main 10 profile bitstream.
11-05 11:34:47.375 I/cedarc (14326): : This is HEVC main 10 profile bitstream.
11-05 11:34:47.375 I/cedarc (14326): : This is HEVC main 10 profile bitstream.
11-05 11:34:47.387 W/MediaProvider( 1056): isAppCloneUserPair for user -1: false
11-05 11:34:47.392 W/displayd( 259): xxxxxxx: Rqeuest HDR output
11-05 11:34:47.444 W/displayd( 259): xxxxxxx: Rqeuest HDR output
11-05 11:34:47.476 W/displayd( 259): xxxxxxx: Rqeuest HDR output
11-05 11:34:47.524 W/displayd( 259): xxxxxxx: Rqeuest HDR output
11-05 11:34:47.532 D/MediaPlayerFactory(14326): Initialize getpersist = 0 value=
11-05 11:34:47.559 W/displayd( 259): xxxxxxx: Rqeuest HDR output
11-05 11:34:47.607 W/displayd( 259): xxxxxxx: Rqeuest HDR output
11-05 11:34:47.643 W/displayd( 259): xxxxxxx: Rqeuest HDR output
11-05 11:34:47.659 D/MediaPlayerFactory(14326): Initialize getpersist = 0 value=
11-05 11:34:47.691 W/displayd( 259): xxxxxxx: Rqeuest HDR output
11-05 11:34:47.709 D/MediaPlayerFactory(14326): Initialize getpersist = 0 value=
11-05 11:34:47.726 W/displayd( 259): xxxxxxx: Rqeuest HDR output
11-05 11:34:47.753 D/MediaPlayerFactory(14326): Initialize getpersist = 0 value=
11-05 11:34:47.774 W/displayd( 259): xxxxxxx: Rqeuest HDR output
11-05 11:34:47.780 D/MediaPlayerFactory(14326): Initialize getpersist = 0 value=
11-05 11:34:47.808 W/displayd( 259): xxxxxxx: Rqeuest HDR output
11-05 11:34:47.818 D/MediaPlayerFactory(14326): Initialize getpersist = 0 value=
11-05 11:34:47.858 W/displayd( 259): xxxxxxx: Rqeuest HDR output
11-05 11:34:47.891 W/displayd( 259): xxxxxxx: Rqeuest HDR output
11-05 11:34:47.900 D/MediaPlayerFactory(14326): Initialize getpersist = 0 value=
11-05 11:34:47.908 I/efs-base( 3126): type=1400 audit(0.0:2904): avc: denied { getattr } for path="/data/user/0/com.dangbei.screencast/app_UApm/5fc60c21094d637f3130af19/ready" dev="mmcblk0p25" ino=2110 scontext=u:r:platform_app:s0:c512,c768 tcontext=u:object_r:app_data_file:s0:c512,c768 tclass=dir permissive=1 app=com.dangbei.screencast
11-05 11:34:47.919 W/IorapForwardingService( 480): No service published for: iorapd
11-05 11:34:47.940 W/displayd( 259): xxxxxxx: Rqeuest HDR output
11-05 11:34:47.960 E/awplayer(14326): <__FlacParserProbe:1096>: Flac probe failed.
11-05 11:34:47.961 E/awplayer(14326): <__CafParserProbe:567>: Caf probe failed.
11-05 11:34:47.961 E/awplayer(14326): <__G729ParserProbe:290>: g729 SYNC_WORD probe failed.
11-05 11:34:47.961 W/awplayer(14326): : audio probe fail!!!
11-05 11:34:47.961 I/awplayer(14326): <__AiffParserProbe:805>: wav probe failed.
11-05 11:34:47.989 W/displayd( 259): xxxxxxx: Rqeuest HDR output
11-05 11:34:48.025 W/displayd( 259): xxxxxxx: Rqeuest HDR output
11-05 11:34:48.061 D/MediaPlayerFactory(14326): Initialize getpersist = 0 value=
11-05 11:34:48.074 W/displayd( 259): xxxxxxx: Rqeuest HDR output
11-05 11:34:48.082 E/awplayer(14326): <__FlacParserProbe:1096>: Flac probe failed.
11-05 11:34:48.083 E/awplayer(14326): <__CafParserProbe:567>: Caf probe failed.
11-05 11:34:48.083 E/awplayer(14326): <__G729ParserProbe:290>: g729 SYNC_WORD probe failed.
11-05 11:34:48.083 W/awplayer(14326): : audio probe fail!!!
11-05 11:34:48.083 I/awplayer(14326): <__AiffParserProbe:805>: wav probe failed.
11-05 11:34:48.108 W/displayd( 259): xxxxxxx: Rqeuest HDR output
11-05 11:34:48.156 W/displayd( 259): xxxxxxx: Rqeuest HDR output
11-05 11:34:48.167 I/FuseDaemon( 1056): Threshold exceeded - fadvising 67366912
11-05 11:34:48.168 D/MediaPlayerFactory(14326): Initialize getpersist = 0 value=
11-05 11:34:48.191 W/displayd( 259): xxxxxxx: Rqeuest HDR output
11-05 11:34:48.233 I/cedarc (14326): : This is HEVC main 10 profile bitstream.
11-05 11:34:48.234 I/FuseDaemon( 1056): Threshold now 0
11-05 11:34:48.234 I/cedarc (14326): : This is HEVC main 10 profile bitstream.
11-05 11:34:48.234 I/cedarc (14326): : This is HEVC main 10 profile bitstream.
11-05 11:34:48.234 I/cedarc (14326): : This is HEVC main 10 profile bitstream.
11-05 11:34:48.241 W/displayd( 259): xxxxxxx: Rqeuest HDR output
11-05 11:34:48.254 I/cedarc (14326): : This is HEVC main 10 profile bitstream.
11-05 11:34:48.254 I/cedarc (14326): : This is HEVC main 10 profile bitstream.
11-05 11:34:48.274 W/displayd( 259): xxxxxxx: Rqeuest HDR output
11-05 11:34:48.323 W/displayd( 259): xxxxxxx: Rqeuest HDR output
11-05 11:34:48.359 W/displayd( 259): xxxxxxx: Rqeuest HDR output
11-05 11:34:48.407 W/displayd( 259): xxxxxxx: Rqeuest HDR output
11-05 11:34:48.441 W/displayd( 259): xxxxxxx: Rqeuest HDR output
11-05 11:34:48.467 I/cedarc (14326): : stream buffer 0 ring back.
11-05 11:34:48.490 W/displayd( 259): xxxxxxx: Rqeuest HDR output
11-05 11:34:48.524 W/displayd( 259): xxxxxxx: Rqeuest HDR output
11-05 11:34:48.565 D/MediaPlayerFactory(14326): Initialize getpersist = 0 value=
11-05 11:34:48.573 W/displayd( 259): xxxxxxx: Rqeuest HDR output
11-05 11:34:48.606 W/WindowManager( 480): removeWindowToken: Attempted to remove non-existing token: android.os.Binder@5dca221
11-05 11:34:48.608 W/displayd( 259): xxxxxxx: Rqeuest HDR output
11-05 11:34:48.656 W/displayd( 259): xxxxxxx: Rqeuest HDR output
11-05 11:34:48.691 W/displayd( 259): xxxxxxx: Rqeuest HDR output
11-05 11:34:48.739 W/displayd( 259): xxxxxxx: Rqeuest HDR output
11-05 11:34:48.774 W/displayd( 259): xxxxxxx: Rqeuest HDR output
11-05 11:34:48.823 W/displayd( 259): xxxxxxx: Rqeuest HDR output
11-05 11:34:48.858 W/displayd( 259): xxxxxxx: Rqeuest HDR output
11-05 11:34:48.906 W/displayd( 259): xxxxxxx: Rqeuest HDR output
11-05 11:34:48.923 W/IorapForwardingService( 480): No service published for: iorapd
11-05 11:34:48.941 W/displayd( 259): xxxxxxx: Rqeuest HDR output
11-05 11:34:48.989 W/displayd( 259): xxxxxxx: Rqeuest HDR output
11-05 11:34:49.025 W/displayd( 259): xxxxxxx: Rqeuest HDR output
11-05 11:34:49.029 I/BLEAudioDrive_HV410( 248): data len: 9 1
11-05 11:34:49.030 D/TvWindowManager( 480): key event key = KEYCODE_BACK down = true
11-05 11:34:49.036 D/GpioService( 480): mFlickerEnable = true
11-05 11:34:49.073 W/displayd( 259): xxxxxxx: Rqeuest HDR output
11-05 11:34:49.104 I/BLEAudioDrive_HV410( 248): data len: 9 1
11-05 11:34:49.104 I/BLEAudioDrive_HV410( 248): keyboard stop
11-05 11:34:49.104 D/TvWindowManager( 480): key event key = KEYCODE_BACK down = false
11-05 11:34:49.108 W/displayd( 259): xxxxxxx: Rqeuest HDR output
11-05 11:34:49.117 D/AutofillManagerService( 480): onBackKeyPressed()
11-05 11:34:49.118 I/cedarc (14326): : This is HEVC main 10 profile bitstream.
11-05 11:34:49.118 I/cedarc (14326): : This is HEVC main 10 profile bitstream.
11-05 11:34:49.120 I/cedarc (14326): : This is HEVC main 10 profile bitstream.
11-05 11:34:49.121 I/cedarc (14326): : This is HEVC main 10 profile bitstream.
11-05 11:34:49.126 I/BLEAudioDrive_HV410( 248): data len: 9 1
11-05 11:34:49.127 D/TvWindowManager( 480): key event key = KEYCODE_BACK down = true
11-05 11:34:49.149 I/BLEAudioDrive_HV410( 248): data len: 9 1
11-05 11:34:49.149 I/BLEAudioDrive_HV410( 248): keyboard stop
11-05 11:34:49.149 D/TvWindowManager( 480): key event key = KEYCODE_BACK down = false
11-05 11:34:49.151 D/AutofillManagerService( 480): onBackKeyPressed()
11-05 11:34:49.157 W/displayd( 259): xxxxxxx: Rqeuest HDR output
11-05 11:34:49.181 D/GpioService( 480): mFlickerEnable = true
11-05 11:34:49.184 I/SogouIME( 3502): onKeyDown: keyoCode=4
11-05 11:34:49.185 I/DefaultIMS( 3502): onKeyDown: keyoCode=4
11-05 11:34:49.192 W/displayd( 259): xxxxxxx: Rqeuest HDR output
11-05 11:34:49.199 D/GpioService( 480): mFlickerEnable = true
11-05 11:34:49.231 I/SogouIME( 3502): onKeyUp: keyoCode=4
11-05 11:34:49.231 I/DefaultIMS( 3502): onKeyUp: keyoCode=4
11-05 11:34:49.231 I/NotificationService( 480): cancelToast pkg=com.dangbei.lerad.videoposter token=android.os.BinderProxy@4799b2c
11-05 11:34:49.231 W/NotificationService( 480): Toast already cancelled. pkg=com.dangbei.lerad.videoposter token=android.os.BinderProxy@4799b2c
11-05 11:34:49.241 W/displayd( 259): xxxxxxx: Rqeuest HDR output
11-05 11:34:49.253 I/SogouIME( 3502): onKeyDown: keyoCode=4
11-05 11:34:49.253 I/DefaultIMS( 3502): onKeyDown: keyoCode=4
11-05 11:34:49.259 W/displayd( 259): xxxxxxx: Rqeuest HDR output
11-05 11:34:49.274 I/gralloc ( 257): alloc buffer:W:240 H:75 S:240 PL[240 75] SZ:72000 fmt:1 if:0 af:1 usg:20000b00 fg:00000004
11-05 11:34:49.276 W/displayd( 259): xxxxxxx: Rqeuest HDR output
11-05 11:34:49.277 I/gralloc ( 257): alloc buffer:W:240 H:75 S:240 PL[240 75] SZ:72000 fmt:1 if:0 af:1 usg:20000b00 fg:00000004
11-05 11:34:49.282 I/gralloc ( 257): alloc buffer:W:240 H:75 S:240 PL[240 75] SZ:72000 fmt:1 if:0 af:1 usg:20000b00 fg:00000004
11-05 11:34:49.292 W/displayd( 259): xxxxxxx: Rqeuest HDR output
11-05 11:34:49.323 W/displayd( 259): xxxxxxx: Rqeuest HDR output
11-05 11:34:49.357 W/displayd( 259): xxxxxxx: Rqeuest HDR output
11-05 11:34:49.406 W/displayd( 259): xxxxxxx: Rqeuest HDR output
11-05 11:34:49.440 W/displayd( 259): xxxxxxx: Rqeuest HDR output
11-05 11:34:49.490 W/displayd( 259): xxxxxxx: Rqeuest HDR output
11-05 11:34:49.524 W/displayd( 259): xxxxxxx: Rqeuest HDR output
11-05 11:34:49.573 W/displayd( 259): xxxxxxx: Rqeuest HDR output
11-05 11:34:49.608 W/displayd( 259): xxxxxxx: Rqeuest HDR output
11-05 11:34:49.656 W/displayd( 259): xxxxxxx: Rqeuest HDR output
11-05 11:34:49.691 W/displayd( 259): xxxxxxx: Rqeuest HDR output
11-05 11:34:49.740 W/displayd( 259): xxxxxxx: Rqeuest HDR output
11-05 11:34:49.753 W/InputDispatcher( 480): Dispatching key to 85c0dbe com.dangbei.lerad.videoposter/com.dangbei.leradplayer.activity.PlayerActivity even though there are other unprocessed events
11-05 11:34:49.774 W/displayd( 259): xxxxxxx: Rqeuest HDR output
11-05 11:34:49.823 W/displayd( 259): xxxxxxx: Rqeuest HDR output
11-05 11:34:49.858 W/displayd( 259): xxxxxxx: Rqeuest HDR output
11-05 11:34:49.906 W/displayd( 259): xxxxxxx: Rqeuest HDR output
11-05 11:34:49.926 W/IorapForwardingService( 480): No service published for: iorapd
11-05 11:34:49.941 W/displayd( 259): xxxxxxx: Rqeuest HDR output
11-05 11:34:49.980 I/cedarc (14326): : This is HEVC main 10 profile bitstream.
11-05 11:34:49.981 I/cedarc (14326): : This is HEVC main 10 profile bitstream.
11-05 11:34:49.990 W/displayd( 259): xxxxxxx: Rqeuest HDR output
11-05 11:34:50.001 I/cedarc (14326): : This is HEVC main 10 profile bitstream.
11-05 11:34:50.001 I/cedarc (14326): : This is HEVC main 10 profile bitstream.
11-05 11:34:50.004 I/cedarc (14326): : This is HEVC main 10 profile bitstream.
11-05 11:34:50.004 I/cedarc (14326): : This is HEVC main 10 profile bitstream.
11-05 11:34:50.024 W/displayd( 259): xxxxxxx: Rqeuest HDR output
11-05 11:34:50.073 W/displayd( 259): xxxxxxx: Rqeuest HDR output
11-05 11:34:50.107 W/displayd( 259): xxxxxxx: Rqeuest HDR output
11-05 11:34:50.156 W/displayd( 259): xxxxxxx: Rqeuest HDR output
11-05 11:34:50.191 W/displayd( 259): xxxxxxx: Rqeuest HDR output
11-05 11:34:50.239 W/displayd( 259): xxxxxxx: Rqeuest HDR output
11-05 11:34:50.274 W/displayd( 259): xxxxxxx: Rqeuest HDR output
11-05 11:34:50.279 E/WifiHAL ( 663): wifi_get_link_stats: requestResponse Error:-5
11-05 11:34:50.281 E/WifiVendorHal( 480): getWifiLinkLayerStats_1_5_Internal(l.1191) failed {.code = ERROR_INVALID_ARGS, .description = }
11-05 11:34:50.323 W/displayd( 259): xxxxxxx: Rqeuest HDR output
11-05 11:34:50.359 W/displayd( 259): xxxxxxx: Rqeuest HDR output
11-05 11:34:50.406 W/displayd( 259): xxxxxxx: Rqeuest HDR output
11-05 11:34:50.440 W/displayd( 259): xxxxxxx: Rqeuest HDR output
11-05 11:34:50.489 W/displayd( 259): xxxxxxx: Rqeuest HDR output
11-05 11:34:50.524 W/displayd( 259): xxxxxxx: Rqeuest HDR output
11-05 11:34:50.532 I/BLEAudioDrive_HV410( 248): data len: 9 1
11-05 11:34:50.532 D/TvWindowManager( 480): key event key = KEYCODE_BACK down = true
11-05 11:34:50.536 D/GpioService( 480): mFlickerEnable = true
11-05 11:34:50.573 W/displayd( 259): xxxxxxx: Rqeuest HDR output
11-05 11:34:50.607 W/displayd( 259): xxxxxxx: Rqeuest HDR output
11-05 11:34:50.644 I/BLEAudioDrive_HV410( 248): data len: 9 1
11-05 11:34:50.645 I/BLEAudioDrive_HV410( 248): keyboard stop
11-05 11:34:50.645 D/TvWindowManager( 480): key event key = KEYCODE_BACK down = false
11-05 11:34:50.646 D/AutofillManagerService( 480): onBackKeyPressed()
11-05 11:34:50.656 W/displayd( 259): xxxxxxx: Rqeuest HDR output
11-05 11:34:50.683 D/GpioService( 480): mFlickerEnable = true
11-05 11:34:50.691 W/displayd( 259): xxxxxxx: Rqeuest HDR output
11-05 11:34:50.739 W/displayd( 259): xxxxxxx: Rqeuest HDR output
11-05 11:34:50.774 W/displayd( 259): xxxxxxx: Rqeuest HDR output
11-05 11:34:50.823 W/displayd( 259): xxxxxxx: Rqeuest HDR output
11-05 11:34:50.857 W/displayd( 259): xxxxxxx: Rqeuest HDR output
11-05 11:34:50.865 I/cedarc (14326): : This is HEVC main 10 profile bitstream.
11-05 11:34:50.865 I/cedarc (14326): : This is HEVC main 10 profile bitstream.
11-05 11:34:50.870 I/cedarc (14326): : This is HEVC main 10 profile bitstream.
11-05 11:34:50.870 I/cedarc (14326): : This is HEVC main 10 profile bitstream.
11-05 11:34:50.906 W/displayd( 259): xxxxxxx: Rqeuest HDR output
