11-05 11:34:50.929 W/IorapForwardingService( 480): No service published for: iorapd
11-05 11:34:50.941 W/displayd( 259): xxxxxxx: Rqeuest HDR output
11-05 11:34:50.991 W/displayd( 259): xxxxxxx: Rqeuest HDR output
11-05 11:34:51.024 W/displayd( 259): xxxxxxx: Rqeuest HDR output
11-05 11:34:51.073 W/displayd( 259): xxxxxxx: Rqeuest HDR output
11-05 11:34:51.107 W/displayd( 259): xxxxxxx: Rqeuest HDR output
11-05 11:34:51.157 W/displayd( 259): xxxxxxx: Rqeuest HDR output
11-05 11:34:51.184 W/InputDispatcher( 480): Dispatching key to 85c0dbe com.dangbei.lerad.videoposter/com.dangbei.leradplayer.activity.PlayerActivity even though there are other unprocessed events
11-05 11:34:51.191 W/displayd( 259): xxxxxxx: Rqeuest HDR output
11-05 11:34:51.241 W/displayd( 259): xxxxxxx: Rqeuest HDR output
11-05 11:34:51.257 W/displayd( 259): xxxxxxx: Rqeuest HDR output
11-05 11:34:51.274 W/displayd( 259): xxxxxxx: Rqeuest HDR output
11-05 11:34:51.292 W/displayd( 259): xxxxxxx: Rqeuest HDR output
11-05 11:34:51.307 W/displayd( 259): xxxxxxx: Rqeuest HDR output
11-05 11:34:51.324 W/displayd( 259): xxxxxxx: Rqeuest HDR output
11-05 11:34:51.340 W/displayd( 259): xxxxxxx: Rqeuest HDR output
11-05 11:34:51.358 W/displayd( 259): xxxxxxx: Rqeuest HDR output
11-05 11:34:51.365 I/BLEAudioDrive_HV410( 248): data len: 9 1
11-05 11:34:51.365 D/TvWindowManager( 480): key event key = KEYCODE_BACK down = true
11-05 11:34:51.375 W/displayd( 259): xxxxxxx: Rqeuest HDR output
11-05 11:34:51.392 W/displayd( 259): xxxxxxx: Rqeuest HDR output
11-05 11:34:51.393 D/AudioMixer( 270): previous float ramp hasn't finished, prev:1.000000 set_to:0.000000
11-05 11:34:51.393 D/AudioMixer( 270): previous float ramp hasn't finished, prev:1.000000 set_to:0.000000
11-05 11:34:51.409 W/displayd( 259): xxxxxxx: Rqeuest HDR output
11-05 11:34:51.424 W/displayd( 259): xxxxxxx: Rqeuest HDR output
11-05 11:34:51.441 W/displayd( 259): xxxxxxx: Rqeuest HDR output
11-05 11:34:51.457 W/displayd( 259): xxxxxxx: Rqeuest HDR output
11-05 11:34:51.475 W/displayd( 259): xxxxxxx: Rqeuest HDR output
11-05 11:34:51.491 W/displayd( 259): xxxxxxx: Rqeuest HDR output
11-05 11:34:51.507 W/displayd( 259): xxxxxxx: Rqeuest HDR output
11-05 11:34:51.524 W/displayd( 259): xxxxxxx: Rqeuest HDR output
11-05 11:34:51.533 I/BLEAudioDrive_HV410( 248): data len: 9 1
11-05 11:34:51.533 I/BLEAudioDrive_HV410( 248): keyboard stop
11-05 11:34:51.534 D/TvWindowManager( 480): key event key = KEYCODE_BACK down = false
11-05 11:34:51.534 D/AutofillManagerService( 480): onBackKeyPressed()
11-05 11:34:51.540 W/displayd( 259): xxxxxxx: Rqeuest HDR output
11-05 11:34:51.557 W/displayd( 259): xxxxxxx: Rqeuest HDR output
11-05 11:34:51.574 W/displayd( 259): xxxxxxx: Rqeuest HDR output
11-05 11:34:51.590 W/displayd( 259): xxxxxxx: Rqeuest HDR output
11-05 11:34:51.607 W/displayd( 259): xxxxxxx: Rqeuest HDR output
11-05 11:34:51.609 D/hdmi-cec( 265): receive invalid cec message!
11-05 11:34:51.610 D/hdmi-cec( 265): receive poll message [04], skip!
11-05 11:34:51.624 W/displayd( 259): xxxxxxx: Rqeuest HDR output
11-05 11:34:51.640 W/displayd( 259): xxxxxxx: Rqeuest HDR output
11-05 11:34:51.657 W/displayd( 259): xxxxxxx: Rqeuest HDR output
11-05 11:34:51.675 W/displayd( 259): xxxxxxx: Rqeuest HDR output
11-05 11:34:51.687 W/InputDispatcher( 480): Dispatching key to 85c0dbe com.dangbei.lerad.videoposter/com.dangbei.leradplayer.activity.PlayerActivity even though there are other unprocessed events
11-05 11:34:51.689 D/GpioService( 480): mFlickerEnable = true
11-05 11:34:51.691 W/displayd( 259): xxxxxxx: Rqeuest HDR output
11-05 11:34:51.708 W/displayd( 259): xxxxxxx: Rqeuest HDR output
11-05 11:34:51.724 W/displayd( 259): xxxxxxx: Rqeuest HDR output
11-05 11:34:51.742 W/displayd( 259): xxxxxxx: Rqeuest HDR output
11-05 11:34:51.758 W/displayd( 259): xxxxxxx: Rqeuest HDR output
11-05 11:34:51.773 W/displayd( 259): xxxxxxx: Rqeuest HDR output
11-05 11:34:51.868 I/awplayer(14326): : audio render process stop message.
11-05 11:34:51.874 D/AllwinnerAlibs(14326): ver : 2017-8-4-18-00 ----dlclose so success!
11-05 11:34:51.908 E/BufferQueueProducer( 4556): [SurfaceView[com.dangbei.lerad.videoposter/com.dangbei.leradplayer.activity.PlayerActivity]#162(BLAST Consumer)162](id:11cc000000a2,api:3,p:14326,c:4556) connect: already connected (cur=3 req=3)
11-05 11:34:51.913 W/awplayer(14326): : Sound device already stopped.
11-05 11:34:51.928 I/cedarc (14326): : DestroyVideoDecoder, pDecoder=0xf466b380
11-05 11:34:51.930 W/IorapForwardingService( 480): No service published for: iorapd
11-05 11:34:51.954 I/cedarc (14326): : not malloc locks
11-05 11:34:51.959 V/MediaPlayer( 4556): resetDrmState: mDrmInfo=null mDrmProvisioningThread=null mPrepareDrmInProgress=false mActiveDrmScheme=false
11-05 11:34:51.959 V/MediaPlayer( 4556): cleanDrmObj: mDrmObj=null mDrmSessionId=null
11-05 11:34:51.961 W/awplayer(14326): : reset...
11-05 11:34:51.978 D/SurfaceUtils(14326): disconnecting from surface 0xf4676808, reason disconnectNativeWindow
11-05 11:34:51.978 E/BufferQueueProducer( 4556): [SurfaceView[com.dangbei.lerad.videoposter/com.dangbei.leradplayer.activity.PlayerActivity]#162(BLAST Consumer)162](id:11cc000000a2,api:0,p:-1,c:4556) disconnect: not connected (req=3)
11-05 11:34:51.978 E/SurfaceUtils(14326): Failed to disconnect from surface 0xf4676808, err -19
11-05 11:34:51.978 W/MediaPlayerService(14326): nativeWindowDisconnect returned an error: No such device (-19)
11-05 11:34:51.978 W/awplayer(14326): : XPlayerDestroy
11-05 11:34:51.978 W/awplayer(14326): : reset...
11-05 11:34:51.979 I/cedarc (14326): : not malloc locks
11-05 11:34:51.979 D/RefBase (14326): RefBase: Explicit destruction, weak count = 0 (in 0xf48ad900)
11-05 11:34:51.979 W/RefBase (14326): CallStack::getCurrentInternal not linked, returning null
11-05 11:34:51.979 W/RefBase (14326): CallStack::logStackInternal not linked
11-05 11:34:52.011 D/audio_hw_primary( 248): adev_release_audio_patch
11-05 11:34:52.013 D/audio_hw_primary( 248): out_standby
11-05 11:34:52.014 D/audio_hw_primary( 248): start_output_stream out->format : 0x00000000
11-05 11:34:52.014 V/audio_hw_primary( 248): start_output_stream, line: 1503
11-05 11:34:52.014 V/audio_hw_primary( 248): use AUDIO_HDMI to playback audio
11-05 11:34:52.014 D/audio_hw_primary( 248): open card=3, port=0
11-05 11:34:52.014 D/audio_hw_primary( 248): config:2 44100 960 2 0 5760 1 0
11-05 11:34:52.014 D/audio_hw_primary( 248): set_raw_flag(card=3, raw_flag=1)
11-05 11:34:52.015 D/audio_hw_primary( 248): set_raw_flag control_name = audio data format control_value PCM)
11-05 11:34:52.016 V/audio_hw_primary( 248): do not use out resampler
11-05 11:34:52.019 I/ ( 4844): HDMI Audio Enable Successfully
11-05 11:34:52.018 D/AudioFlinger( 270): ro.audio.silent is ignored since no output device is set
11-05 11:34:52.019 V/audio_hw_primary( 248): out_set_parameters: closing=true
11-05 11:34:52.027 V/audio_hw_primary( 248): out_set_parameters: exiting=1
11-05 11:34:52.028 E/AudioFlinger( 270): Error when setting parameters on exit: -61
11-05 11:34:52.029 D/audio_hw_primary( 248): out_standby
11-05 11:34:52.039 D/AudioFlinger( 270): mixer(0xf2ef8f00) throttle end: throttle time(9)
11-05 11:34:52.044 I/InputDispatcher( 480): 85c0dbe com.dangbei.lerad.videoposter/com.dangbei.leradplayer.activity.PlayerActivity (server) spent 2792ms processing KeyEvent(deviceId=4, eventTime=5853060200000, source=0x00000101, displayId=-1, action=DOWN, flags=0x00000008, keyCode=4, scanCode=1, metaState=0x00000000, repeatCount=0), policyFlags=0x62000001
11-05 11:34:52.044 I/Choreographer( 4556): Skipped 166 frames! The application may be doing too much work on its main thread.
11-05 11:34:52.046 I/SogouIME( 3502): onKeyUp: keyoCode=4
11-05 11:34:52.046 I/DefaultIMS( 3502): onKeyUp: keyoCode=4
11-05 11:34:52.048 I/SogouIME( 3502): onKeyDown: keyoCode=4
11-05 11:34:52.048 I/DefaultIMS( 3502): onKeyDown: keyoCode=4
11-05 11:34:52.049 I/SogouIME( 3502): onKeyUp: keyoCode=4
11-05 11:34:52.049 I/DefaultIMS( 3502): onKeyUp: keyoCode=4
11-05 11:34:52.055 I/InputDispatcher( 480): 85c0dbe com.dangbei.lerad.videoposter/com.dangbei.leradplayer.activity.PlayerActivity (server) spent 2301ms processing KeyEvent(deviceId=4, eventTime=5853082787000, source=0x00000101, displayId=-1, action=UP, flags=0x00000008, keyCode=4, scanCode=1, metaState=0x00000000, repeatCount=0), policyFlags=0x62000000
11-05 11:34:52.087 I/SogouIME( 3502): onKeyDown: keyoCode=4
11-05 11:34:52.087 I/DefaultIMS( 3502): onKeyDown: keyoCode=4
11-05 11:34:52.096 W/InputManager-JNI( 480): Input channel object '1081dfc Toast (client)' was disposed without first being removed with the input manager!
11-05 11:34:52.129 W/NotificationService( 480): Toast already killed. pkg=com.dangbei.lerad.videoposter token=android.os.BinderProxy@76ece8a
11-05 11:34:52.151 I/SogouIME( 3502): onKeyUp: keyoCode=4
11-05 11:34:52.151 I/DefaultIMS( 3502): onKeyUp: keyoCode=4
11-05 11:34:52.156 I/gralloc ( 257): alloc buffer:W:1920 H:1080 S:1920 PL[1920 1080] SZ:8294400 fmt:1 if:0 af:1 usg:b66 fg:00000004
11-05 11:34:52.190 I/BpBinder( 278): onLastStrongRef automatically unlinking death recipients:
11-05 11:34:52.192 W/ActivityTaskManager( 480): Finishing task with all activities already finished
11-05 11:34:52.197 W/ActivityTaskManager( 480): Duplicate finish request for r=ActivityRecord{6cfc536 u0 com.dangbei.lerad.videoposter/com.dangbei.leradplayer.activity.PlayerActivity t55 f}}
11-05 11:34:52.199 W/ActivityTaskManager( 480): Finishing task with all activities already finished
11-05 11:34:52.199 W/ActivityTaskManager( 480): Duplicate finish request for r=ActivityRecord{6cfc536 u0 com.dangbei.lerad.videoposter/com.dangbei.leradplayer.activity.PlayerActivity t55 f}}
11-05 11:34:52.203 W/System.err( 4556): java.lang.Exception: you should init first
11-05 11:34:52.204 W/System.err( 4556): at com.dangbei.alps.AlpsManager.check(AlpsManager.java:315)
11-05 11:34:52.204 W/System.err( 4556): at com.dangbei.alps.AlpsManager.onPause(AlpsManager.java:247)
11-05 11:34:52.204 W/System.err( 4556): at com.dangbei.leradplayer.activity.PlayerActivity.onPause(PlayerActivity.java:676)
11-05 11:34:52.204 W/System.err( 4556): at android.app.Activity.performPause(Activity.java:8234)
11-05 11:34:52.204 W/System.err( 4556): at android.app.Instrumentation.callActivityOnPause(Instrumentation.java:1530)
11-05 11:34:52.204 W/System.err( 4556): at android.app.ActivityThread.performPauseActivityIfNeeded(ActivityThread.java:5031)
11-05 11:34:52.204 W/System.err( 4556): at android.app.ActivityThread.performPauseActivity(ActivityThread.java:4992)
11-05 11:34:52.204 W/System.err( 4556): at android.app.ActivityThread.handlePauseActivity(ActivityThread.java:4944)
11-05 11:34:52.204 W/System.err( 4556): at android.app.servertransaction.PauseActivityItem.execute(PauseActivityItem.java:47)
11-05 11:34:52.204 W/System.err( 4556): at android.app.servertransaction.ActivityTransactionItem.execute(ActivityTransactionItem.java:45)
11-05 11:34:52.204 W/System.err( 4556): at android.app.servertransaction.TransactionExecutor.executeLifecycleState(TransactionExecutor.java:176)
11-05 11:34:52.204 W/System.err( 4556): at android.app.servertransaction.TransactionExecutor.execute(TransactionExecutor.java:97)
11-05 11:34:52.204 W/System.err( 4556): at android.app.ActivityThread$H.handleMessage(ActivityThread.java:2210)
11-05 11:34:52.204 W/System.err( 4556): at android.os.Handler.dispatchMessage(Handler.java:106)
11-05 11:34:52.204 W/System.err( 4556): at android.os.Looper.loopOnce(Looper.java:201)
11-05 11:34:52.205 W/System.err( 4556): at android.os.Looper.loop(Looper.java:288)
11-05 11:34:52.205 W/System.err( 4556): at android.app.ActivityThread.main(ActivityThread.java:7854)
11-05 11:34:52.205 W/System.err( 4556): at java.lang.reflect.Method.invoke(Native Method)
11-05 11:34:52.205 W/System.err( 4556): at com.android.internal.os.RuntimeInit$MethodAndArgsCaller.run(RuntimeInit.java:548)
11-05 11:34:52.205 W/System.err( 4556): at com.android.internal.os.ZygoteInit.main(ZygoteInit.java:1182)
11-05 11:34:52.217 D/AW_CODE ( 480): rotation =0
11-05 11:34:52.288 I/rainbow_flow(16996): type=1400 audit(0.0:2905): avc: denied { ioctl } for path="/dev/spidev1.0" dev="tmpfs" ino=1317 ioctlcmd=0x6b00 scontext=u:r:init:s0 tcontext=u:object_r:device:s0 tclass=chr_file permissive=1
11-05 11:34:52.306 I/gralloc ( 257): alloc buffer:W:1920 H:1080 S:1920 PL[1920 1080] SZ:8294400 fmt:1 if:0 af:1 usg:20000b00 fg:00000004
11-05 11:34:52.309 I/gralloc ( 257): alloc buffer:W:1920 H:1080 S:1920 PL[1920 1080] SZ:8294400 fmt:1 if:0 af:1 usg:20000b00 fg:00000004
11-05 11:34:52.312 I/gralloc ( 257): alloc buffer:W:1920 H:1080 S:1920 PL[1920 1080] SZ:8294400 fmt:1 if:0 af:1 usg:20000b00 fg:00000004
11-05 11:34:52.351 D/TvPipController( 688): onTaskStackChanged()
11-05 11:34:52.468 I/DefaultIMS( 3502): onStartInput attribute=android.view.inputmethod.EditorInfo@f1cd642 restarting=false inputType: 0
11-05 11:34:52.608 I/EventThread( 265): type=1400 audit(0.0:2906): avc: denied { search } for name="extcon" dev="sysfs" ino=18103 scontext=u:r:hal_tv_cec_default:s0 tcontext=u:object_r:sysfs_extcon:s0 tclass=dir permissive=1
11-05 11:34:52.774 D/MediaPlayerFactory(14326): Initialize getpersist = 0 value=
11-05 11:34:52.775 I/cedarc (14326): : *** ic_version = 0x3301000012011,
11-05 11:34:52.932 W/IorapForwardingService( 480): No service published for: iorapd
11-05 11:34:53.078 I/MediaFocusControl( 480): abandonAudioFocus() from uid/pid 10042/4556 clientId=android.media.AudioManager@6464a3f
11-05 11:34:53.089 W/InputManager-JNI( 480): Input channel object '85c0dbe com.dangbei.lerad.videoposter/com.dangbei.leradplayer.activity.PlayerActivity (client)' was disposed without first being removed with the input manager!
11-05 11:34:53.104 W/ActivityTaskManager( 480): Can't find TaskDisplayArea to determine support for multi window. Task id=55 attached=false
11-05 11:34:53.104 W/ActivityTaskManager( 480): Can't find TaskDisplayArea to determine support for multi window. Task id=55 attached=false
11-05 11:34:53.233 I/BLEAudioDrive_HV410( 248): data len: 9 1
11-05 11:34:53.233 D/TvWindowManager( 480): key event key = KEYCODE_BACK down = true
11-05 11:34:53.239 W/WindowManager( 480): Unable to start animation, surface is null or no children.
11-05 11:34:53.244 D/GpioService( 480): mFlickerEnable = true
11-05 11:34:53.290 E/WifiHAL ( 663): wifi_get_link_stats: requestResponse Error:-5
11-05 11:34:53.291 E/WifiVendorHal( 480): getWifiLinkLayerStats_1_5_Internal(l.1191) failed {.code = ERROR_INVALID_ARGS, .description = }
11-05 11:34:53.379 I/BLEAudioDrive_HV410( 248): data len: 9 1
11-05 11:34:53.379 I/BLEAudioDrive_HV410( 248): keyboard stop
11-05 11:34:53.380 D/TvWindowManager( 480): key event key = KEYCODE_BACK down = false
11-05 11:34:53.381 D/AutofillManagerService( 480): onBackKeyPressed()
11-05 11:34:53.383 D/GpioService( 480): mFlickerEnable = true
11-05 11:34:53.415 I/SogouIME( 3502): onKeyDown: keyoCode=4
11-05 11:34:53.415 I/DefaultIMS( 3502): onKeyDown: keyoCode=4
11-05 11:34:53.419 I/SogouIME( 3502): onKeyUp: keyoCode=4
11-05 11:34:53.419 I/DefaultIMS( 3502): onKeyUp: keyoCode=4
11-05 11:34:53.425 I/gralloc ( 257): alloc buffer:W:1920 H:1080 S:1920 PL[1920 1080] SZ:8294400 fmt:1 if:0 af:1 usg:b66 fg:00000004
11-05 11:34:53.472 D/AW_CODE ( 480): rotation =0
11-05 11:34:53.505 I/BpBinder( 278): onLastStrongRef automatically unlinking death recipients:
11-05 11:34:53.528 I/gralloc ( 257): alloc buffer:W:1920 H:1080 S:1920 PL[1920 1080] SZ:8294400 fmt:1 if:0 af:1 usg:20000b00 fg:00000004
11-05 11:34:53.531 I/gralloc ( 257): alloc buffer:W:1920 H:1080 S:1920 PL[1920 1080] SZ:8294400 fmt:1 if:0 af:1 usg:20000b00 fg:00000004
11-05 11:34:53.534 I/gralloc ( 257): alloc buffer:W:1920 H:1080 S:1920 PL[1920 1080] SZ:8294400 fmt:1 if:0 af:1 usg:20000b00 fg:00000004
11-05 11:34:53.582 D/TvPipController( 688): onTaskStackChanged()
11-05 11:34:53.643 I/ndroid.systemu( 688): NativeAlloc concurrent copying GC freed 5863(362KB) AllocSpace objects, 0(0B) LOS objects, 49% free, 3707KB/7415KB, paused 188us total 194.724ms
11-05 11:34:53.646 W/System ( 688): A resource failed to call close.
11-05 11:34:53.647 W/System ( 688): A resource failed to call close.
11-05 11:34:53.647 W/System ( 688): A resource failed to call release.
11-05 11:34:53.667 I/DefaultIMS( 3502): onStartInput attribute=android.view.inputmethod.EditorInfo@262aa43 restarting=false inputType: 0
11-05 11:34:53.935 W/IorapForwardingService( 480): No service published for: iorapd
11-05 11:34:54.027 I/system_server( 480): NativeAlloc concurrent copying GC freed 40831(2055KB) AllocSpace objects, 5(164KB) LOS objects, 49% free, 12MB/24MB, paused 355us total 491.474ms
11-05 11:34:54.032 W/System ( 480): A resource failed to call close.
11-05 11:34:54.032 W/System ( 480): A resource failed to call release.
11-05 11:34:54.033 W/System ( 480): A resource failed to call close.
11-05 11:34:54.033 W/System ( 480): A resource failed to call close.
11-05 11:34:54.073 W/.filemanager.o( 2649): Accessing hidden field Landroid/view/inputmethod/InputMethodManager;->mCurRootView:Landroid/view/ViewRootImpl; (blocked, reflection, denied)
11-05 11:34:54.177 I/BLEAudioDrive_HV410( 248): data len: 9 1
11-05 11:34:54.177 D/TvWindowManager( 480): key event key = KEYCODE_DPAD_RIGHT down = true
11-05 11:34:54.184 D/GpioService( 480): mFlickerEnable = true
11-05 11:34:54.358 I/.filemanager.o( 2649): Explicit concurrent copying GC freed 4528(242KB) AllocSpace objects, 0(0B) LOS objects, 49% free, 15MB/30MB, paused 152us total 275.397ms
11-05 11:34:54.391 I/BLEAudioDrive_HV410( 248): data len: 9 1
11-05 11:34:54.391 I/BLEAudioDrive_HV410( 248): keyboard stop
11-05 11:34:54.391 D/TvWindowManager( 480): key event key = KEYCODE_DPAD_RIGHT down = false
11-05 11:34:54.632 I/.filemanager.o( 2649): Explicit concurrent copying GC freed 117(36KB) AllocSpace objects, 0(0B) LOS objects, 49% free, 15MB/30MB, paused 139us total 273.401ms
11-05 11:34:54.672 D/StrictMode( 2649): StrictMode policy violation: android.os.strictmode.InstanceCountViolation: class com.dangbei.lerad.filemanager.ui.info.ManagerFileListActivity; instances=24; limit=3
11-05 11:34:54.672 D/StrictMode( 2649): at android.os.StrictMode.setClassInstanceLimit(StrictMode.java:1)
11-05 11:34:54.677 W/InputManager-JNI( 480): Input channel object '932d424 com.tv.filemanager.os/com.dangbei.lerad.filemanager.ui.info.ManagerFileListActivity (client)' was disposed without first being removed with the input manager!
11-05 11:34:54.685 I/Choreographer( 2649): Skipped 37 frames! The application may be doing too much work on its main thread.
11-05 11:34:54.685 I/SogouIME( 3502): onKeyDown: keyoCode=22
11-05 11:34:54.685 I/DefaultIMS( 3502): onKeyDown: keyoCode=22
11-05 11:34:54.711 I/SogouIME( 3502): onKeyUp: keyoCode=22
11-05 11:34:54.711 I/DefaultIMS( 3502): onKeyUp: keyoCode=22
11-05 11:34:54.714 I/DefaultIMS( 3502): onStartInput attribute=android.view.inputmethod.EditorInfo@8ad6f4a restarting=false inputType: 0
11-05 11:34:54.937 W/IorapForwardingService( 480): No service published for: iorapd
11-05 11:34:55.112 I/cling--ap-1( 3126): type=1400 audit(0.0:2907): avc: denied { read } for name="address" dev="sysfs" ino=27443 scontext=u:r:platform_app:s0:c512,c768 tcontext=u:object_r:sysfs:s0 tclass=file permissive=1 app=com.dangbei.screencast
11-05 11:34:55.112 I/cling--ap-1( 3126): type=1400 audit(0.0:2908): avc: denied { open } for path="/sys/devices/platform/unisoc_wifi/net/wlan1/address" dev="sysfs" ino=27443 scontext=u:r:platform_app:s0:c512,c768 tcontext=u:object_r:sysfs:s0 tclass=file permissive=1 app=com.dangbei.screencast
11-05 11:34:55.112 I/cling--ap-1( 3126): type=1400 audit(0.0:2909): avc: denied { getattr } for path="/sys/devices/platform/unisoc_wifi/net/wlan1/address" dev="sysfs" ino=27443 scontext=u:r:platform_app:s0:c512,c768 tcontext=u:object_r:sysfs:s0 tclass=file permissive=1 app=com.dangbei.screencast
11-05 11:34:55.318 I/ActivityManager( 480): com.oranth.ledstatus is exempt from freezer
11-05 11:34:55.320 D/CompatibilityChangeReporter( 480): Compat change id reported: 135634846; UID 1000; state: DISABLED
11-05 11:34:55.347 D/Zygote ( 243): Forked child process 17403
11-05 11:34:55.349 I/ActivityManager( 480): app.processName = com.oranth.ledstatus
11-05 11:34:55.349 I/ActivityManager( 480): Start proc 17403:com.oranth.ledstatus/1000 for service {com.oranth.ledstatus/com.oranth.ledstatus.LedStatusService}
11-05 11:34:55.359 I/Zygote (17403): seccomp disabled by setenforce 0
11-05 11:34:55.369 I/ranth.ledstatu(17403): Late-enabling -Xcheck:jni
11-05 11:34:55.415 I/BLEAudioDrive_HV410( 248): data len: 9 1
11-05 11:34:55.415 D/TvWindowManager( 480): key event key = KEYCODE_DPAD_UP down = true
11-05 11:34:55.426 D/GpioService( 480): mFlickerEnable = true
11-05 11:34:55.436 I/SogouIME( 3502): onKeyDown: keyoCode=19
11-05 11:34:55.437 I/DefaultIMS( 3502): onKeyDown: keyoCode=19
11-05 11:34:55.452 I/adbd ( 393): jdwp connection from 17403
11-05 11:34:55.455 I/DefaultIMS( 3502): onStartInput attribute=android.view.inputmethod.EditorInfo@d778d6d restarting=false inputType: 0
11-05 11:34:55.495 D/CompatibilityChangeReporter( 480): Compat change id reported: 168419799; UID 1000; state: DISABLED
11-05 11:34:55.538 D/CompatibilityChangeReporter(17403): Compat change id reported: 171979766; UID 1000; state: DISABLED
11-05 11:34:55.595 D/TvWindowManager( 480): key event key = KEYCODE_DPAD_UP down = false
11-05 11:34:55.595 I/BLEAudioDrive_HV410( 248): data len: 9 1
11-05 11:34:55.595 I/BLEAudioDrive_HV410( 248): keyboard stop
11-05 11:34:55.598 D/ApplicationLoaders(17403): Returning zygote-cached class loader: /system/framework/android.test.base.jar
11-05 11:34:55.599 D/ApplicationLoaders(17403): Returning zygote-cached class loader: /system/framework/android.hidl.manager-V1.0-java.jar
11-05 11:34:55.599 D/ApplicationLoaders(17403): Returning zygote-cached class loader: /system/framework/android.hidl.base-V1.0-java.jar
11-05 11:34:55.603 I/SogouIME( 3502): onKeyUp: keyoCode=19
11-05 11:34:55.603 I/DefaultIMS( 3502): onKeyUp: keyoCode=19
11-05 11:34:55.630 W/ranth.ledstatu(17403): ClassLoaderContext shared library size mismatch. Expected=0, found=4 (PCL[] | PCL[]{PCL[/system/framework/android.test.base.jar*3790657674]#PCL[/system/framework/android.hidl.manager-V1.0-java.jar*1809561547]#PCL[/system/framework/android.hidl.base-V1.0-java.jar*2233032481]#PCL[/system/framework/org.apache.http.legacy.jar*2058259660]})
11-05 11:34:55.668 V/GraphicsEnvironment(17403): ANGLE Developer option for 'com.oranth.ledstatus' set to: 'default'
11-05 11:34:55.669 V/GraphicsEnvironment(17403): Neither updatable production driver nor prerelease driver is supported.
11-05 11:34:55.677 D/NetworkSecurityConfig(17403): No Network Security Config specified, using platform default
11-05 11:34:55.681 D/NetworkSecurityConfig(17403): No Network Security Config specified, using platform default
11-05 11:34:55.690 D/aaa (17403): onCreate()
11-05 11:34:55.710 D/aaa (17403): LedStatusService onStartCommand begin
11-05 11:34:55.713 D/aaa (17403): topPkg is -------------- :com.tv.filemanager.os
11-05 11:34:55.717 D/aaa (17403): action:android.net.conn.CONNECTIVITY_CHANGE
11-05 11:34:55.939 W/IorapForwardingService( 480): No service published for: iorapd
11-05 11:34:56.039 I/cedarc (14326): : not malloc locks
11-05 11:34:56.112 I/EventThread( 265): type=1400 audit(0.0:2910): avc: denied { search } for name="extcon" dev="sysfs" ino=18103 scontext=u:r:hal_tv_cec_default:s0 tcontext=u:object_r:sysfs_extcon:s0 tclass=dir permissive=1
11-05 11:34:56.266 D/aaa (17403): WiFi is connect
11-05 11:34:56.269 D/aaa (17403): WiFi is connect
11-05 11:34:56.264 I/ranth.ledstatus(17403): type=1400 audit(0.0:2911): avc: denied { open } for path="/dev/__properties__/u:object_r:vendor_default_prop:s0" dev="tmpfs" ino=2855 scontext=u:r:system_app:s0 tcontext=u:object_r:vendor_default_prop:s0 tclass=file permissive=1
11-05 11:34:56.268 I/ranth.ledstatus(17403): type=1400 audit(0.0:2912): avc: denied { getattr } for path="/dev/__properties__/u:object_r:vendor_default_prop:s0" dev="tmpfs" ino=2855 scontext=u:r:system_app:s0 tcontext=u:object_r:vendor_default_prop:s0 tclass=file permissive=1
11-05 11:34:56.268 I/ranth.ledstatus(17403): type=1400 audit(0.0:2913): avc: denied { map } for path="/dev/__properties__/u:object_r:vendor_default_prop:s0" dev="tmpfs" ino=2855 scontext=u:r:system_app:s0 tcontext=u:object_r:vendor_default_prop:s0 tclass=file permissive=1
11-05 11:34:56.300 E/WifiHAL ( 663): wifi_get_link_stats: requestResponse Error:-5
11-05 11:34:56.301 E/WifiVendorHal( 480): getWifiLinkLayerStats_1_5_Internal(l.1191) failed {.code = ERROR_INVALID_ARGS, .description = }
11-05 11:34:56.427 E/TaskPersister( 480): File error accessing recents directory (directory doesn't exist?).
11-05 11:34:56.911 I/BLEAudioDrive_HV410( 248): data len: 9 1
11-05 11:34:56.912 D/TvWindowManager( 480): key event key = KEYCODE_DPAD_RIGHT down = true
11-05 11:34:56.921 D/GpioService( 480): mFlickerEnable = true
11-05 11:34:56.928 I/SogouIME( 3502): onKeyDown: keyoCode=22
11-05 11:34:56.928 I/DefaultIMS( 3502): onKeyDown: keyoCode=22
11-05 11:34:56.941 W/IorapForwardingService( 480): No service published for: iorapd
11-05 11:34:56.953 I/DefaultIMS( 3502): onStartInput attribute=android.view.inputmethod.EditorInfo@b6e7d1c restarting=false inputType: 0
11-05 11:34:57.080 I/BLEAudioDrive_HV410( 248): data len: 9 1
11-05 11:34:57.080 I/BLEAudioDrive_HV410( 248): keyboard stop
11-05 11:34:57.080 D/TvWindowManager( 480): key event key = KEYCODE_DPAD_RIGHT down = false
11-05 11:34:57.094 I/SogouIME( 3502): onKeyUp: keyoCode=22
11-05 11:34:57.094 I/DefaultIMS( 3502): onKeyUp: keyoCode=22
11-05 11:34:57.512 I/rainbow_flow(16996): type=1400 audit(0.0:2914): avc: denied { ioctl } for path="/dev/spidev1.0" dev="tmpfs" ino=1317 ioctlcmd=0x6b00 scontext=u:r:init:s0 tcontext=u:object_r:device:s0 tclass=chr_file permissive=1
11-05 11:34:57.586 I/BLEAudioDrive_HV410( 248): data len: 9 1
11-05 11:34:57.586 D/TvWindowManager( 480): key event key = KEYCODE_DPAD_RIGHT down = true
11-05 11:34:57.595 D/GpioService( 480): mFlickerEnable = true
11-05 11:34:57.604 I/SogouIME( 3502): onKeyDown: keyoCode=22
11-05 11:34:57.604 I/DefaultIMS( 3502): onKeyDown: keyoCode=22
11-05 11:34:57.660 I/DefaultIMS( 3502): onStartInput attribute=android.view.inputmethod.EditorInfo@531e887 restarting=false inputType: 0
11-05 11:34:57.732 I/BLEAudioDrive_HV410( 248): data len: 9 1
11-05 11:34:57.732 I/BLEAudioDrive_HV410( 248): keyboard stop
11-05 11:34:57.733 D/TvWindowManager( 480): key event key = KEYCODE_DPAD_RIGHT down = false
11-05 11:34:57.739 I/SogouIME( 3502): onKeyUp: keyoCode=22
11-05 11:34:57.740 I/DefaultIMS( 3502): onKeyUp: keyoCode=22
11-05 11:34:57.753 D/aaa (17403): WiFi is connect
11-05 11:34:57.760 D/aaa (17403): WiFi is connect
11-05 11:34:57.943 W/IorapForwardingService( 480): No service published for: iorapd
11-05 11:34:57.948 I/efs-base( 3126): type=1400 audit(0.0:2915): avc: denied { search } for name="com.dangbei.screencast" dev="mmcblk0p25" ino=891 scontext=u:r:platform_app:s0:c512,c768 tcontext=u:object_r:app_data_file:s0:c512,c768 tclass=dir permissive=1 app=com.dangbei.screencast
11-05 11:34:57.948 I/efs-base( 3126): type=1400 audit(0.0:2916): avc: denied { getattr } for path="/data/user/0/com.dangbei.screencast/app_UApm/5fc60c21094d637f3130af19/ready" dev="mmcblk0p25" ino=2110 scontext=u:r:platform_app:s0:c512,c768 tcontext=u:object_r:app_data_file:s0:c512,c768 tclass=dir permissive=1 app=com.dangbei.screencast
11-05 11:34:57.948 I/efs-base( 3126): type=1400 audit(0.0:2917): avc: denied { read } for name="ready" dev="mmcblk0p25" ino=2110 scontext=u:r:platform_app:s0:c512,c768 tcontext=u:object_r:app_data_file:s0:c512,c768 tclass=dir permissive=1 app=com.dangbei.screencast
11-05 11:34:57.948 I/efs-base( 3126): type=1400 audit(0.0:2918): avc: denied { open } for path="/data/user/0/com.dangbei.screencast/app_UApm/5fc60c21094d637f3130af19/ready" dev="mmcblk0p25" ino=2110 scontext=u:r:platform_app:s0:c512,c768 tcontext=u:object_r:app_data_file:s0:c512,c768 tclass=dir permissive=1 app=com.dangbei.screencast
11-05 11:34:58.024 I/BLEAudioDrive_HV410( 248): data len: 9 1
11-05 11:34:58.025 D/TvWindowManager( 480): key event key = KEYCODE_DPAD_CENTER down = true
11-05 11:34:58.032 D/GpioService( 480): mFlickerEnable = true
11-05 11:34:58.085 W/audit ( 3444): audit_lost=1188 audit_rate_limit=5 audit_backlog_limit=64
11-05 11:34:58.085 E/audit ( 3444): rate limit exceeded
11-05 11:34:58.127 D/MediaPlayerFactory(14326): Initialize getpersist = 0 value=
11-05 11:34:58.128 I/cedarc (14326): : *** ic_version = 0x3301000012011,
11-05 11:34:58.171 I/BLEAudioDrive_HV410( 248): data len: 9 1
11-05 11:34:58.171 I/BLEAudioDrive_HV410( 248): keyboard stop
11-05 11:34:58.171 D/TvWindowManager( 480): key event key = KEYCODE_DPAD_CENTER down = false
11-05 11:34:58.175 D/GpioService( 480): mFlickerEnable = true
11-05 11:34:58.184 I/SogouIME( 3502): onKeyDown: keyoCode=23
11-05 11:34:58.184 I/DefaultIMS( 3502): onKeyDown: keyoCode=23
11-05 11:34:58.186 I/SogouIME( 3502): onKeyUp: keyoCode=23
11-05 11:34:58.186 I/DefaultIMS( 3502): onKeyUp: keyoCode=23
11-05 11:34:58.202 I/ActivityStarter( 480): ---START u0 {cmp=com.tv.filemanager.os/com.dangbei.lerad.filemanager.ui.info.ManagerFileListActivity (has extras)} from uid 10054
11-05 11:34:58.207 I/AW_PowerHAL( 263): Power setMode: LAUNCH to: 1
11-05 11:34:58.221 W/ActivityTaskManager( 480): Tried to set launchTime (0) < mLastActivityLaunchTime (5843810)
11-05 11:34:58.222 D/AW_CODE ( 480): rotation =0
11-05 11:34:58.244 D/ActivityTaskManager( 480): homlet: skip orientation settings: 0
11-05 11:34:58.247 I/AW_PowerHAL( 263): cur-mode:LAUNCH
11-05 11:34:58.256 I/BpBinder( 278): onLastStrongRef automatically unlinking death recipients:
11-05 11:34:58.332 D/TvPipController( 688): onTaskStackChanged()
11-05 11:34:58.945 W/IorapForwardingService( 480): No service published for: iorapd
11-05 11:34:59.309 E/WifiHAL ( 663): wifi_get_link_stats: requestResponse Error:-5
11-05 11:34:59.310 E/WifiVendorHal( 480): getWifiLinkLayerStats_1_5_Internal(l.1191) failed {.code = ERROR_INVALID_ARGS, .description = }
11-05 11:34:59.946 W/IorapForwardingService( 480): No service published for: iorapd
11-05 11:35:00.948 W/IorapForwardingService( 480): No service published for: iorapd
11-05 11:35:01.267 E/TaskPersister( 480): File error accessing recents directory (directory doesn't exist?).
11-05 11:35:01.456 I/cedarc (14326): : not malloc locks
11-05 11:35:01.461 W/WindowManager( 480): Failed looking up window session=Session{7a11049 2649:u0a10054} callers=com.android.server.wm.WindowManagerService.windowForClientLocked:5702 com.android.server.wm.Session.insetsModified:629 android.view.IWindowSession$Stub.onTransact:1151
11-05 11:35:01.463 W/MediaProvider( 1056): isAppCloneUserPair for user -1: false
11-05 11:35:01.466 I/InputDispatcher( 480): a1f7e55 com.tv.filemanager.os/com.dangbei.lerad.filemanager.ui.info.ManagerFileListActivity (server) spent 3208ms processing FocusEvent(hasFocus=false)
11-05 11:35:01.466 I/Choreographer( 2649): Skipped 193 frames! The application may be doing too much work on its main thread.
11-05 11:35:01.471 W/MediaProvider( 1056): isAppCloneUserPair for user -1: false
11-05 11:35:01.488 I/gralloc ( 257): alloc buffer:W:1920 H:1080 S:1920 PL[1920 1080] SZ:8294400 fmt:1 if:0 af:1 usg:20000b00 fg:00000004
11-05 11:35:01.493 I/gralloc ( 257): alloc buffer:W:1920 H:1080 S:1920 PL[1920 1080] SZ:8294400 fmt:1 if:0 af:1 usg:20000b00 fg:00000004
11-05 11:35:01.495 I/gralloc ( 257): alloc buffer:W:1920 H:1080 S:1920 PL[1920 1080] SZ:8294400 fmt:1 if:0 af:1 usg:20000b00 fg:00000004
11-05 11:35:01.497 W/MediaProvider( 1056): isAppCloneUserPair for user -1: false
11-05 11:35:01.512 W/MediaProvider( 1056): isAppCloneUserPair for user -1: false
11-05 11:35:01.521 I/ActivityTaskManager( 480): +++Displayed com.tv.filemanager.os/com.dangbei.lerad.filemanager.ui.info.ManagerFileListActivity: +3s318ms
11-05 11:35:01.534 W/MediaProvider( 1056): isAppCloneUserPair for user -1: false
11-05 11:35:01.538 I/BaseRequest( 2649): complete
11-05 11:35:01.538 I/BaseRequest( 2649): success!=nulltrue
11-05 11:35:01.552 W/MediaProvider( 1056): isAppCloneUserPair for user -1: false
11-05 11:35:01.565 W/MediaProvider( 1056): isAppCloneUserPair for user -1: false
11-05 11:35:01.572 I/DefaultIMS( 3502): onStartInput attribute=android.view.inputmethod.EditorInfo@95d8a38 restarting=false inputType: 0
11-05 11:35:01.583 W/MediaProvider( 1056): isAppCloneUserPair for user -1: false
11-05 11:35:01.606 W/MediaProvider( 1056): isAppCloneUserPair for user -1: false
11-05 11:35:01.618 W/MediaProvider( 1056): isAppCloneUserPair for user -1: false
11-05 11:35:01.629 W/MediaProvider( 1056): isAppCloneUserPair for user -1: false
11-05 11:35:01.634 W/View ( 2649): requestLayout() improperly called by com.dangbei.lerad.libui.control.layout.FitFrameLayout{6b9c190 V.E...... ......ID 0,0-255,250 #7f0a02ee app:id/view_file_item_ll} during layout: running second layout pass
11-05 11:35:01.639 W/MediaProvider( 1056): isAppCloneUserPair for user -1: false
11-05 11:35:01.641 I/DefaultIMS( 3502): onStartInput attribute=android.view.inputmethod.EditorInfo@c411a11 restarting=false inputType: 0
11-05 11:35:01.653 I/AW_PowerHAL( 263): Power setMode: LAUNCH to: 0
11-05 11:35:01.658 I/AW_PowerHAL( 263): cur-mode:SCHEDUTIL
11-05 11:35:01.661 W/MediaProvider( 1056): isAppCloneUserPair for user -1: false
11-05 11:35:01.671 W/MediaProvider( 1056): isAppCloneUserPair for user -1: false
11-05 11:35:01.679 W/MediaProvider( 1056): isAppCloneUserPair for user -1: false
11-05 11:35:01.755 D/MediaPlayerFactory(14326): Initialize getpersist = 0 value=
11-05 11:35:01.756 I/cedarc (14326): : *** ic_version = 0x3301000012011,
11-05 11:35:01.775 E/awplayer(14326): <__FlacParserProbe:1096>: Flac probe failed.
11-05 11:35:01.784 W/awplayer(14326): : Wav parser : no dice, no valid sequence of frames found.
11-05 11:35:01.784 W/awplayer(14326): : Wav parser : no dice, no valid sequence of frames found.
11-05 11:35:01.784 W/awplayer(14326): : Wav parser : no dice, no valid sequence of frames found.
11-05 11:35:01.784 W/awplayer(14326): : Wav parser : no dice, no valid sequence of frames found.
11-05 11:35:01.784 W/awplayer(14326): : Wav parser : no dice, no valid sequence of frames found.
11-05 11:35:01.784 W/awplayer(14326): : Wav parser : no dice, no valid sequence of frames found.
11-05 11:35:01.784 W/awplayer(14326): : Wav parser : no dice, no valid sequence of frames found.
11-05 11:35:01.785 W/awplayer(14326): : Wav parser : no dice, no valid sequence of frames found.
11-05 11:35:01.785 W/awplayer(14326): : Wav parser : no dice, no valid sequence of frames found.
11-05 11:35:01.785 W/awplayer(14326): : Wav parser : no dice, no valid sequence of frames found.
11-05 11:35:01.785 W/awplayer(14326): : Wav parser : no dice, no valid sequence of frames found.
11-05 11:35:01.788 W/awplayer(14326): : Wav parser : no dice, no valid sequence of frames found.
11-05 11:35:01.788 W/awplayer(14326): : Wav parser : no dice, no valid sequence of frames found.
11-05 11:35:01.789 W/awplayer(14326): : Wav parser : no dice, no valid sequence of frames found.
11-05 11:35:01.789 W/awplayer(14326): : Wav parser : no dice, no valid sequence of frames found.
11-05 11:35:01.791 E/awplayer(14326): <__CafParserProbe:567>: Caf probe failed.
11-05 11:35:01.791 E/awplayer(14326): <__G729ParserProbe:290>: g729 SYNC_WORD probe failed.
11-05 11:35:01.791 W/awplayer(14326): : audio probe fail!!!
11-05 11:35:01.791 I/awplayer(14326): <__AiffParserProbe:805>: wav probe failed.
11-05 11:35:01.791 E/awplayer(14326): <__Id3v2ParserProbe:330>: Probe ID3_header loss sync...
11-05 11:35:01.796 E/awplayer(14326): : MpgOpenReaderOpenFile fail, nRet(-5)
11-05 11:35:01.798 E/awplayer(14326): : open fail !
11-05 11:35:01.798 E/awplayer(14326): : parser creat fail.
11-05 11:35:01.798 E/awplayer(14326): : parser for the source cannot be created. source can be set yet.
11-05 11:35:01.809 I/cedarc (14326): : not malloc locks
11-05 11:35:01.836 D/MediaPlayerFactory(14326): Initialize getpersist = 0 value=
11-05 11:35:01.836 I/cedarc (14326): : *** ic_version = 0x3301000012011,
11-05 11:35:01.855 E/awplayer(14326): <__FlacParserProbe:1096>: Flac probe failed.
11-05 11:35:01.866 W/awplayer(14326): : Wav parser : no dice, no valid sequence of frames found.
11-05 11:35:01.867 W/awplayer(14326): : Wav parser : no dice, no valid sequence of frames found.
11-05 11:35:01.867 W/awplayer(14326): : Wav parser : no dice, no valid sequence of frames found.
11-05 11:35:01.868 W/awplayer(14326): : Wav parser : no dice, no valid sequence of frames found.
11-05 11:35:01.869 E/awplayer(14326): <__CafParserProbe:567>: Caf probe failed.
11-05 11:35:01.869 E/awplayer(14326): <__G729ParserProbe:290>: g729 SYNC_WORD probe failed.
11-05 11:35:01.869 W/awplayer(14326): : audio probe fail!!!
11-05 11:35:01.869 I/awplayer(14326): <__AiffParserProbe:805>: wav probe failed.
11-05 11:35:01.869 E/awplayer(14326): <__Id3v2ParserProbe:330>: Probe ID3_header loss sync...
11-05 11:35:01.869 W/awplayer(14326): : Sorry, I don't know what it is!
11-05 11:35:01.870 E/awplayer(14326): : parser creat fail.
11-05 11:35:01.870 E/awplayer(14326): : parser for the source cannot be created. source can be set yet.
11-05 11:35:01.883 I/cedarc (14326): : not malloc locks
11-05 11:35:01.887 D/MediaPlayerFactory(14326): Initialize getpersist = 0 value=
11-05 11:35:01.887 I/cedarc (14326): : *** ic_version = 0x3301000012011,
11-05 11:35:01.950 W/IorapForwardingService( 480): No service published for: iorapd
11-05 11:35:02.237 W/WindowManager( 480): removeWindowToken: Attempted to remove non-existing token: android.os.Binder@b6b1cc9
11-05 11:35:02.318 E/WifiHAL ( 663): wifi_get_link_stats: requestResponse Error:-5
11-05 11:35:02.320 E/WifiVendorHal( 480): getWifiLinkLayerStats_1_5_Internal(l.1191) failed {.code = ERROR_INVALID_ARGS, .description = }
11-05 11:35:02.694 I/BLEAudioDrive_HV410( 248): data len: 9 1
11-05 11:35:02.695 D/TvWindowManager( 480): key event key = KEYCODE_DPAD_RIGHT down = true
11-05 11:35:02.703 D/GpioService( 480): mFlickerEnable = true
11-05 11:35:02.705 I/SogouIME( 3502): onKeyDown: keyoCode=22
11-05 11:35:02.706 I/DefaultIMS( 3502): onKeyDown: keyoCode=22
11-05 11:35:02.728 I/DefaultIMS( 3502): onStartInput attribute=android.view.inputmethod.EditorInfo@7cf7776 restarting=false inputType: 0
11-05 11:35:02.873 I/BLEAudioDrive_HV410( 248): data len: 9 1
11-05 11:35:02.874 I/BLEAudioDrive_HV410( 248): keyboard stop
11-05 11:35:02.874 D/TvWindowManager( 480): key event key = KEYCODE_DPAD_RIGHT down = false
11-05 11:35:02.877 I/SogouIME( 3502): onKeyUp: keyoCode=22
11-05 11:35:02.877 I/DefaultIMS( 3502): onKeyUp: keyoCode=22
11-05 11:35:02.952 W/IorapForwardingService( 480): No service published for: iorapd
11-05 11:35:03.088 I/BLEAudioDrive_HV410( 248): data len: 9 1
11-05 11:35:03.089 D/TvWindowManager( 480): key event key = KEYCODE_DPAD_CENTER down = true
11-05 11:35:03.099 D/GpioService( 480): mFlickerEnable = true
11-05 11:35:03.212 I/BLEAudioDrive_HV410( 248): data len: 9 1
11-05 11:35:03.212 I/BLEAudioDrive_HV410( 248): keyboard stop
11-05 11:35:03.212 D/TvWindowManager( 480): key event key = KEYCODE_DPAD_CENTER down = false
11-05 11:35:03.241 D/GpioService( 480): mFlickerEnable = true
11-05 11:35:03.250 I/SogouIME( 3502): onKeyDown: keyoCode=23
11-05 11:35:03.250 I/DefaultIMS( 3502): onKeyDown: keyoCode=23
11-05 11:35:03.256 I/SogouIME( 3502): onKeyUp: keyoCode=23
11-05 11:35:03.256 I/DefaultIMS( 3502): onKeyUp: keyoCode=23
11-05 11:35:03.925 W/ZramWriteback( 480): Writeback device is not set
11-05 11:35:03.925 D/ZramWriteback( 480): wait to flush
11-05 11:35:03.954 W/IorapForwardingService( 480): No service published for: iorapd
11-05 11:35:04.140 I/cling--ap-1( 3126): type=1400 audit(0.0:2923): avc: denied { read } for name="address" dev="sysfs" ino=27443 scontext=u:r:platform_app:s0:c512,c768 tcontext=u:object_r:sysfs:s0 tclass=file permissive=1 app=com.dangbei.screencast
11-05 11:35:04.140 I/cling--ap-1( 3126): type=1400 audit(0.0:2924): avc: denied { open } for path="/sys/devices/platform/unisoc_wifi/net/wlan1/address" dev="sysfs" ino=27443 scontext=u:r:platform_app:s0:c512,c768 tcontext=u:object_r:sysfs:s0 tclass=file permissive=1 app=com.dangbei.screencast
11-05 11:35:04.140 I/cling--ap-1( 3126): type=1400 audit(0.0:2925): avc: denied { getattr } for path="/sys/devices/platform/unisoc_wifi/net/wlan1/address" dev="sysfs" ino=27443 scontext=u:r:platform_app:s0:c512,c768 tcontext=u:object_r:sysfs:s0 tclass=file permissive=1 app=com.dangbei.screencast
11-05 11:35:04.955 W/IorapForwardingService( 480): No service published for: iorapd
11-05 11:35:05.332 E/WifiHAL ( 663): wifi_get_link_stats: requestResponse Error:-5
11-05 11:35:05.333 E/WifiVendorHal( 480): getWifiLinkLayerStats_1_5_Internal(l.1191) failed {.code = ERROR_INVALID_ARGS, .description = }
11-05 11:35:05.720 I/InputDispatcher( 480): adf4d20 com.tv.filemanager.os/com.dangbei.lerad.filemanager.ui.info.ManagerFileListActivity (server) spent 2467ms processing KeyEvent(deviceId=4, eventTime=5867146012000, source=0x00000101, displayId=-1, action=UP, flags=0x00000008, keyCode=23, scanCode=28, metaState=0x00000000, repeatCount=0), policyFlags=0x62000000
11-05 11:35:05.721 I/Choreographer( 2649): Skipped 146 frames! The application may be doing too much work on its main thread.
11-05 11:35:05.721 E/awplayer(14326): <__FlacParserProbe:1096>: Flac probe failed.
11-05 11:35:05.742 W/awplayer(14326): : Wav parser : no dice, no valid sequence of frames found.
11-05 11:35:05.745 E/awplayer(14326): <__CafParserProbe:567>: Caf probe failed.
11-05 11:35:05.745 E/awplayer(14326): <__G729ParserProbe:290>: g729 SYNC_WORD probe failed.
11-05 11:35:05.745 W/awplayer(14326): : audio probe fail!!!
11-05 11:35:05.745 I/awplayer(14326): <__AiffParserProbe:805>: wav probe failed.
11-05 11:35:05.745 E/awplayer(14326): <__Id3v2ParserProbe:330>: Probe ID3_header loss sync...
11-05 11:35:05.745 W/awplayer(14326): : Sorry, I don't know what it is!
11-05 11:35:05.745 E/awplayer(14326): : parser creat fail.
11-05 11:35:05.745 E/awplayer(14326): : parser for the source cannot be created. source can be set yet.
11-05 11:35:05.756 I/cedarc (14326): : not malloc locks
11-05 11:35:05.762 D/StrictMode( 2649): StrictMode policy violation: android.os.strictmode.FileUriExposedViolation: file:///storage/02E24445E2443EE3/000%E9%9F%B3%E9%A2%91%E7%BC%96%E7%A0%81%E6%A0%BC%E5%BC%8F%E6%B5%8B%E8%AF%95/Dolby%20TureHD/Dolby%20TureHD%207.1.mkv exposed beyond app through Intent.getData()
11-05 11:35:05.762 D/StrictMode( 2649): at android.os.StrictMode.onFileUriExposed(StrictMode.java:2211)
11-05 11:35:05.762 D/StrictMode( 2649): at android.net.Uri.checkFileUriExposed(Uri.java:2402)
11-05 11:35:05.762 D/StrictMode( 2649): at android.content.Intent.prepareToLeaveProcess(Intent.java:11415)
11-05 11:35:05.762 D/StrictMode( 2649): at android.content.Intent.prepareToLeaveProcess(Intent.java:11367)
11-05 11:35:05.762 D/StrictMode( 2649): at android.app.Instrumentation.execStartActivity(Instrumentation.java:1742)
11-05 11:35:05.762 D/StrictMode( 2649): at android.app.ContextImpl.startActivity(ContextImpl.java:1085)
11-05 11:35:05.762 D/StrictMode( 2649): at android.app.ContextImpl.startActivity(ContextImpl.java:1056)
11-05 11:35:05.762 D/StrictMode( 2649): at android.content.ContextWrapper.startActivity(ContextWrapper.java:411)
11-05 11:35:05.762 D/StrictMode( 2649): at com.dangbei.lerad.filemanager.impl.open.FileTypePlayer.directlyOpen(FileTypePlayer.java:254)
11-05 11:35:05.762 D/StrictMode( 2649): at com.dangbei.lerad.filemanager.impl.open.FileTypePlayer.play(FileTypePlayer.java:116)
11-05 11:35:05.762 D/StrictMode( 2649): at com.dangbei.lerad.filemanager.impl.open.OpenFilterChain.run(OpenFilterChain.java:63)
11-05 11:35:05.762 D/StrictMode( 2649): at com.dangbei.lerad.filemanager.impl.open.OpenFilterChain.execute(OpenFilterChain.java:35)
11-05 11:35:05.762 D/StrictMode( 2649): at com.dangbei.lerad.filemanager.impl.open.OpenManager$1.onNext(OpenManager.java:109)
11-05 11:35:05.762 D/StrictMode( 2649): at com.dangbei.lerad.filemanager.impl.open.OpenManager$1.onNext(OpenManager.java:101)
11-05 11:35:05.762 D/StrictMode( 2649): at io.reactivex.internal.operators.observable.ObservableObserveOn$ObserveOnObserver.drainNormal(ObservableObserveOn.java:201)
11-05 11:35:05.762 D/StrictMode( 2649): at io.reactivex.internal.operators.observable.ObservableObserveOn$ObserveOnObserver.run(ObservableObserveOn.java:255)
11-05 11:35:05.762 D/StrictMode( 2649): at io.reactivex.android.schedulers.HandlerScheduler$ScheduledRunnable.run(HandlerScheduler.java:119)
11-05 11:35:05.762 D/StrictMode( 2649): at android.os.Handler.handleCallback(Handler.java:938)
11-05 11:35:05.762 D/StrictMode( 2649): at android.os.Handler.dispatchMessage(Handler.java:99)
11-05 11:35:05.762 D/StrictMode( 2649): at android.os.Looper.loopOnce(Looper.java:201)
11-05 11:35:05.762 D/StrictMode( 2649): at android.os.Looper.loop(Looper.java:288)
11-05 11:35:05.762 D/StrictMode( 2649): at android.app.ActivityThread.main(ActivityThread.java:7854)
11-05 11:35:05.762 D/StrictMode( 2649): at java.lang.reflect.Method.invoke(Native Method)
11-05 11:35:05.762 D/StrictMode( 2649): at com.android.internal.os.RuntimeInit$MethodAndArgsCaller.run(RuntimeInit.java:548)
11-05 11:35:05.762 D/StrictMode( 2649): at com.android.internal.os.ZygoteInit.main(ZygoteInit.java:1182)
11-05 11:35:05.764 I/ActivityStarter( 480): ---START u0 {act=android.intent.action.VIEW dat=file:///storage/02E24445E2443EE3/000音频编码格式测试/Dolby TureHD/Dolby TureHD 7.1.mkv typ=video/* flg=0x10000001 cmp=com.dangbei.lerad.videoposter/com.dangbei.leradplayer.activity.PlayerActivity} from uid 10054
11-05 11:35:05.766 W/ActivityTaskManager( 480): Can't find TaskDisplayArea to determine support for multi window. Task id=56 attached=false
11-05 11:35:05.768 D/MediaPlayerFactory(14326): Initialize getpersist = 0 value=
11-05 11:35:05.770 I/cedarc (14326): : *** ic_version = 0x3301000012011,
11-05 11:35:05.774 I/AW_PowerHAL( 263): Power setMode: LAUNCH to: 1
11-05 11:35:05.776 V/SplashScreenExceptionList( 480): SplashScreen checking exception for package com.dangbei.lerad.videoposter (target sdk:26) -> false
11-05 11:35:05.779 D/StartingSurfaceDrawer( 688): addSplashScreen com.dangbei.lerad.videoposter theme=7f0d0007 task=56 suggestType=3
11-05 11:35:05.789 D/StartingSurfaceDrawer( 688): addSplashScreen: creating context based on task Configuration {1.0 ?mcc?mnc [zh_CN] ldltr sw720dp w1280dp h696dp 240dpi lrg long land television -touch qwerty/v/v dpad/v winConfig={ mBounds=Rect(0, 0 - 1920, 1080) mAppBounds=Rect(0, 0 - 1920, 1080) mMaxBounds=Rect(0, 0 - 1920, 1080) mWindowingMode=fullscreen mDisplayWindowingMode=fullscreen mActivityType=standard mAlwaysOnTop=undefined mRotation=ROTATION_0} s.1 fontWeightAdjustment=0} for splash screen
11-05 11:35:05.797 D/StartingSurfaceDrawer( 688): addSplashScreen: apply overrideConfig{1.0 ?mcc?mnc [zh_CN] ldltr sw720dp w1280dp h696dp 240dpi lrg long land television -touch qwerty/v/v dpad/v winConfig={ mBounds=Rect(0, 0 - 1920, 1080) mAppBounds=Rect(0, 0 - 1920, 1080) mMaxBounds=Rect(0, 0 - 1920, 1080) mWindowingMode=fullscreen mDisplayWindowingMode=fullscreen mActivityType=standard mAlwaysOnTop=undefined mRotation=ROTATION_0} s.1 fontWeightAdjustment=0} to starting window resId=2131165761
11-05 11:35:05.800 D/StartingSurfaceDrawer( 688): window attributes color: 0 icon null duration 0 brandImage null
11-05 11:35:05.803 W/ActivityTaskManager( 480): Tried to set launchTime (0) < mLastActivityLaunchTime (5845295)
11-05 11:35:05.805 D/AW_CODE ( 480): rotation =0
11-05 11:35:05.806 D/SplashScreenView( 688): Build android.window.SplashScreenView{b84a1 V.E...... ......ID 0,0-0,0}
11-05 11:35:05.806 D/SplashScreenView( 688): Icon: view: null drawable: null size: 0
11-05 11:35:05.806 D/SplashScreenView( 688): Branding: view: android.view.View{cd6b6c6 G.ED..... ......I. 0,0-0,0 #10204a6 android:id/splashscreen_branding_view} drawable: null size w: 0 h: 0
11-05 11:35:05.806 D/StartingSurfaceDrawer( 688): fillViewWithIcon surfaceWindowView android.window.SplashScreenView{b84a1 V.E...... ......ID 0,0-0,0}
11-05 11:35:05.815 I/AW_PowerHAL( 263): cur-mode:LAUNCH
11-05 11:35:05.820 E/awplayer(14326): <__FlacParserProbe:1096>: Flac probe failed.
11-05 11:35:05.837 W/awplayer(14326): : Wav parser : no dice, no valid sequence of frames found.
11-05 11:35:05.838 W/awplayer(14326): : Wav parser : no dice, no valid sequence of frames found.
11-05 11:35:05.839 I/BpBinder( 278): onLastStrongRef automatically unlinking death recipients:
11-05 11:35:05.845 W/awplayer(14326): : Wav parser : no dice, no valid sequence of frames found.
11-05 11:35:05.846 W/awplayer(14326): : Wav parser : no dice, no valid sequence of frames found.
11-05 11:35:05.847 W/awplayer(14326): : Wav parser : no dice, no valid sequence of frames found.
11-05 11:35:05.847 I/gralloc ( 257): alloc buffer:W:1920 H:1080 S:1920 PL[1920 1080] SZ:8294400 fmt:1 if:0 af:1 usg:20000b00 fg:00000004
11-05 11:35:05.847 W/awplayer(14326): : Wav parser : no dice, no valid sequence of frames found.
11-05 11:35:05.848 E/awplayer(14326): <__CafParserProbe:567>: Caf probe failed.
11-05 11:35:05.848 E/awplayer(14326): <__G729ParserProbe:290>: g729 SYNC_WORD probe failed.
11-05 11:35:05.848 W/awplayer(14326): : audio probe fail!!!
11-05 11:35:05.848 I/awplayer(14326): <__AiffParserProbe:805>: wav probe failed.
11-05 11:35:05.848 E/awplayer(14326): <__Id3v2ParserProbe:330>: Probe ID3_header loss sync...
11-05 11:35:05.849 W/awplayer(14326): : Sorry, I don't know what it is!
11-05 11:35:05.849 E/awplayer(14326): : parser creat fail.
11-05 11:35:05.849 E/awplayer(14326): : parser for the source cannot be created. source can be set yet.
