11-05 11:33:45.657 E/AllwinnerAlibs(14326): 2025-06-20-11-37 MafiaAc3spdif_write_packet
11-05 11:33:45.657 E/AllwinnerAlibs(14326): 2025-06-20-11-37 spdif_header_ac3
11-05 11:33:45.657 E/AllwinnerAlibs(14326): 2025-06-20-11-37 bill set SYNCWORD MafiaAc3spdif_write_packet 365
11-05 11:33:45.657 E/AllwinnerAlibs(14326): 2025-06-20-11-37 MafiaAc3spdif_write_packet 393 re = 6144
11-05 11:33:45.657 E/ac3_decInternal(14326): 2025-06-20-11-37 EAC3frame_PassThrough end OutBuffLen 6144
11-05 11:33:45.657 E/ac3_decInternal(14326): 2025-06-20-11-37 EAC3frame_PassThrough begin
11-05 11:33:45.657 E/AllwinnerAlibs(14326): 2025-06-20-11-37 MafiaAc3spdif_write_header
11-05 11:33:45.657 E/AllwinnerAlibs(14326): 2025-06-20-11-37 MafiaAc3spdif_write_packet
11-05 11:33:45.657 E/AllwinnerAlibs(14326): 2025-06-20-11-37 spdif_header_ac3
11-05 11:33:45.657 E/AllwinnerAlibs(14326): 2025-06-20-11-37 bill set SYNCWORD MafiaAc3spdif_write_packet 365
11-05 11:33:45.657 E/AllwinnerAlibs(14326): 2025-06-20-11-37 MafiaAc3spdif_write_packet 393 re = 6144
11-05 11:33:45.657 E/ac3_decInternal(14326): 2025-06-20-11-37 EAC3frame_PassThrough end OutBuffLen 6144
11-05 11:33:45.657 E/ac3_decInternal(14326): 2025-06-20-11-37 EAC3frame_PassThrough begin
11-05 11:33:45.658 E/AllwinnerAlibs(14326): 2025-06-20-11-37 MafiaAc3spdif_write_header
11-05 11:33:45.658 E/AllwinnerAlibs(14326): 2025-06-20-11-37 MafiaAc3spdif_write_packet
11-05 11:33:45.658 E/AllwinnerAlibs(14326): 2025-06-20-11-37 spdif_header_ac3
11-05 11:33:45.658 E/AllwinnerAlibs(14326): 2025-06-20-11-37 bill set SYNCWORD MafiaAc3spdif_write_packet 365
11-05 11:33:45.658 E/AllwinnerAlibs(14326): 2025-06-20-11-37 MafiaAc3spdif_write_packet 393 re = 6144
11-05 11:33:45.658 E/ac3_decInternal(14326): 2025-06-20-11-37 EAC3frame_PassThrough end OutBuffLen 6144
11-05 11:33:45.658 E/ac3_decInternal(14326): 2025-06-20-11-37 EAC3frame_PassThrough begin
11-05 11:33:45.658 E/AllwinnerAlibs(14326): 2025-06-20-11-37 MafiaAc3spdif_write_header
11-05 11:33:45.658 E/AllwinnerAlibs(14326): 2025-06-20-11-37 MafiaAc3spdif_write_packet
11-05 11:33:45.658 E/AllwinnerAlibs(14326): 2025-06-20-11-37 spdif_header_ac3
11-05 11:33:45.658 E/AllwinnerAlibs(14326): 2025-06-20-11-37 bill set SYNCWORD MafiaAc3spdif_write_packet 365
11-05 11:33:45.658 E/AllwinnerAlibs(14326): 2025-06-20-11-37 MafiaAc3spdif_write_packet 393 re = 6144
11-05 11:33:45.658 E/ac3_decInternal(14326): 2025-06-20-11-37 EAC3frame_PassThrough end OutBuffLen 6144
11-05 11:33:45.658 E/ac3_decInternal(14326): 2025-06-20-11-37 EAC3frame_PassThrough begin
11-05 11:33:45.658 E/AllwinnerAlibs(14326): 2025-06-20-11-37 MafiaAc3spdif_write_header
11-05 11:33:45.658 E/AllwinnerAlibs(14326): 2025-06-20-11-37 MafiaAc3spdif_write_packet
11-05 11:33:45.658 E/AllwinnerAlibs(14326): 2025-06-20-11-37 spdif_header_ac3
11-05 11:33:45.658 E/AllwinnerAlibs(14326): 2025-06-20-11-37 bill set SYNCWORD MafiaAc3spdif_write_packet 365
11-05 11:33:45.658 E/AllwinnerAlibs(14326): 2025-06-20-11-37 MafiaAc3spdif_write_packet 393 re = 6144
11-05 11:33:45.658 E/ac3_decInternal(14326): 2025-06-20-11-37 EAC3frame_PassThrough end OutBuffLen 6144
11-05 11:33:45.658 E/ac3_decInternal(14326): 2025-06-20-11-37 EAC3frame_PassThrough begin
11-05 11:33:45.658 E/AllwinnerAlibs(14326): 2025-06-20-11-37 MafiaAc3spdif_write_header
11-05 11:33:45.658 E/AllwinnerAlibs(14326): 2025-06-20-11-37 MafiaAc3spdif_write_packet
11-05 11:33:45.658 E/AllwinnerAlibs(14326): 2025-06-20-11-37 spdif_header_ac3
11-05 11:33:45.658 E/AllwinnerAlibs(14326): 2025-06-20-11-37 bill set SYNCWORD MafiaAc3spdif_write_packet 365
11-05 11:33:45.658 E/AllwinnerAlibs(14326): 2025-06-20-11-37 MafiaAc3spdif_write_packet 393 re = 6144
11-05 11:33:45.658 E/ac3_decInternal(14326): 2025-06-20-11-37 EAC3frame_PassThrough end OutBuffLen 6144
11-05 11:33:45.658 E/ac3_decInternal(14326): 2025-06-20-11-37 EAC3frame_PassThrough begin
11-05 11:33:45.658 E/AllwinnerAlibs(14326): 2025-06-20-11-37 MafiaAc3spdif_write_header
11-05 11:33:45.658 E/AllwinnerAlibs(14326): 2025-06-20-11-37 MafiaAc3spdif_write_packet
11-05 11:33:45.658 E/AllwinnerAlibs(14326): 2025-06-20-11-37 spdif_header_ac3
11-05 11:33:45.658 E/AllwinnerAlibs(14326): 2025-06-20-11-37 bill set SYNCWORD MafiaAc3spdif_write_packet 365
11-05 11:33:45.658 E/AllwinnerAlibs(14326): 2025-06-20-11-37 MafiaAc3spdif_write_packet 393 re = 6144
11-05 11:33:45.658 E/ac3_decInternal(14326): 2025-06-20-11-37 EAC3frame_PassThrough end OutBuffLen 6144
11-05 11:33:45.658 E/ac3_decInternal(14326): 2025-06-20-11-37 EAC3frame_PassThrough begin
11-05 11:33:45.658 E/AllwinnerAlibs(14326): 2025-06-20-11-37 MafiaAc3spdif_write_header
11-05 11:33:45.658 E/AllwinnerAlibs(14326): 2025-06-20-11-37 MafiaAc3spdif_write_packet
11-05 11:33:45.658 E/AllwinnerAlibs(14326): 2025-06-20-11-37 spdif_header_ac3
11-05 11:33:45.658 E/AllwinnerAlibs(14326): 2025-06-20-11-37 bill set SYNCWORD MafiaAc3spdif_write_packet 365
11-05 11:33:45.658 E/AllwinnerAlibs(14326): 2025-06-20-11-37 MafiaAc3spdif_write_packet 393 re = 6144
11-05 11:33:45.658 E/ac3_decInternal(14326): 2025-06-20-11-37 EAC3frame_PassThrough end OutBuffLen 6144
11-05 11:33:45.658 E/ac3_decInternal(14326): 2025-06-20-11-37 EAC3frame_PassThrough begin
11-05 11:33:45.658 E/ac3_decInternal(14326): 2025-06-20-11-37 EAC3frame_PassThrough begin
11-05 11:33:45.659 I/cedarc (14326): : Video Stream Information:
11-05 11:33:45.659 I/cedarc (14326): : codec = H265
11-05 11:33:45.659 I/cedarc (14326): : width = 1920 pixels
11-05 11:33:45.659 I/cedarc (14326): : height = 1080 pixels
11-05 11:33:45.659 I/cedarc (14326): : frame rate = 23976
11-05 11:33:45.659 I/cedarc (14326): : frame duration = 0 us
11-05 11:33:45.659 I/cedarc (14326): : aspect ratio = 0
11-05 11:33:45.659 I/cedarc (14326): : is 3D stream = no
11-05 11:33:45.659 I/cedarc (14326): : Video Stream Information:
11-05 11:33:45.660 I/cedarc (14326): : codec = H265
11-05 11:33:45.660 I/cedarc (14326): : width = 1920 pixels
11-05 11:33:45.660 I/cedarc (14326): : height = 1080 pixels
11-05 11:33:45.660 I/cedarc (14326): : frame rate = 23976
11-05 11:33:45.660 I/cedarc (14326): : frame duration = 0 us
11-05 11:33:45.660 I/cedarc (14326): : aspect ratio = 0
11-05 11:33:45.660 I/cedarc (14326): : is 3D stream = no
11-05 11:33:45.662 I/gralloc ( 257): alloc buffer:W:1920 H:1088 S:1920 PL[1920 1088] SZ:3133504 fmt:842094169 if:0 af:842094169 usg:410960 fg:00000004
11-05 11:33:45.662 W/awplayer(14326): <__SdStart:284>: Sound device already started.
11-05 11:33:45.663 W/[Gralloc-Warning](14326): mali_gralloc_lock:288 Buffers with YUV compatible formats should be locked using GRALLOC1_FUNCTION_LOCK_FLEX. Requested format is:0x32315659
11-05 11:33:45.665 I/gralloc ( 257): alloc buffer:W:1920 H:1088 S:1920 PL[1920 1088] SZ:3133504 fmt:842094169 if:0 af:842094169 usg:410960 fg:00000004
11-05 11:33:45.669 W/[Gralloc-Warning](14326): mali_gralloc_lock:288 Buffers with YUV compatible formats should be locked using GRALLOC1_FUNCTION_LOCK_FLEX. Requested format is:0x32315659
11-05 11:33:45.671 I/cedarc (14326): : Video Stream Information:
11-05 11:33:45.671 I/cedarc (14326): : codec = H265
11-05 11:33:45.671 I/cedarc (14326): : width = 1920 pixels
11-05 11:33:45.671 I/cedarc (14326): : height = 1080 pixels
11-05 11:33:45.671 I/cedarc (14326): : frame rate = 23976
11-05 11:33:45.671 I/cedarc (14326): : frame duration = 0 us
11-05 11:33:45.671 I/cedarc (14326): : aspect ratio = 0
11-05 11:33:45.671 I/cedarc (14326): : is 3D stream = no
11-05 11:33:45.672 I/gralloc ( 257): alloc buffer:W:1920 H:1088 S:1920 PL[1920 1088] SZ:3133504 fmt:842094169 if:0 af:842094169 usg:410960 fg:00000004
11-05 11:33:45.675 W/[Gralloc-Warning](14326): mali_gralloc_lock:288 Buffers with YUV compatible formats should be locked using GRALLOC1_FUNCTION_LOCK_FLEX. Requested format is:0x32315659
11-05 11:33:45.679 I/gralloc ( 257): alloc buffer:W:1920 H:1088 S:1920 PL[1920 1088] SZ:3133504 fmt:842094169 if:0 af:842094169 usg:410960 fg:00000004
11-05 11:33:45.681 W/[Gralloc-Warning](14326): mali_gralloc_lock:288 Buffers with YUV compatible formats should be locked using GRALLOC1_FUNCTION_LOCK_FLEX. Requested format is:0x32315659
11-05 11:33:45.683 I/gralloc ( 257): alloc buffer:W:1920 H:1088 S:1920 PL[1920 1088] SZ:3133504 fmt:842094169 if:0 af:842094169 usg:410960 fg:00000004
11-05 11:33:45.688 W/[Gralloc-Warning](14326): mali_gralloc_lock:288 Buffers with YUV compatible formats should be locked using GRALLOC1_FUNCTION_LOCK_FLEX. Requested format is:0x32315659
11-05 11:33:45.689 E/ac3_decInternal(14326): 2025-06-20-11-37 EAC3frame_PassThrough begin
11-05 11:33:45.689 E/AllwinnerAlibs(14326): 2025-06-20-11-37 MafiaAc3spdif_write_header
11-05 11:33:45.689 E/AllwinnerAlibs(14326): 2025-06-20-11-37 MafiaAc3spdif_write_packet
11-05 11:33:45.689 E/AllwinnerAlibs(14326): 2025-06-20-11-37 spdif_header_ac3
11-05 11:33:45.689 E/AllwinnerAlibs(14326): 2025-06-20-11-37 bill set SYNCWORD MafiaAc3spdif_write_packet 365
11-05 11:33:45.690 E/AllwinnerAlibs(14326): 2025-06-20-11-37 MafiaAc3spdif_write_packet 393 re = 6144
11-05 11:33:45.690 E/ac3_decInternal(14326): 2025-06-20-11-37 EAC3frame_PassThrough end OutBuffLen 6144
11-05 11:33:45.692 E/ac3_decInternal(14326): 2025-06-20-11-37 EAC3frame_PassThrough begin
11-05 11:33:45.692 E/AllwinnerAlibs(14326): 2025-06-20-11-37 MafiaAc3spdif_write_header
11-05 11:33:45.692 E/AllwinnerAlibs(14326): 2025-06-20-11-37 MafiaAc3spdif_write_packet
11-05 11:33:45.692 E/AllwinnerAlibs(14326): 2025-06-20-11-37 spdif_header_ac3
11-05 11:33:45.692 E/AllwinnerAlibs(14326): 2025-06-20-11-37 bill set SYNCWORD MafiaAc3spdif_write_packet 365
11-05 11:33:45.694 I/gralloc ( 257): alloc buffer:W:1920 H:1088 S:1920 PL[1920 1088] SZ:3133504 fmt:842094169 if:0 af:842094169 usg:410960 fg:00000004
11-05 11:33:45.696 E/AllwinnerAlibs(14326): 2025-06-20-11-37 MafiaAc3spdif_write_packet 393 re = 6144
11-05 11:33:45.696 E/ac3_decInternal(14326): 2025-06-20-11-37 EAC3frame_PassThrough end OutBuffLen 6144
11-05 11:33:45.696 E/ac3_decInternal(14326): 2025-06-20-11-37 EAC3frame_PassThrough begin
11-05 11:33:45.696 E/AllwinnerAlibs(14326): 2025-06-20-11-37 MafiaAc3spdif_write_header
11-05 11:33:45.696 E/AllwinnerAlibs(14326): 2025-06-20-11-37 MafiaAc3spdif_write_packet
11-05 11:33:45.696 E/AllwinnerAlibs(14326): 2025-06-20-11-37 spdif_header_ac3
11-05 11:33:45.696 E/AllwinnerAlibs(14326): 2025-06-20-11-37 bill set SYNCWORD MafiaAc3spdif_write_packet 365
11-05 11:33:45.696 E/AllwinnerAlibs(14326): 2025-06-20-11-37 MafiaAc3spdif_write_packet 393 re = 6144
11-05 11:33:45.696 E/ac3_decInternal(14326): 2025-06-20-11-37 EAC3frame_PassThrough end OutBuffLen 6144
11-05 11:33:45.697 E/ac3_decInternal(14326): 2025-06-20-11-37 EAC3frame_PassThrough begin
11-05 11:33:45.697 E/AllwinnerAlibs(14326): 2025-06-20-11-37 MafiaAc3spdif_write_header
11-05 11:33:45.697 E/AllwinnerAlibs(14326): 2025-06-20-11-37 MafiaAc3spdif_write_packet
11-05 11:33:45.697 E/AllwinnerAlibs(14326): 2025-06-20-11-37 spdif_header_ac3
11-05 11:33:45.697 E/AllwinnerAlibs(14326): 2025-06-20-11-37 bill set SYNCWORD MafiaAc3spdif_write_packet 365
11-05 11:33:45.697 E/AllwinnerAlibs(14326): 2025-06-20-11-37 MafiaAc3spdif_write_packet 393 re = 6144
11-05 11:33:45.697 E/ac3_decInternal(14326): 2025-06-20-11-37 EAC3frame_PassThrough end OutBuffLen 6144
11-05 11:33:45.697 E/ac3_decInternal(14326): 2025-06-20-11-37 EAC3frame_PassThrough begin
11-05 11:33:45.697 E/AllwinnerAlibs(14326): 2025-06-20-11-37 MafiaAc3spdif_write_header
11-05 11:33:45.697 E/AllwinnerAlibs(14326): 2025-06-20-11-37 MafiaAc3spdif_write_packet
11-05 11:33:45.697 E/AllwinnerAlibs(14326): 2025-06-20-11-37 spdif_header_ac3
11-05 11:33:45.697 E/AllwinnerAlibs(14326): 2025-06-20-11-37 bill set SYNCWORD MafiaAc3spdif_write_packet 365
11-05 11:33:45.697 E/AllwinnerAlibs(14326): 2025-06-20-11-37 MafiaAc3spdif_write_packet 393 re = 6144
11-05 11:33:45.697 E/ac3_decInternal(14326): 2025-06-20-11-37 EAC3frame_PassThrough end OutBuffLen 6144
11-05 11:33:45.697 E/ac3_decInternal(14326): 2025-06-20-11-37 EAC3frame_PassThrough begin
11-05 11:33:45.697 E/AllwinnerAlibs(14326): 2025-06-20-11-37 MafiaAc3spdif_write_header
11-05 11:33:45.697 E/AllwinnerAlibs(14326): 2025-06-20-11-37 MafiaAc3spdif_write_packet
11-05 11:33:45.697 E/AllwinnerAlibs(14326): 2025-06-20-11-37 spdif_header_ac3
11-05 11:33:45.697 E/AllwinnerAlibs(14326): 2025-06-20-11-37 bill set SYNCWORD MafiaAc3spdif_write_packet 365
11-05 11:33:45.697 E/AllwinnerAlibs(14326): 2025-06-20-11-37 MafiaAc3spdif_write_packet 393 re = 6144
11-05 11:33:45.697 E/ac3_decInternal(14326): 2025-06-20-11-37 EAC3frame_PassThrough end OutBuffLen 6144
11-05 11:33:45.699 E/ac3_decInternal(14326): 2025-06-20-11-37 EAC3frame_PassThrough begin
11-05 11:33:45.699 E/AllwinnerAlibs(14326): 2025-06-20-11-37 MafiaAc3spdif_write_header
11-05 11:33:45.699 E/AllwinnerAlibs(14326): 2025-06-20-11-37 MafiaAc3spdif_write_packet
11-05 11:33:45.699 E/AllwinnerAlibs(14326): 2025-06-20-11-37 spdif_header_ac3
11-05 11:33:45.699 E/AllwinnerAlibs(14326): 2025-06-20-11-37 bill set SYNCWORD MafiaAc3spdif_write_packet 365
11-05 11:33:45.699 E/AllwinnerAlibs(14326): 2025-06-20-11-37 MafiaAc3spdif_write_packet 393 re = 6144
11-05 11:33:45.699 E/ac3_decInternal(14326): 2025-06-20-11-37 EAC3frame_PassThrough end OutBuffLen 6144
11-05 11:33:45.700 E/ac3_decInternal(14326): 2025-06-20-11-37 EAC3frame_PassThrough begin
11-05 11:33:45.700 E/AllwinnerAlibs(14326): 2025-06-20-11-37 MafiaAc3spdif_write_header
11-05 11:33:45.700 E/AllwinnerAlibs(14326): 2025-06-20-11-37 MafiaAc3spdif_write_packet
11-05 11:33:45.700 E/AllwinnerAlibs(14326): 2025-06-20-11-37 spdif_header_ac3
11-05 11:33:45.700 E/AllwinnerAlibs(14326): 2025-06-20-11-37 bill set SYNCWORD MafiaAc3spdif_write_packet 365
11-05 11:33:45.700 E/AllwinnerAlibs(14326): 2025-06-20-11-37 MafiaAc3spdif_write_packet 393 re = 6144
11-05 11:33:45.700 E/ac3_decInternal(14326): 2025-06-20-11-37 EAC3frame_PassThrough end OutBuffLen 6144
11-05 11:33:45.701 E/ac3_decInternal(14326): 2025-06-20-11-37 EAC3frame_PassThrough begin
11-05 11:33:45.701 E/AllwinnerAlibs(14326): 2025-06-20-11-37 MafiaAc3spdif_write_header
11-05 11:33:45.701 E/AllwinnerAlibs(14326): 2025-06-20-11-37 MafiaAc3spdif_write_packet
11-05 11:33:45.701 E/AllwinnerAlibs(14326): 2025-06-20-11-37 spdif_header_ac3
11-05 11:33:45.701 E/AllwinnerAlibs(14326): 2025-06-20-11-37 bill set SYNCWORD MafiaAc3spdif_write_packet 365
11-05 11:33:45.701 E/AllwinnerAlibs(14326): 2025-06-20-11-37 MafiaAc3spdif_write_packet 393 re = 6144
11-05 11:33:45.701 E/ac3_decInternal(14326): 2025-06-20-11-37 EAC3frame_PassThrough end OutBuffLen 6144
11-05 11:33:45.701 E/ac3_decInternal(14326): 2025-06-20-11-37 EAC3frame_PassThrough begin
11-05 11:33:45.701 E/AllwinnerAlibs(14326): 2025-06-20-11-37 MafiaAc3spdif_write_header
11-05 11:33:45.701 E/AllwinnerAlibs(14326): 2025-06-20-11-37 MafiaAc3spdif_write_packet
11-05 11:33:45.701 E/AllwinnerAlibs(14326): 2025-06-20-11-37 spdif_header_ac3
11-05 11:33:45.701 E/AllwinnerAlibs(14326): 2025-06-20-11-37 bill set SYNCWORD MafiaAc3spdif_write_packet 365
11-05 11:33:45.701 E/AllwinnerAlibs(14326): 2025-06-20-11-37 MafiaAc3spdif_write_packet 393 re = 6144
11-05 11:33:45.701 E/ac3_decInternal(14326): 2025-06-20-11-37 EAC3frame_PassThrough end OutBuffLen 6144
11-05 11:33:45.701 E/ac3_decInternal(14326): 2025-06-20-11-37 EAC3frame_PassThrough begin
11-05 11:33:45.701 E/AllwinnerAlibs(14326): 2025-06-20-11-37 MafiaAc3spdif_write_header
11-05 11:33:45.701 E/AllwinnerAlibs(14326): 2025-06-20-11-37 MafiaAc3spdif_write_packet
11-05 11:33:45.701 E/AllwinnerAlibs(14326): 2025-06-20-11-37 spdif_header_ac3
11-05 11:33:45.701 E/AllwinnerAlibs(14326): 2025-06-20-11-37 bill set SYNCWORD MafiaAc3spdif_write_packet 365
11-05 11:33:45.701 E/AllwinnerAlibs(14326): 2025-06-20-11-37 MafiaAc3spdif_write_packet 393 re = 6144
11-05 11:33:45.701 E/ac3_decInternal(14326): 2025-06-20-11-37 EAC3frame_PassThrough end OutBuffLen 6144
11-05 11:33:45.701 E/ac3_decInternal(14326): 2025-06-20-11-37 EAC3frame_PassThrough begin
11-05 11:33:45.701 E/AllwinnerAlibs(14326): 2025-06-20-11-37 MafiaAc3spdif_write_header
11-05 11:33:45.701 E/AllwinnerAlibs(14326): 2025-06-20-11-37 MafiaAc3spdif_write_packet
11-05 11:33:45.701 E/AllwinnerAlibs(14326): 2025-06-20-11-37 spdif_header_ac3
11-05 11:33:45.701 E/AllwinnerAlibs(14326): 2025-06-20-11-37 bill set SYNCWORD MafiaAc3spdif_write_packet 365
11-05 11:33:45.701 E/AllwinnerAlibs(14326): 2025-06-20-11-37 MafiaAc3spdif_write_packet 393 re = 6144
11-05 11:33:45.701 E/ac3_decInternal(14326): 2025-06-20-11-37 EAC3frame_PassThrough end OutBuffLen 6144
11-05 11:33:45.701 E/ac3_decInternal(14326): 2025-06-20-11-37 EAC3frame_PassThrough begin
11-05 11:33:45.701 E/AllwinnerAlibs(14326): 2025-06-20-11-37 MafiaAc3spdif_write_header
11-05 11:33:45.701 E/AllwinnerAlibs(14326): 2025-06-20-11-37 MafiaAc3spdif_write_packet
11-05 11:33:45.701 E/AllwinnerAlibs(14326): 2025-06-20-11-37 spdif_header_ac3
11-05 11:33:45.701 E/AllwinnerAlibs(14326): 2025-06-20-11-37 bill set SYNCWORD MafiaAc3spdif_write_packet 365
11-05 11:33:45.701 E/AllwinnerAlibs(14326): 2025-06-20-11-37 MafiaAc3spdif_write_packet 393 re = 6144
11-05 11:33:45.702 E/ac3_decInternal(14326): 2025-06-20-11-37 EAC3frame_PassThrough end OutBuffLen 6144
11-05 11:33:45.702 E/ac3_decInternal(14326): 2025-06-20-11-37 EAC3frame_PassThrough begin
11-05 11:33:45.702 E/AllwinnerAlibs(14326): 2025-06-20-11-37 MafiaAc3spdif_write_header
11-05 11:33:45.702 E/AllwinnerAlibs(14326): 2025-06-20-11-37 MafiaAc3spdif_write_packet
11-05 11:33:45.702 E/AllwinnerAlibs(14326): 2025-06-20-11-37 spdif_header_ac3
11-05 11:33:45.702 E/AllwinnerAlibs(14326): 2025-06-20-11-37 bill set SYNCWORD MafiaAc3spdif_write_packet 365
11-05 11:33:45.702 E/AllwinnerAlibs(14326): 2025-06-20-11-37 MafiaAc3spdif_write_packet 393 re = 6144
11-05 11:33:45.702 E/ac3_decInternal(14326): 2025-06-20-11-37 EAC3frame_PassThrough end OutBuffLen 6144
11-05 11:33:45.702 E/ac3_decInternal(14326): 2025-06-20-11-37 EAC3frame_PassThrough begin
11-05 11:33:45.702 E/AllwinnerAlibs(14326): 2025-06-20-11-37 MafiaAc3spdif_write_header
11-05 11:33:45.702 E/AllwinnerAlibs(14326): 2025-06-20-11-37 MafiaAc3spdif_write_packet
11-05 11:33:45.702 E/AllwinnerAlibs(14326): 2025-06-20-11-37 spdif_header_ac3
11-05 11:33:45.702 E/AllwinnerAlibs(14326): 2025-06-20-11-37 bill set SYNCWORD MafiaAc3spdif_write_packet 365
11-05 11:33:45.702 E/AllwinnerAlibs(14326): 2025-06-20-11-37 MafiaAc3spdif_write_packet 393 re = 6144
11-05 11:33:45.702 E/ac3_decInternal(14326): 2025-06-20-11-37 EAC3frame_PassThrough end OutBuffLen 6144
11-05 11:33:45.702 E/ac3_decInternal(14326): 2025-06-20-11-37 EAC3frame_PassThrough begin
11-05 11:33:45.702 E/AllwinnerAlibs(14326): 2025-06-20-11-37 MafiaAc3spdif_write_header
11-05 11:33:45.702 E/AllwinnerAlibs(14326): 2025-06-20-11-37 MafiaAc3spdif_write_packet
11-05 11:33:45.702 E/AllwinnerAlibs(14326): 2025-06-20-11-37 spdif_header_ac3
11-05 11:33:45.702 E/AllwinnerAlibs(14326): 2025-06-20-11-37 bill set SYNCWORD MafiaAc3spdif_write_packet 365
11-05 11:33:45.702 E/AllwinnerAlibs(14326): 2025-06-20-11-37 MafiaAc3spdif_write_packet 393 re = 6144
11-05 11:33:45.702 E/ac3_decInternal(14326): 2025-06-20-11-37 EAC3frame_PassThrough end OutBuffLen 6144
11-05 11:33:45.702 E/ac3_decInternal(14326): 2025-06-20-11-37 EAC3frame_PassThrough begin
11-05 11:33:45.702 E/ac3_decInternal(14326): 2025-06-20-11-37 EAC3frame_PassThrough begin
11-05 11:33:45.709 W/[Gralloc-Warning](14326): mali_gralloc_lock:288 Buffers with YUV compatible formats should be locked using GRALLOC1_FUNCTION_LOCK_FLEX. Requested format is:0x32315659
11-05 11:33:45.714 I/gralloc ( 257): alloc buffer:W:1920 H:1088 S:1920 PL[1920 1088] SZ:3133504 fmt:842094169 if:0 af:842094169 usg:410960 fg:00000004
11-05 11:33:45.719 E/ac3_decInternal(14326): 2025-06-20-11-37 EAC3frame_PassThrough begin
11-05 11:33:45.719 E/AllwinnerAlibs(14326): 2025-06-20-11-37 MafiaAc3spdif_write_header
11-05 11:33:45.719 E/AllwinnerAlibs(14326): 2025-06-20-11-37 MafiaAc3spdif_write_packet
11-05 11:33:45.719 E/AllwinnerAlibs(14326): 2025-06-20-11-37 spdif_header_ac3
11-05 11:33:45.719 E/AllwinnerAlibs(14326): 2025-06-20-11-37 bill set SYNCWORD MafiaAc3spdif_write_packet 365
11-05 11:33:45.719 E/AllwinnerAlibs(14326): 2025-06-20-11-37 MafiaAc3spdif_write_packet 393 re = 6144
11-05 11:33:45.719 E/ac3_decInternal(14326): 2025-06-20-11-37 EAC3frame_PassThrough end OutBuffLen 6144
11-05 11:33:45.719 E/ac3_decInternal(14326): 2025-06-20-11-37 EAC3frame_PassThrough begin
11-05 11:33:45.719 E/AllwinnerAlibs(14326): 2025-06-20-11-37 MafiaAc3spdif_write_header
11-05 11:33:45.719 E/AllwinnerAlibs(14326): 2025-06-20-11-37 MafiaAc3spdif_write_packet
11-05 11:33:45.719 E/AllwinnerAlibs(14326): 2025-06-20-11-37 spdif_header_ac3
11-05 11:33:45.719 E/AllwinnerAlibs(14326): 2025-06-20-11-37 bill set SYNCWORD MafiaAc3spdif_write_packet 365
11-05 11:33:45.719 E/AllwinnerAlibs(14326): 2025-06-20-11-37 MafiaAc3spdif_write_packet 393 re = 6144
11-05 11:33:45.719 E/ac3_decInternal(14326): 2025-06-20-11-37 EAC3frame_PassThrough end OutBuffLen 6144
11-05 11:33:45.719 E/ac3_decInternal(14326): 2025-06-20-11-37 EAC3frame_PassThrough begin
11-05 11:33:45.719 E/AllwinnerAlibs(14326): 2025-06-20-11-37 MafiaAc3spdif_write_header
11-05 11:33:45.719 E/AllwinnerAlibs(14326): 2025-06-20-11-37 MafiaAc3spdif_write_packet
11-05 11:33:45.719 E/AllwinnerAlibs(14326): 2025-06-20-11-37 spdif_header_ac3
11-05 11:33:45.719 E/AllwinnerAlibs(14326): 2025-06-20-11-37 bill set SYNCWORD MafiaAc3spdif_write_packet 365
11-05 11:33:45.719 E/AllwinnerAlibs(14326): 2025-06-20-11-37 MafiaAc3spdif_write_packet 393 re = 6144
11-05 11:33:45.719 E/ac3_decInternal(14326): 2025-06-20-11-37 EAC3frame_PassThrough end OutBuffLen 6144
11-05 11:33:45.720 E/ac3_decInternal(14326): 2025-06-20-11-37 EAC3frame_PassThrough begin
11-05 11:33:45.720 W/[Gralloc-Warning](14326): mali_gralloc_lock:288 Buffers with YUV compatible formats should be locked using GRALLOC1_FUNCTION_LOCK_FLEX. Requested format is:0x32315659
11-05 11:33:45.720 E/AllwinnerAlibs(14326): 2025-06-20-11-37 MafiaAc3spdif_write_header
11-05 11:33:45.720 E/AllwinnerAlibs(14326): 2025-06-20-11-37 MafiaAc3spdif_write_packet
11-05 11:33:45.720 E/AllwinnerAlibs(14326): 2025-06-20-11-37 spdif_header_ac3
11-05 11:33:45.720 E/AllwinnerAlibs(14326): 2025-06-20-11-37 bill set SYNCWORD MafiaAc3spdif_write_packet 365
11-05 11:33:45.720 E/AllwinnerAlibs(14326): 2025-06-20-11-37 MafiaAc3spdif_write_packet 393 re = 6144
11-05 11:33:45.720 E/ac3_decInternal(14326): 2025-06-20-11-37 EAC3frame_PassThrough end OutBuffLen 6144
11-05 11:33:45.720 E/ac3_decInternal(14326): 2025-06-20-11-37 EAC3frame_PassThrough begin
11-05 11:33:45.720 E/AllwinnerAlibs(14326): 2025-06-20-11-37 MafiaAc3spdif_write_header
11-05 11:33:45.720 E/AllwinnerAlibs(14326): 2025-06-20-11-37 MafiaAc3spdif_write_packet
11-05 11:33:45.720 E/AllwinnerAlibs(14326): 2025-06-20-11-37 spdif_header_ac3
11-05 11:33:45.720 E/AllwinnerAlibs(14326): 2025-06-20-11-37 bill set SYNCWORD MafiaAc3spdif_write_packet 365
11-05 11:33:45.722 E/AllwinnerAlibs(14326): 2025-06-20-11-37 MafiaAc3spdif_write_packet 393 re = 6144
11-05 11:33:45.722 E/ac3_decInternal(14326): 2025-06-20-11-37 EAC3frame_PassThrough end OutBuffLen 6144
11-05 11:33:45.727 I/gralloc ( 257): alloc buffer:W:1920 H:1088 S:1920 PL[1920 1088] SZ:3133504 fmt:842094169 if:0 af:842094169 usg:410960 fg:00000004
11-05 11:33:45.727 E/ac3_decInternal(14326): 2025-06-20-11-37 EAC3frame_PassThrough begin
11-05 11:33:45.728 E/AllwinnerAlibs(14326): 2025-06-20-11-37 MafiaAc3spdif_write_header
11-05 11:33:45.728 E/AllwinnerAlibs(14326): 2025-06-20-11-37 MafiaAc3spdif_write_packet
11-05 11:33:45.728 E/AllwinnerAlibs(14326): 2025-06-20-11-37 spdif_header_ac3
11-05 11:33:45.728 E/AllwinnerAlibs(14326): 2025-06-20-11-37 bill set SYNCWORD MafiaAc3spdif_write_packet 365
11-05 11:33:45.728 E/AllwinnerAlibs(14326): 2025-06-20-11-37 MafiaAc3spdif_write_packet 393 re = 6144
11-05 11:33:45.728 E/ac3_decInternal(14326): 2025-06-20-11-37 EAC3frame_PassThrough end OutBuffLen 6144
11-05 11:33:45.729 E/ac3_decInternal(14326): 2025-06-20-11-37 EAC3frame_PassThrough begin
11-05 11:33:45.729 E/AllwinnerAlibs(14326): 2025-06-20-11-37 MafiaAc3spdif_write_header
11-05 11:33:45.729 E/AllwinnerAlibs(14326): 2025-06-20-11-37 MafiaAc3spdif_write_packet
11-05 11:33:45.729 E/AllwinnerAlibs(14326): 2025-06-20-11-37 spdif_header_ac3
11-05 11:33:45.729 E/AllwinnerAlibs(14326): 2025-06-20-11-37 bill set SYNCWORD MafiaAc3spdif_write_packet 365
11-05 11:33:45.729 E/AllwinnerAlibs(14326): 2025-06-20-11-37 MafiaAc3spdif_write_packet 393 re = 6144
11-05 11:33:45.729 E/ac3_decInternal(14326): 2025-06-20-11-37 EAC3frame_PassThrough end OutBuffLen 6144
11-05 11:33:45.729 E/ac3_decInternal(14326): 2025-06-20-11-37 EAC3frame_PassThrough begin
11-05 11:33:45.729 E/AllwinnerAlibs(14326): 2025-06-20-11-37 MafiaAc3spdif_write_header
11-05 11:33:45.729 E/AllwinnerAlibs(14326): 2025-06-20-11-37 MafiaAc3spdif_write_packet
11-05 11:33:45.729 E/AllwinnerAlibs(14326): 2025-06-20-11-37 spdif_header_ac3
11-05 11:33:45.729 E/AllwinnerAlibs(14326): 2025-06-20-11-37 bill set SYNCWORD MafiaAc3spdif_write_packet 365
11-05 11:33:45.729 E/AllwinnerAlibs(14326): 2025-06-20-11-37 MafiaAc3spdif_write_packet 393 re = 6144
11-05 11:33:45.729 E/ac3_decInternal(14326): 2025-06-20-11-37 EAC3frame_PassThrough end OutBuffLen 6144
11-05 11:33:45.729 E/ac3_decInternal(14326): 2025-06-20-11-37 EAC3frame_PassThrough begin
11-05 11:33:45.729 E/AllwinnerAlibs(14326): 2025-06-20-11-37 MafiaAc3spdif_write_header
11-05 11:33:45.729 E/AllwinnerAlibs(14326): 2025-06-20-11-37 MafiaAc3spdif_write_packet
11-05 11:33:45.729 E/AllwinnerAlibs(14326): 2025-06-20-11-37 spdif_header_ac3
11-05 11:33:45.729 E/AllwinnerAlibs(14326): 2025-06-20-11-37 bill set SYNCWORD MafiaAc3spdif_write_packet 365
11-05 11:33:45.729 E/AllwinnerAlibs(14326): 2025-06-20-11-37 MafiaAc3spdif_write_packet 393 re = 6144
11-05 11:33:45.729 E/ac3_decInternal(14326): 2025-06-20-11-37 EAC3frame_PassThrough end OutBuffLen 6144
11-05 11:33:45.730 E/ac3_decInternal(14326): 2025-06-20-11-37 EAC3frame_PassThrough begin
11-05 11:33:45.730 E/AllwinnerAlibs(14326): 2025-06-20-11-37 MafiaAc3spdif_write_header
11-05 11:33:45.730 E/AllwinnerAlibs(14326): 2025-06-20-11-37 MafiaAc3spdif_write_packet
11-05 11:33:45.730 E/AllwinnerAlibs(14326): 2025-06-20-11-37 spdif_header_ac3
11-05 11:33:45.730 E/AllwinnerAlibs(14326): 2025-06-20-11-37 bill set SYNCWORD MafiaAc3spdif_write_packet 365
11-05 11:33:45.730 E/AllwinnerAlibs(14326): 2025-06-20-11-37 MafiaAc3spdif_write_packet 393 re = 6144
11-05 11:33:45.730 E/ac3_decInternal(14326): 2025-06-20-11-37 EAC3frame_PassThrough end OutBuffLen 6144
11-05 11:33:45.730 E/ac3_decInternal(14326): 2025-06-20-11-37 EAC3frame_PassThrough begin
11-05 11:33:45.730 E/AllwinnerAlibs(14326): 2025-06-20-11-37 MafiaAc3spdif_write_header
11-05 11:33:45.730 E/AllwinnerAlibs(14326): 2025-06-20-11-37 MafiaAc3spdif_write_packet
11-05 11:33:45.730 E/AllwinnerAlibs(14326): 2025-06-20-11-37 spdif_header_ac3
11-05 11:33:45.730 E/AllwinnerAlibs(14326): 2025-06-20-11-37 bill set SYNCWORD MafiaAc3spdif_write_packet 365
11-05 11:33:45.730 E/AllwinnerAlibs(14326): 2025-06-20-11-37 MafiaAc3spdif_write_packet 393 re = 6144
11-05 11:33:45.730 E/ac3_decInternal(14326): 2025-06-20-11-37 EAC3frame_PassThrough end OutBuffLen 6144
11-05 11:33:45.730 E/ac3_decInternal(14326): 2025-06-20-11-37 EAC3frame_PassThrough begin
11-05 11:33:45.730 E/AllwinnerAlibs(14326): 2025-06-20-11-37 MafiaAc3spdif_write_header
11-05 11:33:45.730 E/AllwinnerAlibs(14326): 2025-06-20-11-37 MafiaAc3spdif_write_packet
11-05 11:33:45.730 E/AllwinnerAlibs(14326): 2025-06-20-11-37 spdif_header_ac3
11-05 11:33:45.730 E/AllwinnerAlibs(14326): 2025-06-20-11-37 bill set SYNCWORD MafiaAc3spdif_write_packet 365
11-05 11:33:45.730 E/AllwinnerAlibs(14326): 2025-06-20-11-37 MafiaAc3spdif_write_packet 393 re = 6144
11-05 11:33:45.730 E/ac3_decInternal(14326): 2025-06-20-11-37 EAC3frame_PassThrough end OutBuffLen 6144
11-05 11:33:45.730 E/ac3_decInternal(14326): 2025-06-20-11-37 EAC3frame_PassThrough begin
11-05 11:33:45.730 E/AllwinnerAlibs(14326): 2025-06-20-11-37 MafiaAc3spdif_write_header
11-05 11:33:45.730 E/AllwinnerAlibs(14326): 2025-06-20-11-37 MafiaAc3spdif_write_packet
11-05 11:33:45.730 E/AllwinnerAlibs(14326): 2025-06-20-11-37 spdif_header_ac3
11-05 11:33:45.730 E/AllwinnerAlibs(14326): 2025-06-20-11-37 bill set SYNCWORD MafiaAc3spdif_write_packet 365
11-05 11:33:45.731 E/AllwinnerAlibs(14326): 2025-06-20-11-37 MafiaAc3spdif_write_packet 393 re = 6144
11-05 11:33:45.731 E/ac3_decInternal(14326): 2025-06-20-11-37 EAC3frame_PassThrough end OutBuffLen 6144
11-05 11:33:45.731 E/ac3_decInternal(14326): 2025-06-20-11-37 EAC3frame_PassThrough begin
11-05 11:33:45.731 E/AllwinnerAlibs(14326): 2025-06-20-11-37 MafiaAc3spdif_write_header
11-05 11:33:45.731 E/AllwinnerAlibs(14326): 2025-06-20-11-37 MafiaAc3spdif_write_packet
11-05 11:33:45.731 E/AllwinnerAlibs(14326): 2025-06-20-11-37 spdif_header_ac3
11-05 11:33:45.731 E/AllwinnerAlibs(14326): 2025-06-20-11-37 bill set SYNCWORD MafiaAc3spdif_write_packet 365
11-05 11:33:45.731 E/AllwinnerAlibs(14326): 2025-06-20-11-37 MafiaAc3spdif_write_packet 393 re = 6144
11-05 11:33:45.731 E/ac3_decInternal(14326): 2025-06-20-11-37 EAC3frame_PassThrough end OutBuffLen 6144
11-05 11:33:45.731 E/ac3_decInternal(14326): 2025-06-20-11-37 EAC3frame_PassThrough begin
11-05 11:33:45.731 E/AllwinnerAlibs(14326): 2025-06-20-11-37 MafiaAc3spdif_write_header
11-05 11:33:45.731 E/AllwinnerAlibs(14326): 2025-06-20-11-37 MafiaAc3spdif_write_packet
11-05 11:33:45.731 E/AllwinnerAlibs(14326): 2025-06-20-11-37 spdif_header_ac3
11-05 11:33:45.731 E/AllwinnerAlibs(14326): 2025-06-20-11-37 bill set SYNCWORD MafiaAc3spdif_write_packet 365
11-05 11:33:45.731 E/AllwinnerAlibs(14326): 2025-06-20-11-37 MafiaAc3spdif_write_packet 393 re = 6144
11-05 11:33:45.731 E/ac3_decInternal(14326): 2025-06-20-11-37 EAC3frame_PassThrough end OutBuffLen 6144
11-05 11:33:45.731 E/ac3_decInternal(14326): 2025-06-20-11-37 EAC3frame_PassThrough begin
11-05 11:33:45.731 E/AllwinnerAlibs(14326): 2025-06-20-11-37 MafiaAc3spdif_write_header
11-05 11:33:45.731 E/AllwinnerAlibs(14326): 2025-06-20-11-37 MafiaAc3spdif_write_packet
11-05 11:33:45.731 E/AllwinnerAlibs(14326): 2025-06-20-11-37 spdif_header_ac3
11-05 11:33:45.731 E/AllwinnerAlibs(14326): 2025-06-20-11-37 bill set SYNCWORD MafiaAc3spdif_write_packet 365
11-05 11:33:45.731 E/AllwinnerAlibs(14326): 2025-06-20-11-37 MafiaAc3spdif_write_packet 393 re = 6144
11-05 11:33:45.731 E/ac3_decInternal(14326): 2025-06-20-11-37 EAC3frame_PassThrough end OutBuffLen 6144
11-05 11:33:45.731 E/ac3_decInternal(14326): 2025-06-20-11-37 EAC3frame_PassThrough begin
11-05 11:33:45.731 E/AllwinnerAlibs(14326): 2025-06-20-11-37 MafiaAc3spdif_write_header
11-05 11:33:45.731 E/AllwinnerAlibs(14326): 2025-06-20-11-37 MafiaAc3spdif_write_packet
11-05 11:33:45.731 E/AllwinnerAlibs(14326): 2025-06-20-11-37 spdif_header_ac3
11-05 11:33:45.731 E/AllwinnerAlibs(14326): 2025-06-20-11-37 bill set SYNCWORD MafiaAc3spdif_write_packet 365
11-05 11:33:45.731 E/AllwinnerAlibs(14326): 2025-06-20-11-37 MafiaAc3spdif_write_packet 393 re = 6144
11-05 11:33:45.731 E/ac3_decInternal(14326): 2025-06-20-11-37 EAC3frame_PassThrough end OutBuffLen 6144
11-05 11:33:45.731 E/ac3_decInternal(14326): 2025-06-20-11-37 EAC3frame_PassThrough begin
11-05 11:33:45.732 E/AllwinnerAlibs(14326): 2025-06-20-11-37 MafiaAc3spdif_write_header
11-05 11:33:45.732 E/AllwinnerAlibs(14326): 2025-06-20-11-37 MafiaAc3spdif_write_packet
11-05 11:33:45.732 E/AllwinnerAlibs(14326): 2025-06-20-11-37 spdif_header_ac3
11-05 11:33:45.732 E/AllwinnerAlibs(14326): 2025-06-20-11-37 bill set SYNCWORD MafiaAc3spdif_write_packet 365
11-05 11:33:45.732 E/AllwinnerAlibs(14326): 2025-06-20-11-37 MafiaAc3spdif_write_packet 393 re = 6144
11-05 11:33:45.732 E/ac3_decInternal(14326): 2025-06-20-11-37 EAC3frame_PassThrough end OutBuffLen 6144
11-05 11:33:45.732 E/ac3_decInternal(14326): 2025-06-20-11-37 EAC3frame_PassThrough begin
11-05 11:33:45.732 E/AllwinnerAlibs(14326): 2025-06-20-11-37 MafiaAc3spdif_write_header
11-05 11:33:45.732 E/AllwinnerAlibs(14326): 2025-06-20-11-37 MafiaAc3spdif_write_packet
11-05 11:33:45.732 E/AllwinnerAlibs(14326): 2025-06-20-11-37 spdif_header_ac3
11-05 11:33:45.732 E/AllwinnerAlibs(14326): 2025-06-20-11-37 bill set SYNCWORD MafiaAc3spdif_write_packet 365
11-05 11:33:45.732 E/AllwinnerAlibs(14326): 2025-06-20-11-37 MafiaAc3spdif_write_packet 393 re = 6144
11-05 11:33:45.732 E/ac3_decInternal(14326): 2025-06-20-11-37 EAC3frame_PassThrough end OutBuffLen 6144
11-05 11:33:45.732 E/ac3_decInternal(14326): 2025-06-20-11-37 EAC3frame_PassThrough begin
11-05 11:33:45.732 E/AllwinnerAlibs(14326): 2025-06-20-11-37 MafiaAc3spdif_write_header
11-05 11:33:45.732 E/AllwinnerAlibs(14326): 2025-06-20-11-37 MafiaAc3spdif_write_packet
11-05 11:33:45.732 E/AllwinnerAlibs(14326): 2025-06-20-11-37 spdif_header_ac3
11-05 11:33:45.732 E/AllwinnerAlibs(14326): 2025-06-20-11-37 bill set SYNCWORD MafiaAc3spdif_write_packet 365
11-05 11:33:45.732 E/AllwinnerAlibs(14326): 2025-06-20-11-37 MafiaAc3spdif_write_packet 393 re = 6144
11-05 11:33:45.732 E/ac3_decInternal(14326): 2025-06-20-11-37 EAC3frame_PassThrough end OutBuffLen 6144
11-05 11:33:45.732 E/ac3_decInternal(14326): 2025-06-20-11-37 EAC3frame_PassThrough begin
11-05 11:33:45.732 E/AllwinnerAlibs(14326): 2025-06-20-11-37 MafiaAc3spdif_write_header
11-05 11:33:45.732 E/AllwinnerAlibs(14326): 2025-06-20-11-37 MafiaAc3spdif_write_packet
11-05 11:33:45.732 E/AllwinnerAlibs(14326): 2025-06-20-11-37 spdif_header_ac3
11-05 11:33:45.732 E/AllwinnerAlibs(14326): 2025-06-20-11-37 bill set SYNCWORD MafiaAc3spdif_write_packet 365
11-05 11:33:45.732 E/AllwinnerAlibs(14326): 2025-06-20-11-37 MafiaAc3spdif_write_packet 393 re = 6144
11-05 11:33:45.732 E/ac3_decInternal(14326): 2025-06-20-11-37 EAC3frame_PassThrough end OutBuffLen 6144
11-05 11:33:45.732 E/ac3_decInternal(14326): 2025-06-20-11-37 EAC3frame_PassThrough begin
11-05 11:33:45.732 E/AllwinnerAlibs(14326): 2025-06-20-11-37 MafiaAc3spdif_write_header
11-05 11:33:45.732 E/AllwinnerAlibs(14326): 2025-06-20-11-37 MafiaAc3spdif_write_packet
11-05 11:33:45.732 E/AllwinnerAlibs(14326): 2025-06-20-11-37 spdif_header_ac3
11-05 11:33:45.732 E/AllwinnerAlibs(14326): 2025-06-20-11-37 bill set SYNCWORD MafiaAc3spdif_write_packet 365
11-05 11:33:45.732 E/AllwinnerAlibs(14326): 2025-06-20-11-37 MafiaAc3spdif_write_packet 393 re = 6144
11-05 11:33:45.732 E/ac3_decInternal(14326): 2025-06-20-11-37 EAC3frame_PassThrough end OutBuffLen 6144
11-05 11:33:45.732 E/ac3_decInternal(14326): 2025-06-20-11-37 EAC3frame_PassThrough begin
11-05 11:33:45.732 E/AllwinnerAlibs(14326): 2025-06-20-11-37 MafiaAc3spdif_write_header
11-05 11:33:45.732 E/AllwinnerAlibs(14326): 2025-06-20-11-37 MafiaAc3spdif_write_packet
11-05 11:33:45.732 E/AllwinnerAlibs(14326): 2025-06-20-11-37 spdif_header_ac3
11-05 11:33:45.732 E/AllwinnerAlibs(14326): 2025-06-20-11-37 bill set SYNCWORD MafiaAc3spdif_write_packet 365
11-05 11:33:45.732 E/AllwinnerAlibs(14326): 2025-06-20-11-37 MafiaAc3spdif_write_packet 393 re = 6144
11-05 11:33:45.733 E/ac3_decInternal(14326): 2025-06-20-11-37 EAC3frame_PassThrough end OutBuffLen 6144
11-05 11:33:45.732 W/[Gralloc-Warning](14326): mali_gralloc_lock:288 Buffers with YUV compatible formats should be locked using GRALLOC1_FUNCTION_LOCK_FLEX. Requested format is:0x32315659
11-05 11:33:45.733 E/ac3_decInternal(14326): 2025-06-20-11-37 EAC3frame_PassThrough begin
11-05 11:33:45.733 E/AllwinnerAlibs(14326): 2025-06-20-11-37 MafiaAc3spdif_write_header
11-05 11:33:45.733 E/AllwinnerAlibs(14326): 2025-06-20-11-37 MafiaAc3spdif_write_packet
11-05 11:33:45.733 E/AllwinnerAlibs(14326): 2025-06-20-11-37 spdif_header_ac3
11-05 11:33:45.733 E/AllwinnerAlibs(14326): 2025-06-20-11-37 bill set SYNCWORD MafiaAc3spdif_write_packet 365
11-05 11:33:45.733 E/AllwinnerAlibs(14326): 2025-06-20-11-37 MafiaAc3spdif_write_packet 393 re = 6144
11-05 11:33:45.733 E/ac3_decInternal(14326): 2025-06-20-11-37 EAC3frame_PassThrough end OutBuffLen 6144
11-05 11:33:45.733 E/ac3_decInternal(14326): 2025-06-20-11-37 EAC3frame_PassThrough begin
11-05 11:33:45.733 E/AllwinnerAlibs(14326): 2025-06-20-11-37 MafiaAc3spdif_write_header
11-05 11:33:45.733 E/AllwinnerAlibs(14326): 2025-06-20-11-37 MafiaAc3spdif_write_packet
11-05 11:33:45.733 E/AllwinnerAlibs(14326): 2025-06-20-11-37 spdif_header_ac3
11-05 11:33:45.733 E/AllwinnerAlibs(14326): 2025-06-20-11-37 bill set SYNCWORD MafiaAc3spdif_write_packet 365
11-05 11:33:45.733 E/AllwinnerAlibs(14326): 2025-06-20-11-37 MafiaAc3spdif_write_packet 393 re = 6144
11-05 11:33:45.733 E/ac3_decInternal(14326): 2025-06-20-11-37 EAC3frame_PassThrough end OutBuffLen 6144
11-05 11:33:45.733 E/ac3_decInternal(14326): 2025-06-20-11-37 EAC3frame_PassThrough begin
11-05 11:33:45.733 E/AllwinnerAlibs(14326): 2025-06-20-11-37 MafiaAc3spdif_write_header
11-05 11:33:45.733 E/AllwinnerAlibs(14326): 2025-06-20-11-37 MafiaAc3spdif_write_packet
11-05 11:33:45.733 E/AllwinnerAlibs(14326): 2025-06-20-11-37 spdif_header_ac3
11-05 11:33:45.733 E/AllwinnerAlibs(14326): 2025-06-20-11-37 bill set SYNCWORD MafiaAc3spdif_write_packet 365
11-05 11:33:45.733 E/AllwinnerAlibs(14326): 2025-06-20-11-37 MafiaAc3spdif_write_packet 393 re = 6144
11-05 11:33:45.733 E/ac3_decInternal(14326): 2025-06-20-11-37 EAC3frame_PassThrough end OutBuffLen 6144
11-05 11:33:45.733 E/ac3_decInternal(14326): 2025-06-20-11-37 EAC3frame_PassThrough begin
11-05 11:33:45.733 E/AllwinnerAlibs(14326): 2025-06-20-11-37 MafiaAc3spdif_write_header
11-05 11:33:45.733 E/AllwinnerAlibs(14326): 2025-06-20-11-37 MafiaAc3spdif_write_packet
11-05 11:33:45.733 E/AllwinnerAlibs(14326): 2025-06-20-11-37 spdif_header_ac3
11-05 11:33:45.733 E/AllwinnerAlibs(14326): 2025-06-20-11-37 bill set SYNCWORD MafiaAc3spdif_write_packet 365
11-05 11:33:45.733 E/AllwinnerAlibs(14326): 2025-06-20-11-37 MafiaAc3spdif_write_packet 393 re = 6144
11-05 11:33:45.733 E/ac3_decInternal(14326): 2025-06-20-11-37 EAC3frame_PassThrough end OutBuffLen 6144
11-05 11:33:45.733 E/ac3_decInternal(14326): 2025-06-20-11-37 EAC3frame_PassThrough begin
11-05 11:33:45.733 E/AllwinnerAlibs(14326): 2025-06-20-11-37 MafiaAc3spdif_write_header
11-05 11:33:45.733 E/AllwinnerAlibs(14326): 2025-06-20-11-37 MafiaAc3spdif_write_packet
11-05 11:33:45.733 E/AllwinnerAlibs(14326): 2025-06-20-11-37 spdif_header_ac3
11-05 11:33:45.733 E/AllwinnerAlibs(14326): 2025-06-20-11-37 bill set SYNCWORD MafiaAc3spdif_write_packet 365
11-05 11:33:45.734 E/AllwinnerAlibs(14326): 2025-06-20-11-37 MafiaAc3spdif_write_packet 393 re = 6144
11-05 11:33:45.734 E/ac3_decInternal(14326): 2025-06-20-11-37 EAC3frame_PassThrough end OutBuffLen 6144
11-05 11:33:45.734 E/ac3_decInternal(14326): 2025-06-20-11-37 EAC3frame_PassThrough begin
11-05 11:33:45.734 E/AllwinnerAlibs(14326): 2025-06-20-11-37 MafiaAc3spdif_write_header
11-05 11:33:45.734 E/AllwinnerAlibs(14326): 2025-06-20-11-37 MafiaAc3spdif_write_packet
11-05 11:33:45.734 E/AllwinnerAlibs(14326): 2025-06-20-11-37 spdif_header_ac3
11-05 11:33:45.734 E/AllwinnerAlibs(14326): 2025-06-20-11-37 bill set SYNCWORD MafiaAc3spdif_write_packet 365
11-05 11:33:45.734 E/AllwinnerAlibs(14326): 2025-06-20-11-37 MafiaAc3spdif_write_packet 393 re = 6144
11-05 11:33:45.734 E/ac3_decInternal(14326): 2025-06-20-11-37 EAC3frame_PassThrough end OutBuffLen 6144
11-05 11:33:45.734 E/ac3_decInternal(14326): 2025-06-20-11-37 EAC3frame_PassThrough begin
11-05 11:33:45.734 E/AllwinnerAlibs(14326): 2025-06-20-11-37 MafiaAc3spdif_write_header
11-05 11:33:45.734 E/AllwinnerAlibs(14326): 2025-06-20-11-37 MafiaAc3spdif_write_packet
11-05 11:33:45.734 E/AllwinnerAlibs(14326): 2025-06-20-11-37 spdif_header_ac3
11-05 11:33:45.734 E/AllwinnerAlibs(14326): 2025-06-20-11-37 bill set SYNCWORD MafiaAc3spdif_write_packet 365
11-05 11:33:45.734 E/AllwinnerAlibs(14326): 2025-06-20-11-37 MafiaAc3spdif_write_packet 393 re = 6144
11-05 11:33:45.734 E/ac3_decInternal(14326): 2025-06-20-11-37 EAC3frame_PassThrough end OutBuffLen 6144
11-05 11:33:45.734 E/ac3_decInternal(14326): 2025-06-20-11-37 EAC3frame_PassThrough begin
11-05 11:33:45.734 E/AllwinnerAlibs(14326): 2025-06-20-11-37 MafiaAc3spdif_write_header
11-05 11:33:45.734 E/AllwinnerAlibs(14326): 2025-06-20-11-37 MafiaAc3spdif_write_packet
11-05 11:33:45.734 E/AllwinnerAlibs(14326): 2025-06-20-11-37 spdif_header_ac3
11-05 11:33:45.734 E/AllwinnerAlibs(14326): 2025-06-20-11-37 bill set SYNCWORD MafiaAc3spdif_write_packet 365
11-05 11:33:45.734 E/AllwinnerAlibs(14326): 2025-06-20-11-37 MafiaAc3spdif_write_packet 393 re = 6144
11-05 11:33:45.734 E/ac3_decInternal(14326): 2025-06-20-11-37 EAC3frame_PassThrough end OutBuffLen 6144
11-05 11:33:45.734 E/ac3_decInternal(14326): 2025-06-20-11-37 EAC3frame_PassThrough begin
11-05 11:33:45.734 E/AllwinnerAlibs(14326): 2025-06-20-11-37 MafiaAc3spdif_write_header
11-05 11:33:45.734 E/AllwinnerAlibs(14326): 2025-06-20-11-37 MafiaAc3spdif_write_packet
11-05 11:33:45.734 E/AllwinnerAlibs(14326): 2025-06-20-11-37 spdif_header_ac3
11-05 11:33:45.735 E/AllwinnerAlibs(14326): 2025-06-20-11-37 bill set SYNCWORD MafiaAc3spdif_write_packet 365
11-05 11:33:45.735 E/AllwinnerAlibs(14326): 2025-06-20-11-37 MafiaAc3spdif_write_packet 393 re = 6144
11-05 11:33:45.735 E/ac3_decInternal(14326): 2025-06-20-11-37 EAC3frame_PassThrough end OutBuffLen 6144
11-05 11:33:45.735 E/ac3_decInternal(14326): 2025-06-20-11-37 EAC3frame_PassThrough begin
11-05 11:33:45.735 E/ac3_decInternal(14326): 2025-06-20-11-37 EAC3frame_PassThrough begin
11-05 11:33:45.737 I/gralloc ( 257): alloc buffer:W:1920 H:1088 S:1920 PL[1920 1088] SZ:3133504 fmt:842094169 if:0 af:842094169 usg:410960 fg:00000004
11-05 11:33:45.740 E/ac3_decInternal(14326): 2025-06-20-11-37 EAC3frame_PassThrough begin
11-05 11:33:45.740 E/AllwinnerAlibs(14326): 2025-06-20-11-37 MafiaAc3spdif_write_header
11-05 11:33:45.740 E/AllwinnerAlibs(14326): 2025-06-20-11-37 MafiaAc3spdif_write_packet
11-05 11:33:45.740 E/AllwinnerAlibs(14326): 2025-06-20-11-37 spdif_header_ac3
11-05 11:33:45.740 E/AllwinnerAlibs(14326): 2025-06-20-11-37 bill set SYNCWORD MafiaAc3spdif_write_packet 365
11-05 11:33:45.740 E/AllwinnerAlibs(14326): 2025-06-20-11-37 MafiaAc3spdif_write_packet 393 re = 6144
11-05 11:33:45.740 E/ac3_decInternal(14326): 2025-06-20-11-37 EAC3frame_PassThrough end OutBuffLen 6144
11-05 11:33:45.740 E/ac3_decInternal(14326): 2025-06-20-11-37 EAC3frame_PassThrough begin
11-05 11:33:45.740 E/AllwinnerAlibs(14326): 2025-06-20-11-37 MafiaAc3spdif_write_header
11-05 11:33:45.741 E/AllwinnerAlibs(14326): 2025-06-20-11-37 MafiaAc3spdif_write_packet
11-05 11:33:45.741 E/AllwinnerAlibs(14326): 2025-06-20-11-37 spdif_header_ac3
11-05 11:33:45.741 E/AllwinnerAlibs(14326): 2025-06-20-11-37 bill set SYNCWORD MafiaAc3spdif_write_packet 365
11-05 11:33:45.741 E/AllwinnerAlibs(14326): 2025-06-20-11-37 MafiaAc3spdif_write_packet 393 re = 6144
11-05 11:33:45.741 E/ac3_decInternal(14326): 2025-06-20-11-37 EAC3frame_PassThrough end OutBuffLen 6144
11-05 11:33:45.741 E/ac3_decInternal(14326): 2025-06-20-11-37 EAC3frame_PassThrough begin
11-05 11:33:45.741 E/AllwinnerAlibs(14326): 2025-06-20-11-37 MafiaAc3spdif_write_header
11-05 11:33:45.741 E/AllwinnerAlibs(14326): 2025-06-20-11-37 MafiaAc3spdif_write_packet
11-05 11:33:45.741 E/AllwinnerAlibs(14326): 2025-06-20-11-37 spdif_header_ac3
11-05 11:33:45.741 E/AllwinnerAlibs(14326): 2025-06-20-11-37 bill set SYNCWORD MafiaAc3spdif_write_packet 365
11-05 11:33:45.741 E/AllwinnerAlibs(14326): 2025-06-20-11-37 MafiaAc3spdif_write_packet 393 re = 6144
11-05 11:33:45.741 E/ac3_decInternal(14326): 2025-06-20-11-37 EAC3frame_PassThrough end OutBuffLen 6144
11-05 11:33:45.741 E/ac3_decInternal(14326): 2025-06-20-11-37 EAC3frame_PassThrough begin
11-05 11:33:45.741 E/AllwinnerAlibs(14326): 2025-06-20-11-37 MafiaAc3spdif_write_header
11-05 11:33:45.741 E/AllwinnerAlibs(14326): 2025-06-20-11-37 MafiaAc3spdif_write_packet
11-05 11:33:45.741 E/AllwinnerAlibs(14326): 2025-06-20-11-37 spdif_header_ac3
11-05 11:33:45.741 E/AllwinnerAlibs(14326): 2025-06-20-11-37 bill set SYNCWORD MafiaAc3spdif_write_packet 365
11-05 11:33:45.741 E/AllwinnerAlibs(14326): 2025-06-20-11-37 MafiaAc3spdif_write_packet 393 re = 6144
11-05 11:33:45.741 E/ac3_decInternal(14326): 2025-06-20-11-37 EAC3frame_PassThrough end OutBuffLen 6144
11-05 11:33:45.741 E/ac3_decInternal(14326): 2025-06-20-11-37 EAC3frame_PassThrough begin
11-05 11:33:45.741 E/AllwinnerAlibs(14326): 2025-06-20-11-37 MafiaAc3spdif_write_header
11-05 11:33:45.741 E/AllwinnerAlibs(14326): 2025-06-20-11-37 MafiaAc3spdif_write_packet
11-05 11:33:45.741 E/AllwinnerAlibs(14326): 2025-06-20-11-37 spdif_header_ac3
11-05 11:33:45.741 E/AllwinnerAlibs(14326): 2025-06-20-11-37 bill set SYNCWORD MafiaAc3spdif_write_packet 365
11-05 11:33:45.741 E/AllwinnerAlibs(14326): 2025-06-20-11-37 MafiaAc3spdif_write_packet 393 re = 6144
11-05 11:33:45.741 E/ac3_decInternal(14326): 2025-06-20-11-37 EAC3frame_PassThrough end OutBuffLen 6144
11-05 11:33:45.741 E/ac3_decInternal(14326): 2025-06-20-11-37 EAC3frame_PassThrough begin
11-05 11:33:45.743 E/AllwinnerAlibs(14326): 2025-06-20-11-37 MafiaAc3spdif_write_header
11-05 11:33:45.743 E/AllwinnerAlibs(14326): 2025-06-20-11-37 MafiaAc3spdif_write_packet
11-05 11:33:45.743 E/AllwinnerAlibs(14326): 2025-06-20-11-37 spdif_header_ac3
11-05 11:33:45.743 E/AllwinnerAlibs(14326): 2025-06-20-11-37 bill set SYNCWORD MafiaAc3spdif_write_packet 365
11-05 11:33:45.743 E/AllwinnerAlibs(14326): 2025-06-20-11-37 MafiaAc3spdif_write_packet 393 re = 6144
11-05 11:33:45.743 E/ac3_decInternal(14326): 2025-06-20-11-37 EAC3frame_PassThrough end OutBuffLen 6144
11-05 11:33:45.743 E/ac3_decInternal(14326): 2025-06-20-11-37 EAC3frame_PassThrough begin
11-05 11:33:45.743 E/AllwinnerAlibs(14326): 2025-06-20-11-37 MafiaAc3spdif_write_header
11-05 11:33:45.743 E/AllwinnerAlibs(14326): 2025-06-20-11-37 MafiaAc3spdif_write_packet
11-05 11:33:45.743 E/AllwinnerAlibs(14326): 2025-06-20-11-37 spdif_header_ac3
11-05 11:33:45.743 E/AllwinnerAlibs(14326): 2025-06-20-11-37 bill set SYNCWORD MafiaAc3spdif_write_packet 365
11-05 11:33:45.743 E/AllwinnerAlibs(14326): 2025-06-20-11-37 MafiaAc3spdif_write_packet 393 re = 6144
11-05 11:33:45.743 E/ac3_decInternal(14326): 2025-06-20-11-37 EAC3frame_PassThrough end OutBuffLen 6144
11-05 11:33:45.743 E/ac3_decInternal(14326): 2025-06-20-11-37 EAC3frame_PassThrough begin
11-05 11:33:45.743 E/AllwinnerAlibs(14326): 2025-06-20-11-37 MafiaAc3spdif_write_header
11-05 11:33:45.743 E/AllwinnerAlibs(14326): 2025-06-20-11-37 MafiaAc3spdif_write_packet
11-05 11:33:45.743 E/AllwinnerAlibs(14326): 2025-06-20-11-37 spdif_header_ac3
11-05 11:33:45.743 E/AllwinnerAlibs(14326): 2025-06-20-11-37 bill set SYNCWORD MafiaAc3spdif_write_packet 365
11-05 11:33:45.743 E/AllwinnerAlibs(14326): 2025-06-20-11-37 MafiaAc3spdif_write_packet 393 re = 6144
11-05 11:33:45.743 E/ac3_decInternal(14326): 2025-06-20-11-37 EAC3frame_PassThrough end OutBuffLen 6144
11-05 11:33:45.743 E/ac3_decInternal(14326): 2025-06-20-11-37 EAC3frame_PassThrough begin
11-05 11:33:45.746 E/ac3_decInternal(14326): 2025-06-20-11-37 EAC3frame_PassThrough begin
11-05 11:33:45.746 E/AllwinnerAlibs(14326): 2025-06-20-11-37 MafiaAc3spdif_write_header
11-05 11:33:45.746 E/AllwinnerAlibs(14326): 2025-06-20-11-37 MafiaAc3spdif_write_packet
11-05 11:33:45.746 E/AllwinnerAlibs(14326): 2025-06-20-11-37 spdif_header_ac3
11-05 11:33:45.746 E/AllwinnerAlibs(14326): 2025-06-20-11-37 bill set SYNCWORD MafiaAc3spdif_write_packet 365
11-05 11:33:45.746 E/AllwinnerAlibs(14326): 2025-06-20-11-37 MafiaAc3spdif_write_packet 393 re = 6144
11-05 11:33:45.746 E/ac3_decInternal(14326): 2025-06-20-11-37 EAC3frame_PassThrough end OutBuffLen 6144
11-05 11:33:45.747 E/ac3_decInternal(14326): 2025-06-20-11-37 EAC3frame_PassThrough begin
11-05 11:33:45.747 E/AllwinnerAlibs(14326): 2025-06-20-11-37 MafiaAc3spdif_write_header
11-05 11:33:45.747 E/AllwinnerAlibs(14326): 2025-06-20-11-37 MafiaAc3spdif_write_packet
11-05 11:33:45.747 E/AllwinnerAlibs(14326): 2025-06-20-11-37 spdif_header_ac3
11-05 11:33:45.747 E/AllwinnerAlibs(14326): 2025-06-20-11-37 bill set SYNCWORD MafiaAc3spdif_write_packet 365
11-05 11:33:45.747 E/AllwinnerAlibs(14326): 2025-06-20-11-37 MafiaAc3spdif_write_packet 393 re = 6144
11-05 11:33:45.747 E/ac3_decInternal(14326): 2025-06-20-11-37 EAC3frame_PassThrough end OutBuffLen 6144
11-05 11:33:45.747 E/ac3_decInternal(14326): 2025-06-20-11-37 EAC3frame_PassThrough begin
11-05 11:33:45.747 E/AllwinnerAlibs(14326): 2025-06-20-11-37 MafiaAc3spdif_write_header
11-05 11:33:45.747 E/AllwinnerAlibs(14326): 2025-06-20-11-37 MafiaAc3spdif_write_packet
11-05 11:33:45.747 E/AllwinnerAlibs(14326): 2025-06-20-11-37 spdif_header_ac3
11-05 11:33:45.747 E/AllwinnerAlibs(14326): 2025-06-20-11-37 bill set SYNCWORD MafiaAc3spdif_write_packet 365
11-05 11:33:45.747 E/AllwinnerAlibs(14326): 2025-06-20-11-37 MafiaAc3spdif_write_packet 393 re = 6144
11-05 11:33:45.747 E/ac3_decInternal(14326): 2025-06-20-11-37 EAC3frame_PassThrough end OutBuffLen 6144
11-05 11:33:45.747 E/ac3_decInternal(14326): 2025-06-20-11-37 EAC3frame_PassThrough begin
11-05 11:33:45.747 E/AllwinnerAlibs(14326): 2025-06-20-11-37 MafiaAc3spdif_write_header
11-05 11:33:45.747 E/AllwinnerAlibs(14326): 2025-06-20-11-37 MafiaAc3spdif_write_packet
11-05 11:33:45.747 E/AllwinnerAlibs(14326): 2025-06-20-11-37 spdif_header_ac3
11-05 11:33:45.747 E/AllwinnerAlibs(14326): 2025-06-20-11-37 bill set SYNCWORD MafiaAc3spdif_write_packet 365
11-05 11:33:45.747 E/AllwinnerAlibs(14326): 2025-06-20-11-37 MafiaAc3spdif_write_packet 393 re = 6144
11-05 11:33:45.747 E/ac3_decInternal(14326): 2025-06-20-11-37 EAC3frame_PassThrough end OutBuffLen 6144
11-05 11:33:45.748 E/ac3_decInternal(14326): 2025-06-20-11-37 EAC3frame_PassThrough begin
11-05 11:33:45.748 E/AllwinnerAlibs(14326): 2025-06-20-11-37 MafiaAc3spdif_write_header
11-05 11:33:45.748 E/AllwinnerAlibs(14326): 2025-06-20-11-37 MafiaAc3spdif_write_packet
