11-05 11:35:05.853 I/gralloc ( 257): alloc buffer:W:1920 H:1080 S:1920 PL[1920 1080] SZ:8294400 fmt:1 if:0 af:1 usg:20000b00 fg:00000004
11-05 11:35:05.856 I/gralloc ( 257): alloc buffer:W:1920 H:1080 S:1920 PL[1920 1080] SZ:8294400 fmt:1 if:0 af:1 usg:20000b00 fg:00000004
11-05 11:35:05.876 I/cedarc (14326): : not malloc locks
11-05 11:35:05.887 D/MediaPlayerFactory(14326): Initialize getpersist = 0 value=
11-05 11:35:05.889 I/cedarc (14326): : *** ic_version = 0x3301000012011,
11-05 11:35:05.917 E/awplayer(14326): <__FlacParserProbe:1096>: Flac probe failed.
11-05 11:35:05.919 D/TvPipController( 688): onTaskStackChanged()
11-05 11:35:05.929 W/awplayer(14326): : Wav parser : no dice, no valid sequence of frames found.
11-05 11:35:05.929 W/awplayer(14326): : Wav parser : no dice, no valid sequence of frames found.
11-05 11:35:05.930 W/awplayer(14326): : Wav parser : no dice, no valid sequence of frames found.
11-05 11:35:05.930 W/awplayer(14326): : Wav parser : no dice, no valid sequence of frames found.
11-05 11:35:05.930 E/awplayer(14326): <__CafParserProbe:567>: Caf probe failed.
11-05 11:35:05.930 E/awplayer(14326): <__G729ParserProbe:290>: g729 SYNC_WORD probe failed.
11-05 11:35:05.930 W/awplayer(14326): : audio probe fail!!!
11-05 11:35:05.930 I/awplayer(14326): <__AiffParserProbe:805>: wav probe failed.
11-05 11:35:05.930 E/awplayer(14326): <__Id3v2ParserProbe:330>: Probe ID3_header loss sync...
11-05 11:35:05.930 W/awplayer(14326): : Sorry, I don't know what it is!
11-05 11:35:05.930 E/awplayer(14326): : parser creat fail.
11-05 11:35:05.930 E/awplayer(14326): : parser for the source cannot be created. source can be set yet.
11-05 11:35:05.936 I/cedarc (14326): : not malloc locks
11-05 11:35:05.953 D/MediaPlayerFactory(14326): Initialize getpersist = 0 value=
11-05 11:35:05.953 I/cedarc (14326): : *** ic_version = 0x3301000012011,
11-05 11:35:05.959 W/IorapForwardingService( 480): No service published for: iorapd
11-05 11:35:05.970 E/awplayer(14326): <__FlacParserProbe:1096>: Flac probe failed.
11-05 11:35:05.981 W/awplayer(14326): : Wav parser : no dice, no valid sequence of frames found.
11-05 11:35:05.981 W/awplayer(14326): : Wav parser : no dice, no valid sequence of frames found.
11-05 11:35:05.981 W/awplayer(14326): : Wav parser : no dice, no valid sequence of frames found.
11-05 11:35:05.982 W/awplayer(14326): : Wav parser : no dice, no valid sequence of frames found.
11-05 11:35:05.982 W/awplayer(14326): : Wav parser : no dice, no valid sequence of frames found.
11-05 11:35:05.983 W/awplayer(14326): : Wav parser : no dice, no valid sequence of frames found.
11-05 11:35:05.983 W/awplayer(14326): : Wav parser : no dice, no valid sequence of frames found.
11-05 11:35:05.984 E/awplayer(14326): <__CafParserProbe:567>: Caf probe failed.
11-05 11:35:05.984 E/awplayer(14326): <__G729ParserProbe:290>: g729 SYNC_WORD probe failed.
11-05 11:35:05.984 W/awplayer(14326): : audio probe fail!!!
11-05 11:35:05.984 I/awplayer(14326): <__AiffParserProbe:805>: wav probe failed.
11-05 11:35:05.984 E/awplayer(14326): <__Id3v2ParserProbe:330>: Probe ID3_header loss sync...
11-05 11:35:05.984 W/awplayer(14326): : Sorry, I don't know what it is!
11-05 11:35:05.984 E/awplayer(14326): : parser creat fail.
11-05 11:35:05.984 E/awplayer(14326): : parser for the source cannot be created. source can be set yet.
11-05 11:35:05.993 I/cedarc (14326): : not malloc locks
11-05 11:35:06.009 D/MediaPlayerFactory(14326): Initialize getpersist = 0 value=
11-05 11:35:06.010 I/cedarc (14326): : *** ic_version = 0x3301000012011,
11-05 11:35:06.028 E/awplayer(14326): <__FlacParserProbe:1096>: Flac probe failed.
11-05 11:35:06.037 W/awplayer(14326): : Wav parser : no dice, no valid sequence of frames found.
11-05 11:35:06.038 W/awplayer(14326): : Wav parser : no dice, no valid sequence of frames found.
11-05 11:35:06.039 E/awplayer(14326): <__CafParserProbe:567>: Caf probe failed.
11-05 11:35:06.039 E/awplayer(14326): <__G729ParserProbe:290>: g729 SYNC_WORD probe failed.
11-05 11:35:06.039 W/awplayer(14326): : audio probe fail!!!
11-05 11:35:06.039 I/awplayer(14326): <__AiffParserProbe:805>: wav probe failed.
11-05 11:35:06.040 E/awplayer(14326): <__Id3v2ParserProbe:330>: Probe ID3_header loss sync...
11-05 11:35:06.040 W/awplayer(14326): : Sorry, I don't know what it is!
11-05 11:35:06.040 E/awplayer(14326): : parser creat fail.
11-05 11:35:06.040 E/awplayer(14326): : parser for the source cannot be created. source can be set yet.
11-05 11:35:06.048 I/cedarc (14326): : not malloc locks
11-05 11:35:06.062 D/MediaPlayerFactory(14326): Initialize getpersist = 0 value=
11-05 11:35:06.063 I/cedarc (14326): : *** ic_version = 0x3301000012011,
11-05 11:35:06.080 E/awplayer(14326): <__FlacParserProbe:1096>: Flac probe failed.
11-05 11:35:06.093 W/awplayer(14326): : Wav parser : no dice, no valid sequence of frames found.
11-05 11:35:06.095 E/awplayer(14326): <__CafParserProbe:567>: Caf probe failed.
11-05 11:35:06.095 E/awplayer(14326): <__G729ParserProbe:290>: g729 SYNC_WORD probe failed.
11-05 11:35:06.095 W/awplayer(14326): : audio probe fail!!!
11-05 11:35:06.095 I/awplayer(14326): <__AiffParserProbe:805>: wav probe failed.
11-05 11:35:06.095 E/awplayer(14326): <__Id3v2ParserProbe:330>: Probe ID3_header loss sync...
11-05 11:35:06.095 W/awplayer(14326): : Sorry, I don't know what it is!
11-05 11:35:06.095 E/awplayer(14326): : parser creat fail.
11-05 11:35:06.095 E/awplayer(14326): : parser for the source cannot be created. source can be set yet.
11-05 11:35:06.102 I/cedarc (14326): : not malloc locks
11-05 11:35:06.104 W/AudioManager( 4556): Use of stream types is deprecated for operations other than volume control
11-05 11:35:06.108 W/AudioManager( 4556): See the documentation of requestAudioFocus() for what to use instead with android.media.AudioAttributes to qualify your playback use case
11-05 11:35:06.110 I/MediaFocusControl( 480): requestAudioFocus() from uid/pid 10042/4556 AA=USAGE_MEDIA/CONTENT_TYPE_MUSIC clientId=android.media.AudioManager@5283ea7 callingPack=com.dangbei.lerad.videoposter req=1 flags=0x0 sdk=26
11-05 11:35:06.111 I/AudioService.FadeOutManager( 480): unfadeOutUid() uid:10042
11-05 11:35:06.112 W/System.err( 4556): java.lang.Exception: you should init first
11-05 11:35:06.113 W/System.err( 4556): at com.dangbei.alps.AlpsManager.check(AlpsManager.java:315)
11-05 11:35:06.113 W/System.err( 4556): at com.dangbei.alps.AlpsManager.onResume(AlpsManager.java:240)
11-05 11:35:06.113 W/System.err( 4556): at com.dangbei.leradplayer.activity.PlayerActivity.onResume(PlayerActivity.java:658)
11-05 11:35:06.113 W/System.err( 4556): at android.app.Instrumentation.callActivityOnResume(Instrumentation.java:1476)
11-05 11:35:06.113 W/System.err( 4556): at android.app.Activity.performResume(Activity.java:8190)
11-05 11:35:06.113 W/System.err( 4556): at android.app.ActivityThread.performResumeActivity(ActivityThread.java:4747)
11-05 11:35:06.113 W/System.err( 4556): at android.app.ActivityThread.handleResumeActivity(ActivityThread.java:4790)
11-05 11:35:06.113 W/System.err( 4556): at android.app.servertransaction.ResumeActivityItem.execute(ResumeActivityItem.java:54)
11-05 11:35:06.113 W/System.err( 4556): at android.app.servertransaction.ActivityTransactionItem.execute(ActivityTransactionItem.java:45)
11-05 11:35:06.113 W/System.err( 4556): at android.app.servertransaction.TransactionExecutor.executeLifecycleState(TransactionExecutor.java:176)
11-05 11:35:06.113 W/System.err( 4556): at android.app.servertransaction.TransactionExecutor.execute(TransactionExecutor.java:97)
11-05 11:35:06.113 W/System.err( 4556): at android.app.ActivityThread$H.handleMessage(ActivityThread.java:2210)
11-05 11:35:06.113 W/System.err( 4556): at android.os.Handler.dispatchMessage(Handler.java:106)
11-05 11:35:06.113 W/System.err( 4556): at android.os.Looper.loopOnce(Looper.java:201)
11-05 11:35:06.113 W/System.err( 4556): at android.os.Looper.loop(Looper.java:288)
11-05 11:35:06.113 W/System.err( 4556): at android.app.ActivityThread.main(ActivityThread.java:7854)
11-05 11:35:06.113 W/System.err( 4556): at java.lang.reflect.Method.invoke(Native Method)
11-05 11:35:06.113 W/System.err( 4556): at com.android.internal.os.RuntimeInit$MethodAndArgsCaller.run(RuntimeInit.java:548)
11-05 11:35:06.113 W/System.err( 4556): at com.android.internal.os.ZygoteInit.main(ZygoteInit.java:1182)
11-05 11:35:06.114 D/MediaPlayerFactory(14326): Initialize getpersist = 0 value=
11-05 11:35:06.115 I/cedarc (14326): : *** ic_version = 0x3301000012011,
11-05 11:35:06.120 W/WindowManager( 480): Failed looking up window session=Session{2870cc2 4556:u0a10042} callers=com.android.server.wm.WindowManagerService.windowForClientLocked:5702 com.android.server.wm.Session.insetsModified:629 android.view.IWindowSession$Stub.onTransact:1151
11-05 11:35:06.134 E/awplayer(14326): <__FlacParserProbe:1096>: Flac probe failed.
11-05 11:35:06.145 W/awplayer(14326): : Wav parser : no dice, no valid sequence of frames found.
11-05 11:35:06.147 W/awplayer(14326): : Wav parser : no dice, no valid sequence of frames found.
11-05 11:35:06.148 E/awplayer(14326): <__CafParserProbe:567>: Caf probe failed.
11-05 11:35:06.148 E/awplayer(14326): <__G729ParserProbe:290>: g729 SYNC_WORD probe failed.
11-05 11:35:06.148 W/awplayer(14326): : audio probe fail!!!
11-05 11:35:06.148 I/awplayer(14326): <__AiffParserProbe:805>: wav probe failed.
11-05 11:35:06.148 E/awplayer(14326): <__Id3v2ParserProbe:330>: Probe ID3_header loss sync...
11-05 11:35:06.148 W/awplayer(14326): : Sorry, I don't know what it is!
11-05 11:35:06.148 E/awplayer(14326): : parser creat fail.
11-05 11:35:06.148 E/awplayer(14326): : parser for the source cannot be created. source can be set yet.
11-05 11:35:06.153 I/cedarc (14326): : not malloc locks
11-05 11:35:06.161 W/MediaProvider( 1056): isAppCloneUserPair for user -1: false
11-05 11:35:06.161 I/gralloc ( 257): alloc buffer:W:1920 H:1080 S:1920 PL[1920 1080] SZ:8294400 fmt:1 if:0 af:1 usg:20000b00 fg:00000004
11-05 11:35:06.174 W/MediaProvider( 1056): isAppCloneUserPair for user -1: false
11-05 11:35:06.182 I/gralloc ( 257): alloc buffer:W:1920 H:1080 S:1920 PL[1920 1080] SZ:8294400 fmt:1 if:0 af:1 usg:20000b00 fg:00000004
11-05 11:35:06.184 W/MediaProvider( 1056): isAppCloneUserPair for user -1: false
11-05 11:35:06.186 D/StartingSurfaceDrawer( 688): Task start finish, remove starting surface for task 56
11-05 11:35:06.187 V/StartingSurfaceDrawer( 688): Removing splash screen window for task: 56
11-05 11:35:06.217 I/gralloc ( 257): alloc buffer:W:1920 H:1080 S:1920 PL[1920 1080] SZ:8294400 fmt:1 if:0 af:1 usg:20000b00 fg:00000004
11-05 11:35:06.220 I/DefaultIMS( 3502): onStartInput attribute=android.view.inputmethod.EditorInfo@1a85c8b restarting=false inputType: 0
11-05 11:35:06.254 I/ActivityTaskManager( 480): +++Displayed com.dangbei.lerad.videoposter/com.dangbei.leradplayer.activity.PlayerActivity: +420ms
11-05 11:35:06.268 I/AW_PowerHAL( 263): Power setMode: LAUNCH to: 0
11-05 11:35:06.273 I/AW_PowerHAL( 263): cur-mode:SCHEDUTIL
11-05 11:35:06.278 W/MediaProvider( 1056): isAppCloneUserPair for user -1: false
11-05 11:35:06.301 W/MediaProvider( 1056): isAppCloneUserPair for user -1: false
11-05 11:35:06.325 W/MediaProvider( 1056): isAppCloneUserPair for user -1: false
11-05 11:35:06.333 I/gralloc ( 257): alloc buffer:W:860 H:760 S:864 PL[860 760] SZ:2626560 fmt:1 if:0 af:1 usg:20000b00 fg:00000004
11-05 11:35:06.336 I/gralloc ( 257): alloc buffer:W:860 H:760 S:864 PL[860 760] SZ:2626560 fmt:1 if:0 af:1 usg:20000b00 fg:00000004
11-05 11:35:06.337 I/gralloc ( 257): alloc buffer:W:860 H:760 S:864 PL[860 760] SZ:2626560 fmt:1 if:0 af:1 usg:20000b00 fg:00000004
11-05 11:35:06.354 W/MediaProvider( 1056): isAppCloneUserPair for user -1: false
11-05 11:35:06.377 W/MediaProvider( 1056): isAppCloneUserPair for user -1: false
11-05 11:35:06.390 I/DefaultIMS( 3502): onStartInput attribute=android.view.inputmethod.EditorInfo@f63f168 restarting=false inputType: 0
11-05 11:35:06.409 W/MediaProvider( 1056): isAppCloneUserPair for user -1: false
11-05 11:35:06.441 W/MediaProvider( 1056): isAppCloneUserPair for user -1: false
11-05 11:35:06.554 W/InputManager-JNI( 480): Input channel object '95b43a3 Splash Screen com.dangbei.lerad.videoposter (client)' was disposed without first being removed with the input manager!
11-05 11:35:06.611 D/MediaPlayerFactory(14326): Initialize getpersist = 0 value=
11-05 11:35:06.616 I/cedarc (14326): : *** ic_version = 0x3301000012011,
11-05 11:35:06.633 D/hdmi-cec( 265): receive invalid cec message!
11-05 11:35:06.634 D/hdmi-cec( 265): receive poll message [04], skip!
11-05 11:35:06.700 I/awplayer(14326): : Flag Not Zero
11-05 11:35:06.790 I/cedarc (14326): : not malloc locks
11-05 11:35:06.843 D/MediaPlayerFactory(14326): Initialize getpersist = 0 value=
11-05 11:35:06.843 I/cedarc (14326): : *** ic_version = 0x3301000012011,
11-05 11:35:06.845 I/BLEAudioDrive_HV410( 248): data len: 9 1
11-05 11:35:06.845 D/TvWindowManager( 480): key event key = KEYCODE_DPAD_CENTER down = true
11-05 11:35:06.854 D/AudioAnalytics( 351): gc(1700, 2000): log size:1700 item map size:40, item map items:1700
11-05 11:35:06.854 D/GpioService( 480): mFlickerEnable = true
11-05 11:35:06.861 I/awplayer(14326): : Flag Not Zero
11-05 11:35:06.875 I/cedarc (14326): : not malloc locks
11-05 11:35:06.892 D/MediaPlayerFactory(14326): Initialize getpersist = 0 value=
11-05 11:35:06.892 I/cedarc (14326): : *** ic_version = 0x3301000012011,
11-05 11:35:06.905 I/awplayer(14326): : Flag Not Zero
11-05 11:35:06.917 I/cedarc (14326): : not malloc locks
11-05 11:35:06.935 D/MediaPlayerFactory(14326): Initialize getpersist = 0 value=
11-05 11:35:06.936 I/cedarc (14326): : *** ic_version = 0x3301000012011,
11-05 11:35:06.951 I/awplayer(14326): : Flag Not Zero
11-05 11:35:06.961 W/IorapForwardingService( 480): No service published for: iorapd
11-05 11:35:06.966 I/cedarc (14326): : not malloc locks
11-05 11:35:06.982 D/MediaPlayerFactory(14326): Initialize getpersist = 0 value=
11-05 11:35:06.983 I/cedarc (14326): : *** ic_version = 0x3301000012011,
11-05 11:35:06.991 D/TvWindowManager( 480): key event key = KEYCODE_DPAD_CENTER down = false
11-05 11:35:06.992 I/BLEAudioDrive_HV410( 248): data len: 9 1
11-05 11:35:06.992 I/BLEAudioDrive_HV410( 248): keyboard stop
11-05 11:35:06.997 I/awplayer(14326): : Flag Not Zero
11-05 11:35:06.999 D/GpioService( 480): mFlickerEnable = true
11-05 11:35:07.001 I/SogouIME( 3502): onKeyDown: keyoCode=23
11-05 11:35:07.001 I/DefaultIMS( 3502): onKeyDown: keyoCode=23
11-05 11:35:07.006 I/SogouIME( 3502): onKeyUp: keyoCode=23
11-05 11:35:07.006 I/DefaultIMS( 3502): onKeyUp: keyoCode=23
11-05 11:35:07.009 V/MediaPlayer( 4556): resetDrmState: mDrmInfo=null mDrmProvisioningThread=null mPrepareDrmInProgress=false mActiveDrmScheme=false
11-05 11:35:07.010 V/MediaPlayer( 4556): cleanDrmObj: mDrmObj=null mDrmSessionId=null
11-05 11:35:07.019 W/MediaProvider( 1056): Failed to fetch original file descriptor
11-05 11:35:07.019 W/MediaProvider( 1056): java.io.FileNotFoundException: Input file descriptor is already original
11-05 11:35:07.019 W/MediaProvider( 1056): at com.android.providers.media.MediaProvider.getOriginalMediaFormatFileDescriptor(MediaProvider.java:5774)
11-05 11:35:07.019 W/MediaProvider( 1056): at com.android.providers.media.MediaProvider.openTypedAssetFileCommon(MediaProvider.java:7190)
11-05 11:35:07.019 W/MediaProvider( 1056): at com.android.providers.media.MediaProvider.openTypedAssetFile(MediaProvider.java:7171)
11-05 11:35:07.019 W/MediaProvider( 1056): at android.content.ContentProvider$Transport.openTypedAssetFile(ContentProvider.java:548)
11-05 11:35:07.019 W/MediaProvider( 1056): at android.content.ContentProviderNative.onTransact(ContentProviderNative.java:327)
11-05 11:35:07.019 W/MediaProvider( 1056): at android.os.Binder.execTransactInternal(Binder.java:1179)
11-05 11:35:07.019 W/MediaProvider( 1056): at android.os.Binder.execTransact(Binder.java:1143)
11-05 11:35:07.038 D/MediaPlayerFactory(14326): Initialize getpersist = 0 value=
11-05 11:35:07.043 I/awplayer(14326): : process message XPLAYER_COMMAND_SET_SOURCE.
11-05 11:35:07.053 I/cedarc (14326): : not malloc locks
11-05 11:35:07.104 D/MediaPlayerFactory(14326): Initialize getpersist = 0 value=
11-05 11:35:07.105 I/cedarc (14326): : *** ic_version = 0x3301000012011,
11-05 11:35:07.111 W/awplayer(14326): : Set log level to 4
11-05 11:35:07.112 E/cedarc (14326): : now cedarc log level:4
11-05 11:35:07.112 I/cedarc (14326): : CreateVideoDecoder p:0xf466b380
11-05 11:35:07.112 I/cedarc (14326): : *** ic_version = 0x3301000012011,
11-05 11:35:07.116 W/VE (17467): VE real_freq=648000000
11-05 11:35:07.125 D/SurfaceUtils(14326): connecting to surface 0xf4678408, reason setVideoSurfaceTexture
11-05 11:35:07.128 I/awplayer(14326): : xxxxxxxxxx video size: width = 1440, height = 1080
11-05 11:35:07.129 I/awplayer(14326): : Flag Not Zero
11-05 11:35:07.135 W/InputManager-JNI( 480): Input channel object '4bb4f83 com.dangbei.lerad.videoposter/com.dangbei.leradplayer.activity.PlayerActivity (client)' was disposed without first being removed with the input manager!
11-05 11:35:07.148 W/InputEventReceiver( 4556): Attempted to finish an input event but the input event receiver has already been disposed.
11-05 11:35:07.150 I/awplayer(14326): : isPlaying
11-05 11:35:07.160 D/Allwinner Audio Middle Layer(14326): ver : 2017-8-4-18-00 Create Decoder!!=====
11-05 11:35:07.160 D/Allwinner Audio Middle Layer(14326): ver : 2017-8-4-18-00 AudioDec_Installaudiolib ok
11-05 11:35:07.160 D/Allwinner Audio Middle Layer(14326): ver : 2017-8-4-18-00 audio decoder init start ...
11-05 11:35:07.160 D/AllwinnerAlibs(14326): ver : 2017-8-4-18-00
11-05 11:35:07.160 D/AllwinnerAlibs(14326): >>>>>>>>>>>>>>>>>>>>>>>>>>>>>>> Audio <<<<<<<<<<<<<<<<<<<<<<<<<<<<<<<
11-05 11:35:07.160 D/AllwinnerAlibs(14326): tag : audiocodec-v1.2
11-05 11:35:07.160 D/AllwinnerAlibs(14326): branch: new
11-05 11:35:07.160 D/AllwinnerAlibs(14326): commit: 3ba65962c01cbf1280ddda19d843009b6ef8ce85
11-05 11:35:07.160 D/AllwinnerAlibs(14326): date : Tue Jan 8 16:25:27 2019 +0800
11-05 11:35:07.160 D/AllwinnerAlibs(14326): ----------------------------------------------------------------------
11-05 11:35:07.161 D/AllwinnerAlibs(14326): ver : 2017-8-4-18-00 ----Loading so success!
11-05 11:35:07.162 D/AllwinnerAlibs(14326): ver : 2017-8-4-18-00 *************pAudioStreamInfo start******************
11-05 11:35:07.162 D/AllwinnerAlibs(14326): ver : 2017-8-4-18-00 eCodecFormat :id(5), name(dolby audio)
11-05 11:35:07.162 D/AllwinnerAlibs(14326): ver : 2017-8-4-18-00 eSubCodecFormat :0
11-05 11:35:07.162 D/AllwinnerAlibs(14326): ver : 2017-8-4-18-00 nChannelNum :8
11-05 11:35:07.162 D/AllwinnerAlibs(14326): ver : 2017-8-4-18-00 nBitsPerSample :16
11-05 11:35:07.162 D/AllwinnerAlibs(14326): ver : 2017-8-4-18-00 nSampleRate :96000
11-05 11:35:07.162 D/AllwinnerAlibs(14326): ver : 2017-8-4-18-00 nAvgBitrate :0
11-05 11:35:07.162 D/AllwinnerAlibs(14326): ver : 2017-8-4-18-00 nMaxBitRate :0
11-05 11:35:07.162 D/AllwinnerAlibs(14326): ver : 2017-8-4-18-00 nFileSize :0
11-05 11:35:07.162 D/AllwinnerAlibs(14326): ver : 2017-8-4-18-00 eAudioBitstreamSource:0
11-05 11:35:07.162 D/AllwinnerAlibs(14326): ver : 2017-8-4-18-00 eDataEncodeType :1
11-05 11:35:07.162 D/AllwinnerAlibs(14326): ver : 2017-8-4-18-00 nCodecSpecificDataLen:0
11-05 11:35:07.162 D/AllwinnerAlibs(14326): ver : 2017-8-4-18-00 pCodecSpecificData :0x0
11-05 11:35:07.162 D/AllwinnerAlibs(14326): ver : 2017-8-4-18-00 nFlags :0
11-05 11:35:07.162 D/AllwinnerAlibs(14326): ver : 2017-8-4-18-00 nBlockAlign :0
11-05 11:35:07.162 D/AllwinnerAlibs(14326): ver : 2017-8-4-18-00 *************pAudioStreamInfo end ******************
11-05 11:35:07.163 D/Ac3 Decoder(14326): 2025-06-20-11-37 init successs...
11-05 11:35:07.163 D/Allwinner Audio Middle Layer(14326): ver : 2017-8-4-18-00 AUDIO DECODE INIT OK...0
11-05 11:35:07.164 D/Alib_edid_parser(14326): 2025-06-20-11-37 check audio code error!
11-05 11:35:07.164 D/Alib_edid_parser(14326): 2025-06-20-11-37 check audio code error!
11-05 11:35:07.164 D/Alib_edid_parser(14326): 2025-06-20-11-37 check audio code error!
11-05 11:35:07.164 D/Alib_edid_parser(14326): 2025-06-20-11-37 Normal pcm is not supported
11-05 11:35:07.164 D/Alib_edid_parser(14326): 2025-06-20-11-37 Dolby-core 5.1 channel is supported
11-05 11:35:07.164 D/Alib_edid_parser(14326): 2025-06-20-11-37 Dolby truehd 7.1 channel is not supported
11-05 11:35:07.164 D/Alib_edid_parser(14326): 2025-06-20-11-37 Dts-core 5.1 channel is supported
11-05 11:35:07.164 D/Alib_edid_parser(14326): 2025-06-20-11-37 Dts-hdma master 7.1 channel is not supported
11-05 11:35:07.164 D/Alib_edid_parser(14326): 2025-06-20-11-37 WmaPro is not supported
11-05 11:35:07.164 D/Alib_edid_parser(14326): 2025-06-20-11-37 check audio code error!
11-05 11:35:07.164 E/ac3_decInternal(14326): 2025-06-20-11-37 EAC3frameDec score 5
11-05 11:35:07.165 D/Alib_edid_parser(14326): 2025-06-20-11-37 check audio code error!
11-05 11:35:07.165 D/Alib_edid_parser(14326): 2025-06-20-11-37 check audio code error!
11-05 11:35:07.165 D/Alib_edid_parser(14326): 2025-06-20-11-37 check audio code error!
11-05 11:35:07.165 D/Alib_edid_parser(14326): 2025-06-20-11-37 Normal pcm is not supported
11-05 11:35:07.165 D/Alib_edid_parser(14326): 2025-06-20-11-37 Dolby-core 5.1 channel is supported
11-05 11:35:07.165 D/Alib_edid_parser(14326): 2025-06-20-11-37 Dolby truehd 7.1 channel is not supported
11-05 11:35:07.165 D/Alib_edid_parser(14326): 2025-06-20-11-37 Dts-core 5.1 channel is supported
11-05 11:35:07.165 D/Alib_edid_parser(14326): 2025-06-20-11-37 Dts-hdma master 7.1 channel is not supported
11-05 11:35:07.165 D/Alib_edid_parser(14326): 2025-06-20-11-37 WmaPro is not supported
11-05 11:35:07.165 D/Alib_edid_parser(14326): 2025-06-20-11-37 check audio code error!
11-05 11:35:07.165 E/ac3_decInternal(14326): 2025-06-20-11-37 EAC3frameDec score 5
11-05 11:35:07.166 I/awplayer(14326): : audio render process start message.
11-05 11:35:07.166 W/awplayer(14326): : message 0x40a not handled.
11-05 11:35:07.166 I/awplayer(14326): : audio render process pause message.
11-05 11:35:07.166 W/awplayer(14326): <__SdPause:622>: Invalid pause operation, sound device not in start status.
11-05 11:35:07.168 I/awplayer(14326): : audio render process reset message.
11-05 11:35:07.176 D/MediaPlayerFactory(14326): Initialize getpersist = 0 value=
11-05 11:35:07.180 D/Alib_edid_parser(14326): 2025-06-20-11-37 check audio code error!
11-05 11:35:07.180 I/awplayer(14326): : audio render process start message.
11-05 11:35:07.181 D/Alib_edid_parser(14326): 2025-06-20-11-37 check audio code error!
11-05 11:35:07.181 D/Alib_edid_parser(14326): 2025-06-20-11-37 check audio code error!
11-05 11:35:07.181 D/Alib_edid_parser(14326): 2025-06-20-11-37 Normal pcm is not supported
11-05 11:35:07.181 D/Alib_edid_parser(14326): 2025-06-20-11-37 Dolby-core 5.1 channel is supported
11-05 11:35:07.181 D/Alib_edid_parser(14326): 2025-06-20-11-37 Dolby truehd 7.1 channel is not supported
11-05 11:35:07.181 D/Alib_edid_parser(14326): 2025-06-20-11-37 Dts-core 5.1 channel is supported
11-05 11:35:07.181 D/Alib_edid_parser(14326): 2025-06-20-11-37 Dts-hdma master 7.1 channel is not supported
11-05 11:35:07.181 D/Alib_edid_parser(14326): 2025-06-20-11-37 WmaPro is not supported
11-05 11:35:07.181 D/Alib_edid_parser(14326): 2025-06-20-11-37 check audio code error!
11-05 11:35:07.181 E/ac3_decInternal(14326): 2025-06-20-11-37 EAC3frameDec score 5
11-05 11:35:07.182 D/Alib_edid_parser(14326): 2025-06-20-11-37 check audio code error!
11-05 11:35:07.183 D/Alib_edid_parser(14326): 2025-06-20-11-37 check audio code error!
11-05 11:35:07.183 D/Alib_edid_parser(14326): 2025-06-20-11-37 check audio code error!
11-05 11:35:07.183 D/Alib_edid_parser(14326): 2025-06-20-11-37 Normal pcm is not supported
11-05 11:35:07.183 D/Alib_edid_parser(14326): 2025-06-20-11-37 Dolby-core 5.1 channel is supported
11-05 11:35:07.183 D/Alib_edid_parser(14326): 2025-06-20-11-37 Dolby truehd 7.1 channel is not supported
11-05 11:35:07.183 D/Alib_edid_parser(14326): 2025-06-20-11-37 Dts-core 5.1 channel is supported
11-05 11:35:07.183 D/Alib_edid_parser(14326): 2025-06-20-11-37 Dts-hdma master 7.1 channel is not supported
11-05 11:35:07.183 D/Alib_edid_parser(14326): 2025-06-20-11-37 WmaPro is not supported
11-05 11:35:07.183 D/Alib_edid_parser(14326): 2025-06-20-11-37 check audio code error!
11-05 11:35:07.183 E/ac3_decInternal(14326): 2025-06-20-11-37 EAC3frameDec score 5
11-05 11:35:07.183 D/Alib_edid_parser(14326): 2025-06-20-11-37 check audio code error!
11-05 11:35:07.183 D/Alib_edid_parser(14326): 2025-06-20-11-37 check audio code error!
11-05 11:35:07.183 D/Alib_edid_parser(14326): 2025-06-20-11-37 check audio code error!
11-05 11:35:07.183 D/Alib_edid_parser(14326): 2025-06-20-11-37 Normal pcm is not supported
11-05 11:35:07.183 D/Alib_edid_parser(14326): 2025-06-20-11-37 Dolby-core 5.1 channel is supported
11-05 11:35:07.183 D/Alib_edid_parser(14326): 2025-06-20-11-37 Dolby truehd 7.1 channel is not supported
11-05 11:35:07.183 D/Alib_edid_parser(14326): 2025-06-20-11-37 Dts-core 5.1 channel is supported
11-05 11:35:07.183 D/Alib_edid_parser(14326): 2025-06-20-11-37 Dts-hdma master 7.1 channel is not supported
11-05 11:35:07.183 D/Alib_edid_parser(14326): 2025-06-20-11-37 WmaPro is not supported
11-05 11:35:07.183 D/Alib_edid_parser(14326): 2025-06-20-11-37 check audio code error!
11-05 11:35:07.183 E/ac3_decInternal(14326): 2025-06-20-11-37 EAC3frameDec score 5
11-05 11:35:07.190 D/AudioFlinger( 270): Client defaulted notificationFrames to 5222 for frameCount 10445
11-05 11:35:07.190 I/awplayer(14326): : Flag Not Zero
11-05 11:35:07.193 D/AF::TrackHandle( 270): OpPlayAudio: track:140 usage:1 not muted
11-05 11:35:07.202 I/awplayer(14326): : isPlaying
11-05 11:35:07.214 I/DefaultIMS( 3502): onStartInput attribute=android.view.inputmethod.EditorInfo@f8ba981 restarting=false inputType: 0
11-05 11:35:07.219 I/EffectsFactory( 248): EffectCreate() create_effect
11-05 11:35:07.225 E/EffectHalHidl( 270): Buffer provider callbacks are not supported
11-05 11:35:07.229 I/awplayer(14326): : isPlaying
11-05 11:35:07.242 D/Alib_edid_parser(14326): 2025-06-20-11-37 check audio code error!
11-05 11:35:07.246 D/Alib_edid_parser(14326): 2025-06-20-11-37 check audio code error!
11-05 11:35:07.247 D/Alib_edid_parser(14326): 2025-06-20-11-37 check audio code error!
11-05 11:35:07.247 D/Alib_edid_parser(14326): 2025-06-20-11-37 Normal pcm is not supported
11-05 11:35:07.247 D/Alib_edid_parser(14326): 2025-06-20-11-37 Dolby-core 5.1 channel is supported
11-05 11:35:07.247 D/Alib_edid_parser(14326): 2025-06-20-11-37 Dolby truehd 7.1 channel is not supported
11-05 11:35:07.247 D/Alib_edid_parser(14326): 2025-06-20-11-37 Dts-core 5.1 channel is supported
11-05 11:35:07.247 D/Alib_edid_parser(14326): 2025-06-20-11-37 Dts-hdma master 7.1 channel is not supported
11-05 11:35:07.248 D/Alib_edid_parser(14326): 2025-06-20-11-37 WmaPro is not supported
11-05 11:35:07.248 D/Alib_edid_parser(14326): 2025-06-20-11-37 check audio code error!
11-05 11:35:07.249 E/ac3_decInternal(14326): 2025-06-20-11-37 EAC3frameDec score 5
11-05 11:35:07.252 W/awplayer(14326): : submit +++video+++ stream data , pts is 41108.000 ms
11-05 11:35:07.254 W/awplayer(14326): : submit ---audio--- stream data , pts is 41108.000 ms
11-05 11:35:07.261 I/cedarc (14326): : Video Stream Information:
11-05 11:35:07.261 I/cedarc (14326): : codec = H264
11-05 11:35:07.261 I/cedarc (14326): : width = 1440 pixels
11-05 11:35:07.261 I/cedarc (14326): : height = 1080 pixels
11-05 11:35:07.261 I/cedarc (14326): : frame rate = 59941
11-05 11:35:07.261 I/cedarc (14326): : frame duration = 0 us
11-05 11:35:07.261 I/cedarc (14326): : aspect ratio = 0
11-05 11:35:07.261 I/cedarc (14326): : is 3D stream = no
11-05 11:35:07.261 I/cedarc (14326): : Video Stream Information:
11-05 11:35:07.261 I/cedarc (14326): : codec = H264
11-05 11:35:07.261 I/cedarc (14326): : width = 1440 pixels
11-05 11:35:07.261 I/cedarc (14326): : height = 1080 pixels
11-05 11:35:07.261 I/cedarc (14326): : frame rate = 59941
11-05 11:35:07.261 I/cedarc (14326): : frame duration = 0 us
11-05 11:35:07.261 I/cedarc (14326): : aspect ratio = 0
11-05 11:35:07.261 I/cedarc (14326): : is 3D stream = no
11-05 11:35:07.261 W/awplayer(14326): : do not need open deinterlace, video_size-1440x1080 > threshold_size-2048x1088! rate =59941!
11-05 11:35:07.263 I/gralloc ( 257): alloc buffer:W:1440 H:1088 S:1440 PL[1440 1088] SZ:2350144 fmt:842094169 if:0 af:842094169 usg:410960 fg:00000004
11-05 11:35:07.265 W/[Gralloc-Warning](14326): mali_gralloc_lock:288 Buffers with YUV compatible formats should be locked using GRALLOC1_FUNCTION_LOCK_FLEX. Requested format is:0x32315659
11-05 11:35:07.266 I/gralloc ( 257): alloc buffer:W:1440 H:1088 S:1440 PL[1440 1088] SZ:2350144 fmt:842094169 if:0 af:842094169 usg:410960 fg:00000004
11-05 11:35:07.267 W/[Gralloc-Warning](14326): mali_gralloc_lock:288 Buffers with YUV compatible formats should be locked using GRALLOC1_FUNCTION_LOCK_FLEX. Requested format is:0x32315659
11-05 11:35:07.268 D/Alib_edid_parser(14326): 2025-06-20-11-37 check audio code error!
11-05 11:35:07.268 D/Alib_edid_parser(14326): 2025-06-20-11-37 check audio code error!
11-05 11:35:07.268 I/gralloc ( 257): alloc buffer:W:1440 H:1088 S:1440 PL[1440 1088] SZ:2350144 fmt:842094169 if:0 af:842094169 usg:410960 fg:00000004
11-05 11:35:07.268 D/Alib_edid_parser(14326): 2025-06-20-11-37 check audio code error!
11-05 11:35:07.268 D/Alib_edid_parser(14326): 2025-06-20-11-37 Normal pcm is not supported
11-05 11:35:07.268 D/Alib_edid_parser(14326): 2025-06-20-11-37 Dolby-core 5.1 channel is supported
11-05 11:35:07.268 D/Alib_edid_parser(14326): 2025-06-20-11-37 Dolby truehd 7.1 channel is not supported
11-05 11:35:07.268 D/Alib_edid_parser(14326): 2025-06-20-11-37 Dts-core 5.1 channel is supported
11-05 11:35:07.268 D/Alib_edid_parser(14326): 2025-06-20-11-37 Dts-hdma master 7.1 channel is not supported
11-05 11:35:07.268 D/Alib_edid_parser(14326): 2025-06-20-11-37 WmaPro is not supported
11-05 11:35:07.269 D/Alib_edid_parser(14326): 2025-06-20-11-37 check audio code error!
11-05 11:35:07.269 E/ac3_decInternal(14326): 2025-06-20-11-37 EAC3frameDec score 5
11-05 11:35:07.269 D/Alib_edid_parser(14326): 2025-06-20-11-37 check audio code error!
11-05 11:35:07.269 W/[Gralloc-Warning](14326): mali_gralloc_lock:288 Buffers with YUV compatible formats should be locked using GRALLOC1_FUNCTION_LOCK_FLEX. Requested format is:0x32315659
11-05 11:35:07.269 D/Alib_edid_parser(14326): 2025-06-20-11-37 check audio code error!
11-05 11:35:07.269 D/Alib_edid_parser(14326): 2025-06-20-11-37 check audio code error!
11-05 11:35:07.269 D/Alib_edid_parser(14326): 2025-06-20-11-37 Normal pcm is not supported
11-05 11:35:07.269 D/Alib_edid_parser(14326): 2025-06-20-11-37 Dolby-core 5.1 channel is supported
11-05 11:35:07.269 D/Alib_edid_parser(14326): 2025-06-20-11-37 Dolby truehd 7.1 channel is not supported
11-05 11:35:07.269 D/Alib_edid_parser(14326): 2025-06-20-11-37 Dts-core 5.1 channel is supported
11-05 11:35:07.269 D/Alib_edid_parser(14326): 2025-06-20-11-37 Dts-hdma master 7.1 channel is not supported
11-05 11:35:07.269 D/Alib_edid_parser(14326): 2025-06-20-11-37 WmaPro is not supported
11-05 11:35:07.270 D/Alib_edid_parser(14326): 2025-06-20-11-37 check audio code error!
11-05 11:35:07.270 E/ac3_decInternal(14326): 2025-06-20-11-37 EAC3frameDec score 5
11-05 11:35:07.270 D/Alib_edid_parser(14326): 2025-06-20-11-37 check audio code error!
11-05 11:35:07.270 D/Alib_edid_parser(14326): 2025-06-20-11-37 check audio code error!
11-05 11:35:07.270 I/gralloc ( 257): alloc buffer:W:1440 H:1088 S:1440 PL[1440 1088] SZ:2350144 fmt:842094169 if:0 af:842094169 usg:410960 fg:00000004
11-05 11:35:07.270 D/Alib_edid_parser(14326): 2025-06-20-11-37 check audio code error!
11-05 11:35:07.270 D/Alib_edid_parser(14326): 2025-06-20-11-37 Normal pcm is not supported
11-05 11:35:07.270 D/Alib_edid_parser(14326): 2025-06-20-11-37 Dolby-core 5.1 channel is supported
11-05 11:35:07.270 D/Alib_edid_parser(14326): 2025-06-20-11-37 Dolby truehd 7.1 channel is not supported
11-05 11:35:07.270 D/Alib_edid_parser(14326): 2025-06-20-11-37 Dts-core 5.1 channel is supported
11-05 11:35:07.270 D/Alib_edid_parser(14326): 2025-06-20-11-37 Dts-hdma master 7.1 channel is not supported
11-05 11:35:07.270 D/Alib_edid_parser(14326): 2025-06-20-11-37 WmaPro is not supported
11-05 11:35:07.272 W/[Gralloc-Warning](14326): mali_gralloc_lock:288 Buffers with YUV compatible formats should be locked using GRALLOC1_FUNCTION_LOCK_FLEX. Requested format is:0x32315659
11-05 11:35:07.271 D/Alib_edid_parser(14326): 2025-06-20-11-37 check audio code error!
11-05 11:35:07.272 E/ac3_decInternal(14326): 2025-06-20-11-37 EAC3frameDec score 5
11-05 11:35:07.273 D/Alib_edid_parser(14326): 2025-06-20-11-37 check audio code error!
11-05 11:35:07.273 I/gralloc ( 257): alloc buffer:W:1440 H:1088 S:1440 PL[1440 1088] SZ:2350144 fmt:842094169 if:0 af:842094169 usg:410960 fg:00000004
11-05 11:35:07.274 D/Alib_edid_parser(14326): 2025-06-20-11-37 check audio code error!
11-05 11:35:07.275 D/Alib_edid_parser(14326): 2025-06-20-11-37 check audio code error!
11-05 11:35:07.275 D/Alib_edid_parser(14326): 2025-06-20-11-37 Normal pcm is not supported
11-05 11:35:07.275 D/Alib_edid_parser(14326): 2025-06-20-11-37 Dolby-core 5.1 channel is supported
11-05 11:35:07.275 W/[Gralloc-Warning](14326): mali_gralloc_lock:288 Buffers with YUV compatible formats should be locked using GRALLOC1_FUNCTION_LOCK_FLEX. Requested format is:0x32315659
11-05 11:35:07.275 D/Alib_edid_parser(14326): 2025-06-20-11-37 Dolby truehd 7.1 channel is not supported
11-05 11:35:07.275 D/Alib_edid_parser(14326): 2025-06-20-11-37 Dts-core 5.1 channel is supported
11-05 11:35:07.275 D/Alib_edid_parser(14326): 2025-06-20-11-37 Dts-hdma master 7.1 channel is not supported
11-05 11:35:07.275 D/Alib_edid_parser(14326): 2025-06-20-11-37 WmaPro is not supported
11-05 11:35:07.275 D/Alib_edid_parser(14326): 2025-06-20-11-37 check audio code error!
11-05 11:35:07.275 E/ac3_decInternal(14326): 2025-06-20-11-37 EAC3frameDec score 5
11-05 11:35:07.276 I/gralloc ( 257): alloc buffer:W:1440 H:1088 S:1440 PL[1440 1088] SZ:2350144 fmt:842094169 if:0 af:842094169 usg:410960 fg:00000004
11-05 11:35:07.276 D/Alib_edid_parser(14326): 2025-06-20-11-37 check audio code error!
11-05 11:35:07.276 D/Alib_edid_parser(14326): 2025-06-20-11-37 check audio code error!
11-05 11:35:07.276 D/Alib_edid_parser(14326): 2025-06-20-11-37 check audio code error!
11-05 11:35:07.276 D/Alib_edid_parser(14326): 2025-06-20-11-37 Normal pcm is not supported
11-05 11:35:07.276 D/Alib_edid_parser(14326): 2025-06-20-11-37 Dolby-core 5.1 channel is supported
11-05 11:35:07.276 D/Alib_edid_parser(14326): 2025-06-20-11-37 Dolby truehd 7.1 channel is not supported
11-05 11:35:07.276 D/Alib_edid_parser(14326): 2025-06-20-11-37 Dts-core 5.1 channel is supported
11-05 11:35:07.276 D/Alib_edid_parser(14326): 2025-06-20-11-37 Dts-hdma master 7.1 channel is not supported
11-05 11:35:07.276 D/Alib_edid_parser(14326): 2025-06-20-11-37 WmaPro is not supported
11-05 11:35:07.276 D/Alib_edid_parser(14326): 2025-06-20-11-37 check audio code error!
11-05 11:35:07.276 E/ac3_decInternal(14326): 2025-06-20-11-37 EAC3frameDec score 5
11-05 11:35:07.277 D/Alib_edid_parser(14326): 2025-06-20-11-37 check audio code error!
11-05 11:35:07.277 D/Alib_edid_parser(14326): 2025-06-20-11-37 check audio code error!
11-05 11:35:07.277 D/Alib_edid_parser(14326): 2025-06-20-11-37 check audio code error!
11-05 11:35:07.277 D/Alib_edid_parser(14326): 2025-06-20-11-37 Normal pcm is not supported
11-05 11:35:07.277 D/Alib_edid_parser(14326): 2025-06-20-11-37 Dolby-core 5.1 channel is supported
11-05 11:35:07.277 D/Alib_edid_parser(14326): 2025-06-20-11-37 Dolby truehd 7.1 channel is not supported
11-05 11:35:07.277 D/Alib_edid_parser(14326): 2025-06-20-11-37 Dts-core 5.1 channel is supported
11-05 11:35:07.278 D/Alib_edid_parser(14326): 2025-06-20-11-37 Dts-hdma master 7.1 channel is not supported
11-05 11:35:07.278 D/Alib_edid_parser(14326): 2025-06-20-11-37 WmaPro is not supported
11-05 11:35:07.278 D/Alib_edid_parser(14326): 2025-06-20-11-37 check audio code error!
11-05 11:35:07.278 E/ac3_decInternal(14326): 2025-06-20-11-37 EAC3frameDec score 5
11-05 11:35:07.278 W/[Gralloc-Warning](14326): mali_gralloc_lock:288 Buffers with YUV compatible formats should be locked using GRALLOC1_FUNCTION_LOCK_FLEX. Requested format is:0x32315659
11-05 11:35:07.279 D/Alib_edid_parser(14326): 2025-06-20-11-37 check audio code error!
11-05 11:35:07.279 D/Alib_edid_parser(14326): 2025-06-20-11-37 check audio code error!
11-05 11:35:07.279 D/Alib_edid_parser(14326): 2025-06-20-11-37 check audio code error!
11-05 11:35:07.279 D/Alib_edid_parser(14326): 2025-06-20-11-37 Normal pcm is not supported
11-05 11:35:07.279 D/Alib_edid_parser(14326): 2025-06-20-11-37 Dolby-core 5.1 channel is supported
11-05 11:35:07.279 D/Alib_edid_parser(14326): 2025-06-20-11-37 Dolby truehd 7.1 channel is not supported
11-05 11:35:07.279 D/Alib_edid_parser(14326): 2025-06-20-11-37 Dts-core 5.1 channel is supported
11-05 11:35:07.279 D/Alib_edid_parser(14326): 2025-06-20-11-37 Dts-hdma master 7.1 channel is not supported
11-05 11:35:07.279 D/Alib_edid_parser(14326): 2025-06-20-11-37 WmaPro is not supported
11-05 11:35:07.279 D/Alib_edid_parser(14326): 2025-06-20-11-37 check audio code error!
11-05 11:35:07.279 E/ac3_decInternal(14326): 2025-06-20-11-37 EAC3frameDec score 5
11-05 11:35:07.280 I/gralloc ( 257): alloc buffer:W:1440 H:1088 S:1440 PL[1440 1088] SZ:2350144 fmt:842094169 if:0 af:842094169 usg:410960 fg:00000004
11-05 11:35:07.280 D/Alib_edid_parser(14326): 2025-06-20-11-37 check audio code error!
11-05 11:35:07.280 D/Alib_edid_parser(14326): 2025-06-20-11-37 check audio code error!
11-05 11:35:07.280 D/Alib_edid_parser(14326): 2025-06-20-11-37 check audio code error!
11-05 11:35:07.280 D/Alib_edid_parser(14326): 2025-06-20-11-37 Normal pcm is not supported
11-05 11:35:07.280 D/Alib_edid_parser(14326): 2025-06-20-11-37 Dolby-core 5.1 channel is supported
11-05 11:35:07.280 D/Alib_edid_parser(14326): 2025-06-20-11-37 Dolby truehd 7.1 channel is not supported
11-05 11:35:07.280 D/Alib_edid_parser(14326): 2025-06-20-11-37 Dts-core 5.1 channel is supported
11-05 11:35:07.280 D/Alib_edid_parser(14326): 2025-06-20-11-37 Dts-hdma master 7.1 channel is not supported
11-05 11:35:07.280 D/Alib_edid_parser(14326): 2025-06-20-11-37 WmaPro is not supported
11-05 11:35:07.280 D/Alib_edid_parser(14326): 2025-06-20-11-37 check audio code error!
11-05 11:35:07.280 E/ac3_decInternal(14326): 2025-06-20-11-37 EAC3frameDec score 5
11-05 11:35:07.280 D/Alib_edid_parser(14326): 2025-06-20-11-37 check audio code error!
11-05 11:35:07.281 D/Alib_edid_parser(14326): 2025-06-20-11-37 check audio code error!
11-05 11:35:07.281 D/Alib_edid_parser(14326): 2025-06-20-11-37 check audio code error!
11-05 11:35:07.281 D/Alib_edid_parser(14326): 2025-06-20-11-37 Normal pcm is not supported
11-05 11:35:07.281 D/Alib_edid_parser(14326): 2025-06-20-11-37 Dolby-core 5.1 channel is supported
11-05 11:35:07.281 D/Alib_edid_parser(14326): 2025-06-20-11-37 Dolby truehd 7.1 channel is not supported
11-05 11:35:07.281 D/Alib_edid_parser(14326): 2025-06-20-11-37 Dts-core 5.1 channel is supported
11-05 11:35:07.281 D/Alib_edid_parser(14326): 2025-06-20-11-37 Dts-hdma master 7.1 channel is not supported
11-05 11:35:07.281 D/Alib_edid_parser(14326): 2025-06-20-11-37 WmaPro is not supported
11-05 11:35:07.281 D/Alib_edid_parser(14326): 2025-06-20-11-37 check audio code error!
11-05 11:35:07.281 E/ac3_decInternal(14326): 2025-06-20-11-37 EAC3frameDec score 5
11-05 11:35:07.282 D/Alib_edid_parser(14326): 2025-06-20-11-37 check audio code error!
11-05 11:35:07.282 W/[Gralloc-Warning](14326): mali_gralloc_lock:288 Buffers with YUV compatible formats should be locked using GRALLOC1_FUNCTION_LOCK_FLEX. Requested format is:0x32315659
11-05 11:35:07.282 D/Alib_edid_parser(14326): 2025-06-20-11-37 check audio code error!
11-05 11:35:07.282 D/Alib_edid_parser(14326): 2025-06-20-11-37 check audio code error!
11-05 11:35:07.282 D/Alib_edid_parser(14326): 2025-06-20-11-37 Normal pcm is not supported
11-05 11:35:07.282 D/Alib_edid_parser(14326): 2025-06-20-11-37 Dolby-core 5.1 channel is supported
11-05 11:35:07.282 D/Alib_edid_parser(14326): 2025-06-20-11-37 Dolby truehd 7.1 channel is not supported
11-05 11:35:07.282 D/Alib_edid_parser(14326): 2025-06-20-11-37 Dts-core 5.1 channel is supported
11-05 11:35:07.282 D/Alib_edid_parser(14326): 2025-06-20-11-37 Dts-hdma master 7.1 channel is not supported
11-05 11:35:07.282 D/Alib_edid_parser(14326): 2025-06-20-11-37 WmaPro is not supported
11-05 11:35:07.282 D/Alib_edid_parser(14326): 2025-06-20-11-37 check audio code error!
11-05 11:35:07.282 E/ac3_decInternal(14326): 2025-06-20-11-37 EAC3frameDec score 5
11-05 11:35:07.283 D/Alib_edid_parser(14326): 2025-06-20-11-37 check audio code error!
11-05 11:35:07.283 D/Alib_edid_parser(14326): 2025-06-20-11-37 check audio code error!
11-05 11:35:07.283 D/Alib_edid_parser(14326): 2025-06-20-11-37 check audio code error!
11-05 11:35:07.283 D/Alib_edid_parser(14326): 2025-06-20-11-37 Normal pcm is not supported
11-05 11:35:07.283 D/Alib_edid_parser(14326): 2025-06-20-11-37 Dolby-core 5.1 channel is supported
11-05 11:35:07.283 D/Alib_edid_parser(14326): 2025-06-20-11-37 Dolby truehd 7.1 channel is not supported
11-05 11:35:07.283 D/Alib_edid_parser(14326): 2025-06-20-11-37 Dts-core 5.1 channel is supported
11-05 11:35:07.283 D/Alib_edid_parser(14326): 2025-06-20-11-37 Dts-hdma master 7.1 channel is not supported
11-05 11:35:07.283 D/Alib_edid_parser(14326): 2025-06-20-11-37 WmaPro is not supported
11-05 11:35:07.283 D/Alib_edid_parser(14326): 2025-06-20-11-37 check audio code error!
11-05 11:35:07.283 E/ac3_decInternal(14326): 2025-06-20-11-37 EAC3frameDec score 5
11-05 11:35:07.283 I/gralloc ( 257): alloc buffer:W:1440 H:1088 S:1440 PL[1440 1088] SZ:2350144 fmt:842094169 if:0 af:842094169 usg:410960 fg:00000004
11-05 11:35:07.284 D/Alib_edid_parser(14326): 2025-06-20-11-37 check audio code error!
11-05 11:35:07.284 D/Alib_edid_parser(14326): 2025-06-20-11-37 check audio code error!
11-05 11:35:07.284 D/Alib_edid_parser(14326): 2025-06-20-11-37 check audio code error!
11-05 11:35:07.284 D/Alib_edid_parser(14326): 2025-06-20-11-37 Normal pcm is not supported
11-05 11:35:07.284 D/Alib_edid_parser(14326): 2025-06-20-11-37 Dolby-core 5.1 channel is supported
11-05 11:35:07.284 D/Alib_edid_parser(14326): 2025-06-20-11-37 Dolby truehd 7.1 channel is not supported
11-05 11:35:07.284 D/Alib_edid_parser(14326): 2025-06-20-11-37 Dts-core 5.1 channel is supported
11-05 11:35:07.284 D/Alib_edid_parser(14326): 2025-06-20-11-37 Dts-hdma master 7.1 channel is not supported
11-05 11:35:07.285 D/Alib_edid_parser(14326): 2025-06-20-11-37 WmaPro is not supported
11-05 11:35:07.285 D/Alib_edid_parser(14326): 2025-06-20-11-37 check audio code error!
11-05 11:35:07.285 E/ac3_decInternal(14326): 2025-06-20-11-37 EAC3frameDec score 5
11-05 11:35:07.285 D/Alib_edid_parser(14326): 2025-06-20-11-37 check audio code error!
11-05 11:35:07.286 D/Alib_edid_parser(14326): 2025-06-20-11-37 check audio code error!
11-05 11:35:07.286 D/Alib_edid_parser(14326): 2025-06-20-11-37 check audio code error!
11-05 11:35:07.286 D/Alib_edid_parser(14326): 2025-06-20-11-37 Normal pcm is not supported
11-05 11:35:07.286 D/Alib_edid_parser(14326): 2025-06-20-11-37 Dolby-core 5.1 channel is supported
11-05 11:35:07.286 D/Alib_edid_parser(14326): 2025-06-20-11-37 Dolby truehd 7.1 channel is not supported
11-05 11:35:07.286 D/Alib_edid_parser(14326): 2025-06-20-11-37 Dts-core 5.1 channel is supported
11-05 11:35:07.286 D/Alib_edid_parser(14326): 2025-06-20-11-37 Dts-hdma master 7.1 channel is not supported
11-05 11:35:07.286 D/Alib_edid_parser(14326): 2025-06-20-11-37 WmaPro is not supported
11-05 11:35:07.286 D/Alib_edid_parser(14326): 2025-06-20-11-37 check audio code error!
11-05 11:35:07.286 E/ac3_decInternal(14326): 2025-06-20-11-37 EAC3frameDec score 5
11-05 11:35:07.287 W/[Gralloc-Warning](14326): mali_gralloc_lock:288 Buffers with YUV compatible formats should be locked using GRALLOC1_FUNCTION_LOCK_FLEX. Requested format is:0x32315659
11-05 11:35:07.287 D/Alib_edid_parser(14326): 2025-06-20-11-37 check audio code error!
11-05 11:35:07.287 D/Alib_edid_parser(14326): 2025-06-20-11-37 check audio code error!
11-05 11:35:07.287 D/Alib_edid_parser(14326): 2025-06-20-11-37 check audio code error!
11-05 11:35:07.287 D/Alib_edid_parser(14326): 2025-06-20-11-37 Normal pcm is not supported
11-05 11:35:07.287 D/Alib_edid_parser(14326): 2025-06-20-11-37 Dolby-core 5.1 channel is supported
11-05 11:35:07.287 D/Alib_edid_parser(14326): 2025-06-20-11-37 Dolby truehd 7.1 channel is not supported
11-05 11:35:07.287 D/Alib_edid_parser(14326): 2025-06-20-11-37 Dts-core 5.1 channel is supported
11-05 11:35:07.287 D/Alib_edid_parser(14326): 2025-06-20-11-37 Dts-hdma master 7.1 channel is not supported
11-05 11:35:07.287 D/Alib_edid_parser(14326): 2025-06-20-11-37 WmaPro is not supported
11-05 11:35:07.287 D/Alib_edid_parser(14326): 2025-06-20-11-37 check audio code error!
11-05 11:35:07.287 E/ac3_decInternal(14326): 2025-06-20-11-37 EAC3frameDec score 5
11-05 11:35:07.289 I/gralloc ( 257): alloc buffer:W:1440 H:1088 S:1440 PL[1440 1088] SZ:2350144 fmt:842094169 if:0 af:842094169 usg:410960 fg:00000004
11-05 11:35:07.289 D/Alib_edid_parser(14326): 2025-06-20-11-37 check audio code error!
11-05 11:35:07.289 D/Alib_edid_parser(14326): 2025-06-20-11-37 check audio code error!
11-05 11:35:07.289 D/Alib_edid_parser(14326): 2025-06-20-11-37 check audio code error!
11-05 11:35:07.290 D/Alib_edid_parser(14326): 2025-06-20-11-37 Normal pcm is not supported
11-05 11:35:07.290 D/Alib_edid_parser(14326): 2025-06-20-11-37 Dolby-core 5.1 channel is supported
11-05 11:35:07.290 D/Alib_edid_parser(14326): 2025-06-20-11-37 Dolby truehd 7.1 channel is not supported
11-05 11:35:07.290 D/Alib_edid_parser(14326): 2025-06-20-11-37 Dts-core 5.1 channel is supported
11-05 11:35:07.290 D/Alib_edid_parser(14326): 2025-06-20-11-37 Dts-hdma master 7.1 channel is not supported
11-05 11:35:07.290 D/Alib_edid_parser(14326): 2025-06-20-11-37 WmaPro is not supported
11-05 11:35:07.290 D/Alib_edid_parser(14326): 2025-06-20-11-37 check audio code error!
11-05 11:35:07.290 E/ac3_decInternal(14326): 2025-06-20-11-37 EAC3frameDec score 5
11-05 11:35:07.291 D/Alib_edid_parser(14326): 2025-06-20-11-37 check audio code error!
11-05 11:35:07.291 D/Alib_edid_parser(14326): 2025-06-20-11-37 check audio code error!
11-05 11:35:07.292 D/MediaPlayerFactory(14326): Initialize getpersist = 0 value=
11-05 11:35:07.293 W/[Gralloc-Warning](14326): mali_gralloc_lock:288 Buffers with YUV compatible formats should be locked using GRALLOC1_FUNCTION_LOCK_FLEX. Requested format is:0x32315659
11-05 11:35:07.295 I/gralloc ( 257): alloc buffer:W:1440 H:1088 S:1440 PL[1440 1088] SZ:2350144 fmt:842094169 if:0 af:842094169 usg:410960 fg:00000004
11-05 11:35:07.296 I/cedarc (14326): : Video Stream Information:
11-05 11:35:07.297 I/cedarc (14326): : codec = H264
11-05 11:35:07.297 I/cedarc (14326): : width = 1440 pixels
11-05 11:35:07.297 I/cedarc (14326): : height = 1080 pixels
11-05 11:35:07.297 I/cedarc (14326): : frame rate = 59941
11-05 11:35:07.297 I/cedarc (14326): : frame duration = 0 us
11-05 11:35:07.297 I/cedarc (14326): : aspect ratio = 0
11-05 11:35:07.297 I/cedarc (14326): : is 3D stream = no
11-05 11:35:07.303 W/[Gralloc-Warning](14326): mali_gralloc_lock:288 Buffers with YUV compatible formats should be locked using GRALLOC1_FUNCTION_LOCK_FLEX. Requested format is:0x32315659
11-05 11:35:07.307 I/gralloc ( 257): alloc buffer:W:1440 H:1088 S:1440 PL[1440 1088] SZ:2350144 fmt:842094169 if:0 af:842094169 usg:410960 fg:00000004
11-05 11:35:07.310 W/[Gralloc-Warning](14326): mali_gralloc_lock:288 Buffers with YUV compatible formats should be locked using GRALLOC1_FUNCTION_LOCK_FLEX. Requested format is:0x32315659
11-05 11:35:07.311 D/Alib_edid_parser(14326): 2025-06-20-11-37 check audio code error!
11-05 11:35:07.311 D/Alib_edid_parser(14326): 2025-06-20-11-37 Normal pcm is not supported
11-05 11:35:07.311 D/Alib_edid_parser(14326): 2025-06-20-11-37 Dolby-core 5.1 channel is supported
11-05 11:35:07.311 D/Alib_edid_parser(14326): 2025-06-20-11-37 Dolby truehd 7.1 channel is not supported
11-05 11:35:07.311 D/Alib_edid_parser(14326): 2025-06-20-11-37 Dts-core 5.1 channel is supported
11-05 11:35:07.311 D/Alib_edid_parser(14326): 2025-06-20-11-37 Dts-hdma master 7.1 channel is not supported
11-05 11:35:07.311 D/Alib_edid_parser(14326): 2025-06-20-11-37 WmaPro is not supported
11-05 11:35:07.312 D/Alib_edid_parser(14326): 2025-06-20-11-37 check audio code error!
11-05 11:35:07.312 E/ac3_decInternal(14326): 2025-06-20-11-37 EAC3frameDec score 5
11-05 11:35:07.313 D/Alib_edid_parser(14326): 2025-06-20-11-37 check audio code error!
11-05 11:35:07.313 D/Alib_edid_parser(14326): 2025-06-20-11-37 check audio code error!
11-05 11:35:07.313 D/Alib_edid_parser(14326): 2025-06-20-11-37 check audio code error!
11-05 11:35:07.314 D/Alib_edid_parser(14326): 2025-06-20-11-37 Normal pcm is not supported
11-05 11:35:07.314 D/Alib_edid_parser(14326): 2025-06-20-11-37 Dolby-core 5.1 channel is supported
11-05 11:35:07.314 D/Alib_edid_parser(14326): 2025-06-20-11-37 Dolby truehd 7.1 channel is not supported
11-05 11:35:07.314 D/Alib_edid_parser(14326): 2025-06-20-11-37 Dts-core 5.1 channel is supported
11-05 11:35:07.314 D/Alib_edid_parser(14326): 2025-06-20-11-37 Dts-hdma master 7.1 channel is not supported
11-05 11:35:07.314 D/Alib_edid_parser(14326): 2025-06-20-11-37 WmaPro is not supported
