11-05 11:34:32.871 W/IorapForwardingService( 480): No service published for: iorapd
11-05 11:34:33.363 D/MediaPlayerFactory(14326): Initialize getpersist = 0 value=
11-05 11:34:33.375 E/awplayer(14326): <__FileStreamSeek:259>: invalid arguments, offset(19572517), size(143451)
11-05 11:34:33.376 E/awplayer(14326): <__FileStreamSeek:273>: invalid arguments, offset(111630), size(143451), curPos(141683)
11-05 11:34:33.376 E/awplayer(14326): <__FileStreamSeek:273>: invalid arguments, offset(3677087530), size(143451), curPos(141413)
11-05 11:34:33.376 E/awplayer(14326): <__FileStreamSeek:273>: invalid arguments, offset(281474976710656), size(143451), curPos(141439)
11-05 11:34:33.376 W/awplayer(14326): : Read error at pos 141440(0x22880)
11-05 11:34:33.376 E/awplayer(14326): <__FileStreamSeek:273>: invalid arguments, offset(1023410176), size(143451), curPos(141448)
11-05 11:34:33.376 E/awplayer(14326): <__FileStreamSeek:273>: invalid arguments, offset(1599), size(143451), curPos(142128)
11-05 11:34:33.376 E/awplayer(14326): <__FileStreamSeek:273>: invalid arguments, offset(11305), size(143451), curPos(142174)
11-05 11:34:33.376 E/awplayer(14326): <__FileStreamSeek:273>: invalid arguments, offset(3059), size(143451), curPos(142177)
11-05 11:34:33.376 E/awplayer(14326): : Invalid EBML number size tag 0x7
at pos(0x22bdf)
11-05 11:34:33.376 E/awplayer(14326): <__FileStreamSeek:273>: invalid arguments, offset(5728), size(143451), curPos(142378)
11-05 11:34:33.377 E/awplayer(14326): <__FileStreamSeek:273>: invalid arguments, offset(7159), size(143451), curPos(142537)
11-05 11:34:33.377 E/awplayer(14326): <__FileStreamSeek:273>: invalid arguments, offset(9364), size(143451), curPos(142541)
11-05 11:34:33.377 E/awplayer(14326): <__FileStreamSeek:273>: invalid arguments, offset(8277), size(143451), curPos(142580)
11-05 11:34:33.377 E/awplayer(14326): <__FileStreamSeek:273>: invalid arguments, offset(6527), size(143451), curPos(142583)
11-05 11:34:33.377 E/awplayer(14326): <__FileStreamSeek:273>: invalid arguments, offset(16295), size(143451), curPos(142588)
11-05 11:34:33.377 W/awplayer(14326): : Read error at pos 142862(0x22e0e)
11-05 11:34:33.391 D/MediaPlayerFactory(14326): Initialize getpersist = 0 value=
11-05 11:34:33.416 D/MediaPlayerFactory(14326): Initialize getpersist = 0 value=
11-05 11:34:33.447 D/MediaPlayerFactory(14326): Initialize getpersist = 0 value=
11-05 11:34:33.482 I/awplayer(14326): <__CdxAviParserInit:1193>: read avi head finish.
11-05 11:34:33.499 W/MediaProvider( 1056): isAppCloneUserPair for user -1: false
11-05 11:34:33.511 W/MediaProvider( 1056): isAppCloneUserPair for user -1: false
11-05 11:34:33.544 W/MediaProvider( 1056): isAppCloneUserPair for user -1: false
11-05 11:34:33.551 W/MediaProvider( 1056): isAppCloneUserPair for user -1: false
11-05 11:34:33.560 W/MediaProvider( 1056): isAppCloneUserPair for user -1: false
11-05 11:34:33.570 W/MediaProvider( 1056): isAppCloneUserPair for user -1: false
11-05 11:34:33.582 W/MediaProvider( 1056): isAppCloneUserPair for user -1: false
11-05 11:34:33.593 W/MediaProvider( 1056): isAppCloneUserPair for user -1: false
11-05 11:34:33.603 W/MediaProvider( 1056): isAppCloneUserPair for user -1: false
11-05 11:34:33.619 W/MediaProvider( 1056): isAppCloneUserPair for user -1: false
11-05 11:34:33.631 W/MediaProvider( 1056): isAppCloneUserPair for user -1: false
11-05 11:34:33.641 W/MediaProvider( 1056): isAppCloneUserPair for user -1: false
11-05 11:34:33.647 W/MediaProvider( 1056): isAppCloneUserPair for user -1: false
11-05 11:34:33.653 W/MediaProvider( 1056): isAppCloneUserPair for user -1: false
11-05 11:34:33.662 W/MediaProvider( 1056): isAppCloneUserPair for user -1: false
11-05 11:34:33.671 W/MediaProvider( 1056): isAppCloneUserPair for user -1: false
11-05 11:34:33.680 W/MediaProvider( 1056): isAppCloneUserPair for user -1: false
11-05 11:34:33.686 W/MediaProvider( 1056): isAppCloneUserPair for user -1: false
11-05 11:34:33.696 W/MediaProvider( 1056): isAppCloneUserPair for user -1: false
11-05 11:34:33.706 W/MediaProvider( 1056): isAppCloneUserPair for user -1: false
11-05 11:34:33.769 D/MediaPlayerFactory(14326): Initialize getpersist = 0 value=
11-05 11:34:33.787 D/MediaPlayerFactory(14326): Initialize getpersist = 0 value=
11-05 11:34:33.873 W/IorapForwardingService( 480): No service published for: iorapd
11-05 11:34:33.892 D/MediaPlayerFactory(14326): Initialize getpersist = 0 value=
11-05 11:34:33.923 W/ZramWriteback( 480): Writeback device is not set
11-05 11:34:33.923 D/ZramWriteback( 480): wait to flush
11-05 11:34:33.945 D/MediaPlayerFactory(14326): Initialize getpersist = 0 value=
11-05 11:34:33.990 D/MediaPlayerFactory(14326): Initialize getpersist = 0 value=
11-05 11:34:34.042 D/MediaPlayerFactory(14326): Initialize getpersist = 0 value=
11-05 11:34:34.076 D/MediaPlayerFactory(14326): Initialize getpersist = 0 value=
11-05 11:34:34.111 D/MediaPlayerFactory(14326): Initialize getpersist = 0 value=
11-05 11:34:34.134 D/MediaPlayerFactory(14326): Initialize getpersist = 0 value=
11-05 11:34:34.177 D/MediaPlayerFactory(14326): Initialize getpersist = 0 value=
11-05 11:34:34.194 D/MediaPlayerFactory(14326): Initialize getpersist = 0 value=
11-05 11:34:34.230 D/MediaPlayerFactory(14326): Initialize getpersist = 0 value=
11-05 11:34:34.275 D/MediaPlayerFactory(14326): Initialize getpersist = 0 value=
11-05 11:34:34.314 D/MediaPlayerFactory(14326): Initialize getpersist = 0 value=
11-05 11:34:34.334 D/MediaPlayerFactory(14326): Initialize getpersist = 0 value=
11-05 11:34:34.362 D/MediaPlayerFactory(14326): Initialize getpersist = 0 value=
11-05 11:34:34.380 D/MediaPlayerFactory(14326): Initialize getpersist = 0 value=
11-05 11:34:34.436 D/MediaPlayerFactory(14326): Initialize getpersist = 0 value=
11-05 11:34:34.457 D/MediaPlayerFactory(14326): Initialize getpersist = 0 value=
11-05 11:34:34.482 D/MediaPlayerFactory(14326): Initialize getpersist = 0 value=
11-05 11:34:34.498 W/MediaProvider( 1056): isAppCloneUserPair for user -1: false
11-05 11:34:34.520 W/MediaProvider( 1056): isAppCloneUserPair for user -1: false
11-05 11:34:34.558 W/MediaProvider( 1056): isAppCloneUserPair for user -1: false
11-05 11:34:34.566 W/MediaProvider( 1056): isAppCloneUserPair for user -1: false
11-05 11:34:34.576 W/MediaProvider( 1056): isAppCloneUserPair for user -1: false
11-05 11:34:34.582 W/MediaProvider( 1056): isAppCloneUserPair for user -1: false
11-05 11:34:34.589 W/MediaProvider( 1056): isAppCloneUserPair for user -1: false
11-05 11:34:34.598 W/MediaProvider( 1056): isAppCloneUserPair for user -1: false
11-05 11:34:34.608 W/MediaProvider( 1056): isAppCloneUserPair for user -1: false
11-05 11:34:34.615 W/MediaProvider( 1056): isAppCloneUserPair for user -1: false
11-05 11:34:34.621 W/MediaProvider( 1056): isAppCloneUserPair for user -1: false
11-05 11:34:34.631 W/MediaProvider( 1056): isAppCloneUserPair for user -1: false
11-05 11:34:34.714 D/MediaPlayerFactory(14326): Initialize getpersist = 0 value=
11-05 11:34:34.875 W/IorapForwardingService( 480): No service published for: iorapd
11-05 11:34:35.150 E/WifiHAL ( 663): wifi_get_link_stats: requestResponse Error:-5
11-05 11:34:35.152 E/WifiVendorHal( 480): getWifiLinkLayerStats_1_5_Internal(l.1191) failed {.code = ERROR_INVALID_ARGS, .description = }
11-05 11:34:35.332 I/cedarc (14326): : stream buffer 0 ring back.
11-05 11:34:35.406 I/BLEAudioDrive_HV410( 248): data len: 9 1
11-05 11:34:35.407 D/TvWindowManager( 480): key event key = KEYCODE_BACK down = true
11-05 11:34:35.417 D/GpioService( 480): mFlickerEnable = true
11-05 11:34:35.547 I/BLEAudioDrive_HV410( 248): data len: 9 1
11-05 11:34:35.548 I/BLEAudioDrive_HV410( 248): keyboard stop
11-05 11:34:35.548 D/TvWindowManager( 480): key event key = KEYCODE_BACK down = false
11-05 11:34:35.549 D/AutofillManagerService( 480): onBackKeyPressed()
11-05 11:34:35.557 D/GpioService( 480): mFlickerEnable = true
11-05 11:34:35.560 I/SogouIME( 3502): onKeyDown: keyoCode=4
11-05 11:34:35.560 I/DefaultIMS( 3502): onKeyDown: keyoCode=4
11-05 11:34:35.599 I/SogouIME( 3502): onKeyUp: keyoCode=4
11-05 11:34:35.599 I/DefaultIMS( 3502): onKeyUp: keyoCode=4
11-05 11:34:35.600 I/NotificationService( 480): cancelToast pkg=com.dangbei.lerad.videoposter token=android.os.BinderProxy@fc47007
11-05 11:34:35.600 W/NotificationService( 480): Toast already cancelled. pkg=com.dangbei.lerad.videoposter token=android.os.BinderProxy@fc47007
11-05 11:34:35.630 D/MediaPlayerFactory(14326): Initialize getpersist = 0 value=
11-05 11:34:35.640 I/gralloc ( 257): alloc buffer:W:240 H:75 S:240 PL[240 75] SZ:72000 fmt:1 if:0 af:1 usg:20000b00 fg:00000004
11-05 11:34:35.642 I/gralloc ( 257): alloc buffer:W:240 H:75 S:240 PL[240 75] SZ:72000 fmt:1 if:0 af:1 usg:20000b00 fg:00000004
11-05 11:34:35.647 I/gralloc ( 257): alloc buffer:W:240 H:75 S:240 PL[240 75] SZ:72000 fmt:1 if:0 af:1 usg:20000b00 fg:00000004
11-05 11:34:35.669 W/MediaProvider( 1056): isAppCloneUserPair for user -1: false
11-05 11:34:35.681 W/MediaProvider( 1056): isAppCloneUserPair for user -1: false
11-05 11:34:35.694 W/MediaProvider( 1056): isAppCloneUserPair for user -1: false
11-05 11:34:35.700 W/MediaProvider( 1056): isAppCloneUserPair for user -1: false
11-05 11:34:35.726 D/MediaPlayerFactory(14326): Initialize getpersist = 0 value=
11-05 11:34:35.879 W/IorapForwardingService( 480): No service published for: iorapd
11-05 11:34:36.291 I/BLEAudioDrive_HV410( 248): data len: 9 1
11-05 11:34:36.292 D/TvWindowManager( 480): key event key = KEYCODE_BACK down = true
11-05 11:34:36.298 D/GpioService( 480): mFlickerEnable = true
11-05 11:34:36.441 D/GpioService( 480): mFlickerEnable = true
11-05 11:34:36.445 I/SogouIME( 3502): onKeyDown: keyoCode=4
11-05 11:34:36.446 I/DefaultIMS( 3502): onKeyDown: keyoCode=4
11-05 11:34:36.450 I/BLEAudioDrive_HV410( 248): data len: 9 1
11-05 11:34:36.450 I/BLEAudioDrive_HV410( 248): keyboard stop
11-05 11:34:36.450 D/TvWindowManager( 480): key event key = KEYCODE_BACK down = false
11-05 11:34:36.453 D/AutofillManagerService( 480): onBackKeyPressed()
11-05 11:34:36.519 I/awplayer(14326): : audio render process stop message.
11-05 11:34:36.539 D/AllwinnerAlibs(14326): ver : 2017-8-4-18-00 ----dlclose so success!
11-05 11:34:36.568 E/BufferQueueProducer( 4556): [SurfaceView[com.dangbei.lerad.videoposter/com.dangbei.leradplayer.activity.PlayerActivity]#158(BLAST Consumer)158](id:11cc0000009e,api:3,p:14326,c:4556) connect: already connected (cur=3 req=3)
11-05 11:34:36.571 D/hdmi-cec( 265): receive invalid cec message!
11-05 11:34:36.571 D/hdmi-cec( 265): receive poll message [04], skip!
11-05 11:34:36.573 W/awplayer(14326): : Sound device already stopped.
11-05 11:34:36.588 I/cedarc (14326): : DestroyVideoDecoder, pDecoder=0xf466b380
11-05 11:34:36.609 I/cedarc (14326): : not malloc locks
11-05 11:34:36.615 V/MediaPlayer( 4556): resetDrmState: mDrmInfo=null mDrmProvisioningThread=null mPrepareDrmInProgress=false mActiveDrmScheme=false
11-05 11:34:36.615 V/MediaPlayer( 4556): cleanDrmObj: mDrmObj=null mDrmSessionId=null
11-05 11:34:36.616 W/awplayer(14326): : reset...
11-05 11:34:36.623 D/SurfaceUtils(14326): disconnecting from surface 0xf4676808, reason disconnectNativeWindow
11-05 11:34:36.623 E/BufferQueueProducer( 4556): [SurfaceView[com.dangbei.lerad.videoposter/com.dangbei.leradplayer.activity.PlayerActivity]#158(BLAST Consumer)158](id:11cc0000009e,api:0,p:-1,c:4556) disconnect: not connected (req=3)
11-05 11:34:36.623 E/SurfaceUtils(14326): Failed to disconnect from surface 0xf4676808, err -19
11-05 11:34:36.624 W/MediaPlayerService(14326): nativeWindowDisconnect returned an error: No such device (-19)
11-05 11:34:36.624 W/awplayer(14326): : XPlayerDestroy
11-05 11:34:36.624 W/awplayer(14326): : reset...
11-05 11:34:36.625 D/RefBase (14326): RefBase: Explicit destruction, weak count = 0 (in 0xf48ad840)
11-05 11:34:36.625 W/RefBase (14326): CallStack::getCurrentInternal not linked, returning null
11-05 11:34:36.625 W/RefBase (14326): CallStack::logStackInternal not linked
11-05 11:34:36.631 I/cedarc (14326): : not malloc locks
11-05 11:34:36.642 W/MediaProvider( 1056): isAppCloneUserPair for user -1: false
11-05 11:34:36.648 D/audio_hw_primary( 248): adev_release_audio_patch
11-05 11:34:36.648 D/audio_hw_primary( 248): out_standby
11-05 11:34:36.649 D/audio_hw_primary( 248): start_output_stream out->format : 0x00000000
11-05 11:34:36.649 V/audio_hw_primary( 248): start_output_stream, line: 1503
11-05 11:34:36.649 V/audio_hw_primary( 248): use AUDIO_HDMI to playback audio
11-05 11:34:36.649 D/audio_hw_primary( 248): open card=3, port=0
11-05 11:34:36.649 D/audio_hw_primary( 248): config:2 44100 960 2 0 5760 1 0
11-05 11:34:36.649 D/audio_hw_primary( 248): set_raw_flag(card=3, raw_flag=1)
11-05 11:34:36.649 D/audio_hw_primary( 248): set_raw_flag control_name = audio data format control_value PCM)
11-05 11:34:36.653 I/ ( 4844): HDMI Audio Enable Successfully
11-05 11:34:36.651 D/AudioFlinger( 270): ro.audio.silent is ignored since no output device is set
11-05 11:34:36.651 V/audio_hw_primary( 248): do not use out resampler
11-05 11:34:36.651 W/MediaProvider( 1056): isAppCloneUserPair for user -1: false
11-05 11:34:36.652 V/audio_hw_primary( 248): out_set_parameters: closing=true
11-05 11:34:36.656 V/audio_hw_primary( 248): out_set_parameters: exiting=1
11-05 11:34:36.656 E/AudioFlinger( 270): Error when setting parameters on exit: -61
11-05 11:34:36.657 D/audio_hw_primary( 248): out_standby
11-05 11:34:36.674 D/AudioFlinger( 270): mixer(0xf2ef8f00) throttle end: throttle time(9)
11-05 11:34:36.678 I/SogouIME( 3502): onKeyUp: keyoCode=4
11-05 11:34:36.678 I/DefaultIMS( 3502): onKeyUp: keyoCode=4
11-05 11:34:36.688 I/gralloc ( 257): alloc buffer:W:1920 H:1080 S:1920 PL[1920 1080] SZ:8294400 fmt:1 if:0 af:1 usg:b66 fg:00000004
11-05 11:34:36.713 D/MediaPlayerFactory(14326): Initialize getpersist = 0 value=
11-05 11:34:36.714 I/cedarc (14326): : *** ic_version = 0x3301000012011,
11-05 11:34:36.721 W/System.err( 4556): java.lang.Exception: you should init first
11-05 11:34:36.721 W/System.err( 4556): at com.dangbei.alps.AlpsManager.check(AlpsManager.java:315)
11-05 11:34:36.722 W/System.err( 4556): at com.dangbei.alps.AlpsManager.onPause(AlpsManager.java:247)
11-05 11:34:36.723 W/System.err( 4556): at com.dangbei.leradplayer.activity.PlayerActivity.onPause(PlayerActivity.java:676)
11-05 11:34:36.723 W/System.err( 4556): at android.app.Activity.performPause(Activity.java:8234)
11-05 11:34:36.723 W/System.err( 4556): at android.app.Instrumentation.callActivityOnPause(Instrumentation.java:1530)
11-05 11:34:36.723 W/System.err( 4556): at android.app.ActivityThread.performPauseActivityIfNeeded(ActivityThread.java:5031)
11-05 11:34:36.723 W/System.err( 4556): at android.app.ActivityThread.performPauseActivity(ActivityThread.java:4992)
11-05 11:34:36.723 W/System.err( 4556): at android.app.ActivityThread.handlePauseActivity(ActivityThread.java:4944)
11-05 11:34:36.723 W/System.err( 4556): at android.app.servertransaction.PauseActivityItem.execute(PauseActivityItem.java:47)
11-05 11:34:36.723 W/System.err( 4556): at android.app.servertransaction.ActivityTransactionItem.execute(ActivityTransactionItem.java:45)
11-05 11:34:36.723 W/System.err( 4556): at android.app.servertransaction.TransactionExecutor.executeLifecycleState(TransactionExecutor.java:176)
11-05 11:34:36.723 W/System.err( 4556): at android.app.servertransaction.TransactionExecutor.execute(TransactionExecutor.java:97)
11-05 11:34:36.723 W/System.err( 4556): at android.app.ActivityThread$H.handleMessage(ActivityThread.java:2210)
11-05 11:34:36.723 W/System.err( 4556): at android.os.Handler.dispatchMessage(Handler.java:106)
11-05 11:34:36.723 W/System.err( 4556): at android.os.Looper.loopOnce(Looper.java:201)
11-05 11:34:36.723 W/System.err( 4556): at android.os.Looper.loop(Looper.java:288)
11-05 11:34:36.723 W/System.err( 4556): at android.app.ActivityThread.main(ActivityThread.java:7854)
11-05 11:34:36.723 W/System.err( 4556): at java.lang.reflect.Method.invoke(Native Method)
11-05 11:34:36.723 W/System.err( 4556): at com.android.internal.os.RuntimeInit$MethodAndArgsCaller.run(RuntimeInit.java:548)
11-05 11:34:36.723 W/System.err( 4556): at com.android.internal.os.ZygoteInit.main(ZygoteInit.java:1182)
11-05 11:34:36.730 W/awplayer(14326): : Wav parser : no dice, no valid sequence of frames found.
11-05 11:34:36.730 W/awplayer(14326): : Wav parser : no dice, no valid sequence of frames found.
11-05 11:34:36.731 W/awplayer(14326): : Wav parser : no dice, no valid sequence of frames found.
11-05 11:34:36.731 W/awplayer(14326): : Wav parser : no dice, no valid sequence of frames found.
11-05 11:34:36.731 W/awplayer(14326): : Wav parser : no dice, no valid sequence of frames found.
11-05 11:34:36.731 W/awplayer(14326): : Wav parser : no dice, no valid sequence of frames found.
11-05 11:34:36.739 I/BpBinder( 278): onLastStrongRef automatically unlinking death recipients:
11-05 11:34:36.747 D/AW_CODE ( 480): rotation =0
11-05 11:34:36.756 W/awplayer(14326): : Wav parser : no dice, no valid sequence of frames found.
11-05 11:34:36.761 W/awplayer(14326): : Wav parser : no dice, no valid sequence of frames found.
11-05 11:34:36.761 W/awplayer(14326): : Wav parser : no dice, no valid sequence of frames found.
11-05 11:34:36.761 W/awplayer(14326): : Wav parser : no dice, no valid sequence of frames found.
11-05 11:34:36.761 W/awplayer(14326): : Wav parser : no dice, no valid sequence of frames found.
11-05 11:34:36.761 W/awplayer(14326): : Wav parser : no dice, no valid sequence of frames found.
11-05 11:34:36.761 W/awplayer(14326): : Wav parser : no dice, no valid sequence of frames found.
11-05 11:34:36.762 W/awplayer(14326): : Wav parser : no dice, no valid sequence of frames found.
11-05 11:34:36.762 W/awplayer(14326): : Wav parser : no dice, no valid sequence of frames found.
11-05 11:34:36.762 W/awplayer(14326): : Wav parser : no dice, no valid sequence of frames found.
11-05 11:34:36.762 W/awplayer(14326): : Wav parser : no dice, no valid sequence of frames found.
11-05 11:34:36.762 W/awplayer(14326): : Wav parser : no dice, no valid sequence of frames found.
11-05 11:34:36.762 W/awplayer(14326): : Wav parser : no dice, no valid sequence of frames found.
11-05 11:34:36.762 W/awplayer(14326): : Wav parser : no dice, no valid sequence of frames found.
11-05 11:34:36.762 W/awplayer(14326): : Wav parser : no dice, no valid sequence of frames found.
11-05 11:34:36.762 W/awplayer(14326): : Wav parser : no dice, no valid sequence of frames found.
11-05 11:34:36.762 W/awplayer(14326): : Wav parser : no dice, no valid sequence of frames found.
11-05 11:34:36.762 W/awplayer(14326): : Wav parser : no dice, no valid sequence of frames found.
11-05 11:34:36.762 W/awplayer(14326): : Wav parser : no dice, no valid sequence of frames found.
11-05 11:34:36.762 W/awplayer(14326): : Wav parser : no dice, no valid sequence of frames found.
11-05 11:34:36.762 W/awplayer(14326): : Wav parser : no dice, no valid sequence of frames found.
11-05 11:34:36.762 W/awplayer(14326): : Wav parser : no dice, no valid sequence of frames found.
11-05 11:34:36.762 W/awplayer(14326): : Wav parser : no dice, no valid sequence of frames found.
11-05 11:34:36.767 W/awplayer(14326): : Wav parser : no dice, no valid sequence of frames found.
11-05 11:34:36.767 W/awplayer(14326): : Wav parser : no dice, no valid sequence of frames found.
11-05 11:34:36.767 W/awplayer(14326): : Wav parser : no dice, no valid sequence of frames found.
11-05 11:34:36.767 W/awplayer(14326): : Wav parser : no dice, no valid sequence of frames found.
11-05 11:34:36.767 W/awplayer(14326): : Wav parser : no dice, no valid sequence of frames found.
11-05 11:34:36.767 W/awplayer(14326): : Wav parser : no dice, no valid sequence of frames found.
11-05 11:34:36.767 W/awplayer(14326): : Wav parser : no dice, no valid sequence of frames found.
11-05 11:34:36.767 W/awplayer(14326): : Wav parser : no dice, no valid sequence of frames found.
11-05 11:34:36.767 W/awplayer(14326): : Wav parser : no dice, no valid sequence of frames found.
11-05 11:34:36.767 W/awplayer(14326): : Wav parser : no dice, no valid sequence of frames found.
11-05 11:34:36.767 W/awplayer(14326): : Wav parser : no dice, no valid sequence of frames found.
11-05 11:34:36.767 W/awplayer(14326): : Wav parser : no dice, no valid sequence of frames found.
11-05 11:34:36.767 W/awplayer(14326): : Wav parser : no dice, no valid sequence of frames found.
11-05 11:34:36.767 W/awplayer(14326): : Wav parser : no dice, no valid sequence of frames found.
11-05 11:34:36.767 W/awplayer(14326): : Wav parser : no dice, no valid sequence of frames found.
11-05 11:34:36.767 W/awplayer(14326): : Wav parser : no dice, no valid sequence of frames found.
11-05 11:34:36.767 W/awplayer(14326): : Wav parser : no dice, no valid sequence of frames found.
11-05 11:34:36.767 W/awplayer(14326): : Wav parser : no dice, no valid sequence of frames found.
11-05 11:34:36.767 W/awplayer(14326): : Wav parser : no dice, no valid sequence of frames found.
11-05 11:34:36.767 W/awplayer(14326): : Wav parser : no dice, no valid sequence of frames found.
11-05 11:34:36.768 W/awplayer(14326): : Wav parser : no dice, no valid sequence of frames found.
11-05 11:34:36.768 W/awplayer(14326): : Wav parser : no dice, no valid sequence of frames found.
11-05 11:34:36.768 W/awplayer(14326): : Wav parser : no dice, no valid sequence of frames found.
11-05 11:34:36.768 W/awplayer(14326): : Wav parser : no dice, no valid sequence of frames found.
11-05 11:34:36.834 I/gralloc ( 257): alloc buffer:W:1920 H:1080 S:1920 PL[1920 1080] SZ:8294400 fmt:1 if:0 af:1 usg:20000b00 fg:00000004
11-05 11:34:36.837 I/gralloc ( 257): alloc buffer:W:1920 H:1080 S:1920 PL[1920 1080] SZ:8294400 fmt:1 if:0 af:1 usg:20000b00 fg:00000004
11-05 11:34:36.852 I/gralloc ( 257): alloc buffer:W:1920 H:1080 S:1920 PL[1920 1080] SZ:8294400 fmt:1 if:0 af:1 usg:20000b00 fg:00000004
11-05 11:34:36.857 D/TvPipController( 688): onTaskStackChanged()
11-05 11:34:36.880 W/IorapForwardingService( 480): No service published for: iorapd
11-05 11:34:36.900 I/cedarc (14326): : not malloc locks
11-05 11:34:36.911 I/DefaultIMS( 3502): onStartInput attribute=android.view.inputmethod.EditorInfo@ae9ce restarting=false inputType: 0
11-05 11:34:36.937 D/MediaPlayerFactory(14326): Initialize getpersist = 0 value=
11-05 11:34:36.937 I/cedarc (14326): : *** ic_version = 0x3301000012011,
11-05 11:34:36.966 I/cedarc (14326): : not malloc locks
11-05 11:34:36.974 W/MediaProvider( 1056): isAppCloneUserPair for user -1: false
11-05 11:34:36.988 W/MediaProvider( 1056): isAppCloneUserPair for user -1: false
11-05 11:34:37.001 W/MediaProvider( 1056): isAppCloneUserPair for user -1: false
11-05 11:34:37.017 W/MediaProvider( 1056): isAppCloneUserPair for user -1: false
11-05 11:34:37.140 D/MediaPlayerFactory(14326): Initialize getpersist = 0 value=
11-05 11:34:37.140 I/cedarc (14326): : *** ic_version = 0x3301000012011,
11-05 11:34:37.163 I/cedarc (14326): : not malloc locks
11-05 11:34:37.179 D/MediaPlayerFactory(14326): Initialize getpersist = 0 value=
11-05 11:34:37.180 I/cedarc (14326): : *** ic_version = 0x3301000012011,
11-05 11:34:37.221 I/cedarc (14326): : not malloc locks
11-05 11:34:37.247 W/MediaProvider( 1056): isAppCloneUserPair for user -1: false
11-05 11:34:37.263 W/MediaProvider( 1056): isAppCloneUserPair for user -1: false
11-05 11:34:37.279 W/MediaProvider( 1056): isAppCloneUserPair for user -1: false
11-05 11:34:37.329 D/MediaPlayerFactory(14326): Initialize getpersist = 0 value=
11-05 11:34:37.330 I/cedarc (14326): : *** ic_version = 0x3301000012011,
11-05 11:34:37.349 I/system_server( 480): NativeAlloc concurrent copying GC freed 82487(4412KB) AllocSpace objects, 80(1752KB) LOS objects, 49% free, 12MB/24MB, paused 401us total 633.572ms
11-05 11:34:37.365 W/System ( 480): A resource failed to call close.
11-05 11:34:37.367 W/System ( 480): A resource failed to call release.
11-05 11:34:37.368 W/System ( 480): A resource failed to call close.
11-05 11:34:37.369 W/System ( 480): A resource failed to call close.
11-05 11:34:37.369 W/awplayer(14326): : incomplete ts packet
11-05 11:34:37.369 W/awplayer(14326): : incomplete ts packet
11-05 11:34:37.369 W/awplayer(14326): : incomplete ts packet
11-05 11:34:37.369 W/awplayer(14326): : incomplete ts packet
11-05 11:34:37.369 W/awplayer(14326): : incomplete ts packet
11-05 11:34:37.369 W/awplayer(14326): : incomplete ts packet
11-05 11:34:37.369 W/awplayer(14326): : incomplete ts packet
11-05 11:34:37.369 W/awplayer(14326): : incomplete ts packet
11-05 11:34:37.529 I/MediaFocusControl( 480): abandonAudioFocus() from uid/pid 10042/4556 clientId=android.media.AudioManager@187d065
11-05 11:34:37.540 I/BLEAudioDrive_HV410( 248): data len: 9 1
11-05 11:34:37.541 D/TvWindowManager( 480): key event key = KEYCODE_BACK down = true
11-05 11:34:37.543 W/InputManager-JNI( 480): Input channel object '9dd83c2 com.dangbei.lerad.videoposter/com.dangbei.leradplayer.activity.PlayerActivity (client)' was disposed without first being removed with the input manager!
11-05 11:34:37.560 W/ActivityTaskManager( 480): Can't find TaskDisplayArea to determine support for multi window. Task id=54 attached=false
11-05 11:34:37.560 W/ActivityTaskManager( 480): Can't find TaskDisplayArea to determine support for multi window. Task id=54 attached=false
11-05 11:34:37.568 D/GpioService( 480): mFlickerEnable = true
11-05 11:34:37.603 W/InputManager-JNI( 480): Input channel object '9403f5d Toast (client)' was disposed without first being removed with the input manager!
11-05 11:34:37.614 W/NotificationService( 480): Toast already killed. pkg=com.dangbei.lerad.videoposter token=android.os.BinderProxy@4799b2c
11-05 11:34:37.690 D/GpioService( 480): mFlickerEnable = true
11-05 11:34:37.694 I/SogouIME( 3502): onKeyDown: keyoCode=4
11-05 11:34:37.694 I/DefaultIMS( 3502): onKeyDown: keyoCode=4
11-05 11:34:37.697 I/BLEAudioDrive_HV410( 248): data len: 9 1
11-05 11:34:37.697 I/BLEAudioDrive_HV410( 248): keyboard stop
11-05 11:34:37.697 D/TvWindowManager( 480): key event key = KEYCODE_BACK down = false
11-05 11:34:37.700 D/AutofillManagerService( 480): onBackKeyPressed()
11-05 11:34:37.702 I/SogouIME( 3502): onKeyUp: keyoCode=4
11-05 11:34:37.702 I/DefaultIMS( 3502): onKeyUp: keyoCode=4
11-05 11:34:37.712 I/gralloc ( 257): alloc buffer:W:1920 H:1080 S:1920 PL[1920 1080] SZ:8294400 fmt:1 if:0 af:1 usg:b66 fg:00000004
11-05 11:34:37.741 D/AW_CODE ( 480): rotation =0
11-05 11:34:37.755 I/BpBinder( 278): onLastStrongRef automatically unlinking death recipients:
11-05 11:34:37.797 I/gralloc ( 257): alloc buffer:W:1920 H:1080 S:1920 PL[1920 1080] SZ:8294400 fmt:1 if:0 af:1 usg:20000b00 fg:00000004
11-05 11:34:37.801 I/gralloc ( 257): alloc buffer:W:1920 H:1080 S:1920 PL[1920 1080] SZ:8294400 fmt:1 if:0 af:1 usg:20000b00 fg:00000004
11-05 11:34:37.804 I/gralloc ( 257): alloc buffer:W:1920 H:1080 S:1920 PL[1920 1080] SZ:8294400 fmt:1 if:0 af:1 usg:20000b00 fg:00000004
11-05 11:34:37.848 D/TvPipController( 688): onTaskStackChanged()
11-05 11:34:37.852 I/efs-base( 3126): type=1400 audit(0.0:2887): avc: denied { search } for name="com.dangbei.screencast" dev="mmcblk0p25" ino=891 scontext=u:r:platform_app:s0:c512,c768 tcontext=u:object_r:app_data_file:s0:c512,c768 tclass=dir permissive=1 app=com.dangbei.screencast
11-05 11:34:37.852 I/efs-base( 3126): type=1400 audit(0.0:2888): avc: denied { getattr } for path="/data/user/0/com.dangbei.screencast/app_UApm/5fc60c21094d637f3130af19/ready" dev="mmcblk0p25" ino=2110 scontext=u:r:platform_app:s0:c512,c768 tcontext=u:object_r:app_data_file:s0:c512,c768 tclass=dir permissive=1 app=com.dangbei.screencast
11-05 11:34:37.852 I/efs-base( 3126): type=1400 audit(0.0:2889): avc: denied { read } for name="ready" dev="mmcblk0p25" ino=2110 scontext=u:r:platform_app:s0:c512,c768 tcontext=u:object_r:app_data_file:s0:c512,c768 tclass=dir permissive=1 app=com.dangbei.screencast
11-05 11:34:37.852 I/efs-base( 3126): type=1400 audit(0.0:2890): avc: denied { open } for path="/data/user/0/com.dangbei.screencast/app_UApm/5fc60c21094d637f3130af19/ready" dev="mmcblk0p25" ino=2110 scontext=u:r:platform_app:s0:c512,c768 tcontext=u:object_r:app_data_file:s0:c512,c768 tclass=dir permissive=1 app=com.dangbei.screencast
11-05 11:34:37.883 W/IorapForwardingService( 480): No service published for: iorapd
11-05 11:34:37.899 I/DefaultIMS( 3502): onStartInput attribute=android.view.inputmethod.EditorInfo@a57be01 restarting=false inputType: 0
11-05 11:34:37.932 I/ndroid.systemu( 688): NativeAlloc concurrent copying GC freed 6058(377KB) AllocSpace objects, 0(0B) LOS objects, 49% free, 3708KB/7416KB, paused 313us total 200.125ms
11-05 11:34:37.940 W/System ( 688): A resource failed to call close.
11-05 11:34:37.940 W/System ( 688): A resource failed to call close.
11-05 11:34:37.940 W/System ( 688): A resource failed to call release.
11-05 11:34:38.165 E/WifiHAL ( 663): wifi_get_link_stats: requestResponse Error:-5
11-05 11:34:38.167 E/WifiVendorHal( 480): getWifiLinkLayerStats_1_5_Internal(l.1191) failed {.code = ERROR_INVALID_ARGS, .description = }
11-05 11:34:38.266 W/awplayer(14326): : incomplete ts packet
11-05 11:34:38.266 W/awplayer(14326): : incomplete ts packet
11-05 11:34:38.267 W/awplayer(14326): : incomplete ts packet
11-05 11:34:38.267 W/awplayer(14326): : incomplete ts packet
11-05 11:34:38.267 W/awplayer(14326): : incomplete ts packet
11-05 11:34:38.267 W/awplayer(14326): : incomplete ts packet
11-05 11:34:38.267 W/awplayer(14326): : incomplete ts packet
11-05 11:34:38.267 W/awplayer(14326): : incomplete ts packet
11-05 11:34:38.301 I/cedarc (14326): : not malloc locks
11-05 11:34:38.309 D/MediaPlayerFactory(14326): Initialize getpersist = 0 value=
11-05 11:34:38.310 I/cedarc (14326): : *** ic_version = 0x3301000012011,
11-05 11:34:38.316 W/.filemanager.o( 2649): Accessing hidden field Landroid/view/inputmethod/InputMethodManager;->mCurRootView:Landroid/view/ViewRootImpl; (blocked, reflection, denied)
11-05 11:34:38.574 I/BLEAudioDrive_HV410( 248): data len: 9 1
11-05 11:34:38.574 D/TvWindowManager( 480): key event key = KEYCODE_DPAD_RIGHT down = true
11-05 11:34:38.580 D/GpioService( 480): mFlickerEnable = true
11-05 11:34:38.622 I/.filemanager.o( 2649): Explicit concurrent copying GC freed 8348(519KB) AllocSpace objects, 0(0B) LOS objects, 49% free, 15MB/30MB, paused 304us total 293.762ms
11-05 11:34:38.754 I/BLEAudioDrive_HV410( 248): data len: 9 1
11-05 11:34:38.754 I/BLEAudioDrive_HV410( 248): keyboard stop
11-05 11:34:38.754 D/TvWindowManager( 480): key event key = KEYCODE_DPAD_RIGHT down = false
11-05 11:34:38.885 W/IorapForwardingService( 480): No service published for: iorapd
11-05 11:34:38.916 I/.filemanager.o( 2649): Explicit concurrent copying GC freed 672(69KB) AllocSpace objects, 0(0B) LOS objects, 50% free, 15MB/30MB, paused 161us total 287.399ms
11-05 11:34:38.956 D/StrictMode( 2649): StrictMode policy violation: android.os.strictmode.InstanceCountViolation: class com.dangbei.lerad.filemanager.ui.info.ManagerFileListActivity; instances=23; limit=3
11-05 11:34:38.956 D/StrictMode( 2649): at android.os.StrictMode.setClassInstanceLimit(StrictMode.java:1)
11-05 11:34:38.966 W/InputManager-JNI( 480): Input channel object '1489e06 com.tv.filemanager.os/com.dangbei.lerad.filemanager.ui.info.ManagerFileListActivity (client)' was disposed without first being removed with the input manager!
11-05 11:34:38.974 I/Choreographer( 2649): Skipped 41 frames! The application may be doing too much work on its main thread.
11-05 11:34:38.974 I/SogouIME( 3502): onKeyDown: keyoCode=22
11-05 11:34:38.974 I/DefaultIMS( 3502): onKeyDown: keyoCode=22
11-05 11:34:38.982 I/SogouIME( 3502): onKeyUp: keyoCode=22
11-05 11:34:38.982 I/DefaultIMS( 3502): onKeyUp: keyoCode=22
11-05 11:34:39.004 I/DefaultIMS( 3502): onStartInput attribute=android.view.inputmethod.EditorInfo@6336c00 restarting=false inputType: 0
11-05 11:34:39.099 I/cedarc (14326): : not malloc locks
11-05 11:34:39.104 D/MediaPlayerFactory(14326): Initialize getpersist = 0 value=
11-05 11:34:39.105 I/cedarc (14326): : *** ic_version = 0x3301000012011,
11-05 11:34:39.613 W/WindowManager( 480): Unable to start animation, surface is null or no children.
11-05 11:34:39.676 I/BLEAudioDrive_HV410( 248): data len: 9 1
11-05 11:34:39.677 D/TvWindowManager( 480): key event key = KEYCODE_DPAD_CENTER down = true
11-05 11:34:39.686 D/GpioService( 480): mFlickerEnable = true
11-05 11:34:39.827 D/GpioService( 480): mFlickerEnable = true
11-05 11:34:39.829 I/SogouIME( 3502): onKeyDown: keyoCode=23
11-05 11:34:39.829 I/DefaultIMS( 3502): onKeyDown: keyoCode=23
11-05 11:34:39.834 I/BLEAudioDrive_HV410( 248): data len: 9 1
11-05 11:34:39.834 I/BLEAudioDrive_HV410( 248): keyboard stop
11-05 11:34:39.834 D/TvWindowManager( 480): key event key = KEYCODE_DPAD_CENTER down = false
11-05 11:34:39.838 I/SogouIME( 3502): onKeyUp: keyoCode=23
11-05 11:34:39.838 I/DefaultIMS( 3502): onKeyUp: keyoCode=23
11-05 11:34:39.844 I/ActivityStarter( 480): ---START u0 {cmp=com.tv.filemanager.os/com.dangbei.lerad.filemanager.ui.info.ManagerFileListActivity (has extras)} from uid 10054
11-05 11:34:39.848 I/AW_PowerHAL( 263): Power setMode: LAUNCH to: 1
11-05 11:34:39.867 W/ActivityTaskManager( 480): Tried to set launchTime (0) < mLastActivityLaunchTime (5830247)
11-05 11:34:39.869 D/AW_CODE ( 480): rotation =0
11-05 11:34:39.870 I/AW_PowerHAL( 263): cur-mode:LAUNCH
11-05 11:34:39.887 W/IorapForwardingService( 480): No service published for: iorapd
11-05 11:34:39.899 D/ActivityTaskManager( 480): homlet: skip orientation settings: 0
11-05 11:34:39.905 I/BpBinder( 278): onLastStrongRef automatically unlinking death recipients:
11-05 11:34:39.918 I/cedarc (14326): : not malloc locks
11-05 11:34:39.926 D/MediaPlayerFactory(14326): Initialize getpersist = 0 value=
11-05 11:34:39.926 I/cedarc (14326): : *** ic_version = 0x3301000012011,
11-05 11:34:39.936 W/awplayer(14326): : data maybe invalid, please check
11-05 11:34:39.936 W/awplayer(14326): : data maybe invalid, please check
11-05 11:34:39.937 W/awplayer(14326): : data maybe invalid, please check
11-05 11:34:39.982 D/TvPipController( 688): onTaskStackChanged()
11-05 11:34:40.086 W/WindowManager( 480): Failed looking up window session=Session{7a11049 2649:u0a10054} callers=com.android.server.wm.WindowManagerService.windowForClientLocked:5702 com.android.server.wm.Session.insetsModified:629 android.view.IWindowSession$Stub.onTransact:1151
11-05 11:34:40.115 I/gralloc ( 257): alloc buffer:W:1920 H:1080 S:1920 PL[1920 1080] SZ:8294400 fmt:1 if:0 af:1 usg:20000b00 fg:00000004
11-05 11:34:40.117 I/gralloc ( 257): alloc buffer:W:1920 H:1080 S:1920 PL[1920 1080] SZ:8294400 fmt:1 if:0 af:1 usg:20000b00 fg:00000004
11-05 11:34:40.120 I/gralloc ( 257): alloc buffer:W:1920 H:1080 S:1920 PL[1920 1080] SZ:8294400 fmt:1 if:0 af:1 usg:20000b00 fg:00000004
11-05 11:34:40.149 I/ActivityTaskManager( 480): +++Displayed com.tv.filemanager.os/com.dangbei.lerad.filemanager.ui.info.ManagerFileListActivity: +302ms
11-05 11:34:40.166 I/BaseRequest( 2649): complete
11-05 11:34:40.167 I/BaseRequest( 2649): success!=nulltrue
11-05 11:34:40.195 I/DefaultIMS( 3502): onStartInput attribute=android.view.inputmethod.EditorInfo@5b27efb restarting=false inputType: 0
11-05 11:34:40.255 W/View ( 2649): requestLayout() improperly called by com.dangbei.lerad.libui.control.layout.FitFrameLayout{1b4f276 V.E...... ......ID 0,0-255,250 #7f0a02ee app:id/view_file_item_ll} during layout: running second layout pass
11-05 11:34:40.264 I/DefaultIMS( 3502): onStartInput attribute=android.view.inputmethod.EditorInfo@d2bb18 restarting=false inputType: 0
11-05 11:34:40.286 W/View ( 2649): requestLayout() improperly called by com.dangbei.lerad.libui.control.layout.FitFrameLayout{1b4f276 V.E...... ......ID 0,0-255,250 #7f0a02ee app:id/view_file_item_ll} during layout: running second layout pass
11-05 11:34:40.297 I/AW_PowerHAL( 263): Power setMode: LAUNCH to: 0
11-05 11:34:40.301 I/AW_PowerHAL( 263): cur-mode:SCHEDUTIL
11-05 11:34:40.541 I/cedarc (14326): : not malloc locks
11-05 11:34:40.548 D/MediaPlayerFactory(14326): Initialize getpersist = 0 value=
11-05 11:34:40.548 I/cedarc (14326): : *** ic_version = 0x3301000012011,
11-05 11:34:40.583 I/cedarc (14326): : not malloc locks
11-05 11:34:40.624 D/MediaPlayerFactory(14326): Initialize getpersist = 0 value=
11-05 11:34:40.625 I/cedarc (14326): : *** ic_version = 0x3301000012011,
11-05 11:34:40.666 I/BLEAudioDrive_HV410( 248): data len: 9 1
11-05 11:34:40.667 D/TvWindowManager( 480): key event key = KEYCODE_DPAD_RIGHT down = true
11-05 11:34:40.678 D/GpioService( 480): mFlickerEnable = true
11-05 11:34:40.681 I/SogouIME( 3502): onKeyDown: keyoCode=22
11-05 11:34:40.681 I/DefaultIMS( 3502): onKeyDown: keyoCode=22
11-05 11:34:40.686 I/cedarc (14326): : not malloc locks
11-05 11:34:40.694 D/MediaPlayerFactory(14326): Initialize getpersist = 0 value=
11-05 11:34:40.695 I/cedarc (14326): : *** ic_version = 0x3301000012011,
11-05 11:34:40.703 I/DefaultIMS( 3502): onStartInput attribute=android.view.inputmethod.EditorInfo@96bd273 restarting=false inputType: 0
11-05 11:34:40.735 I/cedarc (14326): : not malloc locks
11-05 11:34:40.742 D/MediaPlayerFactory(14326): Initialize getpersist = 0 value=
11-05 11:34:40.742 I/cedarc (14326): : *** ic_version = 0x3301000012011,
11-05 11:34:40.757 I/cedarc (14326): : not malloc locks
11-05 11:34:40.760 D/MediaPlayerFactory(14326): Initialize getpersist = 0 value=
11-05 11:34:40.760 I/cedarc (14326): : *** ic_version = 0x3301000012011,
11-05 11:34:40.772 I/cedarc (14326): : not malloc locks
11-05 11:34:40.776 W/IsoInterface( 1056): Invalid box at 52056 of length 375052721. End of parent 293436220
11-05 11:34:40.793 D/MediaPlayerFactory(14326): Initialize getpersist = 0 value=
11-05 11:34:40.794 I/cedarc (14326): : *** ic_version = 0x3301000012011,
11-05 11:34:40.835 I/BLEAudioDrive_HV410( 248): data len: 9 1
11-05 11:34:40.835 I/BLEAudioDrive_HV410( 248): keyboard stop
11-05 11:34:40.836 D/TvWindowManager( 480): key event key = KEYCODE_DPAD_RIGHT down = false
11-05 11:34:40.842 I/SogouIME( 3502): onKeyUp: keyoCode=22
11-05 11:34:40.842 I/DefaultIMS( 3502): onKeyUp: keyoCode=22
11-05 11:34:40.889 W/IorapForwardingService( 480): No service published for: iorapd
11-05 11:34:40.928 E/TaskPersister( 480): File error accessing recents directory (directory doesn't exist?).
11-05 11:34:41.083 I/BLEAudioDrive_HV410( 248): data len: 9 1
11-05 11:34:41.083 D/TvWindowManager( 480): key event key = KEYCODE_DPAD_CENTER down = true
11-05 11:34:41.096 D/GpioService( 480): mFlickerEnable = true
11-05 11:34:41.182 E/WifiHAL ( 663): wifi_get_link_stats: requestResponse Error:-5
11-05 11:34:41.184 E/WifiVendorHal( 480): getWifiLinkLayerStats_1_5_Internal(l.1191) failed {.code = ERROR_INVALID_ARGS, .description = }
11-05 11:34:41.209 I/BLEAudioDrive_HV410( 248): data len: 9 1
11-05 11:34:41.210 D/TvWindowManager( 480): key event key = KEYCODE_DPAD_CENTER down = false
11-05 11:34:41.211 I/BLEAudioDrive_HV410( 248): keyboard stop
11-05 11:34:41.234 D/GpioService( 480): mFlickerEnable = true
11-05 11:34:41.237 I/SogouIME( 3502): onKeyDown: keyoCode=23
11-05 11:34:41.237 I/DefaultIMS( 3502): onKeyDown: keyoCode=23
11-05 11:34:41.243 I/SogouIME( 3502): onKeyUp: keyoCode=23
11-05 11:34:41.243 I/DefaultIMS( 3502): onKeyUp: keyoCode=23
11-05 11:34:41.305 D/StrictMode( 2649): StrictMode policy violation: android.os.strictmode.FileUriExposedViolation: file:///storage/02E24445E2443EE3/000%E9%9F%B3%E9%A2%91%E7%BC%96%E7%A0%81%E6%A0%BC%E5%BC%8F%E6%B5%8B%E8%AF%95/DTS%20X/dtsx_check.mkv exposed beyond app through Intent.getData()
11-05 11:34:41.305 D/StrictMode( 2649): at android.os.StrictMode.onFileUriExposed(StrictMode.java:2211)
11-05 11:34:41.305 D/StrictMode( 2649): at android.net.Uri.checkFileUriExposed(Uri.java:2402)
11-05 11:34:41.305 D/StrictMode( 2649): at android.content.Intent.prepareToLeaveProcess(Intent.java:11415)
11-05 11:34:41.305 D/StrictMode( 2649): at android.content.Intent.prepareToLeaveProcess(Intent.java:11367)
11-05 11:34:41.305 D/StrictMode( 2649): at android.app.Instrumentation.execStartActivity(Instrumentation.java:1742)
11-05 11:34:41.305 D/StrictMode( 2649): at android.app.ContextImpl.startActivity(ContextImpl.java:1085)
11-05 11:34:41.305 D/StrictMode( 2649): at android.app.ContextImpl.startActivity(ContextImpl.java:1056)
11-05 11:34:41.305 D/StrictMode( 2649): at android.content.ContextWrapper.startActivity(ContextWrapper.java:411)
11-05 11:34:41.305 D/StrictMode( 2649): at com.dangbei.lerad.filemanager.impl.open.FileTypePlayer.directlyOpen(FileTypePlayer.java:254)
11-05 11:34:41.305 D/StrictMode( 2649): at com.dangbei.lerad.filemanager.impl.open.FileTypePlayer.play(FileTypePlayer.java:116)
11-05 11:34:41.305 D/StrictMode( 2649): at com.dangbei.lerad.filemanager.impl.open.OpenFilterChain.run(OpenFilterChain.java:63)
11-05 11:34:41.305 D/StrictMode( 2649): at com.dangbei.lerad.filemanager.impl.open.OpenFilterChain.execute(OpenFilterChain.java:35)
11-05 11:34:41.305 D/StrictMode( 2649): at com.dangbei.lerad.filemanager.impl.open.OpenManager$1.onNext(OpenManager.java:109)
11-05 11:34:41.305 D/StrictMode( 2649): at com.dangbei.lerad.filemanager.impl.open.OpenManager$1.onNext(OpenManager.java:101)
11-05 11:34:41.305 D/StrictMode( 2649): at io.reactivex.internal.operators.observable.ObservableObserveOn$ObserveOnObserver.drainNormal(ObservableObserveOn.java:201)
11-05 11:34:41.305 D/StrictMode( 2649): at io.reactivex.internal.operators.observable.ObservableObserveOn$ObserveOnObserver.run(ObservableObserveOn.java:255)
11-05 11:34:41.305 D/StrictMode( 2649): at io.reactivex.android.schedulers.HandlerScheduler$ScheduledRunnable.run(HandlerScheduler.java:119)
11-05 11:34:41.305 D/StrictMode( 2649): at android.os.Handler.handleCallback(Handler.java:938)
11-05 11:34:41.305 D/StrictMode( 2649): at android.os.Handler.dispatchMessage(Handler.java:99)
11-05 11:34:41.305 D/StrictMode( 2649): at android.os.Looper.loopOnce(Looper.java:201)
11-05 11:34:41.305 D/StrictMode( 2649): at android.os.Looper.loop(Looper.java:288)
11-05 11:34:41.305 D/StrictMode( 2649): at android.app.ActivityThread.main(ActivityThread.java:7854)
11-05 11:34:41.305 D/StrictMode( 2649): at java.lang.reflect.Method.invoke(Native Method)
11-05 11:34:41.305 D/StrictMode( 2649): at com.android.internal.os.RuntimeInit$MethodAndArgsCaller.run(RuntimeInit.java:548)
11-05 11:34:41.305 D/StrictMode( 2649): at com.android.internal.os.ZygoteInit.main(ZygoteInit.java:1182)
11-05 11:34:41.310 I/ActivityStarter( 480): ---START u0 {act=android.intent.action.VIEW dat=file:///storage/02E24445E2443EE3/000音频编码格式测试/DTS X/dtsx_check.mkv typ=video/* flg=0x10000001 cmp=com.dangbei.lerad.videoposter/com.dangbei.leradplayer.activity.PlayerActivity} from uid 10054
11-05 11:34:41.314 W/ActivityTaskManager( 480): Can't find TaskDisplayArea to determine support for multi window. Task id=55 attached=false
11-05 11:34:41.320 I/AW_PowerHAL( 263): Power setMode: LAUNCH to: 1
11-05 11:34:41.321 V/SplashScreenExceptionList( 480): SplashScreen checking exception for package com.dangbei.lerad.videoposter (target sdk:26) -> false
11-05 11:34:41.324 D/StartingSurfaceDrawer( 688): addSplashScreen com.dangbei.lerad.videoposter theme=7f0d0007 task=55 suggestType=3
11-05 11:34:41.338 D/StartingSurfaceDrawer( 688): addSplashScreen: creating context based on task Configuration {1.0 ?mcc?mnc [zh_CN] ldltr sw720dp w1280dp h696dp 240dpi lrg long land television -touch qwerty/v/v dpad/v winConfig={ mBounds=Rect(0, 0 - 1920, 1080) mAppBounds=Rect(0, 0 - 1920, 1080) mMaxBounds=Rect(0, 0 - 1920, 1080) mWindowingMode=fullscreen mDisplayWindowingMode=fullscreen mActivityType=standard mAlwaysOnTop=undefined mRotation=ROTATION_0} s.1 fontWeightAdjustment=0} for splash screen
11-05 11:34:41.344 D/StartingSurfaceDrawer( 688): addSplashScreen: apply overrideConfig{1.0 ?mcc?mnc [zh_CN] ldltr sw720dp w1280dp h696dp 240dpi lrg long land television -touch qwerty/v/v dpad/v winConfig={ mBounds=Rect(0, 0 - 1920, 1080) mAppBounds=Rect(0, 0 - 1920, 1080) mMaxBounds=Rect(0, 0 - 1920, 1080) mWindowingMode=fullscreen mDisplayWindowingMode=fullscreen mActivityType=standard mAlwaysOnTop=undefined mRotation=ROTATION_0} s.1 fontWeightAdjustment=0} to starting window resId=2131165761
11-05 11:34:41.348 D/StartingSurfaceDrawer( 688): window attributes color: 0 icon null duration 0 brandImage null
11-05 11:34:41.352 D/SplashScreenView( 688): Build android.window.SplashScreenView{d9c1169 V.E...... ......ID 0,0-0,0}
11-05 11:34:41.352 D/SplashScreenView( 688): Icon: view: null drawable: null size: 0
11-05 11:34:41.352 D/SplashScreenView( 688): Branding: view: android.view.View{8f797ee G.ED..... ......I. 0,0-0,0 #10204a6 android:id/splashscreen_branding_view} drawable: null size w: 0 h: 0
11-05 11:34:41.352 D/StartingSurfaceDrawer( 688): fillViewWithIcon surfaceWindowView android.window.SplashScreenView{d9c1169 V.E...... ......ID 0,0-0,0}
11-05 11:34:41.354 W/ActivityTaskManager( 480): Tried to set launchTime (0) < mLastActivityLaunchTime (5831846)
11-05 11:34:41.358 D/AW_CODE ( 480): rotation =0
11-05 11:34:41.362 I/AW_PowerHAL( 263): cur-mode:LAUNCH
11-05 11:34:41.389 I/BpBinder( 278): onLastStrongRef automatically unlinking death recipients:
11-05 11:34:41.412 I/gralloc ( 257): alloc buffer:W:1920 H:1080 S:1920 PL[1920 1080] SZ:8294400 fmt:1 if:0 af:1 usg:20000b00 fg:00000004
11-05 11:34:41.433 I/gralloc ( 257): alloc buffer:W:1920 H:1080 S:1920 PL[1920 1080] SZ:8294400 fmt:1 if:0 af:1 usg:20000b00 fg:00000004
11-05 11:34:41.437 I/gralloc ( 257): alloc buffer:W:1920 H:1080 S:1920 PL[1920 1080] SZ:8294400 fmt:1 if:0 af:1 usg:20000b00 fg:00000004
11-05 11:34:41.470 D/TvPipController( 688): onTaskStackChanged()
11-05 11:34:41.658 W/AudioManager( 4556): Use of stream types is deprecated for operations other than volume control
11-05 11:34:41.658 W/AudioManager( 4556): See the documentation of requestAudioFocus() for what to use instead with android.media.AudioAttributes to qualify your playback use case
11-05 11:34:41.660 I/MediaFocusControl( 480): requestAudioFocus() from uid/pid 10042/4556 AA=USAGE_MEDIA/CONTENT_TYPE_MUSIC clientId=android.media.AudioManager@6464a3f callingPack=com.dangbei.lerad.videoposter req=1 flags=0x0 sdk=26
11-05 11:34:41.662 I/AudioService.FadeOutManager( 480): unfadeOutUid() uid:10042
11-05 11:34:41.665 W/System.err( 4556): java.lang.Exception: you should init first
11-05 11:34:41.665 W/System.err( 4556): at com.dangbei.alps.AlpsManager.check(AlpsManager.java:315)
11-05 11:34:41.665 W/System.err( 4556): at com.dangbei.alps.AlpsManager.onResume(AlpsManager.java:240)
11-05 11:34:41.666 W/System.err( 4556): at com.dangbei.leradplayer.activity.PlayerActivity.onResume(PlayerActivity.java:658)
11-05 11:34:41.666 W/System.err( 4556): at android.app.Instrumentation.callActivityOnResume(Instrumentation.java:1476)
11-05 11:34:41.666 W/System.err( 4556): at android.app.Activity.performResume(Activity.java:8190)
11-05 11:34:41.666 W/System.err( 4556): at android.app.ActivityThread.performResumeActivity(ActivityThread.java:4747)
11-05 11:34:41.666 W/System.err( 4556): at android.app.ActivityThread.handleResumeActivity(ActivityThread.java:4790)
11-05 11:34:41.666 W/System.err( 4556): at android.app.servertransaction.ResumeActivityItem.execute(ResumeActivityItem.java:54)
11-05 11:34:41.666 W/System.err( 4556): at android.app.servertransaction.ActivityTransactionItem.execute(ActivityTransactionItem.java:45)
11-05 11:34:41.666 W/System.err( 4556): at android.app.servertransaction.TransactionExecutor.executeLifecycleState(TransactionExecutor.java:176)
11-05 11:34:41.666 W/System.err( 4556): at android.app.servertransaction.TransactionExecutor.execute(TransactionExecutor.java:97)
11-05 11:34:41.666 W/System.err( 4556): at android.app.ActivityThread$H.handleMessage(ActivityThread.java:2210)
11-05 11:34:41.666 W/System.err( 4556): at android.os.Handler.dispatchMessage(Handler.java:106)
11-05 11:34:41.666 W/System.err( 4556): at android.os.Looper.loopOnce(Looper.java:201)
11-05 11:34:41.666 W/System.err( 4556): at android.os.Looper.loop(Looper.java:288)
11-05 11:34:41.666 W/System.err( 4556): at android.app.ActivityThread.main(ActivityThread.java:7854)
11-05 11:34:41.666 W/System.err( 4556): at java.lang.reflect.Method.invoke(Native Method)
11-05 11:34:41.666 W/System.err( 4556): at com.android.internal.os.RuntimeInit$MethodAndArgsCaller.run(RuntimeInit.java:548)
11-05 11:34:41.666 W/System.err( 4556): at com.android.internal.os.ZygoteInit.main(ZygoteInit.java:1182)
11-05 11:34:41.673 W/WindowManager( 480): Failed looking up window session=Session{2870cc2 4556:u0a10042} callers=com.android.server.wm.WindowManagerService.windowForClientLocked:5702 com.android.server.wm.Session.insetsModified:629 android.view.IWindowSession$Stub.onTransact:1151
11-05 11:34:41.704 I/cedarc (14326): : not malloc locks
11-05 11:34:41.720 I/gralloc ( 257): alloc buffer:W:1920 H:1080 S:1920 PL[1920 1080] SZ:8294400 fmt:1 if:0 af:1 usg:20000b00 fg:00000004
11-05 11:34:41.737 D/MediaPlayerFactory(14326): Initialize getpersist = 0 value=
11-05 11:34:41.737 I/cedarc (14326): : *** ic_version = 0x3301000012011,
11-05 11:34:41.760 I/gralloc ( 257): alloc buffer:W:1920 H:1080 S:1920 PL[1920 1080] SZ:8294400 fmt:1 if:0 af:1 usg:20000b00 fg:00000004
11-05 11:34:41.761 D/StartingSurfaceDrawer( 688): Task start finish, remove starting surface for task 55
11-05 11:34:41.762 V/StartingSurfaceDrawer( 688): Removing splash screen window for task: 55
11-05 11:34:41.821 I/FuseDaemon( 1056): Background young concurrent copying GC freed 98697(5241KB) AllocSpace objects, 47(940KB) LOS objects, 50% free, 6524KB/12MB, paused 155us total 112.515ms
11-05 11:34:41.862 D/AudioFlinger( 270): mixer(0xf2ef8f00) throttle end: throttle time(5)
