11-05 11:33:53.776 W/IorapForwardingService( 480): No service published for: iorapd
11-05 11:33:54.531 E/TaskPersister( 480): File error accessing recents directory (directory doesn't exist?).
11-05 11:33:54.777 W/IorapForwardingService( 480): No service published for: iorapd
11-05 11:33:55.779 W/IorapForwardingService( 480): No service published for: iorapd
11-05 11:33:55.963 E/WifiHAL ( 663): wifi_get_link_stats: requestResponse Error:-5
11-05 11:33:55.964 E/WifiVendorHal( 480): getWifiLinkLayerStats_1_5_Internal(l.1191) failed {.code = ERROR_INVALID_ARGS, .description = }
11-05 11:33:56.028 W/WindowManager( 480): Failed looking up window session=Session{7a11049 2649:u0a10054} callers=com.android.server.wm.WindowManagerService.windowForClientLocked:5702 com.android.server.wm.Session.insetsModified:629 android.view.IWindowSession$Stub.onTransact:1151
11-05 11:33:56.032 I/InputDispatcher( 480): a1f7e55 com.tv.filemanager.os/com.dangbei.lerad.filemanager.ui.info.ManagerFileListActivity (server) spent 2575ms processing FocusEvent(hasFocus=false)
11-05 11:33:56.032 I/Choreographer( 2649): Skipped 155 frames! The application may be doing too much work on its main thread.
11-05 11:33:56.053 I/gralloc ( 257): alloc buffer:W:1920 H:1080 S:1920 PL[1920 1080] SZ:8294400 fmt:1 if:0 af:1 usg:20000b00 fg:00000004
11-05 11:33:56.055 I/gralloc ( 257): alloc buffer:W:1920 H:1080 S:1920 PL[1920 1080] SZ:8294400 fmt:1 if:0 af:1 usg:20000b00 fg:00000004
11-05 11:33:56.060 I/gralloc ( 257): alloc buffer:W:1920 H:1080 S:1920 PL[1920 1080] SZ:8294400 fmt:1 if:0 af:1 usg:20000b00 fg:00000004
11-05 11:33:56.086 I/ActivityTaskManager( 480): +++Displayed com.tv.filemanager.os/com.dangbei.lerad.filemanager.ui.info.ManagerFileListActivity: +2s687ms
11-05 11:33:56.118 I/DefaultIMS( 3502): onStartInput attribute=android.view.inputmethod.EditorInfo@e0f3987 restarting=false inputType: 0
11-05 11:33:56.138 I/AW_PowerHAL( 263): Power setMode: LAUNCH to: 0
11-05 11:33:56.145 I/AW_PowerHAL( 263): cur-mode:SCHEDUTIL
11-05 11:33:56.781 W/IorapForwardingService( 480): No service published for: iorapd
11-05 11:33:57.648 I/efs-base( 3126): type=1400 audit(0.0:2832): avc: denied { search } for name="com.dangbei.screencast" dev="mmcblk0p25" ino=891 scontext=u:r:platform_app:s0:c512,c768 tcontext=u:object_r:app_data_file:s0:c512,c768 tclass=dir permissive=1 app=com.dangbei.screencast
11-05 11:33:57.648 I/efs-base( 3126): type=1400 audit(0.0:2833): avc: denied { getattr } for path="/data/user/0/com.dangbei.screencast/app_UApm/5fc60c21094d637f3130af19/ready" dev="mmcblk0p25" ino=2110 scontext=u:r:platform_app:s0:c512,c768 tcontext=u:object_r:app_data_file:s0:c512,c768 tclass=dir permissive=1 app=com.dangbei.screencast
11-05 11:33:57.648 I/efs-base( 3126): type=1400 audit(0.0:2834): avc: denied { read } for name="ready" dev="mmcblk0p25" ino=2110 scontext=u:r:platform_app:s0:c512,c768 tcontext=u:object_r:app_data_file:s0:c512,c768 tclass=dir permissive=1 app=com.dangbei.screencast
11-05 11:33:57.648 I/efs-base( 3126): type=1400 audit(0.0:2835): avc: denied { open } for path="/data/user/0/com.dangbei.screencast/app_UApm/5fc60c21094d637f3130af19/ready" dev="mmcblk0p25" ino=2110 scontext=u:r:platform_app:s0:c512,c768 tcontext=u:object_r:app_data_file:s0:c512,c768 tclass=dir permissive=1 app=com.dangbei.screencast
11-05 11:33:57.783 W/IorapForwardingService( 480): No service published for: iorapd
11-05 11:33:58.786 W/IorapForwardingService( 480): No service published for: iorapd
11-05 11:33:58.973 E/WifiHAL ( 663): wifi_get_link_stats: requestResponse Error:-5
11-05 11:33:58.975 E/WifiVendorHal( 480): getWifiLinkLayerStats_1_5_Internal(l.1191) failed {.code = ERROR_INVALID_ARGS, .description = }
11-05 11:33:59.736 D/audio_hw_primary( 248): out_standby
11-05 11:33:59.789 W/IorapForwardingService( 480): No service published for: iorapd
11-05 11:34:00.793 W/IorapForwardingService( 480): No service published for: iorapd
11-05 11:34:01.795 W/IorapForwardingService( 480): No service published for: iorapd
11-05 11:34:01.989 E/WifiHAL ( 663): wifi_get_link_stats: requestResponse Error:-5
11-05 11:34:01.991 E/WifiVendorHal( 480): getWifiLinkLayerStats_1_5_Internal(l.1191) failed {.code = ERROR_INVALID_ARGS, .description = }
11-05 11:34:02.189 W/WindowManager( 480): removeWindowToken: Attempted to remove non-existing token: android.os.Binder@b9f0426
11-05 11:34:02.797 W/IorapForwardingService( 480): No service published for: iorapd
11-05 11:34:03.370 I/BLEAudioDrive_HV410( 248): select timeout!
11-05 11:34:03.368 I/HwBinder:248_2( 248): type=1400 audit(0.0:2836): avc: denied { write } for name="HBG" dev="mmcblk0p25" ino=217 scontext=u:r:hal_audio_default:s0 tcontext=u:object_r:vendor_data_file:s0 tclass=dir permissive=1
11-05 11:34:03.368 I/HwBinder:248_2( 248): type=1400 audit(0.0:2837): avc: denied { remove_name } for name="ble" dev="mmcblk0p25" ino=6078 scontext=u:r:hal_audio_default:s0 tcontext=u:object_r:vendor_data_file:s0 tclass=dir permissive=1
11-05 11:34:03.368 I/HwBinder:248_2( 248): type=1400 audit(0.0:2838): avc: denied { unlink } for name="ble" dev="mmcblk0p25" ino=6078 scontext=u:r:hal_audio_default:s0 tcontext=u:object_r:vendor_data_file:s0 tclass=file permissive=1
11-05 11:34:03.372 D/audio_so_hv_309( 248): HBG remote is powerdown!
11-05 11:34:03.799 W/IorapForwardingService( 480): No service published for: iorapd
11-05 11:34:03.835 D/TvWindowManager( 480): key event key = KEYCODE_BACK down = true
11-05 11:34:03.841 D/audio_so_hv_309( 248): HBG remote is active!
11-05 11:34:03.839 W/audit ( 459): audit_lost=1156 audit_rate_limit=5 audit_backlog_limit=64
11-05 11:34:03.839 E/audit ( 459): rate limit exceeded
11-05 11:34:03.842 I/BLEAudioDrive_HV410( 248): HBG remote PoweOn
11-05 11:34:03.842 I/BLEAudioDrive_HV410( 248): data len: 9 1
11-05 11:34:03.832 I/HwBinder:248_2( 248): type=1400 audit(0.0:2839): avc: denied { add_name } for name="ble" scontext=u:r:hal_audio_default:s0 tcontext=u:object_r:vendor_data_file:s0 tclass=dir permissive=1
11-05 11:34:03.832 I/HwBinder:248_2( 248): type=1400 audit(0.0:2840): avc: denied { create } for name="ble" scontext=u:r:hal_audio_default:s0 tcontext=u:object_r:vendor_data_file:s0 tclass=file permissive=1
11-05 11:34:03.847 D/GpioService( 480): mFlickerEnable = true
11-05 11:34:03.832 I/HwBinder:248_2( 248): type=1400 audit(0.0:2841): avc: denied { read open } for path="/data/vendor/HBG/ble" dev="mmcblk0p25" ino=6099 scontext=u:r:hal_audio_default:s0 tcontext=u:object_r:vendor_data_file:s0 tclass=file permissive=1
11-05 11:34:03.851 D/audio_hw_primary( 248): start_output_stream out->format : 0x00000000
11-05 11:34:03.851 V/audio_hw_primary( 248): start_output_stream, line: 1503
11-05 11:34:03.851 V/audio_hw_primary( 248): use AUDIO_HDMI to playback audio
11-05 11:34:03.851 D/audio_hw_primary( 248): open card=3, port=0
11-05 11:34:03.851 D/audio_hw_primary( 248): config:2 44100 960 2 0 5760 1 0
11-05 11:34:03.851 D/audio_hw_primary( 248): set_raw_flag(card=3, raw_flag=1)
11-05 11:34:03.852 D/audio_hw_primary( 248): set_raw_flag control_name = audio data format control_value PCM)
11-05 11:34:03.854 V/audio_hw_primary( 248): do not use out resampler
11-05 11:34:03.877 D/AudioFlinger( 270): mixer(0xf2ef8f00) throttle end: throttle time(9)
11-05 11:34:03.920 W/ZramWriteback( 480): Writeback device is not set
11-05 11:34:03.920 D/ZramWriteback( 480): wait to flush
11-05 11:34:03.985 D/GpioService( 480): mFlickerEnable = true
11-05 11:34:03.987 I/SogouIME( 3502): onKeyDown: keyoCode=4
11-05 11:34:03.987 I/DefaultIMS( 3502): onKeyDown: keyoCode=4
11-05 11:34:04.003 I/BLEAudioDrive_HV410( 248): data len: 9 1
11-05 11:34:04.003 I/BLEAudioDrive_HV410( 248): keyboard stop
11-05 11:34:04.003 D/TvWindowManager( 480): key event key = KEYCODE_BACK down = false
11-05 11:34:04.004 D/AutofillManagerService( 480): onBackKeyPressed()
11-05 11:34:04.011 I/SogouIME( 3502): onKeyUp: keyoCode=4
11-05 11:34:04.011 I/DefaultIMS( 3502): onKeyUp: keyoCode=4
11-05 11:34:04.016 I/gralloc ( 257): alloc buffer:W:1920 H:1080 S:1920 PL[1920 1080] SZ:8294400 fmt:1 if:0 af:1 usg:b66 fg:00000004
11-05 11:34:04.047 D/AW_CODE ( 480): rotation =0
11-05 11:34:04.073 I/BpBinder( 278): onLastStrongRef automatically unlinking death recipients:
11-05 11:34:04.113 I/gralloc ( 257): alloc buffer:W:1920 H:1080 S:1920 PL[1920 1080] SZ:8294400 fmt:1 if:0 af:1 usg:20000b00 fg:00000004
11-05 11:34:04.117 I/gralloc ( 257): alloc buffer:W:1920 H:1080 S:1920 PL[1920 1080] SZ:8294400 fmt:1 if:0 af:1 usg:20000b00 fg:00000004
11-05 11:34:04.128 I/gralloc ( 257): alloc buffer:W:1920 H:1080 S:1920 PL[1920 1080] SZ:8294400 fmt:1 if:0 af:1 usg:20000b00 fg:00000004
11-05 11:34:04.173 D/TvPipController( 688): onTaskStackChanged()
11-05 11:34:04.182 I/DefaultIMS( 3502): onStartInput attribute=android.view.inputmethod.EditorInfo@56cd0b4 restarting=false inputType: 0
11-05 11:34:04.247 I/ndroid.systemu( 688): NativeAlloc concurrent copying GC freed 8245(457KB) AllocSpace objects, 0(0B) LOS objects, 49% free, 3709KB/7418KB, paused 1.337ms total 211.011ms
11-05 11:34:04.259 W/System ( 688): A resource failed to call close.
11-05 11:34:04.261 W/System ( 688): A resource failed to call close.
11-05 11:34:04.262 W/System ( 688): A resource failed to call close.
11-05 11:34:04.262 W/System ( 688): A resource failed to call release.
11-05 11:34:04.632 W/.filemanager.o( 2649): Accessing hidden field Landroid/view/inputmethod/InputMethodManager;->mCurRootView:Landroid/view/ViewRootImpl; (blocked, reflection, denied)
11-05 11:34:04.634 I/system_server( 480): NativeAlloc concurrent copying GC freed 63615(2770KB) AllocSpace objects, 8(272KB) LOS objects, 49% free, 12MB/24MB, paused 362us total 466.985ms
11-05 11:34:04.642 W/System ( 480): A resource failed to call close.
11-05 11:34:04.642 W/System ( 480): A resource failed to call close.
11-05 11:34:04.642 W/System ( 480): A resource failed to call release.
11-05 11:34:04.643 W/System ( 480): A resource failed to call close.
11-05 11:34:04.801 W/IorapForwardingService( 480): No service published for: iorapd
11-05 11:34:04.906 I/.filemanager.o( 2649): Explicit concurrent copying GC freed 8692(576KB) AllocSpace objects, 0(0B) LOS objects, 49% free, 15MB/30MB, paused 351us total 270.790ms
11-05 11:34:05.003 E/WifiHAL ( 663): wifi_get_link_stats: requestResponse Error:-5
11-05 11:34:05.004 E/WifiVendorHal( 480): getWifiLinkLayerStats_1_5_Internal(l.1191) failed {.code = ERROR_INVALID_ARGS, .description = }
11-05 11:34:05.049 I/BLEAudioDrive_HV410( 248): data len: 9 1
11-05 11:34:05.050 D/TvWindowManager( 480): key event key = KEYCODE_DPAD_RIGHT down = true
11-05 11:34:05.054 D/GpioService( 480): mFlickerEnable = true
11-05 11:34:05.175 I/.filemanager.o( 2649): Explicit concurrent copying GC freed 1013(68KB) AllocSpace objects, 0(0B) LOS objects, 49% free, 15MB/30MB, paused 132us total 266.725ms
11-05 11:34:05.213 D/StrictMode( 2649): StrictMode policy violation: android.os.strictmode.InstanceCountViolation: class com.dangbei.lerad.filemanager.ui.info.ManagerFileListActivity; instances=22; limit=3
11-05 11:34:05.213 D/StrictMode( 2649): at android.os.StrictMode.setClassInstanceLimit(StrictMode.java:1)
11-05 11:34:05.218 W/InputManager-JNI( 480): Input channel object '3273570 com.tv.filemanager.os/com.dangbei.lerad.filemanager.ui.info.ManagerFileListActivity (client)' was disposed without first being removed with the input manager!
11-05 11:34:05.225 I/Choreographer( 2649): Skipped 37 frames! The application may be doing too much work on its main thread.
11-05 11:34:05.225 I/SogouIME( 3502): onKeyDown: keyoCode=22
11-05 11:34:05.225 I/DefaultIMS( 3502): onKeyDown: keyoCode=22
11-05 11:34:05.229 I/BLEAudioDrive_HV410( 248): data len: 9 1
11-05 11:34:05.233 D/TvWindowManager( 480): key event key = KEYCODE_DPAD_RIGHT down = false
11-05 11:34:05.234 I/BLEAudioDrive_HV410( 248): keyboard stop
11-05 11:34:05.236 I/SogouIME( 3502): onKeyUp: keyoCode=22
11-05 11:34:05.236 I/DefaultIMS( 3502): onKeyUp: keyoCode=22
11-05 11:34:05.252 I/DefaultIMS( 3502): onStartInput attribute=android.view.inputmethod.EditorInfo@2bbd27f restarting=false inputType: 0
11-05 11:34:05.748 I/BLEAudioDrive_HV410( 248): data len: 9 1
11-05 11:34:05.748 D/TvWindowManager( 480): key event key = KEYCODE_DPAD_CENTER down = true
11-05 11:34:05.755 D/GpioService( 480): mFlickerEnable = true
11-05 11:34:05.803 W/IorapForwardingService( 480): No service published for: iorapd
11-05 11:34:05.893 I/BLEAudioDrive_HV410( 248): data len: 9 1
11-05 11:34:05.893 I/BLEAudioDrive_HV410( 248): keyboard stop
11-05 11:34:05.893 D/TvWindowManager( 480): key event key = KEYCODE_DPAD_CENTER down = false
11-05 11:34:05.899 D/GpioService( 480): mFlickerEnable = true
11-05 11:34:05.911 I/SogouIME( 3502): onKeyDown: keyoCode=23
11-05 11:34:05.912 I/DefaultIMS( 3502): onKeyDown: keyoCode=23
11-05 11:34:05.939 I/SogouIME( 3502): onKeyUp: keyoCode=23
11-05 11:34:05.939 I/DefaultIMS( 3502): onKeyUp: keyoCode=23
11-05 11:34:05.957 I/ActivityStarter( 480): ---START u0 {cmp=com.tv.filemanager.os/com.dangbei.lerad.filemanager.ui.info.ManagerFileListActivity (has extras)} from uid 10054
11-05 11:34:05.962 I/AW_PowerHAL( 263): Power setMode: LAUNCH to: 1
11-05 11:34:05.982 W/ActivityTaskManager( 480): Tried to set launchTime (0) < mLastActivityLaunchTime (5797353)
11-05 11:34:05.984 D/AW_CODE ( 480): rotation =0
11-05 11:34:05.987 I/AW_PowerHAL( 263): cur-mode:LAUNCH
11-05 11:34:06.006 I/BpBinder( 278): onLastStrongRef automatically unlinking death recipients:
11-05 11:34:06.013 D/ActivityTaskManager( 480): homlet: skip orientation settings: 0
11-05 11:34:06.098 D/TvPipController( 688): onTaskStackChanged()
11-05 11:34:06.496 D/hdmi-cec( 265): receive invalid cec message!
11-05 11:34:06.496 D/hdmi-cec( 265): receive poll message [04], skip!
11-05 11:34:06.804 W/IorapForwardingService( 480): No service published for: iorapd
11-05 11:34:07.437 W/WindowManager( 480): Failed looking up window session=Session{7a11049 2649:u0a10054} callers=com.android.server.wm.WindowManagerService.windowForClientLocked:5702 com.android.server.wm.Session.insetsModified:629 android.view.IWindowSession$Stub.onTransact:1151
11-05 11:34:07.444 I/Choreographer( 2649): Skipped 86 frames! The application may be doing too much work on its main thread.
11-05 11:34:07.463 I/gralloc ( 257): alloc buffer:W:1920 H:1080 S:1920 PL[1920 1080] SZ:8294400 fmt:1 if:0 af:1 usg:20000b00 fg:00000004
11-05 11:34:07.465 I/gralloc ( 257): alloc buffer:W:1920 H:1080 S:1920 PL[1920 1080] SZ:8294400 fmt:1 if:0 af:1 usg:20000b00 fg:00000004
11-05 11:34:07.467 I/gralloc ( 257): alloc buffer:W:1920 H:1080 S:1920 PL[1920 1080] SZ:8294400 fmt:1 if:0 af:1 usg:20000b00 fg:00000004
11-05 11:34:07.487 I/ActivityTaskManager( 480): +++Displayed com.tv.filemanager.os/com.dangbei.lerad.filemanager.ui.info.ManagerFileListActivity: +1s529ms
11-05 11:34:07.534 I/DefaultIMS( 3502): onStartInput attribute=android.view.inputmethod.EditorInfo@89cf550 restarting=false inputType: 0
11-05 11:34:07.538 I/AW_PowerHAL( 263): Power setMode: LAUNCH to: 0
11-05 11:34:07.548 I/AW_PowerHAL( 263): cur-mode:SCHEDUTIL
11-05 11:34:07.806 W/IorapForwardingService( 480): No service published for: iorapd
11-05 11:34:08.015 E/WifiHAL ( 663): wifi_get_link_stats: requestResponse Error:-5
11-05 11:34:08.017 E/WifiVendorHal( 480): getWifiLinkLayerStats_1_5_Internal(l.1191) failed {.code = ERROR_INVALID_ARGS, .description = }
11-05 11:34:08.808 W/IorapForwardingService( 480): No service published for: iorapd
11-05 11:34:08.857 E/TaskPersister( 480): File error accessing recents directory (directory doesn't exist?).
11-05 11:34:09.811 W/IorapForwardingService( 480): No service published for: iorapd
11-05 11:34:10.494 I/BLEAudioDrive_HV410( 248): data len: 4 3
11-05 11:34:10.495 D/TvWindowManager( 480): key event key = KEYCODE_HOME down = true
11-05 11:34:10.496 D/GpioService( 480): mFlickerEnable = true
11-05 11:34:10.708 I/BLEAudioDrive_HV410( 248): data len: 4 3
11-05 11:34:10.708 D/TvWindowManager( 480): key event key = KEYCODE_HOME down = false
11-05 11:34:10.708 D/TvWindowManager( 480): the focus window is com.tv.filemanager.os
11-05 11:34:10.739 D/TvWindowManager( 480): Home package name:com.dangbei.leard.leradlauncher
11-05 11:34:10.739 V/TvWindowManager( 480): number of HOME app :1
11-05 11:34:10.744 D/HdmiControlService( 480): Process pid: 480 is calling oneTouchPlay.
11-05 11:34:10.763 D/AutofillManagerService( 480): Close system dialogs
11-05 11:34:10.765 D/TvPipMenuController( 688): hideMenu(), movePipWindow=true
11-05 11:34:10.771 D/hdmi-cec( 265): cec physical address: 1.0.0.0
11-05 11:34:10.774 I/ActivityStarter( 480): ---START u0 {act=android.intent.action.MAIN cat=[android.intent.category.HOME] flg=0x10000100 cmp=com.dangbei.leard.leradlauncher/com.dangbei.launcher.home.LauncherActivity (has extras)} from uid 0
11-05 11:34:10.795 E/hq ( 1114): HomeKeyReceiver:::onReceive android.intent.action.CLOSE_SYSTEM_DIALOGS
11-05 11:34:10.807 D/ActivityTaskManager( 480): isHomeLauncher info= ActivityInfo{5d37e6a com.dangbei.launcher.home.LauncherActivity}
11-05 11:34:10.812 D/HomeKeyReceiver( 1114): reason:-----------homekey
11-05 11:34:10.813 W/IorapForwardingService( 480): No service published for: iorapd
11-05 11:34:10.812 I/android.ui(16964): type=1400 audit(0.0:2843): avc: denied { execute } for name="am" dev="dm-1" ino=1164 scontext=u:r:system_server:s0 tcontext=u:object_r:vendor_file:s0 tclass=file permissive=1
11-05 11:34:10.812 I/android.ui(16964): type=1400 audit(0.0:2844): avc: denied { read open } for path="/vendor/xbin/am" dev="dm-1" ino=1164 scontext=u:r:system_server:s0 tcontext=u:object_r:vendor_file:s0 tclass=file permissive=1
11-05 11:34:10.816 I/android.ui(16964): type=1400 audit(0.0:2845): avc: denied { execute_no_trans } for path="/vendor/xbin/am" dev="dm-1" ino=1164 scontext=u:r:system_server:s0 tcontext=u:object_r:vendor_file:s0 tclass=file permissive=1
11-05 11:34:10.816 I/android.ui(16964): type=1400 audit(0.0:2846): avc: denied { execute } for name="sh" dev="dm-0" ino=1202 scontext=u:r:system_server:s0 tcontext=u:object_r:shell_exec:s0 tclass=file permissive=1
11-05 11:34:10.816 I/android.ui(16964): type=1400 audit(0.0:2847): avc: denied { read open } for path="/system/bin/sh" dev="dm-0" ino=1202 scontext=u:r:system_server:s0 tcontext=u:object_r:shell_exec:s0 tclass=file permissive=1
11-05 11:34:10.824 W/audit (16964): audit_lost=1157 audit_rate_limit=5 audit_backlog_limit=64
11-05 11:34:10.824 E/audit (16964): rate limit exceeded
11-05 11:34:10.822 I/AW_PowerHAL( 263): Power setMode: SUSTAINED_PERFORMANCE to: 1
11-05 11:34:10.833 W/eventbuscore( 1114): post Event:com.dangbei.leard.base.entity.event.HomeEvent
11-05 11:34:10.841 W/eventbuscore( 1114): post Event:com.dangbei.leard.base.entity.event.SwitchLauncherPageEvent
11-05 11:34:10.846 W/AW_PowerHAL( 263): Could not open nsi-bw: No such file or directory
11-05 11:34:10.846 I/AW_PowerHAL( 263): cur-mode:PERFORMANCE
11-05 11:34:10.846 W/Looper ( 480): Slow dispatch took 105ms android.ui h=com.android.server.policy.PhoneWindowManager$PolicyHandler c=com.android.server.policy.PhoneWindowManager$DisplayHomeButtonHandler$$ExternalSyntheticLambda0@3b12ffb m=0
11-05 11:34:10.859 D/AW_CODE ( 480): rotation =0
11-05 11:34:10.875 D/hdmi-cec( 265): cec physical address: 1.0.0.0
11-05 11:34:10.889 I/BpBinder( 278): onLastStrongRef automatically unlinking death recipients:
11-05 11:34:10.900 I/hq ( 1114): 当小贝:::showMessage from=mActivityLifecycleCallbacks
11-05 11:34:10.911 I/hq ( 1114): 当小贝:::showMessage 没有消息需要显示
11-05 11:34:10.912 D/aaa (16004): LedStatusService onStartCommand begin
11-05 11:34:10.918 D/aaa (16004): topPkg is -------------- :com.tv.filemanager.os
11-05 11:34:10.941 I/gralloc ( 257): alloc buffer:W:1920 H:1080 S:1920 PL[1920 1080] SZ:8294400 fmt:1 if:0 af:1 usg:20000b00 fg:00000004
11-05 11:34:10.945 I/gralloc ( 257): alloc buffer:W:1920 H:1080 S:1920 PL[1920 1080] SZ:8294400 fmt:1 if:0 af:1 usg:20000b00 fg:00000004
11-05 11:34:10.949 I/gralloc ( 257): alloc buffer:W:1920 H:1080 S:1920 PL[1920 1080] SZ:8294400 fmt:1 if:0 af:1 usg:20000b00 fg:00000004
11-05 11:34:10.963 W/SQLiteLog( 1114): (28) double-quoted string literal: "0mjKkbL9KRzUcaWmitbzMPYBsQl9arFKGsGM+jk5XeSlcn6UdYAvaHMFhAa8fkrgSzs+xlyKEGRU
11-05 11:34:10.963 W/SQLiteLog( 1114): TWK+6hn36g==
11-05 11:34:10.963 W/SQLiteLog( 1114): "
11-05 11:34:10.963 W/SQLiteLog( 1114): (28) double-quoted string literal: "0D32D0CE32CD64D0FEAAB895FD93EA43"
11-05 11:34:10.965 W/SQLiteLog( 1114): (28) double-quoted string literal: "1762313477629"
11-05 11:34:10.965 W/SQLiteLog( 1114): (28) double-quoted string literal: "0D32D0CE32CD64D0FEAAB895FD93EA43"
11-05 11:34:10.969 D/TvPipController( 688): onTaskStackChanged()
11-05 11:34:11.019 D/hdmi-cec( 265): cec physical address: 1.0.0.0
11-05 11:34:11.024 D/hdmi-cec( 265): cec physical address: 1.0.0.0
11-05 11:34:11.031 W/Looper ( 480): Slow dispatch took 285ms main h=android.os.Handler c=com.android.server.hdmi.WorkSourceUidPreservingRunnable@a3c9dc4 m=0
11-05 11:34:11.032 W/Looper ( 480): Slow delivery took 270ms main h=android.app.ActivityThread$H c=android.app.LoadedApk$ReceiverDispatcher$Args$$ExternalSyntheticLambda0@d7914ad m=0
11-05 11:34:11.033 E/WifiHAL ( 663): wifi_get_link_stats: requestResponse Error:-5
11-05 11:34:11.034 W/Looper ( 480): Drained
11-05 11:34:11.036 E/WifiVendorHal( 480): getWifiLinkLayerStats_1_5_Internal(l.1191) failed {.code = ERROR_INVALID_ARGS, .description = }
11-05 11:34:11.065 E/ActivityRecord( 480): real home.....com.dangbei.leard.leradlauncher/com.dangbei.launcher.home.LauncherActivity
11-05 11:34:11.065 E/+++ActivityRecord( 480): pre led_switch = 1
11-05 11:34:11.073 I/init ( 1): processing action (vendor.led_switch=*) from (/vendor/etc/init/hw/init.oranth.rc:149)
11-05 11:34:11.079 I/init ( 1): starting service 'exec 51 (/vendor/bin/led_switch.sh 1)'...
11-05 11:34:11.091 I/init ( 1): SVC_EXEC service 'exec 51 (/vendor/bin/led_switch.sh 1)' pid 16983 (uid 0 gid 0+0 context default) started; waiting...
11-05 11:34:11.093 I/WindowManager( 480): ******* TELLING SURFACE FLINGER WE ARE BOOTED!
11-05 11:34:11.096 E/SurfaceFlinger( 278): Extra call to bootFinished
11-05 11:34:11.165 D/aaa (16004): LedStatusService onStartCommand begin
11-05 11:34:11.167 D/aaa (16004): topPkg is -------------- :com.dangbei.leard.leradlauncher
11-05 11:34:11.177 D/aaa (16004): WiFi is connect
11-05 11:34:11.187 I/init ( 1): Sending signal 9 to service 'rainbow_flow' (pid 16495) process group...
11-05 11:34:11.193 I/libprocessgroup( 1): Successfully killed process cgroup uid 0 pid 16495 in 5ms
11-05 11:34:11.197 I/init ( 1): Control message: Processed ctl.stop for 'rainbow_flow' from pid: 16988 (stop rainbow_flow voice breathe flow_led net_disconnect)
11-05 11:34:11.197 I/init ( 1): Service 'rainbow_flow' (pid 16495) received signal 9 oneshot service took 325.273987 seconds in background
11-05 11:34:11.200 I/init ( 1): Control message: Processed ctl.stop for 'voice' from pid: 16988 (stop rainbow_flow voice breathe flow_led net_disconnect)
11-05 11:34:11.201 I/init ( 1): Control message: Processed ctl.stop for 'breathe' from pid: 16988 (stop rainbow_flow voice breathe flow_led net_disconnect)
11-05 11:34:11.203 I/init ( 1): Control message: Processed ctl.stop for 'flow_led' from pid: 16988 (stop rainbow_flow voice breathe flow_led net_disconnect)
11-05 11:34:11.225 W/SQLiteLog( 1114): (28) double-quoted string literal: "1762313477629"
11-05 11:34:11.225 W/SQLiteLog( 1114): (28) double-quoted string literal: ""
11-05 11:34:11.225 W/SQLiteLog( 1114): (28) double-quoted string literal: ""
11-05 11:34:11.225 W/SQLiteLog( 1114): (28) double-quoted string literal: "0D32D0CE32CD64D0FEAAB895FD93EA43"
11-05 11:34:11.243 I/DefaultIMS( 3502): onStartInput attribute=android.view.inputmethod.EditorInfo@9730349 restarting=false inputType: 0
11-05 11:34:11.266 I/AW_PowerHAL( 263): Power setMode: SUSTAINED_PERFORMANCE to: 0
11-05 11:34:11.270 I/AW_PowerHAL( 263): cur-mode:SCHEDUTIL-Home
11-05 11:34:11.315 I/DefaultIMS( 3502): onStartInput attribute=android.view.inputmethod.EditorInfo@46ed44e restarting=false inputType: 0
11-05 11:34:11.380 D/UMLog ( 1114): 当前发送策略为:启动时发送。详见链接 https://developer.umeng.com/docs/66632/detail/66976?um_channel=sdk
11-05 11:34:11.455 W/SQLiteLog( 1114): (28) double-quoted string literal: "838B4D443D79EE1374559CF64BF188D7"
11-05 11:34:11.530 W/HDMI ( 480): [2]:Unhandled cec command: 04:00:8E:00
11-05 11:34:11.531 D/hdmi-cec( 265): cec physical address: 1.0.0.0
11-05 11:34:11.533 D/hdmi-cec( 265): cec physical address: 1.0.0.0
11-05 11:34:11.566 I/System.out( 1114): true
11-05 11:34:11.586 W/SQLiteLog( 1114): (28) double-quoted string literal: "838B4D443D79EE1374559CF64BF188D7"
11-05 11:34:11.613 W/SQLiteLog( 1114): (28) double-quoted string literal: "838B4D443D79EE1374559CF64BF188D7"
11-05 11:34:11.613 W/SQLiteLog( 1114): (28) double-quoted string literal: ""
11-05 11:34:11.613 W/SQLiteLog( 1114): (28) double-quoted string literal: "838B4D443D79EE1374559CF64BF188D7"
11-05 11:34:11.613 W/SQLiteLog( 1114): (28) double-quoted string literal: "-1"
11-05 11:34:11.616 D/UMLog ( 1114): 当前发送策略为:启动时发送。详见链接 https://developer.umeng.com/docs/66632/detail/66976?um_channel=sdk
11-05 11:34:11.616 D/MobclickAgent( 1114): Report policy : ReportAtLaunch
11-05 11:34:11.616 D/UMLog ( 1114): 当前发送策略为:启动时发送。详见链接 https://developer.umeng.com/docs/66632/detail/66976?um_channel=sdk
11-05 11:34:11.670 D/hdmi-cec( 265): cec physical address: 1.0.0.0
11-05 11:34:11.720 W/SQLiteLog( 1114): (28) double-quoted string literal: "0D32D0CE32CD64D0FEAAB895FD93EA43"
11-05 11:34:11.793 I/MobclickAgent( 1114): Send message to server. status code is: 200
11-05 11:34:11.798 I/MobclickAgent( 1114): send log:succeed
11-05 11:34:11.798 D/hdmi-cec( 265): cec physical address: 1.0.0.0
11-05 11:34:11.799 W/Looper ( 480): Slow dispatch took 268ms main h=android.os.Handler c=com.android.server.hdmi.WorkSourceUidPreservingRunnable@6b6ac97 m=0
11-05 11:34:11.819 W/IorapForwardingService( 480): No service published for: iorapd
11-05 11:34:11.885 D/MobclickAgent( 1114): constructMessage:{"sessions":[{"id":"0D32D0CE32CD64D0FEAAB895FD93EA43","start_time":"1762313325394","end_time":"1762313477629","duration":152235,"pages":[{"page_name":"com.dangbei.launcher.home.LauncherActivity","duration":152239,"type":1,"ts":1762313325390}],"traffic":{"download_traffic":534345,"upload_traffic":577195},"$page_num":1}],"sdk_version":"8.0.0","device_id":"ba8a69a5a9ed6ca6","device_model":"DBBOX-A2","version":102944,"appkey":"5bc71fa4b465f5845d0001b8","channel":"HQOS_DBBOX-A2"}
11-05 11:34:11.887 I/System.out( 1114): true
11-05 11:34:11.900 W/SQLiteLog( 1114): (28) double-quoted string literal: "0D32D0CE32CD64D0FEAAB895FD93EA43"
11-05 11:34:11.907 I/MobclickAgent( 1114): Start new session: 838B4D443D79EE1374559CF64BF188D7
11-05 11:34:12.036 I/BLEAudioDrive_HV410( 248): data len: 9 1
11-05 11:34:12.037 D/TvWindowManager( 480): key event key = KEYCODE_DPAD_DOWN down = true
11-05 11:34:12.045 D/GpioService( 480): mFlickerEnable = true
11-05 11:34:12.144 I/MobclickAgent( 1114): Send message to server. status code is: 200
11-05 11:34:12.155 I/MobclickAgent( 1114): send log:succeed
11-05 11:34:12.182 I/BLEAudioDrive_HV410( 248): data len: 9 1
11-05 11:34:12.182 I/BLEAudioDrive_HV410( 248): keyboard stop
11-05 11:34:12.182 D/TvWindowManager( 480): key event key = KEYCODE_DPAD_DOWN down = false
11-05 11:34:12.186 D/GpioService( 480): mFlickerEnable = true
11-05 11:34:12.188 I/SogouIME( 3502): onKeyDown: keyoCode=20
11-05 11:34:12.189 I/DefaultIMS( 3502): onKeyDown: keyoCode=20
11-05 11:34:12.196 I/SogouIME( 3502): onKeyUp: keyoCode=20
11-05 11:34:12.196 I/DefaultIMS( 3502): onKeyUp: keyoCode=20
11-05 11:34:12.564 E/SecondScreen( 1114): isShowSecondScreen()=1 getCurrentPageState()=com.monster.gamma.core.LoadService@cb03c3f
11-05 11:34:12.584 I/DefaultIMS( 3502): onStartInput attribute=android.view.inputmethod.EditorInfo@a34596f restarting=false inputType: 0
11-05 11:34:12.752 I/rainbow_flow(16996): type=1400 audit(0.0:2874): avc: denied { ioctl } for path="/dev/spidev1.0" dev="tmpfs" ino=1317 ioctlcmd=0x6b00 scontext=u:r:init:s0 tcontext=u:object_r:device:s0 tclass=chr_file permissive=1
11-05 11:34:12.821 W/IorapForwardingService( 480): No service published for: iorapd
11-05 11:34:12.879 I/BLEAudioDrive_HV410( 248): data len: 9 1
11-05 11:34:12.880 D/TvWindowManager( 480): key event key = KEYCODE_DPAD_DOWN down = true
11-05 11:34:12.888 D/GpioService( 480): mFlickerEnable = true
11-05 11:34:13.003 I/BLEAudioDrive_HV410( 248): data len: 9 1
11-05 11:34:13.003 I/BLEAudioDrive_HV410( 248): keyboard stop
11-05 11:34:13.003 D/TvWindowManager( 480): key event key = KEYCODE_DPAD_DOWN down = false
11-05 11:34:13.030 D/GpioService( 480): mFlickerEnable = true
11-05 11:34:13.033 I/SogouIME( 3502): onKeyDown: keyoCode=20
11-05 11:34:13.033 I/DefaultIMS( 3502): onKeyDown: keyoCode=20
11-05 11:34:13.037 I/SogouIME( 3502): onKeyUp: keyoCode=20
11-05 11:34:13.038 I/DefaultIMS( 3502): onKeyUp: keyoCode=20
11-05 11:34:13.172 I/preinstall.sh(16982): type=1400 audit(0.0:2875): avc: denied { getattr } for path="/data/local/pre_apks_installed" dev="mmcblk0p25" ino=1975 scontext=u:r:system_server:s0 tcontext=u:object_r:preinstall_system_file:s0 tclass=file permissive=1
11-05 11:34:13.172 I/preinstall.sh(16982): type=1400 audit(0.0:2876): avc: denied { getattr } for path="/vendor/xbin/am" dev="dm-1" ino=1164 scontext=u:r:system_server:s0 tcontext=u:object_r:vendor_file:s0 tclass=file permissive=1
11-05 11:34:13.244 D/aaa (16004): LedStatusService onStartCommand begin
11-05 11:34:13.247 D/aaa (16004): topPkg is -------------- :com.dangbei.leard.leradlauncher
11-05 11:34:13.254 D/aaa (16004): WiFi is connect
11-05 11:34:13.261 I/BLEAudioDrive_HV410( 248): data len: 9 1
11-05 11:34:13.262 D/TvWindowManager( 480): key event key = KEYCODE_DPAD_RIGHT down = true
11-05 11:34:13.270 D/GpioService( 480): mFlickerEnable = true
11-05 11:34:13.273 I/SogouIME( 3502): onKeyDown: keyoCode=22
11-05 11:34:13.274 I/DefaultIMS( 3502): onKeyDown: keyoCode=22
11-05 11:34:13.293 I/DefaultIMS( 3502): onStartInput attribute=android.view.inputmethod.EditorInfo@3ad1f26 restarting=false inputType: 0
11-05 11:34:13.408 I/BLEAudioDrive_HV410( 248): data len: 9 1
11-05 11:34:13.408 I/BLEAudioDrive_HV410( 248): keyboard stop
11-05 11:34:13.408 D/TvWindowManager( 480): key event key = KEYCODE_DPAD_RIGHT down = false
11-05 11:34:13.410 I/SogouIME( 3502): onKeyUp: keyoCode=22
11-05 11:34:13.410 I/DefaultIMS( 3502): onKeyUp: keyoCode=22
11-05 11:34:13.520 I/preinstall.sh(16982): type=1400 audit(0.0:2877): avc: denied { write } for name="port_qos" dev="sysfs" ino=13850 scontext=u:r:system_server:s0 tcontext=u:object_r:sysfs:s0 tclass=file permissive=1
11-05 11:34:13.520 I/preinstall.sh(16982): type=1400 audit(0.0:2878): avc: denied { open } for path="/sys/devices/platform/soc@3000000/47fa000.mbus-controller/hwmon/hwmon0/port_qos" dev="sysfs" ino=13850 scontext=u:r:system_server:s0 tcontext=u:object_r:sysfs:s0 tclass=file permissive=1
11-05 11:34:13.544 I/BLEAudioDrive_HV410( 248): data len: 9 1
11-05 11:34:13.544 D/TvWindowManager( 480): key event key = KEYCODE_DPAD_RIGHT down = true
11-05 11:34:13.556 D/GpioService( 480): mFlickerEnable = true
11-05 11:34:13.558 I/SogouIME( 3502): onKeyDown: keyoCode=22
11-05 11:34:13.558 I/DefaultIMS( 3502): onKeyDown: keyoCode=22
11-05 11:34:13.580 I/DefaultIMS( 3502): onStartInput attribute=android.view.inputmethod.EditorInfo@70650b9 restarting=false inputType: 0
11-05 11:34:13.655 I/BLEAudioDrive_HV410( 248): data len: 9 1
11-05 11:34:13.655 I/BLEAudioDrive_HV410( 248): keyboard stop
11-05 11:34:13.655 D/TvWindowManager( 480): key event key = KEYCODE_DPAD_RIGHT down = false
11-05 11:34:13.658 I/SogouIME( 3502): onKeyUp: keyoCode=22
11-05 11:34:13.658 I/DefaultIMS( 3502): onKeyUp: keyoCode=22
11-05 11:34:13.823 W/IorapForwardingService( 480): No service published for: iorapd
11-05 11:34:14.049 E/WifiHAL ( 663): wifi_get_link_stats: requestResponse Error:-5
11-05 11:34:14.051 E/WifiVendorHal( 480): getWifiLinkLayerStats_1_5_Internal(l.1191) failed {.code = ERROR_INVALID_ARGS, .description = }
11-05 11:34:14.163 I/BLEAudioDrive_HV410( 248): data len: 9 1
11-05 11:34:14.163 D/TvWindowManager( 480): key event key = KEYCODE_DPAD_RIGHT down = true
11-05 11:34:14.174 D/GpioService( 480): mFlickerEnable = true
11-05 11:34:14.175 I/SogouIME( 3502): onKeyDown: keyoCode=22
11-05 11:34:14.175 I/DefaultIMS( 3502): onKeyDown: keyoCode=22
11-05 11:34:14.194 I/DefaultIMS( 3502): onStartInput attribute=android.view.inputmethod.EditorInfo@1b9857 restarting=false inputType: 0
11-05 11:34:14.309 I/BLEAudioDrive_HV410( 248): data len: 9 1
11-05 11:34:14.309 I/BLEAudioDrive_HV410( 248): keyboard stop
11-05 11:34:14.309 D/TvWindowManager( 480): key event key = KEYCODE_DPAD_RIGHT down = false
11-05 11:34:14.312 I/SogouIME( 3502): onKeyUp: keyoCode=22
11-05 11:34:14.312 I/DefaultIMS( 3502): onKeyUp: keyoCode=22
11-05 11:34:14.826 W/IorapForwardingService( 480): No service published for: iorapd
11-05 11:34:14.961 I/BLEAudioDrive_HV410( 248): data len: 9 1
11-05 11:34:14.962 D/TvWindowManager( 480): key event key = KEYCODE_DPAD_CENTER down = true
11-05 11:34:14.971 D/GpioService( 480): mFlickerEnable = true
11-05 11:34:15.097 I/BLEAudioDrive_HV410( 248): data len: 9 1
11-05 11:34:15.097 I/BLEAudioDrive_HV410( 248): keyboard stop
11-05 11:34:15.097 D/TvWindowManager( 480): key event key = KEYCODE_DPAD_CENTER down = false
11-05 11:34:15.112 D/GpioService( 480): mFlickerEnable = true
11-05 11:34:15.113 I/SogouIME( 3502): onKeyDown: keyoCode=23
11-05 11:34:15.113 I/DefaultIMS( 3502): onKeyDown: keyoCode=23
11-05 11:34:15.116 I/SogouIME( 3502): onKeyUp: keyoCode=23
11-05 11:34:15.116 I/DefaultIMS( 3502): onKeyUp: keyoCode=23
11-05 11:34:15.156 W/ContextImpl( 1114): Calling a method in the system process without a qualified user: android.app.ContextImpl.startActivity:1055 android.content.ContextWrapper.startActivity:411 cf.b.f:119 cf.a.b:75 af.a.c:71
11-05 11:34:15.157 W/ContextImpl( 1114): Calling a method in the system process without a qualified user: android.app.ContextImpl.startActivity:1067 android.app.ContextImpl.startActivity:1056 android.content.ContextWrapper.startActivity:411 cf.b.f:119 cf.a.b:75
11-05 11:34:15.160 I/ActivityStarter( 480): ---START u0 {act=android.intent.action.MAIN cat=[android.intent.category.LAUNCHER] flg=0x10000000 pkg=com.tv.filemanager.os cmp=com.tv.filemanager.os/com.dangbei.lerad.filemanager.ui.home.ManagerHomeActivity} from uid 1000
11-05 11:34:15.163 I/AW_PowerHAL( 263): Power setMode: LAUNCH to: 1
11-05 11:34:15.172 V/SplashScreenExceptionList( 480): SplashScreen checking exception for package com.tv.filemanager.os (target sdk:29) -> false
11-05 11:34:15.175 D/StartingSurfaceDrawer( 688): addSplashScreen com.tv.filemanager.os theme=7f110009 task=52 suggestType=3
11-05 11:34:15.183 D/StartingSurfaceDrawer( 688): addSplashScreen: creating context based on task Configuration {1.0 ?mcc?mnc [zh_CN] ldltr sw720dp w1280dp h696dp 240dpi lrg long land television -touch qwerty/v/v dpad/v winConfig={ mBounds=Rect(0, 0 - 1920, 1080) mAppBounds=Rect(0, 0 - 1920, 1080) mMaxBounds=Rect(0, 0 - 1920, 1080) mWindowingMode=fullscreen mDisplayWindowingMode=fullscreen mActivityType=standard mAlwaysOnTop=undefined mRotation=ROTATION_0} s.2 fontWeightAdjustment=0} for splash screen
11-05 11:34:15.190 D/StartingSurfaceDrawer( 688): addSplashScreen: apply overrideConfig{1.0 ?mcc?mnc [zh_CN] ldltr sw720dp w1280dp h696dp 240dpi lrg long land television -touch qwerty/v/v dpad/v winConfig={ mBounds=Rect(0, 0 - 1920, 1080) mAppBounds=Rect(0, 0 - 1920, 1080) mMaxBounds=Rect(0, 0 - 1920, 1080) mWindowingMode=fullscreen mDisplayWindowingMode=fullscreen mActivityType=standard mAlwaysOnTop=undefined mRotation=ROTATION_0} s.2 fontWeightAdjustment=0} to starting window resId=2131230940
11-05 11:34:15.190 I/AW_PowerHAL( 263): cur-mode:LAUNCH
11-05 11:34:15.195 D/StartingSurfaceDrawer( 688): window attributes color: 0 icon null duration 0 brandImage null
11-05 11:34:15.197 D/AW_CODE ( 480): rotation =0
11-05 11:34:15.222 I/BpBinder( 278): onLastStrongRef automatically unlinking death recipients:
11-05 11:34:15.227 W/SQLiteLog( 1114): (28) double-quoted string literal: "838B4D443D79EE1374559CF64BF188D7"
11-05 11:34:15.228 D/SplashScreenView( 688): Build android.window.SplashScreenView{e3c19f2 V.E...... ......ID 0,0-0,0}
11-05 11:34:15.228 D/SplashScreenView( 688): Icon: view: null drawable: null size: 0
11-05 11:34:15.228 D/SplashScreenView( 688): Branding: view: android.view.View{2aaf843 G.ED..... ......I. 0,0-0,0 #10204a6 android:id/splashscreen_branding_view} drawable: null size w: 0 h: 0
11-05 11:34:15.229 W/SQLiteLog( 1114): (28) double-quoted string literal: "9CPypm3IYsGu9gu2/64C6qWnocCHhdlHcJAmYdZzJAe1SCOW84DELbYkxdccTpZ9Xqf6IkBNV9dI
11-05 11:34:15.229 W/SQLiteLog( 1114): 9KJ/as6Cz75AlvVKFQnicxeYQFTlBR5X3CZxPsZh+zQvJXer6k2h5ynpae/5Tb7qUvmUrtKe9xtq
11-05 11:34:15.229 W/SQLiteLog( 1114): BpM3i31udIXn9SwxocE=
11-05 11:34:15.229 W/SQLiteLog( 1114): "
11-05 11:34:15.229 W/SQLiteLog( 1114): (28) double-quoted string literal: "838B4D443D79EE1374559CF64BF188D7"
11-05 11:34:15.230 D/StartingSurfaceDrawer( 688): fillViewWithIcon surfaceWindowView android.window.SplashScreenView{e3c19f2 V.E...... ......ID 0,0-0,0}
11-05 11:34:15.249 I/gralloc ( 257): alloc buffer:W:1920 H:1080 S:1920 PL[1920 1080] SZ:8294400 fmt:1 if:0 af:1 usg:20000b00 fg:00000004
11-05 11:34:15.251 I/gralloc ( 257): alloc buffer:W:1920 H:1080 S:1920 PL[1920 1080] SZ:8294400 fmt:1 if:0 af:1 usg:20000b00 fg:00000004
11-05 11:34:15.254 I/gralloc ( 257): alloc buffer:W:1920 H:1080 S:1920 PL[1920 1080] SZ:8294400 fmt:1 if:0 af:1 usg:20000b00 fg:00000004
11-05 11:34:15.263 I/gralloc ( 257): alloc buffer:W:1920 H:1080 S:1920 PL[1920 1080] SZ:8294400 fmt:1 if:0 af:1 usg:20000b00 fg:00000004
11-05 11:34:15.269 E/SecondScreen( 1114): isShowSecondScreen()=1 getCurrentPageState()=com.monster.gamma.core.LoadService@cb03c3f
11-05 11:34:15.270 E/SecondScreen( 1114): isShowSecondScreen()=1 getCurrentPageState()=com.monster.gamma.core.LoadService@cb03c3f
11-05 11:34:15.289 I/gralloc ( 257): alloc buffer:W:1920 H:1080 S:1920 PL[1920 1080] SZ:8294400 fmt:1 if:0 af:1 usg:20000b00 fg:00000004
11-05 11:34:15.299 I/gralloc ( 257): alloc buffer:W:1920 H:1080 S:1920 PL[1920 1080] SZ:8294400 fmt:1 if:0 af:1 usg:20000b00 fg:00000004
11-05 11:34:15.353 I/AW_PowerHAL( 263): Power setMode: LAUNCH to: 0
11-05 11:34:15.356 I/AW_PowerHAL( 263): cur-mode:SCHEDUTIL
11-05 11:34:15.378 I/DefaultIMS( 3502): onStartInput attribute=android.view.inputmethod.EditorInfo@412efe5 restarting=false inputType: 0
11-05 11:34:15.385 D/StartingSurfaceDrawer( 688): Task start finish, remove starting surface for task 52
11-05 11:34:15.385 V/StartingSurfaceDrawer( 688): Removing splash screen window for task: 52
11-05 11:34:15.388 D/TvPipController( 688): onTaskStackChanged()
11-05 11:34:15.468 W/Looper ( 480): Slow dispatch took 121ms android.fg h=android.os.Handler c=com.android.server.wm.ActivityMetricsLogger$$ExternalSyntheticLambda1@cad4f3b m=0
11-05 11:34:15.741 W/InputManager-JNI( 480): Input channel object 'd713d2f Splash Screen com.tv.filemanager.os (client)' was disposed without first being removed with the input manager!
11-05 11:34:15.827 W/IorapForwardingService( 480): No service published for: iorapd
11-05 11:34:16.061 I/d.leradlaunche( 1114): Background concurrent copying GC freed 318786(12MB) AllocSpace objects, 480(10MB) LOS objects, 49% free, 9925KB/19MB, paused 380us total 359.143ms
11-05 11:34:16.104 I/cling--ap-1( 3126): type=1400 audit(0.0:2879): avc: denied { read } for name="address" dev="sysfs" ino=27443 scontext=u:r:platform_app:s0:c512,c768 tcontext=u:object_r:sysfs:s0 tclass=file permissive=1 app=com.dangbei.screencast
11-05 11:34:16.104 I/cling--ap-1( 3126): type=1400 audit(0.0:2880): avc: denied { open } for path="/sys/devices/platform/unisoc_wifi/net/wlan1/address" dev="sysfs" ino=27443 scontext=u:r:platform_app:s0:c512,c768 tcontext=u:object_r:sysfs:s0 tclass=file permissive=1 app=com.dangbei.screencast
11-05 11:34:16.104 I/cling--ap-1( 3126): type=1400 audit(0.0:2881): avc: denied { getattr } for path="/sys/devices/platform/unisoc_wifi/net/wlan1/address" dev="sysfs" ino=27443 scontext=u:r:platform_app:s0:c512,c768 tcontext=u:object_r:sysfs:s0 tclass=file permissive=1 app=com.dangbei.screencast
11-05 11:34:16.121 I/BaseRequest( 2649): complete
11-05 11:34:16.121 I/BaseRequest( 2649): success!=nulltrue
11-05 11:34:16.768 I/ModuleDataForwa( 3126): type=1400 audit(0.0:2882): avc: denied { lock } for path="/data/user/0/com.dangbei.screencast/files/TD__Env_Synchronous_Lock__" dev="mmcblk0p25" ino=2653 scontext=u:r:platform_app:s0:c512,c768 tcontext=u:object_r:app_data_file:s0:c512,c768 tclass=file permissive=1 app=com.dangbei.screencast
11-05 11:34:16.829 W/IorapForwardingService( 480): No service published for: iorapd
11-05 11:34:17.064 E/WifiHAL ( 663): wifi_get_link_stats: requestResponse Error:-5
11-05 11:34:17.065 E/WifiVendorHal( 480): getWifiLinkLayerStats_1_5_Internal(l.1191) failed {.code = ERROR_INVALID_ARGS, .description = }
11-05 11:34:17.832 W/IorapForwardingService( 480): No service published for: iorapd
11-05 11:34:18.271 E/TaskPersister( 480): File error accessing recents directory (directory doesn't exist?).
11-05 11:34:18.471 I/BLEAudioDrive_HV410( 248): data len: 9 1
11-05 11:34:18.471 D/TvWindowManager( 480): key event key = KEYCODE_BACK down = true
11-05 11:34:18.483 D/GpioService( 480): mFlickerEnable = true
11-05 11:34:18.617 I/BLEAudioDrive_HV410( 248): data len: 9 1
11-05 11:34:18.617 I/BLEAudioDrive_HV410( 248): keyboard stop
11-05 11:34:18.617 D/TvWindowManager( 480): key event key = KEYCODE_BACK down = false
11-05 11:34:18.618 D/AutofillManagerService( 480): onBackKeyPressed()
11-05 11:34:18.622 D/GpioService( 480): mFlickerEnable = true
11-05 11:34:18.625 I/SogouIME( 3502): onKeyDown: keyoCode=4
11-05 11:34:18.625 I/DefaultIMS( 3502): onKeyDown: keyoCode=4
11-05 11:34:18.629 I/SogouIME( 3502): onKeyUp: keyoCode=4
11-05 11:34:18.629 I/DefaultIMS( 3502): onKeyUp: keyoCode=4
11-05 11:34:18.633 I/gralloc ( 257): alloc buffer:W:1920 H:1080 S:1920 PL[1920 1080] SZ:8294400 fmt:1 if:0 af:1 usg:b66 fg:00000004
11-05 11:34:18.673 D/AW_CODE ( 480): rotation =0
11-05 11:34:18.689 I/BpBinder( 278): onLastStrongRef automatically unlinking death recipients:
11-05 11:34:18.727 I/gralloc ( 257): alloc buffer:W:1920 H:1080 S:1920 PL[1920 1080] SZ:8294400 fmt:1 if:0 af:1 usg:20000b00 fg:00000004
11-05 11:34:18.729 I/gralloc ( 257): alloc buffer:W:1920 H:1080 S:1920 PL[1920 1080] SZ:8294400 fmt:1 if:0 af:1 usg:20000b00 fg:00000004
11-05 11:34:18.731 I/gralloc ( 257): alloc buffer:W:1920 H:1080 S:1920 PL[1920 1080] SZ:8294400 fmt:1 if:0 af:1 usg:20000b00 fg:00000004
11-05 11:34:18.780 D/TvPipController( 688): onTaskStackChanged()
11-05 11:34:18.781 I/DefaultIMS( 3502): onStartInput attribute=android.view.inputmethod.EditorInfo@83c5174 restarting=false inputType: 0
11-05 11:34:18.834 W/IorapForwardingService( 480): No service published for: iorapd
11-05 11:34:19.239 W/.filemanager.o( 2649): Accessing hidden field Landroid/view/inputmethod/InputMethodManager;->mCurRootView:Landroid/view/ViewRootImpl; (blocked, reflection, denied)
11-05 11:34:19.525 I/.filemanager.o( 2649): Explicit concurrent copying GC freed 10549(716KB) AllocSpace objects, 0(0B) LOS objects, 49% free, 15MB/30MB, paused 171us total 281.464ms
11-05 11:34:19.640 I/BLEAudioDrive_HV410( 248): data len: 9 1
11-05 11:34:19.640 D/TvWindowManager( 480): key event key = KEYCODE_DPAD_LEFT down = true
11-05 11:34:19.646 D/GpioService( 480): mFlickerEnable = true
11-05 11:34:19.793 I/.filemanager.o( 2649): Explicit concurrent copying GC freed 3878(263KB) AllocSpace objects, 0(0B) LOS objects, 49% free, 15MB/30MB, paused 156us total 265.981ms
11-05 11:34:19.820 I/BLEAudioDrive_HV410( 248): data len: 9 1
11-05 11:34:19.820 I/BLEAudioDrive_HV410( 248): keyboard stop
11-05 11:34:19.820 D/TvWindowManager( 480): key event key = KEYCODE_DPAD_LEFT down = false
11-05 11:34:19.833 D/StrictMode( 2649): StrictMode policy violation: android.os.strictmode.InstanceCountViolation: class com.dangbei.lerad.filemanager.ui.info.ManagerFileListActivity; instances=22; limit=3
11-05 11:34:19.833 D/StrictMode( 2649): at android.os.StrictMode.setClassInstanceLimit(StrictMode.java:1)
11-05 11:34:19.836 W/IorapForwardingService( 480): No service published for: iorapd
11-05 11:34:19.837 W/InputManager-JNI( 480): Input channel object '35769da com.tv.filemanager.os/com.dangbei.lerad.filemanager.ui.info.ManagerFileListActivity (client)' was disposed without first being removed with the input manager!
11-05 11:34:19.842 I/Choreographer( 2649): Skipped 38 frames! The application may be doing too much work on its main thread.
11-05 11:34:19.843 I/SogouIME( 3502): onKeyDown: keyoCode=21
11-05 11:34:19.843 I/DefaultIMS( 3502): onKeyDown: keyoCode=21
11-05 11:34:19.850 I/SogouIME( 3502): onKeyUp: keyoCode=21
11-05 11:34:19.850 I/DefaultIMS( 3502): onKeyUp: keyoCode=21
11-05 11:34:19.871 I/DefaultIMS( 3502): onStartInput attribute=android.view.inputmethod.EditorInfo@f47963f restarting=false inputType: 0
11-05 11:34:20.077 E/WifiHAL ( 663): wifi_get_link_stats: requestResponse Error:-5
11-05 11:34:20.079 E/WifiVendorHal( 480): getWifiLinkLayerStats_1_5_Internal(l.1191) failed {.code = ERROR_INVALID_ARGS, .description = }
11-05 11:34:20.327 I/BLEAudioDrive_HV410( 248): data len: 9 1
11-05 11:34:20.327 D/TvWindowManager( 480): key event key = KEYCODE_DPAD_DOWN down = true
11-05 11:34:20.337 D/GpioService( 480): mFlickerEnable = true
11-05 11:34:20.461 I/BLEAudioDrive_HV410( 248): data len: 9 1
11-05 11:34:20.461 I/BLEAudioDrive_HV410( 248): keyboard stop
11-05 11:34:20.462 D/TvWindowManager( 480): key event key = KEYCODE_DPAD_DOWN down = false
11-05 11:34:20.477 D/GpioService( 480): mFlickerEnable = true
11-05 11:34:20.480 I/SogouIME( 3502): onKeyDown: keyoCode=20
11-05 11:34:20.481 I/DefaultIMS( 3502): onKeyDown: keyoCode=20
11-05 11:34:20.486 I/SogouIME( 3502): onKeyUp: keyoCode=20
11-05 11:34:20.486 I/DefaultIMS( 3502): onKeyUp: keyoCode=20
11-05 11:34:20.498 I/DefaultIMS( 3502): onStartInput attribute=android.view.inputmethod.EditorInfo@d4bf36 restarting=false inputType: 0
11-05 11:34:20.839 W/IorapForwardingService( 480): No service published for: iorapd
11-05 11:34:20.844 I/BLEAudioDrive_HV410( 248): data len: 9 1
11-05 11:34:20.844 D/TvWindowManager( 480): key event key = KEYCODE_DPAD_LEFT down = true
11-05 11:34:20.851 D/GpioService( 480): mFlickerEnable = true
11-05 11:34:20.855 I/SogouIME( 3502): onKeyDown: keyoCode=21
11-05 11:34:20.855 I/DefaultIMS( 3502): onKeyDown: keyoCode=21
11-05 11:34:20.881 I/DefaultIMS( 3502): onStartInput attribute=android.view.inputmethod.EditorInfo@69c0e37 restarting=false inputType: 0
11-05 11:34:20.979 I/BLEAudioDrive_HV410( 248): data len: 9 1
11-05 11:34:20.979 I/BLEAudioDrive_HV410( 248): keyboard stop
11-05 11:34:20.980 D/TvWindowManager( 480): key event key = KEYCODE_DPAD_LEFT down = false
11-05 11:34:20.983 I/SogouIME( 3502): onKeyUp: keyoCode=21
11-05 11:34:20.983 I/DefaultIMS( 3502): onKeyUp: keyoCode=21
11-05 11:34:21.091 I/BLEAudioDrive_HV410( 248): data len: 9 1
11-05 11:34:21.093 D/TvWindowManager( 480): key event key = KEYCODE_DPAD_LEFT down = true
11-05 11:34:21.104 D/GpioService( 480): mFlickerEnable = true
11-05 11:34:21.108 I/SogouIME( 3502): onKeyDown: keyoCode=21
11-05 11:34:21.108 I/DefaultIMS( 3502): onKeyDown: keyoCode=21
11-05 11:34:21.123 I/DefaultIMS( 3502): onStartInput attribute=android.view.inputmethod.EditorInfo@6b87f0e restarting=false inputType: 0
11-05 11:34:21.215 I/BLEAudioDrive_HV410( 248): data len: 9 1
11-05 11:34:21.215 I/BLEAudioDrive_HV410( 248): keyboard stop
11-05 11:34:21.215 D/TvWindowManager( 480): key event key = KEYCODE_DPAD_LEFT down = false
11-05 11:34:21.218 I/SogouIME( 3502): onKeyUp: keyoCode=21
11-05 11:34:21.218 I/DefaultIMS( 3502): onKeyUp: keyoCode=21
11-05 11:34:21.373 I/BLEAudioDrive_HV410( 248): data len: 9 1
11-05 11:34:21.374 D/TvWindowManager( 480): key event key = KEYCODE_DPAD_CENTER down = true
11-05 11:34:21.384 D/GpioService( 480): mFlickerEnable = true
11-05 11:34:21.485 I/BLEAudioDrive_HV410( 248): data len: 9 1
11-05 11:34:21.486 I/BLEAudioDrive_HV410( 248): keyboard stop
11-05 11:34:21.486 D/TvWindowManager( 480): key event key = KEYCODE_DPAD_CENTER down = false
11-05 11:34:21.523 D/GpioService( 480): mFlickerEnable = true
11-05 11:34:21.529 I/SogouIME( 3502): onKeyDown: keyoCode=23
11-05 11:34:21.530 I/DefaultIMS( 3502): onKeyDown: keyoCode=23
11-05 11:34:21.535 I/SogouIME( 3502): onKeyUp: keyoCode=23
11-05 11:34:21.535 I/DefaultIMS( 3502): onKeyUp: keyoCode=23
11-05 11:34:21.536 D/hdmi-cec( 265): receive invalid cec message!
11-05 11:34:21.537 D/hdmi-cec( 265): receive poll message [04], skip!
11-05 11:34:21.540 I/ActivityStarter( 480): ---START u0 {cmp=com.tv.filemanager.os/com.dangbei.lerad.filemanager.ui.info.ManagerFileListActivity (has extras)} from uid 10054
11-05 11:34:21.548 I/AW_PowerHAL( 263): Power setMode: LAUNCH to: 1
11-05 11:34:21.565 W/ActivityTaskManager( 480): Tried to set launchTime (0) < mLastActivityLaunchTime (5809920)
11-05 11:34:21.565 D/AW_CODE ( 480): rotation =0
11-05 11:34:21.586 D/ActivityTaskManager( 480): homlet: skip orientation settings: 0
11-05 11:34:21.586 I/AW_PowerHAL( 263): cur-mode:LAUNCH
11-05 11:34:21.589 I/BpBinder( 278): onLastStrongRef automatically unlinking death recipients:
11-05 11:34:21.677 D/TvPipController( 688): onTaskStackChanged()
11-05 11:34:21.840 W/IorapForwardingService( 480): No service published for: iorapd
