11-05 14:04:52.046 D/LibBpfLoader( 238): applying relo to instruction at byte offset: 248, insn offset 31 , insn 118
11-05 14:04:52.046 D/LibBpfLoader( 238): applying relo to instruction at byte offset: 640, insn offset 80 , insn 118
11-05 14:04:52.046 D/LibBpfLoader( 238): applying relo to instruction at byte offset: 712, insn offset 89 , insn 118
11-05 14:04:52.047 D/LibBpfLoader( 238): applying relo to instruction at byte offset: 784, insn offset 98 , insn 118
11-05 14:04:52.047 D/LibBpfLoader( 238): applying relo to instruction at byte offset: 872, insn offset 109 , insn 118
11-05 14:04:52.047 D/LibBpfLoader( 238): applying relo to instruction at byte offset: 960, insn offset 120 , insn 118
11-05 14:04:52.047 D/LibBpfLoader( 238): applying relo to instruction at byte offset: 1056, insn offset 132 , insn 118
11-05 14:04:52.048 D/LibBpfLoader( 238): applying relo to instruction at byte offset: 1184, insn offset 148 , insn 118
11-05 14:04:52.048 D/LibBpfLoader( 238): applying relo to instruction at byte offset: 1256, insn offset 157 , insn 118
11-05 14:04:52.048 D/LibBpfLoader( 238): applying relo to instruction at byte offset: 1352, insn offset 169 , insn 118
11-05 14:04:52.048 D/LibBpfLoader( 238): applying relo to instruction at byte offset: 1528, insn offset 191 , insn 118
11-05 14:04:52.048 D/LibBpfLoader( 238): applying relo to instruction at byte offset: 1600, insn offset 200 , insn 118
11-05 14:04:52.049 D/LibBpfLoader( 238): applying relo to instruction at byte offset: 1672, insn offset 209 , insn 118
11-05 14:04:52.049 D/LibBpfLoader( 238): applying relo to instruction at byte offset: 1752, insn offset 219 , insn 118
11-05 14:04:52.049 D/LibBpfLoader( 238): applying relo to instruction at byte offset: 1816, insn offset 227 , insn 118
11-05 14:04:52.049 D/LibBpfLoader( 238): applying relo to instruction at byte offset: 1904, insn offset 238 , insn 118
11-05 14:04:52.050 D/LibBpfLoader( 238): applying relo to instruction at byte offset: 2176, insn offset 272 , insn 118
11-05 14:04:52.050 D/LibBpfLoader( 238): applying relo to instruction at byte offset: 2328, insn offset 291 , insn 118
11-05 14:04:52.050 D/LibBpfLoader( 238): applying relo to instruction at byte offset: 2472, insn offset 309 , insn 118
11-05 14:04:52.050 D/LibBpfLoader( 238): applying relo to instruction at byte offset: 304, insn offset 38 , insn 118
11-05 14:04:52.051 D/LibBpfLoader( 238): applying relo to instruction at byte offset: 696, insn offset 87 , insn 118
11-05 14:04:52.051 D/LibBpfLoader( 238): applying relo to instruction at byte offset: 768, insn offset 96 , insn 118
11-05 14:04:52.051 D/LibBpfLoader( 238): applying relo to instruction at byte offset: 840, insn offset 105 , insn 118
11-05 14:04:52.051 D/LibBpfLoader( 238): applying relo to instruction at byte offset: 928, insn offset 116 , insn 118
11-05 14:04:52.052 D/LibBpfLoader( 238): applying relo to instruction at byte offset: 1016, insn offset 127 , insn 118
11-05 14:04:52.052 D/LibBpfLoader( 238): applying relo to instruction at byte offset: 1112, insn offset 139 , insn 118
11-05 14:04:52.052 D/LibBpfLoader( 238): applying relo to instruction at byte offset: 1240, insn offset 155 , insn 118
11-05 14:04:52.052 D/LibBpfLoader( 238): applying relo to instruction at byte offset: 1312, insn offset 164 , insn 118
11-05 14:04:52.053 D/LibBpfLoader( 238): applying relo to instruction at byte offset: 1408, insn offset 176 , insn 118
11-05 14:04:52.053 D/LibBpfLoader( 238): applying relo to instruction at byte offset: 1696, insn offset 212 , insn 118
11-05 14:04:52.053 D/LibBpfLoader( 238): applying relo to instruction at byte offset: 1768, insn offset 221 , insn 118
11-05 14:04:52.053 D/LibBpfLoader( 238): applying relo to instruction at byte offset: 1840, insn offset 230 , insn 118
11-05 14:04:52.054 D/LibBpfLoader( 238): applying relo to instruction at byte offset: 1920, insn offset 240 , insn 118
11-05 14:04:52.054 D/LibBpfLoader( 238): applying relo to instruction at byte offset: 1984, insn offset 248 , insn 118
11-05 14:04:52.054 D/LibBpfLoader( 238): applying relo to instruction at byte offset: 2072, insn offset 259 , insn 118
11-05 14:04:52.054 D/LibBpfLoader( 238): applying relo to instruction at byte offset: 2368, insn offset 296 , insn 118
11-05 14:04:52.055 D/LibBpfLoader( 238): applying relo to instruction at byte offset: 304, insn offset 38 , insn 118
11-05 14:04:52.055 D/LibBpfLoader( 238): applying relo to instruction at byte offset: 696, insn offset 87 , insn 118
11-05 14:04:52.055 D/LibBpfLoader( 238): applying relo to instruction at byte offset: 768, insn offset 96 , insn 118
11-05 14:04:52.055 D/LibBpfLoader( 238): applying relo to instruction at byte offset: 840, insn offset 105 , insn 118
11-05 14:04:52.056 D/LibBpfLoader( 238): applying relo to instruction at byte offset: 928, insn offset 116 , insn 118
11-05 14:04:52.056 D/LibBpfLoader( 238): applying relo to instruction at byte offset: 1016, insn offset 127 , insn 118
11-05 14:04:52.056 D/LibBpfLoader( 238): applying relo to instruction at byte offset: 1112, insn offset 139 , insn 118
11-05 14:04:52.056 D/LibBpfLoader( 238): applying relo to instruction at byte offset: 1240, insn offset 155 , insn 118
11-05 14:04:52.057 D/LibBpfLoader( 238): applying relo to instruction at byte offset: 1312, insn offset 164 , insn 118
11-05 14:04:52.057 D/LibBpfLoader( 238): applying relo to instruction at byte offset: 1408, insn offset 176 , insn 118
11-05 14:04:52.057 D/LibBpfLoader( 238): applying relo to instruction at byte offset: 1696, insn offset 212 , insn 118
11-05 14:04:52.057 D/LibBpfLoader( 238): applying relo to instruction at byte offset: 1768, insn offset 221 , insn 118
11-05 14:04:52.057 D/LibBpfLoader( 238): applying relo to instruction at byte offset: 1840, insn offset 230 , insn 118
11-05 14:04:52.058 D/LibBpfLoader( 238): applying relo to instruction at byte offset: 1920, insn offset 240 , insn 118
11-05 14:04:52.058 D/LibBpfLoader( 238): applying relo to instruction at byte offset: 1984, insn offset 248 , insn 118
11-05 14:04:52.058 D/LibBpfLoader( 238): applying relo to instruction at byte offset: 2072, insn offset 259 , insn 118
11-05 14:04:52.058 D/LibBpfLoader( 238): applying relo to instruction at byte offset: 2368, insn offset 296 , insn 118
11-05 14:04:52.059 D/LibBpfLoader( 238): cs[0].name:schedcls_tether_downstream6_ether min_kver:0 .max_kver:ffffffff (kvers:504007d)
11-05 14:04:52.059 D/LibBpfLoader( 238): cs[0].name:schedcls_tether_downstream6_ether requires bpfloader version [0x00000,0x10000)
11-05 14:04:52.060 D/LibBpfLoader( 238): bpf_prog_load lib call for /apex/com.android.tethering/etc/bpf/offload.o (schedcls_tether_downstream6_ether) returned fd: 15 (no error)
11-05 14:04:52.060 D/LibBpfLoader( 238): cs[1].name:schedcls_tether_upstream6_ether min_kver:0 .max_kver:ffffffff (kvers:504007d)
11-05 14:04:52.060 D/LibBpfLoader( 238): cs[1].name:schedcls_tether_upstream6_ether requires bpfloader version [0x00000,0x10000)
11-05 14:04:52.062 D/LibBpfLoader( 238): bpf_prog_load lib call for /apex/com.android.tethering/etc/bpf/offload.o (schedcls_tether_upstream6_ether) returned fd: 16 (no error)
11-05 14:04:52.062 D/LibBpfLoader( 238): cs[2].name:schedcls_tether_downstream6_rawip$5_4 min_kver:5040000 .max_kver:ffffffff (kvers:504007d)
11-05 14:04:52.062 D/LibBpfLoader( 238): cs[2].name:schedcls_tether_downstream6_rawip$5_4 requires bpfloader version [0x00000,0x10000)
11-05 14:04:52.063 D/LibBpfLoader( 238): bpf_prog_load lib call for /apex/com.android.tethering/etc/bpf/offload.o (schedcls_tether_downstream6_rawip$5_4) returned fd: 17 (no error)
11-05 14:04:52.063 D/LibBpfLoader( 238): cs[3].name:schedcls_tether_upstream6_rawip$5_4 min_kver:5040000 .max_kver:ffffffff (kvers:504007d)
11-05 14:04:52.063 D/LibBpfLoader( 238): cs[3].name:schedcls_tether_upstream6_rawip$5_4 requires bpfloader version [0x00000,0x10000)
11-05 14:04:52.064 D/LibBpfLoader( 238): bpf_prog_load lib call for /apex/com.android.tethering/etc/bpf/offload.o (schedcls_tether_upstream6_rawip$5_4) returned fd: 18 (no error)
11-05 14:04:52.065 D/LibBpfLoader( 238): cs[4].name:schedcls_tether_downstream6_rawip$4_14 min_kver:40e0000 .max_kver:5040000 (kvers:504007d)
11-05 14:04:52.065 D/LibBpfLoader( 238): cs[5].name:schedcls_tether_upstream6_rawip$4_14 min_kver:40e0000 .max_kver:5040000 (kvers:504007d)
11-05 14:04:52.065 D/LibBpfLoader( 238): cs[6].name:schedcls_tether_downstream6_rawip$stub min_kver:0 .max_kver:5040000 (kvers:504007d)
11-05 14:04:52.065 D/LibBpfLoader( 238): cs[7].name:schedcls_tether_upstream6_rawip$stub min_kver:0 .max_kver:5040000 (kvers:504007d)
11-05 14:04:52.065 D/LibBpfLoader( 238): cs[8].name:schedcls_tether_downstream4_rawip$5_8 min_kver:5080000 .max_kver:ffffffff (kvers:504007d)
11-05 14:04:52.065 D/LibBpfLoader( 238): cs[9].name:schedcls_tether_upstream4_rawip$5_8 min_kver:5080000 .max_kver:ffffffff (kvers:504007d)
11-05 14:04:52.065 D/LibBpfLoader( 238): cs[10].name:schedcls_tether_downstream4_ether$5_8 min_kver:5080000 .max_kver:ffffffff (kvers:504007d)
11-05 14:04:52.065 D/LibBpfLoader( 238): cs[11].name:schedcls_tether_upstream4_ether$5_8 min_kver:5080000 .max_kver:ffffffff (kvers:504007d)
11-05 14:04:52.065 D/LibBpfLoader( 238): cs[12].name:schedcls_tether_downstream4_rawip$opt min_kver:40e0000 .max_kver:5080000 (kvers:504007d)
11-05 14:04:52.065 D/LibBpfLoader( 238): cs[12].name:schedcls_tether_downstream4_rawip$opt requires bpfloader version [0x00000,0x10000)
11-05 14:04:52.067 D/LibBpfLoader( 238): bpf_prog_load lib call for /apex/com.android.tethering/etc/bpf/offload.o (schedcls_tether_downstream4_rawip$opt) returned fd: 19 (no error)
11-05 14:04:52.067 D/LibBpfLoader( 238): cs[13].name:schedcls_tether_upstream4_rawip$opt min_kver:40e0000 .max_kver:5080000 (kvers:504007d)
11-05 14:04:52.067 D/LibBpfLoader( 238): cs[13].name:schedcls_tether_upstream4_rawip$opt requires bpfloader version [0x00000,0x10000)
11-05 14:04:52.069 D/LibBpfLoader( 238): bpf_prog_load lib call for /apex/com.android.tethering/etc/bpf/offload.o (schedcls_tether_upstream4_rawip$opt) returned fd: 20 (no error)
11-05 14:04:52.070 D/LibBpfLoader( 238): cs[14].name:schedcls_tether_downstream4_ether$opt min_kver:40e0000 .max_kver:5080000 (kvers:504007d)
11-05 14:04:52.070 D/LibBpfLoader( 238): cs[14].name:schedcls_tether_downstream4_ether$opt requires bpfloader version [0x00000,0x10000)
11-05 14:04:52.072 D/LibBpfLoader( 238): bpf_prog_load lib call for /apex/com.android.tethering/etc/bpf/offload.o (schedcls_tether_downstream4_ether$opt) returned fd: 21 (no error)
11-05 14:04:52.072 D/LibBpfLoader( 238): cs[15].name:schedcls_tether_upstream4_ether$opt min_kver:40e0000 .max_kver:5080000 (kvers:504007d)
11-05 14:04:52.072 D/LibBpfLoader( 238): cs[15].name:schedcls_tether_upstream4_ether$opt requires bpfloader version [0x00000,0x10000)
11-05 14:04:52.074 D/LibBpfLoader( 238): bpf_prog_load lib call for /apex/com.android.tethering/etc/bpf/offload.o (schedcls_tether_upstream4_ether$opt) returned fd: 22 (no error)
11-05 14:04:52.074 D/LibBpfLoader( 238): cs[16].name:schedcls_tether_downstream4_rawip$5_4 min_kver:5040000 .max_kver:5080000 (kvers:504007d)
11-05 14:04:52.074 D/LibBpfLoader( 238): cs[16].name:schedcls_tether_downstream4_rawip$5_4 requires bpfloader version [0x00000,0x10000)
11-05 14:04:52.074 D/LibBpfLoader( 238): New bpf prog load reusing prog /sys/fs/bpf/tethering/prog_offload_schedcls_tether_downstream4_rawip, ret: 23 (no error)
11-05 14:04:52.074 D/LibBpfLoader( 238): cs[17].name:schedcls_tether_upstream4_rawip$5_4 min_kver:5040000 .max_kver:5080000 (kvers:504007d)
11-05 14:04:52.074 D/LibBpfLoader( 238): cs[17].name:schedcls_tether_upstream4_rawip$5_4 requires bpfloader version [0x00000,0x10000)
11-05 14:04:52.074 D/LibBpfLoader( 238): New bpf prog load reusing prog /sys/fs/bpf/tethering/prog_offload_schedcls_tether_upstream4_rawip, ret: 24 (no error)
11-05 14:04:52.074 D/LibBpfLoader( 238): cs[18].name:schedcls_tether_downstream4_rawip$4_14 min_kver:40e0000 .max_kver:5040000 (kvers:504007d)
11-05 14:04:52.074 D/LibBpfLoader( 238): cs[19].name:schedcls_tether_upstream4_rawip$4_14 min_kver:40e0000 .max_kver:5040000 (kvers:504007d)
11-05 14:04:52.074 D/LibBpfLoader( 238): cs[20].name:schedcls_tether_downstream4_ether$4_14 min_kver:40e0000 .max_kver:5080000 (kvers:504007d)
11-05 14:04:52.074 D/LibBpfLoader( 238): cs[20].name:schedcls_tether_downstream4_ether$4_14 requires bpfloader version [0x00000,0x10000)
11-05 14:04:52.074 D/LibBpfLoader( 238): New bpf prog load reusing prog /sys/fs/bpf/tethering/prog_offload_schedcls_tether_downstream4_ether, ret: 25 (no error)
11-05 14:04:52.074 D/LibBpfLoader( 238): cs[21].name:schedcls_tether_upstream4_ether$4_14 min_kver:40e0000 .max_kver:5080000 (kvers:504007d)
11-05 14:04:52.074 D/LibBpfLoader( 238): cs[21].name:schedcls_tether_upstream4_ether$4_14 requires bpfloader version [0x00000,0x10000)
11-05 14:04:52.074 D/LibBpfLoader( 238): New bpf prog load reusing prog /sys/fs/bpf/tethering/prog_offload_schedcls_tether_upstream4_ether, ret: 26 (no error)
11-05 14:04:52.074 D/LibBpfLoader( 238): cs[22].name:schedcls_tether_downstream4_rawip$stub min_kver:0 .max_kver:5040000 (kvers:504007d)
11-05 14:04:52.075 D/LibBpfLoader( 238): cs[23].name:schedcls_tether_upstream4_rawip$stub min_kver:0 .max_kver:5040000 (kvers:504007d)
11-05 14:04:52.075 D/LibBpfLoader( 238): cs[24].name:schedcls_tether_downstream4_ether$stub min_kver:0 .max_kver:40e0000 (kvers:504007d)
11-05 14:04:52.075 D/LibBpfLoader( 238): cs[25].name:schedcls_tether_upstream4_ether$stub min_kver:0 .max_kver:40e0000 (kvers:504007d)
11-05 14:04:52.075 D/LibBpfLoader( 238): cs[26].name:xdp_tether_downstream_ether min_kver:5090000 .max_kver:ffffffff (kvers:504007d)
11-05 14:04:52.075 D/LibBpfLoader( 238): cs[27].name:xdp_tether_downstream_rawip min_kver:5090000 .max_kver:ffffffff (kvers:504007d)
11-05 14:04:52.075 D/LibBpfLoader( 238): cs[28].name:xdp_tether_upstream_ether min_kver:5090000 .max_kver:ffffffff (kvers:504007d)
11-05 14:04:52.075 D/LibBpfLoader( 238): cs[29].name:xdp_tether_upstream_rawip min_kver:5090000 .max_kver:ffffffff (kvers:504007d)
11-05 14:04:52.075 I/bpfloader( 238): Loaded object: /apex/com.android.tethering/etc/bpf/offload.o
11-05 14:04:52.076 D/LibBpfLoader( 238): Loading optional ELF object /apex/com.android.tethering/etc/bpf/test.o with license Apache 2.0
11-05 14:04:52.076 I/LibBpfLoader( 238): Section bpfloader_min_ver value is 0 [0x0]
11-05 14:04:52.076 I/LibBpfLoader( 238): Section bpfloader_max_ver value is 65536 [0x10000]
11-05 14:04:52.076 I/LibBpfLoader( 238): Section size_of_bpf_map_def value is 48 [0x30]
11-05 14:04:52.077 I/LibBpfLoader( 238): Section size_of_bpf_prog_def value is 28 [0x1c]
11-05 14:04:52.077 I/LibBpfLoader( 238): BpfLoader version 0x00002 processing ELF object /apex/com.android.tethering/etc/bpf/test.o with ver [0x00000,0x10000)
11-05 14:04:52.077 D/LibBpfLoader( 238): Loaded code section 3 (xdp_drop_ipv4_udp_ether)
11-05 14:04:52.078 D/LibBpfLoader( 238): Adding section 3 to cs list
11-05 14:04:52.079 D/LibBpfLoader( 238): bpf_create_map name tether_downstream6_map, ret: 6
11-05 14:04:52.079 D/LibBpfLoader( 238): map_fd found at 0 is 6 in /apex/com.android.tethering/etc/bpf/test.o
11-05 14:04:52.080 D/LibBpfLoader( 238): cs[0].name:xdp_drop_ipv4_udp_ether min_kver:5090000 .max_kver:ffffffff (kvers:504007d)
11-05 14:04:52.080 I/bpfloader( 238): Loaded object: /apex/com.android.tethering/etc/bpf/test.o
11-05 14:04:52.081 D/LibBpfLoader( 238): Loading critical for netd ELF object /system/etc/bpf/clatd.o with license Apache 2.0
11-05 14:04:52.081 I/LibBpfLoader( 238): Section bpfloader_min_ver value is 0 [0x0]
11-05 14:04:52.081 I/LibBpfLoader( 238): Section bpfloader_max_ver value is 65536 [0x10000]
11-05 14:04:52.081 I/LibBpfLoader( 238): Section size_of_bpf_map_def value is 48 [0x30]
11-05 14:04:52.081 I/LibBpfLoader( 238): Section size_of_bpf_prog_def value is 28 [0x1c]
11-05 14:04:52.081 I/LibBpfLoader( 238): BpfLoader version 0x00002 processing ELF object /system/etc/bpf/clatd.o with ver [0x00000,0x10000)
11-05 14:04:52.083 D/LibBpfLoader( 238): Loaded code section 3 (schedcls_ingress6_clat_ether)
11-05 14:04:52.083 D/LibBpfLoader( 238): Loaded relo section 3 (.relschedcls/ingress6/clat_ether)
11-05 14:04:52.083 D/LibBpfLoader( 238): Adding section 3 to cs list
11-05 14:04:52.083 D/LibBpfLoader( 238): Loaded code section 5 (schedcls_ingress6_clat_rawip)
11-05 14:04:52.084 D/LibBpfLoader( 238): Loaded relo section 5 (.relschedcls/ingress6/clat_rawip)
11-05 14:04:52.084 D/LibBpfLoader( 238): Adding section 5 to cs list
11-05 14:04:52.084 D/LibBpfLoader( 238): Loaded code section 7 (schedcls_egress4_clat_ether)
11-05 14:04:52.084 D/LibBpfLoader( 238): Adding section 7 to cs list
11-05 14:04:52.084 D/LibBpfLoader( 238): Loaded code section 8 (schedcls_egress4_clat_rawip)
11-05 14:04:52.085 D/LibBpfLoader( 238): Loaded relo section 8 (.relschedcls/egress4/clat_rawip)
11-05 14:04:52.085 D/LibBpfLoader( 238): Adding section 8 to cs list
11-05 14:04:52.087 D/LibBpfLoader( 238): bpf_create_map name clat_ingress6_map, ret: 6
11-05 14:04:52.087 D/LibBpfLoader( 238): bpf_create_map name clat_egress4_map, ret: 7
11-05 14:04:52.087 D/LibBpfLoader( 238): map_fd found at 0 is 6 in /system/etc/bpf/clatd.o
11-05 14:04:52.087 D/LibBpfLoader( 238): map_fd found at 1 is 7 in /system/etc/bpf/clatd.o
11-05 14:04:52.088 D/LibBpfLoader( 238): applying relo to instruction at byte offset: 408, insn offset 51 , insn 118
11-05 14:04:52.088 D/LibBpfLoader( 238): applying relo to instruction at byte offset: 352, insn offset 44 , insn 118
11-05 14:04:52.088 D/LibBpfLoader( 238): applying relo to instruction at byte offset: 520, insn offset 65 , insn 118
11-05 14:04:52.088 D/LibBpfLoader( 238): cs[0].name:schedcls_ingress6_clat_ether min_kver:0 .max_kver:ffffffff (kvers:504007d)
11-05 14:04:52.088 D/LibBpfLoader( 238): cs[0].name:schedcls_ingress6_clat_ether requires bpfloader version [0x00000,0x10000)
11-05 14:04:52.089 D/LibBpfLoader( 238): bpf_prog_load lib call for /system/etc/bpf/clatd.o (schedcls_ingress6_clat_ether) returned fd: 8 (no error)
11-05 14:04:52.089 D/LibBpfLoader( 238): cs[1].name:schedcls_ingress6_clat_rawip min_kver:0 .max_kver:ffffffff (kvers:504007d)
11-05 14:04:52.089 D/LibBpfLoader( 238): cs[1].name:schedcls_ingress6_clat_rawip requires bpfloader version [0x00000,0x10000)
11-05 14:04:52.090 D/LibBpfLoader( 238): bpf_prog_load lib call for /system/etc/bpf/clatd.o (schedcls_ingress6_clat_rawip) returned fd: 9 (no error)
11-05 14:04:52.090 D/LibBpfLoader( 238): cs[2].name:schedcls_egress4_clat_ether min_kver:0 .max_kver:ffffffff (kvers:504007d)
11-05 14:04:52.090 D/LibBpfLoader( 238): cs[2].name:schedcls_egress4_clat_ether requires bpfloader version [0x00000,0x10000)
11-05 14:04:52.090 D/LibBpfLoader( 238): bpf_prog_load lib call for /system/etc/bpf/clatd.o (schedcls_egress4_clat_ether) returned fd: 10 (no error)
11-05 14:04:52.090 D/LibBpfLoader( 238): cs[3].name:schedcls_egress4_clat_rawip min_kver:0 .max_kver:ffffffff (kvers:504007d)
11-05 14:04:52.090 D/LibBpfLoader( 238): cs[3].name:schedcls_egress4_clat_rawip requires bpfloader version [0x00000,0x10000)
11-05 14:04:52.091 D/LibBpfLoader( 238): bpf_prog_load lib call for /system/etc/bpf/clatd.o (schedcls_egress4_clat_rawip) returned fd: 11 (no error)
11-05 14:04:52.091 I/bpfloader( 238): Loaded object: /system/etc/bpf/clatd.o
11-05 14:04:52.092 D/LibBpfLoader( 238): Loading optional ELF object /system/etc/bpf/time_in_state.o with license GPL
11-05 14:04:52.092 I/LibBpfLoader( 238): Section bpfloader_min_ver value is 0 [0x0]
11-05 14:04:52.092 I/LibBpfLoader( 238): Section bpfloader_max_ver value is 65536 [0x10000]
11-05 14:04:52.092 I/LibBpfLoader( 238): Section size_of_bpf_map_def value is 48 [0x30]
11-05 14:04:52.092 I/LibBpfLoader( 238): Section size_of_bpf_prog_def value is 28 [0x1c]
11-05 14:04:52.092 I/LibBpfLoader( 238): BpfLoader version 0x00002 processing ELF object /system/etc/bpf/time_in_state.o with ver [0x00000,0x10000)
11-05 14:04:52.094 D/LibBpfLoader( 238): Loaded code section 3 (tracepoint_sched_sched_switch)
11-05 14:04:52.096 D/LibBpfLoader( 238): Loaded relo section 3 (.reltracepoint/sched/sched_switch)
11-05 14:04:52.096 D/LibBpfLoader( 238): Adding section 3 to cs list
11-05 14:04:52.096 D/LibBpfLoader( 238): Loaded code section 5 (tracepoint_power_cpu_frequency)
11-05 14:04:52.097 D/LibBpfLoader( 238): Loaded relo section 5 (.reltracepoint/power/cpu_frequency)
11-05 14:04:52.097 D/LibBpfLoader( 238): Adding section 5 to cs list
11-05 14:04:52.097 D/LibBpfLoader( 238): Loaded code section 7 (tracepoint_sched_sched_process_free)
11-05 14:04:52.099 D/LibBpfLoader( 238): Loaded relo section 7 (.reltracepoint/sched/sched_process_free)
11-05 14:04:52.099 D/LibBpfLoader( 238): Adding section 7 to cs list
11-05 14:04:52.101 D/LibBpfLoader( 238): bpf_create_map name total_time_in_state_map, ret: 6
11-05 14:04:52.104 D/LibBpfLoader( 238): bpf_create_map name uid_time_in_state_map, ret: 7
11-05 14:04:52.106 D/LibBpfLoader( 238): bpf_create_map name uid_concurrent_times_map, ret: 8
11-05 14:04:52.106 D/LibBpfLoader( 238): bpf_create_map name uid_last_update_map, ret: 9
11-05 14:04:52.106 D/LibBpfLoader( 238): bpf_create_map name cpu_last_update_map, ret: 10
11-05 14:04:52.106 D/LibBpfLoader( 238): bpf_create_map name cpu_policy_map, ret: 11
11-05 14:04:52.107 D/LibBpfLoader( 238): bpf_create_map name policy_freq_idx_map, ret: 12
11-05 14:04:52.107 D/LibBpfLoader( 238): bpf_create_map name freq_to_idx_map, ret: 13
11-05 14:04:52.107 D/LibBpfLoader( 238): bpf_create_map name nr_active_map, ret: 14
11-05 14:04:52.108 D/LibBpfLoader( 238): bpf_create_map name policy_nr_active_map, ret: 15
11-05 14:04:52.108 D/LibBpfLoader( 238): bpf_create_map name pid_tracked_hash_map, ret: 16
11-05 14:04:52.108 D/LibBpfLoader( 238): bpf_create_map name pid_tracked_map, ret: 17
11-05 14:04:52.108 D/LibBpfLoader( 238): bpf_create_map name pid_task_aggregation_map, ret: 18
11-05 14:04:52.111 D/LibBpfLoader( 238): bpf_create_map name pid_time_in_state_map, ret: 19
11-05 14:04:52.111 D/LibBpfLoader( 238): map_fd found at 0 is 6 in /system/etc/bpf/time_in_state.o
11-05 14:04:52.111 D/LibBpfLoader( 238): map_fd found at 1 is 7 in /system/etc/bpf/time_in_state.o
11-05 14:04:52.111 D/LibBpfLoader( 238): map_fd found at 2 is 8 in /system/etc/bpf/time_in_state.o
11-05 14:04:52.111 D/LibBpfLoader( 238): map_fd found at 3 is 9 in /system/etc/bpf/time_in_state.o
11-05 14:04:52.111 D/LibBpfLoader( 238): map_fd found at 4 is 10 in /system/etc/bpf/time_in_state.o
11-05 14:04:52.111 D/LibBpfLoader( 238): map_fd found at 5 is 11 in /system/etc/bpf/time_in_state.o
11-05 14:04:52.111 D/LibBpfLoader( 238): map_fd found at 6 is 12 in /system/etc/bpf/time_in_state.o
11-05 14:04:52.111 D/LibBpfLoader( 238): map_fd found at 7 is 13 in /system/etc/bpf/time_in_state.o
11-05 14:04:52.111 D/LibBpfLoader( 238): map_fd found at 8 is 14 in /system/etc/bpf/time_in_state.o
11-05 14:04:52.111 D/LibBpfLoader( 238): map_fd found at 9 is 15 in /system/etc/bpf/time_in_state.o
11-05 14:04:52.111 D/LibBpfLoader( 238): map_fd found at 10 is 16 in /system/etc/bpf/time_in_state.o
11-05 14:04:52.111 D/LibBpfLoader( 238): map_fd found at 11 is 17 in /system/etc/bpf/time_in_state.o
11-05 14:04:52.111 D/LibBpfLoader( 238): map_fd found at 12 is 18 in /system/etc/bpf/time_in_state.o
11-05 14:04:52.111 D/LibBpfLoader( 238): map_fd found at 13 is 19 in /system/etc/bpf/time_in_state.o
11-05 14:04:52.113 D/LibBpfLoader( 238): applying relo to instruction at byte offset: 40, insn offset 5 , insn 118
11-05 14:04:52.113 D/LibBpfLoader( 238): applying relo to instruction at byte offset: 128, insn offset 16 , insn 118
11-05 14:04:52.113 D/LibBpfLoader( 238): applying relo to instruction at byte offset: 200, insn offset 25 , insn 118
11-05 14:04:52.113 D/LibBpfLoader( 238): applying relo to instruction at byte offset: 264, insn offset 33 , insn 118
11-05 14:04:52.113 D/LibBpfLoader( 238): applying relo to instruction at byte offset: 504, insn offset 63 , insn 118
11-05 14:04:52.113 D/LibBpfLoader( 238): applying relo to instruction at byte offset: 640, insn offset 80 , insn 118
11-05 14:04:52.114 D/LibBpfLoader( 238): applying relo to instruction at byte offset: 1000, insn offset 125 , insn 118
11-05 14:04:52.114 D/LibBpfLoader( 238): applying relo to instruction at byte offset: 1040, insn offset 130 , insn 118
11-05 14:04:52.114 D/LibBpfLoader( 238): applying relo to instruction at byte offset: 1216, insn offset 152 , insn 118
11-05 14:04:52.114 D/LibBpfLoader( 238): applying relo to instruction at byte offset: 1344, insn offset 168 , insn 118
11-05 14:04:52.114 D/LibBpfLoader( 238): applying relo to instruction at byte offset: 1440, insn offset 180 , insn 118
11-05 14:04:52.114 D/LibBpfLoader( 238): applying relo to instruction at byte offset: 1536, insn offset 192 , insn 118
11-05 14:04:52.114 D/LibBpfLoader( 238): applying relo to instruction at byte offset: 1864, insn offset 233 , insn 118
11-05 14:04:52.114 D/LibBpfLoader( 238): applying relo to instruction at byte offset: 1904, insn offset 238 , insn 118
11-05 14:04:52.114 D/LibBpfLoader( 238): applying relo to instruction at byte offset: 2080, insn offset 260 , insn 118
11-05 14:04:52.115 D/LibBpfLoader( 238): applying relo to instruction at byte offset: 2288, insn offset 286 , insn 118
11-05 14:04:52.115 D/LibBpfLoader( 238): applying relo to instruction at byte offset: 2328, insn offset 291 , insn 118
11-05 14:04:52.115 D/LibBpfLoader( 238): applying relo to instruction at byte offset: 2504, insn offset 313 , insn 118
11-05 14:04:52.115 D/LibBpfLoader( 238): applying relo to instruction at byte offset: 2712, insn offset 339 , insn 118
11-05 14:04:52.115 D/LibBpfLoader( 238): applying relo to instruction at byte offset: 2752, insn offset 344 , insn 118
11-05 14:04:52.115 D/LibBpfLoader( 238): applying relo to instruction at byte offset: 2864, insn offset 358 , insn 118
11-05 14:04:52.115 D/LibBpfLoader( 238): applying relo to instruction at byte offset: 2952, insn offset 369 , insn 118
11-05 14:04:52.115 D/LibBpfLoader( 238): applying relo to instruction at byte offset: 3056, insn offset 382 , insn 118
11-05 14:04:52.115 D/LibBpfLoader( 238): applying relo to instruction at byte offset: 3160, insn offset 395 , insn 118
11-05 14:04:52.116 D/LibBpfLoader( 238): applying relo to instruction at byte offset: 3264, insn offset 408 , insn 118
11-05 14:04:52.116 D/LibBpfLoader( 238): applying relo to instruction at byte offset: 3368, insn offset 421 , insn 118
11-05 14:04:52.116 D/LibBpfLoader( 238): applying relo to instruction at byte offset: 3472, insn offset 434 , insn 118
11-05 14:04:52.116 D/LibBpfLoader( 238): applying relo to instruction at byte offset: 3576, insn offset 447 , insn 118
11-05 14:04:52.116 D/LibBpfLoader( 238): applying relo to instruction at byte offset: 3688, insn offset 461 , insn 118
11-05 14:04:52.116 D/LibBpfLoader( 238): applying relo to instruction at byte offset: 40, insn offset 5 , insn 118
11-05 14:04:52.116 D/LibBpfLoader( 238): applying relo to instruction at byte offset: 120, insn offset 15 , insn 118
11-05 14:04:52.116 D/LibBpfLoader( 238): applying relo to instruction at byte offset: 200, insn offset 25 , insn 118
11-05 14:04:52.116 D/LibBpfLoader( 238): applying relo to instruction at byte offset: 48, insn offset 6 , insn 118
11-05 14:04:52.116 D/LibBpfLoader( 238): applying relo to instruction at byte offset: 200, insn offset 25 , insn 118
11-05 14:04:52.117 D/LibBpfLoader( 238): applying relo to instruction at byte offset: 328, insn offset 41 , insn 118
11-05 14:04:52.117 D/LibBpfLoader( 238): applying relo to instruction at byte offset: 456, insn offset 57 , insn 118
11-05 14:04:52.117 D/LibBpfLoader( 238): applying relo to instruction at byte offset: 584, insn offset 73 , insn 118
11-05 14:04:52.117 D/LibBpfLoader( 238): applying relo to instruction at byte offset: 712, insn offset 89 , insn 118
11-05 14:04:52.117 D/LibBpfLoader( 238): applying relo to instruction at byte offset: 840, insn offset 105 , insn 118
11-05 14:04:52.117 D/LibBpfLoader( 238): applying relo to instruction at byte offset: 968, insn offset 121 , insn 118
11-05 14:04:52.117 D/LibBpfLoader( 238): applying relo to instruction at byte offset: 1104, insn offset 138 , insn 118
11-05 14:04:52.117 D/LibBpfLoader( 238): applying relo to instruction at byte offset: 1144, insn offset 143 , insn 118
11-05 14:04:52.117 D/LibBpfLoader( 238): cs[0].name:tracepoint_sched_sched_switch min_kver:0 .max_kver:ffffffff (kvers:504007d)
11-05 14:04:52.117 D/LibBpfLoader( 238): cs[0].name:tracepoint_sched_sched_switch requires bpfloader version [0x00000,0x10000)
11-05 14:04:52.118 D/LibBpfLoader( 238): bpf_prog_load lib call for /system/etc/bpf/time_in_state.o (tracepoint_sched_sched_switch) returned fd: -1 (Invalid argument)
11-05 14:04:52.118 W/LibBpfLoader( 238): bpf_prog_load - BEGIN log_buf contents:
11-05 14:04:52.118 W/LibBpfLoader( 238):
11-05 14:04:52.118 W/LibBpfLoader( 238): bpf_prog_load - END log_buf contents.
11-05 14:04:52.118 E/LibBpfLoader( 238): non-optional program failed to load.
11-05 14:04:52.118 E/LibBpfLoader( 238): Failed to load programs, loadCodeSections ret=-1
11-05 14:04:52.118 E/bpfloader( 238): Failed to load object: /system/etc/bpf/time_in_state.o, ret: Operation not permitted
11-05 14:04:52.119 D/LibBpfLoader( 238): Loading optional ELF object /system/etc/bpf/gpu_mem.o with license Apache 2.0
11-05 14:04:52.119 I/LibBpfLoader( 238): Section bpfloader_min_ver value is 0 [0x0]
11-05 14:04:52.119 I/LibBpfLoader( 238): Section bpfloader_max_ver value is 65536 [0x10000]
11-05 14:04:52.119 I/LibBpfLoader( 238): Section size_of_bpf_map_def value is 48 [0x30]
11-05 14:04:52.119 I/LibBpfLoader( 238): Section size_of_bpf_prog_def value is 28 [0x1c]
11-05 14:04:52.119 I/LibBpfLoader( 238): BpfLoader version 0x00002 processing ELF object /system/etc/bpf/gpu_mem.o with ver [0x00000,0x10000)
11-05 14:04:52.120 D/LibBpfLoader( 238): Loaded code section 3 (tracepoint_gpu_mem_gpu_mem_total)
11-05 14:04:52.121 D/LibBpfLoader( 238): Loaded relo section 3 (.reltracepoint/gpu_mem/gpu_mem_total)
11-05 14:04:52.121 D/LibBpfLoader( 238): Adding section 3 to cs list
11-05 14:04:52.122 D/LibBpfLoader( 238): bpf_create_map name gpu_mem_total_map, ret: 6
11-05 14:04:52.122 D/LibBpfLoader( 238): map_fd found at 0 is 6 in /system/etc/bpf/gpu_mem.o
11-05 14:04:52.123 D/LibBpfLoader( 238): applying relo to instruction at byte offset: 80, insn offset 10 , insn 118
11-05 14:04:52.123 D/LibBpfLoader( 238): applying relo to instruction at byte offset: 128, insn offset 16 , insn 118
11-05 14:04:52.123 D/LibBpfLoader( 238): applying relo to instruction at byte offset: 208, insn offset 26 , insn 118
11-05 14:04:52.123 D/LibBpfLoader( 238): cs[0].name:tracepoint_gpu_mem_gpu_mem_total min_kver:0 .max_kver:ffffffff (kvers:504007d)
11-05 14:04:52.123 D/LibBpfLoader( 238): cs[0].name:tracepoint_gpu_mem_gpu_mem_total requires bpfloader version [0x00000,0x10000)
11-05 14:04:52.123 D/LibBpfLoader( 238): bpf_prog_load lib call for /system/etc/bpf/gpu_mem.o (tracepoint_gpu_mem_gpu_mem_total) returned fd: -1 (Invalid argument)
11-05 14:04:52.123 W/LibBpfLoader( 238): bpf_prog_load - BEGIN log_buf contents:
11-05 14:04:52.123 W/LibBpfLoader( 238):
11-05 14:04:52.123 W/LibBpfLoader( 238): bpf_prog_load - END log_buf contents.
11-05 14:04:52.123 E/LibBpfLoader( 238): non-optional program failed to load.
11-05 14:04:52.124 E/LibBpfLoader( 238): Failed to load programs, loadCodeSections ret=-1
11-05 14:04:52.124 E/bpfloader( 238): Failed to load object: /system/etc/bpf/gpu_mem.o, ret: Operation not permitted
11-05 14:04:52.124 D/LibBpfLoader( 238): Loading critical for netd ELF object /system/etc/bpf/netd.o with license Apache 2.0
11-05 14:04:52.125 I/LibBpfLoader( 238): Section bpfloader_min_ver value is 0 [0x0]
11-05 14:04:52.125 I/LibBpfLoader( 238): Section bpfloader_max_ver value is 65536 [0x10000]
11-05 14:04:52.125 I/LibBpfLoader( 238): Section size_of_bpf_map_def value is 48 [0x30]
11-05 14:04:52.125 I/LibBpfLoader( 238): Section size_of_bpf_prog_def value is 28 [0x1c]
11-05 14:04:52.125 I/LibBpfLoader( 238): BpfLoader version 0x00002 processing ELF object /system/etc/bpf/netd.o with ver [0x00000,0x10000)
11-05 14:04:52.126 D/LibBpfLoader( 238): Loaded code section 3 (cgroupskb_ingress_stats)
11-05 14:04:52.128 D/LibBpfLoader( 238): Loaded relo section 3 (.relcgroupskb/ingress/stats)
11-05 14:04:52.128 D/LibBpfLoader( 238): Adding section 3 to cs list
11-05 14:04:52.128 D/LibBpfLoader( 238): Loaded code section 5 (cgroupskb_egress_stats)
11-05 14:04:52.130 D/LibBpfLoader( 238): Loaded relo section 5 (.relcgroupskb/egress/stats)
11-05 14:04:52.130 D/LibBpfLoader( 238): Adding section 5 to cs list
11-05 14:04:52.130 D/LibBpfLoader( 238): Loaded code section 7 (skfilter_egress_xtbpf)
11-05 14:04:52.131 D/LibBpfLoader( 238): Loaded relo section 7 (.relskfilter/egress/xtbpf)
11-05 14:04:52.131 D/LibBpfLoader( 238): Adding section 7 to cs list
11-05 14:04:52.131 D/LibBpfLoader( 238): Loaded code section 9 (skfilter_ingress_xtbpf)
11-05 14:04:52.132 D/LibBpfLoader( 238): Loaded relo section 9 (.relskfilter/ingress/xtbpf)
11-05 14:04:52.132 D/LibBpfLoader( 238): Adding section 9 to cs list
11-05 14:04:52.132 D/LibBpfLoader( 238): Loaded code section 11 (skfilter_allowlist_xtbpf)
11-05 14:04:52.132 D/LibBpfLoader( 238): Loaded relo section 11 (.relskfilter/allowlist/xtbpf)
11-05 14:04:52.133 D/LibBpfLoader( 238): Adding section 11 to cs list
11-05 14:04:52.133 D/LibBpfLoader( 238): Loaded code section 13 (skfilter_denylist_xtbpf)
11-05 14:04:52.133 D/LibBpfLoader( 238): Loaded relo section 13 (.relskfilter/denylist/xtbpf)
11-05 14:04:52.133 D/LibBpfLoader( 238): Adding section 13 to cs list
11-05 14:04:52.133 D/LibBpfLoader( 238): Loaded code section 15 (cgroupsock_inet_create)
11-05 14:04:52.134 D/LibBpfLoader( 238): Loaded relo section 15 (.relcgroupsock/inet/create)
11-05 14:04:52.134 D/LibBpfLoader( 238): Adding section 15 to cs list
11-05 14:04:52.139 D/LibBpfLoader( 238): bpf_create_map name cookie_tag_map, ret: 6
11-05 14:04:52.140 D/LibBpfLoader( 238): bpf_create_map name uid_counterset_map, ret: 7
11-05 14:04:52.144 D/LibBpfLoader( 238): bpf_create_map name app_uid_stats_map, ret: 8
11-05 14:04:52.146 D/LibBpfLoader( 238): bpf_create_map name stats_map_A, ret: 9
11-05 14:04:52.148 D/LibBpfLoader( 238): bpf_create_map name stats_map_B, ret: 10
11-05 14:04:52.149 D/LibBpfLoader( 238): bpf_create_map name iface_stats_map, ret: 11
11-05 14:04:52.149 D/LibBpfLoader( 238): bpf_create_map name configuration_map, ret: 12
11-05 14:04:52.150 D/LibBpfLoader( 238): bpf_create_map name uid_owner_map, ret: 13
11-05 14:04:52.150 D/LibBpfLoader( 238): bpf_create_map name iface_index_name_map, ret: 14
11-05 14:04:52.151 D/LibBpfLoader( 238): bpf_create_map name uid_permission_map, ret: 15
11-05 14:04:52.151 D/LibBpfLoader( 238): map_fd found at 0 is 6 in /system/etc/bpf/netd.o
11-05 14:04:52.151 D/LibBpfLoader( 238): map_fd found at 1 is 7 in /system/etc/bpf/netd.o
11-05 14:04:52.151 D/LibBpfLoader( 238): map_fd found at 2 is 8 in /system/etc/bpf/netd.o
11-05 14:04:52.151 D/LibBpfLoader( 238): map_fd found at 3 is 9 in /system/etc/bpf/netd.o
11-05 14:04:52.151 D/LibBpfLoader( 238): map_fd found at 4 is 10 in /system/etc/bpf/netd.o
11-05 14:04:52.151 D/LibBpfLoader( 238): map_fd found at 5 is 11 in /system/etc/bpf/netd.o
11-05 14:04:52.151 D/LibBpfLoader( 238): map_fd found at 6 is 12 in /system/etc/bpf/netd.o
11-05 14:04:52.151 D/LibBpfLoader( 238): map_fd found at 7 is 13 in /system/etc/bpf/netd.o
11-05 14:04:52.151 D/LibBpfLoader( 238): map_fd found at 8 is 14 in /system/etc/bpf/netd.o
11-05 14:04:52.151 D/LibBpfLoader( 238): map_fd found at 9 is 15 in /system/etc/bpf/netd.o
11-05 14:04:52.153 D/LibBpfLoader( 238): applying relo to instruction at byte offset: 472, insn offset 59 , insn 118
11-05 14:04:52.153 D/LibBpfLoader( 238): applying relo to instruction at byte offset: 544, insn offset 68 , insn 118
11-05 14:04:52.153 D/LibBpfLoader( 238): applying relo to instruction at byte offset: 1008, insn offset 126 , insn 118
11-05 14:04:52.153 D/LibBpfLoader( 238): applying relo to instruction at byte offset: 1304, insn offset 163 , insn 118
11-05 14:04:52.153 D/LibBpfLoader( 238): applying relo to instruction at byte offset: 1384, insn offset 173 , insn 118
11-05 14:04:52.153 D/LibBpfLoader( 238): applying relo to instruction at byte offset: 1488, insn offset 186 , insn 118
11-05 14:04:52.153 D/LibBpfLoader( 238): applying relo to instruction at byte offset: 1600, insn offset 200 , insn 118
11-05 14:04:52.153 D/LibBpfLoader( 238): applying relo to instruction at byte offset: 1640, insn offset 205 , insn 118
11-05 14:04:52.153 D/LibBpfLoader( 238): applying relo to instruction at byte offset: 1992, insn offset 249 , insn 118
11-05 14:04:52.153 D/LibBpfLoader( 238): applying relo to instruction at byte offset: 2104, insn offset 263 , insn 118
11-05 14:04:52.153 D/LibBpfLoader( 238): applying relo to instruction at byte offset: 2144, insn offset 268 , insn 118
11-05 14:04:52.153 D/LibBpfLoader( 238): applying relo to instruction at byte offset: 2424, insn offset 303 , insn 118
11-05 14:04:52.154 D/LibBpfLoader( 238): applying relo to instruction at byte offset: 2528, insn offset 316 , insn 118
11-05 14:04:52.154 D/LibBpfLoader( 238): applying relo to instruction at byte offset: 2568, insn offset 321 , insn 118
11-05 14:04:52.154 D/LibBpfLoader( 238): applying relo to instruction at byte offset: 2712, insn offset 339 , insn 118
11-05 14:04:52.154 D/LibBpfLoader( 238): applying relo to instruction at byte offset: 2816, insn offset 352 , insn 118
11-05 14:04:52.154 D/LibBpfLoader( 238): applying relo to instruction at byte offset: 2856, insn offset 357 , insn 118
11-05 14:04:52.154 D/LibBpfLoader( 238): applying relo to instruction at byte offset: 3088, insn offset 386 , insn 118
11-05 14:04:52.154 D/LibBpfLoader( 238): applying relo to instruction at byte offset: 3192, insn offset 399 , insn 118
11-05 14:04:52.154 D/LibBpfLoader( 238): applying relo to instruction at byte offset: 3232, insn offset 404 , insn 118
11-05 14:04:52.154 D/LibBpfLoader( 238): applying relo to instruction at byte offset: 448, insn offset 56 , insn 118
11-05 14:04:52.154 D/LibBpfLoader( 238): applying relo to instruction at byte offset: 520, insn offset 65 , insn 118
11-05 14:04:52.154 D/LibBpfLoader( 238): applying relo to instruction at byte offset: 992, insn offset 124 , insn 118
11-05 14:04:52.154 D/LibBpfLoader( 238): applying relo to instruction at byte offset: 1272, insn offset 159 , insn 118
11-05 14:04:52.155 D/LibBpfLoader( 238): applying relo to instruction at byte offset: 1352, insn offset 169 , insn 118
11-05 14:04:52.155 D/LibBpfLoader( 238): applying relo to instruction at byte offset: 1456, insn offset 182 , insn 118
11-05 14:04:52.155 D/LibBpfLoader( 238): applying relo to instruction at byte offset: 1560, insn offset 195 , insn 118
11-05 14:04:52.155 D/LibBpfLoader( 238): applying relo to instruction at byte offset: 1600, insn offset 200 , insn 118
11-05 14:04:52.155 D/LibBpfLoader( 238): applying relo to instruction at byte offset: 1744, insn offset 218 , insn 118
11-05 14:04:52.155 D/LibBpfLoader( 238): applying relo to instruction at byte offset: 1848, insn offset 231 , insn 118
11-05 14:04:52.155 D/LibBpfLoader( 238): applying relo to instruction at byte offset: 1888, insn offset 236 , insn 118
11-05 14:04:52.155 D/LibBpfLoader( 238): applying relo to instruction at byte offset: 2160, insn offset 270 , insn 118
11-05 14:04:52.155 D/LibBpfLoader( 238): applying relo to instruction at byte offset: 2264, insn offset 283 , insn 118
11-05 14:04:52.155 D/LibBpfLoader( 238): applying relo to instruction at byte offset: 2304, insn offset 288 , insn 118
11-05 14:04:52.155 D/LibBpfLoader( 238): applying relo to instruction at byte offset: 2448, insn offset 306 , insn 118
11-05 14:04:52.155 D/LibBpfLoader( 238): applying relo to instruction at byte offset: 2552, insn offset 319 , insn 118
11-05 14:04:52.156 D/LibBpfLoader( 238): applying relo to instruction at byte offset: 2592, insn offset 324 , insn 118
11-05 14:04:52.156 D/LibBpfLoader( 238): applying relo to instruction at byte offset: 2824, insn offset 353 , insn 118
11-05 14:04:52.156 D/LibBpfLoader( 238): applying relo to instruction at byte offset: 2928, insn offset 366 , insn 118
11-05 14:04:52.156 D/LibBpfLoader( 238): applying relo to instruction at byte offset: 2968, insn offset 371 , insn 118
11-05 14:04:52.156 D/LibBpfLoader( 238): applying relo to instruction at byte offset: 88, insn offset 11 , insn 118
11-05 14:04:52.156 D/LibBpfLoader( 238): applying relo to instruction at byte offset: 192, insn offset 24 , insn 118
11-05 14:04:52.156 D/LibBpfLoader( 238): applying relo to instruction at byte offset: 232, insn offset 29 , insn 118
11-05 14:04:52.156 D/LibBpfLoader( 238): applying relo to instruction at byte offset: 40, insn offset 5 , insn 118
11-05 14:04:52.156 D/LibBpfLoader( 238): applying relo to instruction at byte offset: 144, insn offset 18 , insn 118
11-05 14:04:52.156 D/LibBpfLoader( 238): applying relo to instruction at byte offset: 184, insn offset 23 , insn 118
11-05 14:04:52.156 D/LibBpfLoader( 238): applying relo to instruction at byte offset: 136, insn offset 17 , insn 118
11-05 14:04:52.156 D/LibBpfLoader( 238): applying relo to instruction at byte offset: 32, insn offset 4 , insn 118
11-05 14:04:52.157 D/LibBpfLoader( 238): applying relo to instruction at byte offset: 80, insn offset 10 , insn 118
11-05 14:04:52.157 D/LibBpfLoader( 238): cs[0].name:cgroupskb_ingress_stats min_kver:0 .max_kver:ffffffff (kvers:504007d)
11-05 14:04:52.157 D/LibBpfLoader( 238): cs[0].name:cgroupskb_ingress_stats requires bpfloader version [0x00000,0x10000)
11-05 14:04:52.159 D/LibBpfLoader( 238): bpf_prog_load lib call for /system/etc/bpf/netd.o (cgroupskb_ingress_stats) returned fd: 16 (no error)
11-05 14:04:52.160 D/LibBpfLoader( 238): cs[1].name:cgroupskb_egress_stats min_kver:0 .max_kver:ffffffff (kvers:504007d)
11-05 14:04:52.160 D/LibBpfLoader( 238): cs[1].name:cgroupskb_egress_stats requires bpfloader version [0x00000,0x10000)
11-05 14:04:52.162 D/LibBpfLoader( 238): bpf_prog_load lib call for /system/etc/bpf/netd.o (cgroupskb_egress_stats) returned fd: 17 (no error)
11-05 14:04:52.162 D/LibBpfLoader( 238): cs[2].name:skfilter_egress_xtbpf min_kver:0 .max_kver:ffffffff (kvers:504007d)
11-05 14:04:52.162 D/LibBpfLoader( 238): cs[2].name:skfilter_egress_xtbpf requires bpfloader version [0x00000,0x10000)
11-05 14:04:52.163 D/LibBpfLoader( 238): bpf_prog_load lib call for /system/etc/bpf/netd.o (skfilter_egress_xtbpf) returned fd: 18 (no error)
11-05 14:04:52.163 D/LibBpfLoader( 238): cs[3].name:skfilter_ingress_xtbpf min_kver:0 .max_kver:ffffffff (kvers:504007d)
11-05 14:04:52.163 D/LibBpfLoader( 238): cs[3].name:skfilter_ingress_xtbpf requires bpfloader version [0x00000,0x10000)
11-05 14:04:52.163 D/LibBpfLoader( 238): bpf_prog_load lib call for /system/etc/bpf/netd.o (skfilter_ingress_xtbpf) returned fd: 19 (no error)
11-05 14:04:52.163 D/LibBpfLoader( 238): cs[4].name:skfilter_allowlist_xtbpf min_kver:0 .max_kver:ffffffff (kvers:504007d)
11-05 14:04:52.163 D/LibBpfLoader( 238): cs[4].name:skfilter_allowlist_xtbpf requires bpfloader version [0x00000,0x10000)
11-05 14:04:52.164 D/LibBpfLoader( 238): bpf_prog_load lib call for /system/etc/bpf/netd.o (skfilter_allowlist_xtbpf) returned fd: 20 (no error)
11-05 14:04:52.164 D/LibBpfLoader( 238): cs[5].name:skfilter_denylist_xtbpf min_kver:0 .max_kver:ffffffff (kvers:504007d)
11-05 14:04:52.164 D/LibBpfLoader( 238): cs[5].name:skfilter_denylist_xtbpf requires bpfloader version [0x00000,0x10000)
11-05 14:04:52.164 D/LibBpfLoader( 238): bpf_prog_load lib call for /system/etc/bpf/netd.o (skfilter_denylist_xtbpf) returned fd: 21 (no error)
11-05 14:04:52.164 D/LibBpfLoader( 238): cs[6].name:cgroupsock_inet_create min_kver:40e0000 .max_kver:ffffffff (kvers:504007d)
11-05 14:04:52.164 D/LibBpfLoader( 238): cs[6].name:cgroupsock_inet_create requires bpfloader version [0x00000,0x10000)
11-05 14:04:52.165 D/LibBpfLoader( 238): bpf_prog_load lib call for /system/etc/bpf/netd.o (cgroupsock_inet_create) returned fd: 22 (no error)
11-05 14:04:52.165 I/bpfloader( 238): Loaded object: /system/etc/bpf/netd.o
11-05 14:04:52.206 I/update_verifier( 239): Started with arg 1: nonencrypted
11-05 14:04:52.207 E/cutils-trace( 239): Error opening trace file: No such file or directory (2)
11-05 14:04:52.219 I/update_verifier( 239): Booting slot 0: isSlotMarkedSuccessful=1
11-05 14:04:52.219 I/update_verifier( 239): Leaving update_verifier.
11-05 14:04:52.258 I/ServiceManager( 240): Waiting for service 'statscompanion' on '/dev/binder'...
11-05 14:04:52.290 I/netdClient( 241): Skipping libnetd_client init since *we* are netd
11-05 14:04:52.302 I/netd ( 241): netd 1.0 starting
11-05 14:04:52.307 E/cutils-trace( 246): Error opening trace file: No such file or directory (2)
11-05 14:04:52.307 I/netd ( 241): Pid file removed
11-05 14:04:52.307 I/netd ( 241): SIGPIPE is blocked
11-05 14:04:52.307 I/netd ( 241): setCloseOnExec(dnsproxyd)
11-05 14:04:52.307 I/netd ( 241): setCloseOnExec(fwmarkd)
11-05 14:04:52.308 I/netd ( 241): setCloseOnExec(mdns)
11-05 14:04:52.308 I/netd ( 241): BPF programs are loaded
11-05 14:04:52.308 I/netd ( 241): NetlinkManager instanced
11-05 14:04:52.308 I/netd ( 241): enter NetworkController ctor
11-05 14:04:52.310 I/HidlServiceManagement( 246): Registered android.hidl.allocator@1.0::IAllocator/ashmem
11-05 14:04:52.310 I/netd ( 241): leave NetworkController ctor
11-05 14:04:52.310 I/netd ( 241): enter TetherController ctor
11-05 14:04:52.310 I/HidlServiceManagement( 246): Removing namespace from process name android.hidl.allocator@1.0-service to allocator@1.0-service.
11-05 14:04:52.311 D/TetherController( 241): Setting IP forward enable = 0
11-05 14:04:52.316 I/netd ( 241): leave TetherController ctor
11-05 14:04:52.317 D/FirewallController( 241): Could not read /proc/self/uid_map, max uid defaulting to 4294967294
11-05 14:04:52.410 E/cutils-trace( 250): Error opening trace file: No such file or directory (2)
11-05 14:04:52.424 I/HidlServiceManagement( 250): Registered android.hardware.cas@1.2::IMediaCasService/default
11-05 14:04:52.431 I/HidlServiceManagement( 250): Removing namespace from process name android.hardware.cas@1.2-service to cas@1.2-service.
11-05 14:04:52.448 E/cutils-trace( 255): Error opening trace file: No such file or directory (2)
11-05 14:04:52.451 I/netd ( 241): Creating child chains: 106191us
11-05 14:04:52.451 I/netd ( 241): Setting up OEM hooks: 425us
11-05 14:04:52.451 I/netd ( 241): Setting up FirewallController hooks: 86us
11-05 14:04:52.477 E/cutils-trace( 248): Error opening trace file: No such file or directory (2)
11-05 14:04:52.478 E/cutils-trace( 257): Error opening trace file: No such file or directory (2)
11-05 14:04:52.490 I/netd ( 241): Setting up TetherController hooks: 38874us
11-05 14:04:52.492 E/cutils-trace( 254): Error opening trace file: No such file or directory (2)
11-05 14:04:52.501 W/healthd ( 257): No battery devices found
11-05 14:04:52.499 I/netd ( 241): Setting up BandwidthController hooks: 8445us
11-05 14:04:52.499 I/netd ( 241): Setting up IdletimerController hooks: 242us
11-05 14:04:52.504 I/android.hardware.health@2.1-service( 257): default instance initializing with healthd_config...
11-05 14:04:52.507 E/cutils-trace( 247): Error opening trace file: No such file or directory (2)
11-05 14:04:52.508 D/Module_SUNXI( 254): hardware/aw/gatekeeper/teeGateKeeper/module_sunxi.cpp 34, trusty_gatekeeper_open
11-05 14:04:52.508 V/SUNXI_TrustyGateKeeper( 254): Gatekeeper_Initialize
11-05 14:04:52.509 D/tee_supplicant( 206): Spawning a new thread
11-05 14:04:52.510 D/tee_supplicant( 206): failed to open the ta /vendor/lib/optee_armtz/2233b43b-cec6-449a-9509-469f5023e425.ta TA-file
11-05 14:04:52.510 D/tee_supplicant( 206): looping
11-05 14:04:52.514 I/HidlServiceManagement( 257): Registered android.hardware.health@2.1::IHealth/default
11-05 14:04:52.515 I/HidlServiceManagement( 257): Removing namespace from process name android.hardware.health@2.1-service to health@2.1-service.
11-05 14:04:52.517 I/android.hardware.health@2.1-service( 257): default: Hal init done
11-05 14:04:52.524 W/healthd ( 257): battery none chg=
11-05 14:04:52.512 I/init ( 162): type=1400 audit(0.0:14): avc: denied { add_name } for name="runtime_enable" scontext=u:r:vendor_init:s0 tcontext=u:object_r:sysfs_disp:s0 tclass=dir permissive=1
11-05 14:04:52.512 I/init ( 162): type=1400 audit(0.0:15): avc: denied { create } for name="runtime_enable" scontext=u:r:vendor_init:s0 tcontext=u:object_r:sysfs_disp:s0 tclass=file permissive=1
11-05 14:04:52.520 I/android.hardware.lights-service( 258): Light Hal current version V2.0.0
11-05 14:04:52.520 D/lights_device( 258): success open disp device type=0.
11-05 14:04:52.522 I/servicemanager( 178): Found android.hardware.light.ILights/default in device VINTF manifest.
11-05 14:04:52.527 D/tee_supplicant( 206): looping
11-05 14:04:52.527 D/tee_supplicant( 206): failed to open the ta /vendor/lib/optee_armtz/2233b43b-cec6-449a-9509-469f5023e425.ta TA-file
11-05 14:04:52.528 D/tee_supplicant( 206): looping
11-05 14:04:52.531 D/tee_supplicant( 206): looping
11-05 14:04:52.540 I/AW_PowerHAL( 259): AW Power HAL AIDL Service is starting.
11-05 14:04:52.542 I/netd ( 241): Setting up StrictController hooks: 42998us
11-05 14:04:52.542 I/netd ( 241): Initializing ClatdController: 281us
11-05 14:04:52.545 I/netd ( 241): Initializing traffic control: 2246us
11-05 14:04:52.557 I/AW_PowerHAL( 259): PowerHAL initiated
11-05 14:04:52.562 I/ ( 162): file system registered
11-05 14:04:52.563 E/android.hardware.usb.gadget@1.1-service.aw( 261): configfs setup not done yet
