11-05 14:05:01.252 D/MediaCodecsXmlParser( 361): MediaCodec: cannot update non-existing codec: OMX.google.vp8.decoder at line 101 of /vendor/etc/media_codecs_performance.xml
11-05 14:05:01.252 D/MediaCodecsXmlParser( 361): MediaCodec: cannot update non-existing codec: OMX.google.vp9.decoder at line 107 of /vendor/etc/media_codecs_performance.xml
11-05 14:05:01.252 I/MediaCodecsXmlParser( 361): Did not find media_codecs_shaping.xml in search path
11-05 14:05:01.252 I/MediaCodecsXmlParser( 361): Did not find media_codecs_shaping.xml in search path
11-05 14:05:01.253 V/C2Store ( 389): in init
11-05 14:05:01.253 V/C2Store ( 389): loading dll
11-05 14:05:01.257 I/SystemServerTiming( 476): sendUserStartBroadcast
11-05 14:05:01.257 I/SystemServerTiming( 476): resumeTopActivities
11-05 14:05:01.262 I/Codec2InfoBuilder( 361): adding type 'audio/mp4a-latm'
11-05 14:05:01.262 I/SystemServerTiming( 476): sendUserSwitchBroadcasts
11-05 14:05:01.262 I/SystemServerTiming( 476): setBinderProxies
11-05 14:05:01.263 I/SystemServerTiming( 476): StartSystemUI
11-05 14:05:01.264 W/ActivityManager( 476): Slow operation: 324ms so far, now at startProcess: done updating battery stats
11-05 14:05:01.264 W/ActivityManager( 476): Slow operation: 324ms so far, now at startProcess: building log message
11-05 14:05:01.264 I/ActivityManager( 476): app.processName = com.android.se
11-05 14:05:01.264 I/ActivityManager( 476): Start proc 776:com.android.se/1068 for added application com.android.se
11-05 14:05:01.264 W/ActivityManager( 476): Slow operation: 324ms so far, now at startProcess: starting to update pids map
11-05 14:05:01.264 W/ActivityManager( 476): Slow operation: 325ms so far, now at startProcess: done updating pids map
11-05 14:05:01.266 W/BestClock( 476): java.time.DateTimeException: Missing NTP fix
11-05 14:05:01.267 V/C2Store ( 389): in ~ComponentModule
11-05 14:05:01.267 V/C2Store ( 389): unloading dll
11-05 14:05:01.268 V/C2Store ( 389): in init
11-05 14:05:01.268 V/C2Store ( 389): loading dll
11-05 14:05:01.268 D/CompatibilityChangeReporter( 476): Compat change id reported: 168419799; UID 1068; state: DISABLED
11-05 14:05:01.269 W/BestClock( 476): java.time.DateTimeException: Missing NTP fix
11-05 14:05:01.276 I/Codec2InfoBuilder( 361): adding type 'audio/mp4a-latm'
11-05 14:05:01.278 I/ActivityManager( 476): Process WebViewLoader-armeabi-v7a (pid 720) has died: psvc PER
11-05 14:05:01.278 I/libprocessgroup( 476): Successfully killed process cgroup uid 1037 pid 720 in 0ms
11-05 14:05:01.279 D/CompatibilityChangeReporter( 776): Compat change id reported: 171979766; UID 1068; state: ENABLED
11-05 14:05:01.285 I/ActivityManager( 476): com.android.tv.settings is exempt from freezer
11-05 14:05:01.285 W/KernelCpuProcStringReader( 476): File not found. It's normal if not implemented: /proc/uid_time_in_state
11-05 14:05:01.285 D/CompatibilityChangeReporter( 476): Compat change id reported: 135634846; UID 1000; state: DISABLED
11-05 14:05:01.285 W/KernelCpuProcStringReader( 476): File not found. It's normal if not implemented: /proc/uid_concurrent_active_time
11-05 14:05:01.285 W/KernelCpuProcStringReader( 476): File not found. It's normal if not implemented: /proc/uid_concurrent_policy_time
11-05 14:05:01.288 D/ConnectivityService( 476): Got NetworkProvider Messenger for VpnNetworkProvider:0
11-05 14:05:01.291 W/BestClock( 476): java.time.DateTimeException: Missing NTP fix
11-05 14:05:01.292 W/BestClock( 476): java.time.DateTimeException: Missing NTP fix
11-05 14:05:01.292 W/ActivityManager( 476): Unable to start service Intent { cmp=com.oranth.ledstatus/.LedStatusService } U=0: not found
11-05 14:05:01.292 E/KernelCpuSpeedReader( 476): Failed to read cpu-freq: /sys/devices/system/cpu/cpu0/cpufreq/stats/time_in_state: open failed: ENOENT (No such file or directory)
11-05 14:05:01.292 E/system_server( 476): Cannot read thread CPU times for PID 476
11-05 14:05:01.304 W/BestClock( 476): java.time.DateTimeException: Missing NTP fix
11-05 14:05:01.307 I/InputManager( 476): Enabling motion classifier because user switched: feature enabled, long press timeout = 400
11-05 14:05:01.307 I/InputClassifier( 476): Enabling motion classifier
11-05 14:05:01.311 W/BestClock( 476): java.time.DateTimeException: Missing NTP fix
11-05 14:05:01.312 I/hwservicemanager( 180): getTransport: Cannot find entry android.hardware.input.classifier@1.0::IInputClassifier/default in either framework or device VINTF manifest.
11-05 14:05:01.313 W/BestClock( 476): java.time.DateTimeException: Missing NTP fix
11-05 14:05:01.318 W/BestClock( 476): java.time.DateTimeException: Missing NTP fix
11-05 14:05:01.318 D/AdapterState( 670): make() - Creating AdapterState
11-05 14:05:01.319 I/InputClassifier( 476): Could not obtain InputClassifier HAL
11-05 14:05:01.319 D/Zygote ( 242): Forked child process 822
11-05 14:05:01.323 D/BluetoothKeystoreService( 670): new BluetoothKeystoreService isCommonCriteriaMode: false
11-05 14:05:01.324 D/BluetoothKeystoreService( 670): start
11-05 14:05:01.325 V/C2Store ( 389): in init
11-05 14:05:01.325 V/C2Store ( 389): loading dll
11-05 14:05:01.327 W/BestClock( 476): java.time.DateTimeException: Missing NTP fix
11-05 14:05:01.327 I/Zygote ( 822): seccomp disabled by setenforce 0
11-05 14:05:01.331 I/ActivityManager( 476): app.processName = com.android.tv.settings
11-05 14:05:01.331 I/ActivityManager( 476): Start proc 822:com.android.tv.settings/1000 for top-activity {com.android.tv.settings/com.android.tv.settings.system.FallbackHome}
11-05 14:05:01.332 I/droid.bluetoot( 670): [1105/140501.332052:INFO:com_android_bluetooth_btservice_BluetoothKeystore.cpp(97)] classInitNative: succeeds
11-05 14:05:01.332 D/BluetoothKeystoreService( 670): setBluetoothKeystoreService(): set to: com.android.bluetooth.btservice.bluetoothkeystore.BluetoothKeystoreService@b644528
11-05 14:05:01.333 V/C2Store ( 389): in ~ComponentModule
11-05 14:05:01.333 V/C2Store ( 389): unloading dll
11-05 14:05:01.334 I/Codec2InfoBuilder( 361): adding type 'audio/3gpp'
11-05 14:05:01.334 W/BestClock( 476): java.time.DateTimeException: Missing NTP fix
11-05 14:05:01.335 V/C2Store ( 389): in init
11-05 14:05:01.335 V/C2Store ( 389): loading dll
11-05 14:05:01.335 V/C2Store ( 389): in ~ComponentModule
11-05 14:05:01.335 V/C2Store ( 389): unloading dll
11-05 14:05:01.341 I/AdapterState( 670): OFF : entered
11-05 14:05:01.341 D/AdapterProperties( 670): Setting state to OFF
11-05 14:05:01.342 W/BestClock( 476): java.time.DateTimeException: Missing NTP fix
11-05 14:05:01.349 W/BestClock( 476): java.time.DateTimeException: Missing NTP fix
11-05 14:05:01.352 W/BestClock( 476): java.time.DateTimeException: Missing NTP fix
11-05 14:05:01.352 I/Codec2InfoBuilder( 361): adding type 'audio/3gpp'
11-05 14:05:01.354 V/C2Store ( 389): in ~ComponentModule
11-05 14:05:01.354 V/C2Store ( 389): unloading dll
11-05 14:05:01.354 I/adbd ( 394): jdwp connection from 822
11-05 14:05:01.355 V/C2Store ( 389): in init
11-05 14:05:01.355 V/C2Store ( 389): loading dll
11-05 14:05:01.357 D/BluetoothKeystoreService( 670): loadConfigData
11-05 14:05:01.358 W/BestClock( 476): java.time.DateTimeException: Missing NTP fix
11-05 14:05:01.361 I/Codec2InfoBuilder( 361): adding type 'audio/amr-wb'
11-05 14:05:01.362 W/BestClock( 476): java.time.DateTimeException: Missing NTP fix
11-05 14:05:01.362 D/JNIMultiir( 476): Multiir JNI_OnLoad()
11-05 14:05:01.362 D/JNIMultiir( 476): init
11-05 14:05:01.365 D/SystemServer( 476): VMRuntime.setVerifierEnabled(true)
11-05 14:05:01.366 V/C2Store ( 389): in init
11-05 14:05:01.366 V/C2Store ( 389): loading dll
11-05 14:05:01.366 W/BestClock( 476): java.time.DateTimeException: Missing NTP fix
11-05 14:05:01.366 V/C2Store ( 389): in ~ComponentModule
11-05 14:05:01.366 V/C2Store ( 389): unloading dll
11-05 14:05:01.364 I/ndroid.systemui( 683): type=1400 audit(0.0:345): avc: denied { search } for name="com.android.systemui" dev="mmcblk0p25" ino=486 scontext=u:r:platform_app:s0:c512,c768 tcontext=u:object_r:app_data_file:s0:c512,c768 tclass=dir permissive=1 app=com.softwinner.screenshot
11-05 14:05:01.368 W/BestClock( 476): java.time.DateTimeException: Missing NTP fix
11-05 14:05:01.376 I/Codec2InfoBuilder( 361): adding type 'audio/amr-wb'
11-05 14:05:01.378 V/C2Store ( 389): in ~ComponentModule
11-05 14:05:01.378 V/C2Store ( 389): unloading dll
11-05 14:05:01.378 V/C2Store ( 389): in init
11-05 14:05:01.378 V/C2Store ( 389): loading dll
11-05 14:05:01.380 W/BestClock( 476): java.time.DateTimeException: Missing NTP fix
11-05 14:05:01.384 W/Looper ( 476): Slow delivery took 4473ms main h=android.app.PropertyInvalidatedCache$AutoCorker$1 c=null m=0
11-05 14:05:01.385 D/Codec2InfoBuilder( 361): component 'c2.android.av1.decoder' not found in xml
11-05 14:05:01.385 V/C2Store ( 389): in init
11-05 14:05:01.385 V/C2Store ( 389): loading dll
11-05 14:05:01.386 V/C2Store ( 389): in ~ComponentModule
11-05 14:05:01.389 V/C2Store ( 389): unloading dll
11-05 14:05:01.394 D/CompatibilityChangeReporter( 476): Compat change id reported: 181136395; UID 1000; state: DISABLED
11-05 14:05:01.399 W/hdr10p_Configure( 375): 100 callbacks suppressed
11-05 14:05:01.399 I/ ( 375): DVI mode selected: packets not configured
11-05 14:05:01.399 W/set_vsif_config( 375): 100 callbacks suppressed
11-05 14:05:01.399 I/ ( 375): Error: set vsif failed
11-05 14:05:01.396 I/Codec2InfoBuilder( 361): adding type 'video/avc'
11-05 14:05:01.398 D/CompatibilityChangeReporter( 476): Compat change id reported: 174042936; UID 1000; state: DISABLED
11-05 14:05:01.398 V/GraphicsEnvironment( 776): ANGLE Developer option for 'com.android.se' set to: 'default'
11-05 14:05:01.398 W/BestClock( 476): java.time.DateTimeException: Missing NTP fix
11-05 14:05:01.399 V/GraphicsEnvironment( 776): Neither updatable production driver nor prerelease driver is supported.
11-05 14:05:01.400 I/droid.bluetoot( 670): [1105/140501.400305:INFO:com_android_bluetooth_btservice_ActivityAttribution.cpp(96)] classInitNative: succeeds
11-05 14:05:01.401 W/BestClock( 476): java.time.DateTimeException: Missing NTP fix
11-05 14:05:01.401 D/NetworkSecurityConfig( 776): No Network Security Config specified, using platform default
11-05 14:05:01.402 D/NetworkSecurityConfig( 776): No Network Security Config specified, using platform default
11-05 14:05:01.402 W/BestClock( 476): java.time.DateTimeException: Missing NTP fix
11-05 14:05:01.402 D/BluetoothKeystoreService( 670): getCompareResult: 0
11-05 14:05:01.403 V/C2Store ( 389): in init
11-05 14:05:01.403 V/C2Store ( 389): loading dll
11-05 14:05:01.404 V/C2Store ( 389): in ~ComponentModule
11-05 14:05:01.404 V/C2Store ( 389): unloading dll
11-05 14:05:01.405 I/mediaswcodec( 389): missing struct descriptor #Param::CoreIndex(--004) for field values of struct #Param::CoreIndex(F-12004)
11-05 14:05:01.405 I/mediaswcodec( 389): missing struct descriptor #Param::CoreIndex(--1812) for field values of struct #Param::CoreIndex(F-11812)
11-05 14:05:01.408 D/ConnectivityService( 476): requestNetwork for uid/pid:1073/760 activeRequest: null callbackRequest: 18 [NetworkRequest [ REQUEST id=19, [ Capabilities: INTERNET&NOT_RESTRICTED&TRUSTED&NOT_VCN_MANAGED Uid: 1073 RequestorUid: 1073 RequestorPkg: com.android.networkstack] ]] callback flags: 0 priority: 2147483647
11-05 14:05:01.409 D/ConnectivityService( 476): NetReassign [no changes]
11-05 14:05:01.409 D/PPPOE ( 476): got request NetworkRequest [ REQUEST id=19, [ Capabilities: INTERNET&NOT_RESTRICTED&TRUSTED&NOT_VCN_MANAGED Uid: 1073 RequestorUid: 1073 RequestorPkg: com.android.networkstack] ]
11-05 14:05:01.410 D/Ethernet( 476): got request NetworkRequest [ REQUEST id=19, [ Capabilities: INTERNET&NOT_RESTRICTED&TRUSTED&NOT_VCN_MANAGED Uid: 1073 RequestorUid: 1073 RequestorPkg: com.android.networkstack] ]
11-05 14:05:01.410 D/EthernetNetworkFactory( 476): acceptRequest, request: NetworkRequest [ REQUEST id=19, [ Capabilities: INTERNET&NOT_RESTRICTED&TRUSTED&NOT_VCN_MANAGED Uid: 1073 RequestorUid: 1073 RequestorPkg: com.android.networkstack] ]
11-05 14:05:01.410 I/EthernetNetworkFactory( 476): networkForRequest, request: NetworkRequest [ REQUEST id=19, [ Capabilities: INTERNET&NOT_RESTRICTED&TRUSTED&NOT_VCN_MANAGED Uid: 1073 RequestorUid: 1073 RequestorPkg: com.android.networkstack] ], network: null
11-05 14:05:01.410 I/mediaswcodec( 389): missing struct descriptor #Param::CoreIndex(--004) for field values of struct #Param::CoreIndex(F-12004)
11-05 14:05:01.410 I/mediaswcodec( 389): missing struct descriptor #Param::CoreIndex(--1812) for field values of struct #Param::CoreIndex(F-11812)
11-05 14:05:01.412 I/Codec2InfoBuilder( 361): adding type 'video/avc'
11-05 14:05:01.413 D/ConnectivityService( 476): NetReassign [no changes]
11-05 14:05:01.414 I/bt_btif ( 670): system/bt/btif/src/bluetooth.cc:162 init: init: start restricted = 0 ; common criteria mode = 0, config compare result = 0
11-05 14:05:01.423 D/CompatibilityChangeReporter( 822): Compat change id reported: 171979766; UID 1000; state: ENABLED
11-05 14:05:01.424 V/C2Store ( 389): in ~ComponentModule
11-05 14:05:01.424 V/C2Store ( 389): unloading dll
11-05 14:05:01.424 V/C2Store ( 389): in init
11-05 14:05:01.424 V/C2Store ( 389): loading dll
11-05 14:05:01.429 I/bt ( 670): bt_common::init_flags: Flags loaded: gd_core=false gd_advertising=false gd_scanning=false gd_security=false gd_acl=false gd_l2cap=false gd_hci=false gd_controller=false gatt_robust_caching=false btaa_hci=false gd_rust=false gd_link_policy=false
11-05 14:05:01.430 I/SecureElementService( 776): main onCreate
11-05 14:05:01.432 I/droid.bluetoot( 670): [1105/140501.432291:INFO:message_loop_thread.cc(224)] Run: message loop starting for thread bt_stack_manager_thread
11-05 14:05:01.433 D/ConditionProviders.SCP( 476): onConnected
11-05 14:05:01.435 I/bt_stack_manager( 670): system/bt/btif/src/stack_manager.cc:200 event_init_stack: is initializing the stack
11-05 14:05:01.437 D/ConditionProviders( 476): Subscribing to condition://android/event?userId=-10000&calendar=&reply=1 with ComponentInfo{android/com.android.server.notification.EventConditionProvider}
11-05 14:05:01.437 I/Codec2InfoBuilder( 361): adding type 'audio/flac'
11-05 14:05:01.437 D/ConditionProviders( 476): Subscribing to condition://android/schedule?days=1.2.3.4.5.6.7&start=22.0&end=7.0&exitAtAlarm=true with ComponentInfo{android/com.android.server.notification.ScheduleConditionProvider}
11-05 14:05:01.438 W/BestClock( 476): java.time.DateTimeException: Missing NTP fix
11-05 14:05:01.440 I/SecureElementService( 776): Check if terminal eSE1 is available.
11-05 14:05:01.442 D/CountryDetector( 476): Using custom country detector class: com.android.server.location.ComprehensiveCountryDetector
11-05 14:05:01.442 E/CountryDetector( 476): Could not instantiate the custom country detector class
11-05 14:05:01.442 D/CountryDetector( 476): Using default country detector
11-05 14:05:01.443 D/hdmi-cec( 260): reset logical address to broadcast
11-05 14:05:01.449 I/ ( 375): DVI mode selected: packets not configured
11-05 14:05:01.449 I/ ( 375): Error: set vsif failed
11-05 14:05:01.445 W/BestClock( 476): java.time.DateTimeException: Missing NTP fix
11-05 14:05:01.446 I/hwservicemanager( 180): getTransport: Cannot find entry android.hardware.secure_element@1.2::ISecureElement/eSE1 in either framework or device VINTF manifest.
11-05 14:05:01.447 V/C2Store ( 389): in init
11-05 14:05:01.447 V/C2Store ( 389): loading dll
11-05 14:05:01.448 V/C2Store ( 389): in ~ComponentModule
11-05 14:05:01.448 V/C2Store ( 389): unloading dll
11-05 14:05:01.448 W/BestClock( 476): java.time.DateTimeException: Missing NTP fix
11-05 14:05:01.452 D/ApplicationLoaders( 760): Returning zygote-cached class loader: /system/framework/android.test.base.jar
11-05 14:05:01.452 I/Codec2InfoBuilder( 361): adding type 'audio/flac'
11-05 14:05:01.453 V/C2Store ( 389): in init
11-05 14:05:01.453 V/C2Store ( 389): loading dll
11-05 14:05:01.453 V/C2Store ( 389): in ~ComponentModule
11-05 14:05:01.453 V/C2Store ( 389): unloading dll
11-05 14:05:01.454 I/bt_osi_thread( 670): system/bt/osi/src/thread.cc:209 run_thread: run_thread: thread id 848, thread name alarm_default_ca started
11-05 14:05:01.455 D/SecureElement-Terminal-eSE1( 776): SE Hal V1.2 is not supported
11-05 14:05:01.454 W/BestClock( 476): java.time.DateTimeException: Missing NTP fix
11-05 14:05:01.457 I/hwservicemanager( 180): getTransport: Cannot find entry android.hardware.secure_element@1.1::ISecureElement/eSE1 in either framework or device VINTF manifest.
11-05 14:05:01.457 D/CompatibilityChangeReporter( 476): Compat change id reported: 135634846; UID 10075; state: DISABLED
11-05 14:05:01.457 D/SecureElement-Terminal-eSE1( 776): SE Hal V1.1 is not supported
11-05 14:05:01.458 I/hwservicemanager( 180): getTransport: Cannot find entry android.hardware.secure_element@1.0::ISecureElement/eSE1 in either framework or device VINTF manifest.
11-05 14:05:01.458 D/CompatibilityChangeReporter( 476): Compat change id reported: 143937733; UID 10075; state: ENABLED
11-05 14:05:01.459 I/SecureElementService( 776): No HAL implementation for eSE1
11-05 14:05:01.460 W/BestClock( 476): java.time.DateTimeException: Missing NTP fix
11-05 14:05:01.460 I/SecureElementService( 776): Check if terminal SIM1 is available.
11-05 14:05:01.461 I/hwservicemanager( 180): getTransport: Cannot find entry android.hardware.secure_element@1.2::ISecureElement/SIM1 in either framework or device VINTF manifest.
11-05 14:05:01.462 D/SecureElement-Terminal-SIM1( 776): SE Hal V1.2 is not supported
11-05 14:05:01.464 I/hwservicemanager( 180): getTransport: Cannot find entry android.hardware.secure_element@1.1::ISecureElement/SIM1 in either framework or device VINTF manifest.
11-05 14:05:01.465 D/SecureElement-Terminal-SIM1( 776): SE Hal V1.1 is not supported
11-05 14:05:01.465 I/bt_osi_thread( 670): system/bt/osi/src/thread.cc:209 run_thread: run_thread: thread id 849, thread name alarm_dispatcher started
11-05 14:05:01.466 I/hwservicemanager( 180): getTransport: Cannot find entry android.hardware.secure_element@1.0::ISecureElement/SIM1 in either framework or device VINTF manifest.
11-05 14:05:01.466 I/bt_btif_core( 670): system/bt/btif/src/btif_core.cc:235 btif_init_bluetooth: btif_init_bluetooth entered
11-05 14:05:01.467 I/droid.bluetoot( 670): [1105/140501.467103:INFO:message_loop_thread.cc(224)] Run: message loop starting for thread bt_jni_thread
11-05 14:05:01.467 I/bt_btif_core( 670): system/bt/btif/src/btif_core.cc:239 btif_init_bluetooth: btif_init_bluetooth finished
11-05 14:05:01.468 I/bt_stack_config( 670): system/bt/main/stack_config.cc:51 init: init attempt to load stack conf from /etc/bluetooth/bt_stack.conf
11-05 14:05:01.468 I/Codec2InfoBuilder( 361): adding type 'audio/g711-alaw'
11-05 14:05:01.469 W/BestClock( 476): java.time.DateTimeException: Missing NTP fix
11-05 14:05:01.469 I/SecureElementService( 776): No HAL implementation for SIM1
11-05 14:05:01.469 V/C2Store ( 389): in ~ComponentModule
11-05 14:05:01.469 V/C2Store ( 389): unloading dll
11-05 14:05:01.470 I/bt_stack_manager( 670): system/bt/btif/src/stack_manager.cc:223 event_init_stack: finished
11-05 14:05:01.470 V/C2Store ( 389): in init
11-05 14:05:01.470 V/C2Store ( 389): loading dll
11-05 14:05:01.470 I/bt_osi_wakelock( 670): system/bt/osi/src/wakelock.cc:98 wakelock_set_os_callouts: wakelock_set_os_callouts set to non-native
11-05 14:05:01.470 I/bt_btif ( 670): system/bt/btif/src/bluetooth.cc:417 get_profile_interface: get_profile_interface: id = socket
11-05 14:05:01.471 E/droid.bluetoot( 670): [1105/140501.471184:ERROR:message_loop_thread.cc(102)] DoInThreadDelayed: message loop is null for thread bt_main_thread(-1), from pc:0xb9a4f2fb
11-05 14:05:01.471 E/droid.bluetoot( 670): [1105/140501.471377:ERROR:btu_task.cc(94)] do_in_main_thread: failed from pc:0xb9a4f2fb
11-05 14:05:01.471 E/droid.bluetoot( 670): [1105/140501.471449:ERROR:message_loop_thread.cc(102)] DoInThreadDelayed: message loop is null for thread bt_main_thread(-1), from pc:0xb9a4f2fb
11-05 14:05:01.471 E/droid.bluetoot( 670): [1105/140501.471513:ERROR:btu_task.cc(94)] do_in_main_thread: failed from pc:0xb9a4f2fb
11-05 14:05:01.471 E/droid.bluetoot( 670): [1105/140501.471571:ERROR:message_loop_thread.cc(102)] DoInThreadDelayed: message loop is null for thread bt_main_thread(-1), from pc:0xb9a4f2fb
11-05 14:05:01.471 E/droid.bluetoot( 670): [1105/140501.471631:ERROR:btu_task.cc(94)] do_in_main_thread: failed from pc:0xb9a4f2fb
11-05 14:05:01.474 D/BluetoothKeystoreService( 670): initJni()
11-05 14:05:01.474 I/bt_btif ( 670): system/bt/btif/src/bluetooth.cc:417 get_profile_interface: get_profile_interface: id = bluetooth_keystore
11-05 14:05:01.475 I/bt_btif ( 670): system/bt/btif/src/bluetooth.cc:417 get_profile_interface: get_profile_interface: id = sdp
11-05 14:05:01.477 W/BestClock( 476): java.time.DateTimeException: Missing NTP fix
11-05 14:05:01.478 W/BestClock( 476): java.time.DateTimeException: Missing NTP fix
11-05 14:05:01.478 I/Codec2InfoBuilder( 361): adding type 'audio/g711-mlaw'
11-05 14:05:01.479 V/C2Store ( 389): in init
11-05 14:05:01.482 I/ ( 375): DVI mode selected: packets not configured
11-05 14:05:01.479 V/C2Store ( 389): loading dll
11-05 14:05:01.482 I/ ( 375): Error: set vsif failed
11-05 14:05:01.479 D/Zygote ( 242): Forked child process 854
11-05 14:05:01.481 W/BestClock( 476): java.time.DateTimeException: Missing NTP fix
11-05 14:05:01.482 I/ActivityManager( 476): app.processName = android.ext.services
11-05 14:05:01.482 I/ActivityManager( 476): Start proc 854:android.ext.services/u0a75 for service {android.ext.services/android.ext.services.autofill.InlineSuggestionRenderServiceImpl}
11-05 14:05:01.483 V/C2Store ( 389): in ~ComponentModule
11-05 14:05:01.483 V/C2Store ( 389): unloading dll
11-05 14:05:01.485 W/BestClock( 476): java.time.DateTimeException: Missing NTP fix
11-05 14:05:01.488 W/BestClock( 476): java.time.DateTimeException: Missing NTP fix
11-05 14:05:01.488 D/Codec2InfoBuilder( 361): codec entry for 'c2.android.gsm.decoder' is disabled
11-05 14:05:01.489 V/C2Store ( 389): in init
11-05 14:05:01.489 V/C2Store ( 389): loading dll
11-05 14:05:01.489 W/BestClock( 476): java.time.DateTimeException: Missing NTP fix
11-05 14:05:01.489 V/C2Store ( 389): in ~ComponentModule
11-05 14:05:01.490 V/C2Store ( 389): unloading dll
11-05 14:05:01.491 D/BluetoothDatabase( 670): start()
11-05 14:05:01.494 I/Codec2InfoBuilder( 361): adding type 'video/3gpp'
11-05 14:05:01.494 I/Zygote ( 854): seccomp disabled by setenforce 0
11-05 14:05:01.488 I/rainbow_flow( 325): type=1400 audit(0.0:346): avc: denied { ioctl } for path="/dev/spidev1.0" dev="tmpfs" ino=633 ioctlcmd=0x6b00 scontext=u:r:init:s0 tcontext=u:object_r:device:s0 tclass=chr_file permissive=1
11-05 14:05:01.499 W/BestClock( 476): java.time.DateTimeException: Missing NTP fix
11-05 14:05:01.500 V/C2Store ( 389): in init
11-05 14:05:01.501 V/C2Store ( 389): loading dll
11-05 14:05:01.505 W/BestClock( 476): java.time.DateTimeException: Missing NTP fix
11-05 14:05:01.507 D/NetworkSecurityConfig( 760): No Network Security Config specified, using platform default
11-05 14:05:01.507 V/C2Store ( 389): in ~ComponentModule
11-05 14:05:01.507 V/C2Store ( 389): unloading dll
11-05 14:05:01.510 I/Codec2InfoBuilder( 361): adding type 'video/3gpp'
11-05 14:05:01.516 I/ ( 375): DVI mode selected: packets not configured
11-05 14:05:01.516 I/ ( 375): Error: set vsif failed
11-05 14:05:01.513 V/C2Store ( 389): in init
11-05 14:05:01.513 V/C2Store ( 389): loading dll
11-05 14:05:01.518 V/C2Store ( 389): in ~ComponentModule
11-05 14:05:01.518 V/C2Store ( 389): unloading dll
11-05 14:05:01.519 D/BluetoothDatabase( 670): Load Database
11-05 14:05:01.520 I/BluetoothAdapterService( 670): Phone policy enabled
11-05 14:05:01.521 I/Codec2InfoBuilder( 361): adding type 'video/hevc'
11-05 14:05:01.522 D/PermissionCache( 271): checking android.permission.ACCESS_SURFACE_FLINGER for uid=10066 => granted (1498 us)
11-05 14:05:01.526 I/adbd ( 394): jdwp connection from 854
11-05 14:05:01.527 V/C2Store ( 389): in init
11-05 14:05:01.527 V/C2Store ( 389): loading dll
11-05 14:05:01.532 I/ ( 375): DVI mode selected: packets not configured
11-05 14:05:01.532 I/ ( 375): Error: set vsif failed
11-05 14:05:01.528 D/BluetoothActiveDeviceManager( 670): start()
11-05 14:05:01.529 I/mediaswcodec( 389): missing struct descriptor #Param::CoreIndex(--004) for field values of struct #Param::CoreIndex(F-12004)
11-05 14:05:01.531 D/C2SoftHevcEnc( 389): Given level 6000 does not cover current configuration: adjusting to 6001
11-05 14:05:01.533 V/C2Store ( 389): in ~ComponentModule
11-05 14:05:01.534 I/mediaswcodec( 389): missing struct descriptor #Param::CoreIndex(--004) for field values of struct #Param::CoreIndex(F-12004)
11-05 14:05:01.535 V/C2Store ( 389): unloading dll
11-05 14:05:01.537 D/C2SoftHevcEnc( 389): Given level 6000 does not cover current configuration: adjusting to 6001
11-05 14:05:01.541 D/Codec2InfoBuilder( 361): codec entry for 'c2.android.hevc.encoder' is disabled
11-05 14:05:01.545 V/C2Store ( 389): in init
11-05 14:05:01.545 V/C2Store ( 389): loading dll
11-05 14:05:01.547 D/BluetoothActiveDeviceManager( 670): onAudioDevicesAdded
11-05 14:05:01.551 I/ ( 375): DVI mode selected: packets not configured
11-05 14:05:01.547 D/BluetoothActiveDeviceManager( 670): Audio device added: DBBOX-A2 type: 2
11-05 14:05:01.548 D/BluetoothActiveDeviceManager( 670): Audio device added: DBBOX-A2 type: 15
11-05 14:05:01.548 D/BluetoothActiveDeviceManager( 670): Audio device added: DBBOX-A2 type: 25
11-05 14:05:01.551 I/ ( 375): Error: set vsif failed
11-05 14:05:01.550 V/GraphicsEnvironment( 822): ANGLE Developer option for 'com.android.tv.settings' set to: 'default'
11-05 14:05:01.551 V/GraphicsEnvironment( 822): Neither updatable production driver nor prerelease driver is supported.
11-05 14:05:01.553 V/C2Store ( 389): in ~ComponentModule
11-05 14:05:01.553 D/NetworkSecurityConfig( 822): No Network Security Config specified, using platform default
11-05 14:05:01.553 I/Codec2InfoBuilder( 361): adding type 'audio/mpeg'
11-05 14:05:01.554 D/NetworkSecurityConfig( 822): No Network Security Config specified, using platform default
11-05 14:05:01.554 V/C2Store ( 389): in init
11-05 14:05:01.554 V/C2Store ( 389): loading dll
11-05 14:05:01.555 V/C2Store ( 389): in ~ComponentModule
11-05 14:05:01.555 V/C2Store ( 389): unloading dll
11-05 14:05:01.555 V/C2Store ( 389): unloading dll
11-05 14:05:01.556 D/BluetoothAdapterService( 670): setAdapterService() - trying to set service to com.android.bluetooth.btservice.AdapterService@ab38b0d
11-05 14:05:01.562 D/Codec2InfoBuilder( 361): codec entry for 'c2.android.mpeg2.decoder' is disabled
11-05 14:05:01.562 V/C2Store ( 389): in init
11-05 14:05:01.562 V/C2Store ( 389): loading dll
11-05 14:05:01.566 I/ ( 375): DVI mode selected: packets not configured
11-05 14:05:01.566 I/ ( 375): Error: set vsif failed
11-05 14:05:01.567 D/CompatibilityChangeReporter( 476): Compat change id reported: 168419799; UID 10075; state: DISABLED
11-05 14:05:01.567 V/C2Store ( 389): in ~ComponentModule
11-05 14:05:01.567 V/C2Store ( 389): unloading dll
11-05 14:05:01.577 I/Codec2InfoBuilder( 361): adding type 'video/mp4v-es'
11-05 14:05:01.578 D/CompatibilityChangeReporter( 854): Compat change id reported: 171979766; UID 10075; state: DISABLED
11-05 14:05:01.582 V/C2Store ( 389): in init
11-05 14:05:01.582 V/C2Store ( 389): loading dll
11-05 14:05:01.584 D/BluetoothAdapterService( 670): onBind()
11-05 14:05:01.588 V/C2Store ( 389): in ~ComponentModule
11-05 14:05:01.589 V/C2Store ( 389): unloading dll
11-05 14:05:01.593 I/Codec2InfoBuilder( 361): adding type 'video/mp4v-es'
11-05 14:05:01.599 I/ ( 375): DVI mode selected: packets not configured
11-05 14:05:01.599 I/ ( 375): Error: set vsif failed
11-05 14:05:01.597 V/C2Store ( 389): in ~ComponentModule
11-05 14:05:01.598 V/C2Store ( 389): unloading dll
11-05 14:05:01.598 V/C2Store ( 389): in init
11-05 14:05:01.598 V/C2Store ( 389): loading dll
11-05 14:05:01.598 D/CompatibilityChangeReporter( 683): Compat change id reported: 160794467; UID 10066; state: ENABLED
11-05 14:05:01.603 I/Codec2InfoBuilder( 361): adding type 'audio/opus'
11-05 14:05:01.604 V/C2Store ( 389): in ~ComponentModule
11-05 14:05:01.605 V/C2Store ( 389): in init
11-05 14:05:01.605 V/C2Store ( 389): loading dll
11-05 14:05:01.606 D/BluetoothDatabase( 670): compactLastConnectionTime: Compacting metadata after load
11-05 14:05:01.606 D/BluetoothDatabase( 670): compactLastConnectionTime: Setting last_active_item for device: C9:B5:96:5C:E3:CB from 1 to 0
11-05 14:05:01.606 D/BluetoothDatabase( 670): updateDatabase C9:B5:96:5C:E3:CB
11-05 14:05:01.606 I/BluetoothDatabase( 670): cacheMetadata
11-05 14:05:01.606 V/BluetoothDatabase( 670): cacheMetadata: found device C9:B5:96:5C:E3:CB
11-05 14:05:01.606 V/BluetoothDatabase( 670): cacheMetadata: found device LocalStorage
11-05 14:05:01.606 I/BluetoothDatabase( 670): cacheMetadata: Database is ready
11-05 14:05:01.608 V/C2Store ( 389): unloading dll
11-05 14:05:01.610 I/Codec2InfoBuilder( 361): adding type 'audio/opus'
11-05 14:05:01.611 V/C2Store ( 389): in init
11-05 14:05:01.611 D/hdmi-cec( 260): cec physical address: 1.1.0.0
11-05 14:05:01.612 V/C2Store ( 389): in ~ComponentModule
11-05 14:05:01.612 V/C2Store ( 389): loading dll
11-05 14:05:01.612 V/C2Store ( 389): unloading dll
11-05 14:05:01.618 D/TvPipMenuController( 683): onMediaActionsChanged()
11-05 14:05:01.620 D/NetworkStats( 476): registerNetworkStatsProvider from OffloadController uid/pid=1073/760
11-05 14:05:01.623 I/Codec2InfoBuilder( 361): adding type 'audio/raw'
11-05 14:05:01.624 D/TvPipNotification( 683): setDelegate(), delegate=com.android.wm.shell.pip.tv.TvPipController@ab38b0d
11-05 14:05:01.625 D/TvPipMenuController( 683): setDelegate(), delegate=com.android.wm.shell.pip.tv.TvPipController@ab38b0d
11-05 14:05:01.620 I/id.ext.services( 854): type=1400 audit(0.0:347): avc: denied { getattr } for path="/data/data/android.ext.services" dev="mmcblk0p25" ino=439 scontext=u:r:platform_app:s0:c512,c768 tcontext=u:object_r:app_data_file:s0:c512,c768 tclass=dir permissive=1 app=android.ext.services
11-05 14:05:01.625 V/C2Store ( 389): in init
11-05 14:05:01.627 V/C2Store ( 389): loading dll
11-05 14:05:01.633 I/ ( 375): DVI mode selected: packets not configured
11-05 14:05:01.633 I/ ( 375): Error: set vsif failed
11-05 14:05:01.632 W/OneHandedController( 683): Device doesn't support OneHanded feature
11-05 14:05:01.636 V/C2Store ( 389): in ~ComponentModule
11-05 14:05:01.636 V/C2Store ( 389): unloading dll
11-05 14:05:01.637 I/Codec2InfoBuilder( 361): adding type 'audio/vorbis'
11-05 14:05:01.638 V/C2Store ( 389): in init
11-05 14:05:01.638 V/C2Store ( 389): loading dll
11-05 14:05:01.643 E/cutils-trace( 268): Error opening trace file: No such file or directory (2)
11-05 14:05:01.644 V/C2Store ( 389): in ~ComponentModule
11-05 14:05:01.644 V/C2Store ( 389): unloading dll
11-05 14:05:01.649 I/Codec2InfoBuilder( 361): adding type 'video/x-vnd.on2.vp8'
11-05 14:05:01.651 V/C2Store ( 389): in init
11-05 14:05:01.652 V/C2Store ( 389): loading dll
11-05 14:05:01.654 I/C2SoftVp8Enc( 389): setting temporal layering 0 + 0
11-05 14:05:01.655 D/NetworkStats( 476): registerNetworkStatsProvider from BpfCoordinator uid/pid=1073/760
11-05 14:05:01.660 V/C2Store ( 389): in ~ComponentModule
11-05 14:05:01.660 V/C2Store ( 389): unloading dll
11-05 14:05:01.656 I/id.ext.services( 854): type=1400 audit(0.0:348): avc: denied { search } for name="android.ext.services" dev="mmcblk0p25" ino=439 scontext=u:r:platform_app:s0:c512,c768 tcontext=u:object_r:app_data_file:s0:c512,c768 tclass=dir permissive=1 app=android.ext.services
11-05 14:05:01.662 I/C2SoftVp8Enc( 389): setting temporal layering 0 + 0
11-05 14:05:01.663 V/GraphicsEnvironment( 854): ANGLE Developer option for 'android.ext.services' set to: 'default'
11-05 14:05:01.663 V/GraphicsEnvironment( 854): Neither updatable production driver nor prerelease driver is supported.
11-05 14:05:01.666 D/NetworkSecurityConfig( 854): No Network Security Config specified, using platform default
11-05 14:05:01.667 D/NetworkSecurityConfig( 854): No Network Security Config specified, using platform default
11-05 14:05:01.668 I/Codec2InfoBuilder( 361): adding type 'video/x-vnd.on2.vp8'
11-05 14:05:01.670 D/CompatibilityChangeReporter( 760): Compat change id reported: 147600208; UID 1073; state: ENABLED
11-05 14:05:01.674 D/CompatibilityChangeReporter( 476): Compat change id reported: 182478738; UID 1073; state: DISABLED
11-05 14:05:01.675 V/C2Store ( 389): in init
11-05 14:05:01.675 V/C2Store ( 389): loading dll
11-05 14:05:01.682 I/ ( 375): DVI mode selected: packets not configured
11-05 14:05:01.682 I/ ( 375): Error: set vsif failed
11-05 14:05:01.682 V/C2Store ( 389): in ~ComponentModule
11-05 14:05:01.682 V/C2Store ( 389): unloading dll
11-05 14:05:01.684 D/Codec2InfoBuilder( 361): component 'c2.android.vp9.decoder' not found in xml
11-05 14:05:01.684 V/C2Store ( 389): in init
11-05 14:05:01.684 V/C2Store ( 389): loading dll
11-05 14:05:01.687 I/C2SoftVp9Enc( 389): setting temporal layering 0 + 0
11-05 14:05:01.692 V/WifiManager( 760): registerSoftApCallback: callback=com.android.networkstack.tethering.Tethering$TetheringSoftApCallback@965da1f, executor=com.android.networkstack.tethering.Tethering$TetheringThreadExecutor@bcd816c
11-05 14:05:01.695 I/C2SoftVp9Enc( 389): setting temporal layering 0 + 0
11-05 14:05:01.697 V/C2Store ( 389): in ~ComponentModule
11-05 14:05:01.697 D/ApConfigUtil( 476): Update Softap capability, add client control feature support
11-05 14:05:01.697 D/ApConfigUtil( 476): Update Softap capability, add MAC customization support
11-05 14:05:01.697 D/ApConfigUtil( 476): Update Softap capability, add 2.4G support
11-05 14:05:01.697 D/ApConfigUtil( 476): Update Softap capability, max client = 16
11-05 14:05:01.698 V/WifiManager( 760): SoftApCallbackProxy: send InfoChanged, newInfo: SoftApInfo{bandwidth= 0, frequency= 0, wifiStandard= 0, mApInstanceIdentifier= null, mIdleShutdownTimeoutMillis= 0}
11-05 14:05:01.698 V/WifiManager( 760): SoftApCallbackProxy: send InfoChanged, changedInfoList: []
11-05 14:05:01.698 V/WifiManager( 760): SoftApCallbackProxy: send onConnectedClientsChanged(clients): []
11-05 14:05:01.699 D/hdmi-cec( 260): cec physical address: 1.1.0.0
11-05 14:05:01.700 D/Codec2InfoBuilder( 361): codec entry for 'c2.android.vp9.encoder' is disabled
11-05 14:05:01.700 D/ConnectivityService( 476): requestNetwork for uid/pid:1073/760 activeRequest: null callbackRequest: 21 [NetworkRequest [ TRACK_SYSTEM_DEFAULT id=21, [ Capabilities: INTERNET&NOT_RESTRICTED&TRUSTED&NOT_VPN&NOT_VCN_MANAGED RequestorUid: 1073 RequestorPkg: com.android.networkstack.tethering] ]] callback flags: 0 priority: 2147483647
11-05 14:05:01.700 D/hdmi-cec( 260): cec physical address: 1.1.0.0
11-05 14:05:01.701 D/hdmi-cec( 260): addLogicalAddress (4)
11-05 14:05:01.702 V/C2Store ( 389): unloading dll
11-05 14:05:01.705 D/hdmi-cec( 260): cec physical address: 1.1.0.0
11-05 14:05:01.705 D/ConnectivityService( 476): NetReassign [no changes]
11-05 14:05:01.706 D/MediaCodecList( 476): codecHandlesFormat: no format, so no extra checks
11-05 14:05:01.707 D/MediaCodecList( 476): codecHandlesFormat: no format, so no extra checks
11-05 14:05:01.708 V/C2Store ( 389): in ~ComponentModule
11-05 14:05:01.708 V/C2Store ( 389): unloading dll
11-05 14:05:01.708 I/Thread-2( 896): type=1400 audit(0.0:349): avc: denied { execute } for name="am" dev="dm-1" ino=1164 scontext=u:r:system_app:s0 tcontext=u:object_r:vendor_file:s0 tclass=file permissive=1
11-05 14:05:01.715 D/CCodec ( 476): allocate(c2.android.vorbis.decoder)
11-05 14:05:01.712 I/Thread-2( 896): type=1400 audit(0.0:350): avc: denied { read open } for path="/vendor/xbin/am" dev="dm-1" ino=1164 scontext=u:r:system_app:s0 tcontext=u:object_r:vendor_file:s0 tclass=file permissive=1
11-05 14:05:01.716 D/CCodec ( 476): allocate(c2.android.vorbis.decoder)
11-05 14:05:01.712 I/Thread-2( 896): type=1400 audit(0.0:351): avc: denied { execute_no_trans } for path="/vendor/xbin/am" dev="dm-1" ino=1164 scontext=u:r:system_app:s0 tcontext=u:object_r:vendor_file:s0 tclass=file permissive=1
11-05 14:05:01.718 I/Codec2Client( 476): Available Codec2 services: "software"
11-05 14:05:01.724 V/C2Store ( 389): in init
11-05 14:05:01.724 V/C2Store ( 389): loading dll
11-05 14:05:01.740 I/CCodec ( 476): Created component [c2.android.vorbis.decoder]
11-05 14:05:01.742 D/MediaCodecList( 822): codecHandlesFormat: no format, so no extra checks
11-05 14:05:01.743 D/CCodecConfig( 476): read media type: audio/vorbis
11-05 14:05:01.745 I/CCodec ( 476): Created component [c2.android.vorbis.decoder]
11-05 14:05:01.745 D/CCodecConfig( 476): read media type: audio/vorbis
11-05 14:05:01.748 D/ReflectedParamUpdater( 476): extent() != 1 for single value type: algo.buffers.max-count.values
11-05 14:05:01.749 D/ReflectedParamUpdater( 476): extent() != 1 for single value type: output.subscribed-indices.values
11-05 14:05:01.749 D/ReflectedParamUpdater( 476): extent() != 1 for single value type: input.buffers.allocator-ids.values
11-05 14:05:01.749 D/ReflectedParamUpdater( 476): extent() != 1 for single value type: output.buffers.allocator-ids.values
11-05 14:05:01.749 D/ReflectedParamUpdater( 476): extent() != 1 for single value type: algo.buffers.allocator-ids.values
11-05 14:05:01.749 D/ReflectedParamUpdater( 476): extent() != 1 for single value type: output.buffers.pool-ids.values
11-05 14:05:01.750 D/ReflectedParamUpdater( 476): extent() != 1 for single value type: algo.buffers.pool-ids.values
11-05 14:05:01.750 D/CCodec ( 822): allocate(c2.android.vorbis.decoder)
11-05 14:05:01.756 I/CCodecConfig( 476): query failed after returning 7 values (BAD_INDEX)
11-05 14:05:01.756 D/CCodecConfig( 476): c2 config diff is Dict {
11-05 14:05:01.756 D/CCodecConfig( 476): c2::u32 coded.bitrate.value = 64000
11-05 14:05:01.756 D/CCodecConfig( 476): c2::u32 input.buffers.max-size.value = 32768
11-05 14:05:01.756 D/CCodecConfig( 476): c2::u32 input.delay.value = 0
11-05 14:05:01.756 D/CCodecConfig( 476): string input.media-type.value = "audio/vorbis"
11-05 14:05:01.756 D/CCodecConfig( 476): string output.media-type.value = "audio/raw"
11-05 14:05:01.756 D/CCodecConfig( 476): c2::u32 raw.channel-count.value = 1
11-05 14:05:01.756 D/CCodecConfig( 476): c2::u32 raw.sample-rate.value = 48000
11-05 14:05:01.756 D/CCodecConfig( 476): }
11-05 14:05:01.759 D/CCodec ( 476): [c2.android.vorbis.decoder] buffers are bound to CCodec for this session
11-05 14:05:01.760 D/CCodecConfig( 476): no c2 equivalents for durationUs
11-05 14:05:01.760 D/CCodecConfig( 476): no c2 equivalents for track-id
11-05 14:05:01.760 D/CCodecConfig( 476): no c2 equivalents for csd-1
11-05 14:05:01.760 D/CCodecConfig( 476): no c2 equivalents for channel-mask
11-05 14:05:01.760 D/CCodecConfig( 476): no c2 equivalents for flags
11-05 14:05:01.761 D/CompatibilityChangeReporter( 476): Compat change id reported: 171306433; UID 1000; state: ENABLED
11-05 14:05:01.761 D/CCodecConfig( 476): c2 config diff is c2::u32 raw.channel-count.value = 2
11-05 14:05:01.761 D/CCodecConfig( 476): c2::u32 raw.sample-rate.value = 44100
11-05 14:05:01.764 W/Codec2Client( 476): query -- param skipped: index = 1107298332.
11-05 14:05:01.764 D/CCodec ( 476): setup formats input: AMessage(what = 0x00000000) = {
11-05 14:05:01.764 D/CCodec ( 476): int32_t bitrate = 64000
11-05 14:05:01.764 D/CCodec ( 476): int32_t channel-count = 2
11-05 14:05:01.764 D/CCodec ( 476): int32_t max-input-size = 32768
11-05 14:05:01.764 D/CCodec ( 476): string mime = "audio/vorbis"
11-05 14:05:01.764 D/CCodec ( 476): int32_t sample-rate = 44100
11-05 14:05:01.764 D/CCodec ( 476): }
11-05 14:05:01.764 D/CCodec ( 476): setup formats output: AMessage(what = 0x00000000) = {
11-05 14:05:01.764 D/CCodec ( 476): int32_t channel-count = 2
11-05 14:05:01.764 D/CCodec ( 476): string mime = "audio/raw"
11-05 14:05:01.764 D/CCodec ( 476): int32_t sample-rate = 44100
11-05 14:05:01.764 D/CCodec ( 476): int32_t channel-mask = 3
11-05 14:05:01.764 D/CCodec ( 476): }
11-05 14:05:01.765 I/Codec2Client( 822): Available Codec2 services: "software"
11-05 14:05:01.767 I/CCodecConfig( 476): query failed after returning 7 values (BAD_INDEX)
11-05 14:05:01.767 D/ReflectedParamUpdater( 476): extent() != 1 for single value type: algo.buffers.max-count.values
11-05 14:05:01.769 D/ReflectedParamUpdater( 476): extent() != 1 for single value type: output.subscribed-indices.values
11-05 14:05:01.769 D/ReflectedParamUpdater( 476): extent() != 1 for single value type: input.buffers.allocator-ids.values
11-05 14:05:01.769 D/ReflectedParamUpdater( 476): extent() != 1 for single value type: output.buffers.allocator-ids.values
11-05 14:05:01.769 D/ReflectedParamUpdater( 476): extent() != 1 for single value type: algo.buffers.allocator-ids.values
11-05 14:05:01.769 D/ReflectedParamUpdater( 476): extent() != 1 for single value type: output.buffers.pool-ids.values
11-05 14:05:01.769 W/Codec2Client( 476): query -- param skipped: index = 1342179345.
11-05 14:05:01.769 D/ReflectedParamUpdater( 476): extent() != 1 for single value type: algo.buffers.pool-ids.values
11-05 14:05:01.770 W/Codec2Client( 476): query -- param skipped: index = 2415921170.
11-05 14:05:01.772 W/ActivityManager( 476): Unable to start service Intent { cmp=com.oranth.storage/.MainService } U=0: not found
11-05 14:05:01.773 D/C2Store ( 476): Using ION
11-05 14:05:01.774 I/CCodecConfig( 476): query failed after returning 7 values (BAD_INDEX)
11-05 14:05:01.774 D/CCodecBufferChannel( 476): [c2.android.vorbis.decoder#135] Created input block pool with allocatorID 16 => poolID 17 - OK (0)
11-05 14:05:01.774 D/CCodecConfig( 476): c2 config diff is Dict {
11-05 14:05:01.774 D/CCodecConfig( 476): c2::u32 coded.bitrate.value = 64000
11-05 14:05:01.774 D/CCodecConfig( 476): c2::u32 input.buffers.max-size.value = 32768
11-05 14:05:01.774 D/CCodecConfig( 476): c2::u32 input.delay.value = 0
11-05 14:05:01.774 D/CCodecConfig( 476): string input.media-type.value = "audio/vorbis"
11-05 14:05:01.774 D/CCodecConfig( 476): string output.media-type.value = "audio/raw"
11-05 14:05:01.774 D/CCodecConfig( 476): c2::u32 raw.channel-count.value = 1
11-05 14:05:01.774 D/CCodecConfig( 476): c2::u32 raw.sample-rate.value = 48000
11-05 14:05:01.774 D/CCodecConfig( 476): }
11-05 14:05:01.777 D/C2Store ( 389): Using ION
11-05 14:05:01.778 D/CCodec ( 476): [c2.android.vorbis.decoder] buffers are bound to CCodec for this session
11-05 14:05:01.778 D/CCodecConfig( 476): no c2 equivalents for durationUs
11-05 14:05:01.779 D/CCodecConfig( 476): no c2 equivalents for track-id
11-05 14:05:01.779 D/CCodecConfig( 476): no c2 equivalents for csd-1
11-05 14:05:01.779 D/CCodecConfig( 476): no c2 equivalents for channel-mask
11-05 14:05:01.779 D/CCodecConfig( 476): no c2 equivalents for flags
11-05 14:05:01.780 I/CCodecBufferChannel( 476): [c2.android.vorbis.decoder#135] Created output block pool with allocatorID 16 => poolID 17 - OK
11-05 14:05:01.781 D/CCodecBufferChannel( 476): [c2.android.vorbis.decoder#135] Configured output block pool ids 17 => OK
11-05 14:05:01.781 W/ActivityManager( 476): Unable to start service Intent { cmp=com.oranth.ledstatus/.LedStatusService } U=0: not found
11-05 14:05:01.781 D/CCodecConfig( 476): c2 config diff is c2::u32 raw.channel-count.value = 2
11-05 14:05:01.781 D/CCodecConfig( 476): c2::u32 raw.sample-rate.value = 44100
11-05 14:05:01.781 E/ion ( 476): ioctl c0044901 failed with code -1: Inappropriate ioctl for device
11-05 14:05:01.782 I/CCodec ( 822): Created component [c2.android.vorbis.decoder]
11-05 14:05:01.784 W/Codec2Client( 476): query -- param skipped: index = 1107298332.
11-05 14:05:01.784 D/CCodec ( 476): setup formats input: AMessage(what = 0x00000000) = {
11-05 14:05:01.784 D/CCodec ( 476): int32_t bitrate = 64000
11-05 14:05:01.784 D/CCodec ( 476): int32_t channel-count = 2
11-05 14:05:01.784 D/CCodec ( 476): int32_t max-input-size = 32768
11-05 14:05:01.784 D/CCodec ( 476): string mime = "audio/vorbis"
11-05 14:05:01.784 D/CCodec ( 476): int32_t sample-rate = 44100
11-05 14:05:01.784 D/CCodec ( 476): }
11-05 14:05:01.784 D/CCodec ( 476): setup formats output: AMessage(what = 0x00000000) = {
11-05 14:05:01.784 D/CCodec ( 476): int32_t channel-count = 2
11-05 14:05:01.784 D/CCodec ( 476): string mime = "audio/raw"
11-05 14:05:01.784 D/CCodec ( 476): int32_t sample-rate = 44100
11-05 14:05:01.784 D/CCodec ( 476): int32_t channel-mask = 3
11-05 14:05:01.784 D/CCodec ( 476): }
11-05 14:05:01.786 I/CCodecConfig( 476): query failed after returning 7 values (BAD_INDEX)
11-05 14:05:01.787 D/CCodecConfig( 822): read media type: audio/vorbis
11-05 14:05:01.787 D/SimpleC2Component( 389): Using output block pool with poolID 17 => got 17 - 0
11-05 14:05:01.792 W/Codec2Client( 476): query -- param skipped: index = 1342179345.
11-05 14:05:01.792 W/Codec2Client( 476): query -- param skipped: index = 2415921170.
11-05 14:05:01.795 E/ion ( 389): ioctl c0044901 failed with code -1: Inappropriate ioctl for device
11-05 14:05:01.795 D/CCodecBufferChannel( 476): [c2.android.vorbis.decoder#415] Created input block pool with allocatorID 16 => poolID 18 - OK (0)
11-05 14:05:01.799 I/CCodecBufferChannel( 476): [c2.android.vorbis.decoder#415] Created output block pool with allocatorID 16 => poolID 18 - OK
11-05 14:05:01.796 I/EventThread( 260): type=1400 audit(0.0:352): avc: denied { search } for name="extcon" dev="sysfs" ino=18103 scontext=u:r:hal_tv_cec_default:s0 tcontext=u:object_r:sysfs_extcon:s0 tclass=dir permissive=1
11-05 14:05:01.804 D/CCodecBufferChannel( 476): [c2.android.vorbis.decoder#415] Configured output block pool ids 18 => OK
11-05 14:05:01.809 W/Looper ( 476): Slow dispatch took 257ms main h=android.os.Handler c=com.android.server.hdmi.WorkSourceUidPreservingRunnable@7587ae5 m=0
11-05 14:05:01.804 I/Binder:476_4( 476): type=1400 audit(0.0:353): avc: denied { read } for name="u:object_r:vendor_default_prop:s0" dev="tmpfs" ino=3488 scontext=u:r:system_server:s0 tcontext=u:object_r:vendor_default_prop:s0 tclass=file permissive=1
11-05 14:05:01.804 I/Binder:476_4( 476): type=1400 audit(0.0:354): avc: denied { open } for path="/dev/__properties__/u:object_r:vendor_default_prop:s0" dev="tmpfs" ino=3488 scontext=u:r:system_server:s0 tcontext=u:object_r:vendor_default_prop:s0 tclass=file permissive=1
11-05 14:05:01.804 I/Binder:476_4( 476): type=1400 audit(0.0:355): avc: denied { getattr } for path="/dev/__properties__/u:object_r:vendor_default_prop:s0" dev="tmpfs" ino=3488 scontext=u:r:system_server:s0 tcontext=u:object_r:vendor_default_prop:s0 tclass=file permissive=1
11-05 14:05:01.804 I/Binder:476_4( 476): type=1400 audit(0.0:356): avc: denied { map } for path="/dev/__properties__/u:object_r:vendor_default_prop:s0" dev="tmpfs" ino=3488 scontext=u:r:system_server:s0 tcontext=u:object_r:vendor_default_prop:s0 tclass=file permissive=1
11-05 14:05:01.814 D/SimpleC2Component( 389): Using output block pool with poolID 18 => got 18 - 0
11-05 14:05:01.818 D/ReflectedParamUpdater( 822): extent() != 1 for single value type: algo.buffers.max-count.values
11-05 14:05:01.819 D/CompatibilityChangeReporter( 476): Compat change id reported: 158002302; UID 1000; state: ENABLED
11-05 14:05:01.825 D/CompatibilityChangeReporter( 476): Compat change id reported: 150939131; UID 1000; state: ENABLED
11-05 14:05:01.828 D/AdbService( 476): setAdbEnabled(true), mIsAdbUsbEnabled=true, mIsAdbWifiEnabled=true, transportType=1
11-05 14:05:01.828 D/ReflectedParamUpdater( 822): extent() != 1 for single value type: output.subscribed-indices.values
11-05 14:05:01.828 D/ReflectedParamUpdater( 822): extent() != 1 for single value type: input.buffers.allocator-ids.values
11-05 14:05:01.828 D/ReflectedParamUpdater( 822): extent() != 1 for single value type: output.buffers.allocator-ids.values
11-05 14:05:01.828 D/ReflectedParamUpdater( 822): extent() != 1 for single value type: algo.buffers.allocator-ids.values
11-05 14:05:01.828 D/ReflectedParamUpdater( 822): extent() != 1 for single value type: output.buffers.pool-ids.values
11-05 14:05:01.829 D/ReflectedParamUpdater( 822): extent() != 1 for single value type: algo.buffers.pool-ids.values
11-05 14:05:01.831 I/hwservicemanager( 180): getTransport: Cannot find entry android.hardware.configstore@1.0::ISurfaceFlingerConfigs/default in either framework or device VINTF manifest.
11-05 14:05:01.833 W/SystemServiceRegistry( 683): No service published for: fingerprint
11-05 14:05:01.834 I/CCodecConfig( 822): query failed after returning 7 values (BAD_INDEX)
11-05 14:05:01.835 D/CCodecConfig( 822): c2 config diff is Dict {
11-05 14:05:01.835 D/CCodecConfig( 822): c2::u32 coded.bitrate.value = 64000
11-05 14:05:01.835 D/CCodecConfig( 822): c2::u32 input.buffers.max-size.value = 32768
11-05 14:05:01.835 D/CCodecConfig( 822): c2::u32 input.delay.value = 0
11-05 14:05:01.835 D/CCodecConfig( 822): string input.media-type.value = "audio/vorbis"
11-05 14:05:01.835 D/CCodecConfig( 822): string output.media-type.value = "audio/raw"
11-05 14:05:01.835 D/CCodecConfig( 822): c2::u32 raw.channel-count.value = 1
11-05 14:05:01.835 D/CCodecConfig( 822): c2::u32 raw.sample-rate.value = 48000
11-05 14:05:01.835 D/CCodecConfig( 822): }
11-05 14:05:01.836 D/CCodec ( 822): [c2.android.vorbis.decoder] buffers are bound to CCodec for this session
11-05 14:05:01.837 D/CCodecConfig( 822): no c2 equivalents for durationUs
11-05 14:05:01.837 D/CCodecConfig( 822): no c2 equivalents for track-id
11-05 14:05:01.837 D/CCodecConfig( 822): no c2 equivalents for csd-1
11-05 14:05:01.837 D/CCodecConfig( 822): no c2 equivalents for channel-mask
11-05 14:05:01.837 D/CCodecConfig( 822): no c2 equivalents for flags
11-05 14:05:01.838 D/CCodecConfig( 822): c2 config diff is c2::u32 coded.bitrate.value = 224000
11-05 14:05:01.838 D/CCodecConfig( 822): c2::u32 raw.channel-count.value = 2
