11-05 14:04:59.922 I/android_os_HwBinder( 476): HwBinder: Starting thread pool for getting: android.hardware.usb.gadget@1.0::IUsbGadget/default
11-05 14:04:59.923 V/HistoricalRegistry( 476): Interaction before persistence initialized
11-05 14:04:59.923 V/HistoricalRegistry( 476): Interaction before persistence initialized
11-05 14:04:59.924 I/android_os_HwBinder( 476): HwBinder: Starting thread pool for getting: android.hardware.usb.gadget@1.0::IUsbGadget/default
11-05 14:04:59.924 I/SystemServerTiming( 476): StartSoundTrigger
11-05 14:04:59.924 I/SystemServiceManager( 476): Starting com.android.server.soundtrigger.SoundTriggerService
11-05 14:04:59.925 E/UsbDeviceManager( 476): prcessing MSG_GET_CURRENT_USB_FUNCTIONS
11-05 14:04:59.925 E/UsbDeviceManager( 476): updating mCurrentFunctions
11-05 14:04:59.925 E/UsbDeviceManager( 476): mCurrentFunctions:0applied:1
11-05 14:04:59.925 I/SystemServerTiming( 476): StartTrustManager
11-05 14:04:59.925 I/SystemServiceManager( 476): Starting com.android.server.trust.TrustManagerService
11-05 14:04:59.927 I/android_os_HwBinder( 476): HwBinder: Starting thread pool for getting: android.hidl.manager@1.0::IServiceManager/default
11-05 14:04:59.927 I/SystemServerTiming( 476): StartBackupManager
11-05 14:04:59.928 I/SystemServiceManager( 476): Starting com.android.server.backup.BackupManagerService$Lifecycle
11-05 14:04:59.928 I/UsbPortManager( 476): Usb hal service started android.hardware.usb@1.0::IUsb default
11-05 14:04:59.930 I/android_os_HwBinder( 476): HwBinder: Starting thread pool for getting: android.hardware.usb@1.0::IUsb/default
11-05 14:04:59.931 I/android.hardware.usb@1.0-service( 261): registering callback
11-05 14:04:59.931 E/android.hardware.usb@1.0-service( 261): Failed to open /sys/class/typec
11-05 14:04:59.932 E/android.hardware.usb@1.0-service( 261): creating thread
11-05 14:04:59.933 I/UsbPortManager( 476): USB HAL version: 10
11-05 14:04:59.933 I/SystemServerTiming( 476): StartAppWidgetService
11-05 14:04:59.933 I/SystemServiceManager( 476): Starting com.android.server.appwidget.AppWidgetService
11-05 14:04:59.935 W/IorapForwardingService( 476): No service published for: iorapd
11-05 14:04:59.935 D/SystemServerInitThreadPool( 476): Finished executing UsbService$Lifecycle#onStart
11-05 14:04:59.936 I/SystemServerTiming( 476): StartVoiceRecognitionManager
11-05 14:04:59.936 I/SystemServiceManager( 476): Starting com.android.server.voiceinteraction.VoiceInteractionManagerService
11-05 14:04:59.944 I/SystemServerTiming( 476): StartAppHibernationService
11-05 14:04:59.944 I/SystemServiceManager( 476): Starting com.android.server.apphibernation.AppHibernationService
11-05 14:04:59.946 I/SystemServerTiming( 476): StartGestureLauncher
11-05 14:04:59.946 I/SystemServiceManager( 476): Starting com.android.server.GestureLauncherService
11-05 14:04:59.946 I/SystemServerTiming( 476): StartSensorNotification
11-05 14:04:59.946 I/SystemServiceManager( 476): Starting com.android.server.SensorNotificationService
11-05 14:04:59.946 I/SystemServerTiming( 476): StartDiskStatsService
11-05 14:04:59.949 I/SystemServerTiming( 476): RuntimeService
11-05 14:04:59.949 I/SystemServerTiming( 476): StartNetworkTimeUpdateService
11-05 14:04:59.950 I/SystemServerTiming( 476): CertBlacklister
11-05 14:04:59.951 I/SystemServerTiming( 476): StartEmergencyAffordanceService
11-05 14:04:59.951 I/SystemServiceManager( 476): Starting com.android.server.emergency.EmergencyAffordanceService
11-05 14:04:59.952 I/SystemServerTiming( 476): StartDreamManager
11-05 14:04:59.952 I/SystemServerTimingAsync( 476): InitThreadPoolExec:startBlobStoreManagerService
11-05 14:04:59.952 I/SystemServiceManager( 476): Starting com.android.server.dreams.DreamManagerService
11-05 14:04:59.952 D/SystemServerInitThreadPool( 476): Started executing startBlobStoreManagerService
11-05 14:04:59.952 I/SystemServerTimingAsync( 476): startBlobStoreManagerService
11-05 14:04:59.952 I/SystemServiceManager( 476): Starting com.android.server.blob.BlobStoreManagerService
11-05 14:04:59.953 I/SystemServerTiming( 476): AddGraphicsStatsService
11-05 14:04:59.956 D/SystemServerInitThreadPool( 476): Finished executing startBlobStoreManagerService
11-05 14:04:59.957 I/SystemServerTiming( 476): StartRestrictionManager
11-05 14:04:59.957 I/SystemServiceManager( 476): Starting com.android.server.restrictions.RestrictionsManagerService
11-05 14:04:59.958 I/SystemServerTiming( 476): StartMediaSessionService
11-05 14:04:59.958 I/SystemServiceManager( 476): Starting com.android.server.media.MediaSessionService
11-05 14:04:59.961 I/SystemServerTiming( 476): StartHdmiControlService
11-05 14:04:59.961 I/SystemServiceManager( 476): Starting com.android.server.hdmi.HdmiControlService
11-05 14:04:59.969 I/hwservicemanager( 180): getTransport: Cannot find entry android.hardware.tv.cec@1.1::IHdmiCec/default in either framework or device VINTF manifest.
11-05 14:04:59.969 E/HDMI ( 476): [1]:Couldn't connect to cec@1.1java.util.NoSuchElementException
11-05 14:04:59.970 W/HDMI ( 476): [1]:Couldn't get tv.cec service.
11-05 14:04:59.970 W/HDMI ( 476): [1]:Unable to use cec@1.1
11-05 14:04:59.971 I/android_os_HwBinder( 476): HwBinder: Starting thread pool for getting: android.hardware.tv.cec@1.0::IHdmiCec/default
11-05 14:04:59.973 I/HdmiControlService( 476): Device does not support MHL-control.
11-05 14:04:59.975 D/hdmi-cec( 260): setOption, flag=0x0005, value=0x007a686f
11-05 14:04:59.979 D/hdmi-cec( 260): reset logical address to broadcast
11-05 14:04:59.979 D/hdmi-cec( 260): reset logical address to broadcast
11-05 14:04:59.988 I/SystemServerTiming( 476): StartTvInputManager
11-05 14:04:59.988 I/SystemServiceManager( 476): Starting com.android.server.tv.TvInputManagerService
11-05 14:04:59.991 I/hwservicemanager( 180): getTransport: Cannot find entry android.hardware.tv.input@1.0::ITvInput/default in either framework or device VINTF manifest.
11-05 14:04:59.991 E/TvInputHal( 476): Couldn't get tv.input service.
11-05 14:04:59.994 I/SystemServerTiming( 476): StartMediaResourceMonitor
11-05 14:04:59.994 I/SystemServiceManager( 476): Starting com.android.server.media.MediaResourceMonitorService
11-05 14:04:59.995 I/SystemServerTiming( 476): StartTvRemoteService
11-05 14:04:59.995 I/SystemServiceManager( 476): Starting com.android.server.tv.TvRemoteService
11-05 14:04:59.995 I/SystemServerTiming( 476): StartMediaRouterService
11-05 14:04:59.996 V/HistoricalRegistry( 476): Interaction before persistence initialized
11-05 14:04:59.997 I/SystemServerTiming( 476): StartBiometricService
11-05 14:04:59.997 I/SystemServiceManager( 476): Starting com.android.server.biometrics.BiometricService
11-05 14:05:00.001 I/SystemServerTiming( 476): StartAuthService
11-05 14:05:00.001 I/SystemServiceManager( 476): Starting com.android.server.biometrics.AuthService
11-05 14:05:00.003 I/SystemServerTiming( 476): StartBackgroundDexOptService
11-05 14:05:00.004 W/BackgroundDexOptService( 476): SysProp pm.dexopt.downgrade_after_inactive_days not set
11-05 14:05:00.005 I/SystemServerTiming( 476): StartDynamicCodeLoggingService
11-05 14:05:00.005 I/SystemServerTiming( 476): StartPruneInstantAppsJobService
11-05 14:05:00.006 I/SystemServerTiming( 476): StartShortcutServiceLifecycle
11-05 14:05:00.006 I/SystemServiceManager( 476): Starting com.android.server.pm.ShortcutService$Lifecycle
11-05 14:05:00.008 V/HistoricalRegistry( 476): Interaction before persistence initialized
11-05 14:05:00.009 I/SystemServerTiming( 476): StartLauncherAppsService
11-05 14:05:00.009 I/SystemServiceManager( 476): Starting com.android.server.pm.LauncherAppsService
11-05 14:05:00.012 I/SystemServerTiming( 476): StartCrossProfileAppsService
11-05 14:05:00.012 I/SystemServiceManager( 476): Starting com.android.server.pm.CrossProfileAppsService
11-05 14:05:00.013 I/SystemServerTiming( 476): StartPeopleService
11-05 14:05:00.013 I/SystemServiceManager( 476): Starting com.android.server.people.PeopleService
11-05 14:05:00.014 I/SystemServerTiming( 476): StartMediaMetricsManager
11-05 14:05:00.015 I/SystemServiceManager( 476): Starting com.android.server.media.metrics.MediaMetricsManagerService
11-05 14:05:00.017 I/SystemServerTiming( 476): StartMediaProjectionManager
11-05 14:05:00.017 I/SystemServiceManager( 476): Starting com.android.server.media.projection.MediaProjectionManagerService
11-05 14:05:00.019 V/MediaRouter( 476): Selecting route: RouteInfo{ name=手机, description=null, status=null, category=RouteCategory{ name=系统 types=ROUTE_TYPE_LIVE_AUDIO ROUTE_TYPE_LIVE_VIDEO groupable=false }, supportedTypes=ROUTE_TYPE_LIVE_AUDIO ROUTE_TYPE_LIVE_VIDEO , presentationDisplay=null }
11-05 14:05:00.019 I/MediaRouter( 476): Skip setBluetoothA2dpOn(): types=8388615, isPlaybackActive()=false, BT route=null
11-05 14:05:00.020 I/SystemServerTiming( 476): StartSliceManagerService
11-05 14:05:00.020 I/SystemServiceManager( 476): Starting com.android.server.slice.SliceManagerService$Lifecycle
11-05 14:05:00.022 I/SystemServerTiming( 476): StartStatsCompanion
11-05 14:05:00.031 I/SystemServiceManager( 476): Starting com.android.server.stats.StatsCompanion$Lifecycle
11-05 14:05:00.035 I/SystemServerTiming( 476): StartRebootReadinessManagerService
11-05 14:05:00.043 I/SystemServiceManager( 476): Starting com.android.server.scheduling.RebootReadinessManagerService$Lifecycle
11-05 14:05:00.049 I/TetheringManager( 476): registerTetheringEventCallback:android
11-05 14:05:00.049 I/TetheringManager( 476): registerTetheringEventCallback caller:android
11-05 14:05:00.051 I/SystemServerTiming( 476): StartStatsPullAtomService
11-05 14:05:00.051 I/SystemServiceManager( 476): Starting com.android.server.stats.pull.StatsPullAtomService
11-05 14:05:00.051 I/SystemServerTiming( 476): StartIncidentCompanionService
11-05 14:05:00.051 I/SystemServiceManager( 476): Starting com.android.server.incident.IncidentCompanionService
11-05 14:05:00.052 I/SystemServerTiming( 476): StartMmsService
11-05 14:05:00.052 I/SystemServiceManager( 476): Starting com.android.server.MmsServiceBroker
11-05 14:05:00.054 I/SystemServerTiming( 476): StartAutoFillService
11-05 14:05:00.054 I/SystemServiceManager( 476): Starting com.android.server.autofill.AutofillManagerService
11-05 14:05:00.056 D/AutofillManagerService( 476): setLogLevelFromSettings(): level=2, debug=true, verbose=false
11-05 14:05:00.056 D/AutofillManagerService( 476): setMaxPartitionsFromSettings(): 10
11-05 14:05:00.056 D/AutofillManagerService( 476): setMaxVisibleDatasetsFromSettings(): 0
11-05 14:05:00.057 D/AutofillUI( 476): destroySaveUiUiThread(): already destroyed
11-05 14:05:00.057 D/AutofillManagerServiceImpl( 476): Reset component for user 0:
11-05 14:05:00.060 D/SystemServer( 476): TranslationService not defined by OEM
11-05 14:05:00.060 I/SystemServerTiming( 476): StartClipboardService
11-05 14:05:00.060 I/SystemServiceManager( 476): Starting com.android.server.clipboard.ClipboardService
11-05 14:05:00.063 I/SystemServerTiming( 476): AppServiceManager
11-05 14:05:00.063 I/SystemServiceManager( 476): Starting com.android.server.appbinding.AppBindingService$Lifecycle
11-05 14:05:00.064 I/SystemServerTiming( 476): startTracingServiceProxy
11-05 14:05:00.064 I/SystemServiceManager( 476): Starting com.android.server.tracing.TracingServiceProxy
11-05 14:05:00.065 I/ServiceManager( 240): Waiting for service 'statscompanion' on '/dev/binder' successful after waiting 1307ms
11-05 14:05:00.066 I/SystemServerTiming( 476): startOranthService
11-05 14:05:00.067 I/SystemServiceManager( 476): Starting com.android.server.oranth.OranthManagerService$Lifecycle
11-05 14:05:00.067 I/OranthManagerService( 476): -------------- OranthManagerService --------------
11-05 14:05:00.067 E/SELinux ( 178): avc: denied { add } for pid=476 uid=1000 name=oranth_manager scontext=u:r:system_server:s0 tcontext=u:object_r:default_android_service:s0 tclass=service_manager permissive=1
11-05 14:05:00.068 I/SystemServerTiming( 476): MakeLockSettingsServiceReady
11-05 14:05:00.074 I/hwservicemanager( 180): getTransport: Cannot find entry android.hardware.weaver@1.0::IWeaver/default in either framework or device VINTF manifest.
11-05 14:05:00.074 I/SyntheticPasswordManager( 476): Device does not support weaver
11-05 14:05:00.074 I/hwservicemanager( 180): getTransport: Cannot find entry android.hardware.authsecret@1.0::IAuthSecret/default in either framework or device VINTF manifest.
11-05 14:05:00.075 I/LockSettingsService( 476): Device doesn't implement AuthSecret HAL
11-05 14:05:00.076 I/SystemServerTiming( 476): StartBootPhaseLockSettingsReady
11-05 14:05:00.076 I/SystemServiceManager( 476): Starting phase 480
11-05 14:05:00.076 I/SystemServerTiming( 476): OnBootPhase_480
11-05 14:05:00.076 D/SoundTriggerService( 476): onBootPhase: 480 : false
11-05 14:05:00.078 I/SystemServerTiming( 476): StartBootPhaseSystemServicesReady
11-05 14:05:00.078 I/SystemServiceManager( 476): Starting phase 500
11-05 14:05:00.078 I/SystemServerTiming( 476): OnBootPhase_500
11-05 14:05:00.079 E/StatsPullAtomCallbackImpl( 476): Failed to start PowerStatsService statsd pullers
11-05 14:05:00.082 D/ConnectivityService( 476): requestNetwork for uid/pid:1000/476 activeRequest: null callbackRequest: 9 [NetworkRequest [ REQUEST id=10, [ Capabilities: INTERNET&NOT_RESTRICTED&TRUSTED&NOT_VCN_MANAGED Uid: 1000 RequestorUid: 1000 RequestorPkg: android] ]] callback flags: 0 priority: 2147483647
11-05 14:05:00.082 E/BatteryStatsService( 476): Could not register PowerStatsInternal
11-05 14:05:00.083 D/ConnectivityService( 476): NetReassign [no changes]
11-05 14:05:00.085 V/HintManagerService( 476): Initializing HintManager service...
11-05 14:05:00.085 V/HistoricalRegistry( 476): Interaction before persistence initialized
11-05 14:05:00.088 D/AppStandbyController( 476): Setting app idle enabled state
11-05 14:05:00.090 V/HistoricalRegistry( 476): Interaction before persistence initialized
11-05 14:05:00.096 V/VibratorManagerService( 476): Initializing VibratorManager service...
11-05 14:05:00.096 V/HistoricalRegistry( 476): Interaction before persistence initialized
11-05 14:05:00.097 V/VibratorManagerService( 476): VibratorManager service initialized
11-05 14:05:00.102 D/ConnectivityService( 476): NetReassign [no changes]
11-05 14:05:00.105 I/ActivityTaskManager( 476): Config changes=200 {1.0 ?mcc?mnc [zh_CN] ldltr sw720dp w1280dp h696dp 240dpi xlrg long land television -touch qwerty/v/v dpad/v winConfig={ mBounds=Rect(0, 0 - 1920, 1080) mAppBounds=Rect(0, 0 - 1920, 1080) mMaxBounds=Rect(0, 0 - 1920, 1080) mWindowingMode=fullscreen mDisplayWindowingMode=fullscreen mActivityType=undefined mAlwaysOnTop=undefined mRotation=ROTATION_0} s.4 ?fontWeightAdjustment}
11-05 14:05:00.108 I/WindowManager( 476): Override config changes=200 {1.0 ?mcc?mnc [zh_CN] ldltr sw720dp w1280dp h696dp 240dpi xlrg long land television -touch qwerty/v/v dpad/v winConfig={ mBounds=Rect(0, 0 - 1920, 1080) mAppBounds=Rect(0, 0 - 1920, 1080) mMaxBounds=Rect(0, 0 - 1920, 1080) mWindowingMode=fullscreen mDisplayWindowingMode=fullscreen mActivityType=undefined mAlwaysOnTop=undefined mRotation=ROTATION_0} s.4 ?fontWeightAdjustment} for displayId=0
11-05 14:05:00.111 D/TestHarnessModeService( 476): Setting up test harness mode
11-05 14:05:00.111 D/TestHarnessModeService( 476): Getting PersistentDataBlockManagerInternal from LocalServices
11-05 14:05:00.125 V/HistoricalRegistry( 476): Interaction before persistence initialized
11-05 14:05:00.127 W/NetworkPolicy( 476): setRestrictBackgroundUL: already false
11-05 14:05:00.128 I/WifiScanningService( 476): Starting wifiscanner
11-05 14:05:00.131 I/EthernetServiceImpl( 476): Starting Ethernet service
11-05 14:05:00.135 D/EthernetTracker( 476): Interface match regexp set to 'eth\d'
11-05 14:05:00.138 D/Ethernet( 476): Registering NetworkFactory
11-05 14:05:00.139 D/ConnectivityService( 476): Got NetworkProvider Messenger for Ethernet
11-05 14:05:00.140 E/IpConfigStore( 476): Error opening configuration file: java.io.FileNotFoundException: /data/misc/ethernet/ipconfig.txt: open failed: ENOENT (No such file or directory)
11-05 14:05:00.140 I/PppoeServiceImpl( 476): Starting PPPOE service
11-05 14:05:00.142 W/WifiXmlUtil( 476): Ignoring unknown value name found: CarrierMerged
11-05 14:05:00.142 I/EthernetTracker( 476): maybeTrackInterface: eth0
11-05 14:05:00.143 W/WifiXmlUtil( 476): Ignoring unknown value name found: CaptivePortalNeverDetected
11-05 14:05:00.140 I/xiriservice_All( 323): type=1400 audit(0.0:325): avc: denied { read } for scontext=u:r:init:s0 tcontext=u:r:init:s0 tclass=netlink_kobject_uevent_socket permissive=1
11-05 14:05:00.146 D/XM_HIDREAD( 315): add@ add@/devices/platform/soc@3000000/5030000.eth/mdio_bus/5030000.eth-0
11-05 14:05:00.146 D/XM_HIDREAD( 315): add@ add@/devices/platform/soc@3000000/5030000.eth/mdio_bus/5030000.eth-0/5030000.eth-0:00
11-05 14:05:00.146 W/WifiXmlUtil( 476): Ignoring unknown value name found: CarrierMerged
11-05 14:05:00.147 W/WifiXmlUtil( 476): Ignoring unknown value name found: CaptivePortalNeverDetected
11-05 14:05:00.151 D/XM_HIDREAD( 315): add@ add@/devices/platform/soc@3000000/5030000.eth/mdio_bus/5030000.eth-0/5030000.eth-0:10
11-05 14:05:00.160 I/update_engine( 391): [INFO:cleanup_previous_update_action.cc(112)] Executing task 4
11-05 14:05:00.162 I/update_engine( 391): [INFO:cleanup_previous_update_action.cc(124)] CleanupPreviousUpdateAction scheduled task ID 5 for WaitBootCompleted
11-05 14:05:00.169 D/PPPOE ( 476): Registering NetworkFactory
11-05 14:05:00.169 D/ConnectivityService( 476): Got NetworkProvider Messenger for PPPOE
11-05 14:05:00.169 D/WifiConfigStore( 476): Reading from all stores completed in 40 ms.
11-05 14:05:00.170 W/PppoeServiceImpl( 476): pppoe interface file not exist!
11-05 14:05:00.170 D/PPPOE ( 476): got request NetworkRequest [ REQUEST id=1, [ Capabilities: INTERNET&NOT_RESTRICTED&TRUSTED&NOT_VPN&NOT_VCN_MANAGED RequestorUid: 1000 RequestorPkg: android] ]
11-05 14:05:00.171 D/PppoeNetworkFactory( 476): onRequestNetwork
11-05 14:05:00.171 D/PPPOE ( 476): got request NetworkRequest [ REQUEST id=5, [ Transports: PPPOE Capabilities: INTERNET&NOT_RESTRICTED&TRUSTED&NOT_VPN&NOT_VCN_MANAGED RequestorUid: 1000 RequestorPkg: android] ]
11-05 14:05:00.171 D/PPPOE ( 476): got request NetworkRequest [ REQUEST id=10, [ Capabilities: INTERNET&NOT_RESTRICTED&TRUSTED&NOT_VCN_MANAGED Uid: 1000 RequestorUid: 1000 RequestorPkg: android] ]
11-05 14:05:00.173 E/WifiConfigManager( 476): Cannot find network with networkId -1 or configKey "5G"WPA_PSK or upgradable security type check
11-05 14:05:00.174 E/WifiConfigManager( 476): Cannot find network with networkId -1 or configKey "red5"WPA_PSK or upgradable security type check
11-05 14:05:00.178 V/HistoricalRegistry( 476): Interaction before persistence initialized
11-05 14:05:00.184 I/WifiInjector( 476): enableVerboseLogging(0): false
11-05 14:05:00.185 E/SupplicantStaIfaceHal( 476): Can't call setDebugParams, ISupplicant is null
11-05 14:05:00.185 E/HostapdHal( 476): Can't call setDebugParams, IHostapd is null
11-05 14:05:00.185 I/WifiService( 476): WifiService starting up with Wi-Fi disabled
11-05 14:05:00.189 V/HistoricalRegistry( 476): Interaction before persistence initialized
11-05 14:05:00.190 D/SoundTriggerService( 476): onBootPhase: 500 : false
11-05 14:05:00.191 D/WifiController( 476): isAirplaneModeOn = false, isWifiEnabled = false, isScanningAvailable = false, isLocationModeActive = true
11-05 14:05:00.191 E/WifiActiveModeWarden( 476): Something is wrong, no client mode toggles enabled
11-05 14:05:00.193 I/android_os_HwBinder( 476): HwBinder: Starting thread pool for getting: android.hidl.manager@1.2::IServiceManager/default
11-05 14:05:00.195 I/hwservicemanager( 180): Since android.hardware.wifi@1.0::IWifi/default is not registered, trying to start it as a lazy HAL.
11-05 14:05:00.196 I/hwservicemanager( 180): Since android.hardware.wifi@1.0::IWifi/default is not registered, trying to start it as a lazy HAL.
11-05 14:05:00.197 I/SystemServerTiming( 476): MakeWindowManagerServiceReady
11-05 14:05:00.197 I/HidlServiceManagement( 476): getService: Trying again for android.hardware.wifi@1.0::IWifi/default...
11-05 14:05:00.203 I/init ( 1): starting service 'vendor.wifi_hal_legacy'...
11-05 14:05:00.200 I/hwservicemanager( 180): getTransport: Cannot find entry android.hardware.configstore@1.1::ISurfaceFlingerConfigs/default in either framework or device VINTF manifest.
11-05 14:05:00.201 I/hwservicemanager( 180): getTransport: Cannot find entry android.hardware.configstore@1.1::ISurfaceFlingerConfigs/default in either framework or device VINTF manifest.
11-05 14:05:00.203 E/KernelCpuThreadReader( 476): Failed to initialize KernelCpuThreadReader
11-05 14:05:00.203 E/KernelCpuThreadReader( 476): java.nio.file.NoSuchFileException: /proc/self/time_in_state
11-05 14:05:00.203 E/KernelCpuThreadReader( 476): at sun.nio.fs.UnixFileSystemProvider.newByteChannel(UnixFileSystemProvider.java:214)
11-05 14:05:00.203 E/KernelCpuThreadReader( 476): at java.nio.file.Files.newByteChannel(Files.java:361)
11-05 14:05:00.203 E/KernelCpuThreadReader( 476): at java.nio.file.Files.newByteChannel(Files.java:407)
11-05 14:05:00.203 E/KernelCpuThreadReader( 476): at java.nio.file.Files.readAllBytes(Files.java:3152)
11-05 14:05:00.203 E/KernelCpuThreadReader( 476): at com.android.internal.os.ProcTimeInStateReader.initializeTimeInStateFormat(ProcTimeInStateReader.java:159)
11-05 14:05:00.203 E/KernelCpuThreadReader( 476): at com.android.internal.os.ProcTimeInStateReader.(ProcTimeInStateReader.java:106)
11-05 14:05:00.203 E/KernelCpuThreadReader( 476): at com.android.internal.os.KernelCpuThreadReader.(KernelCpuThreadReader.java:138)
11-05 14:05:00.203 E/KernelCpuThreadReader( 476): at com.android.internal.os.KernelCpuThreadReader.create(KernelCpuThreadReader.java:151)
11-05 14:05:00.203 E/KernelCpuThreadReader( 476): at com.android.internal.os.KernelCpuThreadReaderSettingsObserver.(KernelCpuThreadReaderSettingsObserver.java:95)
11-05 14:05:00.203 E/KernelCpuThreadReader( 476): at com.android.internal.os.KernelCpuThreadReaderSettingsObserver.getSettingsModifiedReader(KernelCpuThreadReaderSettingsObserver.java:80)
11-05 14:05:00.203 E/KernelCpuThreadReader( 476): at com.android.server.stats.pull.StatsPullAtomService.initializePullersState(StatsPullAtomService.java:798)
11-05 14:05:00.203 E/KernelCpuThreadReader( 476): at com.android.server.stats.pull.StatsPullAtomService.lambda$onBootPhase$0$StatsPullAtomService(StatsPullAtomService.java:757)
11-05 14:05:00.203 E/KernelCpuThreadReader( 476): at com.android.server.stats.pull.StatsPullAtomService$$ExternalSyntheticLambda14.run(Unknown Source:2)
11-05 14:05:00.203 E/KernelCpuThreadReader( 476): at android.os.Handler.handleCallback(Handler.java:938)
11-05 14:05:00.203 E/KernelCpuThreadReader( 476): at android.os.Handler.dispatchMessage(Handler.java:99)
11-05 14:05:00.203 E/KernelCpuThreadReader( 476): at android.os.Looper.loopOnce(Looper.java:201)
11-05 14:05:00.203 E/KernelCpuThreadReader( 476): at android.os.Looper.loop(Looper.java:288)
11-05 14:05:00.203 E/KernelCpuThreadReader( 476): at android.os.HandlerThread.run(HandlerThread.java:67)
11-05 14:05:00.203 I/hwservicemanager( 180): getTransport: Cannot find entry android.hardware.configstore@1.1::ISurfaceFlingerConfigs/default in either framework or device VINTF manifest.
11-05 14:05:00.207 I/SystemServerTiming( 476): MakePowerManagerServiceReady
11-05 14:05:00.208 I/android_os_HwBinder( 476): HwBinder: Starting thread pool for getting: android.hardware.health@2.0::IHealth/default
11-05 14:05:00.209 I/AttentionDetector( 476): readValuesFromDeviceConfig():
11-05 14:05:00.209 I/AttentionDetector( 476): mMaximumExtensionMillis=900000
11-05 14:05:00.209 I/AttentionDetector( 476): mPreDimCheckDurationMillis=2000
11-05 14:05:00.209 I/AttentionDetector( 476): mRequestedPostDimTimeoutMillis=0
11-05 14:05:00.212 I/init ( 1): Control message: Processed ctl.interface_start for 'android.hardware.wifi@1.0::IWifi/default' from pid: 180 (/system/bin/hwservicemanager)
11-05 14:05:00.212 I/init ( 1): Control message: Processed ctl.interface_start for 'android.hardware.wifi@1.0::IWifi/default' from pid: 180 (/system/bin/hwservicemanager)
11-05 14:05:00.212 I/android_os_HwBinder( 476): HwBinder: Starting thread pool for getting: android.hidl.manager@1.0::IServiceManager/default
11-05 14:05:00.214 I/HealthServiceWrapper( 476): health: HealthServiceWrapper listening to instance default
11-05 14:05:00.217 E/DisplayPowerController[0]( 476): failed to set up display white-balance: java.lang.IllegalStateException: cannot find light sensor
11-05 14:05:00.217 D/StatsPullAtomService( 476): Registering pullers with statsd
11-05 14:05:00.219 I/AW_PowerHAL( 259): isBoostSupported: 0
11-05 14:05:00.221 I/android_os_HwBinder( 476): HwBinder: Starting thread pool for getting: android.hardware.health@2.0::IHealth/default
11-05 14:05:00.224 D/ConnectivityService( 476): NetReassign [no changes]
11-05 14:05:00.224 I/StatsPullAtomService( 476): register thermal listener successfully
11-05 14:05:00.226 I/AW_PowerHAL( 259): Power setMode: DISPLAY_INACTIVE to: 0
11-05 14:05:00.226 I/AW_PowerHAL( 259): not completed yet, ignore mode request other
11-05 14:05:00.227 I/FaceDownDetector( 476): readValuesFromDeviceConfig():
11-05 14:05:00.227 I/FaceDownDetector( 476): mAccelerationThreshold=0.2
11-05 14:05:00.227 I/FaceDownDetector( 476): mZAccelerationThreshold=-9.5
11-05 14:05:00.227 I/FaceDownDetector( 476): mTimeThreshold=PT1S
11-05 14:05:00.227 I/FaceDownDetector( 476): mIsEnabled=false
11-05 14:05:00.227 D/SurfaceFlinger( 271): Setting power mode 2 on display 0
11-05 14:05:00.227 I/DisplayDeviceRepository( 476): Display device changed state: "内置屏幕", ON
11-05 14:05:00.229 I/InputManager-JNI( 476): Viewport [0] to add: local:0, isActive: true
11-05 14:05:00.229 I/android.hardware.lights-service( 258): Lights setting state for id=0 to color ffffffff
11-05 14:05:00.230 I/InputReader( 476): Reconfiguring input devices, changes=DISPLAY_INFO |
11-05 14:05:00.233 I/SystemServerTiming( 476): StartPermissionPolicyService
11-05 14:05:00.233 I/SystemServiceManager( 476): Starting com.android.server.policy.PermissionPolicyService
11-05 14:05:00.236 W/KeyguardServiceDelegate( 476): onScreenTurningOn(): no keyguard service!
11-05 14:05:00.237 I/SystemServerTiming( 476): MakePackageManagerServiceReady
11-05 14:05:00.238 V/DisplayPowerController[0]( 476): Brightness [0.39763778] reason changing to: 'override', previous reason: '0'.
11-05 14:05:00.239 I/android.hardware.lights-service( 258): Lights setting state for id=0 to color ff6a6a6a
11-05 14:05:00.239 W/KernelCpuProcStringReader( 476): File not found. It's normal if not implemented: /proc/uid_time_in_state
11-05 14:05:00.240 W/KernelCpuProcStringReader( 476): File not found. It's normal if not implemented: /proc/uid_concurrent_active_time
11-05 14:05:00.241 W/KernelCpuProcStringReader( 476): File not found. It's normal if not implemented: /proc/uid_concurrent_policy_time
11-05 14:05:00.242 E/KernelCpuSpeedReader( 476): Failed to read cpu-freq: /sys/devices/system/cpu/cpu0/cpufreq/stats/time_in_state: open failed: ENOENT (No such file or directory)
11-05 14:05:00.242 E/system_server( 476): Cannot read thread CPU times for PID 476
11-05 14:05:00.248 V/UserDataPreparer( 476): Found /data/user_de/0 with serial number 0
11-05 14:05:00.248 V/UserDataPreparer( 476): Found /data/user/0 with serial number 0
11-05 14:05:00.248 V/UserDataPreparer( 476): Found /data/system_de/0 with serial number 0
11-05 14:05:00.248 W/UserDataPreparer( 476): Invalid user directory /data/system_de/usagestats
11-05 14:05:00.248 V/UserDataPreparer( 476): Found /data/system_ce/0 with serial number 0
11-05 14:05:00.249 V/UserDataPreparer( 476): Found /data/misc_ce/0 with serial number 0
11-05 14:05:00.249 I/PackageManager( 476): Permission ownership changed. Updating all permissions.
11-05 14:05:00.289 I/android.hardware.wifi@1.0-service-lazy( 662): Wifi Hal is booting up...
11-05 14:05:00.290 I/HidlLazyUtils( 662): Registering HAL: android.hardware.wifi@1.5::IWifi with name: default
11-05 14:05:00.290 E/cutils-trace( 662): Error opening trace file: No such file or directory (2)
11-05 14:05:00.293 I/HidlServiceManagement( 662): Registered android.hardware.wifi@1.5::IWifi/default
11-05 14:05:00.293 I/HidlServiceManagement( 662): Removing namespace from process name android.hardware.wifi@1.0-service-lazy to wifi@1.0-service-lazy.
11-05 14:05:00.294 D/HalDevMgr( 476): IWifi registration notification: fqName=android.hardware.wifi@1.0::IWifi, name=default, preexisting=false
11-05 14:05:00.296 E/DefaultPermGrantPolicy( 476): Package not found: org.xbmc.kodi
11-05 14:05:00.296 W/DefaultPermGrantPolicy( 476): No such package:org.xbmc.kodi
11-05 14:05:00.296 E/DefaultPermGrantPolicy( 476): Package not found: cm.aptoidetv.pt
11-05 14:05:00.296 W/DefaultPermGrantPolicy( 476): No such package:cm.aptoidetv.pt
11-05 14:05:00.296 E/DefaultPermGrantPolicy( 476): Package not found: com.softwinner.TvdFileManager
11-05 14:05:00.296 W/DefaultPermGrantPolicy( 476): No such package:com.softwinner.TvdFileManager
11-05 14:05:00.297 E/DefaultPermGrantPolicy( 476): Package not found: com.softwinner.TvdVideo
11-05 14:05:00.297 W/DefaultPermGrantPolicy( 476): No such package:com.softwinner.TvdVideo
11-05 14:05:00.297 E/DefaultPermGrantPolicy( 476): Package not found: com.android.chrome
11-05 14:05:00.297 W/DefaultPermGrantPolicy( 476): No such package:com.android.chrome
11-05 14:05:00.297 E/DefaultPermGrantPolicy( 476): Package not found: com.android.vending
11-05 14:05:00.297 W/DefaultPermGrantPolicy( 476): No such package:com.android.vending
11-05 14:05:00.297 E/DefaultPermGrantPolicy( 476): Package not found: com.google.android.tts
11-05 14:05:00.297 W/DefaultPermGrantPolicy( 476): No such package:com.google.android.tts
11-05 14:05:00.297 E/DefaultPermGrantPolicy( 476): Package not found: com.google.android.youtube.tv
11-05 14:05:00.297 W/DefaultPermGrantPolicy( 476): No such package:com.google.android.youtube.tv
11-05 14:05:00.297 E/DefaultPermGrantPolicy( 476): Package not found: com.google.android.katniss
11-05 14:05:00.297 W/DefaultPermGrantPolicy( 476): No such package:com.google.android.katniss
11-05 14:05:00.297 E/DefaultPermGrantPolicy( 476): Package not found: com.google.android.gms
11-05 14:05:00.297 W/DefaultPermGrantPolicy( 476): No such package:com.google.android.gms
11-05 14:05:00.299 I/hw-BpHwBinder( 180): onLastStrongRef automatically unlinking death recipients
11-05 14:05:00.299 I/android_os_HwBinder( 476): HwBinder: Starting thread pool for getting: android.hardware.wifi@1.0::IWifi/default
11-05 14:05:00.301 I/SystemServerTiming( 476): MakeDisplayManagerServiceReady
11-05 14:05:00.302 D/WifiNl80211Manager( 476): tearing down interfaces in wificond
11-05 14:05:00.303 E/DisplayModeDirector( 476): Asked about unknown display, returning empty display mode specs!(id=0)
11-05 14:05:00.303 E/DisplayModeDirector( 476): Asked about unknown display, returning empty display mode specs!(id=0)
11-05 14:05:00.304 D/WifiAdaptConnObserver( 476): Adaptive connectivity status initialized to: true
11-05 14:05:00.305 D/WifiController( 476): DisabledState.enter()
11-05 14:05:00.305 I/SystemServerTiming( 476): StartDeviceSpecificServices
11-05 14:05:00.306 I/SystemServerTiming( 476): GameManagerService
11-05 14:05:00.306 I/SystemServiceManager( 476): Starting com.android.server.app.GameManagerService$Lifecycle
11-05 14:05:00.311 I/SystemServerTiming( 476): StartBootPhaseDeviceSpecificServicesReady
11-05 14:05:00.311 I/SystemServiceManager( 476): Starting phase 520
11-05 14:05:00.311 I/SystemServerTiming( 476): OnBootPhase_520
11-05 14:05:00.312 D/SoundTriggerService( 476): onBootPhase: 520 : false
11-05 14:05:00.312 I/SystemServerTiming( 476): AppSearchManagerService
11-05 14:05:00.318 I/SystemServiceManager( 476): Starting com.android.server.appsearch.AppSearchManagerService
11-05 14:05:00.321 I/SystemServerTiming( 476): StartMediaCommunicationService
11-05 14:05:00.322 I/SystemServiceManager( 476): Starting com.android.server.media.MediaCommunicationService
11-05 14:05:00.324 I/SystemServerTiming( 476): PhaseActivityManagerReady
11-05 14:05:00.324 I/SystemServerTiming( 476): controllersReady
11-05 14:05:00.328 I/SystemServerTimingAsync( 476): InitThreadPoolExec:Update app-ops uidState in case package com.android.providers.media.module changed
11-05 14:05:00.328 I/SystemServerTimingAsync( 476): InitThreadPoolExec:Update app-ops uidState in case package com.android.systemui changed
11-05 14:05:00.328 D/SystemServerInitThreadPool( 476): Started executing Update app-ops uidState in case package com.android.systemui changed
11-05 14:05:00.328 I/SystemServerTimingAsync( 476): InitThreadPoolExec:Update app-ops uidState in case package com.android.webview changed
11-05 14:05:00.328 D/SystemServerInitThreadPool( 476): Started executing Update app-ops uidState in case package com.android.webview changed
11-05 14:05:00.328 I/SystemServerTimingAsync( 476): InitThreadPoolExec:Update app-ops uidState in case package com.android.tv changed
11-05 14:05:00.328 D/SystemServerInitThreadPool( 476): Started executing Update app-ops uidState in case package com.android.tv changed
11-05 14:05:00.328 D/SystemServerInitThreadPool( 476): Started executing Update app-ops uidState in case package com.android.providers.media.module changed
11-05 14:05:00.328 D/SystemServerInitThreadPool( 476): Finished executing Update app-ops uidState in case package com.android.systemui changed
11-05 14:05:00.329 D/SystemServerInitThreadPool( 476): Finished executing Update app-ops uidState in case package com.android.webview changed
11-05 14:05:00.329 I/SystemServerTimingAsync( 476): InitThreadPoolExec:Update app-ops uidState in case package com.tv.filemanager.os changed
11-05 14:05:00.329 I/SystemServerTimingAsync( 476): InitThreadPoolExec:Update app-ops uidState in case package com.sohu.inputmethod.sogou.tv changed
11-05 14:05:00.329 D/SystemServerInitThreadPool( 476): Started executing Update app-ops uidState in case package com.tv.filemanager.os changed
11-05 14:05:00.329 D/SystemServerInitThreadPool( 476): Started executing Update app-ops uidState in case package com.sohu.inputmethod.sogou.tv changed
11-05 14:05:00.329 D/SystemServerInitThreadPool( 476): Finished executing Update app-ops uidState in case package com.tv.filemanager.os changed
11-05 14:05:00.329 D/SystemServerInitThreadPool( 476): Finished executing Update app-ops uidState in case package com.android.tv changed
11-05 14:05:00.329 I/SystemServerTimingAsync( 476): InitThreadPoolExec:Update app-ops uidState in case package com.dangbei.lerad.screensaver changed
11-05 14:05:00.329 D/SystemServerInitThreadPool( 476): Finished executing Update app-ops uidState in case package com.sohu.inputmethod.sogou.tv changed
11-05 14:05:00.329 D/SystemServerInitThreadPool( 476): Started executing Update app-ops uidState in case package com.dangbei.lerad.screensaver changed
11-05 14:05:00.329 I/SystemServerTimingAsync( 476): InitThreadPoolExec:Update app-ops uidState in case package com.dangbei.lerad.videoposter changed
11-05 14:05:00.329 D/SystemServerInitThreadPool( 476): Finished executing Update app-ops uidState in case package com.dangbei.lerad.screensaver changed
11-05 14:05:00.329 D/SystemServerInitThreadPool( 476): Started executing Update app-ops uidState in case package com.dangbei.lerad.videoposter changed
11-05 14:05:00.329 I/SystemServerTimingAsync( 476): InitThreadPoolExec:Update app-ops uidState in case package com.android.music changed
11-05 14:05:00.329 D/SystemServerInitThreadPool( 476): Finished executing Update app-ops uidState in case package com.dangbei.lerad.videoposter changed
11-05 14:05:00.329 I/SystemServerTimingAsync( 476): InitThreadPoolExec:Update app-ops uidState in case package com.android.providers.tv changed
11-05 14:05:00.329 D/SystemServerInitThreadPool( 476): Finished executing Update app-ops uidState in case package com.android.providers.media.module changed
11-05 14:05:00.329 D/SystemServerInitThreadPool( 476): Started executing Update app-ops uidState in case package com.android.providers.tv changed
11-05 14:05:00.329 I/SystemServerTimingAsync( 476): InitThreadPoolExec:Update app-ops uidState in case package com.dangbei.hqguide changed
11-05 14:05:00.329 D/SystemServerInitThreadPool( 476): Finished executing Update app-ops uidState in case package com.android.providers.tv changed
11-05 14:05:00.329 D/SystemServerInitThreadPool( 476): Started executing Update app-ops uidState in case package com.dangbei.hqguide changed
11-05 14:05:00.329 D/SystemServerInitThreadPool( 476): Started executing Update app-ops uidState in case package com.android.music changed
11-05 14:05:00.329 D/SystemServerInitThreadPool( 476): Finished executing Update app-ops uidState in case package com.dangbei.hqguide changed
11-05 14:05:00.329 I/SystemServerTimingAsync( 476): InitThreadPoolExec:Update app-ops uidState in case package com.android.providers.contacts changed
11-05 14:05:00.329 D/SystemServerInitThreadPool( 476): Started executing Update app-ops uidState in case package com.android.providers.contacts changed
11-05 14:05:00.329 D/SystemServerInitThreadPool( 476): Finished executing Update app-ops uidState in case package com.android.providers.contacts changed
11-05 14:05:00.329 I/SystemServerTimingAsync( 476): InitThreadPoolExec:Update app-ops uidState in case package com.android.providers.downloads changed
11-05 14:05:00.329 D/SystemServerInitThreadPool( 476): Started executing Update app-ops uidState in case package com.android.providers.downloads changed
11-05 14:05:00.329 D/SystemServerInitThreadPool( 476): Finished executing Update app-ops uidState in case package com.android.providers.downloads changed
11-05 14:05:00.329 I/SystemServerTimingAsync( 476): InitThreadPoolExec:Update app-ops uidState in case package com.android.bluetooth changed
11-05 14:05:00.329 D/SystemServerInitThreadPool( 476): Started executing Update app-ops uidState in case package com.android.bluetooth changed
11-05 14:05:00.329 D/SystemServerInitThreadPool( 476): Finished executing Update app-ops uidState in case package com.android.bluetooth changed
11-05 14:05:00.329 I/SystemServerTimingAsync( 476): InitThreadPoolExec:Update app-ops uidState in case package com.android.dynsystem changed
11-05 14:05:00.329 D/SystemServerInitThreadPool( 476): Started executing Update app-ops uidState in case package com.android.dynsystem changed
11-05 14:05:00.329 D/SystemServerInitThreadPool( 476): Finished executing Update app-ops uidState in case package com.android.dynsystem changed
11-05 14:05:00.330 I/SystemServerTimingAsync( 476): InitThreadPoolExec:Update app-ops uidState in case package com.dangbei.lerad.rocky changed
11-05 14:05:00.330 D/SystemServerInitThreadPool( 476): Started executing Update app-ops uidState in case package com.dangbei.lerad.rocky changed
11-05 14:05:00.330 D/SystemServerInitThreadPool( 476): Finished executing Update app-ops uidState in case package com.dangbei.lerad.rocky changed
11-05 14:05:00.330 I/SystemServerTimingAsync( 476): InitThreadPoolExec:Update app-ops uidState in case package com.dangbei.zhushou.os changed
11-05 14:05:00.330 D/SystemServerInitThreadPool( 476): Started executing Update app-ops uidState in case package com.dangbei.zhushou.os changed
11-05 14:05:00.330 D/SystemServerInitThreadPool( 476): Finished executing Update app-ops uidState in case package com.dangbei.zhushou.os changed
11-05 14:05:00.330 I/SystemServerTimingAsync( 476): InitThreadPoolExec:Update app-ops uidState in case package com.oranth.ledstatus changed
11-05 14:05:00.330 D/SystemServerInitThreadPool( 476): Started executing Update app-ops uidState in case package com.oranth.ledstatus changed
11-05 14:05:00.330 D/SystemServerInitThreadPool( 476): Finished executing Update app-ops uidState in case package com.oranth.ledstatus changed
11-05 14:05:00.330 I/SystemServerTimingAsync( 476): InitThreadPoolExec:Update app-ops uidState in case package android changed
11-05 14:05:00.330 D/SystemServerInitThreadPool( 476): Started executing Update app-ops uidState in case package android changed
11-05 14:05:00.330 D/SystemServerInitThreadPool( 476): Finished executing Update app-ops uidState in case package android changed
11-05 14:05:00.330 I/SystemServerTimingAsync( 476): InitThreadPoolExec:Update app-ops uidState in case package com.dangbei.leard.leradlauncher changed
11-05 14:05:00.330 D/SystemServerInitThreadPool( 476): Started executing Update app-ops uidState in case package com.dangbei.leard.leradlauncher changed
11-05 14:05:00.330 D/SystemServerInitThreadPool( 476): Finished executing Update app-ops uidState in case package com.dangbei.leard.leradlauncher changed
11-05 14:05:00.330 I/SystemServerTimingAsync( 476): InitThreadPoolExec:Update app-ops uidState in case package com.android.localtransport changed
11-05 14:05:00.330 I/SystemServerTimingAsync( 476): InitThreadPoolExec:Update app-ops uidState in case package com.dangbei.screencast changed
11-05 14:05:00.330 D/SystemServerInitThreadPool( 476): Started executing Update app-ops uidState in case package com.android.localtransport changed
11-05 14:05:00.330 D/SystemServerInitThreadPool( 476): Started executing Update app-ops uidState in case package com.dangbei.screencast changed
11-05 14:05:00.330 D/SystemServerInitThreadPool( 476): Finished executing Update app-ops uidState in case package com.android.localtransport changed
11-05 14:05:00.330 D/SystemServerInitThreadPool( 476): Finished executing Update app-ops uidState in case package com.dangbei.screencast changed
11-05 14:05:00.330 I/SystemServerTimingAsync( 476): InitThreadPoolExec:Update app-ops uidState in case package com.dangbei.lerad.etna.haqu changed
11-05 14:05:00.330 D/SystemServerInitThreadPool( 476): Started executing Update app-ops uidState in case package com.dangbei.lerad.etna.haqu changed
11-05 14:05:00.330 D/SystemServerInitThreadPool( 476): Finished executing Update app-ops uidState in case package com.dangbei.lerad.etna.haqu changed
11-05 14:05:00.330 D/SystemServerInitThreadPool( 476): Finished executing Update app-ops uidState in case package com.android.music changed
11-05 14:05:00.330 I/SystemServerTimingAsync( 476): InitThreadPoolExec:Update app-ops uidState in case package com.oranth.powerwindow changed
11-05 14:05:00.330 I/SystemServerTimingAsync( 476): InitThreadPoolExec:Update app-ops uidState in case package com.android.wallpaperbackup changed
11-05 14:05:00.330 D/SystemServerInitThreadPool( 476): Started executing Update app-ops uidState in case package com.oranth.powerwindow changed
11-05 14:05:00.330 I/SystemServerTimingAsync( 476): InitThreadPoolExec:Update app-ops uidState in case package com.android.providers.calendar changed
11-05 14:05:00.331 D/SystemServerInitThreadPool( 476): Started executing Update app-ops uidState in case package com.android.providers.calendar changed
11-05 14:05:00.331 D/SystemServerInitThreadPool( 476): Finished executing Update app-ops uidState in case package com.oranth.powerwindow changed
11-05 14:05:00.331 D/SystemServerInitThreadPool( 476): Finished executing Update app-ops uidState in case package com.android.providers.calendar changed
11-05 14:05:00.331 I/SystemServerTimingAsync( 476): InitThreadPoolExec:Update app-ops uidState in case package com.softwinner.miracastReceiver changed
11-05 14:05:00.331 D/SystemServerInitThreadPool( 476): Started executing Update app-ops uidState in case package com.android.wallpaperbackup changed
11-05 14:05:00.331 D/SystemServerInitThreadPool( 476): Finished executing Update app-ops uidState in case package com.android.wallpaperbackup changed
11-05 14:05:00.331 D/SystemServerInitThreadPool( 476): Started executing Update app-ops uidState in case package com.softwinner.miracastReceiver changed
11-05 14:05:00.331 I/SystemServerTimingAsync( 476): InitThreadPoolExec:Update app-ops uidState in case package com.android.packageinstaller changed
11-05 14:05:00.331 D/SystemServerInitThreadPool( 476): Started executing Update app-ops uidState in case package com.android.packageinstaller changed
11-05 14:05:00.331 D/SystemServerInitThreadPool( 476): Finished executing Update app-ops uidState in case package com.softwinner.miracastReceiver changed
11-05 14:05:00.331 D/SystemServerInitThreadPool( 476): Finished executing Update app-ops uidState in case package com.android.packageinstaller changed
11-05 14:05:00.333 I/SystemServerTiming( 476): killProcesses
11-05 14:05:00.333 I/ActivityManager( 476): System now ready
11-05 14:05:00.333 I/SystemServerTiming( 476): updateTopComponentForFactoryTest
11-05 14:05:00.333 I/SystemServerTiming( 476): registerActivityLaunchObserver
11-05 14:05:00.334 I/SystemServerTiming( 476): watchDeviceProvisioning
11-05 14:05:00.332 I/rainbow_flow( 325): type=1400 audit(0.0:326): avc: denied { ioctl } for path="/dev/spidev1.0" dev="tmpfs" ino=633 ioctlcmd=0x6b00 scontext=u:r:init:s0 tcontext=u:object_r:device:s0 tclass=chr_file permissive=1
11-05 14:05:00.342 I/SystemServerTiming( 476): retrieveSettings
11-05 14:05:00.344 I/ActivityTaskManager( 476): Config changes=10000000 {1.0 ?mcc?mnc [zh_CN] ldltr sw720dp w1280dp h696dp 240dpi xlrg long land television -touch qwerty/v/v dpad/v winConfig={ mBounds=Rect(0, 0 - 1920, 1080) mAppBounds=Rect(0, 0 - 1920, 1080) mMaxBounds=Rect(0, 0 - 1920, 1080) mWindowingMode=fullscreen mDisplayWindowingMode=fullscreen mActivityType=undefined mAlwaysOnTop=undefined mRotation=ROTATION_0} s.6 fontWeightAdjustment=0}
11-05 14:05:00.345 I/WindowManager( 476): Override config changes=10000000 {1.0 ?mcc?mnc [zh_CN] ldltr sw720dp w1280dp h696dp 240dpi xlrg long land television -touch qwerty/v/v dpad/v winConfig={ mBounds=Rect(0, 0 - 1920, 1080) mAppBounds=Rect(0, 0 - 1920, 1080) mMaxBounds=Rect(0, 0 - 1920, 1080) mWindowingMode=fullscreen mDisplayWindowingMode=fullscreen mActivityType=undefined mAlwaysOnTop=undefined mRotation=ROTATION_0} s.6 fontWeightAdjustment=0} for displayId=0
11-05 14:05:00.348 I/SystemServerTiming( 476): Ugm.onSystemReady
11-05 14:05:00.348 I/SystemServerTiming( 476): updateForceBackgroundCheck
11-05 14:05:00.349 I/SystemServer( 476): Making services ready
11-05 14:05:00.349 I/SystemServerTiming( 476): StartActivityManagerReadyPhase
11-05 14:05:00.349 I/SystemServiceManager( 476): Starting phase 550
11-05 14:05:00.349 I/SystemServerTiming( 476): OnBootPhase_550
11-05 14:05:00.350 I/hwservicemanager( 180): getTransport: Cannot find entry android.hardware.thermal@2.0::IThermal/default in either framework or device VINTF manifest.
11-05 14:05:00.351 E/ThermalHalWrapper( 476): Thermal HAL 2.0 service not connected.
11-05 14:05:00.352 I/hwservicemanager( 180): getTransport: Cannot find entry android.hardware.thermal@1.1::IThermal/default in either framework or device VINTF manifest.
11-05 14:05:00.352 E/ThermalHalWrapper( 476): Thermal HAL 1.1 service not connected.
11-05 14:05:00.352 I/hwservicemanager( 180): getTransport: Cannot find entry android.hardware.thermal@1.0::IThermal/default in either framework or device VINTF manifest.
11-05 14:05:00.353 E/ThermalHalWrapper( 476): Thermal HAL 1.0 service not connected.
11-05 14:05:00.353 W/ThermalManagerService( 476): No Thermal HAL service on this device
11-05 14:05:00.356 W/ActivityManager( 476): Unable to start service Intent { act=com.android.ITelecomService cmp=com.android.server.telecom/.components.TelecomService } U=0: not found
11-05 14:05:00.360 I/SyncManager( 476): No initial accounts
11-05 14:05:00.365 D/BluetoothManagerService( 476): Bluetooth boot completed
11-05 14:05:00.365 D/BluetoothManagerService( 476): Auto-enabling Bluetooth.
11-05 14:05:00.367 D/BluetoothA2dp( 476): Binding service...
11-05 14:05:00.369 D/BluetoothManagerService( 476): MESSAGE_ENABLE(0): mBluetooth = null
11-05 14:05:00.369 D/BluetoothManagerService( 476): binding Bluetooth service
11-05 14:05:00.370 I/BluetoothAirplaneModeListener( 476): start
11-05 14:05:00.374 D/CompatibilityChangeReporter( 476): Compat change id reported: 135634846; UID 1002; state: DISABLED
11-05 14:05:00.390 D/Zygote ( 242): Forked child process 670
11-05 14:05:00.391 W/InputMethodUtils( 476): Found no fallback locale. imis=[InputMethodInfo{com.sohu.inputmethod.sogou.tv/.SogouIME, settings: com.sohu.inputmethod.sogou.SogouIMESettingsLauncher}]
11-05 14:05:00.392 W/InputMethodUtils( 476): No software keyboard is found. imis=[InputMethodInfo{com.sohu.inputmethod.sogou.tv/.SogouIME, settings: com.sohu.inputmethod.sogou.SogouIMESettingsLauncher}] systemLocale=zh_CN fallbackLocale=null
11-05 14:05:00.392 I/ActivityManager( 476): app.processName = com.android.bluetooth
11-05 14:05:00.392 I/ActivityManager( 476): Start proc 670:com.android.bluetooth/1002 for service {com.android.bluetooth/com.android.bluetooth.btservice.AdapterService}
11-05 14:05:00.395 I/RebootEscrowManager( 476): No reboot escrow data found for users, skipping loading escrow data
11-05 14:05:00.398 I/Zygote ( 670): seccomp disabled by setenforce 0
11-05 14:05:00.399 I/WallpaperManagerService( 476): No static wallpaper imagery; defaults will be shown
11-05 14:05:00.400 V/WallpaperManagerService( 476): bindWallpaperComponentLocked: componentName=ComponentInfo{com.android.systemui/com.android.systemui.ImageWallpaper}
11-05 14:05:00.404 D/CompatibilityChangeReporter( 476): Compat change id reported: 135634846; UID 10066; state: DISABLED
11-05 14:05:00.404 D/CompatibilityChangeReporter( 476): Compat change id reported: 177438394; UID 10066; state: DISABLED
11-05 14:05:00.404 D/CompatibilityChangeReporter( 476): Compat change id reported: 135772972; UID 10066; state: DISABLED
11-05 14:05:00.404 D/CompatibilityChangeReporter( 476): Compat change id reported: 135754954; UID 10066; state: ENABLED
