11-05 14:05:05.853 D/CompatibilityChangeReporter( 476): Compat change id reported: 168419799; UID 1002; state: DISABLED
11-05 14:05:05.860 E/WifiHAL ( 662): wifi_get_logger_supported_feature_set: Error -5 happened.
11-05 14:05:05.862 I/HeadsetService( 670): create()
11-05 14:05:05.863 D/BluetoothManagerService( 476): Sending State Change: OFF > TURNING_ON
11-05 14:05:05.866 I/ieee80211 phy0( 662): sprdwl_vendor_get_support_feature
11-05 14:05:05.871 D/ConnectivityService( 476): NetReassign [no changes]
11-05 14:05:05.884 D/ConnectivityService( 476): NetReassign [no changes]
11-05 14:05:05.884 D/CompatibilityChangeReporter( 1249): Compat change id reported: 171979766; UID 10057; state: DISABLED
11-05 14:05:05.893 W/ContextImpl( 1047): Calling a method in the system process without a qualified user: android.app.ContextImpl.bindService:1895 android.content.ContextWrapper.bindService:810 com.dangbei.lerad.etna.lib.client.EtnaClient.bindServer:138 com.dangbei.lerad.etna.lib.client.EtnaClient.access$600:29 com.dangbei.lerad.etna.lib.client.EtnaClient$3.call:205
11-05 14:05:05.905 I/HeadsetService( 670): start()
11-05 14:05:05.916 I/ieee80211 phy0( 662): sprdwl_vendor_get_support_feature
11-05 14:05:05.910 E/WifiHAL ( 662): wifi_get_logger_supported_feature_set: Error -5 happened.
11-05 14:05:05.933 D/ApplicationLoaders( 1249): Returning zygote-cached class loader: /system/framework/android.test.base.jar
11-05 14:05:05.942 E/WifiHAL ( 662): wifi_get_logger_supported_feature_set: Error -5 happened.
11-05 14:05:05.947 I/ieee80211 phy0( 662): sprdwl_vendor_get_support_feature
11-05 14:05:05.947 W/IorapForwardingService( 476): No service published for: iorapd
11-05 14:05:05.967 I/BluetoothHeadsetServiceJni( 670): classInitNative: succeeds
11-05 14:05:05.967 I/bt_btif ( 670): system/bt/btif/src/bluetooth.cc:417 get_profile_interface: get_profile_interface: id = handsfree
11-05 14:05:05.967 I/bt_stack( 670): [INFO:btif_hf.cc(1491)] GetInterface
11-05 14:05:05.968 I/bt_bta_dm( 670): system/bt/bta/dm/bta_dm_act.cc:3191 bta_dm_eir_update_uuid: EIR Adding UUID=0x1112 into extended inquiry response
11-05 14:05:05.968 I/bt_bta_dm( 670): system/bt/bta/dm/bta_dm_act.cc:2890 bta_dm_set_eir: Generating extended inquiry response packet EIR
11-05 14:05:05.968 I/bt_bta_dm( 670): system/bt/bta/dm/bta_dm_act.cc:3191 bta_dm_eir_update_uuid: EIR Adding UUID=0x111F into extended inquiry response
11-05 14:05:05.968 I/bt_bta_dm( 670): system/bt/bta/dm/bta_dm_act.cc:2890 bta_dm_set_eir: Generating extended inquiry response packet EIR
11-05 14:05:05.968 I/bt_stack( 670): [INFO:port_api.cc(234)] RFCOMM_CreateConnection: bd_addr=ff:ff:ff:ff:ff:ff, scn=2, is_server=1, mtu=256, uuid=0x1112, dlci=4, signal_state=0x0b, p_port=0xb9ee8524
11-05 14:05:05.968 I/bt_stack( 670): [INFO:port_api.cc(234)] RFCOMM_CreateConnection: bd_addr=ff:ff:ff:ff:ff:ff, scn=3, is_server=1, mtu=256, uuid=0x111f, dlci=6, signal_state=0x0b, p_port=0xb9ee85ac
11-05 14:05:05.969 I/bt_stack( 670): [INFO:port_api.cc(234)] RFCOMM_CreateConnection: bd_addr=ff:ff:ff:ff:ff:ff, scn=2, is_server=1, mtu=256, uuid=0x1112, dlci=4, signal_state=0x0b, p_port=0xb9ee8634
11-05 14:05:05.969 I/bt_stack( 670): [INFO:port_api.cc(234)] RFCOMM_CreateConnection: bd_addr=ff:ff:ff:ff:ff:ff, scn=3, is_server=1, mtu=256, uuid=0x111f, dlci=6, signal_state=0x0b, p_port=0xb9ee86bc
11-05 14:05:05.969 I/bt_btif_storage( 670): system/bt/btif/src/btif_storage.cc:661 btif_storage_get_adapter_property: btif_storage_get_adapter_property service_mask:0x20000040
11-05 14:05:05.970 I/bt_stack( 670): [INFO:btif_hf.cc(289)] btif_hf_upstreams_evt: AG enable/disable event 0
11-05 14:05:06.004 D/nativeloader( 1249): classloader namespace configured for unbundled product apk. library_path=/product/priv-app/LiveTv/lib/arm:/product/lib:/system/product/lib
11-05 14:05:06.008 I/bt_stack( 670): [INFO:port_api.cc(234)] RFCOMM_CreateConnection: bd_addr=ff:ff:ff:ff:ff:ff, scn=2, is_server=1, mtu=256, uuid=0x1112, dlci=4, signal_state=0x0b, p_port=0xb9ee8744
11-05 14:05:06.008 I/bt_stack( 670): [INFO:port_api.cc(234)] RFCOMM_CreateConnection: bd_addr=ff:ff:ff:ff:ff:ff, scn=3, is_server=1, mtu=256, uuid=0x111f, dlci=6, signal_state=0x0b, p_port=0xb9ee87cc
11-05 14:05:06.008 I/bt_stack( 670): [INFO:port_api.cc(234)] RFCOMM_CreateConnection: bd_addr=ff:ff:ff:ff:ff:ff, scn=2, is_server=1, mtu=256, uuid=0x1112, dlci=4, signal_state=0x0b, p_port=0xb9ee8854
11-05 14:05:06.008 I/bt_stack( 670): [INFO:port_api.cc(234)] RFCOMM_CreateConnection: bd_addr=ff:ff:ff:ff:ff:ff, scn=3, is_server=1, mtu=256, uuid=0x111f, dlci=6, signal_state=0x0b, p_port=0xb9ee88dc
11-05 14:05:06.009 I/bt_stack( 670): [INFO:port_api.cc(234)] RFCOMM_CreateConnection: bd_addr=ff:ff:ff:ff:ff:ff, scn=2, is_server=1, mtu=256, uuid=0x1112, dlci=4, signal_state=0x0b, p_port=0xb9ee8964
11-05 14:05:06.009 I/bt_stack( 670): [INFO:port_api.cc(234)] RFCOMM_CreateConnection: bd_addr=ff:ff:ff:ff:ff:ff, scn=3, is_server=1, mtu=256, uuid=0x111f, dlci=6, signal_state=0x0b, p_port=0xb9ee89ec
11-05 14:05:06.009 I/bt_stack( 670): [INFO:port_api.cc(234)] RFCOMM_CreateConnection: bd_addr=ff:ff:ff:ff:ff:ff, scn=2, is_server=1, mtu=256, uuid=0x1112, dlci=4, signal_state=0x0b, p_port=0xb9ee8a74
11-05 14:05:06.009 I/bt_stack( 670): [INFO:port_api.cc(234)] RFCOMM_CreateConnection: bd_addr=ff:ff:ff:ff:ff:ff, scn=3, is_server=1, mtu=256, uuid=0x111f, dlci=6, signal_state=0x0b, p_port=0xb9ee8afc
11-05 14:05:06.010 D/BluetoothActiveDeviceManager( 670): handleMessage(MESSAGE_ADAPTER_ACTION_STATE_CHANGED): newState=11
11-05 14:05:06.019 I/A2dpService( 670): create()
11-05 14:05:06.039 D/BluetoothA2dp( 476): Proxy object connected
11-05 14:05:06.040 D/BluetoothA2dp( 476): Proxy object connected
11-05 14:05:06.041 D/BluetoothA2dp( 476): Proxy object connected
11-05 14:05:06.048 E/SupplicantStaIfaceHal( 476): checkHalVersionByInterfaceName: called but mServiceManager is null
11-05 14:05:06.049 E/SupplicantStaIfaceHal( 476): checkHalVersionByInterfaceName: called but mServiceManager is null
11-05 14:05:06.049 I/SupplicantStaIfaceHal( 476): Method getWpaDriverFeatureSet is not supported in existing HAL
11-05 14:05:06.049 I/hq ( 1089): 当前的服务模式是,serviceMode=0
11-05 14:05:06.051 E/hq ( 1089): 检查user:::switchDao id=-1
11-05 14:05:06.054 I/vold ( 183): Bind mounting //data/media/0/Android/data on /mnt/user/0/emulated/0/Android/data
11-05 14:05:06.054 D/WifiClientModeManager[wlan0]( 476): entering StartedState
11-05 14:05:06.056 I/vold ( 183): Bind mounted //data/media/0/Android/data on /mnt/user/0/emulated/0/Android/data
11-05 14:05:06.056 I/vold ( 183): Bind mounting //data/media/0/Android/obb on /mnt/user/0/emulated/0/Android/obb
11-05 14:05:06.056 I/A2dpService( 670): start()
11-05 14:05:06.057 I/vold ( 183): Bind mounted //data/media/0/Android/obb on /mnt/user/0/emulated/0/Android/obb
11-05 14:05:06.057 I/vold ( 183): Configuring read_ahead of /mnt/user/0/emulated fuse filesystem to 256kb
11-05 14:05:06.058 I/vold ( 183): Writing 256 to /sys/class/bdi/0:47/read_ahead_kb
11-05 14:05:06.058 I/vold ( 183): Configuring max_ratio of /mnt/user/0/emulated fuse filesystem to 40
11-05 14:05:06.058 I/vold ( 183): Writing 40 to /sys/class/bdi/0:47/max_ratio
11-05 14:05:06.061 I/BluetoothA2dpServiceJni( 670): classInitNative: succeeds
11-05 14:05:06.060 I/xm_hidread( 315): type=1400 audit(0.0:424): avc: denied { read } for scontext=u:r:init:s0 tcontext=u:r:init:s0 tclass=netlink_kobject_uevent_socket permissive=1
11-05 14:05:06.071 I/scsi 0 ( 35): 0:0:0: Direct-Access TOSHIBA EXTERNAL_USB 0 PQ: 0 ANSI: 6
11-05 14:05:06.065 D/XM_HIDREAD( 315): add@ add@/devices/platform/soc@3000000/5101000.ehci0-controller/usb1/1-1/1-1:1.0/host0/target0:0:0
11-05 14:05:06.066 D/XM_HIDREAD( 315): add@ add@/devices/platform/soc@3000000/5101000.ehci0-controller/usb1/1-1/1-1:1.0/host0/target0:0:0/0:0:0:0
11-05 14:05:06.066 D/XM_HIDREAD( 315): add@ add@/devices/platform/soc@3000000/5101000.ehci0-controller/usb1/1-1/1-1:1.0/host0/target0:0:0/0:0:0:0/scsi_device/0:0:0:0
11-05 14:05:06.066 D/XM_HIDREAD( 315): add@ add@/devices/platform/soc@3000000/5101000.ehci0-controller/usb1/1-1/1-1:1.0/host0/target0:0:0/0:0:0:0/scsi_disk/0:0:0:0
11-05 14:05:06.068 I/StorageManagerService( 476): Mounted volume VolumeInfo{emulated;0}:
11-05 14:05:06.068 I/StorageManagerService( 476): type=EMULATED diskId=null partGuid= mountFlags=PRIMARY|VISIBLE
11-05 14:05:06.068 I/StorageManagerService( 476): mountUserId=0 state=CHECKING
11-05 14:05:06.068 I/StorageManagerService( 476): fsType=null fsUuid=null fsLabel=null
11-05 14:05:06.068 I/StorageManagerService( 476): path=/storage/emulated internalPath=/data/media
11-05 14:05:06.070 I/StorageSessionController( 476): Notifying volume state changed for session with id: emulated;0
11-05 14:05:06.073 D/XM_HIDREAD( 315): add@ add@/devices/platform/soc@3000000/5101000.ehci0-controller/usb1/1-1/1-1:1.0/host0/target0:0:0/0:0:0:0/bsg/0:0:0:0
11-05 14:05:06.073 W/ContextImpl( 1047): Calling a method in the system process without a qualified user: android.app.ContextImpl.bindService:1895 android.content.ContextWrapper.bindService:810 com.dangbei.lerad.etna.lib.client.EtnaClient.bindServer:138 com.dangbei.lerad.etna.lib.client.EtnaClient.access$600:29 com.dangbei.lerad.etna.lib.client.EtnaClient$3.call:205
11-05 14:05:06.080 I/sd 0 ( 9): 0:0:0: [sda] Spinning up disk...
11-05 14:05:06.077 D/WifiNetworkFactory( 476): got request NetworkRequest [ REQUEST id=23, [ Capabilities: INTERNET&NOT_RESTRICTED&TRUSTED&NOT_VCN_MANAGED Uid: 1000 RequestorUid: 1000 RequestorPkg: android] ]
11-05 14:05:06.077 D/UntrustedWifiNetworkFactory( 476): got request NetworkRequest [ REQUEST id=23, [ Capabilities: INTERNET&NOT_RESTRICTED&TRUSTED&NOT_VCN_MANAGED Uid: 1000 RequestorUid: 1000 RequestorPkg: android] ]
11-05 14:05:06.077 D/OemPaidWifiNetworkFactory( 476): got request NetworkRequest [ REQUEST id=23, [ Capabilities: INTERNET&NOT_RESTRICTED&TRUSTED&NOT_VCN_MANAGED Uid: 1000 RequestorUid: 1000 RequestorPkg: android] ]
11-05 14:05:06.082 D/WifiService( 476): updateInterfaceIpState: ifaceName=wlan0 mode=-1 previous LOHS mode= -1
11-05 14:05:06.082 D/WifiService( 476): updateInterfaceIpState: ifaceName=wlan1 mode=-1 previous LOHS mode= -1
11-05 14:05:06.085 I/A2dpService( 670): Max connected audio devices set to 5
11-05 14:05:06.096 D/WifiP2pService( 476): Wifi enabled=false
11-05 14:05:06.105 V/GraphicsEnvironment( 1247): ANGLE Developer option for 'com.android.providers.tv' set to: 'default'
11-05 14:05:06.106 V/GraphicsEnvironment( 1247): Neither updatable production driver nor prerelease driver is supported.
11-05 14:05:06.106 I/BLEAudioDrive_HV410( 247): not hidraw* create or delete event
11-05 14:05:06.106 I/bt_btif ( 670): system/bt/btif/src/bluetooth.cc:417 get_profile_interface: get_profile_interface: id = a2dp
11-05 14:05:06.106 I/btif_av ( 670): system/bt/btif/src/btif_av.cc:965 Init: bt_status_t BtifAvSource::Init(btav_source_callbacks_t *, int, const std::vector &, const std::vector &): max_connected_audio_devices=5
11-05 14:05:06.107 I/a2dp_codec( 670): system/bt/stack/a2dp/a2dp_codec_config.cc:569 init: init
11-05 14:05:06.107 I/a2dp_codec( 670): system/bt/stack/a2dp/a2dp_codec_config.cc:113 createCodec: createCodec: codec SBC
11-05 14:05:06.107 I/a2dp_codec( 670): system/bt/stack/a2dp/a2dp_codec_config.cc:633 init: init: updated SBC codec priority to 1001
11-05 14:05:06.107 I/a2dp_codec( 670): system/bt/stack/a2dp/a2dp_codec_config.cc:113 createCodec: createCodec: codec AAC
11-05 14:05:06.107 I/a2dp_codec( 670): system/bt/stack/a2dp/a2dp_codec_config.cc:633 init: init: updated AAC codec priority to 2001
11-05 14:05:06.115 V/GraphicsEnvironment( 1249): ANGLE Developer option for 'com.android.tv' set to: 'default'
11-05 14:05:06.116 V/GraphicsEnvironment( 1249): Neither updatable production driver nor prerelease driver is supported.
11-05 14:05:06.117 I/a2dp_codec( 670): system/bt/stack/a2dp/a2dp_codec_config.cc:113 createCodec: createCodec: codec aptX
11-05 14:05:06.117 D/NetworkSecurityConfig( 1247): No Network Security Config specified, using platform default
11-05 14:05:06.119 D/NetworkSecurityConfig( 1247): No Network Security Config specified, using platform default
11-05 14:05:06.119 D/NetworkSecurityConfig( 1249): No Network Security Config specified, using platform default
11-05 14:05:06.120 D/NetworkSecurityConfig( 1249): No Network Security Config specified, using platform default
11-05 14:05:06.122 I/android_os_HwBinder( 476): HwBinder: Starting thread pool for getting: android.hidl.manager@1.0::IServiceManager/default
11-05 14:05:06.129 E/a2dp_vendor_aptx_encoder( 670): system/bt/stack/a2dp/a2dp_vendor_aptx_encoder.cc:123 A2DP_VendorLoadEncoderAptx: A2DP_VendorLoadEncoderAptx: cannot open aptX encoder library libaptX_encoder.so: dlopen failed: library "libaptX_encoder.so" not found
11-05 14:05:06.129 E/a2dp_vendor_aptx( 670): system/bt/stack/a2dp/a2dp_vendor_aptx.cc:465 init: init: cannot load the encoder
11-05 14:05:06.129 I/a2dp_codec( 670): system/bt/stack/a2dp/a2dp_codec_config.cc:113 createCodec: createCodec: codec aptX-HD
11-05 14:05:06.136 E/a2dp_vendor_aptx_hd_encoder( 670): system/bt/stack/a2dp/a2dp_vendor_aptx_hd_encoder.cc:123 A2DP_VendorLoadEncoderAptxHd: A2DP_VendorLoadEncoderAptxHd: cannot open aptX-HD encoder library libaptXHD_encoder.so: dlopen failed: library "libaptXHD_encoder.so" not found
11-05 14:05:06.136 E/a2dp_vendor_aptx_hd( 670): system/bt/stack/a2dp/a2dp_vendor_aptx_hd.cc:483 init: init: cannot load the encoder
11-05 14:05:06.136 I/a2dp_codec( 670): system/bt/stack/a2dp/a2dp_codec_config.cc:113 createCodec: createCodec: codec LDAC
11-05 14:05:06.136 I/SupplicantStaIfaceHal( 476): Starting supplicant using HIDL
11-05 14:05:06.146 I/hwservicemanager( 180): Since android.hardware.wifi.supplicant@1.0::ISupplicant/default is not registered, trying to start it as a lazy HAL.
11-05 14:05:06.148 D/SupplicantStaIfaceHal( 476): Successfully triggered start of supplicant using HIDL
11-05 14:05:06.152 W/UnsafeUtil( 1249): platform method missing - proto runtime falling back to safer methods: java.lang.NoSuchMethodException: sun.misc.Unsafe.copyMemory [class java.lang.Object, long, class java.lang.Object, long, long]
11-05 14:05:06.154 D/CompatibilityChangeReporter( 1247): Compat change id reported: 160794467; UID 10030; state: ENABLED
11-05 14:05:06.155 E/hq ( 1089): 检查user:::更新前的信息: null
11-05 14:05:06.155 E/hq ( 1089): 更新后的信息: Users{userId=-1, nickName='游客', avatarUrl='null', wxToken='null', vip='null', mobile='null', sex=null, description='null', city='null', province='null', country='null', launcherMode=null, token='null', token='null'}
11-05 14:05:06.160 E/update_engine( 391): [ERROR:update_attempter_android.cc(-1)] unknown(...): Domain=update_engine, Code=generic_error, Message=No ongoing update to cancel.
11-05 14:05:06.164 D/TheRouter::RouterInject( 1089): interception::===interface com.dangbei.leard.protocol.home.HomeManagerInterface===HomeManagerInterfaceImpl238388902
11-05 14:05:06.165 D/AdHelper( 1089): ad server environment is official? false
11-05 14:05:06.166 D/AdHelper( 1089): ad server environment is official? false
11-05 14:05:06.166 D/AdHelper( 1089): ad server environment is official? false
11-05 14:05:06.166 D/AdHelper( 1089): ad server environment is official? false
11-05 14:05:06.176 E/update_engine( 391): [ERROR:update_attempter_android.cc(90)] Replying with failure: pc:0x850ea79: No ongoing update to cancel.
11-05 14:05:06.181 E/ccc ( 1047): cccccc 故意做的cancel 捕获 No ongoing update to cancel.
11-05 14:05:06.181 W/System.err( 1047): android.os.ServiceSpecificException: No ongoing update to cancel. (code 1)
11-05 14:05:06.188 D/AdHelper( 1089): AdHelper init: end
11-05 14:05:06.197 I/a2dp_codec( 670): system/bt/stack/a2dp/a2dp_codec_config.cc:633 init: init: updated LDAC codec priority to 5001
11-05 14:05:06.197 I/a2dp_codec( 670): system/bt/stack/a2dp/a2dp_codec_config.cc:113 createCodec: createCodec: codec SBC SINK
11-05 14:05:06.197 I/a2dp_codec( 670): system/bt/stack/a2dp/a2dp_codec_config.cc:113 createCodec: createCodec: codec AAC SINK
11-05 14:05:06.197 I/a2dp_codec( 670): system/bt/stack/a2dp/a2dp_codec_config.cc:113 createCodec: createCodec: codec LDAC SINK
11-05 14:05:06.192 I//system/bin/init( 1): type=1107 audit(0.0:425): uid=0 auid=4294967295 ses=4294967295 subj=u:r:init:s0 msg='avc: denied { set } for property=persist.android.util.log pid=1089 uid=1000 gid=1000 scontext=u:r:system_app:s0 tcontext=u:object_r:default_prop:s0 tclass=property_service permissive=1'
11-05 14:05:06.196 I/nd.statics.boot( 1089): type=1400 audit(0.0:426): avc: denied { read } for name="u:object_r:serialno_prop:s0" dev="tmpfs" ino=3447 scontext=u:r:system_app:s0 tcontext=u:object_r:serialno_prop:s0 tclass=file permissive=1
11-05 14:05:06.207 E/memInfo.totalMem( 1089): memInfo.totalMem=2055442432 1073741824
11-05 14:05:06.208 W/System.err( 1047): at android.os.Parcel.createExceptionOrNull(Parcel.java:2439)
11-05 14:05:06.209 W/System.err( 1047): at android.os.Parcel.createException(Parcel.java:2409)
11-05 14:05:06.209 W/System.err( 1047): at android.os.Parcel.readException(Parcel.java:2392)
11-05 14:05:06.209 W/System.err( 1047): at android.os.Parcel.readException(Parcel.java:2334)
11-05 14:05:06.209 W/System.err( 1047): at android.os.IUpdateEngine$Stub$Proxy.cancel(IUpdateEngine.java:480)
11-05 14:05:06.209 W/System.err( 1047): at android.os.UpdateEngine.cancel(UpdateEngine.java:381)
11-05 14:05:06.209 W/System.err( 1047): at com.oranth.otalibrary.OTAManager.cancel(OTAManager.java:54)
11-05 14:05:06.209 W/System.err( 1047): at com.dangbei.etna.update.ota.OtaUpdateHelper.cancelInstalling(OtaUpdateHelper.kt:134)
11-05 14:05:06.209 W/System.err( 1047): at com.dangbei.etna.update.ota.OtaUpdateHelper.init(OtaUpdateHelper.kt:72)
11-05 14:05:06.209 W/System.err( 1047): at com.dangbei.etna.update.UpdateHelper.init(UpdateHelper.kt:62)
11-05 14:05:06.209 W/System.err( 1047): at com.dangbei.lerad.etna.haqu.EtnaApplication.init(EtnaApplication.kt:99)
11-05 14:05:06.209 W/System.err( 1047): at com.dangbei.lerad.etna.haqu.EtnaApplication.onCreate(EtnaApplication.kt:60)
11-05 14:05:06.209 W/System.err( 1047): at android.app.Instrumentation.callApplicationOnCreate(Instrumentation.java:1211)
11-05 14:05:06.209 W/System.err( 1047): at android.app.ActivityThread.handleBindApplication(ActivityThread.java:6740)
11-05 14:05:06.209 W/System.err( 1047): at android.app.ActivityThread.access$1500(ActivityThread.java:247)
11-05 14:05:06.209 W/System.err( 1047): at android.app.ActivityThread$H.handleMessage(ActivityThread.java:2053)
11-05 14:05:06.209 W/System.err( 1047): at android.os.Handler.dispatchMessage(Handler.java:106)
11-05 14:05:06.209 W/System.err( 1047): at android.os.Looper.loopOnce(Looper.java:201)
11-05 14:05:06.209 W/System.err( 1047): at android.os.Looper.loop(Looper.java:288)
11-05 14:05:06.209 W/System.err( 1047): at android.app.ActivityThread.main(ActivityThread.java:7854)
11-05 14:05:06.209 W/System.err( 1047): at java.lang.reflect.Method.invoke(Native Method)
11-05 14:05:06.209 W/System.err( 1047): at com.android.internal.os.RuntimeInit$MethodAndArgsCaller.run(RuntimeInit.java:548)
11-05 14:05:06.209 W/System.err( 1047): at com.android.internal.os.ZygoteInit.main(ZygoteInit.java:1182)
11-05 14:05:06.210 I/update_engine( 391): [INFO:update_attempter_android.cc(365)] Attempting to reset state from UPDATE_STATUS_IDLE to UpdateStatus::IDLE
11-05 14:05:06.200 I/nd.statics.boot( 1089): type=1400 audit(0.0:427): avc: denied { open } for path="/dev/__properties__/u:object_r:serialno_prop:s0" dev="tmpfs" ino=3447 scontext=u:r:system_app:s0 tcontext=u:object_r:serialno_prop:s0 tclass=file permissive=1
11-05 14:05:06.200 I/nd.statics.boot( 1089): type=1400 audit(0.0:428): avc: denied { getattr } for path="/dev/__properties__/u:object_r:serialno_prop:s0" dev="tmpfs" ino=3447 scontext=u:r:system_app:s0 tcontext=u:object_r:serialno_prop:s0 tclass=file permissive=1
11-05 14:05:06.215 I/update_engine( 391): [INFO:update_attempter_android.cc(369)] Cleaning up reserved space for compressed APEX (if any)
11-05 14:05:06.216 D/FrameWorkHelper( 1089): resetLauncherAd end
11-05 14:05:06.222 I/update_engine( 391): [INFO:dynamic_partition_control_android.cc(1284)] ResetUpdate resetting update state and deleting snapshots.
11-05 14:05:06.233 E/a2dp_vendor_ldac_decoder( 670): system/bt/stack/a2dp/a2dp_vendor_ldac_decoder.cc:134 A2DP_VendorLoadDecoderLdac: A2DP_VendorLoadDecoderLdac: cannot open LDAC decoder library libldacBT_bco.so: dlopen failed: library "libldacBT_bco.so" not found
11-05 14:05:06.233 E/a2dp_vendor_ldac( 670): system/bt/stack/a2dp/a2dp_vendor_ldac.cc:1418 init: init: cannot load the decoder
11-05 14:05:06.233 I/a2dp_codec( 670): system/bt/stack/a2dp/a2dp_codec_config.cc:658 init: init: initialized Source codec LDAC
11-05 14:05:06.233 I/a2dp_codec( 670): system/bt/stack/a2dp/a2dp_codec_config.cc:658 init: init: initialized Source codec AAC
11-05 14:05:06.233 I/a2dp_codec( 670): system/bt/stack/a2dp/a2dp_codec_config.cc:658 init: init: initialized Source codec SBC
11-05 14:05:06.233 I/a2dp_codec( 670): system/bt/stack/a2dp/a2dp_codec_config.cc:665 init: init: initialized Sink codec AAC SINK
11-05 14:05:06.233 I/a2dp_codec( 670): system/bt/stack/a2dp/a2dp_codec_config.cc:665 init: init: initialized Sink codec SBC SINK
11-05 14:05:06.233 I/a2dp_codec( 670): system/bt/stack/a2dp/a2dp_codec_config.cc:569 init: init
11-05 14:05:06.233 I/a2dp_codec( 670): system/bt/stack/a2dp/a2dp_codec_config.cc:113 createCodec: createCodec: codec SBC
11-05 14:05:06.233 I/a2dp_codec( 670): system/bt/stack/a2dp/a2dp_codec_config.cc:633 init: init: updated SBC codec priority to 1001
11-05 14:05:06.233 I/a2dp_codec( 670): system/bt/stack/a2dp/a2dp_codec_config.cc:113 createCodec: createCodec: codec AAC
11-05 14:05:06.233 I/a2dp_codec( 670): system/bt/stack/a2dp/a2dp_codec_config.cc:633 init: init: updated AAC codec priority to 2001
11-05 14:05:06.233 I/a2dp_codec( 670): system/bt/stack/a2dp/a2dp_codec_config.cc:113 createCodec: createCodec: codec aptX
11-05 14:05:06.243 I/update_engine( 391): [INFO:delta_performer.cc(1389)] Resetting recorded hash for prepared partitions.
11-05 14:05:06.257 E/update_engine( 391): Read state file failed: No such file or directory
11-05 14:05:06.273 E/ccc ( 1047): cccccc 只是做下reset 哈
11-05 14:05:06.278 D/TheRouter::FlowTask( 1089): Virtual Flow Task TheRouter_activity_splash done
11-05 14:05:06.280 D/OsInitLaunch( 1089): send cache: homeCreate, null, null, null
11-05 14:05:06.295 I/MMKV ( 1047): loading [mmkv.default] with 1285 actual size, file size 4096, InterProcess 0, meta info version:3
11-05 14:05:06.295 I/MMKV ( 1047): loading [mmkv.default] with crc 2885742414 sequence 1 version 3
11-05 14:05:06.295 I/MMKV ( 1047): loaded [mmkv.default] with 8 key-values
11-05 14:05:06.280 E/a2dp_vendor_aptx_encoder( 670): system/bt/stack/a2dp/a2dp_vendor_aptx_encoder.cc:123 A2DP_VendorLoadEncoderAptx: A2DP_VendorLoadEncoderAptx: cannot open aptX encoder library libaptX_encoder.so: dlopen failed: library "libaptX_encoder.so" not found
11-05 14:05:06.303 E/a2dp_vendor_aptx( 670): system/bt/stack/a2dp/a2dp_vendor_aptx.cc:465 init: init: cannot load the encoder
11-05 14:05:06.303 I/a2dp_codec( 670): system/bt/stack/a2dp/a2dp_codec_config.cc:113 createCodec: createCodec: codec aptX-HD
11-05 14:05:06.315 D/getEthernetMacAddr( 1089): getEthernetMacAddr use eth0
11-05 14:05:06.317 E/a2dp_vendor_aptx_hd_encoder( 670): system/bt/stack/a2dp/a2dp_vendor_aptx_hd_encoder.cc:123 A2DP_VendorLoadEncoderAptxHd: A2DP_VendorLoadEncoderAptxHd: cannot open aptX-HD encoder library libaptXHD_encoder.so: dlopen failed: library "libaptXHD_encoder.so" not found
11-05 14:05:06.317 E/a2dp_vendor_aptx_hd( 670): system/bt/stack/a2dp/a2dp_vendor_aptx_hd.cc:483 init: init: cannot load the encoder
11-05 14:05:06.317 I/a2dp_codec( 670): system/bt/stack/a2dp/a2dp_codec_config.cc:113 createCodec: createCodec: codec LDAC
11-05 14:05:06.317 I/a2dp_codec( 670): system/bt/stack/a2dp/a2dp_codec_config.cc:633 init: init: updated LDAC codec priority to 5001
11-05 14:05:06.317 I/a2dp_codec( 670): system/bt/stack/a2dp/a2dp_codec_config.cc:113 createCodec: createCodec: codec SBC SINK
11-05 14:05:06.317 I/a2dp_codec( 670): system/bt/stack/a2dp/a2dp_codec_config.cc:113 createCodec: createCodec: codec AAC SINK
11-05 14:05:06.317 I/a2dp_codec( 670): system/bt/stack/a2dp/a2dp_codec_config.cc:113 createCodec: createCodec: codec LDAC SINK
11-05 14:05:06.338 W/StorageManagerService( 476): Reporting emulated;0 unmounted due to system locked
11-05 14:05:06.342 W/StorageManagerService( 476): Reporting emulated;0 unmounted due to system locked
11-05 14:05:06.353 E/a2dp_vendor_ldac_decoder( 670): system/bt/stack/a2dp/a2dp_vendor_ldac_decoder.cc:134 A2DP_VendorLoadDecoderLdac: A2DP_VendorLoadDecoderLdac: cannot open LDAC decoder library libldacBT_bco.so: dlopen failed: library "libldacBT_bco.so" not found
11-05 14:05:06.357 E/a2dp_vendor_ldac( 670): system/bt/stack/a2dp/a2dp_vendor_ldac.cc:1418 init: init: cannot load the decoder
11-05 14:05:06.358 I/a2dp_codec( 670): system/bt/stack/a2dp/a2dp_codec_config.cc:658 init: init: initialized Source codec LDAC
11-05 14:05:06.358 I/a2dp_codec( 670): system/bt/stack/a2dp/a2dp_codec_config.cc:658 init: init: initialized Source codec AAC
11-05 14:05:06.358 I/a2dp_codec( 670): system/bt/stack/a2dp/a2dp_codec_config.cc:658 init: init: initialized Source codec SBC
11-05 14:05:06.358 I/a2dp_codec( 670): system/bt/stack/a2dp/a2dp_codec_config.cc:665 init: init: initialized Sink codec AAC SINK
11-05 14:05:06.358 I/a2dp_codec( 670): system/bt/stack/a2dp/a2dp_codec_config.cc:665 init: init: initialized Sink codec SBC SINK
11-05 14:05:06.358 I/a2dp_codec( 670): system/bt/stack/a2dp/a2dp_codec_config.cc:569 init: init
11-05 14:05:06.358 I/a2dp_codec( 670): system/bt/stack/a2dp/a2dp_codec_config.cc:113 createCodec: createCodec: codec SBC
11-05 14:05:06.358 I/a2dp_codec( 670): system/bt/stack/a2dp/a2dp_codec_config.cc:633 init: init: updated SBC codec priority to 1001
11-05 14:05:06.358 I/a2dp_codec( 670): system/bt/stack/a2dp/a2dp_codec_config.cc:113 createCodec: createCodec: codec AAC
11-05 14:05:06.358 I/a2dp_codec( 670): system/bt/stack/a2dp/a2dp_codec_config.cc:633 init: init: updated AAC codec priority to 2001
11-05 14:05:06.358 I/a2dp_codec( 670): system/bt/stack/a2dp/a2dp_codec_config.cc:113 createCodec: createCodec: codec aptX
11-05 14:05:06.366 I/WebViewFactory( 1089): Loading com.android.webview version 91.0.4472.114 (code 447211450)
11-05 14:05:06.384 D/wpa_supplicant( 1298): wpa_supplicant v2.10-devel-12
11-05 14:05:06.382 I/capability( 1298): warning: `wpa_supplicant' uses 32-bit capabilities (legacy support in use)
11-05 14:05:06.388 D/wpa_supplicant( 1298): Global control interface '@android:wpa_wlan0'
11-05 14:05:06.388 D/wpa_supplicant( 1298): Using Android control socket 'wpa_wlan0'
11-05 14:05:06.388 D/wpa_supplicant( 1298): Initing hidl control
11-05 14:05:06.389 I/wpa_supplicant( 1298): Processing hidl events on FD 4
11-05 14:05:06.390 E/cutils-trace( 1298): Error opening trace file: No such file or directory (2)
11-05 14:05:06.390 I/TvApplication( 1249): Starting TV app 1.24-asop
11-05 14:05:06.391 I/TvApplication( 1249): Started TV app 1.24-asop
11-05 14:05:06.393 E/a2dp_vendor_aptx_encoder( 670): system/bt/stack/a2dp/a2dp_vendor_aptx_encoder.cc:123 A2DP_VendorLoadEncoderAptx: A2DP_VendorLoadEncoderAptx: cannot open aptX encoder library libaptX_encoder.so: dlopen failed: library "libaptX_encoder.so" not found
11-05 14:05:06.393 E/a2dp_vendor_aptx( 670): system/bt/stack/a2dp/a2dp_vendor_aptx.cc:465 init: init: cannot load the encoder
11-05 14:05:06.393 I/a2dp_codec( 670): system/bt/stack/a2dp/a2dp_codec_config.cc:113 createCodec: createCodec: codec aptX-HD
11-05 14:05:06.395 E/a2dp_vendor_aptx_hd_encoder( 670): system/bt/stack/a2dp/a2dp_vendor_aptx_hd_encoder.cc:123 A2DP_VendorLoadEncoderAptxHd: A2DP_VendorLoadEncoderAptxHd: cannot open aptX-HD encoder library libaptXHD_encoder.so: dlopen failed: library "libaptXHD_encoder.so" not found
11-05 14:05:06.395 E/a2dp_vendor_aptx_hd( 670): system/bt/stack/a2dp/a2dp_vendor_aptx_hd.cc:483 init: init: cannot load the encoder
11-05 14:05:06.395 I/a2dp_codec( 670): system/bt/stack/a2dp/a2dp_codec_config.cc:113 createCodec: createCodec: codec LDAC
11-05 14:05:06.395 I/a2dp_codec( 670): system/bt/stack/a2dp/a2dp_codec_config.cc:633 init: init: updated LDAC codec priority to 5001
11-05 14:05:06.395 I/a2dp_codec( 670): system/bt/stack/a2dp/a2dp_codec_config.cc:113 createCodec: createCodec: codec SBC SINK
11-05 14:05:06.398 I/HidlServiceManagement( 1298): Registered android.hardware.wifi.supplicant@1.4::ISupplicant/default
11-05 14:05:06.399 I/wpa_supplicant( 1298): Successfully initialized wpa_supplicant
11-05 14:05:06.399 E/hq ( 1089): LauncherCallback:::onViewCreate
11-05 14:05:06.400 E/hq ( 1089): LauncherCallback:::onAttach
11-05 14:05:06.415 I/android_os_HwBinder( 476): HwBinder: Starting thread pool for getting: android.hardware.wifi.supplicant@1.0::ISupplicant/default
11-05 14:05:06.417 I/SupplicantStaIfaceHal( 476): Completed initialization of ISupplicant.
11-05 14:05:06.407 I/a2dp_codec( 670): system/bt/stack/a2dp/a2dp_codec_config.cc:113 createCodec: createCodec: codec AAC SINK
11-05 14:05:06.428 I/a2dp_codec( 670): system/bt/stack/a2dp/a2dp_codec_config.cc:113 createCodec: createCodec: codec LDAC SINK
11-05 14:05:06.437 E/a2dp_vendor_ldac_decoder( 670): system/bt/stack/a2dp/a2dp_vendor_ldac_decoder.cc:134 A2DP_VendorLoadDecoderLdac: A2DP_VendorLoadDecoderLdac: cannot open LDAC decoder library libldacBT_bco.so: dlopen failed: library "libldacBT_bco.so" not found
11-05 14:05:06.437 E/a2dp_vendor_ldac( 670): system/bt/stack/a2dp/a2dp_vendor_ldac.cc:1418 init: init: cannot load the decoder
11-05 14:05:06.437 I/a2dp_codec( 670): system/bt/stack/a2dp/a2dp_codec_config.cc:658 init: init: initialized Source codec LDAC
11-05 14:05:06.438 I/a2dp_codec( 670): system/bt/stack/a2dp/a2dp_codec_config.cc:658 init: init: initialized Source codec AAC
11-05 14:05:06.438 I/a2dp_codec( 670): system/bt/stack/a2dp/a2dp_codec_config.cc:658 init: init: initialized Source codec SBC
11-05 14:05:06.438 I/a2dp_codec( 670): system/bt/stack/a2dp/a2dp_codec_config.cc:665 init: init: initialized Sink codec AAC SINK
11-05 14:05:06.438 I/a2dp_codec( 670): system/bt/stack/a2dp/a2dp_codec_config.cc:665 init: init: initialized Sink codec SBC SINK
11-05 14:05:06.438 I/a2dp_codec( 670): system/bt/stack/a2dp/a2dp_codec_config.cc:569 init: init
11-05 14:05:06.438 I/a2dp_codec( 670): system/bt/stack/a2dp/a2dp_codec_config.cc:113 createCodec: createCodec: codec SBC
11-05 14:05:06.438 I/a2dp_codec( 670): system/bt/stack/a2dp/a2dp_codec_config.cc:633 init: init: updated SBC codec priority to 1001
11-05 14:05:06.438 I/a2dp_codec( 670): system/bt/stack/a2dp/a2dp_codec_config.cc:113 createCodec: createCodec: codec AAC
11-05 14:05:06.438 I/a2dp_codec( 670): system/bt/stack/a2dp/a2dp_codec_config.cc:633 init: init: updated AAC codec priority to 2001
11-05 14:05:06.438 I/a2dp_codec( 670): system/bt/stack/a2dp/a2dp_codec_config.cc:113 createCodec: createCodec: codec aptX
11-05 14:05:06.452 E/SupplicantStaIfaceHal( 476): Can't call setupIface, ISupplicantStaIface is null for iface=wlan0
11-05 14:05:06.458 W/hdr10p_Configure( 375): 293 callbacks suppressed
11-05 14:05:06.458 I/ ( 375): DVI mode selected: packets not configured
11-05 14:05:06.459 E/a2dp_vendor_aptx_encoder( 670): system/bt/stack/a2dp/a2dp_vendor_aptx_encoder.cc:123 A2DP_VendorLoadEncoderAptx: A2DP_VendorLoadEncoderAptx: cannot open aptX encoder library libaptX_encoder.so: dlopen failed: library "libaptX_encoder.so" not found
11-05 14:05:06.459 E/a2dp_vendor_aptx( 670): system/bt/stack/a2dp/a2dp_vendor_aptx.cc:465 init: init: cannot load the encoder
11-05 14:05:06.459 I/a2dp_codec( 670): system/bt/stack/a2dp/a2dp_codec_config.cc:113 createCodec: createCodec: codec aptX-HD
11-05 14:05:06.460 E/a2dp_vendor_aptx_hd_encoder( 670): system/bt/stack/a2dp/a2dp_vendor_aptx_hd_encoder.cc:123 A2DP_VendorLoadEncoderAptxHd: A2DP_VendorLoadEncoderAptxHd: cannot open aptX-HD encoder library libaptXHD_encoder.so: dlopen failed: library "libaptXHD_encoder.so" not found
11-05 14:05:06.461 E/a2dp_vendor_aptx_hd( 670): system/bt/stack/a2dp/a2dp_vendor_aptx_hd.cc:483 init: init: cannot load the encoder
11-05 14:05:06.461 I/a2dp_codec( 670): system/bt/stack/a2dp/a2dp_codec_config.cc:113 createCodec: createCodec: codec LDAC
11-05 14:05:06.461 I/a2dp_codec( 670): system/bt/stack/a2dp/a2dp_codec_config.cc:633 init: init: updated LDAC codec priority to 5001
11-05 14:05:06.461 I/a2dp_codec( 670): system/bt/stack/a2dp/a2dp_codec_config.cc:113 createCodec: createCodec: codec SBC SINK
11-05 14:05:06.461 I/a2dp_codec( 670): system/bt/stack/a2dp/a2dp_codec_config.cc:113 createCodec: createCodec: codec AAC SINK
11-05 14:05:06.461 I/a2dp_codec( 670): system/bt/stack/a2dp/a2dp_codec_config.cc:113 createCodec: createCodec: codec LDAC SINK
11-05 14:05:06.462 E/a2dp_vendor_ldac_decoder( 670): system/bt/stack/a2dp/a2dp_vendor_ldac_decoder.cc:134 A2DP_VendorLoadDecoderLdac: A2DP_VendorLoadDecoderLdac: cannot open LDAC decoder library libldacBT_bco.so: dlopen failed: library "libldacBT_bco.so" not found
11-05 14:05:06.462 E/a2dp_vendor_ldac( 670): system/bt/stack/a2dp/a2dp_vendor_ldac.cc:1418 init: init: cannot load the decoder
11-05 14:05:06.462 I/a2dp_codec( 670): system/bt/stack/a2dp/a2dp_codec_config.cc:658 init: init: initialized Source codec LDAC
11-05 14:05:06.462 I/a2dp_codec( 670): system/bt/stack/a2dp/a2dp_codec_config.cc:658 init: init: initialized Source codec AAC
11-05 14:05:06.462 I/a2dp_codec( 670): system/bt/stack/a2dp/a2dp_codec_config.cc:658 init: init: initialized Source codec SBC
11-05 14:05:06.462 I/a2dp_codec( 670): system/bt/stack/a2dp/a2dp_codec_config.cc:665 init: init: initialized Sink codec AAC SINK
11-05 14:05:06.462 I/a2dp_codec( 670): system/bt/stack/a2dp/a2dp_codec_config.cc:665 init: init: initialized Sink codec SBC SINK
11-05 14:05:06.462 I/a2dp_codec( 670): system/bt/stack/a2dp/a2dp_codec_config.cc:569 init: init
11-05 14:05:06.462 I/a2dp_codec( 670): system/bt/stack/a2dp/a2dp_codec_config.cc:113 createCodec: createCodec: codec SBC
11-05 14:05:06.462 I/a2dp_codec( 670): system/bt/stack/a2dp/a2dp_codec_config.cc:633 init: init: updated SBC codec priority to 1001
11-05 14:05:06.462 I/a2dp_codec( 670): system/bt/stack/a2dp/a2dp_codec_config.cc:113 createCodec: createCodec: codec AAC
11-05 14:05:06.462 I/a2dp_codec( 670): system/bt/stack/a2dp/a2dp_codec_config.cc:633 init: init: updated AAC codec priority to 2001
11-05 14:05:06.462 I/a2dp_codec( 670): system/bt/stack/a2dp/a2dp_codec_config.cc:113 createCodec: createCodec: codec aptX
11-05 14:05:06.458 W/set_vsif_config( 375): 293 callbacks suppressed
11-05 14:05:06.458 I/ ( 375): Error: set vsif failed
11-05 14:05:06.459 I/ ( 375): DVI mode selected: packets not configured
11-05 14:05:06.459 I/ ( 375): Error: set vsif failed
11-05 14:05:06.459 I/ ( 375): DVI mode selected: packets not configured
11-05 14:05:06.459 I/ ( 375): Error: set vsif failed
11-05 14:05:06.469 E/ccc ( 1047): cccccc updateHelper 通知更新
11-05 14:05:06.470 E/hq ( 1089): LauncherCallback:::inspect
11-05 14:05:06.471 E/Trigger ( 1089): ContinuousTrigger register 0: AdCallback 队列name: launcer
11-05 14:05:06.471 E/Trigger ( 1089): ContinuousTrigger autoStart 队列name: launcer
11-05 14:05:06.471 E/Trigger ( 1089): ContinuousTrigger current:null next: AdCallback 队列name: launcer
11-05 14:05:06.471 E/hq ( 1089): AdHelper:::后台配置是否展现广告: true
11-05 14:05:06.471 E/ccc ( 1047): cccccc updateHelper 通知更新
11-05 14:05:06.472 I/android_os_HwBinder( 476): HwBinder: Starting thread pool for getting: android.hardware.wifi.supplicant@1.0::ISupplicant/default
11-05 14:05:06.473 E/a2dp_vendor_aptx_encoder( 670): system/bt/stack/a2dp/a2dp_vendor_aptx_encoder.cc:123 A2DP_VendorLoadEncoderAptx: A2DP_VendorLoadEncoderAptx: cannot open aptX encoder library libaptX_encoder.so: dlopen failed: library "libaptX_encoder.so" not found
11-05 14:05:06.475 D/OsInitLaunch( 1089): send cache: launchHome, launchMainActivity, null, 1
11-05 14:05:06.477 E/a2dp_vendor_aptx( 670): system/bt/stack/a2dp/a2dp_vendor_aptx.cc:465 init: init: cannot load the encoder
11-05 14:05:06.478 I/a2dp_codec( 670): system/bt/stack/a2dp/a2dp_codec_config.cc:113 createCodec: createCodec: codec aptX-HD
11-05 14:05:06.480 D/OsInitLaunch( 1089): send cache: mangoAuth, null, AUTH_NO_NETWORK, null
11-05 14:05:06.485 E/a2dp_vendor_aptx_hd_encoder( 670): system/bt/stack/a2dp/a2dp_vendor_aptx_hd_encoder.cc:123 A2DP_VendorLoadEncoderAptxHd: A2DP_VendorLoadEncoderAptxHd: cannot open aptX-HD encoder library libaptXHD_encoder.so: dlopen failed: library "libaptXHD_encoder.so" not found
11-05 14:05:06.485 E/a2dp_vendor_aptx_hd( 670): system/bt/stack/a2dp/a2dp_vendor_aptx_hd.cc:483 init: init: cannot load the encoder
11-05 14:05:06.485 I/a2dp_codec( 670): system/bt/stack/a2dp/a2dp_codec_config.cc:113 createCodec: createCodec: codec LDAC
11-05 14:05:06.485 I/a2dp_codec( 670): system/bt/stack/a2dp/a2dp_codec_config.cc:633 init: init: updated LDAC codec priority to 5001
11-05 14:05:06.485 I/a2dp_codec( 670): system/bt/stack/a2dp/a2dp_codec_config.cc:113 createCodec: createCodec: codec SBC SINK
11-05 14:05:06.485 I/a2dp_codec( 670): system/bt/stack/a2dp/a2dp_codec_config.cc:113 createCodec: createCodec: codec AAC SINK
11-05 14:05:06.485 I/a2dp_codec( 670): system/bt/stack/a2dp/a2dp_codec_config.cc:113 createCodec: createCodec: codec LDAC SINK
11-05 14:05:06.487 E/a2dp_vendor_ldac_decoder( 670): system/bt/stack/a2dp/a2dp_vendor_ldac_decoder.cc:134 A2DP_VendorLoadDecoderLdac: A2DP_VendorLoadDecoderLdac: cannot open LDAC decoder library libldacBT_bco.so: dlopen failed: library "libldacBT_bco.so" not found
11-05 14:05:06.487 E/a2dp_vendor_ldac( 670): system/bt/stack/a2dp/a2dp_vendor_ldac.cc:1418 init: init: cannot load the decoder
11-05 14:05:06.487 I/a2dp_codec( 670): system/bt/stack/a2dp/a2dp_codec_config.cc:658 init: init: initialized Source codec LDAC
11-05 14:05:06.487 I/a2dp_codec( 670): system/bt/stack/a2dp/a2dp_codec_config.cc:658 init: init: initialized Source codec AAC
11-05 14:05:06.487 I/a2dp_codec( 670): system/bt/stack/a2dp/a2dp_codec_config.cc:658 init: init: initialized Source codec SBC
11-05 14:05:06.487 I/a2dp_codec( 670): system/bt/stack/a2dp/a2dp_codec_config.cc:665 init: init: initialized Sink codec AAC SINK
11-05 14:05:06.487 I/a2dp_codec( 670): system/bt/stack/a2dp/a2dp_codec_config.cc:665 init: init: initialized Sink codec SBC SINK
11-05 14:05:06.487 I/a2dp_codec( 670): system/bt/stack/a2dp/a2dp_codec_config.cc:569 init: init
11-05 14:05:06.487 I/a2dp_codec( 670): system/bt/stack/a2dp/a2dp_codec_config.cc:113 createCodec: createCodec: codec SBC
11-05 14:05:06.487 I/a2dp_codec( 670): system/bt/stack/a2dp/a2dp_codec_config.cc:633 init: init: updated SBC codec priority to 1001
11-05 14:05:06.487 I/a2dp_codec( 670): system/bt/stack/a2dp/a2dp_codec_config.cc:113 createCodec: createCodec: codec AAC
11-05 14:05:06.487 I/a2dp_codec( 670): system/bt/stack/a2dp/a2dp_codec_config.cc:633 init: init: updated AAC codec priority to 2001
11-05 14:05:06.487 I/a2dp_codec( 670): system/bt/stack/a2dp/a2dp_codec_config.cc:113 createCodec: createCodec: codec aptX
11-05 14:05:06.490 D/wpa_supplicant( 1298): Override interface parameter: ctrl_interface ('(null)' -> '/data/vendor/wifi/wpa/sockets')
11-05 14:05:06.490 D/wpa_supplicant( 1298): Initializing interface 'wlan0' conf '/data/vendor/wifi/wpa/wpa_supplicant.conf' driver 'nl80211' ctrl_interface '/data/vendor/wifi/wpa/sockets' bridge 'N/A'
11-05 14:05:06.490 D/wpa_supplicant( 1298): Configuration file '/data/vendor/wifi/wpa/wpa_supplicant.conf' -> '/data/vendor/wifi/wpa/wpa_supplicant.conf'
11-05 14:05:06.490 D/wpa_supplicant( 1298): Reading configuration file '/data/vendor/wifi/wpa/wpa_supplicant.conf'
11-05 14:05:06.491 D/wpa_supplicant( 1298): ctrl_interface='/data/vendor/wifi/wpa/sockets'
11-05 14:05:06.491 D/wpa_supplicant( 1298): disable_scan_offload=1
11-05 14:05:06.491 D/wpa_supplicant( 1298): update_config=1
11-05 14:05:06.491 D/wpa_supplicant( 1298): p2p_add_cli_chan=1
11-05 14:05:06.491 D/wpa_supplicant( 1298): filter_rssi=-75
11-05 14:05:06.491 D/wpa_supplicant( 1298): pmf=1
11-05 14:05:06.491 D/wpa_supplicant( 1298): external_sim=1
11-05 14:05:06.491 D/wpa_supplicant( 1298): wowlan_triggers='any'
11-05 14:05:06.491 D/wpa_supplicant( 1298): gas_rand_addr_lifetime=0
11-05 14:05:06.491 D/wpa_supplicant( 1298): gas_rand_mac_addr=1
11-05 14:05:06.491 E/ccc ( 1047): cccccc updateHelper 通知更新
11-05 14:05:06.491 D/wpa_supplicant( 1298): Line: 12 - start of a new network block
11-05 14:05:06.491 D/wpa_supplicant( 1298): ssid - hexdump(len=4): 72 65 64 35
11-05 14:05:06.491 D/wpa_supplicant( 1298): scan_ssid=1 (0x1)
11-05 14:05:06.491 D/wpa_supplicant( 1298): PSK - hexdump(len=32): [REMOVED]
11-05 14:05:06.491 D/wpa_supplicant( 1298): sae_password - hexdump(len=8): [REMOVED]
11-05 14:05:06.491 D/wpa_supplicant( 1298): proto: 0x2
11-05 14:05:06.491 D/wpa_supplicant( 1298): key_mgmt: 0x400
11-05 14:05:06.493 D/wpa_supplicant( 1298): pairwise: 0x50
11-05 14:05:06.493 D/wpa_supplicant( 1298): group: 0x50
11-05 14:05:06.493 D/wpa_supplicant( 1298): ieee80211w=2 (0x2)
11-05 14:05:06.493 D/wpa_supplicant( 1298): id_str - hexdump(len=86): 25 37 42 25 32 32 63 6f 6e 66 69 67 4b 65 79 25 32 32 25 33 41 25 32 32 25 35 43 25 32 32 72 65 ...
11-05 14:05:06.493 D/wpa_supplicant( 1298): Priority group 0
11-05 14:05:06.493 D/wpa_supplicant( 1298): id=0 ssid='red5'
11-05 14:05:06.493 D/wpa_supplicant( 1298): Reading configuration file '/vendor/etc/wifi/wpa_supplicant_overlay.conf'
11-05 14:05:06.494 D/wpa_supplicant( 1298): disable_scan_offload=1
11-05 14:05:06.494 D/wpa_supplicant( 1298): p2p_disabled=0
11-05 14:05:06.494 D/wpa_supplicant( 1298): filter_rssi=-75
11-05 14:05:06.494 D/wpa_supplicant( 1298): no_ctrl_interface -> ctrl_interface=NULL
11-05 14:05:06.494 D/wpa_supplicant( 1298): Priority group 0
11-05 14:05:06.494 D/wpa_supplicant( 1298): id=0 ssid='red5'
11-05 14:05:06.507 I/ ( 375): DVI mode selected: packets not configured
11-05 14:05:06.507 I/ ( 375): Error: set vsif failed
11-05 14:05:06.507 I/ ( 375): DVI mode selected: packets not configured
11-05 14:05:06.507 I/ ( 375): Error: set vsif failed
11-05 14:05:06.507 I/ ( 375): DVI mode selected: packets not configured
11-05 14:05:06.507 I/ ( 375): Error: set vsif failed
11-05 14:05:06.499 D/wpa_supplicant( 1298): nl80211: Supported cipher 00-0f-ac:1
11-05 14:05:06.501 D/wpa_supplicant( 1298): nl80211: Supported cipher 00-0f-ac:5
11-05 14:05:06.501 D/wpa_supplicant( 1298): nl80211: Supported cipher 00-0f-ac:2
11-05 14:05:06.501 D/wpa_supplicant( 1298): nl80211: Supported cipher 00-0f-ac:4
11-05 14:05:06.501 D/wpa_supplicant( 1298): nl80211: Supported cipher 00-14-72:1
11-05 14:05:06.501 D/wpa_supplicant( 1298): nl80211: Supported cipher 00-0f-ac:6
11-05 14:05:06.501 D/wpa_supplicant( 1298): nl80211: Supported cipher 00-0f-ac:255
11-05 14:05:06.502 D/wpa_supplicant( 1298): nl80211: Supported vendor command: vendor_id=0x1374 subcmd=9
11-05 14:05:06.502 D/wpa_supplicant( 1298): nl80211: Supported vendor command: vendor_id=0x1374 subcmd=12
11-05 14:05:06.502 D/wpa_supplicant( 1298): nl80211: Supported vendor command: vendor_id=0x1374 subcmd=14
11-05 14:05:06.502 D/wpa_supplicant( 1298): nl80211: Supported vendor command: vendor_id=0x1374 subcmd=15
11-05 14:05:06.502 D/wpa_supplicant( 1298): nl80211: Supported vendor command: vendor_id=0x1374 subcmd=16
11-05 14:05:06.502 D/wpa_supplicant( 1298): nl80211: Supported vendor command: vendor_id=0x1374 subcmd=20
11-05 14:05:06.502 D/wpa_supplicant( 1298): nl80211: Supported vendor command: vendor_id=0x1a11 subcmd=6
11-05 14:05:06.502 D/wpa_supplicant( 1298): nl80211: Supported vendor command: vendor_id=0x1374 subcmd=21
11-05 14:05:06.502 D/wpa_supplicant( 1298): nl80211: Supported vendor command: vendor_id=0x1374 subcmd=22
11-05 14:05:06.502 D/wpa_supplicant( 1298): nl80211: Supported vendor command: vendor_id=0x1374 subcmd=23
11-05 14:05:06.502 D/wpa_supplicant( 1298): nl80211: Supported vendor command: vendor_id=0x1374 subcmd=24
11-05 14:05:06.502 D/wpa_supplicant( 1298): nl80211: Supported vendor command: vendor_id=0x1374 subcmd=29
11-05 14:05:06.502 D/wpa_supplicant( 1298): nl80211: Supported vendor command: vendor_id=0x1374 subcmd=30
11-05 14:05:06.502 D/wpa_supplicant( 1298): nl80211: Supported vendor command: vendor_id=0x1374 subcmd=32
11-05 14:05:06.502 D/wpa_supplicant( 1298): nl80211: Supported vendor command: vendor_id=0x1374 subcmd=33
11-05 14:05:06.502 D/wpa_supplicant( 1298): nl80211: Supported vendor command: vendor_id=0x1374 subcmd=38
11-05 14:05:06.502 D/wpa_supplicant( 1298): nl80211: Supported vendor command: vendor_id=0x1374 subcmd=39
11-05 14:05:06.502 D/wpa_supplicant( 1298): nl80211: Supported vendor command: vendor_id=0x1374 subcmd=42
11-05 14:05:06.502 D/wpa_supplicant( 1298): nl80211: Supported vendor command: vendor_id=0x1374 subcmd=55
11-05 14:05:06.502 D/wpa_supplicant( 1298): nl80211: Supported vendor command: vendor_id=0x1374 subcmd=61
11-05 14:05:06.502 D/wpa_supplicant( 1298): nl80211: Supported vendor command: vendor_id=0x1374 subcmd=62
11-05 14:05:06.502 D/wpa_supplicant( 1298): nl80211: Supported vendor command: vendor_id=0x1374 subcmd=63
11-05 14:05:06.502 D/wpa_supplicant( 1298): nl80211: Supported vendor command: vendor_id=0x1374 subcmd=64
11-05 14:05:06.502 D/wpa_supplicant( 1298): nl80211: Supported vendor command: vendor_id=0x1374 subcmd=65
11-05 14:05:06.502 D/wpa_supplicant( 1298): nl80211: Supported vendor command: vendor_id=0x1374 subcmd=66
11-05 14:05:06.502 D/wpa_supplicant( 1298): nl80211: Supported vendor command: vendor_id=0x1374 subcmd=69
11-05 14:05:06.502 D/wpa_supplicant( 1298): nl80211: Supported vendor command: vendor_id=0x1374 subcmd=70
11-05 14:05:06.502 D/wpa_supplicant( 1298): nl80211: Supported vendor command: vendor_id=0x1374 subcmd=71
11-05 14:05:06.502 D/wpa_supplicant( 1298): nl80211: Supported vendor command: vendor_id=0x1374 subcmd=76
11-05 14:05:06.502 D/wpa_supplicant( 1298): nl80211: Supported vendor command: vendor_id=0x1374 subcmd=77
11-05 14:05:06.502 D/wpa_supplicant( 1298): nl80211: Supported vendor command: vendor_id=0x1374 subcmd=79
11-05 14:05:06.502 D/wpa_supplicant( 1298): nl80211: Supported vendor command: vendor_id=0x1374 subcmd=80
11-05 14:05:06.502 D/wpa_supplicant( 1298): nl80211: Supported vendor command: vendor_id=0x1374 subcmd=82
11-05 14:05:06.502 D/wpa_supplicant( 1298): nl80211: Supported vendor command: vendor_id=0x1374 subcmd=85
11-05 14:05:06.502 D/wpa_supplicant( 1298): nl80211: Supported vendor command: vendor_id=0x1374 subcmd=146
11-05 14:05:06.502 D/wpa_supplicant( 1298): nl80211: Supported vendor command: vendor_id=0x1374 subcmd=12
11-05 14:05:06.502 D/wpa_supplicant( 1298): nl80211: Supported vendor command: vendor_id=0x1374 subcmd=128
11-05 14:05:06.502 D/wpa_supplicant( 1298): nl80211: Supported vendor command: vendor_id=0x1374 subcmd=129
11-05 14:05:06.502 D/wpa_supplicant( 1298): nl80211: Supported vendor command: vendor_id=0x1374 subcmd=130
11-05 14:05:06.502 D/wpa_supplicant( 1298): nl80211: Supported vendor command: vendor_id=0x1374 subcmd=133
11-05 14:05:06.502 D/wpa_supplicant( 1298): nl80211: Supported vendor command: vendor_id=0x1374 subcmd=176
11-05 14:05:06.502 D/wpa_supplicant( 1298): nl80211: Supported vendor event: vendor_id=0x1374 subcmd=80
11-05 14:05:06.502 D/wpa_supplicant( 1298): nl80211: Supported vendor event: vendor_id=0x1374 subcmd=1
11-05 14:05:06.502 D/wpa_supplicant( 1298): nl80211: Supported vendor event: vendor_id=0x1374 subcmd=1
11-05 14:05:06.502 D/wpa_supplicant( 1298): nl80211: Supported vendor event: vendor_id=0x1374 subcmd=1
11-05 14:05:06.502 D/wpa_supplicant( 1298): nl80211: Supported vendor event: vendor_id=0x1374 subcmd=1
11-05 14:05:06.502 D/wpa_supplicant( 1298): nl80211: Supported vendor event: vendor_id=0x1374 subcmd=1
11-05 14:05:06.502 D/wpa_supplicant( 1298): nl80211: Supported vendor event: vendor_id=0x1374 subcmd=20
11-05 14:05:06.502 D/wpa_supplicant( 1298): nl80211: Supported vendor event: vendor_id=0x1374 subcmd=21
11-05 14:05:06.502 D/wpa_supplicant( 1298): nl80211: Supported vendor event: vendor_id=0x1374 subcmd=23
11-05 14:05:06.502 D/wpa_supplicant( 1298): nl80211: Supported vendor event: vendor_id=0x1374 subcmd=24
11-05 14:05:06.502 D/wpa_supplicant( 1298): nl80211: Supported vendor event: vendor_id=0x1374 subcmd=25
11-05 14:05:06.502 D/wpa_supplicant( 1298): nl80211: Supported vendor event: vendor_id=0x1374 subcmd=26
11-05 14:05:06.502 D/wpa_supplicant( 1298): nl80211: Supported vendor event: vendor_id=0x1374 subcmd=27
11-05 14:05:06.502 D/wpa_supplicant( 1298): nl80211: Supported vendor event: vendor_id=0x1374 subcmd=28
11-05 14:05:06.502 D/wpa_supplicant( 1298): nl80211: Supported vendor event: vendor_id=0x1374 subcmd=41
11-05 14:05:06.502 D/wpa_supplicant( 1298): nl80211: Supported vendor event: vendor_id=0x1374 subcmd=29
11-05 14:05:06.502 D/wpa_supplicant( 1298): nl80211: Supported vendor event: vendor_id=0x1374 subcmd=30
11-05 14:05:06.502 D/wpa_supplicant( 1298): nl80211: Supported vendor event: vendor_id=0x1374 subcmd=31
11-05 14:05:06.502 D/wpa_supplicant( 1298): nl80211: Supported vendor event: vendor_id=0x1374 subcmd=32
11-05 14:05:06.502 D/wpa_supplicant( 1298): nl80211: Supported vendor event: vendor_id=0x1374 subcmd=33
11-05 14:05:06.502 D/wpa_supplicant( 1298): nl80211: Supported vendor event: vendor_id=0x0 subcmd=0
11-05 14:05:06.502 D/wpa_supplicant( 1298): nl80211: Supported vendor event: vendor_id=0x0 subcmd=0
11-05 14:05:06.502 D/wpa_supplicant( 1298): nl80211: Supported vendor event: vendor_id=0x0 subcmd=0
11-05 14:05:06.503 D/wpa_supplicant( 1298): nl80211: Supported vendor event: vendor_id=0x0 subcmd=0
11-05 14:05:06.503 D/wpa_supplicant( 1298): nl80211: Supported vendor event: vendor_id=0x0 subcmd=0
