11-05 14:04:56.226 I/SystemServiceManager( 476): Starting com.android.server.os.DeviceIdentifiersPolicyService
11-05 14:04:56.228 I/SystemConfig( 476): Reading permissions from /vendor/etc/permissions/android.hardware.vulkan.version.xml
11-05 14:04:56.228 I/SystemServerTiming( 476): UriGrantsManagerService
11-05 14:04:56.228 I/SystemServiceManager( 476): Starting com.android.server.uri.UriGrantsManagerService$Lifecycle
11-05 14:04:56.230 I/SystemConfig( 476): Reading permissions from /vendor/etc/permissions/android.hardware.wifi.xml
11-05 14:04:56.233 I/SystemConfig( 476): Reading permissions from /vendor/etc/permissions/android.hardware.ethernet.xml
11-05 14:04:56.234 I/SystemServerTiming( 476): StartPowerStatsService
11-05 14:04:56.234 I/SystemServiceManager( 476): Starting com.android.server.powerstats.PowerStatsService
11-05 14:04:56.236 I/SystemConfig( 476): Reading permissions from /vendor/etc/permissions/android.hardware.wifi.direct.xml
11-05 14:04:56.238 E/servicemanager( 178): Could not find android.hardware.power.stats.IPowerStats/default in the VINTF manifest.
11-05 14:04:56.238 I/SystemConfig( 476): Reading permissions from /vendor/etc/permissions/android.hardware.vulkan.compute.xml
11-05 14:04:56.240 I/SystemConfig( 476): Reading permissions from /vendor/etc/permissions/android.hardware.wifi.passpoint.xml
11-05 14:04:56.241 I/hwservicemanager( 180): getTransport: Cannot find entry android.hardware.power.stats@1.0::IPowerStats/default in either framework or device VINTF manifest.
11-05 14:04:56.242 E/PowerStatsService( 476): Unable to get power.stats HAL service.
11-05 14:04:56.242 E/PowerStatsService( 476): nativeInit failed to connect to power.stats HAL
11-05 14:04:56.243 I/SystemServerTiming( 476): StartIStatsService
11-05 14:04:56.243 I/SystemConfig( 476): Reading permissions from /vendor/etc/permissions/android.hardware.camera.external.xml
11-05 14:04:56.244 I/hwservicemanager( 180): getTransport: Cannot find entry android.frameworks.stats@1.0::IStats/default in either framework or device VINTF manifest.
11-05 14:04:56.244 E/HidlServiceManagement( 476): Service android.frameworks.stats@1.0::IStats/default must be in VINTF manifest in order to register/get.
11-05 14:04:56.244 W/system_server( 476): Cannot register HIDL android.frameworks.stats@1.0::IStats: -2147483648
11-05 14:04:56.245 I/servicemanager( 178): Found android.frameworks.stats.IStats/default in framework VINTF manifest.
11-05 14:04:56.246 I/SystemConfig( 476): Reading permissions from /vendor/etc/permissions/android.software.vulkan.deqp.level.xml
11-05 14:04:56.247 I/SystemServerTiming( 476): MemtrackProxyService
11-05 14:04:56.248 I/hwservicemanager( 180): getTransport: Cannot find entry android.hardware.memtrack@1.0::IMemtrack/default in either framework or device VINTF manifest.
11-05 14:04:56.249 E/servicemanager( 178): Could not find android.hardware.memtrack.IMemtrack/default in the VINTF manifest.
11-05 14:04:56.249 I/SystemConfig( 476): Reading permissions from /vendor/etc/permissions/android.software.opengles.deqp.level.xml
11-05 14:04:56.250 I/Stability( 476): Interface set with vintf stability wire protocol version 1 downgraded to system stability wire protocol version 1 stability
11-05 14:04:56.252 D/BootAnimation( 519): BootAnimationShownTiming start time: 11180ms
11-05 14:04:56.252 I/SystemServerTiming( 476): StartActivityManager
11-05 14:04:56.252 I/SystemServiceManager( 476): Starting com.android.server.wm.ActivityTaskManagerService$Lifecycle
11-05 14:04:56.253 I/SystemConfig( 476): Reading permissions from /vendor/etc/permissions/android.hardware.reboot_escrow.xml
11-05 14:04:56.256 I/SystemConfig( 476): Reading permissions from /vendor/etc/permissions/android.hardware.hardware_keystore.xml
11-05 14:04:56.258 I/SystemConfig( 476): Reading permissions from /vendor/etc/permissions/android.hardware.camera.front.xml
11-05 14:04:56.266 I/SystemServiceManager( 476): Starting com.android.server.am.ActivityManagerService$Lifecycle
11-05 14:04:56.268 I/SystemConfig( 476): Reading permissions from /product/etc/sysconfig/preinstalled-packages-platform-overlays.xml
11-05 14:04:56.274 I/SystemConfig( 476): Reading permissions from /product/etc/sysconfig/preinstalled-packages-platform-handheld-product.xml
11-05 14:04:56.279 I/SystemConfig( 476): Reading permissions from /product/etc/permissions/com.android.tv.xml
11-05 14:04:56.282 I/SystemConfig( 476): Reading permissions from /product/etc/permissions/com.android.settings.intelligence.xml
11-05 14:04:56.284 W/SystemConfig( 476): No directory /system_ext/etc/sysconfig, skipping
11-05 14:04:56.286 I/SystemConfig( 476): Reading permissions from /system_ext/etc/permissions/com.android.provision.xml
11-05 14:04:56.288 I/SystemConfig( 476): Reading permissions from /system_ext/etc/permissions/provision-permissions.xml
11-05 14:04:56.291 I/ActivityManager( 476): Memory class: 256
11-05 14:04:56.294 I/SystemConfig( 476): Reading permissions from /system_ext/etc/permissions/com.android.tv.settings.xml
11-05 14:04:56.297 I/Binder ( 476): Setting heavy hitter watcher config: false, 0, 0.0
11-05 14:04:56.304 I/SystemConfig( 476): Reading permissions from /system_ext/etc/permissions/privapp-settingssetup.xml
11-05 14:04:56.308 I/SystemConfig( 476): Reading permissions from /system_ext/etc/permissions/com.android.storagemanager.xml
11-05 14:04:56.313 I/SystemConfig( 476): Reading permissions from /system_ext/etc/permissions/com.android.carrierconfig.xml
11-05 14:04:56.316 I/SystemConfig( 476): Reading permissions from /system_ext/etc/permissions/com.android.systemui.xml
11-05 14:04:56.319 I/SystemConfig( 476): Reading permissions from /system_ext/etc/permissions/com.softwinner.screenshot.xml
11-05 14:04:56.319 I/hwservicemanager( 180): getTransport: Cannot find entry android.hardware.graphics.mapper@4.0::IMapper/default in either framework or device VINTF manifest.
11-05 14:04:56.319 I/Gralloc4( 519): mapper 4.x is not supported
11-05 14:04:56.320 I/hwservicemanager( 180): getTransport: Cannot find entry android.hardware.graphics.mapper@3.0::IMapper/default in either framework or device VINTF manifest.
11-05 14:04:56.320 W/Gralloc3( 519): mapper 3.x is not supported
11-05 14:04:56.325 I/SystemConfig( 476): Reading permissions from /apex/com.android.ipsec/etc/permissions/android.net.ipsec.ike.xml
11-05 14:04:56.327 E/gralloc ( 519): Arm Module v1.0
11-05 14:04:56.328 I/hwservicemanager( 180): getTransport: Cannot find entry android.hardware.graphics.allocator@4.0::IAllocator/default in either framework or device VINTF manifest.
11-05 14:04:56.329 W/Gralloc4( 519): allocator 4.x is not supported
11-05 14:04:56.329 I/hwservicemanager( 180): getTransport: Cannot find entry android.hardware.graphics.allocator@3.0::IAllocator/default in either framework or device VINTF manifest.
11-05 14:04:56.329 W/Gralloc3( 519): allocator 3.x is not supported
11-05 14:04:56.334 I/gralloc ( 255): alloc buffer:W:1920 H:1080 S:1920 PL[1920 1080] SZ:8294400 fmt:43 if:0 af:43 usg:20000b00 fg:00000004
11-05 14:04:56.335 E/ion ( 519): ioctl c0044901 failed with code -1: Inappropriate ioctl for device
11-05 14:04:56.338 W/SystemConfig( 476): Failed to read public libraries file /vendor/etc/public.libraries.txt
11-05 14:04:56.338 W/SystemConfig( 476): java.io.FileNotFoundException: /vendor/etc/public.libraries.txt: open failed: ENOENT (No such file or directory)
11-05 14:04:56.338 W/SystemConfig( 476): at libcore.io.IoBridge.open(IoBridge.java:575)
11-05 14:04:56.338 W/SystemConfig( 476): at java.io.FileInputStream.(FileInputStream.java:160)
11-05 14:04:56.338 W/SystemConfig( 476): at java.io.FileReader.(FileReader.java:72)
11-05 14:04:56.338 W/SystemConfig( 476): at com.android.server.SystemConfig.readPublicLibrariesListFile(SystemConfig.java:1601)
11-05 14:04:56.338 W/SystemConfig( 476): at com.android.server.SystemConfig.readPublicNativeLibrariesList(SystemConfig.java:1583)
11-05 14:04:56.338 W/SystemConfig( 476): at com.android.server.SystemConfig.(SystemConfig.java:484)
11-05 14:04:56.338 W/SystemConfig( 476): at com.android.server.SystemConfig.getInstance(SystemConfig.java:272)
11-05 14:04:56.338 W/SystemConfig( 476): at com.android.server.SystemServer$$ExternalSyntheticLambda7.run(Unknown Source:0)
11-05 14:04:56.338 W/SystemConfig( 476): at com.android.server.SystemServerInitThreadPool.lambda$submitTask$0$SystemServerInitThreadPool(SystemServerInitThreadPool.java:105)
11-05 14:04:56.338 W/SystemConfig( 476): at com.android.server.SystemServerInitThreadPool$$ExternalSyntheticLambda0.run(Unknown Source:6)
11-05 14:04:56.338 W/SystemConfig( 476): at java.util.concurrent.Executors$RunnableAdapter.call(Executors.java:462)
11-05 14:04:56.338 W/SystemConfig( 476): at java.util.concurrent.FutureTask.run(FutureTask.java:266)
11-05 14:04:56.338 W/SystemConfig( 476): at java.util.concurrent.ThreadPoolExecutor.runWorker(ThreadPoolExecutor.java:1167)
11-05 14:04:56.338 W/SystemConfig( 476): at java.util.concurrent.ThreadPoolExecutor$Worker.run(ThreadPoolExecutor.java:641)
11-05 14:04:56.338 W/SystemConfig( 476): at com.android.internal.util.ConcurrentUtils$1$1.run(ConcurrentUtils.java:65)
11-05 14:04:56.338 W/SystemConfig( 476): Caused by: android.system.ErrnoException: open failed: ENOENT (No such file or directory)
11-05 14:04:56.338 W/SystemConfig( 476): at libcore.io.Linux.open(Native Method)
11-05 14:04:56.338 W/SystemConfig( 476): at libcore.io.ForwardingOs.open(ForwardingOs.java:567)
11-05 14:04:56.338 W/SystemConfig( 476): at libcore.io.BlockGuardOs.open(BlockGuardOs.java:273)
11-05 14:04:56.338 W/SystemConfig( 476): at libcore.io.IoBridge.open(IoBridge.java:561)
11-05 14:04:56.338 W/SystemConfig( 476): ... 14 more
11-05 14:04:56.340 D/SystemServerInitThreadPool( 476): Finished executing ReadingSystemConfig
11-05 14:04:56.376 I/SurfaceFlinger( 271): Enter boot animation
11-05 14:04:56.378 E/ion ( 256): ioctl c0044901 failed with code -1: Inappropriate ioctl for device
11-05 14:04:56.381 W/Zygote ( 476): Class not found for preloading: android.view.SurfaceView$2
11-05 14:04:56.386 I/ ( 375): DVI mode selected: packets not configured
11-05 14:04:56.386 I/ ( 375): Error: set vsif failed
11-05 14:04:56.400 D/BatteryStatsImpl( 476): Reading daily items from /data/system/batterystats-daily.xml
11-05 14:04:56.429 I/hwservicemanager( 180): getTransport: Cannot find entry android.hardware.power.stats@1.0::IPowerStats/default in either framework or device VINTF manifest.
11-05 14:04:56.429 E/BatteryStatsService( 476): Unable to load Power.Stats.HAL. Setting rail availability to false
11-05 14:04:56.429 I/gralloc ( 255): alloc buffer:W:1920 H:1080 S:1920 PL[1920 1080] SZ:8294400 fmt:43 if:0 af:43 usg:20000b00 fg:00000004
11-05 14:04:56.431 E/BluetoothAdapter( 476): Bluetooth binder is null
11-05 14:04:56.432 I/KernelCpuUidFreqTimeReader( 476): mPerClusterTimesAvailable=false
11-05 14:04:56.440 W/KernelCpuUidFreqTimeBpfMapReader( 476): Failed to start tracking
11-05 14:04:56.441 W/KernelCpuProcStringReader( 476): File not found. It's normal if not implemented: /proc/uid_time_in_state
11-05 14:04:56.449 I/ ( 375): DVI mode selected: packets not configured
11-05 14:04:56.449 I/ ( 375): Error: set vsif failed
11-05 14:04:56.444 W/KernelCpuUidActiveTimeBpfMapReader( 476): Failed to start tracking
11-05 14:04:56.445 W/KernelCpuProcStringReader( 476): File not found. It's normal if not implemented: /proc/uid_concurrent_active_time
11-05 14:04:56.446 W/KernelCpuUidClusterTimeBpfMapReader( 476): Failed to start tracking
11-05 14:04:56.447 W/KernelCpuProcStringReader( 476): File not found. It's normal if not implemented: /proc/uid_concurrent_policy_time
11-05 14:04:56.448 E/KernelCpuSpeedReader( 476): Failed to read cpu-freq: /sys/devices/system/cpu/cpu0/cpufreq/stats/time_in_state: open failed: ENOENT (No such file or directory)
11-05 14:04:56.448 E/system_server( 476): Cannot read thread CPU times for PID 476
11-05 14:04:56.448 I/Binder:202_2( 202): type=1400 audit(0.0:297): avc: denied { read } for name="event_count" dev="sysfs" ino=22766 scontext=u:r:system_suspend:s0 tcontext=u:object_r:sysfs:s0 tclass=file permissive=1
11-05 14:04:56.448 I/Binder:202_2( 202): type=1400 audit(0.0:298): avc: denied { open } for path="/sys/devices/platform/soc@3000000/7040000.s_cir/wakeup/wakeup4/event_count" dev="sysfs" ino=22766 scontext=u:r:system_suspend:s0 tcontext=u:object_r:sysfs:s0 tclass=file permissive=1
11-05 14:04:56.448 I/Binder:202_2( 202): type=1400 audit(0.0:299): avc: denied { getattr } for path="/sys/devices/platform/soc@3000000/7040000.s_cir/wakeup/wakeup4/event_count" dev="sysfs" ino=22766 scontext=u:r:system_suspend:s0 tcontext=u:object_r:sysfs:s0 tclass=file permissive=1
11-05 14:04:56.462 W/KernelMemoryBandwidthStats( 476): No kernel memory bandwidth stats available
11-05 14:04:56.518 I/ ( 375): DVI mode selected: packets not configured
11-05 14:04:56.518 I/ ( 375): Error: set vsif failed
11-05 14:04:56.582 I/ ( 375): DVI mode selected: packets not configured
11-05 14:04:56.582 I/ ( 375): Error: set vsif failed
11-05 14:04:56.632 I/ ( 375): DVI mode selected: packets not configured
11-05 14:04:56.632 I/ ( 375): Error: set vsif failed
11-05 14:04:56.627 I/Zygote ( 476): ...preloaded 7337 classes in 1054ms.
11-05 14:04:56.629 I/Zygote ( 476): Called ZygoteHooks.endPreload()
11-05 14:04:56.630 I/Zygote ( 476): Installed AndroidKeyStoreProvider in 1ms.
11-05 14:04:56.650 I/Zygote ( 476): Warmed up JCA providers in 20ms.
11-05 14:04:56.650 D/Zygote ( 476): Zygote:ThreadPreadloadClass took 1082ms.
11-05 14:04:56.659 I/IntentFirewall( 476): Read new rules (A:0 B:0 S:0)
11-05 14:04:56.679 E/libprocessgroup( 476): Failed to open /dev/memcg/apps: Permission denied
11-05 14:04:56.683 I/ ( 375): DVI mode selected: packets not configured
11-05 14:04:56.683 I/ ( 375): Error: set vsif failed
11-05 14:04:56.682 D/AppOps ( 476): AppOpsService published
11-05 14:04:56.684 I/SystemServerTiming( 476): StartDataLoaderManagerService
11-05 14:04:56.684 I/SystemServiceManager( 476): Starting com.android.server.pm.DataLoaderManagerService
11-05 14:04:56.687 I/SystemServerTiming( 476): StartIncrementalService
11-05 14:04:56.693 I/incfs-mounts( 476): [incfs] Loaded incremental-fs mount info: 0 instances, 0 mount points
11-05 14:04:56.695 I/SystemServerTiming( 476): StartPowerManager
11-05 14:04:56.695 I/SystemServiceManager( 476): Starting com.android.server.power.PowerManagerService
11-05 14:04:56.707 I/servicemanager( 178): Found android.hardware.power.IPower/default in device VINTF manifest.
11-05 14:04:56.712 I/hw-BpHwBinder( 180): onLastStrongRef automatically unlinking death recipients
11-05 14:04:56.716 I/AW_PowerHAL( 259): Power setMode: INTERACTIVE to: 1
11-05 14:04:56.716 I/AW_PowerHAL( 259): not completed yet, ignore mode request other
11-05 14:04:56.717 I/AW_PowerHAL( 259): check: Mode 0 not Supported ,do nothing
11-05 14:04:56.720 I/SystemServerTiming( 476): StartThermalManager
11-05 14:04:56.720 I/SystemServiceManager( 476): Starting com.android.server.power.ThermalManagerService
11-05 14:04:56.721 I/SystemServerTiming( 476): StartHintManager
11-05 14:04:56.721 I/SystemServiceManager( 476): Starting com.android.server.power.hint.HintManagerService
11-05 14:04:56.723 E/PowerHalController( 476): getHintSessionPreferredRate failed: Status(-129, EX_TRANSACTION_FAILED): 'UNKNOWN_TRANSACTION: '
11-05 14:04:56.725 I/SystemServerTiming( 476): InitPowerManagement
11-05 14:04:56.729 I/SystemServerTiming( 476): StartRecoverySystemService
11-05 14:04:56.730 I/SystemServiceManager( 476): Starting com.android.server.recoverysystem.RecoverySystemService$Lifecycle
11-05 14:04:56.735 I/ ( 375): DVI mode selected: packets not configured
11-05 14:04:56.735 I/ ( 375): Error: set vsif failed
11-05 14:04:56.733 I/PackageWatchdog( 476): Syncing state, reason: added new observer
11-05 14:04:56.733 I/PackageWatchdog( 476): Not pruning observers, elapsed time: 0ms
11-05 14:04:56.734 I/PackageWatchdog( 476): Saving observer state to file
11-05 14:04:56.735 I/PackageWatchdog( 476): Cancelling state sync, nothing to sync
11-05 14:04:56.742 I/SystemServerTiming( 476): StartLightsService
11-05 14:04:56.742 I/SystemServiceManager( 476): Starting com.android.server.lights.LightsService
11-05 14:04:56.745 I/servicemanager( 178): Found android.hardware.light.ILights/default in device VINTF manifest.
11-05 14:04:56.747 I/android.hardware.lights-service( 258): Lights reporting supported lights size=1
11-05 14:04:56.749 I/SystemServerTiming( 476): StartSidekickService
11-05 14:04:56.749 I/SystemServerTiming( 476): StartDisplayManager
11-05 14:04:56.749 I/SystemServiceManager( 476): Starting com.android.server.display.DisplayManagerService
11-05 14:04:56.770 E/HWComposer( 271): getSupportedContentTypes: getSupportedContentTypes failed for display 0: Unsupported (8)
11-05 14:04:56.771 I/SystemServerTiming( 476): WaitForDisplay
11-05 14:04:56.771 I/SystemServiceManager( 476): Starting phase 100
11-05 14:04:56.771 I/SystemServerTiming( 476): OnBootPhase_100
11-05 14:04:56.787 I/DisplayDeviceRepository( 476): Display device added: DisplayDeviceInfo{"内置屏幕": uniqueId="local:0", 1920 x 1080, modeId 1, defaultModeId 1, supportedModes [{id=1, width=1920, height=1080, fps=60.000004, alternativeRefreshRates=[]}], colorMode 0, supportedColorModes [0], hdrCapabilities HdrCapabilities{mSupportedHdrTypes=[2, 3], mMaxLuminance=500.0, mMaxAverageLuminance=500.0, mMinLuminance=0.0}, allmSupported false, gameContentTypeSupported false, density 240, 0.16 x 0.16 dpi, appVsyncOff 1000000, presDeadline 16666666, touch INTERNAL, rotation 0, type INTERNAL, address {port=0}, deviceProductInfo null, state UNKNOWN, frameRateOverride , brightnessMinimum 0.0, brightnessMaximum 1.0, brightnessDefault 0.39763778, FLAG_DEFAULT_DISPLAY, FLAG_ROTATES_WITH_CONTENT, FLAG_SECURE, FLAG_SUPPORTS_PROTECTED_BUFFERS}
11-05 14:04:56.789 I/LogicalDisplayMapper( 476): Applying layout: [{addr: {port=0}, dispId: 0(ON)}], Previous layout: null
11-05 14:04:56.794 I/LogicalDisplayMapper( 476): Adding new display: 0: DisplayInfo{"内置屏幕", displayId 0", displayGroupId -1, FLAG_SECURE, FLAG_SUPPORTS_PROTECTED_BUFFERS, FLAG_TRUSTED, real 1920 x 1080, largest app 1920 x 1080, smallest app 1920 x 1080, appVsyncOff 1000000, presDeadline 16666666, mode 1, defaultMode 1, modes [{id=1, width=1920, height=1080, fps=60.000004, alternativeRefreshRates=[]}], hdrCapabilities HdrCapabilities{mSupportedHdrTypes=[2, 3], mMaxLuminance=500.0, mMaxAverageLuminance=500.0, mMinLuminance=0.0}, userDisabledHdrTypes [], minimalPostProcessingSupported false, rotation 0, state UNKNOWN, type INTERNAL, uniqueId "local:0", app 1920 x 1080, density 240 (0.16 x 0.16) dpi, layerStack 0, colorMode 0, supportedColorModes [0], address {port=0}, deviceProductInfo null, removeMode 0, refreshRateOverride 0.0, brightnessMinimum 0.0, brightnessMaximum 1.0, brightnessDefault 0.39763778}
11-05 14:04:56.795 I/LogicalDisplayMapper( 476): Setting new display group 0 for display 0, from previous group: null
11-05 14:04:56.799 I/ ( 375): DVI mode selected: packets not configured
11-05 14:04:56.799 I/ ( 375): Error: set vsif failed
11-05 14:04:56.797 I/SystemServerTiming( 476): StartDomainVerificationService
11-05 14:04:56.821 I/SystemServerTiming( 476): StartPackageManagerService
11-05 14:04:56.821 I/Watchdog( 476): Pausing HandlerChecker: main thread for reason: packagemanagermain. Pause count: 1
11-05 14:04:56.829 I/PackageManagerTiming( 476): create package manager
11-05 14:04:56.838 E/PackageManager( 476): /oem/delete.txt not exist
11-05 14:04:56.839 I/PackageManagerTiming( 476): createSubComponents
11-05 14:04:56.849 I/ ( 375): DVI mode selected: packets not configured
11-05 14:04:56.849 I/ ( 375): Error: set vsif failed
11-05 14:04:56.877 I/PackageManagerTiming( 476): addSharedUsers
11-05 14:04:56.881 I/PackageManagerTiming( 476): get system config
11-05 14:04:56.884 D/PackageManager( 476): Directories scanned as system partitions: [/system:0, /vendor:524288, /odm:4194304, /oem:262144, /product:1048576, /system/system_ext:2097152, /apex/com.android.wifi:8388608, /apex/com.android.vndk.v31:8388608, /apex/com.android.tzdata:8388608, /apex/com.android.tethering:8388608, /apex/com.android.sdkext:8388608, /apex/com.android.scheduling:8388608, /apex/com.android.runtime:8388608, /apex/com.android.resolv:8388608, /apex/com.android.permission:8388608, /apex/com.android.os.statsd:8388608, /apex/com.android.neuralnetworks:8388608, /apex/com.android.mediaprovider:8388608, /apex/com.android.media.swcodec:8388608, /apex/com.android.media:8388608, /apex/com.android.ipsec:8388608, /apex/com.android.i18n:8388608, /apex/com.android.extservices:8388608, /apex/com.android.conscrypt:8388608, /apex/com.android.art:8388608, /apex/com.android.appsearch:8388608, /apex/com.android.adbd:8388608]
11-05 14:04:56.887 D/SELinuxMMAC( 476): Using policy file /system/etc/selinux/plat_mac_permissions.xml
11-05 14:04:56.891 D/SELinuxMMAC( 476): Using policy file /system_ext/etc/selinux/system_ext_mac_permissions.xml
11-05 14:04:56.892 D/SELinuxMMAC( 476): Using policy file /vendor/etc/selinux/vendor_mac_permissions.xml
11-05 14:04:56.899 I/ ( 375): DVI mode selected: packets not configured
11-05 14:04:56.895 I/PackageManagerTiming( 476): loadFallbacks
11-05 14:04:56.900 I/ ( 375): Error: set vsif failed
11-05 14:04:56.898 D/FallbackCategoryProvider( 476): Found 1 fallback categories
11-05 14:04:56.898 I/PackageManagerTiming( 476): read user settings
11-05 14:04:56.957 D/SystemServerInitThreadPool( 476): Finished executing loadPreinstalledSystemFontMap
11-05 14:04:57.093 W/android.permission.PermissionManager( 476): Missing ActivityManager; assuming 1000 holds android.permission.SET_PREFERRED_APPLICATIONS
11-05 14:04:57.094 W/android.permission.PermissionManager( 476): Missing ActivityManager; assuming 1000 holds android.permission.SET_PREFERRED_APPLICATIONS
11-05 14:04:57.094 W/android.permission.PermissionManager( 476): Missing ActivityManager; assuming 1000 holds android.permission.SET_PREFERRED_APPLICATIONS
11-05 14:04:57.095 W/android.permission.PermissionManager( 476): Missing ActivityManager; assuming 1000 holds android.permission.SET_PREFERRED_APPLICATIONS
11-05 14:04:57.095 W/android.permission.PermissionManager( 476): Missing ActivityManager; assuming 1000 holds android.permission.SET_PREFERRED_APPLICATIONS
11-05 14:04:57.095 W/android.permission.PermissionManager( 476): Missing ActivityManager; assuming 1000 holds android.permission.SET_PREFERRED_APPLICATIONS
11-05 14:04:57.095 W/android.permission.PermissionManager( 476): Missing ActivityManager; assuming 1000 holds android.permission.SET_PREFERRED_APPLICATIONS
11-05 14:04:57.096 W/android.permission.PermissionManager( 476): Missing ActivityManager; assuming 1000 holds android.permission.SET_PREFERRED_APPLICATIONS
11-05 14:04:57.096 W/android.permission.PermissionManager( 476): Missing ActivityManager; assuming 1000 holds android.permission.SET_PREFERRED_APPLICATIONS
11-05 14:04:57.096 W/android.permission.PermissionManager( 476): Missing ActivityManager; assuming 1000 holds android.permission.SET_PREFERRED_APPLICATIONS
11-05 14:04:57.096 W/android.permission.PermissionManager( 476): Missing ActivityManager; assuming 1000 holds android.permission.SET_PREFERRED_APPLICATIONS
11-05 14:04:57.097 W/android.permission.PermissionManager( 476): Missing ActivityManager; assuming 1000 holds android.permission.SET_PREFERRED_APPLICATIONS
11-05 14:04:57.097 W/android.permission.PermissionManager( 476): Missing ActivityManager; assuming 1000 holds android.permission.SET_PREFERRED_APPLICATIONS
11-05 14:04:57.097 W/android.permission.PermissionManager( 476): Missing ActivityManager; assuming 1000 holds android.permission.SET_PREFERRED_APPLICATIONS
11-05 14:04:57.097 W/android.permission.PermissionManager( 476): Missing ActivityManager; assuming 1000 holds android.permission.SET_PREFERRED_APPLICATIONS
11-05 14:04:57.098 W/android.permission.PermissionManager( 476): Missing ActivityManager; assuming 1000 holds android.permission.SET_PREFERRED_APPLICATIONS
11-05 14:04:57.098 W/android.permission.PermissionManager( 476): Missing ActivityManager; assuming 1000 holds android.permission.SET_PREFERRED_APPLICATIONS
11-05 14:04:57.098 W/android.permission.PermissionManager( 476): Missing ActivityManager; assuming 1000 holds android.permission.SET_PREFERRED_APPLICATIONS
11-05 14:04:57.098 W/android.permission.PermissionManager( 476): Missing ActivityManager; assuming 1000 holds android.permission.SET_PREFERRED_APPLICATIONS
11-05 14:04:57.099 W/android.permission.PermissionManager( 476): Missing ActivityManager; assuming 1000 holds android.permission.SET_PREFERRED_APPLICATIONS
11-05 14:04:57.099 W/android.permission.PermissionManager( 476): Missing ActivityManager; assuming 1000 holds android.permission.SET_PREFERRED_APPLICATIONS
11-05 14:04:57.099 W/android.permission.PermissionManager( 476): Missing ActivityManager; assuming 1000 holds android.permission.SET_PREFERRED_APPLICATIONS
11-05 14:04:57.099 W/android.permission.PermissionManager( 476): Missing ActivityManager; assuming 1000 holds android.permission.SET_PREFERRED_APPLICATIONS
11-05 14:04:57.100 W/android.permission.PermissionManager( 476): Missing ActivityManager; assuming 1000 holds android.permission.SET_PREFERRED_APPLICATIONS
11-05 14:04:57.100 W/android.permission.PermissionManager( 476): Missing ActivityManager; assuming 1000 holds android.permission.SET_PREFERRED_APPLICATIONS
11-05 14:04:57.100 W/android.permission.PermissionManager( 476): Missing ActivityManager; assuming 1000 holds android.permission.SET_PREFERRED_APPLICATIONS
11-05 14:04:57.100 W/android.permission.PermissionManager( 476): Missing ActivityManager; assuming 1000 holds android.permission.SET_PREFERRED_APPLICATIONS
11-05 14:04:57.100 W/android.permission.PermissionManager( 476): Missing ActivityManager; assuming 1000 holds android.permission.SET_PREFERRED_APPLICATIONS
11-05 14:04:57.101 W/android.permission.PermissionManager( 476): Missing ActivityManager; assuming 1000 holds android.permission.SET_PREFERRED_APPLICATIONS
11-05 14:04:57.101 W/android.permission.PermissionManager( 476): Missing ActivityManager; assuming 1000 holds android.permission.SET_PREFERRED_APPLICATIONS
11-05 14:04:57.101 W/android.permission.PermissionManager( 476): Missing ActivityManager; assuming 1000 holds android.permission.SET_PREFERRED_APPLICATIONS
11-05 14:04:57.101 W/android.permission.PermissionManager( 476): Missing ActivityManager; assuming 1000 holds android.permission.SET_PREFERRED_APPLICATIONS
11-05 14:04:57.102 W/android.permission.PermissionManager( 476): Missing ActivityManager; assuming 1000 holds android.permission.SET_PREFERRED_APPLICATIONS
11-05 14:04:57.102 W/android.permission.PermissionManager( 476): Missing ActivityManager; assuming 1000 holds android.permission.SET_PREFERRED_APPLICATIONS
11-05 14:04:57.102 W/android.permission.PermissionManager( 476): Missing ActivityManager; assuming 1000 holds android.permission.SET_PREFERRED_APPLICATIONS
11-05 14:04:57.102 W/android.permission.PermissionManager( 476): Missing ActivityManager; assuming 1000 holds android.permission.SET_PREFERRED_APPLICATIONS
11-05 14:04:57.102 W/android.permission.PermissionManager( 476): Missing ActivityManager; assuming 1000 holds android.permission.SET_PREFERRED_APPLICATIONS
11-05 14:04:57.103 W/android.permission.PermissionManager( 476): Missing ActivityManager; assuming 1000 holds android.permission.SET_PREFERRED_APPLICATIONS
11-05 14:04:57.103 W/android.permission.PermissionManager( 476): Missing ActivityManager; assuming 1000 holds android.permission.SET_PREFERRED_APPLICATIONS
11-05 14:04:57.103 W/android.permission.PermissionManager( 476): Missing ActivityManager; assuming 1000 holds android.permission.SET_PREFERRED_APPLICATIONS
11-05 14:04:57.103 W/android.permission.PermissionManager( 476): Missing ActivityManager; assuming 1000 holds android.permission.SET_PREFERRED_APPLICATIONS
11-05 14:04:57.104 W/android.permission.PermissionManager( 476): Missing ActivityManager; assuming 1000 holds android.permission.SET_PREFERRED_APPLICATIONS
11-05 14:04:57.104 W/android.permission.PermissionManager( 476): Missing ActivityManager; assuming 1000 holds android.permission.SET_PREFERRED_APPLICATIONS
11-05 14:04:57.104 W/android.permission.PermissionManager( 476): Missing ActivityManager; assuming 1000 holds android.permission.SET_PREFERRED_APPLICATIONS
11-05 14:04:57.104 W/android.permission.PermissionManager( 476): Missing ActivityManager; assuming 1000 holds android.permission.SET_PREFERRED_APPLICATIONS
11-05 14:04:57.105 W/android.permission.PermissionManager( 476): Missing ActivityManager; assuming 1000 holds android.permission.SET_PREFERRED_APPLICATIONS
11-05 14:04:57.105 W/android.permission.PermissionManager( 476): Missing ActivityManager; assuming 1000 holds android.permission.SET_PREFERRED_APPLICATIONS
11-05 14:04:57.105 W/android.permission.PermissionManager( 476): Missing ActivityManager; assuming 1000 holds android.permission.SET_PREFERRED_APPLICATIONS
11-05 14:04:57.105 W/android.permission.PermissionManager( 476): Missing ActivityManager; assuming 1000 holds android.permission.SET_PREFERRED_APPLICATIONS
11-05 14:04:57.105 W/android.permission.PermissionManager( 476): Missing ActivityManager; assuming 1000 holds android.permission.SET_PREFERRED_APPLICATIONS
11-05 14:04:57.106 W/android.permission.PermissionManager( 476): Missing ActivityManager; assuming 1000 holds android.permission.SET_PREFERRED_APPLICATIONS
11-05 14:04:57.106 W/android.permission.PermissionManager( 476): Missing ActivityManager; assuming 1000 holds android.permission.SET_PREFERRED_APPLICATIONS
11-05 14:04:57.106 W/android.permission.PermissionManager( 476): Missing ActivityManager; assuming 1000 holds android.permission.SET_PREFERRED_APPLICATIONS
11-05 14:04:57.106 W/android.permission.PermissionManager( 476): Missing ActivityManager; assuming 1000 holds android.permission.SET_PREFERRED_APPLICATIONS
11-05 14:04:57.106 W/android.permission.PermissionManager( 476): Missing ActivityManager; assuming 1000 holds android.permission.SET_PREFERRED_APPLICATIONS
11-05 14:04:57.107 W/android.permission.PermissionManager( 476): Missing ActivityManager; assuming 1000 holds android.permission.SET_PREFERRED_APPLICATIONS
11-05 14:04:57.107 W/android.permission.PermissionManager( 476): Missing ActivityManager; assuming 1000 holds android.permission.SET_PREFERRED_APPLICATIONS
11-05 14:04:57.107 W/android.permission.PermissionManager( 476): Missing ActivityManager; assuming 1000 holds android.permission.SET_PREFERRED_APPLICATIONS
11-05 14:04:57.107 W/android.permission.PermissionManager( 476): Missing ActivityManager; assuming 1000 holds android.permission.SET_PREFERRED_APPLICATIONS
11-05 14:04:57.108 W/android.permission.PermissionManager( 476): Missing ActivityManager; assuming 1000 holds android.permission.SET_PREFERRED_APPLICATIONS
11-05 14:04:57.108 W/android.permission.PermissionManager( 476): Missing ActivityManager; assuming 1000 holds android.permission.SET_PREFERRED_APPLICATIONS
11-05 14:04:57.108 W/android.permission.PermissionManager( 476): Missing ActivityManager; assuming 1000 holds android.permission.SET_PREFERRED_APPLICATIONS
11-05 14:04:57.108 W/android.permission.PermissionManager( 476): Missing ActivityManager; assuming 1000 holds android.permission.SET_PREFERRED_APPLICATIONS
11-05 14:04:57.109 W/android.permission.PermissionManager( 476): Missing ActivityManager; assuming 1000 holds android.permission.SET_PREFERRED_APPLICATIONS
11-05 14:04:57.109 W/android.permission.PermissionManager( 476): Missing ActivityManager; assuming 1000 holds android.permission.SET_PREFERRED_APPLICATIONS
11-05 14:04:57.109 W/android.permission.PermissionManager( 476): Missing ActivityManager; assuming 1000 holds android.permission.SET_PREFERRED_APPLICATIONS
11-05 14:04:57.109 W/android.permission.PermissionManager( 476): Missing ActivityManager; assuming 1000 holds android.permission.SET_PREFERRED_APPLICATIONS
11-05 14:04:57.110 W/android.permission.PermissionManager( 476): Missing ActivityManager; assuming 1000 holds android.permission.SET_PREFERRED_APPLICATIONS
11-05 14:04:57.110 W/android.permission.PermissionManager( 476): Missing ActivityManager; assuming 1000 holds android.permission.SET_PREFERRED_APPLICATIONS
11-05 14:04:57.110 W/android.permission.PermissionManager( 476): Missing ActivityManager; assuming 1000 holds android.permission.SET_PREFERRED_APPLICATIONS
11-05 14:04:57.110 W/android.permission.PermissionManager( 476): Missing ActivityManager; assuming 1000 holds android.permission.SET_PREFERRED_APPLICATIONS
11-05 14:04:57.111 W/android.permission.PermissionManager( 476): Missing ActivityManager; assuming 1000 holds android.permission.SET_PREFERRED_APPLICATIONS
11-05 14:04:57.111 W/android.permission.PermissionManager( 476): Missing ActivityManager; assuming 1000 holds android.permission.SET_PREFERRED_APPLICATIONS
11-05 14:04:57.111 W/android.permission.PermissionManager( 476): Missing ActivityManager; assuming 1000 holds android.permission.SET_PREFERRED_APPLICATIONS
11-05 14:04:57.111 W/android.permission.PermissionManager( 476): Missing ActivityManager; assuming 1000 holds android.permission.SET_PREFERRED_APPLICATIONS
11-05 14:04:57.112 W/android.permission.PermissionManager( 476): Missing ActivityManager; assuming 1000 holds android.permission.SET_PREFERRED_APPLICATIONS
11-05 14:04:57.112 W/android.permission.PermissionManager( 476): Missing ActivityManager; assuming 1000 holds android.permission.SET_PREFERRED_APPLICATIONS
11-05 14:04:57.112 W/android.permission.PermissionManager( 476): Missing ActivityManager; assuming 1000 holds android.permission.SET_PREFERRED_APPLICATIONS
11-05 14:04:57.112 W/android.permission.PermissionManager( 476): Missing ActivityManager; assuming 1000 holds android.permission.SET_PREFERRED_APPLICATIONS
11-05 14:04:57.113 W/android.permission.PermissionManager( 476): Missing ActivityManager; assuming 1000 holds android.permission.SET_PREFERRED_APPLICATIONS
11-05 14:04:57.113 W/android.permission.PermissionManager( 476): Missing ActivityManager; assuming 1000 holds android.permission.SET_PREFERRED_APPLICATIONS
11-05 14:04:57.113 W/android.permission.PermissionManager( 476): Missing ActivityManager; assuming 1000 holds android.permission.SET_PREFERRED_APPLICATIONS
11-05 14:04:57.113 W/android.permission.PermissionManager( 476): Missing ActivityManager; assuming 1000 holds android.permission.SET_PREFERRED_APPLICATIONS
11-05 14:04:57.113 W/android.permission.PermissionManager( 476): Missing ActivityManager; assuming 1000 holds android.permission.SET_PREFERRED_APPLICATIONS
11-05 14:04:57.114 W/android.permission.PermissionManager( 476): Missing ActivityManager; assuming 1000 holds android.permission.SET_PREFERRED_APPLICATIONS
11-05 14:04:57.114 W/android.permission.PermissionManager( 476): Missing ActivityManager; assuming 1000 holds android.permission.SET_PREFERRED_APPLICATIONS
11-05 14:04:57.114 W/android.permission.PermissionManager( 476): Missing ActivityManager; assuming 1000 holds android.permission.SET_PREFERRED_APPLICATIONS
11-05 14:04:57.115 W/android.permission.PermissionManager( 476): Missing ActivityManager; assuming 1000 holds android.permission.SET_PREFERRED_APPLICATIONS
11-05 14:04:57.115 W/android.permission.PermissionManager( 476): Missing ActivityManager; assuming 1000 holds android.permission.SET_PREFERRED_APPLICATIONS
11-05 14:04:57.116 W/android.permission.PermissionManager( 476): Missing ActivityManager; assuming 1000 holds android.permission.SET_PREFERRED_APPLICATIONS
11-05 14:04:57.117 W/android.permission.PermissionManager( 476): Missing ActivityManager; assuming 1000 holds android.permission.SET_PREFERRED_APPLICATIONS
11-05 14:04:57.119 W/android.permission.PermissionManager( 476): Missing ActivityManager; assuming 1000 holds android.permission.SET_PREFERRED_APPLICATIONS
11-05 14:04:57.122 W/android.permission.PermissionManager( 476): Missing ActivityManager; assuming 1000 holds android.permission.SET_PREFERRED_APPLICATIONS
11-05 14:04:57.123 W/android.permission.PermissionManager( 476): Missing ActivityManager; assuming 1000 holds android.permission.SET_PREFERRED_APPLICATIONS
11-05 14:04:57.125 W/android.permission.PermissionManager( 476): Missing ActivityManager; assuming 1000 holds android.permission.SET_PREFERRED_APPLICATIONS
11-05 14:04:57.126 W/android.permission.PermissionManager( 476): Missing ActivityManager; assuming 1000 holds android.permission.SET_PREFERRED_APPLICATIONS
11-05 14:04:57.127 W/android.permission.PermissionManager( 476): Missing ActivityManager; assuming 1000 holds android.permission.SET_PREFERRED_APPLICATIONS
11-05 14:04:57.127 W/android.permission.PermissionManager( 476): Missing ActivityManager; assuming 1000 holds android.permission.SET_PREFERRED_APPLICATIONS
11-05 14:04:57.127 W/android.permission.PermissionManager( 476): Missing ActivityManager; assuming 1000 holds android.permission.SET_PREFERRED_APPLICATIONS
11-05 14:04:57.127 W/android.permission.PermissionManager( 476): Missing ActivityManager; assuming 1000 holds android.permission.SET_PREFERRED_APPLICATIONS
11-05 14:04:57.128 W/android.permission.PermissionManager( 476): Missing ActivityManager; assuming 1000 holds android.permission.SET_PREFERRED_APPLICATIONS
11-05 14:04:57.128 W/android.permission.PermissionManager( 476): Missing ActivityManager; assuming 1000 holds android.permission.SET_PREFERRED_APPLICATIONS
11-05 14:04:57.128 W/android.permission.PermissionManager( 476): Missing ActivityManager; assuming 1000 holds android.permission.SET_PREFERRED_APPLICATIONS
11-05 14:04:57.128 W/android.permission.PermissionManager( 476): Missing ActivityManager; assuming 1000 holds android.permission.SET_PREFERRED_APPLICATIONS
11-05 14:04:57.128 W/android.permission.PermissionManager( 476): Missing ActivityManager; assuming 1000 holds android.permission.SET_PREFERRED_APPLICATIONS
11-05 14:04:57.129 W/android.permission.PermissionManager( 476): Missing ActivityManager; assuming 1000 holds android.permission.SET_PREFERRED_APPLICATIONS
11-05 14:04:57.129 W/android.permission.PermissionManager( 476): Missing ActivityManager; assuming 1000 holds android.permission.SET_PREFERRED_APPLICATIONS
11-05 14:04:57.129 W/android.permission.PermissionManager( 476): Missing ActivityManager; assuming 1000 holds android.permission.SET_PREFERRED_APPLICATIONS
11-05 14:04:57.129 W/android.permission.PermissionManager( 476): Missing ActivityManager; assuming 1000 holds android.permission.SET_PREFERRED_APPLICATIONS
11-05 14:04:57.130 W/android.permission.PermissionManager( 476): Missing ActivityManager; assuming 1000 holds android.permission.SET_PREFERRED_APPLICATIONS
11-05 14:04:57.130 W/android.permission.PermissionManager( 476): Missing ActivityManager; assuming 1000 holds android.permission.SET_PREFERRED_APPLICATIONS
11-05 14:04:57.130 W/android.permission.PermissionManager( 476): Missing ActivityManager; assuming 1000 holds android.permission.SET_PREFERRED_APPLICATIONS
11-05 14:04:57.155 W/PackageSettings( 476): Missing permission state for package: com.android.cts.priv.ctsshim
11-05 14:04:57.155 W/PackageSettings( 476): Missing permission state for package: com.android.internal.systemui.navbar.gestural_wide_back
11-05 14:04:57.155 W/PackageSettings( 476): Missing permission state for package: com.softwinner.awlogsettings
11-05 14:04:57.155 W/PackageSettings( 476): Missing permission state for package: com.android.htmlviewer
11-05 14:04:57.155 W/PackageSettings( 476): Missing permission state for package: com.android.internal.systemui.onehanded.gestural
11-05 14:04:57.155 W/PackageSettings( 476): Missing permission state for package: com.android.simappdialog
11-05 14:04:57.156 W/PackageSettings( 476): Missing permission state for package: com.android.connectivity.resources
11-05 14:04:57.156 W/PackageSettings( 476): Missing permission state for package: com.android.modulemetadata
11-05 14:04:57.156 W/PackageSettings( 476): Missing permission state for package: com.google.android.apps.searchlite.overlay
11-05 14:04:57.156 W/PackageSettings( 476): Missing permission state for package: com.android.internal.systemui.navbar.threebutton
11-05 14:04:57.156 W/PackageSettings( 476): Missing permission state for package: com.google.android.networkstackconfig
11-05 14:04:57.156 W/PackageSettings( 476): Missing permission state for package: com.android.internal.systemui.navbar.gestural_extra_wide_back
11-05 14:04:57.156 W/PackageSettings( 476): Missing permission state for package: com.android.dreams.basic
11-05 14:04:57.156 W/PackageSettings( 476): Missing permission state for package: android.ext.shared
11-05 14:04:57.156 W/PackageSettings( 476): Missing permission state for package: com.google.android.networkstack.tetheringconfig
11-05 14:04:57.157 W/PackageSettings( 476): Missing permission state for package: com.android.wifi.resources
11-05 14:04:57.157 W/PackageSettings( 476): Missing permission state for package: com.android.theme.font.notoserifsource
11-05 14:04:57.157 W/PackageSettings( 476): Missing permission state for package: com.allwinnertech.packageoverride
11-05 14:04:57.157 W/PackageSettings( 476): Missing permission state for package: com.android.bookmarkprovider
11-05 14:04:57.157 W/PackageSettings( 476): Missing permission state for package: com.android.cts.ctsshim
11-05 14:04:57.157 W/PackageSettings( 476): Missing permission state for package: com.softwinner.theme.icon
11-05 14:04:57.157 W/PackageSettings( 476): Missing permission state for package: com.softwinner.theme.color
11-05 14:04:57.157 W/PackageSettings( 476): Missing permission state for package: com.android.internal.systemui.navbar.gestural
11-05 14:04:57.158 W/PackageSettings( 476): Missing permission state for package: com.android.internal.systemui.navbar.gestural_narrow_back
11-05 14:04:57.158 W/PackageSettings( 476): Missing permission state for package: android.auto_generated_rro_vendor__
11-05 14:04:57.159 W/PackageSettings( 476): Missing permission state for shared user: android.uid.log
11-05 14:04:57.159 W/PackageSettings( 476): Missing permission state for shared user: android.uid.nfc
11-05 14:04:57.159 W/PackageSettings( 476): Missing permission state for shared user: android.uid.uwb
11-05 14:04:57.167 D/PackageManager( 476): Keeping known cache e6453dddd246577f48a6197c835afb128715b597
11-05 14:04:57.170 D/PackageManager( 476): No files in app dir /system/system_ext/overlay
11-05 14:04:57.178 I/PackageBackwardCompatibility( 476): Loaded android.content.pm.AndroidTestBaseUpdater
11-05 14:04:57.182 D/CompatibilityChangeReporter( 476): Compat change id reported: 143539591; UID -1; state: ENABLED
11-05 14:04:57.205 D/PackageManager( 476): No files in app dir /oem/overlay
11-05 14:04:57.205 D/PackageManager( 476): No files in app dir /odm/overlay
11-05 14:04:57.215 W/PackageManager( 476): Failed to parse /system/framework/arm: Missing base APK in /system/framework/arm
11-05 14:04:57.215 W/PackageManager( 476): Failed to parse /system/framework/oat: Missing base APK in /system/framework/oat/arm
11-05 14:04:57.297 W/ServiceManager( 240): Service statscompanion didn't start. Returning NULL
11-05 14:04:57.301 I/statsd ( 240): Statsd starts to listen to socket.
11-05 14:04:57.324 D/CompatibilityChangeReporter( 476): Compat change id reported: 143539591; UID -1; state: DISABLED
11-05 14:04:57.325 D/CompatibilityChangeReporter( 476): Compat change id reported: 168782947; UID -1; state: DISABLED
11-05 14:04:57.340 D/PackageParsing( 476): homlet: force set orientation: 0
11-05 14:04:57.341 D/CompatibilityChangeReporter( 476): Compat change id reported: 150232615; UID -1; state: ENABLED
11-05 14:04:57.348 D/CompatibilityChangeReporter( 476): Compat change id reported: 168782947; UID -1; state: ENABLED
11-05 14:04:57.416 W/PackageManager( 476): Provider ComponentInfo{com.dangbei.leard.leradlauncher/androidx.core.content.FileProvider} already defined; ignoring
11-05 14:04:57.431 W/PackageManager( 476): Failed to parse /system/priv-app/SettingsAssist: /system/priv-app/SettingsAssist/SettingsAssist.apk (at Binary XML file line #34): com.softwinner.settingsassist.Recovery: Targeting S+ (version 31 and above) requires that an explicit value for android:exported be defined when intent filters are present
11-05 14:04:57.529 I/system_server( 476): Background young concurrent copying GC freed 187128(9909KB) AllocSpace objects, 109(2676KB) LOS objects, 78% free, 6742KB/30MB, paused 507us total 254.080ms
11-05 14:04:57.569 D/PackageManager( 476): No files in app dir /vendor/priv-app
11-05 14:04:57.569 D/PackageManager( 476): No files in app dir /vendor/app
11-05 14:04:57.569 D/PackageManager( 476): No files in app dir /odm/priv-app
11-05 14:04:57.569 D/PackageManager( 476): No files in app dir /odm/app
11-05 14:04:57.569 D/PackageManager( 476): No files in app dir /oem/priv-app
11-05 14:04:57.570 D/PackageManager( 476): No files in app dir /oem/app
11-05 14:04:57.662 D/PackageManager( 476): No files in app dir /apex/com.android.vndk.v31/priv-app
11-05 14:04:57.662 D/PackageManager( 476): No files in app dir /apex/com.android.vndk.v31/app
11-05 14:04:57.662 D/PackageManager( 476): No files in app dir /apex/com.android.tzdata/priv-app
11-05 14:04:57.662 D/PackageManager( 476): No files in app dir /apex/com.android.tzdata/app
11-05 14:04:57.671 D/PackageManager( 476): No files in app dir /apex/com.android.tethering/app
11-05 14:04:57.671 D/PackageManager( 476): No files in app dir /apex/com.android.sdkext/priv-app
11-05 14:04:57.671 D/PackageManager( 476): No files in app dir /apex/com.android.sdkext/app
11-05 14:04:57.671 D/PackageManager( 476): No files in app dir /apex/com.android.scheduling/priv-app
11-05 14:04:57.671 D/PackageManager( 476): No files in app dir /apex/com.android.scheduling/app
11-05 14:04:57.671 D/PackageManager( 476): No files in app dir /apex/com.android.runtime/priv-app
11-05 14:04:57.671 D/PackageManager( 476): No files in app dir /apex/com.android.runtime/app
11-05 14:04:57.671 D/PackageManager( 476): No files in app dir /apex/com.android.resolv/priv-app
11-05 14:04:57.672 D/PackageManager( 476): No files in app dir /apex/com.android.resolv/app
11-05 14:04:57.681 D/PackageManager( 476): No files in app dir /apex/com.android.permission/app
11-05 14:04:57.681 D/PackageManager( 476): No files in app dir /apex/com.android.os.statsd/priv-app
11-05 14:04:57.681 D/PackageManager( 476): No files in app dir /apex/com.android.os.statsd/app
11-05 14:04:57.681 D/PackageManager( 476): No files in app dir /apex/com.android.neuralnetworks/priv-app
11-05 14:04:57.681 D/PackageManager( 476): No files in app dir /apex/com.android.neuralnetworks/app
11-05 14:04:57.688 D/PackageManager( 476): No files in app dir /apex/com.android.mediaprovider/app
11-05 14:04:57.688 D/PackageManager( 476): No files in app dir /apex/com.android.media.swcodec/priv-app
11-05 14:04:57.688 D/PackageManager( 476): No files in app dir /apex/com.android.media.swcodec/app
11-05 14:04:57.688 D/PackageManager( 476): No files in app dir /apex/com.android.media/priv-app
11-05 14:04:57.688 D/PackageManager( 476): No files in app dir /apex/com.android.media/app
11-05 14:04:57.688 D/PackageManager( 476): No files in app dir /apex/com.android.ipsec/priv-app
11-05 14:04:57.688 D/PackageManager( 476): No files in app dir /apex/com.android.ipsec/app
11-05 14:04:57.689 D/PackageManager( 476): No files in app dir /apex/com.android.i18n/priv-app
11-05 14:04:57.689 D/PackageManager( 476): No files in app dir /apex/com.android.i18n/app
11-05 14:04:57.694 D/PackageManager( 476): No files in app dir /apex/com.android.extservices/app
11-05 14:04:57.694 D/PackageManager( 476): No files in app dir /apex/com.android.conscrypt/priv-app
11-05 14:04:57.695 D/PackageManager( 476): No files in app dir /apex/com.android.conscrypt/app
11-05 14:04:57.695 D/PackageManager( 476): No files in app dir /apex/com.android.art/priv-app
11-05 14:04:57.695 D/PackageManager( 476): No files in app dir /apex/com.android.art/app
11-05 14:04:57.695 D/PackageManager( 476): No files in app dir /apex/com.android.appsearch/priv-app
11-05 14:04:57.695 D/PackageManager( 476): No files in app dir /apex/com.android.appsearch/app
11-05 14:04:57.695 D/PackageManager( 476): No files in app dir /apex/com.android.adbd/priv-app
11-05 14:04:57.695 D/PackageManager( 476): No files in app dir /apex/com.android.adbd/app
11-05 14:04:57.705 I/PackageManager( 476): Finished scanning system apps. Time: 541 ms, packageCount: 112 , timePerPackage: 4 , cached: 112
11-05 14:04:57.706 D/PackageManager( 476): No files in app dir /data/app
11-05 14:04:57.707 I/PackageManager( 476): Finished scanning non-system apps. Time: 2 ms, packageCount: 0 , timePerPackage: 0 , cached: 0
11-05 14:04:57.710 W/PackageManager( 476): There should probably be exactly one storage manager; found 2: matches=[ResolveInfo{2d8e2c5 com.android.storagemanager/.deletionhelper.DeletionHelperActivity m=0x108000}, ResolveInfo{4cec41a com.android.tv.settings/.device.StorageResetActivity m=0x108000}]
11-05 14:04:57.712 E/PackageManager( 476): There should probably be exactly one setup wizard; found 2: matches=[ResolveInfo{1e59b4b com.dangbei.hqguide/.main.MainActivity p=1000 m=0x108000}, ResolveInfo{b162928 com.softwinner.provision/.DefaultActivity p=1 m=0x108000}]
11-05 14:04:57.724 I/PackageManager( 476): Time to scan packages: 0.56 seconds
11-05 14:04:57.760 I/PackageManager( 476): Permission ownership changed. Updating all permissions.
11-05 14:04:57.814 V/PackageManager( 476): reconcileAppsData for null u0 0x3 migrateAppData=true
11-05 14:04:57.843 I/SELinux ( 355): SELinux: Loaded file_contexts
11-05 14:04:57.960 D/XiriService( 309): check file name: /data/data/android/lib
