11-05 14:04:58.981 I/SystemServiceManager( 476): Starting com.android.server.StorageManagerService$Lifecycle
11-05 14:04:58.981 D/XiriService( 309): check file name: /data/data/com.android.dynsystem/lib
11-05 14:04:58.982 D/XiriService( 309): check file name: /data/data/com.android.dynsystem/lib
11-05 14:04:58.982 D/MtpDeviceJNI( 242): register_android_mtp_MtpDevice
11-05 14:04:58.982 D/XiriService( 309): check file name: /data/data/com.android.dynsystem/lib
11-05 14:04:58.983 I/InputReader( 476): Reconfiguring input devices, changes=DISPLAY_INFO |
11-05 14:04:58.983 D/XiriService( 309): check file name: /data/data/com.dangbei.lerad.rocky/lib
11-05 14:04:58.983 D/XiriService( 309): check file name: /data/data/com.dangbei.lerad.rocky/lib
11-05 14:04:58.984 D/XiriService( 309): check file name: /data/data/com.dangbei.lerad.rocky/lib
11-05 14:04:58.984 D/XiriService( 309): check file name: /data/data/com.dangbei.lerad.rocky/lib
11-05 14:04:58.991 I/init ( 1): processing action (sys.sysctl.extra_free_kbytes=*) from (/system/etc/init/hw/init.rc:1139)
11-05 14:04:58.990 D/installd( 355): Found quota mount /dev/block/by-name/userdata at /data
11-05 14:04:58.990 D/installd( 355): Found quota mount /dev/block/by-name/userdata at /data/user/0
11-05 14:04:58.994 D/XiriService( 309): check file name: /data/data/com.dangbei.lerad.rocky/lib
11-05 14:04:58.995 D/XiriService( 309): check file name: /data/data/com.dangbei.lerad.rocky/lib
11-05 14:04:58.995 D/XiriService( 309): check file name: /data/data/com.dangbei.lerad.rocky/lib
11-05 14:04:58.995 D/XiriService( 309): check file name: /data/data/com.dangbei.lerad.rocky/lib
11-05 14:04:58.998 D/StorageManagerService( 476): Thinking about init, mBootCompleted=false, mDaemonConnected=true
11-05 14:04:58.999 D/StorageManagerService( 476): Thinking about reset, mBootCompleted=false, mDaemonConnected=true
11-05 14:04:59.000 I/SystemServerTiming( 476): StartStorageStatsService
11-05 14:04:59.000 I/SystemServiceManager( 476): Starting com.android.server.usage.StorageStatsService$Lifecycle
11-05 14:04:59.001 D/StorageManagerService( 476): Thinking about init, mBootCompleted=false, mDaemonConnected=true
11-05 14:04:59.001 D/StorageManagerService( 476): Thinking about reset, mBootCompleted=false, mDaemonConnected=true
11-05 14:04:59.002 D/installd( 355): Found quota mount /dev/block/by-name/userdata at /data
11-05 14:04:59.002 D/installd( 355): Found quota mount /dev/block/by-name/userdata at /data/user/0
11-05 14:04:59.003 D/XiriService( 309): check file name: /data/data/com.android.tv.settings/lib
11-05 14:04:59.003 D/XiriService( 309): check file name: /data/data/com.android.tv.settings/lib
11-05 14:04:59.004 D/XiriService( 309): check file name: /data/data/com.android.tv.settings/lib
11-05 14:04:59.005 D/installd( 355): Found quota mount /dev/block/by-name/userdata at /data
11-05 14:04:59.005 D/installd( 355): Found quota mount /dev/block/by-name/userdata at /data/user/0
11-05 14:04:59.006 D/XiriService( 309): check file name: /data/data/com.android.tv.settings/lib
11-05 14:04:59.010 I/SystemServerTiming( 476): StartUiModeManager
11-05 14:04:59.010 I/SystemServiceManager( 476): Starting com.android.server.UiModeManagerService
11-05 14:04:59.011 I/SystemServerTimingAsync( 476): InitThreadPoolExec:UiModeManager.onStart
11-05 14:04:59.011 D/SystemServerInitThreadPool( 476): Started executing UiModeManager.onStart
11-05 14:04:59.014 I/SystemServerTiming( 476): UpdatePackagesIfNeeded
11-05 14:04:59.019 I/Watchdog( 476): Pausing HandlerChecker: main thread for reason: dexopt. Pause count: 1
11-05 14:04:59.019 D/SystemServerInitThreadPool( 476): Finished executing UiModeManager.onStart
11-05 14:04:59.019 I/Watchdog( 476): Resuming HandlerChecker: main thread for reason: dexopt. Pause count: 0
11-05 14:04:59.019 I/SystemServerTiming( 476): PerformFstrimIfNeeded
11-05 14:04:59.023 I/SystemServerTiming( 476): StartLockSettingsService
11-05 14:04:59.023 I/SystemServiceManager( 476): Starting com.android.server.locksettings.LockSettingsService$Lifecycle
11-05 14:04:59.023 D/XiriService( 309): check file name: /data/data/com.android.tv.settings/lib
11-05 14:04:59.023 D/XiriService( 309): check file name: /data/data/com.android.tv.settings/lib
11-05 14:04:59.024 D/XiriService( 309): check file name: /data/data/com.android.tv.settings/lib
11-05 14:04:59.024 D/XiriService( 309): check file name: /data/data/com.android.tv.settings/lib
11-05 14:04:59.029 D/XiriService( 309): check file name: /data/data/com.oranth.factory/lib
11-05 14:04:59.030 D/XiriService( 309): check file name: /data/data/com.oranth.factory/lib
11-05 14:04:59.030 D/XiriService( 309): check file name: /data/data/com.oranth.factory/lib
11-05 14:04:59.030 D/XiriService( 309): check file name: /data/data/com.oranth.factory/lib
11-05 14:04:59.036 D/XiriService( 309): check file name: /data/data/com.oranth.factory/lib
11-05 14:04:59.036 D/XiriService( 309): check file name: /data/data/com.oranth.factory/lib
11-05 14:04:59.036 D/XiriService( 309): check file name: /data/data/com.oranth.factory/lib
11-05 14:04:59.036 D/XiriService( 309): check file name: /data/data/com.oranth.factory/lib
11-05 14:04:59.043 D/XiriService( 309): check file name: /data/data/com.dangbei.zhushou.os/lib
11-05 14:04:59.043 D/XiriService( 309): check file name: /data/data/com.dangbei.zhushou.os/lib
11-05 14:04:59.043 D/XiriService( 309): check file name: /data/data/com.dangbei.zhushou.os/lib
11-05 14:04:59.043 D/XiriService( 309): check file name: /data/data/com.dangbei.zhushou.os/lib
11-05 14:04:59.049 I/SystemServerTiming( 476): StartPersistentDataBlock
11-05 14:04:59.049 I/SystemServiceManager( 476): Starting com.android.server.PersistentDataBlockService
11-05 14:04:59.050 I/SystemServerTiming( 476): StartTestHarnessMode
11-05 14:04:59.050 I/SystemServiceManager( 476): Starting com.android.server.testharness.TestHarnessModeService
11-05 14:04:59.050 I/SystemServerTimingAsync( 476): InitThreadPoolExec:PersistentDataBlockService.onStart
11-05 14:04:59.050 D/SystemServerInitThreadPool( 476): Started executing PersistentDataBlockService.onStart
11-05 14:04:59.051 I/SystemServerTiming( 476): StartOemLockService
11-05 14:04:59.051 I/SystemServiceManager( 476): Starting com.android.server.oemlock.OemLockService
11-05 14:04:59.051 D/XiriService( 309): check file name: /data/data/com.dangbei.zhushou.os/lib
11-05 14:04:59.052 D/XiriService( 309): check file name: /data/data/com.dangbei.zhushou.os/lib
11-05 14:04:59.052 D/XiriService( 309): check file name: /data/data/com.dangbei.zhushou.os/lib
11-05 14:04:59.052 D/XiriService( 309): check file name: /data/data/com.dangbei.zhushou.os/lib
11-05 14:04:59.056 I/hwservicemanager( 180): getTransport: Cannot find entry android.hardware.oemlock@1.0::IOemLock/default in either framework or device VINTF manifest.
11-05 14:04:59.063 I/OemLock ( 476): OemLock HAL not present on device
11-05 14:04:59.064 I/OemLock ( 476): Using persistent data block based lock
11-05 14:04:59.065 I/SystemServerTiming( 476): StartDeviceIdleController
11-05 14:04:59.065 I/SystemServiceManager( 476): Starting com.android.server.DeviceIdleController
11-05 14:04:59.069 D/SystemServerInitThreadPool( 476): Finished executing PersistentDataBlockService.onStart
11-05 14:04:59.072 I/SystemServerTiming( 476): StartDevicePolicyManager
11-05 14:04:59.072 I/SystemServiceManager( 476): Starting com.android.server.devicepolicy.DevicePolicyManagerService$Lifecycle
11-05 14:04:59.076 D/XiriService( 309): check file name: /data/data/com.sohu.inputmethod.sogou.tv/lib
11-05 14:04:59.077 D/XiriService( 309): check file name: /data/data/com.sohu.inputmethod.sogou.tv/lib
11-05 14:04:59.077 D/XiriService( 309): check file name: /data/data/com.sohu.inputmethod.sogou.tv/lib
11-05 14:04:59.072 I/xiriservice_All( 309): type=1400 audit(0.0:309): avc: denied { search } for name="com.sohu.inputmethod.sogou.tv" dev="mmcblk0p25" ino=1408 scontext=u:r:init:s0 tcontext=u:object_r:app_data_file:s0:c52,c256,c512,c768 tclass=dir permissive=1
11-05 14:04:59.072 I/xiriservice_All( 309): type=1400 audit(0.0:310): avc: denied { read } for name="lib" dev="mmcblk0p25" ino=6885 scontext=u:r:init:s0 tcontext=u:object_r:app_data_file:s0:c52,c256,c512,c768 tclass=lnk_file permissive=1
11-05 14:04:59.083 D/XiriService( 309): check file name: /data/data/com.sohu.inputmethod.sogou.tv/lib
11-05 14:04:59.083 D/XiriService( 309): check file name: /data/data/com.sohu.inputmethod.sogou.tv/lib
11-05 14:04:59.083 D/XiriService( 309): check file name: /data/data/com.sohu.inputmethod.sogou.tv/lib
11-05 14:04:59.083 D/XiriService( 309): check file name: /data/data/com.sohu.inputmethod.sogou.tv/lib
11-05 14:04:59.084 I/SystemServerTiming( 476): StartStatusBarManagerService
11-05 14:04:59.085 D/SystemServer( 476): MusicRecognitionManagerService not defined by OEM or disabled by flag
11-05 14:04:59.089 D/SystemServer( 476): ContentCaptureService disabled because resource is not overlaid
11-05 14:04:59.089 D/SystemServer( 476): AttentionService is not configured on this device
11-05 14:04:59.089 D/SystemServer( 476): RotationResolverService is not configured on this device
11-05 14:04:59.089 D/SystemServer( 476): SystemCaptionsManagerService disabled because resource is not overlaid
11-05 14:04:59.089 I/SystemServerTiming( 476): StartTextToSpeechManagerService
11-05 14:04:59.090 I/SystemServiceManager( 476): Starting com.android.server.texttospeech.TextToSpeechManagerService
11-05 14:04:59.095 I/SystemServerTiming( 476): StartSpeechRecognitionManagerService
11-05 14:04:59.096 I/SystemServiceManager( 476): Starting com.android.server.speech.SpeechRecognitionManagerService
11-05 14:04:59.099 D/SystemServer( 476): AppPredictionService not defined by OEM
11-05 14:04:59.099 D/SystemServer( 476): ContentSuggestionsService not defined by OEM
11-05 14:04:59.099 I/SystemServerTiming( 476): StartSearchUiService
11-05 14:04:59.100 I/SystemServiceManager( 476): Starting com.android.server.searchui.SearchUiManagerService
11-05 14:04:59.102 I/SystemServerTiming( 476): StartSmartspaceService
11-05 14:04:59.102 I/SystemServiceManager( 476): Starting com.android.server.smartspace.SmartspaceManagerService
11-05 14:04:59.105 I/SystemServerTiming( 476): InitConnectivityModuleConnector
11-05 14:04:59.105 D/ConnectivityModuleConnector( 476): Network stack init
11-05 14:04:59.111 I/SystemServerTiming( 476): InitNetworkStackClient
11-05 14:04:59.113 I/SystemServerTiming( 476): StartNetworkManagementService
11-05 14:04:59.118 D/XiriService( 309): check file name: /data/data/com.oranth.ledstatus/lib
11-05 14:04:59.119 D/XiriService( 309): check file name: /data/data/com.oranth.ledstatus/lib
11-05 14:04:59.119 D/XiriService( 309): check file name: /data/data/com.oranth.ledstatus/lib
11-05 14:04:59.112 I/xiriservice_All( 309): type=1400 audit(0.0:311): avc: denied { search } for name="com.oranth.ledstatus" dev="mmcblk0p25" ino=742 scontext=u:r:init:s0 tcontext=u:object_r:system_app_data_file:s0 tclass=dir permissive=1
11-05 14:04:59.119 D/XiriService( 309): check file name: /data/data/com.oranth.ledstatus/lib
11-05 14:04:59.120 I/SystemServerTiming( 476): StartIpSecService
11-05 14:04:59.124 D/XiriService( 309): check file name: /data/data/com.oranth.ledstatus/lib
11-05 14:04:59.125 D/XiriService( 309): check file name: /data/data/com.oranth.ledstatus/lib
11-05 14:04:59.125 D/XiriService( 309): check file name: /data/data/com.oranth.ledstatus/lib
11-05 14:04:59.125 D/XiriService( 309): check file name: /data/data/com.oranth.ledstatus/lib
11-05 14:04:59.125 I/SystemServerTiming( 476): StartTextServicesManager
11-05 14:04:59.126 I/SystemServiceManager( 476): Starting com.android.server.textservices.TextServicesManagerService$Lifecycle
11-05 14:04:59.120 I/xiriservice_All( 309): type=1400 audit(0.0:312): avc: denied { search } for name="com.dangbei.lerad.videoposter" dev="mmcblk0p25" ino=750 scontext=u:r:init:s0 tcontext=u:object_r:app_data_file:s0:c512,c768 tclass=dir permissive=1
11-05 14:04:59.127 D/XiriService( 309): check file name: /data/data/com.dangbei.lerad.videoposter/lib
11-05 14:04:59.127 I/SystemServerTimingAsync( 476): InitThreadPoolExec:START_FONT_MANAGER_SERVICE
11-05 14:04:59.127 D/SystemServerInitThreadPool( 476): Started executing START_FONT_MANAGER_SERVICE
11-05 14:04:59.127 I/SystemServerTimingAsync( 476): START_FONT_MANAGER_SERVICE
11-05 14:04:59.129 I/SystemServerTiming( 476): StartTextClassificationManagerService
11-05 14:04:59.129 I/SystemServiceManager( 476): Starting com.android.server.textclassifier.TextClassificationManagerService$Lifecycle
11-05 14:04:59.135 D/XiriService( 309): check file name: /data/data/com.dangbei.lerad.videoposter/lib
11-05 14:04:59.135 D/XiriService( 309): check file name: /data/data/com.dangbei.lerad.videoposter/lib
11-05 14:04:59.135 D/XiriService( 309): check file name: /data/data/com.dangbei.lerad.videoposter/lib
11-05 14:04:59.135 D/XiriService( 309): check file name: /data/data/com.dangbei.lerad.videoposter/lib
11-05 14:04:59.146 I/SystemServerTiming( 476): StartNetworkScoreService
11-05 14:04:59.146 I/SystemServiceManager( 476): Starting com.android.server.NetworkScoreService$Lifecycle
11-05 14:04:59.149 I/NetworkScoreService( 476): Registering network_score
11-05 14:04:59.152 D/XiriService( 309): check file name: /data/data/com.android.networkstack/lib
11-05 14:04:59.152 D/XiriService( 309): check file name: /data/data/com.android.networkstack/lib
11-05 14:04:59.152 D/XiriService( 309): check file name: /data/data/com.android.networkstack/lib
11-05 14:04:59.152 D/XiriService( 309): check file name: /data/data/com.android.networkstack/lib
11-05 14:04:59.148 I/xiriservice_All( 309): type=1400 audit(0.0:313): avc: denied { read } for name="lib" dev="mmcblk0p25" ino=6931 scontext=u:r:init:s0 tcontext=u:object_r:radio_data_file:s0 tclass=lnk_file permissive=1
11-05 14:04:59.153 I/SystemServerTiming( 476): StartNetworkStatsService
11-05 14:04:59.158 I/SystemServerTiming( 476): StartNetworkPolicyManagerService
11-05 14:04:59.159 D/XiriService( 309): check file name: /data/data/com.android.networkstack/lib
11-05 14:04:59.159 D/XiriService( 309): check file name: /data/data/com.android.networkstack/lib
11-05 14:04:59.159 D/XiriService( 309): check file name: /data/data/com.android.networkstack/lib
11-05 14:04:59.159 D/XiriService( 309): check file name: /data/data/com.android.networkstack/lib
11-05 14:04:59.166 I/SystemServerTiming( 476): StartWifi
11-05 14:04:59.202 I/SystemServiceManager( 476): Starting com.android.server.wifi.WifiService
11-05 14:04:59.231 I/WifiContext( 476): Found Wifi Resources APK at: com.android.wifi.resources
11-05 14:04:59.242 D/XiriService( 309): check file name: /data/data/com.dangbei.screencast/lib
11-05 14:04:59.242 D/XiriService( 309): check file name: /data/data/com.dangbei.screencast/lib
11-05 14:04:59.242 D/XiriService( 309): check file name: /data/data/com.dangbei.screencast/lib
11-05 14:04:59.242 D/XiriService( 309): check file name: /data/data/com.dangbei.screencast/lib
11-05 14:04:59.247 V/NetworkScoreManager( 476): registerNetworkScoreCallback: callback=com.android.server.wifi.WifiNetworkScoreCache@f6056aa, executor=com.android.wifi.x.android.os.HandlerExecutor@7e8e29b
11-05 14:04:59.253 D/XiriService( 309): check file name: /data/data/com.dangbei.screencast/lib
11-05 14:04:59.253 D/XiriService( 309): check file name: /data/data/com.dangbei.screencast/lib
11-05 14:04:59.254 D/XiriService( 309): check file name: /data/data/com.dangbei.screencast/lib
11-05 14:04:59.266 W/Zygote ( 242): Class not found for preloading: android.view.SurfaceView$2
11-05 14:04:59.272 D/XiriService( 309): check file name: /data/data/com.dangbei.leard.leradlauncher/lib
11-05 14:04:59.272 D/XiriService( 309): check file name: /data/data/com.dangbei.leard.leradlauncher/lib
11-05 14:04:59.273 D/XiriService( 309): check file name: /data/data/com.dangbei.leard.leradlauncher/lib
11-05 14:04:59.278 D/ScanMetrics( 476): Settings package: com.android.tv.settings
11-05 14:04:59.278 E/ScanMetrics( 476): Can't get GMS uid
11-05 14:04:59.281 D/XiriService( 309): check file name: /data/data/com.dangbei.leard.leradlauncher/lib
11-05 14:04:59.281 D/XiriService( 309): check file name: /data/data/com.dangbei.leard.leradlauncher/lib
11-05 14:04:59.282 D/XiriService( 309): check file name: /data/data/com.dangbei.leard.leradlauncher/lib
11-05 14:04:59.282 D/XiriService( 309): check file name: /data/data/com.dangbei.leard.leradlauncher/lib
11-05 14:04:59.292 D/XiriService( 309): check file name: /data/data/com.android.printspooler/lib
11-05 14:04:59.288 I/xiriservice_All( 309): type=1400 audit(0.0:314): avc: denied { search } for name="com.android.printspooler" dev="mmcblk0p25" ino=933 scontext=u:r:init:s0 tcontext=u:object_r:app_data_file:s0:c37,c256,c512,c768 tclass=dir permissive=1
11-05 14:04:59.288 I/xiriservice_All( 309): type=1400 audit(0.0:315): avc: denied { read } for name="lib" dev="mmcblk0p25" ino=6937 scontext=u:r:init:s0 tcontext=u:object_r:app_data_file:s0:c37,c256,c512,c768 tclass=lnk_file permissive=1
11-05 14:04:59.296 D/XiriService( 309): check file name: /data/data/com.android.printspooler/lib
11-05 14:04:59.301 I/WifiCoexManager( 476): Default coex algorithm is disabled.
11-05 14:04:59.305 D/XiriService( 309): check file name: /data/data/com.android.printspooler/lib
11-05 14:04:59.305 D/XiriService( 309): check file name: /data/data/com.android.printspooler/lib
11-05 14:04:59.306 D/XiriService( 309): check file name: /data/data/com.android.printspooler/lib
11-05 14:04:59.306 D/XiriService( 309): check file name: /data/data/com.android.printspooler/lib
11-05 14:04:59.314 D/XiriService( 309): check file name: /data/data/com.android.webview/lib
11-05 14:04:59.308 I/xiriservice_All( 309): type=1400 audit(0.0:316): avc: denied { search } for name="com.android.webview" dev="mmcblk0p25" ino=953 scontext=u:r:init:s0 tcontext=u:object_r:app_data_file:s0:c60,c256,c512,c768 tclass=dir permissive=1
11-05 14:04:59.308 I/xiriservice_All( 309): type=1400 audit(0.0:317): avc: denied { read } for name="lib" dev="mmcblk0p25" ino=6511 scontext=u:r:init:s0 tcontext=u:object_r:app_data_file:s0:c60,c256,c512,c768 tclass=lnk_file permissive=1
11-05 14:04:59.315 D/XiriService( 309): check file name: /data/data/com.android.webview/lib
11-05 14:04:59.316 D/XiriService( 309): check file name: /data/data/com.android.webview/lib
11-05 14:04:59.317 D/XiriService( 309): check file name: /data/data/com.android.webview/lib
11-05 14:04:59.325 D/XiriService( 309): check file name: /data/data/com.android.webview/lib
11-05 14:04:59.340 D/XiriService( 309): check file name: /data/data/com.android.bips/lib
11-05 14:04:59.336 I/xiriservice_All( 309): type=1400 audit(0.0:318): avc: denied { search } for name="com.android.bips" dev="mmcblk0p25" ino=977 scontext=u:r:init:s0 tcontext=u:object_r:privapp_data_file:s0:c512,c768 tclass=dir permissive=1
11-05 14:04:59.350 D/XiriService( 309): check file name: /data/data/com.android.bips/lib
11-05 14:04:59.351 D/XiriService( 309): check file name: /data/data/com.android.bips/lib
11-05 14:04:59.351 D/XiriService( 309): check file name: /data/data/com.android.bips/lib
11-05 14:04:59.352 D/XiriService( 309): check file name: /data/data/com.oranth.inputmacsn/lib
11-05 14:04:59.352 D/XiriService( 309): check file name: /data/data/com.oranth.inputmacsn/lib
11-05 14:04:59.353 D/XiriService( 309): check file name: /data/data/com.oranth.inputmacsn/lib
11-05 14:04:59.353 D/XiriService( 309): check file name: /data/data/com.oranth.inputmacsn/lib
11-05 14:04:59.360 D/XiriService( 309): check file name: /data/data/com.oranth.inputmacsn/lib
11-05 14:04:59.360 D/XiriService( 309): check file name: /data/data/com.oranth.inputmacsn/lib
11-05 14:04:59.361 D/XiriService( 309): check file name: /data/data/com.oranth.inputmacsn/lib
11-05 14:04:59.365 D/WifiOpenNetworkNotifier( 476): Settings toggle enabled=true
11-05 14:04:59.378 D/WifiNl80211Manager( 476): registerCountryCodeEventListener called
11-05 14:04:59.378 I/wificond( 368): New wificond event callback registered
11-05 14:04:59.378 D/WifiCountryCode( 476): Default country code from system property ro.boot.wificountrycode is CN
11-05 14:04:59.384 D/XiriService( 309): check file name: /data/data/com.android.keychain/lib
11-05 14:04:59.384 D/XiriService( 309): check file name: /data/data/com.android.keychain/lib
11-05 14:04:59.385 D/XiriService( 309): check file name: /data/data/com.android.keychain/lib
11-05 14:04:59.385 D/XiriService( 309): check file name: /data/data/com.android.keychain/lib
11-05 14:04:59.380 I/xiriservice_All( 309): type=1400 audit(0.0:319): avc: denied { read } for name="lib" dev="mmcblk0p25" ino=6945 scontext=u:r:init:s0 tcontext=u:object_r:system_app_data_file:s0 tclass=lnk_file permissive=1
11-05 14:04:59.389 D/WakeupController( 476): WifiWake enabled
11-05 14:04:59.392 D/XiriService( 309): check file name: /data/data/com.android.keychain/lib
11-05 14:04:59.392 D/XiriService( 309): check file name: /data/data/com.android.keychain/lib
11-05 14:04:59.392 D/XiriService( 309): check file name: /data/data/com.android.keychain/lib
11-05 14:04:59.393 D/XiriService( 309): check file name: /data/data/com.android.keychain/lib
11-05 14:04:59.394 V/HistoricalRegistry( 476): Interaction before persistence initialized
11-05 14:04:59.403 I/WifiService( 476): Registering wifi
11-05 14:04:59.405 I/SystemServerTiming( 476): StartWifiScanning
11-05 14:04:59.405 I/SystemServiceManager( 476): Starting com.android.server.wifi.scanner.WifiScanningService
11-05 14:04:59.405 I/WifiScanningService( 476): Creating wifiscanner
11-05 14:04:59.409 D/XiriService( 309): check file name: /data/data/com.android.localtransport/lib
11-05 14:04:59.414 D/XiriService( 309): check file name: /data/data/com.android.localtransport/lib
11-05 14:04:59.414 D/XiriService( 309): check file name: /data/data/com.android.localtransport/lib
11-05 14:04:59.414 D/XiriService( 309): check file name: /data/data/com.android.localtransport/lib
11-05 14:04:59.414 D/XiriService( 309): check file name: /data/data/com.android.localtransport/lib
11-05 14:04:59.415 D/XiriService( 309): check file name: /data/data/com.android.packageinstaller/lib
11-05 14:04:59.415 D/XiriService( 309): check file name: /data/data/com.android.packageinstaller/lib
11-05 14:04:59.415 D/XiriService( 309): check file name: /data/data/com.android.packageinstaller/lib
11-05 14:04:59.417 I/WifiScanningService( 476): Publishing wifiscanner
11-05 14:04:59.418 I/SystemServerTiming( 476): StartWifiP2P
11-05 14:04:59.418 I/SystemServiceManager( 476): Starting com.android.server.wifi.p2p.WifiP2pService
11-05 14:04:59.422 D/XiriService( 309): check file name: /data/data/com.android.packageinstaller/lib
11-05 14:04:59.422 D/XiriService( 309): check file name: /data/data/com.android.packageinstaller/lib
11-05 14:04:59.423 D/XiriService( 309): check file name: /data/data/com.android.packageinstaller/lib
11-05 14:04:59.423 D/XiriService( 309): check file name: /data/data/com.android.packageinstaller/lib
11-05 14:04:59.426 I/WifiP2pService( 476): Registering wifip2p
11-05 14:04:59.428 I/SystemServerTiming( 476): StartEthernet
11-05 14:04:59.429 I/SystemServiceManager( 476): Starting com.android.server.ethernet.EthernetService
11-05 14:04:59.429 I/EthernetService( 476): Registering service ethernet
11-05 14:04:59.430 I/SystemServerTiming( 476): StartPacProxyService
11-05 14:04:59.433 I/SystemServerTiming( 476): StartPppoe
11-05 14:04:59.435 I/SystemServiceManager( 476): Starting com.android.server.pppoe.PppoeService
11-05 14:04:59.435 I/PppoeServiceImpl( 476): Creating PppoeServiceImpl
11-05 14:04:59.438 D/XiriService( 309): check file name: /data/data/com.oranth.usbopenft/lib
11-05 14:04:59.438 D/XiriService( 309): check file name: /data/data/com.oranth.usbopenft/lib
11-05 14:04:59.438 D/XiriService( 309): check file name: /data/data/com.oranth.usbopenft/lib
11-05 14:04:59.438 D/XiriService( 309): check file name: /data/data/com.oranth.usbopenft/lib
11-05 14:04:59.444 D/XiriService( 309): check file name: /data/data/com.oranth.usbopenft/lib
11-05 14:04:59.444 D/XiriService( 309): check file name: /data/data/com.oranth.usbopenft/lib
11-05 14:04:59.445 D/XiriService( 309): check file name: /data/data/com.oranth.usbopenft/lib
11-05 14:04:59.445 D/XiriService( 309): check file name: /data/data/com.oranth.usbopenft/lib
11-05 14:04:59.445 D/XiriService( 309): check file name: /data/data/com.android.networkstack.tethering/lib
11-05 14:04:59.445 D/XiriService( 309): check file name: /data/data/com.android.networkstack.tethering/lib
11-05 14:04:59.446 D/XiriService( 309): check file name: /data/data/com.android.networkstack.tethering/lib
11-05 14:04:59.446 D/XiriService( 309): check file name: /data/data/com.android.networkstack.tethering/lib
11-05 14:04:59.447 I/PppoeService( 476): Registering service pppoe
11-05 14:04:59.449 I/SystemServerTiming( 476): StartConnectivityService
11-05 14:04:59.453 D/XiriService( 309): check file name: /data/data/com.android.networkstack.tethering/lib
11-05 14:04:59.453 D/XiriService( 309): check file name: /data/data/com.android.networkstack.tethering/lib
11-05 14:04:59.454 D/XiriService( 309): check file name: /data/data/com.android.networkstack.tethering/lib
11-05 14:04:59.454 D/XiriService( 309): check file name: /data/data/com.android.networkstack.tethering/lib
11-05 14:04:59.464 D/XiriService( 309): check file name: /data/data/com.dangbei.lerad.etna.haqu/lib
11-05 14:04:59.465 D/XiriService( 309): check file name: /data/data/com.dangbei.lerad.etna.haqu/lib
11-05 14:04:59.465 D/XiriService( 309): check file name: /data/data/com.dangbei.lerad.etna.haqu/lib
11-05 14:04:59.465 D/XiriService( 309): check file name: /data/data/com.dangbei.lerad.etna.haqu/lib
11-05 14:04:59.468 D/SystemServerInitThreadPool( 476): Finished executing START_FONT_MANAGER_SERVICE
11-05 14:04:59.471 I/SystemServiceManager( 476): Starting com.android.server.ConnectivityServiceInitializer
11-05 14:04:59.471 D/XiriService( 309): check file name: /data/data/com.dangbei.lerad.etna.haqu/lib
11-05 14:04:59.472 D/XiriService( 309): check file name: /data/data/com.dangbei.lerad.etna.haqu/lib
11-05 14:04:59.472 D/XiriService( 309): check file name: /data/data/com.dangbei.lerad.etna.haqu/lib
11-05 14:04:59.496 D/XiriService( 309): check file name: /data/data/com.oranth.powerwindow/lib
11-05 14:04:59.496 D/ConnectivityService( 476): ConnectivityService starting up
11-05 14:04:59.497 D/XiriService( 309): check file name: /data/data/com.oranth.powerwindow/lib
11-05 14:04:59.497 D/XiriService( 309): check file name: /data/data/com.oranth.powerwindow/lib
11-05 14:04:59.497 D/XiriService( 309): check file name: /data/data/com.oranth.powerwindow/lib
11-05 14:04:59.500 D/pppoeNRI:( 476): uid/pid:1000/476 activeRequest: null callbackRequest: 5 [NetworkRequest [ REQUEST id=5, [ Transports: PPPOE Capabilities: INTERNET&NOT_RESTRICTED&TRUSTED&NOT_VPN&NOT_VCN_MANAGED RequestorUid: 1000 RequestorPkg: android] ]] callback flags: 1 priority: 2147483647
11-05 14:04:59.503 D/XiriService( 309): check file name: /data/data/com.oranth.powerwindow/lib
11-05 14:04:59.503 D/XiriService( 309): check file name: /data/data/com.oranth.powerwindow/lib
11-05 14:04:59.504 D/XiriService( 309): check file name: /data/data/com.oranth.powerwindow/lib
11-05 14:04:59.504 D/XiriService( 309): check file name: /data/data/com.oranth.powerwindow/lib
11-05 14:04:59.505 E/TAG ( 476): Exception = android.content.pm.PackageManager$NameNotFoundException: android.telephony.cts
11-05 14:04:59.505 E/TAG ( 476): Exception = android.content.pm.PackageManager$NameNotFoundException: android.net.cts
11-05 14:04:59.506 I/Zygote ( 242): ...preloaded 7337 classes in 925ms.
11-05 14:04:59.512 D/ApplicationLoaders( 242): Created zygote-cached class loader: /system/framework/android.hidl.base-V1.0-java.jar
11-05 14:04:59.516 D/XiriService( 309): check file name: /data/data/com.android.networkstack.permissionconfig/lib
11-05 14:04:59.516 D/XiriService( 309): check file name: /data/data/com.android.networkstack.permissionconfig/lib
11-05 14:04:59.516 D/XiriService( 309): check file name: /data/data/com.android.networkstack.permissionconfig/lib
11-05 14:04:59.516 D/XiriService( 309): check file name: /data/data/com.android.networkstack.permissionconfig/lib
11-05 14:04:59.517 D/ApplicationLoaders( 242): Created zygote-cached class loader: /system/framework/android.hidl.manager-V1.0-java.jar
11-05 14:04:59.522 D/ApplicationLoaders( 242): Created zygote-cached class loader: /system/framework/android.test.base.jar
11-05 14:04:59.522 I/Zygote ( 242): Preloading resources...
11-05 14:04:59.523 D/XiriService( 309): check file name: /data/data/com.android.networkstack.permissionconfig/lib
11-05 14:04:59.523 D/XiriService( 309): check file name: /data/data/com.android.networkstack.permissionconfig/lib
11-05 14:04:59.523 D/XiriService( 309): check file name: /data/data/com.android.networkstack.permissionconfig/lib
11-05 14:04:59.523 D/XiriService( 309): check file name: /data/data/com.android.networkstack.permissionconfig/lib
11-05 14:04:59.531 D/XiriService( 309): check file name: /data/data/com.dangbei.lerad.screensaver/lib
11-05 14:04:59.528 I/xiriservice_All( 309): type=1400 audit(0.0:320): avc: denied { search } for name="com.dangbei.lerad.screensaver" dev="mmcblk0p25" ino=1187 scontext=u:r:init:s0 tcontext=u:object_r:app_data_file:s0:c48,c256,c512,c768 tclass=dir permissive=1
11-05 14:04:59.532 D/XiriService( 309): check file name: /data/data/com.dangbei.lerad.screensaver/lib
11-05 14:04:59.528 I/xiriservice_All( 309): type=1400 audit(0.0:321): avc: denied { read } for name="lib" dev="mmcblk0p25" ino=6528 scontext=u:r:init:s0 tcontext=u:object_r:app_data_file:s0:c48,c256,c512,c768 tclass=lnk_file permissive=1
11-05 14:04:59.533 D/XiriService( 309): check file name: /data/data/com.dangbei.lerad.screensaver/lib
11-05 14:04:59.533 D/XiriService( 309): check file name: /data/data/com.dangbei.lerad.screensaver/lib
11-05 14:04:59.534 D/CompatibilityChangeReporter( 476): Compat change id reported: 182478738; UID 1000; state: ENABLED
11-05 14:04:59.540 D/XiriService( 309): check file name: /data/data/com.dangbei.lerad.screensaver/lib
11-05 14:04:59.540 D/XiriService( 309): check file name: /data/data/com.dangbei.lerad.screensaver/lib
11-05 14:04:59.541 D/XiriService( 309): check file name: /data/data/com.dangbei.lerad.screensaver/lib
11-05 14:04:59.541 D/XiriService( 309): check file name: /data/data/com.dangbei.lerad.screensaver/lib
11-05 14:04:59.542 W/Resources( 242): Preloaded drawable resource #0x1080286 (android:drawable/dialog_background_material) that varies with configuration!!
11-05 14:04:59.543 I/ConnectivityServiceInitializer( 476): Registering connectivity
11-05 14:04:59.545 I/SystemServerTiming( 476): StartVpnManagerService
11-05 14:04:59.552 D/VpnManagerService( 476): VpnManagerService starting up
11-05 14:04:59.553 I/SystemServerTiming( 476): StartVcnManagementService
11-05 14:04:59.558 I/SystemServerTiming( 476): StartNsdService
11-05 14:04:59.560 D/NsdService( 476): Network service discovery is enabled
11-05 14:04:59.563 I/SystemServerTiming( 476): StartSystemUpdateManagerService
11-05 14:04:59.564 I/SystemUpdateManagerService( 476): No existing info file /data/system/system-update-info.xml
11-05 14:04:59.565 I/SystemServerTiming( 476): StartUpdateLockService
11-05 14:04:59.566 I/SystemServerTiming( 476): StartNotificationManager
11-05 14:04:59.567 I/SystemServiceManager( 476): Starting com.android.server.notification.NotificationManagerService
11-05 14:04:59.570 D/XiriService( 309): check file name: /data/data/com.android.wallpaperbackup/lib
11-05 14:04:59.570 D/XiriService( 309): check file name: /data/data/com.android.wallpaperbackup/lib
11-05 14:04:59.571 D/XiriService( 309): check file name: /data/data/com.android.wallpaperbackup/lib
11-05 14:04:59.571 D/XiriService( 309): check file name: /data/data/com.android.wallpaperbackup/lib
11-05 14:04:59.578 D/XiriService( 309): check file name: /data/data/com.android.wallpaperbackup/lib
11-05 14:04:59.578 D/XiriService( 309): check file name: /data/data/com.android.wallpaperbackup/lib
11-05 14:04:59.578 D/XiriService( 309): check file name: /data/data/com.android.wallpaperbackup/lib
11-05 14:04:59.578 D/XiriService( 309): check file name: /data/data/com.android.wallpaperbackup/lib
11-05 14:04:59.586 D/ConditionProviders.SCP( 476): new ScheduleConditionProvider()
11-05 14:04:59.588 I/Zygote ( 242): ...preloaded 64 resources in 65ms.
11-05 14:04:59.593 D/XiriService( 309): check file name: /data/data/com.android.providers.media.module/lib
11-05 14:04:59.594 D/XiriService( 309): check file name: /data/data/com.android.providers.media.module/lib
11-05 14:04:59.588 I/xiriservice_All( 309): type=1400 audit(0.0:322): avc: denied { search } for name="com.android.providers.media.module" dev="mmcblk0p25" ino=1259 scontext=u:r:init:s0 tcontext=u:object_r:privapp_data_file:s0:c74,c256,c512,c768 tclass=dir permissive=1
11-05 14:04:59.594 D/XiriService( 309): check file name: /data/data/com.android.providers.media.module/lib
11-05 14:04:59.588 I/xiriservice_All( 309): type=1400 audit(0.0:323): avc: denied { read } for name="lib" dev="mmcblk0p25" ino=6965 scontext=u:r:init:s0 tcontext=u:object_r:privapp_data_file:s0:c74,c256,c512,c768 tclass=lnk_file permissive=1
11-05 14:04:59.599 I/Zygote ( 242): ...preloaded 41 resources in 10ms.
11-05 14:04:59.601 D/XiriService( 309): check file name: /data/data/com.android.providers.media.module/lib
11-05 14:04:59.601 D/XiriService( 309): check file name: /data/data/com.android.providers.media.module/lib
11-05 14:04:59.601 D/XiriService( 309): check file name: /data/data/com.android.providers.media.module/lib
11-05 14:04:59.602 D/XiriService( 309): check file name: /data/data/com.android.providers.media.module/lib
11-05 14:04:59.605 I/NotificationAssistants( 476): Read notification assistant permissions from xml
11-05 14:04:59.606 I/ConditionProviders( 476): Read condition provider permissions from xml
11-05 14:04:59.606 I/ConditionProviders( 476): Read condition provider permissions from xml
11-05 14:04:59.606 D/NotificationAssistants( 476): Approving default notification assistant for user 0
11-05 14:04:59.607 I/ConditionProviders( 476): Allowing condition provider android.ext.services/android.ext.services.notification.Assistant (userSet: true)
11-05 14:04:59.610 D/XiriService( 309): check file name: /data/data/com.oranth.storage/lib
11-05 14:04:59.611 D/CompatibilityChangeReporter( 476): Compat change id reported: 147600208; UID 1000; state: ENABLED
11-05 14:04:59.613 D/CompatibilityChangeReporter( 476): Compat change id reported: 157233955; UID 1000; state: ENABLED
11-05 14:04:59.617 D/XiriService( 309): check file name: /data/data/com.oranth.storage/lib
11-05 14:04:59.618 D/XiriService( 309): check file name: /data/data/com.oranth.storage/lib
11-05 14:04:59.618 D/XiriService( 309): check file name: /data/data/com.oranth.storage/lib
11-05 14:04:59.618 D/XiriService( 309): check file name: /data/data/com.oranth.storage/lib
11-05 14:04:59.622 I/SystemServerTiming( 476): StartDeviceMonitor
11-05 14:04:59.622 I/SystemServiceManager( 476): Starting com.android.server.storage.DeviceStorageMonitorService
11-05 14:04:59.624 I/SystemServerTiming( 476): StartLocationManagerService
11-05 14:04:59.625 I/SystemServiceManager( 476): Starting com.android.server.location.LocationManagerService$Lifecycle
11-05 14:04:59.628 D/libEGL ( 242): loaded /vendor/lib/egl/libGLES_mali.so
11-05 14:04:59.633 I/SystemServerTiming( 476): StartCountryDetectorService
11-05 14:04:59.633 D/XiriService( 309): check file name: /data/data/com.dangbei.haqusetting/lib
11-05 14:04:59.633 D/XiriService( 309): check file name: /data/data/com.dangbei.haqusetting/lib
11-05 14:04:59.633 D/XiriService( 309): check file name: /data/data/com.dangbei.haqusetting/lib
11-05 14:04:59.633 D/XiriService( 309): check file name: /data/data/com.dangbei.haqusetting/lib
11-05 14:04:59.634 I/SystemServerTiming( 476): StartTimeDetectorService
11-05 14:04:59.634 I/SystemServiceManager( 476): Starting com.android.server.timedetector.TimeDetectorService$Lifecycle
11-05 14:04:59.637 I/SystemServerTiming( 476): StartTimeZoneDetectorService
11-05 14:04:59.637 I/SystemServiceManager( 476): Starting com.android.server.timezonedetector.TimeZoneDetectorService$Lifecycle
11-05 14:04:59.640 D/XiriService( 309): check file name: /data/data/com.dangbei.haqusetting/lib
11-05 14:04:59.640 D/XiriService( 309): check file name: /data/data/com.dangbei.haqusetting/lib
11-05 14:04:59.640 D/XiriService( 309): check file name: /data/data/com.dangbei.haqusetting/lib
11-05 14:04:59.640 D/XiriService( 309): check file name: /data/data/com.dangbei.haqusetting/lib
11-05 14:04:59.640 I/SystemServerTiming( 476): StartLocationTimeZoneManagerService
11-05 14:04:59.641 I/SystemServiceManager( 476): Starting com.android.server.timezonedetector.location.LocationTimeZoneManagerService$Lifecycle
11-05 14:04:59.642 I/SystemServerTiming( 476): StartSearchManagerService
11-05 14:04:59.642 I/SystemServiceManager( 476): Starting com.android.server.search.SearchManagerService$Lifecycle
11-05 14:04:59.644 I/SystemServerTiming( 476): StartWallpaperManagerService
11-05 14:04:59.644 I/SystemServiceManager( 476): Starting com.android.server.wallpaper.WallpaperManagerService$Lifecycle
11-05 14:04:59.646 I/SystemServerTiming( 476): StartAudioService
11-05 14:04:59.646 I/SystemServiceManager( 476): Starting com.android.server.audio.AudioService$Lifecycle
11-05 14:04:59.652 D/XiriService( 309): check file name: /data/data/com.softwinner.miracastReceiver/lib
11-05 14:04:59.653 D/XiriService( 309): check file name: /data/data/com.softwinner.miracastReceiver/lib
11-05 14:04:59.653 D/XiriService( 309): check file name: /data/data/com.softwinner.miracastReceiver/lib
11-05 14:04:59.653 D/XiriService( 309): check file name: /data/data/com.softwinner.miracastReceiver/lib
11-05 14:04:59.662 D/XiriService( 309): check file name: /data/data/com.softwinner.miracastReceiver/lib
11-05 14:04:59.662 D/XiriService( 309): check file name: /data/data/com.softwinner.miracastReceiver/lib
11-05 14:04:59.663 D/XiriService( 309): check file name: /data/data/com.softwinner.miracastReceiver/lib
11-05 14:04:59.663 D/XiriService( 309): check file name: /data/data/com.softwinner.miracastReceiver/lib
11-05 14:04:59.663 I/android_os_HwBinder( 476): HwBinder: Starting thread pool for getting: android.hidl.manager@1.0::IServiceManager/default
11-05 14:04:59.668 D/XiriService( 309): check file name: /data/data/com.android.bluetooth/lib
11-05 14:04:59.668 D/XiriService( 309): check file name: /data/data/com.android.bluetooth/lib
11-05 14:04:59.669 D/XiriService( 309): check file name: /data/data/com.android.bluetooth/lib
11-05 14:04:59.669 D/XiriService( 309): check file name: /data/data/com.android.bluetooth/lib
11-05 14:04:59.664 I/xiriservice_All( 309): type=1400 audit(0.0:324): avc: denied { read } for name="lib" dev="mmcblk0p25" ino=6973 scontext=u:r:init:s0 tcontext=u:object_r:bluetooth_data_file:s0 tclass=lnk_file permissive=1
11-05 14:04:59.669 W/AudioFlinger( 264): no wake lock to update, system not ready yet
11-05 14:04:59.674 D/PermissionCache( 264): checking android.permission.MODIFY_AUDIO_ROUTING for uid=1000 => granted (746 us)
11-05 14:04:59.676 D/XiriService( 309): check file name: /data/data/com.android.bluetooth/lib
11-05 14:04:59.676 D/XiriService( 309): check file name: /data/data/com.android.bluetooth/lib
11-05 14:04:59.676 D/XiriService( 309): check file name: /data/data/com.android.bluetooth/lib
11-05 14:04:59.676 D/XiriService( 309): check file name: /data/data/com.android.bluetooth/lib
11-05 14:04:59.687 D/PermissionCache( 264): checking android.permission.MODIFY_AUDIO_SETTINGS for uid=1000 => granted (223 us)
11-05 14:04:59.698 D/AudioFlinger( 264): isLowRamDevice:false totalMemory:2055442432 mClientSharedHeapSize:4194304
11-05 14:04:59.700 I/SystemServerTiming( 476): StartSoundTriggerMiddlewareService
11-05 14:04:59.700 I/SystemServiceManager( 476): Starting com.android.server.soundtrigger_middleware.SoundTriggerMiddlewareService$Lifecycle
11-05 14:04:59.703 D/SoundTriggerMiddlewareService( 476): Connecting to default ISoundTriggerHw
11-05 14:04:59.704 I/PackageManager( 476): Deferred reconcileAppsData finished 98 packages
11-05 14:04:59.704 D/SystemServerInitThreadPool( 476): Finished executing prepareAppData
11-05 14:04:59.705 I/hwservicemanager( 180): getTransport: Cannot find entry android.hardware.soundtrigger@2.0::ISoundTriggerHw/default in either framework or device VINTF manifest.
11-05 14:04:59.708 E/SoundTriggerMiddlewareImpl( 476): Failed to add a SoundTriggerModule instance
11-05 14:04:59.708 E/SoundTriggerMiddlewareImpl( 476): java.util.NoSuchElementException
11-05 14:04:59.708 E/SoundTriggerMiddlewareImpl( 476): at android.os.HwBinder.getService(Native Method)
11-05 14:04:59.708 E/SoundTriggerMiddlewareImpl( 476): at android.hardware.soundtrigger.V2_0.ISoundTriggerHw.getService(ISoundTriggerHw.java:57)
11-05 14:04:59.708 E/SoundTriggerMiddlewareImpl( 476): at android.hardware.soundtrigger.V2_0.ISoundTriggerHw.getService(ISoundTriggerHw.java:64)
11-05 14:04:59.708 E/SoundTriggerMiddlewareImpl( 476): at com.android.server.soundtrigger_middleware.SoundTriggerMiddlewareService$Lifecycle.lambda$onStart$0(SoundTriggerMiddlewareService.java:238)
11-05 14:04:59.708 E/SoundTriggerMiddlewareImpl( 476): at com.android.server.soundtrigger_middleware.SoundTriggerMiddlewareService$Lifecycle$$ExternalSyntheticLambda0.create(Unknown Source:0)
11-05 14:04:59.708 E/SoundTriggerMiddlewareImpl( 476): at com.android.server.soundtrigger_middleware.SoundTriggerModule.attachToHal(SoundTriggerModule.java:222)
11-05 14:04:59.708 E/SoundTriggerMiddlewareImpl( 476): at com.android.server.soundtrigger_middleware.SoundTriggerModule.(SoundTriggerModule.java:112)
11-05 14:04:59.708 E/SoundTriggerMiddlewareImpl( 476): at com.android.server.soundtrigger_middleware.SoundTriggerMiddlewareImpl.(SoundTriggerMiddlewareImpl.java:89)
11-05 14:04:59.708 E/SoundTriggerMiddlewareImpl( 476): at com.android.server.soundtrigger_middleware.SoundTriggerMiddlewareService$Lifecycle.onStart(SoundTriggerMiddlewareService.java:244)
11-05 14:04:59.708 E/SoundTriggerMiddlewareImpl( 476): at com.android.server.SystemServiceManager.startService(SystemServiceManager.java:205)
11-05 14:04:59.708 E/SoundTriggerMiddlewareImpl( 476): at com.android.server.SystemServiceManager.startService(SystemServiceManager.java:192)
11-05 14:04:59.708 E/SoundTriggerMiddlewareImpl( 476): at com.android.server.SystemServer.startOtherServices(SystemServer.java:2161)
11-05 14:04:59.708 E/SoundTriggerMiddlewareImpl( 476): at com.android.server.SystemServer.run(SystemServer.java:928)
11-05 14:04:59.708 E/SoundTriggerMiddlewareImpl( 476): at com.android.server.SystemServer.main(SystemServer.java:628)
11-05 14:04:59.708 E/SoundTriggerMiddlewareImpl( 476): at java.lang.reflect.Method.invoke(Native Method)
11-05 14:04:59.708 E/SoundTriggerMiddlewareImpl( 476): at com.android.internal.os.RuntimeInit$MethodAndArgsCaller.run(RuntimeInit.java:548)
11-05 14:04:59.708 E/SoundTriggerMiddlewareImpl( 476): at com.android.internal.os.ZygoteInit.main(ZygoteInit.java:1160)
11-05 14:04:59.711 I/SystemServerTiming( 476): StartDockObserver
11-05 14:04:59.711 I/SystemServiceManager( 476): Starting com.android.server.DockObserver
11-05 14:04:59.712 W/DockObserver( 476): This kernel does not have dock station support
11-05 14:04:59.713 I/SystemServerTiming( 476): StartWiredAccessoryManager
11-05 14:04:59.714 I/SystemServer( 476): Audio device manager Observer
11-05 14:04:59.714 E/Environment( 476): Path requests must specify a user by using UserEnvironment
11-05 14:04:59.714 E/Environment( 476): java.lang.Throwable
11-05 14:04:59.714 E/Environment( 476): at android.os.Environment.throwIfUserRequired(Environment.java:1449)
11-05 14:04:59.714 E/Environment( 476): at android.os.Environment.getExternalStorageDirectory(Environment.java:707)
11-05 14:04:59.714 E/Environment( 476): at com.android.server.SystemServer.startOtherServices(SystemServer.java:2192)
11-05 14:04:59.714 E/Environment( 476): at com.android.server.SystemServer.run(SystemServer.java:928)
11-05 14:04:59.714 E/Environment( 476): at com.android.server.SystemServer.main(SystemServer.java:628)
11-05 14:04:59.714 E/Environment( 476): at java.lang.reflect.Method.invoke(Native Method)
11-05 14:04:59.714 E/Environment( 476): at com.android.internal.os.RuntimeInit$MethodAndArgsCaller.run(RuntimeInit.java:548)
11-05 14:04:59.714 E/Environment( 476): at com.android.internal.os.ZygoteInit.main(ZygoteInit.java:1160)
11-05 14:04:59.715 I/CaptureStateNotifier( 264): Registering a listener
11-05 14:04:59.716 I/SoundTriggerMiddlewareLogging( 476): setCaptureState[this=com.android.server.soundtrigger_middleware.SoundTriggerMiddlewareImpl@1d22778, client=null](false)
11-05 14:04:59.718 W/StorageManagerService( 476): No primary storage defined yet; hacking together a stub
11-05 14:04:59.719 I/DropBoxManagerService( 476): add tag=system_server_wtf isTagEnabled=true flags=0x2
11-05 14:04:59.726 I/Zygote ( 242): Preloading shared libraries...
11-05 14:04:59.735 I/Zygote ( 242): Called ZygoteHooks.endPreload()
11-05 14:04:59.737 I/Zygote ( 242): Installed AndroidKeyStoreProvider in 1ms.
11-05 14:04:59.738 W/system_server( 476): ClassLoaderContext parent mismatch. (PCL[] | PCL[];PCL[/system/framework/com.android.location.provider.jar*3633238673:/system/framework/services.jar*2328234306:/system/framework/services.jar!classes2.dex*1279896001:/system/framework/ethernet-service.jar*655162001:/system/framework/pppoe-service.jar*2082030846:/apex/com.android.appsearch/javalib/service-appsearch.jar*4100577803:/apex/com.android.media/javalib/service-media-s.jar*3881732923:/apex/com.android.permission/javalib/service-permission.jar*62506796])
11-05 14:04:59.744 I/system_server( 476): Waiting for a blocking GC ClassLinker
11-05 14:04:59.753 I/Zygote ( 242): Warmed up JCA providers in 16ms.
11-05 14:04:59.753 D/Zygote ( 242): end preload
11-05 14:04:59.754 D/SystemServerInitThreadPool( 476): Finished executing SecondaryZygotePreload
11-05 14:04:59.882 I/system_server( 476): Background young concurrent copying GC freed 84124(4752KB) AllocSpace objects, 16(480KB) LOS objects, 38% free, 8062KB/12MB, paused 208us total 141.273ms
11-05 14:04:59.882 I/system_server( 476): WaitForGcToComplete blocked ClassLinker on Background for 138.249ms
11-05 14:04:59.885 D/DisplayOutputManager( 476): ro.build.characteristics=homlet
11-05 14:04:59.886 E/SELinux ( 178): avc: denied { find } for pid=476 uid=1000 name=vendor.display.output.IDisplayOutputManager/default scontext=u:r:system_server:s0 tcontext=u:object_r:hal_awdisplayoutput_service:s0 tclass=service_manager permissive=1
11-05 14:04:59.887 I/servicemanager( 178): Found vendor.display.output.IDisplayOutputManager/default in device VINTF manifest.
11-05 14:04:59.889 D/HomletDisplayOutputManager( 476): get IDisplayOutputManager service success
11-05 14:04:59.889 D/AudioManagerEx( 476): AudioManagerEx
11-05 14:04:59.890 D/AudioDeviceManagerObserver( 476): AudioDeviceManagerObserver construct
11-05 14:04:59.891 I/SystemServerTiming( 476): StartMidiManager
11-05 14:04:59.892 I/SystemServiceManager( 476): Starting com.android.server.midi.MidiService$Lifecycle
11-05 14:04:59.893 I/SystemServerTiming( 476): StartAdbService
11-05 14:04:59.894 I/SystemServiceManager( 476): Starting com.android.server.adb.AdbService$Lifecycle
11-05 14:04:59.896 I/SystemServerTiming( 476): StartUsbService
11-05 14:04:59.897 I/SystemServiceManager( 476): Starting com.android.server.usb.UsbService$Lifecycle
11-05 14:04:59.897 I/SystemServerTiming( 476): StartSerialService
11-05 14:04:59.898 I/SystemServerTimingAsync( 476): InitThreadPoolExec:UsbService$Lifecycle#onStart
11-05 14:04:59.898 D/SystemServerInitThreadPool( 476): Started executing UsbService$Lifecycle#onStart
11-05 14:04:59.899 I/SystemServerTiming( 476): StartHardwarePropertiesManagerService
11-05 14:04:59.900 I/hwservicemanager( 180): getTransport: Cannot find entry android.hardware.thermal@1.0::IThermal/default in either framework or device VINTF manifest.
11-05 14:04:59.901 E/HardwarePropertiesManagerService-JNI( 476): Unable to get Thermal service.
11-05 14:04:59.902 I/SystemServerTiming( 476): StartTwilightService
11-05 14:04:59.902 I/SystemServiceManager( 476): Starting com.android.server.twilight.TwilightService
11-05 14:04:59.902 I/SystemServerTiming( 476): StartColorDisplay
11-05 14:04:59.902 I/SystemServiceManager( 476): Starting com.android.server.display.color.ColorDisplayService
11-05 14:04:59.903 E/UsbDeviceManager( 476): failed to write to /sys/class/android_usb/android0/f_rndis/ethaddr
11-05 14:04:59.904 I/SystemServerTiming( 476): StartJobScheduler
11-05 14:04:59.904 I/SystemServiceManager( 476): Starting com.android.server.job.JobSchedulerService
11-05 14:04:59.907 I/android_os_HwBinder( 476): HwBinder: Starting thread pool for getting: android.hardware.usb.gadget@1.0::IUsbGadget/default
11-05 14:04:59.910 D/JobStore( 476): Start tag: job-info
11-05 14:04:59.914 I/ ( 583): read descriptors
11-05 14:04:59.914 I/ ( 583): read strings
11-05 14:04:59.915 I/ ( 583): read descriptors
11-05 14:04:59.915 I/ ( 583): read strings
11-05 14:04:59.915 I/JobStore( 476): Read 5 jobs
11-05 14:04:59.918 W/StorageManagerService( 476): No primary storage defined yet; hacking together a stub
11-05 14:04:59.919 D/ConnectivityService( 476): NetReassign [no changes]
11-05 14:04:59.920 I/android_os_HwBinder( 476): HwBinder: Starting thread pool for getting: android.hidl.manager@1.0::IServiceManager/default
11-05 14:04:59.921 I/UsbDeviceManager( 476): Usb gadget hal service started android.hardware.usb.gadget@1.0::IUsbGadget default
