11-05 14:05:08.434 D/SystemUIBootTiming( 683): SystemUIService: bootcomplete com.android.systemui.keyboard.KeyboardUI took 11 ms
11-05 14:05:08.440 I/BluetoothPhonePolicy( 670): Received ACTION_UUID for device C9:B5:96:5C:E3:CB
11-05 14:05:08.440 I/BluetoothPhonePolicy( 670): index=0uuid=00001812-0000-1000-8000-00805f9b34fb
11-05 14:05:08.441 D/CompatibilityChangeReporter( 476): Compat change id reported: 168419799; UID 10046; state: DISABLED
11-05 14:05:08.441 I/BluetoothPhonePolicy( 670): processInitProfilePriorities() - device C9:B5:96:5C:E3:CB
11-05 14:05:08.441 W/HearingAidService( 670): getHearingAidService(): service is NULL
11-05 14:05:08.441 V/BluetoothDatabase( 670): getProfileConnectionPolicy: C9:B5:96:5C:E3:CB, profile=4, connectionPolicy = 100
11-05 14:05:08.441 D/BluetoothAdapterService( 670): isQuetModeEnabled() - Enabled = false
11-05 14:05:08.441 I/BluetoothPhonePolicy( 670): autoConnect: Initiate auto connection on BT on...
11-05 14:05:08.442 D/BluetoothDatabase( 670): getMostRecentlyConnectedA2dpDevice: Invalid address for device LocalStorage
11-05 14:05:08.442 E/BluetoothPhonePolicy( 670): autoConnect: most recently active a2dp device is null
11-05 14:05:08.442 D/BtOppService( 670): start Socket Listeners
11-05 14:05:08.442 D/BtOppService( 670): stopListeners: mServerSocket is null
11-05 14:05:08.442 D/ObexServerSockets( 670): create(rfcomm = -2, l2capPsm = -2)
11-05 14:05:08.442 D/SystemUIService( 683): loading: com.android.systemui.shortcut.ShortcutKeyDispatcher
11-05 14:05:08.443 D/SystemUIService( 683): running: com.android.systemui.shortcut.ShortcutKeyDispatcher@b61d5d6
11-05 14:05:08.446 D/SystemUIBootTiming( 683): SystemUIService: bootcomplete com.android.systemui.shortcut.ShortcutKeyDispatcher took 3 ms
11-05 14:05:08.446 D/SystemUIService( 683): loading: com.android.systemui.VendorServices
11-05 14:05:08.446 I/bt_btif_sock_rfcomm( 670): system/bt/btif/src/btif_sock_rfc.cc:303 btsock_rfc_listen: Adding listening socket service_name: (null) - channel: -2
11-05 14:05:08.446 D/SystemUIService( 683): running: com.android.systemui.VendorServices@70b8744
11-05 14:05:08.447 D/SystemUIBootTiming( 683): SystemUIService: bootcomplete com.android.systemui.VendorServices took 1 ms
11-05 14:05:08.447 D/SystemUIService( 683): loading: com.android.systemui.SliceBroadcastRelayHandler
11-05 14:05:08.447 I/bt_stack( 670): [INFO:port_api.cc(234)] RFCOMM_CreateConnection: bd_addr=ff:ff:ff:ff:ff:ff, scn=5, is_server=1, mtu=990, uuid=000000, dlci=10, signal_state=0x0b, p_port=0xb9ee8c0c
11-05 14:05:08.447 D/SystemUIService( 683): running: com.android.systemui.SliceBroadcastRelayHandler@5b7802d
11-05 14:05:08.447 D/BluetoothAdapter( 670): listenUsingInsecureL2capOn: port=-2
11-05 14:05:08.447 D/SystemUIBootTiming( 683): SystemUIService: bootcomplete com.android.systemui.SliceBroadcastRelayHandler took 0 ms
11-05 14:05:08.447 D/SystemUIService( 683): loading: com.android.systemui.statusbar.notification.InstantAppNotifier
11-05 14:05:08.451 I/bluetooth( 670): system/bt/btif/src/btif_sock_l2cap.cc:316 btsock_l2cap_alloc_l: Allocated l2cap socket structure socket_id:2
11-05 14:05:08.451 I/bt_l2cap( 670): system/bt/stack/l2cap/l2c_api.cc:134 L2CA_Register: L2CAP Registered service classic PSM: 0x1003
11-05 14:05:08.452 I/bluetooth( 670): system/bt/btif/src/btif_sock_l2cap.cc:341 send_app_psm_or_chan_l: Sending l2cap socket socket_id:2 channel:4099
11-05 14:05:08.453 D/LocalBluetoothProfileManager( 683): Adding local A2DP profile
11-05 14:05:08.455 D/BluetoothA2dp( 683): Binding service...
11-05 14:05:08.458 D/BluetoothAdapter( 670): listenUsingInsecureL2capOn: set assigned channel to 4099
11-05 14:05:08.458 D/ObexServerSockets( 670): Succeed to create listening sockets
11-05 14:05:08.458 D/ObexServerSockets1( 670): startAccept()
11-05 14:05:08.459 D/BluetoothSdpJni( 670): sdpCreateOppOpsRecordNative
11-05 14:05:08.459 D/BluetoothSdpJni( 670): SDP Create record success - handle: 1
11-05 14:05:08.459 I/bt_bta_dm( 670): system/bt/bta/dm/bta_dm_act.cc:3191 bta_dm_eir_update_uuid: EIR Adding UUID=0x1105 into extended inquiry response
11-05 14:05:08.459 I/bt_bta_dm( 670): system/bt/bta/dm/bta_dm_act.cc:2890 bta_dm_set_eir: Generating extended inquiry response packet EIR
11-05 14:05:08.459 D/ObexServerSockets1( 670): Accepting socket connection...
11-05 14:05:08.460 D/ObexServerSockets1( 670): Accepting socket connection...
11-05 14:05:08.463 D/BtOppService( 670): mOppSdpHandle :1
11-05 14:05:08.470 W/ActivityManager( 476): Slow operation: 57ms so far, now at attachApplicationLocked: immediately after bindApplication
11-05 14:05:08.470 W/ActivityManager( 476): Slow operation: 58ms so far, now at attachApplicationLocked: after updateLruProcessLocked
11-05 14:05:08.471 D/SystemUIService( 683): running: com.android.systemui.statusbar.notification.InstantAppNotifier@5b4baf3
11-05 14:05:08.477 D/SystemUIBootTiming( 683): SystemUIService: bootcomplete com.android.systemui.statusbar.notification.InstantAppNotifier took 30 ms
11-05 14:05:08.477 D/SystemUIService( 683): loading: com.android.systemui.toast.ToastUI
11-05 14:05:08.477 D/ExifInterface( 1089): No image meets the size requirements of a thumbnail image.
11-05 14:05:08.479 D/SystemUIService( 683): running: com.android.systemui.toast.ToastUI@bd6134f
11-05 14:05:08.479 D/SystemUIBootTiming( 683): SystemUIService: bootcomplete com.android.systemui.toast.ToastUI took 2 ms
11-05 14:05:08.479 D/SystemUIService( 683): loading: com.android.systemui.wmshell.WMShell
11-05 14:05:08.487 W/ActivityManager( 476): Slow operation: 74ms so far, now at attachApplicationLocked: after mServices.attachApplicationLocked
11-05 14:05:08.489 D/ApplicationLoaders( 1528): Returning zygote-cached class loader: /system/framework/android.test.base.jar
11-05 14:05:08.491 D/ApplicationLoaders( 1528): Returning zygote-cached class loader: /system/framework/android.hidl.manager-V1.0-java.jar
11-05 14:05:08.493 D/SystemUIService( 683): running: com.android.systemui.wmshell.WMShell@2227adc
11-05 14:05:08.493 D/ApplicationLoaders( 1528): Returning zygote-cached class loader: /system/framework/android.hidl.base-V1.0-java.jar
11-05 14:05:08.503 V/GraphicsEnvironment( 1469): ANGLE Developer option for 'com.dangbei.lerad.rocky' set to: 'default'
11-05 14:05:08.505 D/CompatibilityChangeReporter( 476): Compat change id reported: 168419799; UID 10018; state: DISABLED
11-05 14:05:08.505 V/GraphicsEnvironment( 1469): Neither updatable production driver nor prerelease driver is supported.
11-05 14:05:08.517 D/CompatibilityChangeReporter( 1558): Compat change id reported: 171979766; UID 10046; state: DISABLED
11-05 14:05:08.521 D/NetworkSecurityConfig( 1469): No Network Security Config specified, using platform default
11-05 14:05:08.528 D/NetworkSecurityConfig( 1469): No Network Security Config specified, using platform default
11-05 14:05:08.534 D/LocalBluetoothProfileManager( 683): Adding local HEADSET profile
11-05 14:05:08.535 D/CompatibilityChangeReporter( 1592): Compat change id reported: 171979766; UID 10018; state: ENABLED
11-05 14:05:08.549 D/SystemUIBootTiming( 683): SystemUIService: bootcomplete com.android.systemui.wmshell.WMShell took 70 ms
11-05 14:05:08.554 D/LocalBluetoothProfileManager( 683): Adding local MAP profile
11-05 14:05:08.556 D/BluetoothMap( 683): Create BluetoothMap proxy object
11-05 14:05:08.557 D/SystemUIService( 683): loading: com.android.systemui.media.systemsounds.HomeSoundEffectController
11-05 14:05:08.557 D/SystemUIService( 683): running: com.android.systemui.media.systemsounds.HomeSoundEffectController@eca68c8
11-05 14:05:08.558 D/SystemUIBootTiming( 683): SystemUIService: bootcomplete com.android.systemui.media.systemsounds.HomeSoundEffectController took 4 ms
11-05 14:05:08.560 D/BluetoothMap( 683): Binding service...
11-05 14:05:08.562 I/ManagerService( 683): --------------------- system activated! ---------------
11-05 14:05:08.562 D/SystemUIBootTiming( 683): SystemUIService: bootcomplete com.android.systemui.oranth.ManagerService took 4 ms
11-05 14:05:08.565 D/CompatibilityChangeReporter( 476): Compat change id reported: 168419799; UID 1000; state: DISABLED
11-05 14:05:08.572 I/MultiDex( 1469): VM with version 2.1.0 has multidex support
11-05 14:05:08.573 I/MultiDex( 1469): Installing application
11-05 14:05:08.573 I/MultiDex( 1469): VM has multidex support, MultiDex support library is disabled.
11-05 14:05:08.587 I/sda ( 9): sda1
11-05 14:05:08.584 D/XM_HIDREAD( 315): add@ add@/devices/platform/soc@3000000/5101000.ehci0-controller/usb1/1-1/1-1:1.0/host0/target0:0:0/0:0:0:0/block/sda
11-05 14:05:08.584 D/XM_HIDREAD( 315): add@ add@/devices/platform/soc@3000000/5101000.ehci0-controller/usb1/1-1/1-1:1.0/host0/target0:0:0/0:0:0:0/block/sda/sda1
11-05 14:05:08.592 I/UtilCommon( 1089): bluetoothMac=F4:AB:5C:B3:BA:64
11-05 14:05:08.592 E/wangli ( 1089): env: 0_false
11-05 14:05:08.595 D/ApplicationLoaders( 1558): Returning zygote-cached class loader: /system/framework/android.test.base.jar
11-05 14:05:08.596 D/NetworkSecurityConfig( 476): No Network Security Config specified, using platform default
11-05 14:05:08.601 E/WifiHAL ( 662): wifi_get_link_stats: requestResponse Error:-5
11-05 14:05:08.601 D/LocalBluetoothProfileManager( 683): Adding local OPP profile
11-05 14:05:08.602 D/LocalBluetoothProfileManager( 683): Adding local HID_HOST profile
11-05 14:05:08.608 I/sd 0 ( 9): 0:0:0: [sda] Attached SCSI disk
11-05 14:05:08.604 D/vold ( 183): /system/bin/sgdisk
11-05 14:05:08.604 D/vold ( 183): --android-dump
11-05 14:05:08.604 D/vold ( 183): /dev/block/vold/disk:8,0
11-05 14:05:08.605 E/WifiVendorHal( 476): getWifiLinkLayerStats_1_5_Internal(l.1191) failed {.code = ERROR_INVALID_ARGS, .description = }
11-05 14:05:08.606 D/CompatibilityChangeReporter( 476): Compat change id reported: 149924527; UID 10074; state: ENABLED
11-05 14:05:08.608 D/CompatibilityChangeReporter( 476): Compat change id reported: 132649864; UID 10074; state: DISABLED
11-05 14:05:08.609 E/BootReceiver( 476): Could not open /sys/kernel/tracing/instances/bootreceiver/trace_pipe
11-05 14:05:08.609 E/BootReceiver( 476): android.system.ErrnoException: open failed: ENOENT (No such file or directory)
11-05 14:05:08.609 E/BootReceiver( 476): at libcore.io.Linux.open(Native Method)
11-05 14:05:08.609 E/BootReceiver( 476): at libcore.io.ForwardingOs.open(ForwardingOs.java:567)
11-05 14:05:08.609 E/BootReceiver( 476): at libcore.io.BlockGuardOs.open(BlockGuardOs.java:273)
11-05 14:05:08.609 E/BootReceiver( 476): at android.system.Os.open(Os.java:501)
11-05 14:05:08.609 E/BootReceiver( 476): at com.android.server.BootReceiver.onReceive(BootReceiver.java:167)
11-05 14:05:08.609 E/BootReceiver( 476): at android.app.ActivityThread.handleReceiver(ActivityThread.java:4308)
11-05 14:05:08.609 E/BootReceiver( 476): at android.app.ActivityThread.access$1600(ActivityThread.java:247)
11-05 14:05:08.609 E/BootReceiver( 476): at android.app.ActivityThread$H.handleMessage(ActivityThread.java:2064)
11-05 14:05:08.609 E/BootReceiver( 476): at android.os.Handler.dispatchMessage(Handler.java:106)
11-05 14:05:08.609 E/BootReceiver( 476): at android.os.Looper.loopOnce(Looper.java:201)
11-05 14:05:08.609 E/BootReceiver( 476): at android.os.Looper.loop(Looper.java:288)
11-05 14:05:08.609 E/BootReceiver( 476): at com.android.server.SystemServer.run(SystemServer.java:966)
11-05 14:05:08.609 E/BootReceiver( 476): at com.android.server.SystemServer.main(SystemServer.java:628)
11-05 14:05:08.609 E/BootReceiver( 476): at java.lang.reflect.Method.invoke(Native Method)
11-05 14:05:08.609 E/BootReceiver( 476): at com.android.internal.os.RuntimeInit$MethodAndArgsCaller.run(RuntimeInit.java:548)
11-05 14:05:08.609 E/BootReceiver( 476): at com.android.internal.os.ZygoteInit.main(ZygoteInit.java:1160)
11-05 14:05:08.611 D/RockyApplication( 1469): init: false
11-05 14:05:08.632 D/BluetoothHidHost( 683): Binding service...
11-05 14:05:08.634 W/ContextImpl( 822): Calling a method in the system process without a qualified user: android.app.ContextImpl.startService:1816 android.content.ContextWrapper.startService:774 android.content.ContextWrapper.startService:774 com.android.tv.settings.users.UserSwitchListenerService$BootReceiver.onReceive:50 android.app.ActivityThread.handleReceiver:4308
11-05 14:05:08.650 V/AudioDeviceManagerObserver( 476): AudioDeviceManagerObserver init()
11-05 14:05:08.654 D/AudioDeviceManagerObserver( 476): AudioDeviceManagerObserver: newCardId: /sys/class/sound/card0/id
11-05 14:05:08.660 D/AudioDeviceManagerObserver( 476): AudioDeviceManagerObserver: devName: pcmC0D0p
11-05 14:05:08.664 D/AudioDeviceManagerObserver( 476): ~~~~~~~~ AudioDeviceManagerObserver: findNameMap: id: audiocodec
11-05 14:05:08.669 D/AudioDeviceManagerObserver( 476): AudioDeviceManagerObserver: name_linux: audiocodec, name_android: AUDIO_CODEC
11-05 14:05:08.669 D/AudioDeviceManagerObserver( 476): AudioDeviceManagerObserver: newCardId: /sys/class/sound/card1/id
11-05 14:05:08.673 I/WifiService( 476): onDriverCountryCodeChanged CN
11-05 14:05:08.676 I/RecoverySystem( 476): No recovery log file
11-05 14:05:08.678 E/hq ( 1089): USBReceiver:::USBReceiver onReceive: list=1
11-05 14:05:08.682 D/WifiNetworkFactory( 476): got request NetworkRequest [ REQUEST id=28, [ Capabilities: INTERNET&NOT_RESTRICTED&TRUSTED&NOT_VCN_MANAGED Uid: 1000 RequestorUid: 1000 RequestorPkg: com.dangbei.leard.leradlauncher] ]
11-05 14:05:08.688 D/UntrustedWifiNetworkFactory( 476): got request NetworkRequest [ REQUEST id=28, [ Capabilities: INTERNET&NOT_RESTRICTED&TRUSTED&NOT_VCN_MANAGED Uid: 1000 RequestorUid: 1000 RequestorPkg: com.dangbei.leard.leradlauncher] ]
11-05 14:05:08.690 D/OemPaidWifiNetworkFactory( 476): got request NetworkRequest [ REQUEST id=28, [ Capabilities: INTERNET&NOT_RESTRICTED&TRUSTED&NOT_VCN_MANAGED Uid: 1000 RequestorUid: 1000 RequestorPkg: com.dangbei.leard.leradlauncher] ]
11-05 14:05:08.690 D/BluetoothHeadset( 683): Proxy object connected
11-05 14:05:08.693 D/AudioDeviceManagerObserver( 476): AudioDeviceManagerObserver: devName: pcmC1D0c
11-05 14:05:08.693 D/AudioDeviceManagerObserver( 476): ~~~~~~~~ AudioDeviceManagerObserver: findNameMap: id: sndspdif
11-05 14:05:08.693 D/AudioDeviceManagerObserver( 476): AudioDeviceManagerObserver: devName: pcmC1D0p
11-05 14:05:08.693 D/AudioDeviceManagerObserver( 476): ~~~~~~~~ AudioDeviceManagerObserver: findNameMap: id: sndspdif
11-05 14:05:08.693 D/AudioDeviceManagerObserver( 476): AudioDeviceManagerObserver: name_linux: sndspdif, name_android: AUDIO_SPDIF
11-05 14:05:08.694 D/AudioDeviceManagerObserver( 476): AudioDeviceManagerObserver: newCardId: /sys/class/sound/card2/id
11-05 14:05:08.700 D/AudioDeviceManagerObserver( 476): AudioDeviceManagerObserver: name_linux: ahubdam, name_android: AUDIO_SPDIF
11-05 14:05:08.700 D/AudioDeviceManagerObserver( 476): AudioDeviceManagerObserver: newCardId: /sys/class/sound/card3/id
11-05 14:05:08.701 D/AudioDeviceManagerObserver( 476): AudioDeviceManagerObserver: devName: pcmC3D0c
11-05 14:05:08.701 D/AudioDeviceManagerObserver( 476): ~~~~~~~~ AudioDeviceManagerObserver: findNameMap: id: ahubhdmi
11-05 14:05:08.701 D/AudioDeviceManagerObserver( 476): AudioDeviceManagerObserver: devName: pcmC3D0p
11-05 14:05:08.701 D/AudioDeviceManagerObserver( 476): ~~~~~~~~ AudioDeviceManagerObserver: findNameMap: id: ahubhdmi
11-05 14:05:08.701 D/AudioDeviceManagerObserver( 476): AudioDeviceManagerObserver: name_linux: ahubhdmi, name_android: AUDIO_USB_ahubhdmi
11-05 14:05:08.701 D/AudioDeviceManagerObserver( 476): AudioDeviceManagerObserver: newCardId: /sys/class/sound/card4/id
11-05 14:05:08.702 D/AudioDeviceManagerObserver( 476): AudioDeviceManagerObserver: devName: pcmC4D0c
11-05 14:05:08.702 D/AudioDeviceManagerObserver( 476): ~~~~~~~~ AudioDeviceManagerObserver: findNameMap: id: ahubi2s2
11-05 14:05:08.703 D/AudioDeviceManagerObserver( 476): AudioDeviceManagerObserver: devName: pcmC4D0p
11-05 14:05:08.703 D/AudioDeviceManagerObserver( 476): ~~~~~~~~ AudioDeviceManagerObserver: findNameMap: id: ahubi2s2
11-05 14:05:08.703 D/AudioDeviceManagerObserver( 476): AudioDeviceManagerObserver: name_linux: ahubi2s2, name_android: AUDIO_USB_ahubi2s2
11-05 14:05:08.703 D/AudioDeviceManagerObserver( 476): AudioDeviceManagerObserver: newCardId: /sys/class/sound/card5/id
11-05 14:05:08.703 V/AudioDeviceManagerObserver( 476): This kernel does not have sound card5
11-05 14:05:08.723 I/DropBoxManagerService( 476): add tag=SYSTEM_BOOT isTagEnabled=true flags=0x2
11-05 14:05:08.732 D/vold ( 183): DISK mbr
11-05 14:05:08.732 D/vold ( 183): PART 1 7
11-05 14:05:08.736 I/StorageManagerService( 476): Mounting volume VolumeInfo{public:8,1}:
11-05 14:05:08.736 I/StorageManagerService( 476): type=PUBLIC diskId=disk:8,0 partGuid= mountFlags=VISIBLE mountUserId=0
11-05 14:05:08.736 I/StorageManagerService( 476): state=UNMOUNTED
11-05 14:05:08.736 I/StorageManagerService( 476): fsType=null fsUuid=null fsLabel=null
11-05 14:05:08.736 I/StorageManagerService( 476): path=null internalPath=null
11-05 14:05:08.736 D/vold ( 183): /system/bin/blkid
11-05 14:05:08.736 D/vold ( 183): -c
11-05 14:05:08.736 D/vold ( 183): /dev/null
11-05 14:05:08.737 D/vold ( 183): -s
11-05 14:05:08.737 D/vold ( 183): TYPE
11-05 14:05:08.737 D/vold ( 183): -s
11-05 14:05:08.737 D/vold ( 183): UUID
11-05 14:05:08.737 D/vold ( 183): -s
11-05 14:05:08.737 D/vold ( 183): LABEL
11-05 14:05:08.737 D/vold ( 183): /dev/block/vold/public:8,1
11-05 14:05:08.738 E/WifiHAL ( 662): wifi_get_link_stats: requestResponse Error:-5
11-05 14:05:08.739 E/WifiVendorHal( 476): getWifiLinkLayerStats_1_5_Internal(l.1191) failed {.code = ERROR_INVALID_ARGS, .description = }
11-05 14:05:08.742 D/AudioManagerEx( 476): AudioManagerEx
11-05 14:05:08.743 D/BluetoothA2dp( 683): Proxy object connected
11-05 14:05:08.747 D/audio_hw_primary( 247): getAudioDevices()
11-05 14:05:08.750 D/BluetoothMap( 683): Proxy object connected
11-05 14:05:08.750 D/BluetoothMap( 683): getConnectedDevices()
11-05 14:05:08.751 D/audio_hw_primary( 247): out dev:AUDIO_CODEC
11-05 14:05:08.751 D/audio_hw_primary( 247): in dev:AUDIO_SPDIF
11-05 14:05:08.751 D/audio_hw_primary( 247): out dev:AUDIO_SPDIF
11-05 14:05:08.751 D/audio_hw_primary( 247): in dev:AUDIO_HDMI
11-05 14:05:08.751 D/audio_hw_primary( 247): out dev:AUDIO_HDMI
11-05 14:05:08.751 D/audio_hw_primary( 247): in dev:AUDIO_I2S2
11-05 14:05:08.751 D/audio_hw_primary( 247): out playback: AUDIO_CODEC,AUDIO_SPDIF,AUDIO_HDMI
11-05 14:05:08.753 I/BootReceiver( 476): Copying audit failures to DropBox
11-05 14:05:08.754 D/xm_audio( 247): adev_get_parameters
11-05 14:05:08.754 I/hash_map_utils( 264): system/bt/osi/src/hash_map_utils.cc:81 hash_map_utils_dump_string_keys_string_values: key: 'audio_devices_out' value: ''
11-05 14:05:08.756 D/AudioManagerEx( 476): type audio_devices_out list AUDIO_CODEC,AUDIO_SPDIF,AUDIO_HDMI=
11-05 14:05:08.758 V/TvNotificationHandler( 683): Notification not added because it isn't relevant for tv
11-05 14:05:08.758 D/BluetoothHidHost( 683): Proxy object connected
11-05 14:05:08.760 D/AudioManagerPolicy( 476): get AUDIO_MANAGE_POLICY is 2
11-05 14:05:08.761 I/BootReceiver( 476): Checking for fsck errors
11-05 14:05:08.761 D/LocalBluetoothProfileManager( 683): Adding local HID_DEVICE profile
11-05 14:05:08.765 E/AudioDeviceManagerObserver( 476): Could not parse switch state for /sys/devices/virtual/switch/h2w/state ,fail because /sys/devices/virtual/switch/h2w/state: open failed: ENOENT (No such file or directory)
11-05 14:05:08.766 D/AudioManagerPolicy( 476): no usb audio i=3 size=3
11-05 14:05:08.768 D/RockyManager( 1469): initFarWakeStatus isMainFarSwitch: false
11-05 14:05:08.769 D/AudioManagerPolicy( 476): curType4 isHdmiPlugin =true
11-05 14:05:08.770 D/AudioManagerPolicy( 476): hdmi is available on init.
11-05 14:05:08.770 D/AudioManagerPolicy( 476): notifyHdmiAvailable hdmi is available
11-05 14:05:08.772 I/RockyManager( 1469): isFarWake: false
11-05 14:05:08.780 W/ContextImpl( 1469): Calling a method in the system process without a qualified user: android.app.ContextImpl.startService:1816 android.content.ContextWrapper.startService:774 com.cvte.tv.api.TvApiSDKManager.:177 com.cvte.tv.api.TvApiSDKManager.init:217 com.dangbei.rocky.component.system.SystemControlUtils.initSystemAidl:82
11-05 14:05:08.781 W/ActivityManager( 476): Unable to start service Intent { act=com.cvte.tv.api.TV_API_SERVICE pkg=com.cvte.tv.api.impl } U=0: not found
11-05 14:05:08.784 W/ContextImpl( 1469): Calling a method in the system process without a qualified user: android.app.ContextImpl.bindService:1895 android.content.ContextWrapper.bindService:810 com.cvte.tv.api.TvApiSDKManager.:178 com.cvte.tv.api.TvApiSDKManager.init:217 com.dangbei.rocky.component.system.SystemControlUtils.initSystemAidl:82
11-05 14:05:08.786 W/ActivityManager( 476): Unable to start service Intent { act=com.cvte.tv.api.TV_API_SERVICE pkg=com.cvte.tv.api.impl } U=0: not found
11-05 14:05:08.786 D/TvApiSDKManager( 1469): getTvApi getSystemService = false
11-05 14:05:08.786 D/TvApiSDKManager( 1469): getTvApi startService
11-05 14:05:08.787 W/ContextImpl( 1469): Calling a method in the system process without a qualified user: android.app.ContextImpl.startService:1816 android.content.ContextWrapper.startService:774 com.cvte.tv.api.TvApiSDKManager.getTvApi:361 com.dangbei.rocky.component.system.SystemControlUtils.initSystemAidl:83 com.dangbei.rocky.component.system.SystemComponent.onAttached:38
11-05 14:05:08.788 W/ActivityManager( 476): Unable to start service Intent { act=com.cvte.tv.api.TV_API_SERVICE pkg=com.cvte.tv.api.impl } U=0: not found
11-05 14:05:08.789 W/ContextImpl( 1469): Calling a method in the system process without a qualified user: android.app.ContextImpl.bindService:1895 android.content.ContextWrapper.bindService:810 com.cvte.tv.api.TvApiSDKManager.getTvApi:362 com.dangbei.rocky.component.system.SystemControlUtils.initSystemAidl:83 com.dangbei.rocky.component.system.SystemComponent.onAttached:38
11-05 14:05:08.790 W/ActivityManager( 476): Unable to start service Intent { act=com.cvte.tv.api.TV_API_SERVICE pkg=com.cvte.tv.api.impl } U=0: not found
11-05 14:05:08.792 D/BluetoothHidDevice( 683): Binding service...
11-05 14:05:08.795 V/GraphicsEnvironment( 1558): ANGLE Developer option for 'com.android.music' set to: 'default'
11-05 14:05:08.795 V/GraphicsEnvironment( 1558): Neither updatable production driver nor prerelease driver is supported.
11-05 14:05:08.797 D/NetworkSecurityConfig( 1558): No Network Security Config specified, using platform default
11-05 14:05:08.798 D/NetworkSecurityConfig( 1558): No Network Security Config specified, using platform default
11-05 14:05:08.818 W/ContextImpl( 1469): Calling a method in the system process without a qualified user: android.app.ContextImpl.startService:1816 android.content.ContextWrapper.startService:774 com.dangbei.phrike.core.DownloadManager.register:294 com.dangbei.component_appcontrol.phrike.XPhrikeAppCreator.register:47 com.dangbei.component_appcontrol.AppControlComponent.onAttached:65
11-05 14:05:08.828 D/music_MediaPlaybackSer( 1558): onCreate()
11-05 14:05:08.830 D/music_MediaPlaybackSer( 1558): Create MusicProvider
11-05 14:05:08.832 D/music_MediaPlaybackSer( 1558): Create MediaSession
11-05 14:05:08.838 D/BluetoothHidDevice( 683): Proxy object connected
11-05 14:05:08.847 D/chongyuzhao( 476): reconnect again
11-05 14:05:08.855 D/LocalBluetoothProfileManager( 683): Adding local PAN profile
11-05 14:05:08.857 I/RockyManager( 1469): initSDKDelegate:
11-05 14:05:08.874 D/QuickLifeImpl( 1047): start resetAppStartTimes!
11-05 14:05:08.870 D/BluetoothPan( 683): Binding service...
11-05 14:05:08.885 D/CompatibilityChangeReporter( 1558): Compat change id reported: 160794467; UID 10046; state: DISABLED
11-05 14:05:08.889 D/vold ( 183): /dev/block/vold/public:8,1: UUID="02E24445E2443EE3" LABEL="meida" TYPE="ntfs"
11-05 14:05:08.890 D/vold ( 183): /system/bin/ntfs-3g.probe
11-05 14:05:08.890 D/vold ( 183): --readwrite
11-05 14:05:08.890 D/vold ( 183): /dev/block/vold/public:8,1
11-05 14:05:08.894 D/LocalBluetoothProfileManager( 683): Adding local PBAP profile
11-05 14:05:08.895 D/audio_hw_primary( 247): Mic get_audio_devices_active:
11-05 14:05:08.895 D/audio_hw_primary( 247): get_audio_devices_active: AUDIO_SPDIF
11-05 14:05:08.903 D/xm_audio( 247): adev_get_parameters
11-05 14:05:08.903 D/BluetoothPan( 683): Proxy object connected
11-05 14:05:08.905 I/hash_map_utils( 264): system/bt/osi/src/hash_map_utils.cc:81 hash_map_utils_dump_string_keys_string_values: key: 'audio_devices_out_active' value: ''
11-05 14:05:08.925 D/AudioManagerEx( 476): type audio_devices_out_active list AUDIO_SPDIF=
11-05 14:05:08.925 D/AudioManagerEx( 476): AudioManagerEx
11-05 14:05:08.925 D/AudioManagerPolicy( 476): save audio is AUDIO_HDMI
11-05 14:05:08.925 D/AudioManagerPolicy( 476): get AUDIO_MANAGE_POLICY is 2
11-05 14:05:08.925 D/AudioManagerPolicy( 476): POLICY_2 Remove USB Audio or No USB Audio Output Device Connected!
11-05 14:05:08.926 D/AudioManagerEx( 476): state=audio_devices_out_active,dev=[AUDIO_HDMI]
11-05 14:05:08.926 D/AudioManagerEx( 476): enablePassThrough = true
11-05 14:05:08.928 V/GraphicsEnvironment( 1528): ANGLE Developer option for 'com.dangbei.screencast' set to: 'default'
11-05 14:05:08.928 V/GraphicsEnvironment( 1528): Neither updatable production driver nor prerelease driver is supported.
11-05 14:05:08.932 D/AudioManagerEx( 476): Hdmi status true,true,1
11-05 14:05:08.932 D/AudioManagerEx( 476): HDMI AUDIO_HDMI
11-05 14:05:08.932 D/AudioManagerEx( 476): AUDIO_NAME_HDMI
11-05 14:05:08.936 V/audio_hw_primary( 247): adev_set_parameters, mediasw.sft.rawdata=HDMI_RAW
11-05 14:05:08.938 D/NetworkSecurityConfig( 1528): Using Network Security Config from resource network_security_config debugBuild: false
11-05 14:05:08.939 D/AudioManagerEx( 476): audio=AUDIO_HDMI
11-05 14:05:08.940 V/audio_hw_primary( 247): adev_set_parameters, audio_devices_out_active=AUDIO_HDMI
11-05 14:05:08.944 V/audio_hw_primary( 247): out AUDIO_PARAMETER_DEVICES_OUT_ACTIVE: AUDIO_HDMI
11-05 14:05:08.953 V/audio_hw_primary( 247): set property persist.vendor.audio.output.active: AUDIO_HDMI ok
11-05 14:05:08.953 V/audio_hw_primary( 247): AUDIO_HDMI output device will be active
11-05 14:05:08.958 D/AudioManagerEx( 476): Update Settings.System.AUDIO_OUTPUT_CHANNEL, now save audio is AUDIO_HDMI
11-05 14:05:08.960 D/AudioManagerPolicy( 476): get AUDIO_MANAGE_POLICY is 2
11-05 14:05:08.962 D/audio_hw_primary( 247): getAudioDevices()
11-05 14:05:08.962 D/audio_hw_primary( 247): out dev:AUDIO_CODEC
11-05 14:05:08.962 D/audio_hw_primary( 247): in dev:AUDIO_SPDIF
11-05 14:05:08.962 D/audio_hw_primary( 247): out dev:AUDIO_SPDIF
11-05 14:05:08.962 D/audio_hw_primary( 247): in dev:AUDIO_HDMI
11-05 14:05:08.962 D/audio_hw_primary( 247): out dev:AUDIO_HDMI
11-05 14:05:08.962 D/audio_hw_primary( 247): in dev:AUDIO_I2S2
11-05 14:05:08.962 D/audio_hw_primary( 247): in capture: AUDIO_SPDIF,AUDIO_HDMI,AUDIO_I2S2
11-05 14:05:08.963 D/music_MediaPlaybackSer( 1558): updatePlaybackState, playback state=0
11-05 14:05:08.965 D/xm_audio( 247): adev_get_parameters
11-05 14:05:08.966 I/hash_map_utils( 264): system/bt/osi/src/hash_map_utils.cc:81 hash_map_utils_dump_string_keys_string_values: key: 'audio_devices_in' value: ''
11-05 14:05:08.966 W/IorapForwardingService( 476): No service published for: iorapd
11-05 14:05:08.979 D/NetworkSecurityConfig( 1528): Using Network Security Config from resource network_security_config debugBuild: false
11-05 14:05:08.982 D/music_MusicApp( 1558): add mount callback: com.android.music.MediaPlaybackService@b9c409d
11-05 14:05:08.987 D/AudioManagerEx( 476): type audio_devices_in list AUDIO_SPDIF,AUDIO_HDMI,AUDIO_I2S2=
11-05 14:05:08.987 D/AudioManagerEx( 476): state=audio_devices_in_active,dev=[AUDIO_CODEC]
11-05 14:05:08.987 D/AudioManagerEx( 476): enablePassThrough = true
11-05 14:05:08.987 D/AudioManagerEx( 476): audio=AUDIO_CODEC
11-05 14:05:08.988 D/music_MediaPlaybackSer( 1558): OnGetRoot: clientPackageName=com.android.bluetooth; clientUid=1002 ; rootHints=null
11-05 14:05:08.990 V/audio_hw_primary( 247): adev_set_parameters, audio_devices_in_active=AUDIO_CODEC
11-05 14:05:08.990 V/audio_hw_primary( 247): in AUDIO_PARAMETER_DEVICES_IN_ACTIVE: AUDIO_CODEC
11-05 14:05:08.991 I/AvrcpBrowsedPlayerWrapper( 670): onConnected: com.android.music is connected
11-05 14:05:08.992 D/AvrcpBrowsablePlayerConnector( 670): Browse player callback called: package=com.android.music : status=0
11-05 14:05:08.992 D/AvrcpBrowsablePlayerConnector( 670): Received a message: msg.what=1
11-05 14:05:08.993 V/GraphicsEnvironment( 1592): ANGLE Developer option for 'com.android.providers.contacts' set to: 'default'
11-05 14:05:08.994 V/GraphicsEnvironment( 1592): Neither updatable production driver nor prerelease driver is supported.
11-05 14:05:08.996 I/AvrcpBrowsablePlayerConnector( 670): Checking root contents for com.android.music
11-05 14:05:08.996 I/MediaProvider( 1024): Scanned internal due to REASON_MOUNTED, found 5 items in 559ms, 0 inserts 0 updates 0 deletes
11-05 14:05:08.997 V/audio_hw_primary( 247): set property persist.vendor.audio.input.active: AUDIO_CODEC ok
11-05 14:05:08.998 D/NetworkSecurityConfig( 1592): No Network Security Config specified, using platform default
11-05 14:05:08.999 D/NetworkSecurityConfig( 1592): No Network Security Config specified, using platform default
11-05 14:05:09.000 W/Looper ( 476): Slow dispatch took 350ms main h=android.app.ActivityThread$H c=android.app.LoadedApk$ReceiverDispatcher$Args$$ExternalSyntheticLambda0@66de54a m=0
11-05 14:05:09.000 D/AudioDeviceManagerObserver( 476): name: AUDIO_HDMI, state: 0, type: 1
11-05 14:05:09.002 D/music_MediaPlaybackSer( 1558): onDestroy
11-05 14:05:09.002 D/music_MusicApp( 1558): remove mount callback: com.android.music.MediaPlaybackService@b9c409d
11-05 14:05:09.002 D/music_MediaPlaybackSer( 1558): handleStopRequest: mState=0 error=destroy
11-05 14:05:09.002 D/music_MediaPlaybackSer( 1558): updatePlaybackState, playback state=1
11-05 14:05:09.003 D/Playback( 1558): giveUpAudioFocus
11-05 14:05:09.003 D/Playback( 1558): relaxResources. releaseMediaPlayer=true
11-05 14:05:09.021 W/Looper ( 476): Slow delivery took 266ms main h=android.app.ActivityThread$H c=android.app.LoadedApk$ReceiverDispatcher$Args$$ExternalSyntheticLambda0@9e35cbb m=0
11-05 14:05:09.028 I/vold ( 183): Filesystem check completed OK
11-05 14:05:09.029 D/vold ( 183): /system/bin/ntfs-3g
11-05 14:05:09.029 D/vold ( 183): -o
11-05 14:05:09.029 D/vold ( 183): uid=1023,gid=1023,fmask=7,dmask=7,big_writes,async,noatime
11-05 14:05:09.029 D/vold ( 183): /dev/block/vold/public:8,1
11-05 14:05:09.029 D/vold ( 183): /mnt/media_rw/02E24445E2443EE3
11-05 14:05:09.034 D/music_MediaPlaybackSer( 1558): updatePlaybackState, playback state=1
11-05 14:05:09.045 I/hq ( 1089): hq:::curl -X GET "https://ottdbui-tyapiqun7.yysh.mgtv.com/v1/agile/navData?id=npXG6XFsC68%3D&pageId=wlTE9dDRT%2Fs%3D&type=9iufia7Yzl8Znaq3teJVjA%3D%3D&rommodelnumber=40I2XonQAUU%3D&cpuserial=PlZpqfc1JpxOOZ0anAV38AcloAYinsDQ&pattern=4Beei9NZNdo%3D&rommodel=Pqlpla5YRarwmFg%2B5VG%2FRQ%3D%3D&sn=ia%2FaFKiHtUJo0HCvzs4gKS1PBA%2F2QVm5&lang=vT%2FCsDI%2Fr10%3D&brand=elfd%2FN0Mw6U%3D&theme=L%2B%2FPU%2FFQgEY%3D&vcode=o%2BppAkqptlQ%3D&vname=oql4Ml1tHJc%3D&license=Hs4jp68qr9I%3D&channel=TIQ8TWTDuwcufJjk0AcBhA%3D%3D&packagename=qzBdBNULiCmiu3CIMurjL7PIryC36aZ2YdCJzQtyjcQ%3D&romvercode=BhA8%2F38Giec%3D&romvername=UDOuEwwco6o%3D&network=IGYWVa9OT%2Bk%3D&deviceEid=uSuGjXxL1dquKF1QG%2BzuNgcKc1GMhNRjqypkEmW7WV4lQRKF1DwATA%3D%3D&mac=iP4TVZLko9UsEdSbENu6i8HfL7VxZFhy&userid=pctYUOG3RH0%3D"
11-05 14:05:09.055 D/music_MediaPlaybackSer( 1558): onCreate()
11-05 14:05:09.056 D/music_MediaPlaybackSer( 1558): Create MusicProvider
11-05 14:05:09.056 D/music_MediaPlaybackSer( 1558): Create MediaSession
11-05 14:05:09.061 D/AudioManagerPolicy( 476): On Audio device plug in/out receive,name=AUDIO_HDMI type=1 state=0 extra=null
11-05 14:05:09.061 V/AudioManagerPolicy( 476): chengkan------------- hdmi inactive
11-05 14:05:09.065 V/MediaPlayerList( 670): onActiveSessionsChanged: number of controllers: 0
11-05 14:05:09.088 W/audit ( 285): audit_lost=156 audit_rate_limit=5 audit_backlog_limit=64
11-05 14:05:09.088 E/audit ( 285): rate limit exceeded
11-05 14:05:09.089 I/MultiDex( 1528): VM with version 2.1.0 has multidex support
11-05 14:05:09.090 I/MultiDex( 1528): Installing application
11-05 14:05:09.090 I/MultiDex( 1528): VM has multidex support, MultiDex support library is disabled.
11-05 14:05:09.084 I/cmd ( 1711): type=1400 audit(0.0:574): avc: denied { call } for scontext=u:r:preinstall:s0 tcontext=u:r:servicemanager:s0 tclass=binder permissive=1
11-05 14:05:09.092 D/AudioManagerPolicy( 476): get AUDIO_MANAGE_POLICY is 2
11-05 14:05:09.092 I/Binder:476_A( 476): type=1400 audit(0.0:575): avc: denied { call } for scontext=u:r:system_server:s0 tcontext=u:r:preinstall:s0 tclass=binder permissive=1
11-05 14:05:09.103 D/AudioManagerPolicy( 476): Policy2 HDMI Plug Out/In Switch! Booting
11-05 14:05:09.107 D/LocalBluetoothProfileManager( 683): Current Profiles[]
11-05 14:05:09.108 D/AudioManagerEx( 476): AudioManagerEx
11-05 14:05:09.109 D/AudioManagerPolicy( 476): save audio is AUDIO_HDMI
11-05 14:05:09.109 D/AudioManagerPolicy( 476): get AUDIO_MANAGE_POLICY is 2
11-05 14:05:09.109 D/AudioManagerPolicy( 476): POLICY_2 Remove USB Audio or No USB Audio Output Device Connected!
11-05 14:05:09.112 D/AudioManagerEx( 476): state=audio_devices_out_active,dev=[AUDIO_HDMI]
11-05 14:05:09.122 D/AudioManagerEx( 476): enablePassThrough = true
11-05 14:05:09.129 D/AudioManagerEx( 476): Hdmi status true,true,1
11-05 14:05:09.132 D/AudioManagerEx( 476): HDMI AUDIO_HDMI
11-05 14:05:09.132 D/AudioManagerEx( 476): AUDIO_NAME_HDMI
11-05 14:05:09.135 V/audio_hw_primary( 247): adev_set_parameters, mediasw.sft.rawdata=HDMI_RAW
11-05 14:05:09.142 D/AudioManagerEx( 476): audio=AUDIO_HDMI
11-05 14:05:09.145 E/PartsInfoProvider( 1528): onCreate:
11-05 14:05:09.147 D/music_MediaPlaybackSer( 1558): updatePlaybackState, playback state=0
11-05 14:05:09.160 V/audio_hw_primary( 247): adev_set_parameters, audio_devices_out_active=AUDIO_HDMI
11-05 14:05:09.161 V/audio_hw_primary( 247): out AUDIO_PARAMETER_DEVICES_OUT_ACTIVE: AUDIO_HDMI
11-05 14:05:09.166 V/audio_hw_primary( 247): set property persist.vendor.audio.output.active: AUDIO_HDMI ok
11-05 14:05:09.166 V/audio_hw_primary( 247): AUDIO_HDMI output device will be active
11-05 14:05:09.172 D/AudioManagerEx( 476): Update Settings.System.AUDIO_OUTPUT_CHANNEL, now save audio is AUDIO_HDMI
11-05 14:05:09.175 D/BluetoothMap( 683): getConnectionState(C9:B5:96:5C:E3:CB)
11-05 14:05:09.188 D/music_MusicApp( 1558): add mount callback: com.android.music.MediaPlaybackService@89a22e0
11-05 14:05:09.198 D/BluetoothPbapService( 670): getConnectionState: C9:B5:96:5C:E3:CB
11-05 14:05:09.203 W/ActivityManager( 476): Background start not allowed: service Intent { act=com.dangbei.screencast.STARTUP pkg=com.dangbei.screencast } to com.dangbei.screencast/.startup.StartupService from pid=1528 uid=10024 pkg=com.dangbei.screencast startFg?=false
11-05 14:05:09.204 W/Looper ( 476): Slow dispatch took 162ms main h=android.app.ActivityThread$H c=android.app.LoadedApk$ReceiverDispatcher$Args$$ExternalSyntheticLambda0@274f038 m=0
11-05 14:05:09.210 D/music_MediaPlaybackSer( 1558): OnGetRoot: clientPackageName=com.android.bluetooth; clientUid=1002 ; rootHints=null
11-05 14:05:09.212 I/AvrcpBrowsedPlayerWrapper( 670): onConnected: com.android.music is connected
11-05 14:05:09.212 I/AvrcpBrowsedPlayerWrapper( 670): getFolderItems: Connected to browsable player: com.android.music
11-05 14:05:09.214 I/ActivityManager( 476): com.android.dynsystem is exempt from freezer
11-05 14:05:09.217 D/LocalBluetoothProfileManager( 683): New Profiles[HID]
11-05 14:05:09.217 D/music_MediaPlaybackSer( 1558): OnLoadChildren: parentMediaId=__ROOT__
11-05 14:05:09.217 D/MusicProvider( 1558): retrieveMediaAsync called
11-05 14:05:09.220 D/CompatibilityChangeReporter( 476): Compat change id reported: 135634846; UID 1000; state: DISABLED
11-05 14:05:09.226 W/System.err( 1528): android.app.BackgroundServiceStartNotAllowedException: Not allowed to start service Intent { act=com.dangbei.screencast.STARTUP pkg=com.dangbei.screencast }: app is in background uid UidRecord{595d49b u0a24 RCVR idle change:uncached procs:0 seq(0,0,0)}
11-05 14:05:09.226 V/MediaPlayerList( 670): onActiveSessionsChanged: number of controllers: 0
11-05 14:05:09.227 W/System.err( 1528): at android.app.ContextImpl.startServiceCommon(ContextImpl.java:1861)
11-05 14:05:09.227 W/System.err( 1528): at android.app.ContextImpl.startService(ContextImpl.java:1817)
11-05 14:05:09.227 W/System.err( 1528): at android.content.ContextWrapper.startService(ContextWrapper.java:774)
11-05 14:05:09.227 W/System.err( 1528): at b.f.f.h.g.k.a(Unknown Source:20)
11-05 14:05:09.227 W/System.err( 1528): at com.dangbei.screencast.provider.PartsInfoProvider.onCreate(:2)
11-05 14:05:09.227 W/System.err( 1528): at android.content.ContentProvider.attachInfo(ContentProvider.java:2404)
11-05 14:05:09.227 W/System.err( 1528): at android.content.ContentProvider.attachInfo(ContentProvider.java:2374)
11-05 14:05:09.227 W/System.err( 1528): at android.app.ActivityThread.installProvider(ActivityThread.java:7437)
11-05 14:05:09.227 W/System.err( 1528): at android.app.ActivityThread.installContentProviders(ActivityThread.java:6954)
11-05 14:05:09.228 W/System.err( 1528): at android.app.ActivityThread.handleBindApplication(ActivityThread.java:6725)
11-05 14:05:09.228 W/System.err( 1528): at android.app.ActivityThread.access$1500(ActivityThread.java:247)
11-05 14:05:09.228 W/System.err( 1528): at android.app.ActivityThread$H.handleMessage(ActivityThread.java:2053)
11-05 14:05:09.228 W/System.err( 1528): at android.os.Handler.dispatchMessage(Handler.java:106)
11-05 14:05:09.228 W/System.err( 1528): at android.os.Looper.loopOnce(Looper.java:201)
11-05 14:05:09.228 W/System.err( 1528): at android.os.Looper.loop(Looper.java:288)
11-05 14:05:09.228 W/System.err( 1528): at android.app.ActivityThread.main(ActivityThread.java:7854)
11-05 14:05:09.228 W/System.err( 1528): at java.lang.reflect.Method.invoke(Native Method)
11-05 14:05:09.228 W/System.err( 1528): at com.android.internal.os.RuntimeInit$MethodAndArgsCaller.run(RuntimeInit.java:548)
11-05 14:05:09.228 W/System.err( 1528): at com.android.internal.os.ZygoteInit.main(ZygoteInit.java:1182)
11-05 14:05:09.232 W/ActivityManager( 476): Background start not allowed: service Intent { act=com.dangbei.screencast.STARTUP pkg=com.dangbei.screencast } to com.dangbei.screencast/.startup.StartupService from pid=1528 uid=10024 pkg=com.dangbei.screencast startFg?=false
11-05 14:05:09.234 W/System.err( 1528): android.app.BackgroundServiceStartNotAllowedException: Not allowed to start service Intent { act=com.dangbei.screencast.STARTUP pkg=com.dangbei.screencast }: app is in background uid UidRecord{595d49b u0a24 RCVR idle change:uncached procs:0 seq(0,0,0)}
11-05 14:05:09.236 W/System.err( 1528): at android.app.ContextImpl.startServiceCommon(ContextImpl.java:1861)
11-05 14:05:09.236 W/System.err( 1528): at android.app.ContextImpl.startService(ContextImpl.java:1817)
11-05 14:05:09.236 W/System.err( 1528): at android.content.ContextWrapper.startService(ContextWrapper.java:774)
11-05 14:05:09.236 W/System.err( 1528): at b.f.f.h.g.k.a(Unknown Source:20)
11-05 14:05:09.236 W/System.err( 1528): at com.dangbei.screencast.common.utils.remotepreferences.ScreenCastPreferenceProvider.onCreate(Unknown Source:11)
11-05 14:05:09.236 W/System.err( 1528): at android.content.ContentProvider.attachInfo(ContentProvider.java:2404)
11-05 14:05:09.236 W/System.err( 1528): at android.content.ContentProvider.attachInfo(ContentProvider.java:2374)
11-05 14:05:09.236 W/System.err( 1528): at android.app.ActivityThread.installProvider(ActivityThread.java:7437)
11-05 14:05:09.236 W/System.err( 1528): at android.app.ActivityThread.installContentProviders(ActivityThread.java:6954)
11-05 14:05:09.236 W/System.err( 1528): at android.app.ActivityThread.handleBindApplication(ActivityThread.java:6725)
11-05 14:05:09.236 W/System.err( 1528): at android.app.ActivityThread.access$1500(ActivityThread.java:247)
11-05 14:05:09.236 W/System.err( 1528): at android.app.ActivityThread$H.handleMessage(ActivityThread.java:2053)
11-05 14:05:09.237 W/System.err( 1528): at android.os.Handler.dispatchMessage(Handler.java:106)
11-05 14:05:09.237 W/System.err( 1528): at android.os.Looper.loopOnce(Looper.java:201)
11-05 14:05:09.237 W/System.err( 1528): at android.os.Looper.loop(Looper.java:288)
11-05 14:05:09.237 W/System.err( 1528): at android.app.ActivityThread.main(ActivityThread.java:7854)
11-05 14:05:09.237 W/System.err( 1528): at java.lang.reflect.Method.invoke(Native Method)
11-05 14:05:09.237 W/System.err( 1528): at com.android.internal.os.RuntimeInit$MethodAndArgsCaller.run(RuntimeInit.java:548)
11-05 14:05:09.237 W/System.err( 1528): at com.android.internal.os.ZygoteInit.main(ZygoteInit.java:1182)
11-05 14:05:09.237 D/CachedBluetoothDevice( 683): updating profiles for Dangbei
11-05 14:05:09.244 V/CachedBluetoothDevice( 683): Class: 1f00
11-05 14:05:09.245 D/Zygote ( 242): Forked child process 1734
11-05 14:05:09.244 I/net_disconnect.( 1733): type=1400 audit(0.0:577): avc: denied { execute_no_trans } for path="/vendor/bin/rgb_led_ctl" dev="dm-1" ino=188 scontext=u:r:init:s0 tcontext=u:object_r:vendor_file:s0 tclass=file permissive=1
11-05 14:05:09.252 I/ActivityManager( 476): app.processName = com.android.dynsystem
11-05 14:05:09.252 I/ActivityManager( 476): Start proc 1734:com.android.dynsystem/1000 for broadcast {com.android.dynsystem/com.android.dynsystem.BootCompletedReceiver}
11-05 14:05:09.254 I/Zygote ( 1734): seccomp disabled by setenforce 0
11-05 14:05:09.258 V/CachedBluetoothDevice( 683): UUID:
11-05 14:05:09.259 V/CachedBluetoothDevice( 683): 00001812-0000-1000-8000-00805f9b34fb
11-05 14:05:09.256 I/preinstall.sh( 1730): type=1400 audit(0.0:578): avc: denied { execute_no_trans } for path="/system/bin/pm" dev="dm-0" ino=1149 scontext=u:r:system_server:s0 tcontext=u:object_r:system_file:s0 tclass=file permissive=1
11-05 14:05:09.306 I/ContactsPerf( 1592): VoicemailContentProvider.onCreate start
11-05 14:05:09.322 I/ContactsPerf( 1592): VoicemailContentProvider.onCreate finish
11-05 14:05:09.338 I/adbd ( 394): jdwp connection from 1734
11-05 14:05:09.426 D/AndroidAutoSize( 1528): designWidthInDp = 360, designHeightInDp = 640, screenWidth = 1920, screenHeight = 1080
11-05 14:05:09.454 D/AndroidAutoSize( 1528): initDensity = 1.5, initScaledDensity = 1.5
11-05 14:05:09.518 W/ActivityManager( 476): Slow operation: 68ms so far, now at attachApplicationLocked: after sendPendingBroadcastsLocked
11-05 14:05:09.525 D/CompatibilityChangeReporter( 1734): Compat change id reported: 171979766; UID 1000; state: ENABLED
11-05 14:05:09.530 W/bei.lerad.rock( 1469): Class com.iflytek.aiui.AIUIAgent failed lock verification and will run slower.
11-05 14:05:09.530 W/bei.lerad.rock( 1469): Common causes for lock verification issues are non-optimized dex code
11-05 14:05:09.530 W/bei.lerad.rock( 1469): and incorrect proguard optimizations.
11-05 14:05:09.545 D/CountryDetector( 476): The first listener is added
11-05 14:05:09.560 I/ContactsDatabaseHelper( 1592): updateUseStrictPhoneNumberComparison: CN
11-05 14:05:09.562 D/hq ( 1089): NetWorkStateReceiver:::检查网络,并且持续更新 isConnect=false
11-05 14:05:09.567 I/AiuiEngine( 1469): create aiui agent
11-05 14:05:09.568 D/RockyVoice_AiUiDelegate( 1469): 初始化成功
11-05 14:05:09.574 D/RockyNetMessageUtil( 1469): initTipsList tipEntity = null isRequestTipSuccess = false
11-05 14:05:09.594 W/Looper ( 476): Drained
11-05 14:05:09.613 V/GraphicsEnvironment( 1734): ANGLE Developer option for 'com.android.dynsystem' set to: 'default'
11-05 14:05:09.613 V/GraphicsEnvironment( 1734): Neither updatable production driver nor prerelease driver is supported.
11-05 14:05:09.616 W/bei.lerad.rock( 1469): Class com.iflytek.aiui.utils.c failed lock verification and will run slower.
11-05 14:05:09.620 D/CompatibilityChangeReporter( 476): Compat change id reported: 149924527; UID 10046; state: ENABLED
11-05 14:05:09.622 D/NetworkSecurityConfig( 1734): No Network Security Config specified, using platform default
11-05 14:05:09.623 D/NetworkSecurityConfig( 1734): No Network Security Config specified, using platform default
11-05 14:05:09.637 D/CompatibilityChangeReporter( 476): Compat change id reported: 132649864; UID 10046; state: DISABLED
11-05 14:05:09.638 D/RockyNetMessageUtil( 1469): initMediaControlPage pageEntity = null isRequestPageControlSuccess = false
11-05 14:05:09.662 D/XHttpObservable( 1469): handleRequest: start https://tyapi.qun7.com/v1/voice/getsoundshowmsg ,,, isCache = false
11-05 14:05:09.677 I/ActivityManager( 476): com.android.dynsystem is exempt from freezer
11-05 14:05:09.678 D/CompatibilityChangeReporter( 476): Compat change id reported: 135634846; UID 1000; state: DISABLED
11-05 14:05:09.690 W/bei.lerad.rock( 1469): Class com.iflytek.aiui.utils.l failed lock verification and will run slower.
11-05 14:05:09.700 I/ActivityManager( 476): com.android.managedprovisioning is exempt from freezer
11-05 14:05:09.700 D/XHttpObservable( 1469): handleRequest: start https://tyapi.qun7.com/v1/voice/getResponseControlPage ,,, isCache = false
11-05 14:05:09.708 D/hdmi-cec( 260): cec physical address: 1.1.0.0
11-05 14:05:09.710 D/hdmi-cec( 260): cec physical address: 1.1.0.0
11-05 14:05:09.713 W/Looper ( 476): Slow dispatch took 119ms main h=android.os.Handler c=com.android.server.hdmi.WorkSourceUidPreservingRunnable@888cb9d m=0
11-05 14:05:09.715 D/hdmi-cec( 260): cec physical address: 1.1.0.0
11-05 14:05:09.718 D/hdmi-cec( 260): cec physical address: 1.1.0.0
11-05 14:05:09.721 D/Zygote ( 242): Forked child process 1823
11-05 14:05:09.722 W/ActivityManager( 476): Slow operation: 71ms so far, now at startProcess: returned from zygote!
11-05 14:05:09.728 D/CompatibilityChangeReporter( 476): Compat change id reported: 135634846; UID 10027; state: DISABLED
11-05 14:05:09.733 I/Zygote ( 1823): seccomp disabled by setenforce 0
11-05 14:05:09.751 D/CompatibilityChangeReporter( 476): Compat change id reported: 177438394; UID 10027; state: DISABLED
11-05 14:05:09.754 D/CompatibilityChangeReporter( 476): Compat change id reported: 135772972; UID 10027; state: DISABLED
11-05 14:05:09.756 D/CompatibilityChangeReporter( 476): Compat change id reported: 135754954; UID 10027; state: ENABLED
11-05 14:05:09.756 W/ActivityManager( 476): Slow operation: 59ms so far, now at startProcess: done starting proc!
11-05 14:05:09.756 I/adbd ( 394): jdwp connection from 1823
11-05 14:05:09.772 W/ActivityManager( 476): Slow operation: 120ms so far, now at startProcess: done updating battery stats
11-05 14:05:09.772 W/ActivityManager( 476): Slow operation: 120ms so far, now at startProcess: building log message
11-05 14:05:09.772 I/ActivityManager( 476): app.processName = com.android.dynsystem:dynsystem
11-05 14:05:09.772 I/ActivityManager( 476): Start proc 1823:com.android.dynsystem:dynsystem/1000 for service {com.android.dynsystem/com.android.dynsystem.DynamicSystemInstallationService}
11-05 14:05:09.772 W/ActivityManager( 476): Slow operation: 121ms so far, now at startProcess: starting to update pids map
11-05 14:05:09.773 W/ActivityManager( 476): Slow operation: 121ms so far, now at startProcess: done updating pids map
11-05 14:05:09.773 W/ActivityManager( 476): Slow operation: 75ms so far, now at startProcess: asking zygote to start proc
11-05 14:05:09.773 D/CompatibilityChangeReporter( 476): Compat change id reported: 143937733; UID 10027; state: ENABLED
11-05 14:05:09.803 D/WifiNl80211Manager( 476): Scan result ready event
11-05 14:05:09.803 D/WifiNative( 476): Scan result ready event
11-05 14:05:09.805 D/Zygote ( 242): Forked child process 1846
11-05 14:05:09.806 W/ActivityManager( 476): Slow operation: 108ms so far, now at startProcess: returned from zygote!
11-05 14:05:09.833 I/Zygote ( 1846): seccomp disabled by setenforce 0
11-05 14:05:09.840 W/ActivityManager( 476): Slow operation: 142ms so far, now at startProcess: done updating battery stats
11-05 14:05:09.840 W/ActivityManager( 476): Slow operation: 143ms so far, now at startProcess: building log message
11-05 14:05:09.840 I/ActivityManager( 476): app.processName = com.android.managedprovisioning
11-05 14:05:09.840 I/ActivityManager( 476): Start proc 1846:com.android.managedprovisioning/u0a27 for broadcast {com.android.managedprovisioning/com.android.managedprovisioning.BootReminder}
11-05 14:05:09.841 W/ActivityManager( 476): Slow operation: 143ms so far, now at startProcess: starting to update pids map
11-05 14:05:09.844 W/ActivityManager( 476): Slow operation: 146ms so far, now at startProcess: done updating pids map
11-05 14:05:09.875 I/adbd ( 394): jdwp connection from 1846
11-05 14:05:09.882 D/aaa ( 1097): LedStatusService onStartCommand begin
11-05 14:05:09.896 D/bbb ( 1174): onStartCommand begin !!!!!!! data分区剩余 24987MB
11-05 14:05:09.909 D/CompatibilityChangeReporter( 476): Compat change id reported: 182734110; UID 10046; state: DISABLED
11-05 14:05:09.914 D/aaa ( 1097): topPkg is -------------- :com.dangbei.leard.leradlauncher
11-05 14:05:09.939 D/CompatibilityChangeReporter( 476): Compat change id reported: 171306433; UID 1000; state: ENABLED
11-05 14:05:09.964 W/SoundPool( 1469): Use of stream types is deprecated for operations other than volume control
11-05 14:05:09.964 W/SoundPool( 1469): See the documentation of SoundPool() for what to use instead with android.media.AudioAttributes to qualify your playback use case
11-05 14:05:09.980 W/IorapForwardingService( 476): No service published for: iorapd
11-05 14:05:10.005 W/IE_Capabilities( 476): Unknown RSN cipher suite: 6ac0f00
