11-05 14:05:07.774 W/ActivityManager( 476): Slow operation: 619ms so far, now at startProcess: done updating pids map
11-05 14:05:07.782 D/BufferPoolAccessor2.0( 476): bufferpool2 0xe4e37cd8 : 0(0 size) total buffers - 0(0 size) used buffers - 2/7 (recycle/alloc) - 14/294 (fetch/transfer)
11-05 14:05:07.782 D/BufferPoolAccessor2.0( 476): bufferpool2 0xe59e0758 : 0(0 size) total buffers - 0(0 size) used buffers - 2/7 (recycle/alloc) - 9/46 (fetch/transfer)
11-05 14:05:07.782 D/BufferPoolAccessor2.0( 476): bufferpool2 0xe4463558 : 0(0 size) total buffers - 0(0 size) used buffers - 2/7 (recycle/alloc) - 5/68 (fetch/transfer)
11-05 14:05:07.782 D/BufferPoolAccessor2.0( 476): bufferpool2 0xe4462018 : 0(0 size) total buffers - 0(0 size) used buffers - 1/7 (recycle/alloc) - 9/76 (fetch/transfer)
11-05 14:05:07.782 D/BufferPoolAccessor2.0( 476): bufferpool2 0xe6008b98 : 0(0 size) total buffers - 0(0 size) used buffers - 2/7 (recycle/alloc) - 5/42 (fetch/transfer)
11-05 14:05:07.782 D/BufferPoolAccessor2.0( 476): evictor expired: 5, evicted: 5
11-05 14:05:07.783 D/BufferPoolAccessor2.0( 389): bufferpool2 0xe8b64b98 : 0(0 size) total buffers - 0(0 size) used buffers - 40/44 (recycle/alloc) - 4/43 (fetch/transfer)
11-05 14:05:07.783 D/BufferPoolAccessor2.0( 389): bufferpool2 0xe8b64418 : 0(0 size) total buffers - 0(0 size) used buffers - 15/19 (recycle/alloc) - 4/18 (fetch/transfer)
11-05 14:05:07.783 D/BufferPoolAccessor2.0( 389): bufferpool2 0xe8b65318 : 0(0 size) total buffers - 0(0 size) used buffers - 32/36 (recycle/alloc) - 4/35 (fetch/transfer)
11-05 14:05:07.783 D/BufferPoolAccessor2.0( 389): bufferpool2 0xe8b64cd8 : 0(0 size) total buffers - 0(0 size) used buffers - 44/46 (recycle/alloc) - 2/45 (fetch/transfer)
11-05 14:05:07.783 D/BufferPoolAccessor2.0( 389): bufferpool2 0xe8b642d8 : 0(0 size) total buffers - 0(0 size) used buffers - 136/145 (recycle/alloc) - 9/144 (fetch/transfer)
11-05 14:05:07.783 D/BufferPoolAccessor2.0( 389): bufferpool2 0xe8b64698 : 0(0 size) total buffers - 0(0 size) used buffers - 29/32 (recycle/alloc) - 3/31 (fetch/transfer)
11-05 14:05:07.783 D/BufferPoolAccessor2.0( 389): bufferpool2 0xe8b64558 : 0(0 size) total buffers - 0(0 size) used buffers - 16/21 (recycle/alloc) - 5/20 (fetch/transfer)
11-05 14:05:07.783 D/BufferPoolAccessor2.0( 389): evictor expired: 7, evicted: 7
11-05 14:05:07.799 V/MediaStore( 1024): Examining volume emulated;0 with name external_primary and state mounted
11-05 14:05:07.799 D/SystemUIService( 683): running: com.android.systemui.globalactions.GlobalActionsComponent@8662305
11-05 14:05:07.811 I/adbd ( 394): jdwp connection from 1469
11-05 14:05:07.837 I/system_server( 476): Background young concurrent copying GC freed 112652(4936KB) AllocSpace objects, 25(916KB) LOS objects, 15% free, 14MB/16MB, paused 5.318ms total 1.961s
11-05 14:05:07.842 I/MediaProvider( 1024): Begin Intent { act=com.android.providers.media.action.SCAN_VOLUME (has extras) }
11-05 14:05:07.843 D/SystemUIBootTiming( 683): SystemUIService: bootcomplete com.android.systemui.globalactions.GlobalActionsComponent took 160 ms
11-05 14:05:07.843 D/SystemUIService( 683): loading: com.android.systemui.usb.StorageNotification
11-05 14:05:07.844 D/SystemUIService( 683): running: com.android.systemui.usb.StorageNotification@4ff5726
11-05 14:05:07.847 I/hq ( 1089): hq:::curl -X POST -H "Content-Type:application/x-www-form-urlencoded" -d 'nothing=pzcJgKapKRo%3D&rommodelnumber=40I2XonQAUU%3D&cpuserial=PlZpqfc1JpxOOZ0anAV38AcloAYinsDQ&pattern=4Beei9NZNdo%3D&rommodel=Pqlpla5YRarwmFg%2B5VG%2FRQ%3D%3D&sn=ia%2FaFKiHtUJo0HCvzs4gKS1PBA%2F2QVm5&lang=vT%2FCsDI%2Fr10%3D&brand=elfd%2FN0Mw6U%3D&theme=L%2B%2FPU%2FFQgEY%3D&vcode=o%2BppAkqptlQ%3D&vname=oql4Ml1tHJc%3D&license=Hs4jp68qr9I%3D&channel=TIQ8TWTDuwcufJjk0AcBhA%3D%3D&packagename=qzBdBNULiCmiu3CIMurjL7PIryC36aZ2YdCJzQtyjcQ%3D&romvercode=BhA8%2F38Giec%3D&romvername=UDOuEwwco6o%3D&network=IGYWVa9OT%2Bk%3D&deviceEid=uSuGjXxL1dquKF1QG%2BzuNgcKc1GMhNRjqypkEmW7WV4lQRKF1DwATA%3D%3D&mac=iP4TVZLko9UsEdSbENu6i8HfL7VxZFhy&userid=pctYUOG3RH0%3D' "https://ottdbui-tyapiqun7.yysh.mgtv.com/v1/boot/agreement"
11-05 14:05:07.863 I/hq ( 1089): hq:::curl -X POST -H "Content-Type:application/x-www-form-urlencoded" -d 'rommodelnumber=40I2XonQAUU%3D&cpuserial=PlZpqfc1JpxOOZ0anAV38AcloAYinsDQ&pattern=4Beei9NZNdo%3D&rommodel=Pqlpla5YRarwmFg%2B5VG%2FRQ%3D%3D&sn=ia%2FaFKiHtUJo0HCvzs4gKS1PBA%2F2QVm5&lang=vT%2FCsDI%2Fr10%3D&brand=elfd%2FN0Mw6U%3D&theme=L%2B%2FPU%2FFQgEY%3D&vcode=o%2BppAkqptlQ%3D&vname=oql4Ml1tHJc%3D&license=Hs4jp68qr9I%3D&channel=TIQ8TWTDuwcufJjk0AcBhA%3D%3D&packagename=qzBdBNULiCmiu3CIMurjL7PIryC36aZ2YdCJzQtyjcQ%3D&romvercode=BhA8%2F38Giec%3D&romvername=UDOuEwwco6o%3D&network=IGYWVa9OT%2Bk%3D&deviceEid=uSuGjXxL1dquKF1QG%2BzuNgcKc1GMhNRjqypkEmW7WV4lQRKF1DwATA%3D%3D&mac=iP4TVZLko9UsEdSbENu6i8HfL7VxZFhy&userid=pctYUOG3RH0%3D' "https://ottdbui-tyapiqun7.yysh.mgtv.com/v1/message/getpopmsgId"
11-05 14:05:07.869 W/System.err( 1089): com.dangbei.leard.base.proider.error.ApiException: java.net.UnknownHostException: Unable to resolve host "ottdbui-tyapiqun7.yysh.mgtv.com": No address associated with hostname
11-05 14:05:07.869 W/System.err( 1089): at com.dangbei.leard.base.proider.error.ErrorExtKt.handleException(SourceFile:286)
11-05 14:05:07.869 W/System.err( 1089): at com.dangbei.leard.base.ext.FlowExtKt.runHttpTry2Data(SourceFile:224)
11-05 14:05:07.869 W/System.err( 1089): at com.dangbei.leard.base.ext.FlowExtKt$runHttpTry2Data$1.invokeSuspend(Unknown Source:15)
11-05 14:05:07.869 W/System.err( 1089): at kotlin.coroutines.jvm.internal.BaseContinuationImpl.resumeWith(SourceFile:12)
11-05 14:05:07.869 W/System.err( 1089): at kotlinx.coroutines.internal.ScopeCoroutine.afterResume(Unknown Source:6)
11-05 14:05:07.869 W/System.err( 1089): at kotlinx.coroutines.AbstractCoroutine.resumeWith(SourceFile:16)
11-05 14:05:07.869 W/System.err( 1089): at kotlin.coroutines.jvm.internal.BaseContinuationImpl.resumeWith(SourceFile:50)
11-05 14:05:07.869 W/System.err( 1089): at kotlinx.coroutines.DispatchedTask.run(SourceFile:105)
11-05 14:05:07.869 W/System.err( 1089): at kotlinx.coroutines.internal.LimitedDispatcher.run(SourceFile:13)
11-05 14:05:07.869 W/System.err( 1089): at kotlinx.coroutines.scheduling.TaskImpl.run(SourceFile:3)
11-05 14:05:07.869 W/System.err( 1089): at kotlinx.coroutines.scheduling.CoroutineScheduler.runSafely(SourceFile:1)
11-05 14:05:07.869 W/System.err( 1089): at kotlinx.coroutines.scheduling.CoroutineScheduler$Worker.executeTask(SourceFile:15)
11-05 14:05:07.869 W/System.err( 1089): at kotlinx.coroutines.scheduling.CoroutineScheduler$Worker.runWorker(SourceFile:29)
11-05 14:05:07.869 W/System.err( 1089): at kotlinx.coroutines.scheduling.CoroutineScheduler$Worker.run(Unknown Source:0)
11-05 14:05:07.870 W/System.err( 1089): Caused by: java.net.UnknownHostException: Unable to resolve host "ottdbui-tyapiqun7.yysh.mgtv.com": No address associated with hostname
11-05 14:05:07.870 W/System.err( 1089): at java.net.Inet6AddressImpl.lookupHostByName(Inet6AddressImpl.java:156)
11-05 14:05:07.870 W/System.err( 1089): at java.net.Inet6AddressImpl.lookupAllHostAddr(Inet6AddressImpl.java:103)
11-05 14:05:07.870 W/System.err( 1089): at java.net.InetAddress.getAllByName(InetAddress.java:1152)
11-05 14:05:07.870 W/System.err( 1089): at okhttp3.Dns$Companion$DnsSystem.lookup(SourceFile:6)
11-05 14:05:07.870 W/System.err( 1089): at okhttp3.internal.connection.RouteSelector.resetNextInetSocketAddress(SourceFile:153)
11-05 14:05:07.870 W/System.err( 1089): at okhttp3.internal.connection.RouteSelector.nextProxy(SourceFile:21)
11-05 14:05:07.870 W/System.err( 1089): at okhttp3.internal.connection.RouteSelector.next(SourceFile:18)
11-05 14:05:07.870 W/System.err( 1089): at okhttp3.internal.connection.ExchangeFinder.findConnection(SourceFile:197)
11-05 14:05:07.870 W/System.err( 1089): at okhttp3.internal.connection.ExchangeFinder.findHealthyConnection(SourceFile:1)
11-05 14:05:07.870 W/System.err( 1089): at okhttp3.internal.connection.ExchangeFinder.find(SourceFile:52)
11-05 14:05:07.870 W/System.err( 1089): at okhttp3.internal.connection.RealCall.initExchange$okhttp(SourceFile:32)
11-05 14:05:07.870 W/System.err( 1089): at okhttp3.internal.connection.ConnectInterceptor.intercept(SourceFile:12)
11-05 14:05:07.870 W/System.err( 1089): at okhttp3.internal.http.RealInterceptorChain.proceed(SourceFile:155)
11-05 14:05:07.870 W/System.err( 1089): at okhttp3.internal.cache.CacheInterceptor.intercept(SourceFile:190)
11-05 14:05:07.870 W/System.err( 1089): at okhttp3.internal.http.RealInterceptorChain.proceed(SourceFile:155)
11-05 14:05:07.870 W/System.err( 1089): at okhttp3.internal.http.BridgeInterceptor.intercept(SourceFile:168)
11-05 14:05:07.870 W/System.err( 1089): at okhttp3.internal.http.RealInterceptorChain.proceed(SourceFile:155)
11-05 14:05:07.870 W/System.err( 1089): at okhttp3.internal.http.RetryAndFollowUpInterceptor.intercept(SourceFile:35)
11-05 14:05:07.870 W/System.err( 1089): at okhttp3.internal.http.RealInterceptorChain.proceed(SourceFile:155)
11-05 14:05:07.870 W/System.err( 1089): at com.monster.ok2curl.CurlInterceptor.intercept(SourceFile:26)
11-05 14:05:07.870 W/System.err( 1089): at okhttp3.internal.http.RealInterceptorChain.proceed(SourceFile:155)
11-05 14:05:07.870 W/System.err( 1089): at com.dangbei.leard.base.proider.net.interceptor.DomainSwitchInterceptor.intercept(SourceFile:72)
11-05 14:05:07.870 W/System.err( 1089): at okhttp3.internal.http.RealInterceptorChain.proceed(SourceFile:155)
11-05 14:05:07.870 W/System.err( 1089): at com.dangbei.leard.base.proider.net.interceptor.RequestSignAndEncryptInterceptor.intercept(SourceFile:240)
11-05 14:05:07.870 W/System.err( 1089): at okhttp3.internal.http.RealInterceptorChain.proceed(SourceFile:155)
11-05 14:05:07.870 W/System.err( 1089): at com.dangbei.leard.base.proider.net.interceptor.RequestExtraParamsInterceptor.intercept(SourceFile:241)
11-05 14:05:07.871 W/System.err( 1089): at okhttp3.internal.http.RealInterceptorChain.proceed(SourceFile:155)
11-05 14:05:07.871 W/System.err( 1089): at okhttp3.internal.connection.RealCall.getResponseWithInterceptorChain$okhttp(SourceFile:114)
11-05 14:05:07.871 W/System.err( 1089): at okhttp3.internal.connection.RealCall$AsyncCall.run(SourceFile:41)
11-05 14:05:07.871 W/System.err( 1089): at java.util.concurrent.ThreadPoolExecutor.runWorker(ThreadPoolExecutor.java:1167)
11-05 14:05:07.871 W/System.err( 1089): at java.util.concurrent.ThreadPoolExecutor$Worker.run(ThreadPoolExecutor.java:641)
11-05 14:05:07.871 W/System.err( 1089): at java.lang.Thread.run(Thread.java:920)
11-05 14:05:07.872 W/System.err( 1089): Caused by: android.system.GaiException: android_getaddrinfo failed: EAI_NODATA (No address associated with hostname)
11-05 14:05:07.872 W/System.err( 1089): at libcore.io.Linux.android_getaddrinfo(Native Method)
11-05 14:05:07.872 W/System.err( 1089): at libcore.io.ForwardingOs.android_getaddrinfo(ForwardingOs.java:136)
11-05 14:05:07.872 W/System.err( 1089): at libcore.io.BlockGuardOs.android_getaddrinfo(BlockGuardOs.java:221)
11-05 14:05:07.872 W/System.err( 1089): at libcore.io.ForwardingOs.android_getaddrinfo(ForwardingOs.java:136)
11-05 14:05:07.872 W/System.err( 1089): at java.net.Inet6AddressImpl.lookupHostByName(Inet6AddressImpl.java:135)
11-05 14:05:07.872 W/System.err( 1089): ... 31 more
11-05 14:05:07.872 E/hq ( 1089): ErrorCoroutineExceptionHandler:::runTry error:java.net.UnknownHostException: Unable to resolve host "ottdbui-tyapiqun7.yysh.mgtv.com": No address associated with hostname from=requestUserAgreement
11-05 14:05:07.872 E/UserProtocolInterceptorImpl( 1089): isAgree: 20210615 20210615 true
11-05 14:05:07.880 E/UserProtocolInterceptorImpl( 1089): version===>0
11-05 14:05:07.894 D/BufferPoolAccessor2.0( 822): bufferpool2 0xe5aaae98 : 0(0 size) total buffers - 0(0 size) used buffers - 2/7 (recycle/alloc) - 5/96 (fetch/transfer)
11-05 14:05:07.894 D/BufferPoolAccessor2.0( 822): evictor expired: 1, evicted: 1
11-05 14:05:07.900 W/System.err( 1089): com.dangbei.leard.base.proider.error.ApiException: java.net.UnknownHostException: Unable to resolve host "ottdbui-tyapiqun7.yysh.mgtv.com": No address associated with hostname
11-05 14:05:07.900 W/System.err( 1089): at com.dangbei.leard.base.proider.error.ErrorExtKt.handleException(SourceFile:286)
11-05 14:05:07.900 W/System.err( 1089): at com.dangbei.leard.base.ext.FlowExtKt.runHttpTry2Data(SourceFile:224)
11-05 14:05:07.900 W/System.err( 1089): at com.dangbei.leard.base.ext.FlowExtKt$runHttpTry2Data$1.invokeSuspend(Unknown Source:15)
11-05 14:05:07.900 W/System.err( 1089): at kotlin.coroutines.jvm.internal.BaseContinuationImpl.resumeWith(SourceFile:12)
11-05 14:05:07.900 W/System.err( 1089): at kotlinx.coroutines.internal.ScopeCoroutine.afterResume(Unknown Source:6)
11-05 14:05:07.900 W/System.err( 1089): at kotlinx.coroutines.AbstractCoroutine.resumeWith(SourceFile:16)
11-05 14:05:07.900 W/System.err( 1089): at kotlin.coroutines.jvm.internal.BaseContinuationImpl.resumeWith(SourceFile:50)
11-05 14:05:07.900 W/System.err( 1089): at kotlinx.coroutines.DispatchedTask.run(SourceFile:105)
11-05 14:05:07.900 W/System.err( 1089): at kotlinx.coroutines.internal.LimitedDispatcher.run(SourceFile:13)
11-05 14:05:07.900 W/System.err( 1089): at kotlinx.coroutines.scheduling.TaskImpl.run(SourceFile:3)
11-05 14:05:07.900 W/System.err( 1089): at kotlinx.coroutines.scheduling.CoroutineScheduler.runSafely(SourceFile:1)
11-05 14:05:07.900 W/System.err( 1089): at kotlinx.coroutines.scheduling.CoroutineScheduler$Worker.executeTask(SourceFile:15)
11-05 14:05:07.900 W/System.err( 1089): at kotlinx.coroutines.scheduling.CoroutineScheduler$Worker.runWorker(SourceFile:29)
11-05 14:05:07.900 W/System.err( 1089): at kotlinx.coroutines.scheduling.CoroutineScheduler$Worker.run(Unknown Source:0)
11-05 14:05:07.901 W/System.err( 1089): Caused by: java.net.UnknownHostException: Unable to resolve host "ottdbui-tyapiqun7.yysh.mgtv.com": No address associated with hostname
11-05 14:05:07.901 W/System.err( 1089): at java.net.Inet6AddressImpl.lookupHostByName(Inet6AddressImpl.java:124)
11-05 14:05:07.901 W/System.err( 1089): at java.net.Inet6AddressImpl.lookupAllHostAddr(Inet6AddressImpl.java:103)
11-05 14:05:07.901 W/System.err( 1089): at java.net.InetAddress.getAllByName(InetAddress.java:1152)
11-05 14:05:07.901 W/System.err( 1089): at okhttp3.Dns$Companion$DnsSystem.lookup(SourceFile:6)
11-05 14:05:07.901 W/System.err( 1089): at okhttp3.internal.connection.RouteSelector.resetNextInetSocketAddress(SourceFile:153)
11-05 14:05:07.901 W/System.err( 1089): at okhttp3.internal.connection.RouteSelector.nextProxy(SourceFile:21)
11-05 14:05:07.901 W/System.err( 1089): at okhttp3.internal.connection.RouteSelector.next(SourceFile:18)
11-05 14:05:07.901 W/System.err( 1089): at okhttp3.internal.connection.ExchangeFinder.findConnection(SourceFile:197)
11-05 14:05:07.901 W/System.err( 1089): at okhttp3.internal.connection.ExchangeFinder.findHealthyConnection(SourceFile:1)
11-05 14:05:07.901 W/System.err( 1089): at okhttp3.internal.connection.ExchangeFinder.find(SourceFile:52)
11-05 14:05:07.901 W/System.err( 1089): at okhttp3.internal.connection.RealCall.initExchange$okhttp(SourceFile:32)
11-05 14:05:07.901 W/System.err( 1089): at okhttp3.internal.connection.ConnectInterceptor.intercept(SourceFile:12)
11-05 14:05:07.901 W/System.err( 1089): at okhttp3.internal.http.RealInterceptorChain.proceed(SourceFile:155)
11-05 14:05:07.901 W/System.err( 1089): at okhttp3.internal.cache.CacheInterceptor.intercept(SourceFile:190)
11-05 14:05:07.901 W/System.err( 1089): at okhttp3.internal.http.RealInterceptorChain.proceed(SourceFile:155)
11-05 14:05:07.901 W/System.err( 1089): at okhttp3.internal.http.BridgeInterceptor.intercept(SourceFile:168)
11-05 14:05:07.902 W/System.err( 1089): at okhttp3.internal.http.RealInterceptorChain.proceed(SourceFile:155)
11-05 14:05:07.902 W/System.err( 1089): at okhttp3.internal.http.RetryAndFollowUpInterceptor.intercept(SourceFile:35)
11-05 14:05:07.902 W/System.err( 1089): at okhttp3.internal.http.RealInterceptorChain.proceed(SourceFile:155)
11-05 14:05:07.902 W/System.err( 1089): at com.monster.ok2curl.CurlInterceptor.intercept(SourceFile:26)
11-05 14:05:07.902 W/System.err( 1089): at okhttp3.internal.http.RealInterceptorChain.proceed(SourceFile:155)
11-05 14:05:07.902 W/System.err( 1089): at com.dangbei.leard.base.proider.net.interceptor.DomainSwitchInterceptor.intercept(SourceFile:72)
11-05 14:05:07.902 W/System.err( 1089): at okhttp3.internal.http.RealInterceptorChain.proceed(SourceFile:155)
11-05 14:05:07.902 W/System.err( 1089): at com.dangbei.leard.base.proider.net.interceptor.RequestSignAndEncryptInterceptor.intercept(SourceFile:240)
11-05 14:05:07.902 W/System.err( 1089): at okhttp3.internal.http.RealInterceptorChain.proceed(SourceFile:155)
11-05 14:05:07.902 W/System.err( 1089): at com.dangbei.leard.base.proider.net.interceptor.RequestExtraParamsInterceptor.intercept(SourceFile:241)
11-05 14:05:07.902 W/System.err( 1089): at okhttp3.internal.http.RealInterceptorChain.proceed(SourceFile:155)
11-05 14:05:07.902 W/System.err( 1089): at okhttp3.internal.connection.RealCall.getResponseWithInterceptorChain$okhttp(SourceFile:114)
11-05 14:05:07.902 W/System.err( 1089): at okhttp3.internal.connection.RealCall$AsyncCall.run(SourceFile:41)
11-05 14:05:07.902 W/System.err( 1089): at java.util.concurrent.ThreadPoolExecutor.runWorker(ThreadPoolExecutor.java:1167)
11-05 14:05:07.902 W/System.err( 1089): at java.util.concurrent.ThreadPoolExecutor$Worker.run(ThreadPoolExecutor.java:641)
11-05 14:05:07.902 W/System.err( 1089): at java.lang.Thread.run(Thread.java:920)
11-05 14:05:07.902 E/hq ( 1089): ErrorCoroutineExceptionHandler:::runTry error:java.net.UnknownHostException: Unable to resolve host "ottdbui-tyapiqun7.yysh.mgtv.com": No address associated with hostname from=requestMessageDialog
11-05 14:05:07.919 D/CompatibilityChangeReporter( 476): Compat change id reported: 182734110; UID 10074; state: DISABLED
11-05 14:05:07.927 V/GraphicsEnvironment( 1388): ANGLE Developer option for 'com.android.localtransport' set to: 'default'
11-05 14:05:07.928 V/GraphicsEnvironment( 1388): Neither updatable production driver nor prerelease driver is supported.
11-05 14:05:07.928 D/CompatibilityChangeReporter( 476): Compat change id reported: 168419799; UID 1000; state: DISABLED
11-05 14:05:07.928 W/InputManager-JNI( 476): Input channel object 'b2f0a75 com.android.tv.settings/com.android.tv.settings.system.FallbackHome (client)' was disposed without first being removed with the input manager!
11-05 14:05:07.931 D/BtOppService( 670): setBluetoothOppService(): set to: com.android.bluetooth.opp.BluetoothOppService@7187a2c
11-05 14:05:07.935 D/NetworkSecurityConfig( 1388): No Network Security Config specified, using platform default
11-05 14:05:07.940 D/NetworkSecurityConfig( 1388): No Network Security Config specified, using platform default
11-05 14:05:07.941 W/Looper ( 476): Drained
11-05 14:05:07.950 D/installd( 355): Found quota mount /dev/block/by-name/userdata at /data
11-05 14:05:07.950 D/installd( 355): Found quota mount /dev/block/by-name/userdata at /data/user/0
11-05 14:05:07.950 D/installd( 355): Found quota mount /dev/block/by-name/userdata at /mnt/pass_through/0/emulated
11-05 14:05:07.950 D/installd( 355): Found quota mount /dev/block/by-name/userdata at /mnt/user/0/emulated/0/Android/data
11-05 14:05:07.950 D/installd( 355): Found quota mount /dev/block/by-name/userdata at /storage/emulated/0/Android/data
11-05 14:05:07.950 D/installd( 355): Found quota mount /dev/block/by-name/userdata at /mnt/androidwritable/0/emulated/0/Android/data
11-05 14:05:07.950 D/installd( 355): Found quota mount /dev/block/by-name/userdata at /mnt/installer/0/emulated/0/Android/data
11-05 14:05:07.950 D/installd( 355): Found quota mount /dev/block/by-name/userdata at /mnt/user/0/emulated/0/Android/obb
11-05 14:05:07.951 D/installd( 355): Found quota mount /dev/block/by-name/userdata at /storage/emulated/0/Android/obb
11-05 14:05:07.951 D/installd( 355): Found quota mount /dev/block/by-name/userdata at /mnt/androidwritable/0/emulated/0/Android/obb
11-05 14:05:07.951 D/installd( 355): Found quota mount /dev/block/by-name/userdata at /mnt/installer/0/emulated/0/Android/obb
11-05 14:05:07.952 D/installd( 355): Found storage mount /dev/block/by-name/userdata at /mnt/pass_through/0/emulated
11-05 14:05:07.960 V/MediaStore( 1024): Examining volume emulated;0 with name external_primary and state mounted
11-05 14:05:07.960 E/IpClient.wlan0( 760): Failed to set accept_ra to 2
11-05 14:05:07.962 I/WifiClientModeImpl[wlan0]( 476): disconnectedstate enter
11-05 14:05:07.964 W/IorapForwardingService( 476): No service published for: iorapd
11-05 14:05:07.977 D/StorageManagerService( 476): Volume emulated;0 broadcasting mounted to UserHandle{0}
11-05 14:05:07.978 E/WifiScoringParams( 476): Invalid frequency(-1), using 5G as default rssi array
11-05 14:05:07.982 I/BluetoothPbapService( 670): setCurrentUser(0)
11-05 14:05:07.984 I/BluetoothPbapService( 670): setUserUnlocked(0)
11-05 14:05:07.984 I/BluetoothPbapService( 670): setUserUnlocked(0)
11-05 14:05:07.984 D/CompatibilityChangeReporter( 1469): Compat change id reported: 171979766; UID 1000; state: DISABLED
11-05 14:05:07.985 D/StorageNotification( 683): Notifying about private volume: VolumeInfo{private}:
11-05 14:05:07.985 D/StorageNotification( 683): type=PRIVATE diskId=null partGuid=null mountFlags=0 mountUserId=-10000
11-05 14:05:07.985 D/StorageNotification( 683): state=MOUNTED
11-05 14:05:07.985 D/StorageNotification( 683): fsType=null fsUuid=null fsLabel=null
11-05 14:05:07.985 D/StorageNotification( 683): path=/data internalPath=null
11-05 14:05:07.993 D/StorageManagerService( 476): Volume emulated;0 broadcasting mounted to UserHandle{0}
11-05 14:05:08.000 E/GetBgColorManager( 1089): setTargetImageView:
11-05 14:05:08.008 D/CompatibilityChangeReporter( 476): Compat change id reported: 135634846; UID 10024; state: DISABLED
11-05 14:05:08.009 D/CompatibilityChangeReporter( 476): Compat change id reported: 143937733; UID 10024; state: DISABLED
11-05 14:05:08.009 D/TheRouter::RouterInject( 1089): interception::===interface com.dangbei.leard.protocol.MainManagerInterface===MainManagerInterfaceImpl83543780
11-05 14:05:07.093 D/ ( 9): .
11-05 14:05:08.018 W/audit ( 1435): audit_lost=73 audit_rate_limit=5 audit_backlog_limit=64
11-05 14:05:08.018 E/audit ( 1435): rate limit exceeded
11-05 14:05:08.026 D/SystemUIBootTiming( 683): SystemUIService: bootcomplete com.android.systemui.usb.StorageNotification took 183 ms
11-05 14:05:08.026 D/SystemUIService( 683): loading: com.android.systemui.power.PowerUI
11-05 14:05:08.027 D/SystemUIService( 683): running: com.android.systemui.power.PowerUI@11aadbd
11-05 14:05:08.027 D/Zygote ( 242): Forked child process 1528
11-05 14:05:08.029 E/SQLiteLog( 1249): (5) statement aborts at 1: [PRAGMA journal_mode=TRUNCATE] database is locked
11-05 14:05:08.030 W/SQLiteConnection( 1249): Could not change the database journal mode of '/data/user/0/com.android.tv/databases/dvr.db' from 'wal' to 'TRUNCATE' because the database is locked. This usually means that there are other open connections to the database which prevents the database from enabling or disabling write-ahead logging mode. Proceeding without changing the journal mode.
11-05 14:05:08.042 I/Zygote ( 1528): seccomp disabled by setenforce 0
11-05 14:05:08.042 D/AndroidRuntime( 1249): Shutting down VM --------- beginning of crash
11-05 14:05:08.047 E/AndroidRuntime( 1249): FATAL EXCEPTION: main
11-05 14:05:08.047 E/AndroidRuntime( 1249): Process: com.android.tv.common, PID: 1249
11-05 14:05:08.047 E/AndroidRuntime( 1249): java.lang.NullPointerException: Attempt to invoke virtual method 'boolean com.android.tv.dvr.DvrScheduleManager.isInitialized()' on a null object reference
11-05 14:05:08.047 E/AndroidRuntime( 1249): at com.android.tv.dvr.DvrManager.(DvrManager.java:109)
11-05 14:05:08.047 E/AndroidRuntime( 1249): at com.android.tv.modules.TvApplicationModule.providesDvrManager(TvApplicationModule.java:111)
11-05 14:05:08.047 E/AndroidRuntime( 1249): at com.android.tv.modules.TvApplicationModule_ProvidesDvrManagerFactory.providesDvrManager(TvApplicationModule_ProvidesDvrManagerFactory.java:32)
11-05 14:05:08.047 E/AndroidRuntime( 1249): at com.android.tv.modules.TvApplicationModule_ProvidesDvrManagerFactory.get(TvApplicationModule_ProvidesDvrManagerFactory.java:23)
11-05 14:05:08.047 E/AndroidRuntime( 1249): at com.android.tv.modules.TvApplicationModule_ProvidesDvrManagerFactory.get(TvApplicationModule_ProvidesDvrManagerFactory.java:10)
11-05 14:05:08.047 E/AndroidRuntime( 1249): at dagger.internal.DoubleCheck.get(DoubleCheck.java:47)
11-05 14:05:08.047 E/AndroidRuntime( 1249): at com.android.tv.TvApplication.getDvrManager(TvApplication.java:258)
11-05 14:05:08.047 E/AndroidRuntime( 1249): at com.android.tv.dvr.DvrStorageStatusManager$CleanUpDbTask.onPostExecute(DvrStorageStatusManager.java:108)
11-05 14:05:08.047 E/AndroidRuntime( 1249): at com.android.tv.dvr.DvrStorageStatusManager$CleanUpDbTask.onPostExecute(DvrStorageStatusManager.java:66)
11-05 14:05:08.047 E/AndroidRuntime( 1249): at android.os.AsyncTask.finish(AsyncTask.java:771)
11-05 14:05:08.047 E/AndroidRuntime( 1249): at android.os.AsyncTask.access$900(AsyncTask.java:199)
11-05 14:05:08.047 E/AndroidRuntime( 1249): at android.os.AsyncTask$InternalHandler.handleMessage(AsyncTask.java:788)
11-05 14:05:08.047 E/AndroidRuntime( 1249): at android.os.Handler.dispatchMessage(Handler.java:106)
11-05 14:05:08.047 E/AndroidRuntime( 1249): at android.os.Looper.loopOnce(Looper.java:201)
11-05 14:05:08.047 E/AndroidRuntime( 1249): at android.os.Looper.loop(Looper.java:288)
11-05 14:05:08.047 E/AndroidRuntime( 1249): at android.app.ActivityThread.main(ActivityThread.java:7854)
11-05 14:05:08.047 E/AndroidRuntime( 1249): at java.lang.reflect.Method.invoke(Native Method)
11-05 14:05:08.047 E/AndroidRuntime( 1249): at com.android.internal.os.RuntimeInit$MethodAndArgsCaller.run(RuntimeInit.java:548)
11-05 14:05:08.047 E/AndroidRuntime( 1249): at com.android.internal.os.ZygoteInit.main(ZygoteInit.java:1182)
11-05 14:05:08.047 D/ApplicationLoaders( 1469): Returning zygote-cached class loader: /system/framework/android.test.base.jar
11-05 14:05:08.047 D/ApplicationLoaders( 1469): Returning zygote-cached class loader: /system/framework/android.hidl.manager-V1.0-java.jar
11-05 14:05:08.047 D/ApplicationLoaders( 1469): Returning zygote-cached class loader: /system/framework/android.hidl.base-V1.0-java.jar
11-05 14:05:08.060 E/getHdmiStatus( 1089): sourceInputStatus=null mEtnaAdapter=com.dangbei.launcher.etna.EtnaAdapter@f43316f
11-05 14:05:08.073 V/MediaStore( 1024): Examining volume emulated;0 with name external_primary and state mounted
11-05 14:05:08.077 I/adbd ( 394): jdwp connection from 1528
11-05 14:05:08.078 W/ActivityManager( 476): Slow operation: 72ms so far, now at startProcess: done updating battery stats
11-05 14:05:08.078 W/ActivityManager( 476): Slow operation: 72ms so far, now at startProcess: building log message
11-05 14:05:08.078 I/ActivityManager( 476): app.processName = com.dangbei.screencast
11-05 14:05:08.078 I/ActivityManager( 476): Start proc 1528:com.dangbei.screencast/u0a24 for broadcast {com.dangbei.screencast/com.dangbei.screencast.usb.UsbEventBroadcastReceiver}
11-05 14:05:08.078 W/ActivityManager( 476): Slow operation: 72ms so far, now at startProcess: starting to update pids map
11-05 14:05:08.076 I/EventThread( 260): type=1400 audit(0.0:487): avc: denied { search } for name="extcon" dev="sysfs" ino=18103 scontext=u:r:hal_tv_cec_default:s0 tcontext=u:object_r:sysfs_extcon:s0 tclass=dir permissive=1
11-05 14:05:08.078 W/ActivityManager( 476): Slow operation: 73ms so far, now at startProcess: done updating pids map
11-05 14:05:08.078 I/DropBoxManagerService( 476): add tag=system_app_crash isTagEnabled=true flags=0x2
11-05 14:05:08.086 I/TransportClient( 476): LocalTransportService#0: Notifying [TransportManager.registerTransport()] transport = IBackupTransport
11-05 14:05:08.093 D/WifiClientModeImpl[wlan0]( 476): setupClientMode() ifacename = wlan0
11-05 14:05:08.099 I/Process ( 1249): Sending signal. PID: 1249 SIG: 9
11-05 14:05:08.092 I/preinstall.sh( 1539): type=1400 audit(0.0:488): avc: denied { execute_no_trans } for path="/system/bin/pm" dev="dm-0" ino=1149 scontext=u:r:system_server:s0 tcontext=u:object_r:system_file:s0 tclass=file permissive=1
11-05 14:05:08.092 I/preinstall.sh( 1539): type=1400 audit(0.0:489): avc: denied { execute } for name="sh" dev="dm-0" ino=1202 scontext=u:r:system_server:s0 tcontext=u:object_r:shell_exec:s0 tclass=file permissive=1
11-05 14:05:08.092 I/preinstall.sh( 1539): type=1400 audit(0.0:490): avc: denied { read open } for path="/system/bin/sh" dev="dm-0" ino=1202 scontext=u:r:system_server:s0 tcontext=u:object_r:shell_exec:s0 tclass=file permissive=1
11-05 14:05:08.092 I/pm ( 1539): type=1400 audit(0.0:491): avc: denied { map } for path="/system/bin/sh" dev="dm-0" ino=1202 scontext=u:r:system_server:s0 tcontext=u:object_r:shell_exec:s0 tclass=file permissive=1
11-05 14:05:08.113 D/BluetoothPbapService( 670): setBluetoothPbapService(): set to: com.android.bluetooth.pbap.BluetoothPbapService@44c65c
11-05 14:05:08.114 D/AvrcpVolumeManager( 670): onAudioDevicesAdded: Not expecting device changed
11-05 14:05:08.117 D/ ( 9): .ready
11-05 14:05:08.119 E/WifiHAL ( 662): wifi_start_pkt_fate_monitoring: packet fate logging feature not supported 0
11-05 14:05:08.121 E/WifiVendorHal( 476): startPktFateMonitoring(l.2352) failed {.code = ERROR_NOT_SUPPORTED, .description = }
11-05 14:05:08.121 W/WifiDiags( 476): Failed to start packet fate monitoring
11-05 14:05:08.122 D/ObexServerSockets( 670): create(rfcomm = -2, l2capPsm = -2)
11-05 14:05:08.124 E/WifiHAL ( 662): wifi_get_driver_version: Error -5 happened.
11-05 14:05:08.124 E/android.hardware.wifi@1.0-service-lazy( 662): Failed to get driver version: INVALID_ARGS
11-05 14:05:08.127 E/WifiVendorHal( 476): requestChipDebugInfo(l.2167) failed {.code = ERROR_INVALID_ARGS, .description = failed to get driver version}
11-05 14:05:08.128 I/WifiVendorHal( 476): Driver: null Firmware: null
11-05 14:05:08.129 E/WifiHAL ( 662): wifi_get_driver_version: Error -5 happened.
11-05 14:05:08.129 E/android.hardware.wifi@1.0-service-lazy( 662): Failed to get driver version: INVALID_ARGS
11-05 14:05:08.130 E/WifiVendorHal( 476): requestChipDebugInfo(l.2167) failed {.code = ERROR_INVALID_ARGS, .description = failed to get driver version}
11-05 14:05:08.130 I/WifiVendorHal( 476): Driver: null Firmware: null
11-05 14:05:08.131 D/BackupTransportManager( 476): Transport com.android.localtransport/.LocalTransportService registered
11-05 14:05:08.131 E/WifiHAL ( 662): wifi_get_ring_buffers_status: Ring buffer logging feature not supported 0
11-05 14:05:08.132 D/BackupManagerService( 476): [UserID:0] Transport com.android.localtransport/.LocalTransport registered 4171ms after first request (delay = 3000ms)
11-05 14:05:08.132 E/WifiVendorHal( 476): getRingBufferStatus(l.2244) failed {.code = ERROR_NOT_SUPPORTED, .description = }
11-05 14:05:08.133 W/WifiDiags( 476): no ring buffers found
11-05 14:05:08.133 D/WifiDiags( 476): startLogging() iface list is {wlan0} after adding wlan0
11-05 14:05:08.157 I/binder ( 17): undelivered TRANSACTION_COMPLETE
11-05 14:05:08.157 I/binder ( 17): undelivered transaction 25924, process died.
11-05 14:05:08.139 I/bt_btif_sock_rfcomm( 670): system/bt/btif/src/btif_sock_rfc.cc:303 btsock_rfc_listen: Adding listening socket service_name: (null) - channel: -2
11-05 14:05:08.139 I/bt_stack( 670): [INFO:port_api.cc(234)] RFCOMM_CreateConnection: bd_addr=ff:ff:ff:ff:ff:ff, scn=4, is_server=1, mtu=990, uuid=000000, dlci=8, signal_state=0x0b, p_port=0xb9ee8b84
11-05 14:05:08.147 D/CompatibilityChangeReporter( 476): Compat change id reported: 135634846; UID 10046; state: DISABLED
11-05 14:05:08.147 D/CompatibilityChangeReporter( 476): Compat change id reported: 177438394; UID 10046; state: DISABLED
11-05 14:05:08.148 I/bluetooth( 670): system/bt/btif/src/btif_sock_l2cap.cc:316 btsock_l2cap_alloc_l: Allocated l2cap socket structure socket_id:1
11-05 14:05:08.149 I/bt_l2cap( 670): system/bt/stack/l2cap/l2c_api.cc:134 L2CA_Register: L2CAP Registered service classic PSM: 0x1001
11-05 14:05:08.149 I/bluetooth( 670): system/bt/btif/src/btif_sock_l2cap.cc:341 send_app_psm_or_chan_l: Sending l2cap socket socket_id:1 channel:4097
11-05 14:05:08.153 D/CompatibilityChangeReporter( 476): Compat change id reported: 135772972; UID 10046; state: DISABLED
11-05 14:05:08.154 I/Zygote ( 242): Process 1249 exited due to signal 9 (Killed)
11-05 14:05:08.158 D/BluetoothAdapter( 670): listenUsingL2capOn: set assigned channel to 4097
11-05 14:05:08.158 D/ObexServerSockets( 670): Succeed to create listening sockets
11-05 14:05:08.159 D/ObexServerSockets0( 670): startAccept()
11-05 14:05:08.160 D/CompatibilityChangeReporter( 476): Compat change id reported: 135754954; UID 10046; state: DISABLED
11-05 14:05:08.161 D/CompatibilityChangeReporter( 476): Compat change id reported: 143937733; UID 10046; state: DISABLED
11-05 14:05:08.166 I/hq ( 1089): hq:::curl -X GET "https://ottdbui-tyapiqun7.yysh.mgtv.com/v1/agile/navList?rommodelnumber=40I2XonQAUU%3D&cpuserial=PlZpqfc1JpxOOZ0anAV38AcloAYinsDQ&pattern=4Beei9NZNdo%3D&rommodel=Pqlpla5YRarwmFg%2B5VG%2FRQ%3D%3D&sn=ia%2FaFKiHtUJo0HCvzs4gKS1PBA%2F2QVm5&lang=vT%2FCsDI%2Fr10%3D&brand=elfd%2FN0Mw6U%3D&theme=L%2B%2FPU%2FFQgEY%3D&vcode=o%2BppAkqptlQ%3D&vname=oql4Ml1tHJc%3D&license=Hs4jp68qr9I%3D&channel=TIQ8TWTDuwcufJjk0AcBhA%3D%3D&packagename=qzBdBNULiCmiu3CIMurjL7PIryC36aZ2YdCJzQtyjcQ%3D&romvercode=BhA8%2F38Giec%3D&romvername=UDOuEwwco6o%3D&network=IGYWVa9OT%2Bk%3D&deviceEid=uSuGjXxL1dquKF1QG%2BzuNgcKc1GMhNRjqypkEmW7WV4lQRKF1DwATA%3D%3D&mac=iP4TVZLko9UsEdSbENu6i8HfL7VxZFhy&userid=pctYUOG3RH0%3D"
11-05 14:05:08.171 D/BluetoothSdpJni( 670): sdpCreatePbapPseRecordNative
11-05 14:05:08.171 D/ObexServerSockets0( 670): Accepting socket connection...
11-05 14:05:08.171 D/ObexServerSockets0( 670): Accepting socket connection...
11-05 14:05:08.175 W/System.err( 1089): com.dangbei.leard.base.proider.error.ApiException: java.net.UnknownHostException: Unable to resolve host "ottdbui-tyapiqun7.yysh.mgtv.com": No address associated with hostname
11-05 14:05:08.175 W/System.err( 1089): at com.dangbei.leard.base.proider.error.ErrorExtKt.handleException(SourceFile:286)
11-05 14:05:08.175 W/System.err( 1089): at com.dangbei.leard.base.ext.FlowExtKt.runHttpTry2Data(SourceFile:224)
11-05 14:05:08.175 W/System.err( 1089): at com.dangbei.leard.base.ext.FlowExtKt$runHttpTry2Data$1.invokeSuspend(Unknown Source:15)
11-05 14:05:08.175 W/System.err( 1089): at kotlin.coroutines.jvm.internal.BaseContinuationImpl.resumeWith(SourceFile:12)
11-05 14:05:08.175 W/System.err( 1089): at kotlinx.coroutines.internal.ScopeCoroutine.afterResume(Unknown Source:6)
11-05 14:05:08.175 W/System.err( 1089): at kotlinx.coroutines.AbstractCoroutine.resumeWith(SourceFile:16)
11-05 14:05:08.175 W/System.err( 1089): at kotlin.coroutines.jvm.internal.BaseContinuationImpl.resumeWith(SourceFile:50)
11-05 14:05:08.175 W/System.err( 1089): at kotlinx.coroutines.DispatchedTask.run(SourceFile:105)
11-05 14:05:08.175 W/System.err( 1089): at kotlinx.coroutines.internal.LimitedDispatcher.run(SourceFile:13)
11-05 14:05:08.175 W/System.err( 1089): at kotlinx.coroutines.scheduling.TaskImpl.run(SourceFile:3)
11-05 14:05:08.175 W/System.err( 1089): at kotlinx.coroutines.scheduling.CoroutineScheduler.runSafely(SourceFile:1)
11-05 14:05:08.175 W/System.err( 1089): at kotlinx.coroutines.scheduling.CoroutineScheduler$Worker.executeTask(SourceFile:15)
11-05 14:05:08.178 I/bt_bta_dm( 670): system/bt/bta/dm/bta_dm_act.cc:3191 bta_dm_eir_update_uuid: EIR Adding UUID=0x112F into extended inquiry response
11-05 14:05:08.178 I/bt_bta_dm( 670): system/bt/bta/dm/bta_dm_act.cc:2890 bta_dm_set_eir: Generating extended inquiry response packet EIR
11-05 14:05:08.178 D/BluetoothSdpJni( 670): SDP Create record success - handle: 0
11-05 14:05:08.178 D/BluetoothPbapService( 670): created Sdp record, mSdpHandle=0
11-05 14:05:08.181 W/System.err( 1089): at kotlinx.coroutines.scheduling.CoroutineScheduler$Worker.runWorker(SourceFile:29)
11-05 14:05:08.181 W/System.err( 1089): at kotlinx.coroutines.scheduling.CoroutineScheduler$Worker.run(Unknown Source:0)
11-05 14:05:08.181 W/System.err( 1089): Caused by: java.net.UnknownHostException: Unable to resolve host "ottdbui-tyapiqun7.yysh.mgtv.com": No address associated with hostname
11-05 14:05:08.181 W/System.err( 1089): at java.net.Inet6AddressImpl.lookupHostByName(Inet6AddressImpl.java:124)
11-05 14:05:08.181 W/System.err( 1089): at java.net.Inet6AddressImpl.lookupAllHostAddr(Inet6AddressImpl.java:103)
11-05 14:05:08.181 W/System.err( 1089): at java.net.InetAddress.getAllByName(InetAddress.java:1152)
11-05 14:05:08.181 W/System.err( 1089): at okhttp3.Dns$Companion$DnsSystem.lookup(SourceFile:6)
11-05 14:05:08.181 W/System.err( 1089): at okhttp3.internal.connection.RouteSelector.resetNextInetSocketAddress(SourceFile:153)
11-05 14:05:08.181 W/System.err( 1089): at okhttp3.internal.connection.RouteSelector.nextProxy(SourceFile:21)
11-05 14:05:08.181 W/System.err( 1089): at okhttp3.internal.connection.RouteSelector.next(SourceFile:18)
11-05 14:05:08.181 W/System.err( 1089): at okhttp3.internal.connection.ExchangeFinder.findConnection(SourceFile:197)
11-05 14:05:08.181 W/System.err( 1089): at okhttp3.internal.connection.ExchangeFinder.findHealthyConnection(SourceFile:1)
11-05 14:05:08.181 W/System.err( 1089): at okhttp3.internal.connection.ExchangeFinder.find(SourceFile:52)
11-05 14:05:08.181 W/System.err( 1089): at okhttp3.internal.connection.RealCall.initExchange$okhttp(SourceFile:32)
11-05 14:05:08.181 W/System.err( 1089): at okhttp3.internal.connection.ConnectInterceptor.intercept(SourceFile:12)
11-05 14:05:08.181 W/System.err( 1089): at okhttp3.internal.http.RealInterceptorChain.proceed(SourceFile:155)
11-05 14:05:08.181 W/System.err( 1089): at okhttp3.internal.cache.CacheInterceptor.intercept(SourceFile:190)
11-05 14:05:08.181 W/System.err( 1089): at okhttp3.internal.http.RealInterceptorChain.proceed(SourceFile:155)
11-05 14:05:08.182 W/System.err( 1089): at okhttp3.internal.http.BridgeInterceptor.intercept(SourceFile:168)
11-05 14:05:08.182 W/System.err( 1089): at okhttp3.internal.http.RealInterceptorChain.proceed(SourceFile:155)
11-05 14:05:08.185 D/Zygote ( 242): Forked child process 1558
11-05 14:05:08.187 D/CompatibilityChangeReporter( 476): Compat change id reported: 135634846; UID 10018; state: DISABLED
11-05 14:05:08.187 D/CompatibilityChangeReporter( 476): Compat change id reported: 177438394; UID 10018; state: DISABLED
11-05 14:05:08.188 D/CompatibilityChangeReporter( 476): Compat change id reported: 135772972; UID 10018; state: DISABLED
11-05 14:05:08.188 D/CompatibilityChangeReporter( 476): Compat change id reported: 135754954; UID 10018; state: ENABLED
11-05 14:05:08.189 W/System.err( 1089): at okhttp3.internal.http.RetryAndFollowUpInterceptor.intercept(SourceFile:35)
11-05 14:05:08.189 W/System.err( 1089): at okhttp3.internal.http.RealInterceptorChain.proceed(SourceFile:155)
11-05 14:05:08.189 W/System.err( 1089): at com.monster.ok2curl.CurlInterceptor.intercept(SourceFile:26)
11-05 14:05:08.189 W/System.err( 1089): at okhttp3.internal.http.RealInterceptorChain.proceed(SourceFile:155)
11-05 14:05:08.189 W/System.err( 1089): at com.dangbei.leard.base.proider.net.interceptor.DomainSwitchInterceptor.intercept(SourceFile:72)
11-05 14:05:08.189 W/System.err( 1089): at okhttp3.internal.http.RealInterceptorChain.proceed(SourceFile:155)
11-05 14:05:08.190 W/System.err( 1089): at com.dangbei.leard.base.proider.net.interceptor.RequestSignAndEncryptInterceptor.intercept(SourceFile:240)
11-05 14:05:08.190 W/System.err( 1089): at okhttp3.internal.http.RealInterceptorChain.proceed(SourceFile:155)
11-05 14:05:08.190 W/System.err( 1089): at com.dangbei.leard.base.proider.net.interceptor.RequestExtraParamsInterceptor.intercept(SourceFile:241)
11-05 14:05:08.190 W/System.err( 1089): at okhttp3.internal.http.RealInterceptorChain.proceed(SourceFile:155)
11-05 14:05:08.190 W/System.err( 1089): at okhttp3.internal.connection.RealCall.getResponseWithInterceptorChain$okhttp(SourceFile:114)
11-05 14:05:08.190 W/System.err( 1089): at okhttp3.internal.connection.RealCall$AsyncCall.run(SourceFile:41)
11-05 14:05:08.190 W/System.err( 1089): at java.util.concurrent.ThreadPoolExecutor.runWorker(ThreadPoolExecutor.java:1167)
11-05 14:05:08.190 W/System.err( 1089): at java.util.concurrent.ThreadPoolExecutor$Worker.run(ThreadPoolExecutor.java:641)
11-05 14:05:08.190 W/System.err( 1089): at java.lang.Thread.run(Thread.java:920)
11-05 14:05:08.190 E/hq ( 1089): ErrorCoroutineExceptionHandler:::runTry error:java.net.UnknownHostException: Unable to resolve host "ottdbui-tyapiqun7.yysh.mgtv.com": No address associated with hostname from=requestAppBarData_loadData
11-05 14:05:08.195 I/ActivityManager( 476): Process com.android.tv.common (pid 1249) has died: cch+25 CEM
11-05 14:05:08.196 I/Zygote ( 1558): seccomp disabled by setenforce 0
11-05 14:05:08.198 I/libprocessgroup( 476): Successfully killed process cgroup uid 10057 pid 1249 in 3ms
11-05 14:05:08.209 D/AdapterProperties( 670): onBluetoothReady, state=TURNING_ON, ScanMode=20
11-05 14:05:08.211 D/BluetoothAdapterService( 670): updateUuids() - Updating UUIDs for bonded devices
11-05 14:05:08.212 I/BluetoothAdapterService( 670): initProfileServices: Initializing all bluetooth profile services
11-05 14:05:08.213 I/BluetoothA2dpSinkServiceJni( 670): classInitNative: succeeds
11-05 14:05:08.213 W/HeadsetClientService( 670): getHeadsetClientService(): service is null
11-05 14:05:08.213 W/MapClientService( 670): getMapClientService(): service is null
11-05 14:05:08.213 W/PbapClientService( 670): getPbapClientService(): service is null
11-05 14:05:08.213 W/HearingAidService( 670): getHearingAidService(): service is NULL
11-05 14:05:08.213 W/SapService( 670): getSapService(): service is null
11-05 14:05:08.215 I/AdapterState( 670): ON : entered
11-05 14:05:08.216 D/AdapterProperties( 670): Setting state to ON
11-05 14:05:08.217 D/BluetoothAdapterService( 670): updateAdapterState() - Broadcasting state ON to 1 receivers.
11-05 14:05:08.218 D/BluetoothManagerService( 476): MESSAGE_BLUETOOTH_STATE_CHANGE: TURNING_ON > ON
11-05 14:05:08.218 D/BluetoothManagerService( 476): Broadcasting onBluetoothStateChange(true) to 4 receivers.
11-05 14:05:08.218 D/BluetoothHeadset( 476): onBluetoothStateChange: up=true
11-05 14:05:08.218 D/BluetoothManagerService( 476): Creating new ProfileServiceConnections object for profile: 1
11-05 14:05:08.226 I/sd 0 ( 9): 0:0:0: [sda] 3907029168 512-byte logical blocks: (2.00 TB/1.82 TiB)
11-05 14:05:08.227 I/binder ( 17): undelivered transaction 24888, process died.
11-05 14:05:08.228 I/sd 0 ( 9): 0:0:0: [sda] Write Protect is off
11-05 14:05:08.228 D/sd 0 ( 9): 0:0:0: [sda] Mode Sense: 43 00 00 00
11-05 14:05:08.229 I/sd 0 ( 9): 0:0:0: [sda] Write cache: enabled, read cache: enabled, doesn't support DPO or FUA
11-05 14:05:08.225 D/XM_HIDREAD( 315): add@ add@/devices/virtual/bdi/8:0
11-05 14:05:08.234 I/adbd ( 394): jdwp connection from 1558
11-05 14:05:08.246 D/CompatibilityChangeReporter( 476): Compat change id reported: 168419799; UID 10024; state: DISABLED
11-05 14:05:08.262 W/ActivityManager( 476): Slow operation: 116ms so far, now at startProcess: done updating battery stats
11-05 14:05:08.263 W/ActivityManager( 476): Slow operation: 117ms so far, now at startProcess: building log message
11-05 14:05:08.263 I/ActivityManager( 476): app.processName = com.android.music
11-05 14:05:08.263 I/ActivityManager( 476): Start proc 1558:com.android.music/u0a46 for service {com.android.music/com.android.music.MediaPlaybackService}
11-05 14:05:08.263 W/ActivityManager( 476): Slow operation: 117ms so far, now at startProcess: starting to update pids map
11-05 14:05:08.263 W/ActivityManager( 476): Slow operation: 117ms so far, now at startProcess: done updating pids map
11-05 14:05:08.269 W/ActivityManager( 476): Slow operation: 94ms so far, now at startProcess: asking zygote to start proc
11-05 14:05:08.271 D/AdapterProperties( 670): Scan Mode:21
11-05 14:05:08.271 D/AdapterProperties( 670): Discoverable Timeout:120
11-05 14:05:08.272 D/CompatibilityChangeReporter( 476): Compat change id reported: 143937733; UID 10018; state: ENABLED
11-05 14:05:08.273 D/BluetoothManagerService( 476): Sending BLE State Change: TURNING_ON > ON
11-05 14:05:08.280 D/BluetoothManagerService( 476): Sending State Change: TURNING_ON > ON
11-05 14:05:08.289 D/ConnectivityService( 476): requestNetwork for uid/pid:1000/1089 activeRequest: null callbackRequest: 27 [NetworkRequest [ REQUEST id=28, [ Capabilities: INTERNET&NOT_RESTRICTED&TRUSTED&NOT_VCN_MANAGED Uid: 1000 RequestorUid: 1000 RequestorPkg: com.dangbei.leard.leradlauncher] ]] callback flags: 0 priority: 2147483647
11-05 14:05:08.291 D/ConnectivityService( 476): NetReassign [no changes]
11-05 14:05:08.293 D/Zygote ( 242): Forked child process 1592
11-05 14:05:08.296 D/AdapterProperties( 670): mLocalIOCapability set to 1
11-05 14:05:08.296 D/AdapterProperties( 670): mLocalIOCapabilityBLE set to 4
11-05 14:05:08.299 D/OsInitLaunch( 1089): send cache: launchAd, playAd, complete, null
11-05 14:05:08.300 E/Trigger ( 1089): ContinuousTrigger current:AdCallback next: null 队列name: launcer
11-05 14:05:08.300 E/Trigger ( 1089): ContinuousTrigger clear 队列name: launcer
11-05 14:05:08.300 I/Choreographer( 1089): Skipped 35 frames! The application may be doing too much work on its main thread.
11-05 14:05:08.302 D/Ethernet( 476): got request NetworkRequest [ REQUEST id=28, [ Capabilities: INTERNET&NOT_RESTRICTED&TRUSTED&NOT_VCN_MANAGED Uid: 1000 RequestorUid: 1000 RequestorPkg: com.dangbei.leard.leradlauncher] ]
11-05 14:05:08.303 D/PPPOE ( 476): got request NetworkRequest [ REQUEST id=28, [ Capabilities: INTERNET&NOT_RESTRICTED&TRUSTED&NOT_VCN_MANAGED Uid: 1000 RequestorUid: 1000 RequestorPkg: com.dangbei.leard.leradlauncher] ]
11-05 14:05:08.305 W/ActivityManager( 476): Slow operation: 130ms so far, now at startProcess: returned from zygote!
11-05 14:05:08.310 W/OverlayManager( 476): service 'idmap' died
11-05 14:05:08.313 I/Zygote ( 1592): seccomp disabled by setenforce 0
11-05 14:05:08.315 D/EthernetNetworkFactory( 476): acceptRequest, request: NetworkRequest [ REQUEST id=28, [ Capabilities: INTERNET&NOT_RESTRICTED&TRUSTED&NOT_VCN_MANAGED Uid: 1000 RequestorUid: 1000 RequestorPkg: com.dangbei.leard.leradlauncher] ]
11-05 14:05:08.316 I/EthernetNetworkFactory( 476): networkForRequest, request: NetworkRequest [ REQUEST id=28, [ Capabilities: INTERNET&NOT_RESTRICTED&TRUSTED&NOT_VCN_MANAGED Uid: 1000 RequestorUid: 1000 RequestorPkg: com.dangbei.leard.leradlauncher] ], network: null
11-05 14:05:08.319 D/CompatibilityChangeReporter( 1528): Compat change id reported: 171979766; UID 10024; state: DISABLED
11-05 14:05:08.339 D/BluetoothActiveDeviceManager( 670): handleMessage(MESSAGE_ADAPTER_ACTION_STATE_CHANGED): newState=12
11-05 14:05:08.343 I/BackupManagerService( 476): [UserID:0] Found 6 stale backup journal(s), scheduling.
11-05 14:05:08.341 E/ccc ( 1047): cccccc etnaService addListener com.dangbei.lerad.etna.aidl.IEtnaAidlListener$Stub$Proxy@eb05c83 com.dangbei.leard.leradlauncher
11-05 14:05:08.344 E/hq ( 1089): Etna:::etnaClient connectState=true
11-05 14:05:08.344 E/getHdmiStatus( 1089): sourceInputStatus=null mEtnaAdapter=com.dangbei.launcher.etna.EtnaAdapter@f43316f
11-05 14:05:08.345 E/hq ( 1089): USBReceiver:::USBReceiver onReceive: action=android.intent.action.MEDIA_MOUNTED
11-05 14:05:08.345 E/hq ( 1089): USBReceiver:::USBReceiver onReceive: action=android.intent.action.MEDIA_MOUNTED
11-05 14:05:08.355 I/BackupManagerService( 476): [UserID:0] Stale backup journals: Scheduled 7 package(s) total
11-05 14:05:08.357 I/adbd ( 394): jdwp connection from 1592
11-05 14:05:08.367 W/ActivityManager( 476): Slow operation: 192ms so far, now at startProcess: done updating battery stats
11-05 14:05:08.367 W/ActivityManager( 476): Slow operation: 192ms so far, now at startProcess: building log message
11-05 14:05:08.367 I/ActivityManager( 476): app.processName = android.process.acore
11-05 14:05:08.367 I/ActivityManager( 476): Start proc 1592:android.process.acore/u0a18 for content provider {com.android.providers.contacts/com.android.providers.contacts.ContactsProvider2}
11-05 14:05:08.367 W/ActivityManager( 476): Slow operation: 192ms so far, now at startProcess: starting to update pids map
11-05 14:05:08.376 D/BluetoothHeadset( 476): Proxy object connected
11-05 14:05:08.377 W/ActivityManager( 476): Slow operation: 202ms so far, now at startProcess: done updating pids map
11-05 14:05:08.379 V/MediaProvider( 1024): onConfigure() for internal.db
11-05 14:05:08.390 I/AS.BtHelper( 476): setBtScoActiveDevice: (null) -> (null)
11-05 14:05:08.399 D/SystemUIBootTiming( 683): SystemUIService: bootcomplete com.android.systemui.power.PowerUI took 372 ms
11-05 14:05:08.409 D/SystemUIService( 683): loading: com.android.systemui.media.RingtonePlayer
11-05 14:05:08.410 D/SystemUIService( 683): running: com.android.systemui.media.RingtonePlayer@798d77b
11-05 14:05:08.421 D/SystemUIBootTiming( 683): SystemUIService: bootcomplete com.android.systemui.media.RingtonePlayer took 12 ms
11-05 14:05:08.423 D/SystemUIService( 683): loading: com.android.systemui.keyboard.KeyboardUI
11-05 14:05:08.424 D/SystemUIService( 683): running: com.android.systemui.keyboard.KeyboardUI@50275f1
11-05 14:05:08.425 V/MediaProvider( 1024): onOpen() for internal.db
11-05 14:05:08.426 V/MediaProvider( 1024): onOpen() finished for internal.db
