11-05 14:05:18.324 I/MultiDex( 2611): VM with version 2.1.0 has multidex support
11-05 14:05:18.324 I/MultiDex( 2611): Installing application
11-05 14:05:18.324 I/MultiDex( 2611): VM has multidex support, MultiDex support library is disabled.
11-05 14:05:18.326 I/hq ( 1089): hq:::curl -X POST -H "Content-Type:application/x-www-form-urlencoded" -d 'rommodelnumber=40I2XonQAUU%3D&cpuserial=PlZpqfc1JpxOOZ0anAV38AcloAYinsDQ&pattern=4Beei9NZNdo%3D&rommodel=Pqlpla5YRarwmFg%2B5VG%2FRQ%3D%3D&sn=ia%2FaFKiHtUJo0HCvzs4gKS1PBA%2F2QVm5&lang=vT%2FCsDI%2Fr10%3D&brand=elfd%2FN0Mw6U%3D&theme=L%2B%2FPU%2FFQgEY%3D&vcode=o%2BppAkqptlQ%3D&vname=oql4Ml1tHJc%3D&license=Hs4jp68qr9I%3D&channel=TIQ8TWTDuwcufJjk0AcBhA%3D%3D&packagename=qzBdBNULiCmiu3CIMurjL7PIryC36aZ2YdCJzQtyjcQ%3D&romvercode=BhA8%2F38Giec%3D&romvername=UDOuEwwco6o%3D&network=4Beei9NZNdo%3D&deviceEid=uSuGjXxL1dquKF1QG%2BzuNgcKc1GMhNRjqypkEmW7WV4lQRKF1DwATA%3D%3D&mac=iP4TVZLko9UsEdSbENu6i8HfL7VxZFhy&userid=pctYUOG3RH0%3D' "https://ottdbui-tyapiqun7.yysh.mgtv.com/v1/message/getpopmsgId"
11-05 14:05:18.350 I/TDLog ( 2389): TalkingData App Analytics SDK init...
11-05 14:05:18.350 I/TDLog ( 2389): SDK_VERSION is: Android+TD+V4.0.22 gp Type:Native Build_Num:712
11-05 14:05:18.350 I/TDLog ( 2389): App ID is: 219DEBE67C3B47D799EED1190DEACA09
11-05 14:05:18.350 I/TDLog ( 2389): App Channel is: statisticSDK
11-05 14:05:18.350 I/TDLog ( 2389): SDK_OVC is: TDOVC+a004ba0d7e569531a3ac013fd19b4443+SaaS
11-05 14:05:18.460 D/CompatibilityChangeReporter( 476): Compat change id reported: 149924527; UID 10054; state: ENABLED
11-05 14:05:18.464 D/CompatibilityChangeReporter( 476): Compat change id reported: 132649864; UID 10054; state: DISABLED
11-05 14:05:18.478 I/hq ( 1089): hq:::tag=requestMessageDialog 请求结果={"code":0,"data":null,"message":"success"}
11-05 14:05:18.478 W/System.err( 1089): com.dangbei.leard.base.proider.error.EmptyApiException: 数据为空 from=requestMessageDialog
11-05 14:05:18.493 W/System.err( 1089): at com.dangbei.leard.base.ext.FlowExtKt.runHttpTry2Data(SourceFile:158)
11-05 14:05:18.493 W/System.err( 1089): at com.dangbei.leard.base.ext.FlowExtKt$runHttpTry2Data$1.invokeSuspend(Unknown Source:15)
11-05 14:05:18.493 W/System.err( 1089): at kotlin.coroutines.jvm.internal.BaseContinuationImpl.resumeWith(SourceFile:12)
11-05 14:05:18.493 W/System.err( 1089): at kotlinx.coroutines.internal.ScopeCoroutine.afterResume(Unknown Source:6)
11-05 14:05:18.493 W/System.err( 1089): at kotlinx.coroutines.AbstractCoroutine.resumeWith(SourceFile:16)
11-05 14:05:18.493 W/System.err( 1089): at kotlin.coroutines.jvm.internal.BaseContinuationImpl.resumeWith(SourceFile:50)
11-05 14:05:18.493 W/System.err( 1089): at kotlinx.coroutines.DispatchedTask.run(SourceFile:119)
11-05 14:05:18.493 W/System.err( 1089): at kotlinx.coroutines.internal.LimitedDispatcher.run(SourceFile:13)
11-05 14:05:18.493 W/System.err( 1089): at kotlinx.coroutines.scheduling.TaskImpl.run(SourceFile:3)
11-05 14:05:18.493 W/System.err( 1089): at kotlinx.coroutines.scheduling.CoroutineScheduler.runSafely(SourceFile:1)
11-05 14:05:18.495 W/System.err( 1089): at kotlinx.coroutines.scheduling.CoroutineScheduler$Worker.executeTask(SourceFile:15)
11-05 14:05:18.496 W/System.err( 1089): at kotlinx.coroutines.scheduling.CoroutineScheduler$Worker.runWorker(SourceFile:29)
11-05 14:05:18.496 W/System.err( 1089): at kotlinx.coroutines.scheduling.CoroutineScheduler$Worker.run(Unknown Source:0)
11-05 14:05:18.496 E/hq ( 1089): ErrorCoroutineExceptionHandler:::runTry error:com.dangbei.leard.base.proider.error.EmptyApiException: 数据为空 from=requestMessageDialog from=requestMessageDialog
11-05 14:05:18.505 E/WifiHAL ( 662): wifi_get_link_stats: requestResponse Error:-5
11-05 14:05:18.507 E/WifiVendorHal( 476): getWifiLinkLayerStats_1_5_Internal(l.1191) failed {.code = ERROR_INVALID_ARGS, .description = }
11-05 14:05:18.548 I/WifiService( 476): startScan uid=10024
11-05 14:05:18.571 I/MultiDex( 2611): Installing application
11-05 14:05:18.571 I/MultiDex( 2611): VM has multidex support, MultiDex support library is disabled.
11-05 14:05:18.573 W/.filemanager.o( 2611): Accessing hidden field Landroid/app/ActivityThread;->mHiddenApiWarningShown:Z (max-target-o, reflection, denied)
11-05 14:05:18.574 W/System.err( 2611): java.lang.NoSuchFieldException: No field mHiddenApiWarningShown in class Landroid/app/ActivityThread; (declaration of 'android.app.ActivityThread' appears in /system/framework/framework.jar)
11-05 14:05:18.574 W/System.err( 2611): at java.lang.Class.getDeclaredField(Native Method)
11-05 14:05:18.574 W/System.err( 2611): at com.dangbei.lerad.filemanager.application.App.disableAPIDialog(App.java:166)
11-05 14:05:18.574 W/System.err( 2611): at com.dangbei.lerad.filemanager.application.App.onCreate(App.java:95)
11-05 14:05:18.574 W/System.err( 2611): at android.app.Instrumentation.callApplicationOnCreate(Instrumentation.java:1211)
11-05 14:05:18.574 W/System.err( 2611): at android.app.ActivityThread.handleBindApplication(ActivityThread.java:6740)
11-05 14:05:18.574 W/System.err( 2611): at android.app.ActivityThread.access$1500(ActivityThread.java:247)
11-05 14:05:18.575 W/System.err( 2611): at android.app.ActivityThread$H.handleMessage(ActivityThread.java:2053)
11-05 14:05:18.575 W/System.err( 2611): at android.os.Handler.dispatchMessage(Handler.java:106)
11-05 14:05:18.575 W/System.err( 2611): at android.os.Looper.loopOnce(Looper.java:201)
11-05 14:05:18.575 W/System.err( 2611): at android.os.Looper.loop(Looper.java:288)
11-05 14:05:18.575 W/System.err( 2611): at android.app.ActivityThread.main(ActivityThread.java:7854)
11-05 14:05:18.575 W/System.err( 2611): at java.lang.reflect.Method.invoke(Native Method)
11-05 14:05:18.575 W/System.err( 2611): at com.android.internal.os.RuntimeInit$MethodAndArgsCaller.run(RuntimeInit.java:548)
11-05 14:05:18.575 W/System.err( 2611): at com.android.internal.os.ZygoteInit.main(ZygoteInit.java:1182)
11-05 14:05:18.586 I/hq ( 1089): hq:::tag=requestNavData_3978_14229 请求结果={"code":0,"data":{"cacheTime":0,"list":[{"img":"","items":[{"desc":"【第14集起大会员专享】主角秦牧,幼时被一女尸托举至涌江边并被司婆婆捡到,村长根据玉佩上的字为其取名为“秦牧”。被一只母牛哺乳长大,是天生凡体,但被村长骗为霸体,修炼霸体三丹功。后走出大墟闯荡,进入京城,拜入太学院。历经考验成为天魔教教主,并被延康国封为第一任太学博士。秦牧在延康国叛乱之战中引来魔神,掀起浩荡风云,后随武可汗入楼兰黄金宫,一个人打遍圣宫无敌手,麻翻无数大巫,盗走无数珍宝。后返回延康,助国师平叛、入京城斩杀太子、造射日神炮。秦牧得人皇传承成为新一代人皇。机缘巧合下遇到了亲生父亲,揭开了自己的身世,借助道门小玉京等人的帮助,开启了道法神通改革的大世。一步步逐渐成长,作为延康变法三杰之一,为芸芸众生而战。","focusPic":"","jumpConfig":{"appInfo":{"kw":"6884","packageName":null,"type":"appid"},"limitVipId":null,"link":null,"mParameter":null,"param":{"actionObject":{"actionString":"","actionUri":"yst://com.xiaodianshi.tv.yst?epId=&from=dangbeios&fullscreen=1&isBangumi=1&out=1&resource=1186780018&seasonId=45969&stay=1&type=3&zoneId=38","componentString":null},"appName":null,"args":[],"category":[],"flags":268435488,"intentType":2,"packageName":"com.xiaodianshi.tv.yst","startType":0,"versionCode":null},"source":null,"type":1},"pic":"https://zmimg.dangbei.net/operatecenter/20250515/zj98qi7gsg9qg.png","statistics":{"params":[{"key":"content_type","val":"0"},{"key":"content_source","val":"2"}],"switch":1},"subTitle":"","title":"牧神记"},{"desc":"这是一个由人们的信赖造就英雄的世界,而获得最多信赖的英雄被誉为——X。在这个世界里,人们的信赖是可以被数据统计出来的,并且这些数值会反映在每个人的手腕上。只要获得足够多的信赖值,普通人也能拥有超能力,成为拯救世界的超级英雄。然而,持续变化的信赖值让英雄之路充满未知……","focusPic":"","jumpConfig":{"appInfo":{"kw":"6884","packageName":null,"type":"appid"},"limitVipId":null,"link":null,"mParameter":null,"param":{"actionObject":{"actionString":"","actionUri":"yst://com.xiaodianshi.tv.yst?epId=&from=dangbeios&fullscreen=1&isBangumi=1&out=1&resource=1186780018&seasonId=43554&stay=1&type=3&zoneId=38","componentString":null},"appName":null,"args":[],"category":[],"flags":268435488,"intentType":2,"packageName":"com.xiaodianshi.tv.yst","startType":0,"versionCode":null},"source":null,"type":1},"pic":"https://zmimg.dangbei.net/operatecenter/20250417/fvmbq8s4864az.png","statistics":{"params":[{"key":"content_type","val":"0"},{"key":"content_source","val":"2"}],"switch":1},"subTitle":"","title":"凸变英雄X"},{"desc":"看机智的凡人小子韩立如何稳健发展、步步为营,战魔道、夺至宝、驰骋星海、快意恩仇,成为纵横三界的强者。他日仙界重相逢,一声道友尽沧桑。","focusPic":"","jumpConfig":{"appInfo":{"kw":"6884","packageName":null,"type":"appid"},"limitVipId":null,"link":null,"mParameter":null,"param":{"actionObject":{"actionString":"","actionUri":"yst://com.xiaodianshi.tv.yst?epId=&from=dangbeios&fullscreen=1&isBangumi=1&out=1&resource=1186780018&seasonId=28747&stay=1&type=3&zoneId=38","componentString":null},"appName":null,"args":[],"category":[],"flags":268435488,"intentType":2,"packageName":"com.xiaodianshi.tv.yst","startType":0,"versionCode":null},"source":null,"type":1},"pic":"https://zmimg.dangbei.net/operatecenter/20240829/fmziauwc0h63l.png","statistics":{"params":[{"key":"content_type","val":"0"},{"key":"content_source","val":"2"}],"switch":1},"subTitle":"","title":"凡人修仙传"},{"desc":"为应对即将入侵地球的三体人,航天博士程心主持了对三体舰队主动侦查的阶梯计划,将身患绝症的云天明捐赠的大脑送
11-05 14:05:18.588 E/ActivityThread( 2611): Failed to find provider info for lerad.provider.etna
11-05 14:05:18.601 I/hq ( 1089): hq:::curl -X GET "https://ottdbui-tyapiqun7.yysh.mgtv.com/v1/agile/navData?id=06IsZd1IQ9o%3D&pageId=nCx4Hb0sEYU%3D&type=ekxwP%2B5a0j0%3D&rommodelnumber=40I2XonQAUU%3D&cpuserial=PlZpqfc1JpxOOZ0anAV38AcloAYinsDQ&pattern=4Beei9NZNdo%3D&rommodel=Pqlpla5YRarwmFg%2B5VG%2FRQ%3D%3D&sn=ia%2FaFKiHtUJo0HCvzs4gKS1PBA%2F2QVm5&lang=vT%2FCsDI%2Fr10%3D&brand=elfd%2FN0Mw6U%3D&theme=L%2B%2FPU%2FFQgEY%3D&vcode=o%2BppAkqptlQ%3D&vname=oql4Ml1tHJc%3D&license=Hs4jp68qr9I%3D&channel=TIQ8TWTDuwcufJjk0AcBhA%3D%3D&packagename=qzBdBNULiCmiu3CIMurjL7PIryC36aZ2YdCJzQtyjcQ%3D&romvercode=BhA8%2F38Giec%3D&romvername=UDOuEwwco6o%3D&network=4Beei9NZNdo%3D&deviceEid=uSuGjXxL1dquKF1QG%2BzuNgcKc1GMhNRjqypkEmW7WV4lQRKF1DwATA%3D%3D&mac=iP4TVZLko9UsEdSbENu6i8HfL7VxZFhy&userid=pctYUOG3RH0%3D"
11-05 14:05:18.602 I/WifiService( 476): startScan uid=1000
11-05 14:05:18.617 D/USBReceiver( 2611): usb > onReceive: action = android.intent.action.MEDIA_MOUNTED
11-05 14:05:18.620 I/ActivityManager( 476): Killing 1388:com.android.localtransport/1000 (adj 985): empty #17
11-05 14:05:18.642 I/ActivityManager( 476): com.oranth.usbopenft is exempt from freezer
11-05 14:05:18.642 D/CompatibilityChangeReporter( 476): Compat change id reported: 135634846; UID 1000; state: DISABLED
11-05 14:05:18.660 D/Zygote ( 242): Forked child process 2661
11-05 14:05:18.661 I/Zygote ( 242): Process 1388 exited due to signal 9 (Killed)
11-05 14:05:18.662 I/ActivityManager( 476): app.processName = com.oranth.usbopenft
11-05 14:05:18.662 I/ActivityManager( 476): Start proc 2661:com.oranth.usbopenft/1000 for broadcast {com.oranth.usbopenft/com.oranth.usbopenft.UsbReceiver}
11-05 14:05:18.665 I/libprocessgroup( 476): Successfully killed process cgroup uid 1000 pid 1388 in 44ms
11-05 14:05:18.668 I/Zygote ( 2661): seccomp disabled by setenforce 0
11-05 14:05:18.688 I/adbd ( 394): jdwp connection from 2661
11-05 14:05:18.711 D/CompatibilityChangeReporter( 2661): Compat change id reported: 171979766; UID 1000; state: ENABLED
11-05 14:05:18.748 V/GraphicsEnvironment( 2661): ANGLE Developer option for 'com.oranth.usbopenft' set to: 'default'
11-05 14:05:18.749 V/GraphicsEnvironment( 2661): Neither updatable production driver nor prerelease driver is supported.
11-05 14:05:18.750 D/NetworkSecurityConfig( 2661): No Network Security Config specified, using platform default
11-05 14:05:18.751 D/NetworkSecurityConfig( 2661): No Network Security Config specified, using platform default
11-05 14:05:18.761 I/hq ( 1089): hq:::tag=requestNavData_4087_14549 请求结果={"code":0,"data":{"cacheTime":0,"list":[{"img":"","items":[{"desc":"楚瑜的父亲战死沙场,身负重伤的兄长向她透露此中之事绝不简单,她立誓定要将真相查明。卫家在一场战役中遭遇惨败,卫家仅小儿子卫韫一人存活。楚瑜嫁入卫家,以已逝大哥遗孀的身份展开调查,起初卫韫心怀戒备,在之后的相处中被楚瑜所打动。楚瑜卫韫在此过程中几经生死、情愫渐生。他们历经生死考验,共同抵御外敌,深入调查真相,携手守护大好山河。","focusPic":"","jumpConfig":{"appInfo":{"kw":"7842","packageName":null,"type":"appid"},"limitVipId":null,"link":null,"mParameter":null,"param":{"actionObject":{"actionString":"com.tencent.qqlivetv.open","actionUri":"tenvideo2://?pull_from=101000&action=1&cover_id=mzc00200ado86os&stay_flag=0&home_flag=0&is_child_mode=1","componentString":null},"appName":null,"args":[],"category":[],"flags":0,"intentType":2,"packageName":"com.ktcp.video","startType":0,"versionCode":null},"source":"7","type":1},"pic":"https://zmimg.dangbei.net/operatecenter/20251031/p58uht31jymcg.png","statistics":{"params":[{"key":"content_type","val":"0"},{"key":"content_source","val":"2"}],"switch":1},"subTitle":"","title":"山河枕"},{"desc":"“一桩没有尸体的凶案,一场没有终点的逃亡……”一年前,北方小城“晨苍”发生了一起仇杀案,凶手秦虹潜逃。一年后,警方在南方“发现”秦虹时,秦虹已被男友抛尸大海,尸骨无存。这是一起人证、物证俱全,凶手甚至已经交代犯罪事实的案件,可消失无踪的尸体让主管刑警刘望惴惴不安。“秦虹真的死了吗?”","focusPic":"","jumpConfig":{"appInfo":{"kw":"7842","packageName":null,"type":"appid"},"limitVipId":null,"link":null,"mParameter":null,"param":{"actionObject":{"actionString":"com.tencent.qqlivetv.open","actionUri":"tenvideo2://?pull_from=101000&action=1&cover_id=mzc002007rwdiz4&stay_flag=0&home_flag=0&is_child_mode=1","componentString":null},"appName":null,"args":[],"category":[],"flags":0,"intentType":2,"packageName":"com.ktcp.video","startType":0,"versionCode":null},"source":"7","type":1},"pic":"https://zmimg.dangbei.net/operatecenter/20251024/gq3p0q10gamf8.png","statistics":{"params":[{"key":"content_type","val":"0"},{"key":"content_source","val":"2"}],"switch":1},"subTitle":"","title":"重影"},{"desc":"当红主播许妍和都市精英沈皓明是一对人人艳羡的夫妻,看似十分般配的两人,由于出生环境的差异,始终难以融入对方的圈层。许妍靠着光鲜的主持人身份和“精心装点”的身世顺利和沈皓明步入婚姻,而这一切尽在沈皓明的掌握下。冲突来临,许妍脱离沈皓明的掌控一去不回头。沈皓明却发现自己早已陷入爱情,想要全力追回许妍。经历种种,两人终于撕掉外表的伪装,重新靠近,会见彼此的内在,也重新认识自己。","focusPic":"","jumpConfig":{"appInfo":{"kw":"7842","packageName":null,"type":"appid"},"limitVipId":null,"link":null,"mParameter":null,"param":{"actionObject":{"actionString":"com.tencent.qqlivetv.open","actionUri":"tenvideo2://?pull_from=101000&action=1&cover_id=mzc00200f19q8q5&stay_flag=0&home_flag=0&is_child_mode=1","componentString":null},"appName":null,"args":[],"category":[],"flags":0,"intentType":2,"packageName":"com.ktcp.video","startType":0,"versionCode":null},"source":"7","type":1},"pic":"https://zmimg.dangbei.net/operatecenter/20250926/2ectrrwplyzto.png","statistics":{"params":[{"key":"content_type","val":"0"},{"key":"content_source","val":"2"}],"switch":1},"subTitle":"","title":"许我耀眼"},{"desc":"该剧讲述了一名酷爱武侠小说却被现实磨平棱角的咸鱼肖明明,以小说男主角萧秋水的视角游历了一次武林世界,从武力低微、热血冲动的少年剑客,最终成长为有情有义、守护家国的大侠的故事。此后肖明明在工作之余也不忘创
11-05 14:05:18.762 D/ExternalStorage( 2577): After updating volumes, found 2 active roots
11-05 14:05:18.773 I/ActivityManager( 476): Killing 1734:com.android.dynsystem/1000 (adj 985): empty #17
11-05 14:05:18.781 I/hq ( 1089): hq:::tag=requestGlobalConfigurationFromNet 请求结果={"code":0,"data":{"adForceEnterHomeTime":"25","children_apps":[""],"dayTimeStamp":1762272000,"detail_mango_player_logo":"http://ottdbui-zmimg.yysh.mgtv.com/tyos/2020-04-09/5e8ed3f8160a8.png!999","detail_mango_player_vip_logo":"http://ottdbui-zmimg.yysh.mgtv.com/tyos/2020-04-09/5e8ed41459520.png!999","detail_player_bg":"","detail_player_clarity_pic":"http://ottdbui-zmimg.yysh.mgtv.com/tyos/2019-07-15/5d2c164d75a58.png!999","detail_player_clarity_vip_pic":"http://ottdbui-zmimg.yysh.mgtv.com/tyos/2019-07-15/5d2c16563c99d.png!999","detail_player_logo":"http://ottdbui-zmimg.yysh.mgtv.com/tyos/2022-05-24/628c46b9cf338.png!999","detail_player_vip_logo":"http://ottdbui-zmimg.yysh.mgtv.com/tyos/2022-05-24/628c4ac9a345b.png!999","find_remote_pic_full":"http://ottdbui-zmimg.yysh.mgtv.com/tyos/2020-11-27/5fc0b61b44bb6.png!999","find_remote_pic":"http://ottdbui-zmimg.yysh.mgtv.com/tyos/2019-11-29/5de0cd455337c.png!999","finishtaskRequestGap":"60000","home_nav_focus_end_color":"","home_nav_focus_end_color_black":"","home_nav_focus_start_color":"","home_nav_focus_start_color_black":"","home_bg_dark":"","home_bg_light":"","home_right_logo":"http://ottdbui-zmimg.yysh.mgtv.com/tyos/2021-08-11/611328711de6b.png!999","hq_home_right_logo":"http://ottdbui-zmimg.yysh.mgtv.com/tyos/2022-02-16/620ca19258f79.png!999","img_host":["http://ottdbui-zmimg.yysh.mgtv.com","http://zmimg.qun7.com","http://tyimg2.qun7.com","http://tyimg3.qun7.com"],"appInstallOsContentAppId":"8873","appInstallOsPartAppId":"8903","report_pic":"http://ottdbui-zmimg.yysh.mgtv.com/tyos/2025-07-30/6889d4a26d122.png!999","silence_white":"com.dangbei.leard.leradlauncher.b2,com.dangbeimarket,com.tv.kuaisou,com.dangbei.tvlauncher,com.lab.mythlauncher.dbqzm,com.dbappstore.lite","showAd":"1","tx_game_jump":null,"useFullScreenPlayer":"1","userStatusRequestGap":"60"},"message":"success"}
11-05 14:05:18.784 D/DiskReceiver( 822): Scanning volume: VolumeInfo{emulated;0}:
11-05 14:05:18.784 D/DiskReceiver( 822): type=EMULATED diskId=null partGuid= mountFlags=PRIMARY|VISIBLE
11-05 14:05:18.784 D/DiskReceiver( 822): mountUserId=0 state=MOUNTED
11-05 14:05:18.784 D/DiskReceiver( 822): fsType=null fsUuid=null fsLabel=null
11-05 14:05:18.784 D/DiskReceiver( 822): path=/storage/emulated internalPath=/data/media
11-05 14:05:18.789 D/USBReceiver( 2611): usb > onReceive: action = android.intent.action.MEDIA_MOUNTED
11-05 14:05:18.817 I/libprocessgroup( 476): Successfully killed process cgroup uid 1000 pid 1734 in 43ms
11-05 14:05:18.820 I/Zygote ( 242): Process 1734 exited due to signal 9 (Killed)
11-05 14:05:18.836 W/BroadcastQueue( 476): Background execution not allowed: receiving Intent { act=android.bluetooth.adapter.action.STATE_CHANGED flg=0x4000010 (has extras) } to com.dangbei.lerad.etna.haqu/com.dangbei.remotecontroller.RemoteControllerReceiver
11-05 14:05:18.842 D/ExternalStorage( 2577): After updating volumes, found 2 active roots
11-05 14:05:18.849 E/DiskReceiver( 822): Missing fsUuid, not launching activity.
11-05 14:05:18.854 D/ExternalStorage( 2577): After updating volumes, found 2 active roots
11-05 14:05:18.865 D/DiskReceiver( 822): Scanning volume: VolumeInfo{public:8,1}:
11-05 14:05:18.865 D/DiskReceiver( 822): type=PUBLIC diskId=disk:8,0 partGuid= mountFlags=VISIBLE mountUserId=0
11-05 14:05:18.865 D/DiskReceiver( 822): state=MOUNTED
11-05 14:05:18.865 D/DiskReceiver( 822): fsType=ntfs fsUuid=02E24445E2443EE3 fsLabel=meida
11-05 14:05:18.865 D/DiskReceiver( 822): path=/storage/02E24445E2443EE3 internalPath=/mnt/media_rw/02E24445E2443EE3
11-05 14:05:18.869 D/USBReceiver( 2611): usb > onReceive: action = android.intent.action.MEDIA_MOUNTED
11-05 14:05:18.871 W/.filemanager.o( 2611): Accessing hidden method Landroid/os/storage/VolumeInfo;->getDescriptionComparator()Ljava/util/Comparator; (max-target-o, reflection, denied)
11-05 14:05:18.874 W/System.err( 2611): java.lang.NoSuchMethodException: android.os.storage.VolumeInfo.getDescriptionComparator []
11-05 14:05:18.874 W/System.err( 2611): at java.lang.Class.getMethod(Class.java:2103)
11-05 14:05:18.874 W/System.err( 2611): at java.lang.Class.getMethod(Class.java:1724)
11-05 14:05:18.874 W/System.err( 2611): at com.monster.godzilla.utlis.FileManagerSdcardUtils.getAllSDPath(FileManagerSdcardUtils.java:126)
11-05 14:05:18.874 W/System.err( 2611): at com.dangbei.lerad.filemanager.receives.USBReceiver.onReceive(USBReceiver.java:43)
11-05 14:05:18.874 W/System.err( 2611): at android.app.ActivityThread.handleReceiver(ActivityThread.java:4308)
11-05 14:05:18.874 W/System.err( 2611): at android.app.ActivityThread.access$1600(ActivityThread.java:247)
11-05 14:05:18.874 W/System.err( 2611): at android.app.ActivityThread$H.handleMessage(ActivityThread.java:2064)
11-05 14:05:18.874 W/System.err( 2611): at android.os.Handler.dispatchMessage(Handler.java:106)
11-05 14:05:18.874 W/System.err( 2611): at android.os.Looper.loopOnce(Looper.java:201)
11-05 14:05:18.874 W/System.err( 2611): at android.os.Looper.loop(Looper.java:288)
11-05 14:05:18.874 W/System.err( 2611): at android.app.ActivityThread.main(ActivityThread.java:7854)
11-05 14:05:18.874 W/System.err( 2611): at java.lang.reflect.Method.invoke(Native Method)
11-05 14:05:18.875 W/System.err( 2611): at com.android.internal.os.RuntimeInit$MethodAndArgsCaller.run(RuntimeInit.java:548)
11-05 14:05:18.875 W/System.err( 2611): at com.android.internal.os.ZygoteInit.main(ZygoteInit.java:1182)
11-05 14:05:18.900 I/mount ( 2683): type=1400 audit(0.0:1162): avc: denied { getattr } for path="/metadata" dev="mmcblk0p19" ino=2 scontext=u:r:untrusted_app_29:s0:c54,c256,c512,c768 tcontext=u:object_r:metadata_file:s0 tclass=dir permissive=1 app=com.tv.filemanager.os
11-05 14:05:18.904 I/mount ( 2683): type=1400 audit(0.0:1163): avc: denied { getattr } for path="/linkerconfig" dev="tmpfs" ino=3582 scontext=u:r:untrusted_app_29:s0:c54,c256,c512,c768 tcontext=u:object_r:linkerconfig_file:s0 tclass=dir permissive=1 app=com.tv.filemanager.os
11-05 14:05:18.904 I/mount ( 2683): type=1400 audit(0.0:1164): avc: denied { getattr } for path="/data_mirror" dev="tmpfs" ino=5954 scontext=u:r:untrusted_app_29:s0:c54,c256,c512,c768 tcontext=u:object_r:mirror_data_file:s0 tclass=dir permissive=1 app=com.tv.filemanager.os
11-05 14:05:18.908 I/mount ( 2683): type=1400 audit(0.0:1165): avc: denied { search } for name="block" dev="tmpfs" ino=3221 scontext=u:r:untrusted_app_29:s0:c54,c256,c512,c768 tcontext=u:object_r:block_device:s0 tclass=dir permissive=1 app=com.tv.filemanager.os
11-05 14:05:18.922 W/audit ( 2279): audit_lost=704 audit_rate_limit=5 audit_backlog_limit=64
11-05 14:05:18.922 E/audit ( 2279): rate limit exceeded
11-05 14:05:18.929 D/sss ( 2611): 发现USB设备------------------>>2>/storage/02E24445E2443EE3
11-05 14:05:18.930 D/USBReceiver( 2611): onReceive: rootPaths size = 1
11-05 14:05:18.989 I/d.leradlaunche( 1089): Background concurrent copying GC freed 272776(9577KB) AllocSpace objects, 88(7440KB) LOS objects, 49% free, 8998KB/17MB, paused 344us total 225.289ms
11-05 14:05:19.009 W/IorapForwardingService( 476): No service published for: iorapd
11-05 14:05:19.010 D/USBDialogUtils( 2611): show >>>
11-05 14:05:19.052 D/CompatibilityChangeReporter( 476): Compat change id reported: 158002302; UID 1000; state: ENABLED
11-05 14:05:19.094 W/BroadcastQueue( 476): Target SDK mismatch: receiver ActivityInfo{6123520 com.dangbei.screencast.startup.BootReceiver} targets 28 but delivery restricted to [0, 23] broadcasting Intent { act=android.net.conn.CONNECTIVITY_CHANGE flg=0x4200010 (has extras) } from android (pid=476, uid=1000) to com.dangbei.screencast/.startup.BootReceiver
11-05 14:05:19.101 D/CompatibilityChangeReporter( 476): Compat change id reported: 158002302; UID 10054; state: ENABLED
11-05 14:05:19.102 W/BroadcastQueue( 476): Target SDK mismatch: receiver ActivityInfo{8b08ed9 com.dangbei.euthenia.receiver.NetworkChangeReceiver} targets 26 but delivery restricted to [0, 23] broadcasting Intent { act=android.net.conn.CONNECTIVITY_CHANGE flg=0x4200010 (has extras) } from android (pid=476, uid=1000) to com.dangbei.lerad.videoposter/com.dangbei.euthenia.receiver.NetworkChangeReceiver
11-05 14:05:19.103 W/BroadcastQueue( 476): Target SDK mismatch: receiver ActivityInfo{389209e com.dangbei.screencast.startup.BootReceiver} targets 28 but delivery restricted to [0, 23] broadcasting Intent { act=android.net.conn.CONNECTIVITY_CHANGE flg=0x4200010 (has extras) } from android (pid=476, uid=1000) to com.dangbei.screencast/.startup.BootReceiver
11-05 14:05:19.103 W/BroadcastQueue( 476): Target SDK mismatch: receiver ActivityInfo{187377f com.dangbei.euthenia.receiver.NetworkChangeReceiver} targets 26 but delivery restricted to [0, 23] broadcasting Intent { act=android.net.conn.CONNECTIVITY_CHANGE flg=0x4200010 (has extras) } from android (pid=476, uid=1000) to com.dangbei.lerad.videoposter/com.dangbei.euthenia.receiver.NetworkChangeReceiver
11-05 14:05:19.103 W/ServiceManager( 271): Permission failure: android.permission.ACCESS_SURFACE_FLINGER from uid=10054 pid=2611
11-05 14:05:19.103 D/PermissionCache( 271): checking android.permission.ACCESS_SURFACE_FLINGER for uid=10054 => denied (1240 us)
11-05 14:05:19.104 W/ServiceManager( 271): Permission failure: android.permission.ROTATE_SURFACE_FLINGER from uid=10054 pid=2611
11-05 14:05:19.104 D/PermissionCache( 271): checking android.permission.ROTATE_SURFACE_FLINGER for uid=10054 => denied (398 us)
11-05 14:05:19.112 D/CompatibilityChangeReporter( 476): Compat change id reported: 168419799; UID 10029; state: DISABLED
11-05 14:05:19.114 I/hwservicemanager( 180): getTransport: Cannot find entry android.hardware.configstore@1.0::ISurfaceFlingerConfigs/default in either framework or device VINTF manifest.
11-05 14:05:19.150 E/HWComposer( 271): getSupportedContentTypes: getSupportedContentTypes failed for display 0: Unsupported (8)
11-05 14:05:19.157 I/hwservicemanager( 180): getTransport: Cannot find entry android.hardware.graphics.mapper@4.0::IMapper/default in either framework or device VINTF manifest.
11-05 14:05:19.157 I/Gralloc4( 2611): mapper 4.x is not supported
11-05 14:05:19.158 I/hwservicemanager( 180): getTransport: Cannot find entry android.hardware.graphics.mapper@3.0::IMapper/default in either framework or device VINTF manifest.
11-05 14:05:19.158 W/Gralloc3( 2611): mapper 3.x is not supported
11-05 14:05:19.176 E/gralloc ( 2611): Arm Module v1.0
11-05 14:05:19.178 I/hwservicemanager( 180): getTransport: Cannot find entry android.hardware.graphics.allocator@4.0::IAllocator/default in either framework or device VINTF manifest.
11-05 14:05:19.178 W/Gralloc4( 2611): allocator 4.x is not supported
11-05 14:05:19.179 I/hwservicemanager( 180): getTransport: Cannot find entry android.hardware.graphics.allocator@3.0::IAllocator/default in either framework or device VINTF manifest.
11-05 14:05:19.179 W/Gralloc3( 2611): allocator 3.x is not supported
11-05 14:05:19.182 I/gralloc ( 255): alloc buffer:W:936 H:566 S:944 PL[936 566] SZ:2137216 fmt:1 if:0 af:1 usg:20000b00 fg:00000004
11-05 14:05:19.183 E/ion ( 2611): ioctl c0044901 failed with code -1: Inappropriate ioctl for device
11-05 14:05:19.184 I/gralloc ( 255): alloc buffer:W:936 H:566 S:944 PL[936 566] SZ:2137216 fmt:1 if:0 af:1 usg:20000b00 fg:00000004
11-05 14:05:19.188 I/gralloc ( 255): alloc buffer:W:936 H:566 S:944 PL[936 566] SZ:2137216 fmt:1 if:0 af:1 usg:20000b00 fg:00000004
11-05 14:05:19.225 D/UsbDialogItem( 2611): usb name > meida
11-05 14:05:19.273 E/USBDialogUtils( 2611): usbdisk alert found
11-05 14:05:19.275 D/TvWindowManager( 476): key event key = KEYCODE_DPAD_DOWN down = true
11-05 14:05:19.277 W/SoundPool( 476): Use of stream types is deprecated for operations other than volume control
11-05 14:05:19.278 W/SoundPool( 476): See the documentation of SoundPool() for what to use instead with android.media.AudioAttributes to qualify your playback use case
11-05 14:05:19.281 W/SoundPool( 476): play soundID 2 not READY
11-05 14:05:19.285 D/GpioService( 476): mFlickerEnable = true
11-05 14:05:19.316 D/MediaCodecList( 476): codecHandlesFormat: no format, so no extra checks
11-05 14:05:19.316 D/MediaCodecList( 476): codecHandlesFormat: no format, so no extra checks
11-05 14:05:19.336 D/CompatibilityChangeReporter( 476): Compat change id reported: 135634846; UID 10052; state: DISABLED
11-05 14:05:19.340 D/CompatibilityChangeReporter( 476): Compat change id reported: 143937733; UID 10052; state: DISABLED
11-05 14:05:19.356 D/CCodec ( 476): allocate(c2.android.vorbis.decoder)
11-05 14:05:19.356 D/CCodec ( 476): allocate(c2.android.vorbis.decoder)
11-05 14:05:19.356 V/C2Store ( 389): in init
11-05 14:05:19.357 V/C2Store ( 389): loading dll
11-05 14:05:19.365 D/Zygote ( 242): Forked child process 2721
11-05 14:05:19.367 I/CCodec ( 476): Created component [c2.android.vorbis.decoder]
11-05 14:05:19.367 I/CCodec ( 476): Created component [c2.android.vorbis.decoder]
11-05 14:05:19.368 D/CCodecConfig( 476): read media type: audio/vorbis
11-05 14:05:19.373 D/CCodecConfig( 476): read media type: audio/vorbis
11-05 14:05:19.373 D/ReflectedParamUpdater( 476): extent() != 1 for single value type: algo.buffers.max-count.values
11-05 14:05:19.374 D/ReflectedParamUpdater( 476): extent() != 1 for single value type: output.subscribed-indices.values
11-05 14:05:19.374 D/ReflectedParamUpdater( 476): extent() != 1 for single value type: input.buffers.allocator-ids.values
11-05 14:05:19.380 I/Zygote ( 2721): seccomp disabled by setenforce 0
11-05 14:05:19.380 D/ReflectedParamUpdater( 476): extent() != 1 for single value type: output.buffers.allocator-ids.values
11-05 14:05:19.381 D/ReflectedParamUpdater( 476): extent() != 1 for single value type: algo.buffers.allocator-ids.values
11-05 14:05:19.381 I/ActivityManager( 476): app.processName = com.sohu.inputmethod.sogou.tv
11-05 14:05:19.381 I/ActivityManager( 476): Start proc 2721:com.sohu.inputmethod.sogou.tv/u0a52 for service {com.sohu.inputmethod.sogou.tv/com.sohu.inputmethod.sogou.tv.SogouIME}
11-05 14:05:19.381 D/ReflectedParamUpdater( 476): extent() != 1 for single value type: output.buffers.pool-ids.values
11-05 14:05:19.382 W/ActivityManager( 476): Slow operation: 51ms so far, now at startProcess: starting to update pids map
11-05 14:05:19.382 D/ReflectedParamUpdater( 476): extent() != 1 for single value type: algo.buffers.pool-ids.values
11-05 14:05:19.382 W/ActivityManager( 476): Slow operation: 51ms so far, now at startProcess: done updating pids map
11-05 14:05:19.386 D/ReflectedParamUpdater( 476): extent() != 1 for single value type: algo.buffers.max-count.values
11-05 14:05:19.386 I/CCodecConfig( 476): query failed after returning 7 values (BAD_INDEX)
11-05 14:05:19.386 D/ReflectedParamUpdater( 476): extent() != 1 for single value type: output.subscribed-indices.values
11-05 14:05:19.387 D/CCodecConfig( 476): c2 config diff is Dict {
11-05 14:05:19.387 D/CCodecConfig( 476): c2::u32 coded.bitrate.value = 64000
11-05 14:05:19.387 D/CCodecConfig( 476): c2::u32 input.buffers.max-size.value = 32768
11-05 14:05:19.387 D/CCodecConfig( 476): c2::u32 input.delay.value = 0
11-05 14:05:19.387 D/CCodecConfig( 476): string input.media-type.value = "audio/vorbis"
11-05 14:05:19.387 D/CCodecConfig( 476): string output.media-type.value = "audio/raw"
11-05 14:05:19.387 D/CCodecConfig( 476): c2::u32 raw.channel-count.value = 1
11-05 14:05:19.387 D/CCodecConfig( 476): c2::u32 raw.sample-rate.value = 48000
11-05 14:05:19.387 D/CCodecConfig( 476): }
11-05 14:05:19.390 D/CCodec ( 476): [c2.android.vorbis.decoder] buffers are bound to CCodec for this session
11-05 14:05:19.390 D/ReflectedParamUpdater( 476): extent() != 1 for single value type: input.buffers.allocator-ids.values
11-05 14:05:19.390 D/CCodecConfig( 476): no c2 equivalents for durationUs
11-05 14:05:19.390 D/CCodecConfig( 476): no c2 equivalents for track-id
11-05 14:05:19.390 D/CCodecConfig( 476): no c2 equivalents for csd-1
11-05 14:05:19.390 D/CCodecConfig( 476): no c2 equivalents for channel-mask
11-05 14:05:19.390 D/CCodecConfig( 476): no c2 equivalents for flags
11-05 14:05:19.390 D/ReflectedParamUpdater( 476): extent() != 1 for single value type: output.buffers.allocator-ids.values
11-05 14:05:19.390 D/ReflectedParamUpdater( 476): extent() != 1 for single value type: algo.buffers.allocator-ids.values
11-05 14:05:19.390 D/ReflectedParamUpdater( 476): extent() != 1 for single value type: output.buffers.pool-ids.values
11-05 14:05:19.391 D/ReflectedParamUpdater( 476): extent() != 1 for single value type: algo.buffers.pool-ids.values
11-05 14:05:19.397 D/CCodecConfig( 476): c2 config diff is c2::u32 coded.bitrate.value = 112000
11-05 14:05:19.397 D/CCodecConfig( 476): c2::u32 raw.channel-count.value = 2
11-05 14:05:19.397 D/CCodecConfig( 476): c2::u32 raw.sample-rate.value = 44100
11-05 14:05:19.400 I/CCodecConfig( 476): query failed after returning 7 values (BAD_INDEX)
11-05 14:05:19.400 W/Codec2Client( 476): query -- param skipped: index = 1107298332.
11-05 14:05:19.400 D/CCodec ( 476): setup formats input: AMessage(what = 0x00000000) = {
11-05 14:05:19.400 D/CCodec ( 476): int32_t bitrate = 112000
11-05 14:05:19.400 D/CCodec ( 476): int32_t channel-count = 2
11-05 14:05:19.400 D/CCodec ( 476): int32_t max-input-size = 32768
11-05 14:05:19.400 D/CCodec ( 476): string mime = "audio/vorbis"
11-05 14:05:19.400 D/CCodec ( 476): int32_t sample-rate = 44100
11-05 14:05:19.400 D/CCodec ( 476): }
11-05 14:05:19.400 D/CCodecConfig( 476): c2 config diff is Dict {
11-05 14:05:19.400 D/CCodecConfig( 476): c2::u32 coded.bitrate.value = 64000
11-05 14:05:19.400 D/CCodecConfig( 476): c2::u32 input.buffers.max-size.value = 32768
11-05 14:05:19.400 D/CCodecConfig( 476): c2::u32 input.delay.value = 0
11-05 14:05:19.400 D/CCodecConfig( 476): string input.media-type.value = "audio/vorbis"
11-05 14:05:19.400 D/CCodecConfig( 476): string output.media-type.value = "audio/raw"
11-05 14:05:19.400 D/CCodecConfig( 476): c2::u32 raw.channel-count.value = 1
11-05 14:05:19.400 D/CCodecConfig( 476): c2::u32 raw.sample-rate.value = 48000
11-05 14:05:19.400 D/CCodecConfig( 476): }
11-05 14:05:19.400 D/CCodec ( 476): setup formats output: AMessage(what = 0x00000000) = {
11-05 14:05:19.400 D/CCodec ( 476): int32_t channel-count = 2
11-05 14:05:19.400 D/CCodec ( 476): string mime = "audio/raw"
11-05 14:05:19.400 D/CCodec ( 476): int32_t sample-rate = 44100
11-05 14:05:19.400 D/CCodec ( 476): int32_t channel-mask = 3
11-05 14:05:19.400 D/CCodec ( 476): }
11-05 14:05:19.401 I/CCodecConfig( 476): query failed after returning 7 values (BAD_INDEX)
11-05 14:05:19.402 W/Codec2Client( 476): query -- param skipped: index = 1342179345.
11-05 14:05:19.402 W/Codec2Client( 476): query -- param skipped: index = 2415921170.
11-05 14:05:19.403 D/CCodec ( 476): [c2.android.vorbis.decoder] buffers are bound to CCodec for this session
11-05 14:05:19.403 D/CCodecConfig( 476): no c2 equivalents for durationUs
11-05 14:05:19.403 D/CCodecConfig( 476): no c2 equivalents for track-id
11-05 14:05:19.403 D/CCodecConfig( 476): no c2 equivalents for csd-1
11-05 14:05:19.403 D/CCodecConfig( 476): no c2 equivalents for channel-mask
11-05 14:05:19.403 D/CCodecConfig( 476): no c2 equivalents for flags
11-05 14:05:19.404 D/CCodecConfig( 476): c2 config diff is c2::u32 coded.bitrate.value = 112000
11-05 14:05:19.404 D/CCodecConfig( 476): c2::u32 raw.channel-count.value = 2
11-05 14:05:19.404 D/CCodecConfig( 476): c2::u32 raw.sample-rate.value = 44100
11-05 14:05:19.405 D/BufferPoolAccessor2.0( 389): bufferpool2 0xe8b64198 : 0(0 size) total buffers - 0(0 size) used buffers - 135/145 (recycle/alloc) - 10/144 (fetch/transfer)
11-05 14:05:19.405 D/BufferPoolAccessor2.0( 389): bufferpool2 0xe8b642d8 : 0(0 size) total buffers - 0(0 size) used buffers - 136/145 (recycle/alloc) - 9/144 (fetch/transfer)
11-05 14:05:19.405 D/BufferPoolAccessor2.0( 389): Destruction - bufferpool2 0xe8b642d8 cached: 0/0M, 0/0% in use; allocs: 145, 94% recycled; transfers: 144, 94% unfetched
11-05 14:05:19.405 D/BufferPoolAccessor2.0( 389): Destruction - bufferpool2 0xe8b64198 cached: 0/0M, 0/0% in use; allocs: 145, 93% recycled; transfers: 144, 93% unfetched
11-05 14:05:19.405 D/BufferPoolAccessor2.0( 389): bufferpool2 0xe8b64418 : 0(0 size) total buffers - 0(0 size) used buffers - 15/19 (recycle/alloc) - 4/18 (fetch/transfer)
11-05 14:05:19.405 D/BufferPoolAccessor2.0( 389): Destruction - bufferpool2 0xe8b64418 cached: 0/0M, 0/0% in use; allocs: 19, 79% recycled; transfers: 18, 78% unfetched
11-05 14:05:19.406 W/Codec2Client( 476): query -- param skipped: index = 1107298332.
11-05 14:05:19.406 D/CCodec ( 476): setup formats input: AMessage(what = 0x00000000) = {
11-05 14:05:19.406 D/CCodec ( 476): int32_t bitrate = 112000
11-05 14:05:19.406 D/CCodec ( 476): int32_t channel-count = 2
11-05 14:05:19.406 D/CCodec ( 476): int32_t max-input-size = 32768
11-05 14:05:19.406 D/CCodec ( 476): string mime = "audio/vorbis"
11-05 14:05:19.406 D/CCodec ( 476): int32_t sample-rate = 44100
11-05 14:05:19.406 D/CCodec ( 476): }
11-05 14:05:19.406 D/BufferPoolAccessor2.0( 389): bufferpool2 0xe8b64558 : 0(0 size) total buffers - 0(0 size) used buffers - 16/21 (recycle/alloc) - 5/20 (fetch/transfer)
11-05 14:05:19.406 D/BufferPoolAccessor2.0( 389): Destruction - bufferpool2 0xe8b64558 cached: 0/0M, 0/0% in use; allocs: 21, 76% recycled; transfers: 20, 75% unfetched
11-05 14:05:19.406 D/CCodec ( 476): setup formats output: AMessage(what = 0x00000000) = {
11-05 14:05:19.406 D/CCodec ( 476): int32_t channel-count = 2
11-05 14:05:19.406 D/CCodec ( 476): string mime = "audio/raw"
11-05 14:05:19.406 D/CCodec ( 476): int32_t sample-rate = 44100
11-05 14:05:19.406 D/CCodec ( 476): int32_t channel-mask = 3
11-05 14:05:19.406 D/CCodec ( 476): }
11-05 14:05:19.406 D/BufferPoolAccessor2.0( 389): bufferpool2 0xe8b65318 : 0(0 size) total buffers - 0(0 size) used buffers - 32/36 (recycle/alloc) - 4/35 (fetch/transfer)
11-05 14:05:19.406 D/BufferPoolAccessor2.0( 389): Destruction - bufferpool2 0xe8b65318 cached: 0/0M, 0/0% in use; allocs: 36, 89% recycled; transfers: 35, 89% unfetched
11-05 14:05:19.406 I/CCodecConfig( 476): query failed after returning 7 values (BAD_INDEX)
11-05 14:05:19.407 D/BufferPoolAccessor2.0( 389): bufferpool2 0xe8b64698 : 0(0 size) total buffers - 0(0 size) used buffers - 29/32 (recycle/alloc) - 3/31 (fetch/transfer)
11-05 14:05:19.407 D/CCodecBufferChannel( 476): [c2.android.vorbis.decoder#640] Created input block pool with allocatorID 16 => poolID 23 - OK (0)
11-05 14:05:19.407 D/BufferPoolAccessor2.0( 389): Destruction - bufferpool2 0xe8b64698 cached: 0/0M, 0/0% in use; allocs: 32, 91% recycled; transfers: 31, 90% unfetched
11-05 14:05:19.410 W/Codec2Client( 476): query -- param skipped: index = 1342179345.
11-05 14:05:19.410 W/Codec2Client( 476): query -- param skipped: index = 2415921170.
11-05 14:05:19.413 D/CCodecBufferChannel( 476): [c2.android.vorbis.decoder#528] Created input block pool with allocatorID 16 => poolID 24 - OK (0)
11-05 14:05:19.413 I/adbd ( 394): jdwp connection from 2721
11-05 14:05:19.414 D/BufferPoolAccessor2.0( 476): bufferpool2 0xe4e37e18 : 0(0 size) total buffers - 0(0 size) used buffers - 0/7 (recycle/alloc) - 12/294 (fetch/transfer)
11-05 14:05:19.414 D/BufferPoolAccessor2.0( 476): Destruction - bufferpool2 0xe4e37e18 cached: 0/0M, 0/0% in use; allocs: 7, 0% recycled; transfers: 294, 96% unfetched
11-05 14:05:19.415 D/BufferPoolAccessor2.0( 476): bufferpool2 0xe4e37cd8 : 0(0 size) total buffers - 0(0 size) used buffers - 2/7 (recycle/alloc) - 14/294 (fetch/transfer)
11-05 14:05:19.415 D/BufferPoolAccessor2.0( 476): Destruction - bufferpool2 0xe4e37cd8 cached: 0/0M, 0/0% in use; allocs: 7, 29% recycled; transfers: 294, 95% unfetched
11-05 14:05:19.415 D/BufferPoolAccessor2.0( 476): bufferpool2 0xe4463558 : 0(0 size) total buffers - 0(0 size) used buffers - 2/7 (recycle/alloc) - 5/68 (fetch/transfer)
11-05 14:05:19.415 D/BufferPoolAccessor2.0( 822): bufferpool2 0xe5aa9f98 : 0(0 size) total buffers - 0(0 size) used buffers - 2/7 (recycle/alloc) - 5/92 (fetch/transfer)
11-05 14:05:19.415 D/BufferPoolAccessor2.0( 476): Destruction - bufferpool2 0xe4463558 cached: 0/0M, 0/0% in use; allocs: 7, 29% recycled; transfers: 68, 93% unfetched
11-05 14:05:19.415 D/BufferPoolAccessor2.0( 822): Destruction - bufferpool2 0xe5aa9f98 cached: 0/0M, 0/0% in use; allocs: 7, 29% recycled; transfers: 92, 95% unfetched
11-05 14:05:19.415 D/BufferPoolAccessor2.0( 476): bufferpool2 0xe59e0758 : 0(0 size) total buffers - 0(0 size) used buffers - 2/7 (recycle/alloc) - 9/46 (fetch/transfer)
11-05 14:05:19.415 D/BufferPoolAccessor2.0( 476): Destruction - bufferpool2 0xe59e0758 cached: 0/0M, 0/0% in use; allocs: 7, 29% recycled; transfers: 46, 80% unfetched
11-05 14:05:19.415 D/BufferPoolAccessor2.0( 822): bufferpool2 0xe5aaae98 : 0(0 size) total buffers - 0(0 size) used buffers - 2/7 (recycle/alloc) - 5/96 (fetch/transfer)
11-05 14:05:19.415 D/BufferPoolAccessor2.0( 822): Destruction - bufferpool2 0xe5aaae98 cached: 0/0M, 0/0% in use; allocs: 7, 29% recycled; transfers: 96, 95% unfetched
11-05 14:05:19.416 I/CCodecBufferChannel( 476): [c2.android.vorbis.decoder#528] Created output block pool with allocatorID 16 => poolID 26 - OK
11-05 14:05:19.416 I/CCodecBufferChannel( 476): [c2.android.vorbis.decoder#640] Created output block pool with allocatorID 16 => poolID 25 - OK
11-05 14:05:19.416 D/BufferPoolAccessor2.0( 476): bufferpool2 0xe4462018 : 0(0 size) total buffers - 0(0 size) used buffers - 1/7 (recycle/alloc) - 9/76 (fetch/transfer)
11-05 14:05:19.417 D/CCodecBufferChannel( 476): [c2.android.vorbis.decoder#640] Configured output block pool ids 25 => OK
11-05 14:05:19.417 D/CCodecBufferChannel( 476): [c2.android.vorbis.decoder#528] Configured output block pool ids 26 => OK
11-05 14:05:19.417 D/BufferPoolAccessor2.0( 476): bufferpool2 0xe6008b98 : 0(0 size) total buffers - 0(0 size) used buffers - 2/7 (recycle/alloc) - 5/42 (fetch/transfer)
11-05 14:05:19.417 D/BufferPoolAccessor2.0( 476): Destruction - bufferpool2 0xe6008b98 cached: 0/0M, 0/0% in use; allocs: 7, 29% recycled; transfers: 42, 88% unfetched
11-05 14:05:19.417 D/BufferPoolAccessor2.0( 476): Destruction - bufferpool2 0xe4462018 cached: 0/0M, 0/0% in use; allocs: 7, 14% recycled; transfers: 76, 88% unfetched
11-05 14:05:19.423 D/SimpleC2Component( 389): Using output block pool with poolID 26 => got 26 - 0
11-05 14:05:19.423 D/SimpleC2Component( 389): Using output block pool with poolID 25 => got 25 - 0
11-05 14:05:19.424 D/GpioService( 476): mFlickerEnable = true
11-05 14:05:19.436 I/efs-base( 1528): type=1400 audit(0.0:1168): avc: denied { search } for name="com.dangbei.screencast" dev="mmcblk0p25" ino=891 scontext=u:r:platform_app:s0:c512,c768 tcontext=u:object_r:app_data_file:s0:c512,c768 tclass=dir permissive=1 app=com.dangbei.screencast
11-05 14:05:19.453 D/TvWindowManager( 476): key event key = KEYCODE_DPAD_DOWN down = false
11-05 14:05:19.465 D/CompatibilityChangeReporter( 476): Compat change id reported: 168419799; UID 10052; state: DISABLED
11-05 14:05:19.499 I/efs.px.api( 1528): get config from server, url is https://errlog.umeng.com/apm_cc
11-05 14:05:19.506 D/CompatibilityChangeReporter( 2721): Compat change id reported: 171979766; UID 10052; state: DISABLED
11-05 14:05:19.523 D/ApplicationLoaders( 2721): Returning zygote-cached class loader: /system/framework/android.test.base.jar
11-05 14:05:19.523 D/ApplicationLoaders( 2721): Returning zygote-cached class loader: /system/framework/android.hidl.manager-V1.0-java.jar
11-05 14:05:19.523 D/ApplicationLoaders( 2721): Returning zygote-cached class loader: /system/framework/android.hidl.base-V1.0-java.jar
11-05 14:05:19.552 W/NotificationHistory( 476): Attempted to add notif for locked/gone/disabled user 0
11-05 14:05:19.565 V/TvNotificationHandler( 683): Notification not added because it isn't relevant for tv
11-05 14:05:19.576 D/CCodecBufferChannel( 476): [c2.android.vorbis.decoder#640] MediaCodec discarded an unknown buffer
11-05 14:05:19.576 D/CCodecBufferChannel( 476): [c2.android.vorbis.decoder#640] MediaCodec discarded an unknown buffer
11-05 14:05:19.589 I/hw-BpHwBinder( 476): onLastStrongRef automatically unlinking death recipients
11-05 14:05:19.599 I/gbei.screencas( 1528): Background young concurrent copying GC freed 5277(388KB) AllocSpace objects, 0(0B) LOS objects, 8% free, 4406KB/4828KB, paused 173us total 164.808ms
11-05 14:05:19.621 D/MediaCodecList( 476): codecHandlesFormat: no format, so no extra checks
11-05 14:05:19.623 D/CCodec ( 476): allocate(c2.android.vorbis.decoder)
11-05 14:05:19.623 D/CCodecBufferChannel( 476): [c2.android.vorbis.decoder#528] MediaCodec discarded an unknown buffer
11-05 14:05:19.623 D/CCodecBufferChannel( 476): [c2.android.vorbis.decoder#528] MediaCodec discarded an unknown buffer
11-05 14:05:19.623 D/CCodecBufferChannel( 476): [c2.android.vorbis.decoder#528] MediaCodec discarded an unknown buffer
11-05 14:05:19.629 I/CCodec ( 476): Created component [c2.android.vorbis.decoder]
11-05 14:05:19.630 D/CCodecConfig( 476): read media type: audio/vorbis
11-05 14:05:19.632 I/hw-BpHwBinder( 476): onLastStrongRef automatically unlinking death recipients
11-05 14:05:19.634 D/ReflectedParamUpdater( 476): extent() != 1 for single value type: algo.buffers.max-count.values
11-05 14:05:19.635 D/ReflectedParamUpdater( 476): extent() != 1 for single value type: output.subscribed-indices.values
11-05 14:05:19.635 D/ReflectedParamUpdater( 476): extent() != 1 for single value type: input.buffers.allocator-ids.values
11-05 14:05:19.637 D/ReflectedParamUpdater( 476): extent() != 1 for single value type: output.buffers.allocator-ids.values
11-05 14:05:19.637 D/ReflectedParamUpdater( 476): extent() != 1 for single value type: algo.buffers.allocator-ids.values
11-05 14:05:19.638 D/ReflectedParamUpdater( 476): extent() != 1 for single value type: output.buffers.pool-ids.values
11-05 14:05:19.638 D/ReflectedParamUpdater( 476): extent() != 1 for single value type: algo.buffers.pool-ids.values
11-05 14:05:19.641 I/CCodecConfig( 476): query failed after returning 7 values (BAD_INDEX)
11-05 14:05:19.641 D/CCodecConfig( 476): c2 config diff is Dict {
11-05 14:05:19.641 D/CCodecConfig( 476): c2::u32 coded.bitrate.value = 64000
11-05 14:05:19.641 D/CCodecConfig( 476): c2::u32 input.buffers.max-size.value = 32768
11-05 14:05:19.641 D/CCodecConfig( 476): c2::u32 input.delay.value = 0
11-05 14:05:19.641 D/CCodecConfig( 476): string input.media-type.value = "audio/vorbis"
11-05 14:05:19.641 D/CCodecConfig( 476): string output.media-type.value = "audio/raw"
11-05 14:05:19.641 D/CCodecConfig( 476): c2::u32 raw.channel-count.value = 1
11-05 14:05:19.641 D/CCodecConfig( 476): c2::u32 raw.sample-rate.value = 48000
11-05 14:05:19.641 D/CCodecConfig( 476): }
11-05 14:05:19.644 D/CCodec ( 476): [c2.android.vorbis.decoder] buffers are bound to CCodec for this session
11-05 14:05:19.644 D/CCodecConfig( 476): no c2 equivalents for durationUs
11-05 14:05:19.645 D/CCodecConfig( 476): no c2 equivalents for track-id
11-05 14:05:19.645 D/CCodecConfig( 476): no c2 equivalents for csd-1
11-05 14:05:19.645 D/CCodecConfig( 476): no c2 equivalents for channel-mask
11-05 14:05:19.645 D/CCodecConfig( 476): no c2 equivalents for flags
11-05 14:05:19.646 D/CCodecConfig( 476): c2 config diff is c2::u32 coded.bitrate.value = 112000
11-05 14:05:19.646 D/CCodecConfig( 476): c2::u32 raw.channel-count.value = 2
11-05 14:05:19.646 D/CCodecConfig( 476): c2::u32 raw.sample-rate.value = 44100
11-05 14:05:19.648 W/Codec2Client( 476): query -- param skipped: index = 1107298332.
11-05 14:05:19.648 D/CCodec ( 476): setup formats input: AMessage(what = 0x00000000) = {
11-05 14:05:19.648 D/CCodec ( 476): int32_t bitrate = 112000
11-05 14:05:19.648 D/CCodec ( 476): int32_t channel-count = 2
11-05 14:05:19.648 D/CCodec ( 476): int32_t max-input-size = 32768
11-05 14:05:19.648 D/CCodec ( 476): string mime = "audio/vorbis"
11-05 14:05:19.648 D/CCodec ( 476): int32_t sample-rate = 44100
11-05 14:05:19.648 D/CCodec ( 476): }
11-05 14:05:19.648 D/CCodec ( 476): setup formats output: AMessage(what = 0x00000000) = {
11-05 14:05:19.648 D/CCodec ( 476): int32_t channel-count = 2
11-05 14:05:19.648 D/CCodec ( 476): string mime = "audio/raw"
11-05 14:05:19.648 D/CCodec ( 476): int32_t sample-rate = 44100
11-05 14:05:19.648 D/CCodec ( 476): int32_t channel-mask = 3
11-05 14:05:19.648 D/CCodec ( 476): }
11-05 14:05:19.649 I/CCodecConfig( 476): query failed after returning 7 values (BAD_INDEX)
11-05 14:05:19.649 V/GraphicsEnvironment( 2721): ANGLE Developer option for 'com.sohu.inputmethod.sogou.tv' set to: 'default'
11-05 14:05:19.650 W/Codec2Client( 476): query -- param skipped: index = 1342179345.
11-05 14:05:19.650 W/Codec2Client( 476): query -- param skipped: index = 2415921170.
11-05 14:05:19.650 V/GraphicsEnvironment( 2721): Neither updatable production driver nor prerelease driver is supported.
11-05 14:05:19.651 D/CCodecBufferChannel( 476): [c2.android.vorbis.decoder#224] Created input block pool with allocatorID 16 => poolID 25 - OK (0)
11-05 14:05:19.652 D/NetworkSecurityConfig( 2721): Using Network Security Config from resource network_security_config debugBuild: false
11-05 14:05:19.653 I/CCodecBufferChannel( 476): [c2.android.vorbis.decoder#224] Created output block pool with allocatorID 16 => poolID 27 - OK
11-05 14:05:19.653 D/CCodecBufferChannel( 476): [c2.android.vorbis.decoder#224] Configured output block pool ids 27 => OK
11-05 14:05:19.656 D/NetworkSecurityConfig( 2721): Using Network Security Config from resource network_security_config debugBuild: false
11-05 14:05:19.656 D/SimpleC2Component( 389): Using output block pool with poolID 27 => got 27 - 0
11-05 14:05:19.658 I/MultiDex( 2721): VM with version 2.1.0 has multidex support
11-05 14:05:19.658 I/MultiDex( 2721): Installing application
11-05 14:05:19.658 I/MultiDex( 2721): VM has multidex support, MultiDex support library is disabled.
11-05 14:05:19.708 E/SogouIME( 2721): setupInputSurface
11-05 14:05:19.722 D/CCodecBufferChannel( 476): [c2.android.vorbis.decoder#224] MediaCodec discarded an unknown buffer
11-05 14:05:19.722 D/CCodecBufferChannel( 476): [c2.android.vorbis.decoder#224] MediaCodec discarded an unknown buffer
11-05 14:05:19.722 D/CCodecBufferChannel( 476): [c2.android.vorbis.decoder#224] MediaCodec discarded an unknown buffer
11-05 14:05:19.723 I/hw-BpHwBinder( 476): onLastStrongRef automatically unlinking death recipients
11-05 14:05:19.723 I/hw-BpHwBinder( 389): onLastStrongRef automatically unlinking death recipients
11-05 14:05:19.724 V/C2Store ( 389): in ~ComponentModule
11-05 14:05:19.724 V/C2Store ( 389): unloading dll
11-05 14:05:19.756 I/rainbow_flow( 2279): type=1400 audit(0.0:1169): avc: denied { ioctl } for path="/dev/spidev1.0" dev="tmpfs" ino=633 ioctlcmd=0x6b00 scontext=u:r:init:s0 tcontext=u:object_r:device:s0 tclass=chr_file permissive=1
11-05 14:05:19.806 I/DefaultIMS( 2721): DefaultIMS::onCreate()
11-05 14:05:19.806 I/DefaultIMS( 2721): DefaultIMS::onCreate() finish
