11-05 14:05:12.214 W/System.err( 1089): at okhttp3.internal.connection.ExchangeFinder.findHealthyConnection(SourceFile:1)
11-05 14:05:12.214 W/System.err( 1089): at okhttp3.internal.connection.ExchangeFinder.find(SourceFile:52)
11-05 14:05:12.214 W/System.err( 1089): at okhttp3.internal.connection.RealCall.initExchange$okhttp(SourceFile:32)
11-05 14:05:12.214 W/System.err( 1089): at okhttp3.internal.connection.ConnectInterceptor.intercept(SourceFile:12)
11-05 14:05:12.214 W/System.err( 1089): at okhttp3.internal.http.RealInterceptorChain.proceed(SourceFile:155)
11-05 14:05:12.214 W/System.err( 1089): at okhttp3.internal.cache.CacheInterceptor.intercept(SourceFile:190)
11-05 14:05:12.214 W/System.err( 1089): at okhttp3.internal.http.RealInterceptorChain.proceed(SourceFile:155)
11-05 14:05:12.214 W/System.err( 1089): at okhttp3.internal.http.BridgeInterceptor.intercept(SourceFile:168)
11-05 14:05:12.214 W/System.err( 1089): at okhttp3.internal.http.RealInterceptorChain.proceed(SourceFile:155)
11-05 14:05:12.214 W/System.err( 1089): at okhttp3.internal.http.RetryAndFollowUpInterceptor.intercept(SourceFile:35)
11-05 14:05:12.214 W/System.err( 1089): at okhttp3.internal.http.RealInterceptorChain.proceed(SourceFile:155)
11-05 14:05:12.216 I/Zygote ( 2123): seccomp disabled by setenforce 0
11-05 14:05:12.214 W/System.err( 1089): at com.monster.ok2curl.CurlInterceptor.intercept(SourceFile:26)
11-05 14:05:12.217 W/System.err( 1089): at okhttp3.internal.http.RealInterceptorChain.proceed(SourceFile:155)
11-05 14:05:12.217 W/System.err( 1089): at com.dangbei.leard.base.proider.net.interceptor.DomainSwitchInterceptor.intercept(SourceFile:72)
11-05 14:05:12.217 W/System.err( 1089): at okhttp3.internal.http.RealInterceptorChain.proceed(SourceFile:155)
11-05 14:05:12.217 W/System.err( 1089): at com.dangbei.leard.base.proider.net.interceptor.RequestSignAndEncryptInterceptor.intercept(SourceFile:240)
11-05 14:05:12.217 W/System.err( 1089): at okhttp3.internal.http.RealInterceptorChain.proceed(SourceFile:155)
11-05 14:05:12.217 W/System.err( 1089): at com.dangbei.leard.base.proider.net.interceptor.RequestExtraParamsInterceptor.intercept(SourceFile:241)
11-05 14:05:12.217 W/System.err( 1089): at okhttp3.internal.http.RealInterceptorChain.proceed(SourceFile:155)
11-05 14:05:12.217 W/System.err( 1089): at okhttp3.internal.connection.RealCall.getResponseWithInterceptorChain$okhttp(SourceFile:114)
11-05 14:05:12.217 W/System.err( 1089): at okhttp3.internal.connection.RealCall$AsyncCall.run(SourceFile:41)
11-05 14:05:12.217 W/System.err( 1089): at java.util.concurrent.ThreadPoolExecutor.runWorker(ThreadPoolExecutor.java:1167)
11-05 14:05:12.217 W/System.err( 1089): at java.util.concurrent.ThreadPoolExecutor$Worker.run(ThreadPoolExecutor.java:641)
11-05 14:05:12.217 W/System.err( 1089): at java.lang.Thread.run(Thread.java:920)
11-05 14:05:12.217 E/hq ( 1089): ErrorCoroutineExceptionHandler:::runTry error:java.net.UnknownHostException: Unable to resolve host "ottdbui-tyapiqun7.yysh.mgtv.com": No address associated with hostname from=requestAppUpdateInfo 2
11-05 14:05:12.227 I/wpa_supplicant( 1298): wlan0: WPA: RX message 1 of 4-Way Handshake from c8:bf:4c:1d:7a:9b (ver=0)
11-05 14:05:12.228 I/wpa_supplicant( 1298): wlan0: WPA: Sending EAPOL-Key 2/4
11-05 14:05:12.235 I/wpa_supplicant( 1298): wlan0: WPA: RX message 3 of 4-Way Handshake from c8:bf:4c:1d:7a:9b (ver=0)
11-05 14:05:12.235 I/wpa_supplicant( 1298): wlan0: WPA: Sending EAPOL-Key 4/4
11-05 14:05:12.238 D/RockyReceiver( 1469): action: android.net.wifi.STATE_CHANGE
11-05 14:05:12.238 E/ConnectivityService( 476): Exception = android.content.pm.PackageManager$NameNotFoundException: android.net.cts
11-05 14:05:12.241 I/wpa_supplicant( 1298): wlan0: WPA: Key negotiation completed with c8:bf:4c:1d:7a:9b [PTK=CCMP GTK=CCMP]
11-05 14:05:12.241 I/wpa_supplicant( 1298): wlan0: CTRL-EVENT-CONNECTED - Connection to c8:bf:4c:1d:7a:9b completed [id=0 id_str=%7B%22configKey%22%3A%22%5C%22red5%5C%22WPA_PSK%22%2C%22creatorUid%22%3A%2210026%22%7D]
11-05 14:05:12.243 I/wpa_supplicant( 1298): wlan0: TRANSITION-DISABLE 01
11-05 14:05:12.248 I/EthernetTracker( 476): interfaceLinkStateChanged, iface: wlan0, up: true
11-05 14:05:12.249 W/PppoeNetworkFactory( 476): interfaceLinkStateChanged
11-05 14:05:12.249 D/PppoeNetworkFactory( 476): updateInterface: mIface: mPhyIface:eth0 iface:wlan0 link:up
11-05 14:05:12.249 D/PppoeNetworkFactory( 476): not tracker interface
11-05 14:05:12.253 D/QuickLifeImpl( 1047): onReceive intent : Intent { act=android.net.wifi.STATE_CHANGE flg=0x4000010 (has extras) }
11-05 14:05:12.257 I/adbd ( 394): jdwp connection from 2123
11-05 14:05:12.276 D/RockyReceiver( 1469): action: android.net.wifi.STATE_CHANGE
11-05 14:05:12.276 E/ConnectivityService( 476): Exception = android.content.pm.PackageManager$NameNotFoundException: android.net.cts
11-05 14:05:12.278 D/QuickLifeImpl( 1047): onReceive intent : Intent { act=android.net.wifi.STATE_CHANGE flg=0x4000010 (has extras) }
11-05 14:05:12.302 D/CompatibilityChangeReporter( 476): Compat change id reported: 168419799; UID 10029; state: DISABLED
11-05 14:05:12.313 I/ ( 375): DVI mode selected: packets not configured
11-05 14:05:12.313 I/ ( 375): Error: set vsif failed
11-05 14:05:12.323 D/ConnectivityService( 476): registerNetworkAgent NetworkAgentInfo{network{100} handle{432902426637} ni{WIFI CONNECTING extra: } Score(60 ; KeepConnected : 0 ; Policies : IS_UNMETERED) lp{{LinkAddresses: [ ] DnsAddresses: [ ] Domains: null MTU: 0 Routes: [ ]}} nc{[ Transports: WIFI Capabilities: NOT_METERED&INTERNET&NOT_RESTRICTED&TRUSTED&NOT_VPN&NOT_ROAMING&FOREGROUND&NOT_CONGESTED&NOT_SUSPENDED&NOT_VCN_MANAGED LinkUpBandwidth>=866000Kbps LinkDnBandwidth>=866000Kbps Specifier: TransportInfo: OwnerUid: 10026 AdminUids: [10026] SSID: "red5"]}}
11-05 14:05:12.338 I/ ( 375): DVI mode selected: packets not configured
11-05 14:05:12.338 I/ ( 375): Error: set vsif failed
11-05 14:05:12.344 I/net_disconnect.( 1435): type=1400 audit(0.0:723): avc: denied { execute } for name="rgb_led_ctl" dev="dm-1" ino=188 scontext=u:r:init:s0 tcontext=u:object_r:vendor_file:s0 tclass=file permissive=1
11-05 14:05:12.327 D/CompatibilityChangeReporter( 2123): Compat change id reported: 171979766; UID 10029; state: ENABLED
11-05 14:05:12.346 D/RockyReceiver( 1469): action: android.net.wifi.STATE_CHANGE
11-05 14:05:12.347 D/QuickLifeImpl( 1047): onReceive intent : Intent { act=android.net.wifi.STATE_CHANGE flg=0x4000010 (has extras) }
11-05 14:05:12.351 E/ConnectivityService( 476): Exception = android.content.pm.PackageManager$NameNotFoundException: android.net.cts
11-05 14:05:12.352 I/net_disconnect.( 2140): type=1400 audit(0.0:724): avc: denied { execute_no_trans } for path="/vendor/bin/rgb_led_ctl" dev="dm-1" ino=188 scontext=u:r:init:s0 tcontext=u:object_r:vendor_file:s0 tclass=file permissive=1
11-05 14:05:12.371 I/ ( 375): DVI mode selected: packets not configured
11-05 14:05:12.371 I/ ( 375): Error: set vsif failed
11-05 14:05:12.367 E/WifiHAL ( 662): wifi_get_packet_filter_capabilities: requestResponse() error: -3
11-05 14:05:12.367 I/WifiHAL ( 662): Packet filtering is not supprted
11-05 14:05:12.391 I/ ( 375): DVI mode selected: packets not configured
11-05 14:05:12.391 I/ ( 375): Error: set vsif failed
11-05 14:05:12.403 E/WifiHAL ( 662): wifi_get_link_stats: requestResponse Error:-5
11-05 14:05:12.405 E/WifiVendorHal( 476): getWifiLinkLayerStats_1_5_Internal(l.1191) failed {.code = ERROR_INVALID_ARGS, .description = }
11-05 14:05:12.414 D/CompatibilityChangeReporter( 476): Compat change id reported: 171306433; UID 1073; state: ENABLED
11-05 14:05:12.420 I/IpClient.wlan0( 760): type=1400 audit(0.0:725): avc: denied { search } for name="net" dev="sysfs" ino=10442 scontext=u:r:network_stack:s0 tcontext=u:object_r:sysfs_net:s0 tclass=dir permissive=1
11-05 14:05:12.425 E/WifiHAL ( 662): wifi_get_link_stats: requestResponse Error:-5
11-05 14:05:12.431 W/audit ( 1506): audit_lost=291 audit_rate_limit=5 audit_backlog_limit=64
11-05 14:05:12.433 E/WifiVendorHal( 476): getWifiLinkLayerStats_1_5_Internal(l.1191) failed {.code = ERROR_INVALID_ARGS, .description = }
11-05 14:05:12.431 E/audit ( 1506): rate limit exceeded
11-05 14:05:12.420 I/IpClient.wlan0( 760): type=1400 audit(0.0:726): avc: denied { read } for name="address" dev="sysfs" ino=16906 scontext=u:r:network_stack:s0 tcontext=u:object_r:sysfs_net:s0 tclass=file permissive=1
11-05 14:05:12.420 I/IpClient.wlan0( 760): type=1400 audit(0.0:727): avc: denied { open } for path="/sys/devices/virtual/net/dummy0/address" dev="sysfs" ino=16906 scontext=u:r:network_stack:s0 tcontext=u:object_r:sysfs_net:s0 tclass=file permissive=1
11-05 14:05:12.453 D/ConnectivityService( 476): [100 WIFI] EVENT_NETWORK_INFO_CHANGED, going from CONNECTING to CONNECTING
11-05 14:05:12.483 D/ConnectivityService( 476): NetReassign [no changes]
11-05 14:05:12.497 D/ConnectivityService( 476): NetReassign [no changes]
11-05 14:05:12.519 E/WifiVendorHal( 476): configureNeighborDiscoveryOffload(l.2704) failed {.code = ERROR_INVALID_ARGS, .description = }
11-05 14:05:12.528 V/GraphicsEnvironment( 2123): ANGLE Developer option for 'com.android.providers.calendar' set to: 'default'
11-05 14:05:12.528 V/GraphicsEnvironment( 2123): Neither updatable production driver nor prerelease driver is supported.
11-05 14:05:12.532 D/AppManager( 1089): checkLocalAppsIsValid: success
11-05 14:05:12.536 D/NetworkSecurityConfig( 2123): No Network Security Config specified, using platform default
11-05 14:05:12.537 D/NetworkSecurityConfig( 2123): No Network Security Config specified, using platform default
11-05 14:05:12.593 D/ConnectivityService( 476): Adding iface wlan0 to network 100
11-05 14:05:12.594 E/Netd ( 241): no such netId 100
11-05 14:05:12.596 W/ConnectivityService( 476): Exception adding interface: android.os.ServiceSpecificException: Machine is not on the network (code 64)
11-05 14:05:12.602 E/Netd ( 241): no such netId 100
11-05 14:05:12.639 E/WifiHAL ( 662): wifi_get_link_stats: requestResponse Error:-5
11-05 14:05:12.641 E/WifiVendorHal( 476): getWifiLinkLayerStats_1_5_Internal(l.1191) failed {.code = ERROR_INVALID_ARGS, .description = }
11-05 14:05:12.651 W/BestClock( 476): java.time.DateTimeException: Missing NTP fix
11-05 14:05:12.656 I/CalendarProvider2( 2123): Created com.android.providers.calendar.CalendarAlarmManager@313e655(com.android.providers.calendar.CalendarProvider2@a65286a)
11-05 14:05:12.681 D/CompatibilityChangeReporter( 2123): Compat change id reported: 160794467; UID 10029; state: ENABLED
11-05 14:05:12.682 D/DhcpClient( 760): l2key: W7cd15e1e89c2db03 lease address: /192.168.31.162 lease expiry: 1762195627070 current time: 1762322712678
11-05 14:05:12.684 D/MusicProvider( 1558): Failed to move cursor to first row (no query result)
11-05 14:05:12.688 W/BestClock( 476): java.time.DateTimeException: Missing NTP fix
11-05 14:05:12.690 D/DhcpClient( 760): Broadcasting DHCPDISCOVER
11-05 14:05:12.696 W/BestClock( 476): java.time.DateTimeException: Missing NTP fix
11-05 14:05:12.697 D/CompatibilityChangeReporter( 476): Compat change id reported: 143231523; UID 10029; state: DISABLED
11-05 14:05:12.699 W/BestClock( 476): java.time.DateTimeException: Missing NTP fix
11-05 14:05:12.704 D/DhcpClient( 760): Received packet: f4:ab:5c:b4:08:c0 OFFER, ip /192.168.31.162, mask /255.255.255.0, DNS servers: /192.168.31.1 , gateways [/192.168.31.1], lease time 43200, domain null
11-05 14:05:12.704 D/music_MediaPlaybackSer( 1558): Received catalog result, success: true
11-05 14:05:12.704 D/music_MediaPlaybackSer( 1558): OnLoadChildren.ROOT
11-05 14:05:12.705 D/music_MediaPlaybackSer( 1558): OnLoadChildren sending 4 results for __ROOT__
11-05 14:05:12.707 D/DhcpClient( 760): Got pending lease: android.net.networkstack.DhcpResults@edaa2bc DHCP server /192.168.31.1 Vendor info miwifi-RB06-1.0.67-100 lease 43200 seconds Servername
11-05 14:05:12.709 D/CompatibilityChangeReporter( 476): Compat change id reported: 171306433; UID 10029; state: ENABLED
11-05 14:05:12.718 D/DhcpClient( 760): Broadcasting DHCPREQUEST ciaddr=0.0.0.0 request=192.168.31.162 serverid=192.168.31.1
11-05 14:05:12.720 D/AvrcpBrowsablePlayerConnector( 670): Received a message: msg.what=0
11-05 14:05:12.720 I/AvrcpBrowsablePlayerConnector( 670): Successfully added package to results: com.android.music
11-05 14:05:12.720 I/AvrcpBrowsablePlayerConnector( 670): Successfully connected to 1 browsable players.
11-05 14:05:12.721 I/MediaPlayerList( 670): init: Browsable Player list size is 1
11-05 14:05:12.721 D/MediaPlayerList( 670): Adding Browser Wrapper for com.android.music with id 1
11-05 14:05:12.721 I/AvrcpBrowsedPlayerWrapper( 670): getFolderItems: Grabbing cached data for mediaId: __ROOT__
11-05 14:05:12.722 D/MediaPlayerList( 670): Got the contents for: __ROOT__ : num results=4
11-05 14:05:12.722 D/MediaPlayerList( 670): Initializing list of current media players
11-05 14:05:12.728 D/NetworkSecurityConfig( 1202): No Network Security Config specified, using platform default
11-05 14:05:12.729 D/DhcpClient( 760): Received packet: f4:ab:5c:b4:08:c0 ACK: your new IP /192.168.31.162, netmask /255.255.255.0, gateways [/192.168.31.1] DNS servers: /192.168.31.1 , lease time 43200
11-05 14:05:12.733 D/music_MediaPlaybackSer( 1558): onDestroy
11-05 14:05:12.733 D/music_MusicApp( 1558): remove mount callback: com.android.music.MediaPlaybackService@89a22e0
11-05 14:05:12.733 D/music_MediaPlaybackSer( 1558): handleStopRequest: mState=0 error=destroy
11-05 14:05:12.733 D/music_MediaPlaybackSer( 1558): updatePlaybackState, playback state=1
11-05 14:05:12.736 D/Playback( 1558): giveUpAudioFocus
11-05 14:05:12.736 D/Playback( 1558): relaxResources. releaseMediaPlayer=true
11-05 14:05:12.738 D/DhcpClient( 760): Confirmed lease: android.net.networkstack.DhcpResults@465ed9a DHCP server /192.168.31.1 Vendor info miwifi-RB06-1.0.67-100 lease 43200 seconds Servername
11-05 14:05:12.738 D/music_MediaPlaybackSer( 1558): updatePlaybackState, playback state=1
11-05 14:05:12.744 V/MediaPlayerList( 670): onActiveSessionsChanged: number of controllers: 0
11-05 14:05:12.745 I/hq ( 1089): hq:::curl -X GET "https://ottdbui-tyapiqun7.yysh.mgtv.com/v1/message/getnewlist?rommodelnumber=40I2XonQAUU%3D&cpuserial=PlZpqfc1JpxOOZ0anAV38AcloAYinsDQ&pattern=4Beei9NZNdo%3D&rommodel=Pqlpla5YRarwmFg%2B5VG%2FRQ%3D%3D&sn=ia%2FaFKiHtUJo0HCvzs4gKS1PBA%2F2QVm5&lang=vT%2FCsDI%2Fr10%3D&brand=elfd%2FN0Mw6U%3D&theme=L%2B%2FPU%2FFQgEY%3D&vcode=o%2BppAkqptlQ%3D&vname=oql4Ml1tHJc%3D&license=Hs4jp68qr9I%3D&channel=TIQ8TWTDuwcufJjk0AcBhA%3D%3D&packagename=qzBdBNULiCmiu3CIMurjL7PIryC36aZ2YdCJzQtyjcQ%3D&romvercode=BhA8%2F38Giec%3D&romvername=UDOuEwwco6o%3D&network=IGYWVa9OT%2Bk%3D&deviceEid=uSuGjXxL1dquKF1QG%2BzuNgcKc1GMhNRjqypkEmW7WV4lQRKF1DwATA%3D%3D&mac=iP4TVZLko9UsEdSbENu6i8HfL7VxZFhy&userid=pctYUOG3RH0%3D"
11-05 14:05:12.757 W/System.err( 1089): com.dangbei.leard.base.proider.error.ApiException: java.net.UnknownHostException: Unable to resolve host "ottdbui-tyapiqun7.yysh.mgtv.com": No address associated with hostname
11-05 14:05:12.758 W/System.err( 1089): at com.dangbei.leard.base.proider.error.ErrorExtKt.handleException(SourceFile:286)
11-05 14:05:12.758 W/System.err( 1089): at com.dangbei.leard.base.ext.FlowExtKt.runHttpTry2Response(SourceFile:195)
11-05 14:05:12.758 W/System.err( 1089): at com.dangbei.leard.base.ext.FlowExtKt$runHttpTry2Response$1.invokeSuspend(Unknown Source:15)
11-05 14:05:12.758 W/System.err( 1089): at kotlin.coroutines.jvm.internal.BaseContinuationImpl.resumeWith(SourceFile:12)
11-05 14:05:12.758 W/System.err( 1089): at kotlinx.coroutines.internal.ScopeCoroutine.afterResume(Unknown Source:6)
11-05 14:05:12.758 W/System.err( 1089): at kotlinx.coroutines.AbstractCoroutine.resumeWith(SourceFile:16)
11-05 14:05:12.758 W/System.err( 1089): at kotlin.coroutines.jvm.internal.BaseContinuationImpl.resumeWith(SourceFile:50)
11-05 14:05:12.758 W/System.err( 1089): at kotlinx.coroutines.DispatchedTask.run(SourceFile:105)
11-05 14:05:12.758 W/System.err( 1089): at kotlinx.coroutines.internal.LimitedDispatcher.run(SourceFile:13)
11-05 14:05:12.758 W/System.err( 1089): at kotlinx.coroutines.scheduling.TaskImpl.run(SourceFile:3)
11-05 14:05:12.758 W/System.err( 1089): at kotlinx.coroutines.scheduling.CoroutineScheduler.runSafely(SourceFile:1)
11-05 14:05:12.758 W/System.err( 1089): at kotlinx.coroutines.scheduling.CoroutineScheduler$Worker.executeTask(SourceFile:15)
11-05 14:05:12.758 W/System.err( 1089): at kotlinx.coroutines.scheduling.CoroutineScheduler$Worker.runWorker(SourceFile:29)
11-05 14:05:12.758 W/System.err( 1089): at kotlinx.coroutines.scheduling.CoroutineScheduler$Worker.run(Unknown Source:0)
11-05 14:05:12.759 W/System.err( 1089): Caused by: java.net.UnknownHostException: Unable to resolve host "ottdbui-tyapiqun7.yysh.mgtv.com": No address associated with hostname
11-05 14:05:12.759 W/System.err( 1089): at java.net.Inet6AddressImpl.lookupHostByName(Inet6AddressImpl.java:156)
11-05 14:05:12.759 W/System.err( 1089): at java.net.Inet6AddressImpl.lookupAllHostAddr(Inet6AddressImpl.java:103)
11-05 14:05:12.759 W/System.err( 1089): at java.net.InetAddress.getAllByName(InetAddress.java:1152)
11-05 14:05:12.759 W/System.err( 1089): at okhttp3.Dns$Companion$DnsSystem.lookup(SourceFile:6)
11-05 14:05:12.759 W/System.err( 1089): at okhttp3.internal.connection.RouteSelector.resetNextInetSocketAddress(SourceFile:153)
11-05 14:05:12.759 W/System.err( 1089): at okhttp3.internal.connection.RouteSelector.nextProxy(SourceFile:21)
11-05 14:05:12.759 W/System.err( 1089): at okhttp3.internal.connection.RouteSelector.next(SourceFile:18)
11-05 14:05:12.759 W/System.err( 1089): at okhttp3.internal.connection.ExchangeFinder.findConnection(SourceFile:197)
11-05 14:05:12.759 W/System.err( 1089): at okhttp3.internal.connection.ExchangeFinder.findHealthyConnection(SourceFile:1)
11-05 14:05:12.759 W/System.err( 1089): at okhttp3.internal.connection.ExchangeFinder.find(SourceFile:52)
11-05 14:05:12.759 W/System.err( 1089): at okhttp3.internal.connection.RealCall.initExchange$okhttp(SourceFile:32)
11-05 14:05:12.759 W/System.err( 1089): at okhttp3.internal.connection.ConnectInterceptor.intercept(SourceFile:12)
11-05 14:05:12.759 W/System.err( 1089): at okhttp3.internal.http.RealInterceptorChain.proceed(SourceFile:155)
11-05 14:05:12.759 W/System.err( 1089): at okhttp3.internal.cache.CacheInterceptor.intercept(SourceFile:190)
11-05 14:05:12.759 W/System.err( 1089): at okhttp3.internal.http.RealInterceptorChain.proceed(SourceFile:155)
11-05 14:05:12.759 W/System.err( 1089): at okhttp3.internal.http.BridgeInterceptor.intercept(SourceFile:168)
11-05 14:05:12.759 W/System.err( 1089): at okhttp3.internal.http.RealInterceptorChain.proceed(SourceFile:155)
11-05 14:05:12.759 W/System.err( 1089): at okhttp3.internal.http.RetryAndFollowUpInterceptor.intercept(SourceFile:35)
11-05 14:05:12.759 W/System.err( 1089): at okhttp3.internal.http.RealInterceptorChain.proceed(SourceFile:155)
11-05 14:05:12.759 W/System.err( 1089): at com.monster.ok2curl.CurlInterceptor.intercept(SourceFile:26)
11-05 14:05:12.759 W/System.err( 1089): at okhttp3.internal.http.RealInterceptorChain.proceed(SourceFile:155)
11-05 14:05:12.759 W/System.err( 1089): at com.dangbei.leard.base.proider.net.interceptor.DomainSwitchInterceptor.intercept(SourceFile:72)
11-05 14:05:12.759 W/System.err( 1089): at okhttp3.internal.http.RealInterceptorChain.proceed(SourceFile:155)
11-05 14:05:12.759 W/System.err( 1089): at com.dangbei.leard.base.proider.net.interceptor.RequestSignAndEncryptInterceptor.intercept(SourceFile:240)
11-05 14:05:12.759 W/System.err( 1089): at okhttp3.internal.http.RealInterceptorChain.proceed(SourceFile:155)
11-05 14:05:12.759 W/System.err( 1089): at com.dangbei.leard.base.proider.net.interceptor.RequestExtraParamsInterceptor.intercept(SourceFile:241)
11-05 14:05:12.759 W/System.err( 1089): at okhttp3.internal.http.RealInterceptorChain.proceed(SourceFile:155)
11-05 14:05:12.760 W/System.err( 1089): at okhttp3.internal.connection.RealCall.getResponseWithInterceptorChain$okhttp(SourceFile:114)
11-05 14:05:12.760 W/System.err( 1089): at okhttp3.internal.connection.RealCall$AsyncCall.run(SourceFile:41)
11-05 14:05:12.760 W/System.err( 1089): at java.util.concurrent.ThreadPoolExecutor.runWorker(ThreadPoolExecutor.java:1167)
11-05 14:05:12.760 W/System.err( 1089): at java.util.concurrent.ThreadPoolExecutor$Worker.run(ThreadPoolExecutor.java:641)
11-05 14:05:12.760 W/System.err( 1089): at java.lang.Thread.run(Thread.java:920)
11-05 14:05:12.760 W/System.err( 1089): Caused by: android.system.GaiException: android_getaddrinfo failed: EAI_NODATA (No address associated with hostname)
11-05 14:05:12.760 W/System.err( 1089): at libcore.io.Linux.android_getaddrinfo(Native Method)
11-05 14:05:12.760 W/System.err( 1089): at libcore.io.ForwardingOs.android_getaddrinfo(ForwardingOs.java:136)
11-05 14:05:12.760 W/System.err( 1089): at libcore.io.BlockGuardOs.android_getaddrinfo(BlockGuardOs.java:221)
11-05 14:05:12.760 W/System.err( 1089): at libcore.io.ForwardingOs.android_getaddrinfo(ForwardingOs.java:136)
11-05 14:05:12.760 W/System.err( 1089): at java.net.Inet6AddressImpl.lookupHostByName(Inet6AddressImpl.java:135)
11-05 14:05:12.760 W/System.err( 1089): ... 31 more
11-05 14:05:12.760 E/hq ( 1089): ErrorCoroutineExceptionHandler:::runTry error:java.net.UnknownHostException: Unable to resolve host "ottdbui-tyapiqun7.yysh.mgtv.com": No address associated with hostname from=requestMessageList
11-05 14:05:12.768 D/RockyReceiver( 1469): action: android.net.wifi.STATE_CHANGE
11-05 14:05:12.769 E/ConnectivityService( 476): Exception = android.content.pm.PackageManager$NameNotFoundException: android.net.cts
11-05 14:05:12.771 E/Netd ( 241): no such netId 100
11-05 14:05:12.772 D/QuickLifeImpl( 1047): onReceive intent : Intent { act=android.net.wifi.STATE_CHANGE flg=0x4000010 (has extras) }
11-05 14:05:12.773 E/ConnectivityService( 476): Exception in networkAddRouteParcel for non-gateway: android.os.ServiceSpecificException: Machine is not on the network (code 64)
11-05 14:05:12.774 E/Netd ( 241): no such netId 100
11-05 14:05:12.777 D/CompatibilityChangeReporter( 476): Compat change id reported: 168419799; UID 10030; state: DISABLED
11-05 14:05:12.777 E/ConnectivityService( 476): Exception in networkAddRouteParcel for gateway: android.os.ServiceSpecificException: Machine is not on the network (code 64)
11-05 14:05:12.787 W/BestClock( 476): java.time.DateTimeException: Missing NTP fix
11-05 14:05:12.788 D/RockyReceiver( 1469): action: android.net.wifi.STATE_CHANGE
11-05 14:05:12.788 D/QuickLifeImpl( 1047): onReceive intent : Intent { act=android.net.wifi.STATE_CHANGE flg=0x4000010 (has extras) }
11-05 14:05:12.792 D/CompatibilityChangeReporter( 476): Compat change id reported: 135634846; UID 10061; state: DISABLED
11-05 14:05:12.792 D/CompatibilityChangeReporter( 476): Compat change id reported: 177438394; UID 10061; state: DISABLED
11-05 14:05:12.793 D/CompatibilityChangeReporter( 476): Compat change id reported: 135772972; UID 10061; state: DISABLED
11-05 14:05:12.793 D/CompatibilityChangeReporter( 476): Compat change id reported: 135754954; UID 10061; state: ENABLED
11-05 14:05:12.796 E/ConnectivityService( 476): Exception = android.content.pm.PackageManager$NameNotFoundException: android.net.cts
11-05 14:05:12.797 D/CompatibilityChangeReporter( 476): Compat change id reported: 143937733; UID 10061; state: ENABLED
11-05 14:05:12.802 D/DhcpClient( 760): Scheduling renewal in 21599s
11-05 14:05:12.802 D/DhcpClient( 760): Scheduling rebind in 37799s
11-05 14:05:12.802 D/DhcpClient( 760): Scheduling expiry in 43199s
11-05 14:05:12.813 W/WifiScoreReport( 476): Cannot start external scoring netId=100 currentNetId=100 currentNetCapabilities=[ Transports: WIFI Capabilities: NOT_METERED&INTERNET&NOT_RESTRICTED&TRUSTED&NOT_VPN&NOT_ROAMING&NOT_CONGESTED&NOT_SUSPENDED&NOT_VCN_MANAGED LinkUpBandwidth>=12000Kbps LinkDnBandwidth>=30000Kbps Specifier: TransportInfo: SignalStrength: -71 OwnerUid: 10026 AdminUids: [10026] SSID: "red5"] sessionId=1008
11-05 14:05:12.819 D/Zygote ( 242): Forked child process 2151
11-05 14:05:12.821 I/ActivityManager( 476): app.processName = com.android.remoteprovisioner
11-05 14:05:12.821 I/ActivityManager( 476): Start proc 2151:com.android.remoteprovisioner/u0a61 for broadcast {com.android.remoteprovisioner/com.android.remoteprovisioner.BootReceiver}
11-05 14:05:12.828 W/BestClock( 476): java.time.DateTimeException: Missing NTP fix
11-05 14:05:12.832 D/ConnectivityService( 476): Setting DNS servers for network 100 to [/192.168.31.1]
11-05 14:05:12.832 W/BestClock( 476): java.time.DateTimeException: Missing NTP fix
11-05 14:05:12.833 W/BestClock( 476): java.time.DateTimeException: Missing NTP fix
11-05 14:05:12.837 I/Zygote ( 2151): seccomp disabled by setenforce 0
11-05 14:05:12.840 W/BestClock( 476): java.time.DateTimeException: Missing NTP fix
11-05 14:05:12.859 I/adbd ( 394): jdwp connection from 2151
11-05 14:05:12.860 D/AppManager( 1089): checkLocalAppsIsValid: success
11-05 14:05:12.871 W/BestClock( 476): java.time.DateTimeException: Missing NTP fix
11-05 14:05:12.873 W/BestClock( 476): java.time.DateTimeException: Missing NTP fix
11-05 14:05:12.875 W/BestClock( 476): java.time.DateTimeException: Missing NTP fix
11-05 14:05:12.884 D/CompatibilityChangeReporter( 476): Compat change id reported: 168419799; UID 10061; state: DISABLED
11-05 14:05:12.886 D/WifiMemoryStoreImpl( 476): Set cluster Gabe13c965a62b18c for W7cd15e1e89c2db03: SUCCESS
11-05 14:05:12.893 D/ConnectivityService( 476): [100 WIFI] EVENT_NETWORK_INFO_CHANGED, going from CONNECTING to CONNECTED
11-05 14:05:12.902 D/CompatibilityChangeReporter( 2151): Compat change id reported: 171979766; UID 10061; state: ENABLED
11-05 14:05:12.906 D/DnsManager( 476): sendDnsConfigurationForNetwork(100, [192.168.31.1], [], 1800, 25, 8, 64, 0, 0, , [])
11-05 14:05:12.915 D/WifiMemoryStoreImpl( 476): Set cluster Gabe13c965a62b18c for Wabe13c965a62b18c: SUCCESS
11-05 14:05:12.921 W/DnsManager( 476): updatePrivateDns(100, PrivateDnsConfig{true:/[]})
11-05 14:05:12.921 D/ConnectivityService( 476): Setting DNS servers for network 100 to [/192.168.31.1]
11-05 14:05:12.923 D/DnsManager( 476): sendDnsConfigurationForNetwork(100, [192.168.31.1], [], 1800, 25, 8, 64, 0, 0, , [192.168.31.1])
11-05 14:05:12.923 E/WifiHAL ( 662): wifi_get_link_stats: requestResponse Error:-5
11-05 14:05:12.925 W/resolv ( 241): Validating DnsTlsServer 192.168.31.1 with mark 0xf0064
11-05 14:05:12.927 W/resolv ( 241): Socket failed to connect: Network is unreachable
11-05 14:05:12.927 W/resolv ( 241): TCP Handshake failed: 101
11-05 14:05:12.927 W/resolv ( 241): query failed
11-05 14:05:12.927 W/resolv ( 241): validateDnsTlsServer returned 0 for 192.168.31.1
11-05 14:05:12.928 W/resolv ( 241): Validation failed
11-05 14:05:12.928 E/WifiVendorHal( 476): getWifiLinkLayerStats_1_5_Internal(l.1191) failed {.code = ERROR_INVALID_ARGS, .description = }
11-05 14:05:12.931 D/ConnectivityService( 476): Adding iface wlan0 to network 100
11-05 14:05:12.939 I/vold ( 183): Configuring read_ahead of /mnt/user/0/02E24445E2443EE3 fuse filesystem to 256kb
11-05 14:05:12.940 I/vold ( 183): Writing 256 to /sys/class/bdi/0:83/read_ahead_kb
11-05 14:05:12.940 I/vold ( 183): Configuring max_ratio of /mnt/user/0/02E24445E2443EE3 fuse filesystem to 40
11-05 14:05:12.940 I/vold ( 183): Writing 40 to /sys/class/bdi/0:83/max_ratio
11-05 14:05:12.943 I/StorageManagerService( 476): Mounted volume VolumeInfo{public:8,1}:
11-05 14:05:12.943 I/StorageManagerService( 476): type=PUBLIC diskId=disk:8,0 partGuid= mountFlags=VISIBLE mountUserId=0
11-05 14:05:12.943 I/StorageManagerService( 476): state=MOUNTED
11-05 14:05:12.943 I/StorageManagerService( 476): fsType=ntfs fsUuid=02E24445E2443EE3 fsLabel=meida
11-05 14:05:12.943 I/StorageManagerService( 476): path=/storage/02E24445E2443EE3 internalPath=/mnt/media_rw/02E24445E2443EE3
11-05 14:05:12.944 I/StorageSessionController( 476): Notifying volume state changed for session with id: public:8,1
11-05 14:05:12.945 D/ConnectivityService( 476): Setting DNS servers for network 100 to [/192.168.31.1]
11-05 14:05:12.946 D/DnsManager( 476): sendDnsConfigurationForNetwork(100, [192.168.31.1], [], 1800, 25, 8, 64, 0, 0, , [192.168.31.1])
11-05 14:05:12.948 W/resolv ( 241): Validating DnsTlsServer 192.168.31.1 with mark 0xf0064
11-05 14:05:12.956 W/resolv ( 241): SSL_connect ssl error =5, mark 0xf0064: Connection refused
11-05 14:05:12.956 W/resolv ( 241): TLS Handshake failed
11-05 14:05:12.957 W/resolv ( 241): query failed
11-05 14:05:12.957 W/resolv ( 241): validateDnsTlsServer returned 0 for 192.168.31.1
11-05 14:05:12.957 W/resolv ( 241): Validation failed
11-05 14:05:12.962 E/StorageManagerService( 476): Failed to notify volume state changed to the Storage Service
11-05 14:05:12.962 E/StorageManagerService( 476): com.android.server.storage.StorageSessionController$ExternalStorageServiceException: Failed to notify volume state changed for vol : StorageVolume: TOSHIBA U 盘
11-05 14:05:12.962 E/StorageManagerService( 476): at com.android.server.storage.StorageUserConnection$ActiveConnection.notifyVolumeStateChanged(StorageUserConnection.java:420)
11-05 14:05:12.962 E/StorageManagerService( 476): at com.android.server.storage.StorageUserConnection.notifyVolumeStateChanged(StorageUserConnection.java:131)
11-05 14:05:12.962 E/StorageManagerService( 476): at com.android.server.storage.StorageSessionController.notifyVolumeStateChanged(StorageSessionController.java:157)
11-05 14:05:12.962 E/StorageManagerService( 476): at com.android.server.StorageManagerService.onVolumeStateChangedAsync(StorageManagerService.java:1717)
11-05 14:05:12.962 E/StorageManagerService( 476): at com.android.server.StorageManagerService.access$2600(StorageManagerService.java:203)
11-05 14:05:12.962 E/StorageManagerService( 476): at com.android.server.StorageManagerService$StorageManagerServiceHandler.handleMessage(StorageManagerService.java:842)
11-05 14:05:12.962 E/StorageManagerService( 476): at android.os.Handler.dispatchMessage(Handler.java:106)
11-05 14:05:12.962 E/StorageManagerService( 476): at android.os.Looper.loopOnce(Looper.java:201)
11-05 14:05:12.962 E/StorageManagerService( 476): at android.os.Looper.loop(Looper.java:288)
11-05 14:05:12.962 E/StorageManagerService( 476): at android.os.HandlerThread.run(HandlerThread.java:67)
11-05 14:05:12.962 E/StorageManagerService( 476): Caused by: java.util.concurrent.ExecutionException: android.os.ParcelableException: java.lang.IllegalArgumentException
11-05 14:05:12.962 E/StorageManagerService( 476): at java.util.concurrent.CompletableFuture.reportGet(CompletableFuture.java:361)
11-05 14:05:12.962 E/StorageManagerService( 476): at java.util.concurrent.CompletableFuture.get(CompletableFuture.java:1943)
11-05 14:05:12.962 E/StorageManagerService( 476): at com.android.server.storage.StorageUserConnection$ActiveConnection.waitForAsync(StorageUserConnection.java:379)
11-05 14:05:12.962 E/StorageManagerService( 476): at com.android.server.storage.StorageUserConnection$ActiveConnection.waitForAsyncVoid(StorageUserConnection.java:358)
11-05 14:05:12.962 E/StorageManagerService( 476): at com.android.server.storage.StorageUserConnection$ActiveConnection.notifyVolumeStateChanged(StorageUserConnection.java:417)
11-05 14:05:12.962 E/StorageManagerService( 476): ... 9 more
11-05 14:05:12.962 E/StorageManagerService( 476): Caused by: android.os.ParcelableException: java.lang.IllegalArgumentException
11-05 14:05:12.962 E/StorageManagerService( 476): at android.os.ParcelableException$1.createFromParcel(ParcelableException.java:82)
11-05 14:05:12.962 E/StorageManagerService( 476): at android.os.ParcelableException$1.createFromParcel(ParcelableException.java:79)
11-05 14:05:12.962 E/StorageManagerService( 476): at android.os.Parcel.readParcelable(Parcel.java:3333)
11-05 14:05:12.962 E/StorageManagerService( 476): at android.os.Parcel.readValue(Parcel.java:3226)
11-05 14:05:12.962 E/StorageManagerService( 476): at android.os.Parcel.readArrayMapInternal(Parcel.java:3623)
11-05 14:05:12.962 E/StorageManagerService( 476): at android.os.BaseBundle.initializeFromParcelLocked(BaseBundle.java:292)
11-05 14:05:12.962 E/StorageManagerService( 476): at android.os.BaseBundle.unparcel(BaseBundle.java:236)
11-05 14:05:12.962 E/StorageManagerService( 476): at android.os.Bundle.getParcelable(Bundle.java:1002)
11-05 14:05:12.962 E/StorageManagerService( 476): at com.android.server.storage.StorageUserConnection$ActiveConnection.setResult(StorageUserConnection.java:448)
11-05 14:05:12.962 E/StorageManagerService( 476): at com.android.server.storage.StorageUserConnection$ActiveConnection.lambda$waitForAsyncVoid$0$StorageUserConnection$ActiveConnection(StorageUserConnection.java:356)
11-05 14:05:12.962 E/StorageManagerService( 476): at com.android.server.storage.StorageUserConnection$ActiveConnection$$ExternalSyntheticLambda0.onResult(Unknown Source:4)
11-05 14:05:12.962 E/StorageManagerService( 476): at android.os.RemoteCallback.sendResult(RemoteCallback.java:75)
11-05 14:05:12.962 E/StorageManagerService( 476): at android.os.RemoteCallback$1.sendResult(RemoteCallback.java:52)
11-05 14:05:12.962 E/StorageManagerService( 476): at android.os.IRemoteCallback$Stub.onTransact(IRemoteCallback.java:89)
11-05 14:05:12.962 E/StorageManagerService( 476): at android.os.Binder.execTransactInternal(Binder.java:1184)
11-05 14:05:12.962 E/StorageManagerService( 476): at android.os.Binder.execTransact(Binder.java:1143)
11-05 14:05:12.962 E/StorageManagerService( 476): Caused by: java.lang.IllegalArgumentException
11-05 14:05:12.962 E/StorageManagerService( 476): at java.lang.reflect.Constructor.newInstance0(Native Method)
11-05 14:05:12.962 E/StorageManagerService( 476): at java.lang.reflect.Constructor.newInstance(Constructor.java:343)
11-05 14:05:12.962 E/StorageManagerService( 476): at android.os.ParcelableException.readFromParcel(ParcelableException.java:56)
11-05 14:05:12.962 E/StorageManagerService( 476): ... 16 more
11-05 14:05:12.962 W/BestClock( 476): java.time.DateTimeException: Missing NTP fix
11-05 14:05:12.965 D/StorageNotification( 683): Notifying about public volume: VolumeInfo{public:8,1}:
11-05 14:05:12.965 D/StorageNotification( 683): type=PUBLIC diskId=disk:8,0 partGuid= mountFlags=VISIBLE mountUserId=0
11-05 14:05:12.965 D/StorageNotification( 683): state=UNMOUNTED
11-05 14:05:12.965 D/StorageNotification( 683): fsType=null fsUuid=null fsLabel=null
11-05 14:05:12.965 D/StorageNotification( 683): path=null internalPath=null
11-05 14:05:12.968 I/StorageSessionController( 476): Notifying volume state changed for session with id: public:8,1
11-05 14:05:12.972 I/ExternalStorageServiceImpl( 1024): Ignoring volume state for vol:null. State: checking
11-05 14:05:12.976 V/MediaStore( 1024): Examining volume emulated;0 with name external_primary and state mounted
11-05 14:05:12.976 V/MediaStore( 1024): Examining volume public:8,1 with name 02e24445e2443ee3 and state mounted
11-05 14:05:12.977 V/GraphicsEnvironment( 2151): ANGLE Developer option for 'com.android.remoteprovisioner' set to: 'default'
11-05 14:05:12.977 V/GraphicsEnvironment( 2151): Neither updatable production driver nor prerelease driver is supported.
11-05 14:05:12.979 D/NetworkSecurityConfig( 2151): No Network Security Config specified, using platform default
11-05 14:05:12.980 D/NetworkSecurityConfig( 2151): No Network Security Config specified, using platform default
11-05 14:05:12.982 I/RemoteProvisioningBootReceiver( 2151): Caught boot intent, waking up.
11-05 14:05:12.988 D/StorageNotification( 683): Notifying about public volume: VolumeInfo{public:8,1}:
11-05 14:05:12.988 D/StorageNotification( 683): type=PUBLIC diskId=disk:8,0 partGuid= mountFlags=VISIBLE mountUserId=0
11-05 14:05:12.988 D/StorageNotification( 683): state=CHECKING
11-05 14:05:12.988 D/StorageNotification( 683): fsType=null fsUuid=null fsLabel=null
11-05 14:05:12.988 D/StorageNotification( 683): path=null internalPath=null
11-05 14:05:12.989 W/IorapForwardingService( 476): No service published for: iorapd
11-05 14:05:12.997 I/RemoteProvisionerSettings( 2151): Setting ID
11-05 14:05:12.999 W/BestClock( 476): java.time.DateTimeException: Missing NTP fix
11-05 14:05:13.003 I/StorageSessionController( 476): Notifying volume state changed for session with id: public:8,1
11-05 14:05:13.006 W/BestClock( 476): java.time.DateTimeException: Missing NTP fix
11-05 14:05:13.007 W/BestClock( 476): java.time.DateTimeException: Missing NTP fix
11-05 14:05:13.018 D/ConnectivityService( 476): NetReassign [19 : null → 100, 3 : null → 100, 1 : null → 100, 21 : null → 100, 28 : null → 100, 17 : null → 100, 10 : null → 100, 23 : null → 100]
11-05 14:05:13.021 D/ConnectivityService( 476): Switching to new default network for: uid/pid:1000/476 activeRequest: 1 callbackRequest: 1 [NetworkRequest [ REQUEST id=1, [ Capabilities: INTERNET&NOT_RESTRICTED&TRUSTED&NOT_VPN&NOT_VCN_MANAGED RequestorUid: 1000 RequestorPkg: android] ]] callback flags: 1 priority: 2147483647 using NetworkAgentInfo{network{100} handle{432902426637} ni{WIFI CONNECTED extra: } Score(59 ; KeepConnected : 0 ; Policies : TRANSPORT_PRIMARY&IS_UNMETERED) lp{{InterfaceName: wlan0 LinkAddresses: [ fe80::2a8f:fa1b:a561:2d94/64,192.168.31.162/24 ] DnsAddresses: [ /192.168.31.1 ] Domains: null MTU: 0 ServerAddress: /192.168.31.1 TcpBufferSizes: 524288,1048576,2097152,262144,524288,1048576 Routes: [ fe80::/64 -> :: wlan0 mtu 0,192.168.31.0/24 -> 0.0.0.0 wlan0 mtu 0,0.0.0.0/0 -> 192.168.31.1 wlan0 mtu 0 ]}} nc{[ Transports: WIFI Capabilities: NOT_METERED&INTERNET&NOT_RESTRICTED&TRUSTED&NOT_VPN&NOT_ROAMING&FOREGROUND&NOT_CONGESTED&NOT_SUSPENDED&NOT_VCN_MANAGED LinkUpBandwidth>=12000Kbps LinkDnBandwidth>=30000Kbps Specifier: TransportInfo: SignalStrength: -71 OwnerUid: 10026 AdminUids: [10026] SSID: "red5"]}}
11-05 14:05:13.025 D/WifiClientModeImpl[wlan0]( 476): Received signal strength thresholds: []
11-05 14:05:13.028 D/NetworkMonitor/100( 760): Validation disabled.
11-05 14:05:13.033 E/WifiVendorHal( 476): stopRssiMonitoring(l.2617) failed {.code = ERROR_NOT_AVAILABLE, .description = }
11-05 14:05:13.034 D/ConnectivityService( 476): requestNetwork for uid/pid:1000/476 asUid: 10061 activeRequest: null callbackRequest: 29 [NetworkRequest [ REQUEST id=30, [ Capabilities: INTERNET&NOT_RESTRICTED&TRUSTED&NOT_VCN_MANAGED Uid: 10061 RequestorUid: 1000 RequestorPkg: android] ]] callback flags: 0 priority: 2147483647
11-05 14:05:13.038 W/BestClock( 476): java.time.DateTimeException: Missing NTP fix
11-05 14:05:13.043 V/MediaStore( 1024): Examining volume emulated;0 with name external_primary and state mounted
11-05 14:05:13.045 V/MediaStore( 1024): Examining volume public:8,1 with name 02e24445e2443ee3 and state mounted
11-05 14:05:13.049 I/ActivityManager( 476): com.android.shell is exempt from freezer
11-05 14:05:13.050 D/CompatibilityChangeReporter( 476): Compat change id reported: 135634846; UID 2000; state: DISABLED
11-05 14:05:13.051 D/CompatibilityChangeReporter( 476): Compat change id reported: 177438394; UID 2000; state: DISABLED
11-05 14:05:13.052 D/CompatibilityChangeReporter( 476): Compat change id reported: 135772972; UID 2000; state: DISABLED
11-05 14:05:13.052 D/CompatibilityChangeReporter( 476): Compat change id reported: 135754954; UID 2000; state: ENABLED
11-05 14:05:13.059 D/StorageManagerService( 476): Volume public:8,1 broadcasting checking to UserHandle{0}
11-05 14:05:13.061 D/installd( 355): Found quota mount /dev/block/by-name/userdata at /data
11-05 14:05:13.062 D/installd( 355): Found quota mount /dev/block/by-name/userdata at /data/user/0
11-05 14:05:13.062 D/installd( 355): Found quota mount /dev/block/by-name/userdata at /mnt/pass_through/0/emulated
11-05 14:05:13.062 D/installd( 355): Found quota mount /dev/block/by-name/userdata at /mnt/user/0/emulated/0/Android/data
11-05 14:05:13.062 D/installd( 355): Found quota mount /dev/block/by-name/userdata at /storage/emulated/0/Android/data
11-05 14:05:13.062 D/installd( 355): Found quota mount /dev/block/by-name/userdata at /mnt/androidwritable/0/emulated/0/Android/data
11-05 14:05:13.062 D/installd( 355): Found quota mount /dev/block/by-name/userdata at /mnt/installer/0/emulated/0/Android/data
11-05 14:05:13.062 D/installd( 355): Found quota mount /dev/block/by-name/userdata at /mnt/user/0/emulated/0/Android/obb
11-05 14:05:13.062 D/installd( 355): Found quota mount /dev/block/by-name/userdata at /storage/emulated/0/Android/obb
11-05 14:05:13.062 D/installd( 355): Found quota mount /dev/block/by-name/userdata at /mnt/androidwritable/0/emulated/0/Android/obb
11-05 14:05:13.062 D/installd( 355): Found quota mount /dev/block/by-name/userdata at /mnt/installer/0/emulated/0/Android/obb
11-05 14:05:13.064 D/installd( 355): Found storage mount /dev/block/by-name/userdata at /mnt/pass_through/0/emulated
11-05 14:05:13.064 D/installd( 355): Found storage mount /dev/block/vold/public:8,1 at /mnt/pass_through/0/02E24445E2443EE3
11-05 14:05:13.064 D/installd( 355): Found storage mount at /mnt/pass_through/0/02E24445E2443EE3
11-05 14:05:13.068 D/StorageNotification( 683): Notifying about public volume: VolumeInfo{public:8,1}:
11-05 14:05:13.068 D/StorageNotification( 683): type=PUBLIC diskId=disk:8,0 partGuid= mountFlags=VISIBLE mountUserId=0
11-05 14:05:13.068 D/StorageNotification( 683): state=MOUNTED
11-05 14:05:13.068 D/StorageNotification( 683): fsType=ntfs fsUuid=02E24445E2443EE3 fsLabel=meida
11-05 14:05:13.068 D/StorageNotification( 683): path=/storage/02E24445E2443EE3 internalPath=/mnt/media_rw/02E24445E2443EE3
11-05 14:05:13.069 W/UnsafeUtil( 760): platform method missing - proto runtime falling back to safer methods: java.lang.NoSuchMethodException: sun.misc.Unsafe.copyMemory [class java.lang.Object, long, class java.lang.Object, long, long]
11-05 14:05:13.069 D/StorageManagerService( 476): Volume public:8,1 broadcasting mounted to UserHandle{0}
11-05 14:05:13.071 E/hq ( 1089): USBReceiver:::USBReceiver onReceive: action=android.intent.action.MEDIA_MOUNTED
11-05 14:05:13.072 W/BestClock( 476): java.time.DateTimeException: Missing NTP fix
11-05 14:05:13.074 D/music_MusicApp( 1558): received action: android.intent.action.MEDIA_MOUNTED
11-05 14:05:13.075 W/BestClock( 476): java.time.DateTimeException: Missing NTP fix
11-05 14:05:13.075 W/BestClock( 476): java.time.DateTimeException: Missing NTP fix
11-05 14:05:13.082 V/MediaStore( 1024): Examining volume emulated;0 with name external_primary and state mounted
11-05 14:05:13.082 V/MediaStore( 1024): Examining volume public:8,1 with name 02e24445e2443ee3 and state mounted
11-05 14:05:13.082 D/Zygote ( 242): Forked child process 2177
11-05 14:05:13.090 D/UpstreamNetworkMonitor( 760): New default Internet network: 100
11-05 14:05:13.091 I/Zygote ( 2177): seccomp disabled by setenforce 0
11-05 14:05:13.093 D/NetworkTimeUpdateService( 476): New default network 100; checking time.
11-05 14:05:13.097 I/ActivityManager( 476): app.processName = com.android.shell
11-05 14:05:13.097 I/ActivityManager( 476): Start proc 2177:com.android.shell/2000 for broadcast {com.android.shell/com.android.shell.HeapDumpReceiver}
11-05 14:05:13.115 V/MediaStore( 1024): Examining volume emulated;0 with name external_primary and state mounted
11-05 14:05:13.115 V/MediaStore( 1024): Examining volume public:8,1 with name 02e24445e2443ee3 and state mounted
11-05 14:05:13.127 W/BestClock( 476): java.time.DateTimeException: Missing NTP fix
11-05 14:05:13.133 D/ConnectivityService( 476): Sending CONNECTED broadcast for type 1 [100 WIFI] isDefaultNetwork=true
11-05 14:05:13.133 I/adbd ( 394): jdwp connection from 2177
11-05 14:05:13.135 W/ContextImpl( 476): Calling a method in the system process without a qualified user: android.app.ContextImpl.sendStickyBroadcast:1559 com.android.server.ConnectivityService.sendStickyBroadcast:2884 com.android.server.ConnectivityService.sendGeneralBroadcast:2859 com.android.server.ConnectivityService.sendConnectedBroadcast:2832 com.android.server.ConnectivityService.sendLegacyNetworkBroadcast:8784
11-05 14:05:13.142 D/RockyReceiver( 1469): action: android.net.conn.CONNECTIVITY_CHANGE
11-05 14:05:13.143 E/hq ( 1089): NetWorkStateReceiver:::NetWorkStateReceiver onReceive: 网络变化广播 >>>> intent.action=android.net.conn.CONNECTIVITY_CHANGE
11-05 14:05:13.144 D/aaa ( 1097): action:android.net.conn.CONNECTIVITY_CHANGE
11-05 14:05:13.148 E/hq ( 1089): NetWorkStateReceiver:::Network is available. isConnect=false 是否频次过快=false t=1762322713148
11-05 14:05:13.148 W/eventbuscore( 1089): post Event:com.dangbei.leard.base.entity.event.NetStateEvent
11-05 14:05:13.149 D/AppManager( 1089): requestBlackAndWhiteList
11-05 14:05:13.149 D/AppListModel( 1089): requestAppFilterList: true , false
11-05 14:05:13.150 W/eventbuscore( 1089): post Event:com.dangbei.leard.base.entity.event.NetChangeEvent
11-05 14:05:13.150 D/QuickLifeImpl( 1047): onReceive intent : Intent { act=android.net.conn.CONNECTIVITY_CHANGE flg=0x4200010 (has extras) }
11-05 14:05:13.153 E/ConnectivityService( 476): Exception = android.content.pm.PackageManager$NameNotFoundException: android.net.cts
11-05 14:05:13.157 I/hq ( 1089): hq:::curl -X GET "https://ottdbui-tyapiqun7.yysh.mgtv.com/v1/agile/navData?id=npXG6XFsC68%3D&pageId=wlTE9dDRT%2Fs%3D&type=9iufia7Yzl8Znaq3teJVjA%3D%3D&rommodelnumber=40I2XonQAUU%3D&cpuserial=PlZpqfc1JpxOOZ0anAV38AcloAYinsDQ&pattern=4Beei9NZNdo%3D&rommodel=Pqlpla5YRarwmFg%2B5VG%2FRQ%3D%3D&sn=ia%2FaFKiHtUJo0HCvzs4gKS1PBA%2F2QVm5&lang=vT%2FCsDI%2Fr10%3D&brand=elfd%2FN0Mw6U%3D&theme=L%2B%2FPU%2FFQgEY%3D&vcode=o%2BppAkqptlQ%3D&vname=oql4Ml1tHJc%3D&license=Hs4jp68qr9I%3D&channel=TIQ8TWTDuwcufJjk0AcBhA%3D%3D&packagename=qzBdBNULiCmiu3CIMurjL7PIryC36aZ2YdCJzQtyjcQ%3D&romvercode=BhA8%2F38Giec%3D&romvername=UDOuEwwco6o%3D&network=4Beei9NZNdo%3D&deviceEid=uSuGjXxL1dquKF1QG%2BzuNgcKc1GMhNRjqypkEmW7WV4lQRKF1DwATA%3D%3D&mac=iP4TVZLko9UsEdSbENu6i8HfL7VxZFhy&userid=pctYUOG3RH0%3D"
11-05 14:05:13.165 D/TheRouter::RouterInject( 1089): interception::===interface com.dangbei.leard.protocol.weather.CalendarManagerInterface===CalendarManager220976574
11-05 14:05:13.166 D/yc_test ( 1089): refreshWeather: null
11-05 14:05:13.167 I/hq ( 1089): hq:::curl -X POST -H "Content-Type:application/x-www-form-urlencoded" -d 'packs=qzBdBNULiCnHAoW8XF%2BEK2t90gkBGWWjJzvwYyU9azA%2F2dwklcZIUPEkPJcWvEPPvV1g%2FRDxUlNqCt1Bpes33CtZkhnzmxyYKh6Sl0uKyrE4Y4bY9Ee%2BrKcMNT3qraAfPXHfC3bv9S8V0m4ogZRAP0DBKlj6WTRoTQ8WpEhvk%2FFz6pvfE3IamcPt4bQV73FesMLQg5D8qNniu8rsCawVMg%3D%3D&rommodelnumber=40I2XonQAUU%3D&cpuserial=PlZpqfc1JpxOOZ0anAV38AcloAYinsDQ&pattern=4Beei9NZNdo%3D&rommodel=Pqlpla5YRarwmFg%2B5VG%2FRQ%3D%3D&sn=ia%2FaFKiHtUJo0HCvzs4gKS1PBA%2F2QVm5&lang=vT%2FCsDI%2Fr10%3D&brand=elfd%2FN0Mw6U%3D&theme=L%2B%2FPU%2FFQgEY%3D&vcode=o%2BppAkqptlQ%3D&vname=oql4Ml1tHJc%3D&license=Hs4jp68qr9I%3D&channel=TIQ8TWTDuwcufJjk0AcBhA%3D%3D&packagename=qzBdBNULiCmiu3CIMurjL7PIryC36aZ2YdCJzQtyjcQ%3D&romvercode=BhA8%2F38Giec%3D&romvername=UDOuEwwco6o%3D&network=4Beei9NZNdo%3D&deviceEid=uSuGjXxL1dquKF1QG%2BzuNgcKc1GMhNRjqypkEmW7WV4lQRKF1DwATA%3D%3D&mac=iP4TVZLko9UsEdSbENu6i8HfL7VxZFhy&userid=pctYUOG3RH0%3D' "https://ottdbui-tyapiqun7.yysh.mgtv.com/v1/nav/checkupdate"
11-05 14:05:13.189 D/QuickLifeImpl( 1047): networkInfo = [type: WIFI[], state: CONNECTED/CONNECTED, reason: (unspecified), extra: , failover: false, available: true, roaming: false]
11-05 14:05:13.189 D/QuickLifeImpl( 1047): network connected
11-05 14:05:13.190 W/BestClock( 476): java.time.DateTimeException: Missing NTP fix
11-05 14:05:13.191 W/BestClock( 476): java.time.DateTimeException: Missing NTP fix
11-05 14:05:13.194 E/DangXiaoBeiManager( 1089): setMessageList: true
11-05 14:05:13.195 D/CompatibilityChangeReporter( 476): Compat change id reported: 149924527; UID 10024; state: ENABLED
11-05 14:05:13.197 I/Receiver( 1469): 网络连接成功
11-05 14:05:13.202 E/hq ( 1089): 当小贝:::message list add complete data.messageList:[]
11-05 14:05:13.202 E/hq ( 1089): data.tabList=[]
11-05 14:05:13.202 D/QuickLifeImpl( 1047): updateConditionValue key = DANGBEI_NETWORK_CONNECT; value = 1
11-05 14:05:13.203 D/CompatibilityChangeReporter( 476): Compat change id reported: 132649864; UID 10024; state: DISABLED
11-05 14:05:13.205 I/hq ( 1089): 当小贝:::showMessage from=net_change
11-05 14:05:13.209 I/hq ( 1089): hq:::curl -X GET "https://ottdbui-tyapiqun7.yysh.mgtv.com/v1/agile/navList?rommodelnumber=40I2XonQAUU%3D&cpuserial=PlZpqfc1JpxOOZ0anAV38AcloAYinsDQ&pattern=4Beei9NZNdo%3D&rommodel=Pqlpla5YRarwmFg%2B5VG%2FRQ%3D%3D&sn=ia%2FaFKiHtUJo0HCvzs4gKS1PBA%2F2QVm5&lang=vT%2FCsDI%2Fr10%3D&brand=elfd%2FN0Mw6U%3D&theme=L%2B%2FPU%2FFQgEY%3D&vcode=o%2BppAkqptlQ%3D&vname=oql4Ml1tHJc%3D&license=Hs4jp68qr9I%3D&channel=TIQ8TWTDuwcufJjk0AcBhA%3D%3D&packagename=qzBdBNULiCmiu3CIMurjL7PIryC36aZ2YdCJzQtyjcQ%3D&romvercode=BhA8%2F38Giec%3D&romvername=UDOuEwwco6o%3D&network=4Beei9NZNdo%3D&deviceEid=uSuGjXxL1dquKF1QG%2BzuNgcKc1GMhNRjqypkEmW7WV4lQRKF1DwATA%3D%3D&mac=iP4TVZLko9UsEdSbENu6i8HfL7VxZFhy&userid=pctYUOG3RH0%3D"
11-05 14:05:13.212 I/hq ( 1089): 当小贝:::showMessage 没有消息需要显示
11-05 14:05:13.219 I/hq ( 1089): hq:::curl -X GET "https://ottdbui-tyapiqun7.yysh.mgtv.com/v1/core/appListArr?rommodelnumber=40I2XonQAUU%3D&cpuserial=PlZpqfc1JpxOOZ0anAV38AcloAYinsDQ&pattern=4Beei9NZNdo%3D&rommodel=Pqlpla5YRarwmFg%2B5VG%2FRQ%3D%3D&sn=ia%2FaFKiHtUJo0HCvzs4gKS1PBA%2F2QVm5&lang=vT%2FCsDI%2Fr10%3D&brand=elfd%2FN0Mw6U%3D&theme=L%2B%2FPU%2FFQgEY%3D&vcode=o%2BppAkqptlQ%3D&vname=oql4Ml1tHJc%3D&license=Hs4jp68qr9I%3D&channel=TIQ8TWTDuwcufJjk0AcBhA%3D%3D&packagename=qzBdBNULiCmiu3CIMurjL7PIryC36aZ2YdCJzQtyjcQ%3D&romvercode=BhA8%2F38Giec%3D&romvername=UDOuEwwco6o%3D&network=4Beei9NZNdo%3D&deviceEid=uSuGjXxL1dquKF1QG%2BzuNgcKc1GMhNRjqypkEmW7WV4lQRKF1DwATA%3D%3D&mac=iP4TVZLko9UsEdSbENu6i8HfL7VxZFhy&userid=pctYUOG3RH0%3D"
