11-05 14:07:31.296 D/ConnectivityService( 476): NetReassign [no changes]
11-05 14:07:31.454 I/BLEAudioDrive_HV410( 247): data len: 9 1
11-05 14:07:31.455 D/TvWindowManager( 476): key event key = KEYCODE_DPAD_UP down = true
11-05 14:07:31.464 D/GpioService( 476): mFlickerEnable = true
11-05 14:07:31.466 I/SogouIME( 2721): onKeyDown: keyoCode=19
11-05 14:07:31.466 I/DefaultIMS( 2721): onKeyDown: keyoCode=19
11-05 14:07:31.483 I/DefaultIMS( 2721): onStartInput attribute=android.view.inputmethod.EditorInfo@fb645bc restarting=false inputType: 0
11-05 14:07:31.620 I/BLEAudioDrive_HV410( 247): data len: 9 1
11-05 14:07:31.620 I/BLEAudioDrive_HV410( 247): keyboard stop
11-05 14:07:31.620 D/TvWindowManager( 476): key event key = KEYCODE_DPAD_UP down = false
11-05 14:07:31.623 I/SogouIME( 2721): onKeyUp: keyoCode=19
11-05 14:07:31.623 I/DefaultIMS( 2721): onKeyUp: keyoCode=19
11-05 14:07:31.676 E/ccc ( 1047): cccccc led current is 100 标准
11-05 14:07:31.828 D/hdmi-cec( 260): receive invalid cec message!
11-05 14:07:31.828 D/hdmi-cec( 260): receive poll message [04], skip!
11-05 14:07:32.040 I/BLEAudioDrive_HV410( 247): data len: 9 1
11-05 14:07:32.040 D/TvWindowManager( 476): key event key = KEYCODE_DPAD_LEFT down = true
11-05 14:07:32.051 D/GpioService( 476): mFlickerEnable = true
11-05 14:07:32.053 I/SogouIME( 2721): onKeyDown: keyoCode=21
11-05 14:07:32.053 I/DefaultIMS( 2721): onKeyDown: keyoCode=21
11-05 14:07:32.058 I/DefaultIMS( 2721): onStartInput attribute=android.view.inputmethod.EditorInfo@b90d0f2 restarting=false inputType: 0
11-05 14:07:32.150 I/FuseDaemon( 1024): Background concurrent copying GC freed 73182(4220KB) AllocSpace objects, 0(0B) LOS objects, 49% free, 4217KB/8434KB, paused 245us total 119.779ms
11-05 14:07:32.189 I/BLEAudioDrive_HV410( 247): data len: 9 1
11-05 14:07:32.190 I/BLEAudioDrive_HV410( 247): keyboard stop
11-05 14:07:32.190 D/TvWindowManager( 476): key event key = KEYCODE_DPAD_LEFT down = false
11-05 14:07:32.197 I/SogouIME( 2721): onKeyUp: keyoCode=21
11-05 14:07:32.197 I/DefaultIMS( 2721): onKeyUp: keyoCode=21
11-05 14:07:32.294 W/IorapForwardingService( 476): No service published for: iorapd
11-05 14:07:32.384 I/ModuleDataForwa( 3324): type=1400 audit(0.0:1353): avc: denied { lock } for path="/data/user/0/com.dangbei.screencast/files/TD__Env_Synchronous_Lock__" dev="mmcblk0p25" ino=2653 scontext=u:r:platform_app:s0:c512,c768 tcontext=u:object_r:app_data_file:s0:c512,c768 tclass=file permissive=1 app=com.dangbei.screencast
11-05 14:07:32.429 I/BLEAudioDrive_HV410( 247): data len: 9 1
11-05 14:07:32.430 D/TvWindowManager( 476): key event key = KEYCODE_DPAD_DOWN down = true
11-05 14:07:32.440 D/GpioService( 476): mFlickerEnable = true
11-05 14:07:32.565 I/BLEAudioDrive_HV410( 247): data len: 9 1
11-05 14:07:32.565 I/BLEAudioDrive_HV410( 247): keyboard stop
11-05 14:07:32.565 D/TvWindowManager( 476): key event key = KEYCODE_DPAD_DOWN down = false
11-05 14:07:32.581 D/GpioService( 476): mFlickerEnable = true
11-05 14:07:32.583 I/SogouIME( 2721): onKeyDown: keyoCode=20
11-05 14:07:32.583 I/DefaultIMS( 2721): onKeyDown: keyoCode=20
11-05 14:07:32.588 I/SogouIME( 2721): onKeyUp: keyoCode=20
11-05 14:07:32.588 I/DefaultIMS( 2721): onKeyUp: keyoCode=20
11-05 14:07:32.608 I/DefaultIMS( 2721): onStartInput attribute=android.view.inputmethod.EditorInfo@459edb5 restarting=false inputType: 0
11-05 14:07:32.655 I/BLEAudioDrive_HV410( 247): data len: 9 1
11-05 14:07:32.655 D/TvWindowManager( 476): key event key = KEYCODE_DPAD_DOWN down = true
11-05 14:07:32.659 D/GpioService( 476): mFlickerEnable = true
11-05 14:07:32.760 I/BLEAudioDrive_HV410( 247): data len: 9 1
11-05 14:07:32.760 I/BLEAudioDrive_HV410( 247): keyboard stop
11-05 14:07:32.760 D/TvWindowManager( 476): key event key = KEYCODE_DPAD_DOWN down = false
11-05 14:07:32.805 D/GpioService( 476): mFlickerEnable = true
11-05 14:07:32.808 I/SogouIME( 2721): onKeyDown: keyoCode=20
11-05 14:07:32.808 I/DefaultIMS( 2721): onKeyDown: keyoCode=20
11-05 14:07:32.813 I/SogouIME( 2721): onKeyUp: keyoCode=20
11-05 14:07:32.813 I/DefaultIMS( 2721): onKeyUp: keyoCode=20
11-05 14:07:32.833 I/DefaultIMS( 2721): onStartInput attribute=android.view.inputmethod.EditorInfo@588b031 restarting=false inputType: 0
11-05 14:07:33.105 W/ZramWriteback( 476): Writeback device is not set
11-05 14:07:33.105 D/ZramWriteback( 476): wait to flush
11-05 14:07:33.135 I/BLEAudioDrive_HV410( 247): data len: 9 1
11-05 14:07:33.135 D/TvWindowManager( 476): key event key = KEYCODE_DPAD_CENTER down = true
11-05 14:07:33.149 D/GpioService( 476): mFlickerEnable = true
11-05 14:07:33.270 I/BLEAudioDrive_HV410( 247): data len: 9 1
11-05 14:07:33.270 I/BLEAudioDrive_HV410( 247): keyboard stop
11-05 14:07:33.270 D/TvWindowManager( 476): key event key = KEYCODE_DPAD_CENTER down = false
11-05 14:07:33.286 D/GpioService( 476): mFlickerEnable = true
11-05 14:07:33.288 I/SogouIME( 2721): onKeyDown: keyoCode=23
11-05 14:07:33.288 I/DefaultIMS( 2721): onKeyDown: keyoCode=23
11-05 14:07:33.291 I/SogouIME( 2721): onKeyUp: keyoCode=23
11-05 14:07:33.291 I/DefaultIMS( 2721): onKeyUp: keyoCode=23
11-05 14:07:33.296 W/IorapForwardingService( 476): No service published for: iorapd
11-05 14:07:33.319 I/DefaultIMS( 2721): onStartInput attribute=android.view.inputmethod.EditorInfo@9db6f0 restarting=false inputType: 0
11-05 14:07:33.358 I/DefaultIMS( 2721): onStartInput attribute=android.view.inputmethod.EditorInfo@3c1c5ab restarting=false inputType: 0
11-05 14:07:34.034 I/BLEAudioDrive_HV410( 247): data len: 9 1
11-05 14:07:34.035 D/TvWindowManager( 476): key event key = KEYCODE_DPAD_DOWN down = true
11-05 14:07:34.045 D/GpioService( 476): mFlickerEnable = true
11-05 14:07:34.080 I/BLEAudioDrive_HV410( 247): data len: 9 1
11-05 14:07:34.080 I/BLEAudioDrive_HV410( 247): keyboard stop
11-05 14:07:34.080 D/TvWindowManager( 476): key event key = KEYCODE_DPAD_DOWN down = false
11-05 14:07:34.184 I/BLEAudioDrive_HV410( 247): data len: 9 1
11-05 14:07:34.185 D/TvWindowManager( 476): key event key = KEYCODE_DPAD_DOWN down = true
11-05 14:07:34.186 D/GpioService( 476): mFlickerEnable = true
11-05 14:07:34.188 I/SogouIME( 2721): onKeyDown: keyoCode=20
11-05 14:07:34.188 I/DefaultIMS( 2721): onKeyDown: keyoCode=20
11-05 14:07:34.201 I/DefaultIMS( 2721): onStartInput attribute=android.view.inputmethod.EditorInfo@9f3b052 restarting=false inputType: 0
11-05 14:07:34.289 I/BLEAudioDrive_HV410( 247): data len: 9 1
11-05 14:07:34.289 I/BLEAudioDrive_HV410( 247): keyboard stop
11-05 14:07:34.290 D/TvWindowManager( 476): key event key = KEYCODE_DPAD_DOWN down = false
11-05 14:07:34.297 W/IorapForwardingService( 476): No service published for: iorapd
11-05 14:07:34.302 E/WifiHAL ( 662): wifi_get_link_stats: requestResponse Error:-5
11-05 14:07:34.305 E/WifiVendorHal( 476): getWifiLinkLayerStats_1_5_Internal(l.1191) failed {.code = ERROR_INVALID_ARGS, .description = }
11-05 14:07:34.312 D/ConnectivityService( 476): NetReassign [no changes]
11-05 14:07:34.337 I/SogouIME( 2721): onKeyUp: keyoCode=20
11-05 14:07:34.337 D/GpioService( 476): mFlickerEnable = true
11-05 14:07:34.337 I/DefaultIMS( 2721): onKeyUp: keyoCode=20
11-05 14:07:34.341 I/SogouIME( 2721): onKeyDown: keyoCode=20
11-05 14:07:34.341 I/DefaultIMS( 2721): onKeyDown: keyoCode=20
11-05 14:07:34.346 I/SogouIME( 2721): onKeyUp: keyoCode=20
11-05 14:07:34.346 I/DefaultIMS( 2721): onKeyUp: keyoCode=20
11-05 14:07:34.370 I/DefaultIMS( 2721): onStartInput attribute=android.view.inputmethod.EditorInfo@de73f23 restarting=false inputType: 0
11-05 14:07:34.469 I/BLEAudioDrive_HV410( 247): data len: 9 1
11-05 14:07:34.469 D/TvWindowManager( 476): key event key = KEYCODE_DPAD_DOWN down = true
11-05 14:07:34.477 D/GpioService( 476): mFlickerEnable = true
11-05 14:07:34.540 I/efs.base( 3149): wa upload succ, HttpResponse {succ=true, code=200, data='暂不支持该服务', extra={req_url=https://errlog.umeng.com/api/crashsdk/logcollect}}
11-05 14:07:34.590 I/BLEAudioDrive_HV410( 247): data len: 9 1
11-05 14:07:34.590 I/BLEAudioDrive_HV410( 247): keyboard stop
11-05 14:07:34.590 D/TvWindowManager( 476): key event key = KEYCODE_DPAD_DOWN down = false
11-05 14:07:34.610 D/bbb ( 1174): onStartCommand begin !!!!!!! data分区剩余 24986MB
11-05 14:07:34.612 D/aaa ( 1097): LedStatusService onStartCommand begin
11-05 14:07:34.618 D/aaa ( 1097): topPkg is -------------- :com.dangbei.haqusetting
11-05 14:07:34.620 D/GpioService( 476): mFlickerEnable = true
11-05 14:07:34.622 I/SogouIME( 2721): onKeyDown: keyoCode=20
11-05 14:07:34.622 I/DefaultIMS( 2721): onKeyDown: keyoCode=20
11-05 14:07:34.629 I/SogouIME( 2721): onKeyUp: keyoCode=20
11-05 14:07:34.629 I/DefaultIMS( 2721): onKeyUp: keyoCode=20
11-05 14:07:34.650 I/DefaultIMS( 2721): onStartInput attribute=android.view.inputmethod.EditorInfo@8c4bc20 restarting=false inputType: 0
11-05 14:07:35.300 W/IorapForwardingService( 476): No service published for: iorapd
11-05 14:07:35.355 I/BLEAudioDrive_HV410( 247): data len: 9 1
11-05 14:07:35.356 D/TvWindowManager( 476): key event key = KEYCODE_DPAD_UP down = true
11-05 14:07:35.367 D/GpioService( 476): mFlickerEnable = true
11-05 14:07:35.368 I/SogouIME( 2721): onKeyDown: keyoCode=19
11-05 14:07:35.369 I/DefaultIMS( 2721): onKeyDown: keyoCode=19
11-05 14:07:35.380 I/DefaultIMS( 2721): onStartInput attribute=android.view.inputmethod.EditorInfo@f43316f restarting=false inputType: 0
11-05 14:07:35.534 I/BLEAudioDrive_HV410( 247): data len: 9 1
11-05 14:07:35.535 I/BLEAudioDrive_HV410( 247): keyboard stop
11-05 14:07:35.535 D/TvWindowManager( 476): key event key = KEYCODE_DPAD_UP down = false
11-05 14:07:35.538 I/SogouIME( 2721): onKeyUp: keyoCode=19
11-05 14:07:35.539 I/DefaultIMS( 2721): onKeyUp: keyoCode=19
11-05 14:07:35.568 I/FuseDaemon( 1024): Background concurrent copying GC freed 77210(4444KB) AllocSpace objects, 0(0B) LOS objects, 49% free, 4279KB/8558KB, paused 197us total 119.345ms
11-05 14:07:35.699 I/BLEAudioDrive_HV410( 247): data len: 9 1
11-05 14:07:35.700 D/TvWindowManager( 476): key event key = KEYCODE_DPAD_CENTER down = true
11-05 14:07:35.710 D/GpioService( 476): mFlickerEnable = true
11-05 14:07:35.850 D/GpioService( 476): mFlickerEnable = true
11-05 14:07:35.852 I/SogouIME( 2721): onKeyDown: keyoCode=23
11-05 14:07:35.852 I/DefaultIMS( 2721): onKeyDown: keyoCode=23
11-05 14:07:35.864 I/BLEAudioDrive_HV410( 247): data len: 9 1
11-05 14:07:35.864 I/BLEAudioDrive_HV410( 247): keyboard stop
11-05 14:07:35.865 D/TvWindowManager( 476): key event key = KEYCODE_DPAD_CENTER down = false
11-05 14:07:35.869 I/SogouIME( 2721): onKeyUp: keyoCode=23
11-05 14:07:35.869 I/DefaultIMS( 2721): onKeyUp: keyoCode=23
11-05 14:07:35.880 D/audio_hw_primary( 247): Mic get_audio_devices_active:
11-05 14:07:35.880 D/audio_hw_primary( 247): get_audio_devices_active: AUDIO_SPDIF
11-05 14:07:35.881 D/xm_audio( 247): adev_get_parameters
11-05 14:07:35.881 I/hash_map_utils( 264): system/bt/osi/src/hash_map_utils.cc:81 hash_map_utils_dump_string_keys_string_values: key: 'audio_devices_out_active' value: ''
11-05 14:07:35.882 D/AudioManagerEx( 1047): type audio_devices_out_active list AUDIO_SPDIF=
11-05 14:07:35.883 D/AudioManagerEx( 1047): state=audio_devices_out_active,dev=[AUDIO_HDMI]
11-05 14:07:35.885 D/AudioManagerEx( 1047): enablePassThrough = true
11-05 14:07:35.886 D/AudioManagerEx( 1047): Hdmi status true,true,1
11-05 14:07:35.886 D/AudioManagerEx( 1047): HDMI AUDIO_HDMI
11-05 14:07:35.886 D/AudioManagerEx( 1047): AUDIO_NAME_HDMI
11-05 14:07:35.892 V/audio_hw_primary( 247): adev_set_parameters, mediasw.sft.rawdata=HDMI_RAW
11-05 14:07:35.896 D/AudioManagerEx( 1047): audio=AUDIO_HDMI
11-05 14:07:35.897 V/audio_hw_primary( 247): adev_set_parameters, audio_devices_out_active=AUDIO_HDMI
11-05 14:07:35.897 V/audio_hw_primary( 247): out AUDIO_PARAMETER_DEVICES_OUT_ACTIVE: AUDIO_HDMI
11-05 14:07:35.911 V/audio_hw_primary( 247): set property persist.vendor.audio.output.active: AUDIO_HDMI ok
11-05 14:07:35.912 V/audio_hw_primary( 247): AUDIO_HDMI output device will be active
11-05 14:07:35.912 D/audio_hw_primary( 247): start_output_stream out->format : 0x00000000
11-05 14:07:35.912 V/audio_hw_primary( 247): start_output_stream, line: 1503
11-05 14:07:35.912 V/audio_hw_primary( 247): use AUDIO_HDMI to playback audio
11-05 14:07:35.912 D/audio_hw_primary( 247): open card=3, port=0
11-05 14:07:35.912 D/audio_hw_primary( 247): config:2 44100 960 2 0 5760 1 0
11-05 14:07:35.912 D/audio_hw_primary( 247): set_raw_flag(card=3, raw_flag=1)
11-05 14:07:35.913 D/audio_hw_primary( 247): set_raw_flag control_name = audio data format control_value PCM)
11-05 14:07:35.916 V/audio_hw_primary( 247): do not use out resampler
11-05 14:07:35.919 D/AudioManagerEx( 1047): Update Settings.System.AUDIO_OUTPUT_CHANNEL, now save audio is AUDIO_HDMI
11-05 14:07:35.938 D/AudioFlinger( 264): mixer(0xf58ddf00) throttle end: throttle time(9)
11-05 14:07:35.960 D/UtilLog ( 2389): 日志批量上报 进行正常循环 !!!!!!本次有0次请求,共0条数据
11-05 14:07:36.284 I/BLEAudioDrive_HV410( 247): data len: 9 1
11-05 14:07:36.285 D/TvWindowManager( 476): key event key = KEYCODE_DPAD_DOWN down = true
11-05 14:07:36.296 D/GpioService( 476): mFlickerEnable = true
11-05 14:07:36.302 W/IorapForwardingService( 476): No service published for: iorapd
11-05 14:07:36.434 I/BLEAudioDrive_HV410( 247): data len: 9 1
11-05 14:07:36.434 I/BLEAudioDrive_HV410( 247): keyboard stop
11-05 14:07:36.435 D/TvWindowManager( 476): key event key = KEYCODE_DPAD_DOWN down = false
11-05 14:07:36.435 D/GpioService( 476): mFlickerEnable = true
11-05 14:07:36.436 I/SogouIME( 2721): onKeyDown: keyoCode=20
11-05 14:07:36.437 I/DefaultIMS( 2721): onKeyDown: keyoCode=20
11-05 14:07:36.449 I/SogouIME( 2721): onKeyUp: keyoCode=20
11-05 14:07:36.450 I/DefaultIMS( 2721): onKeyUp: keyoCode=20
11-05 14:07:36.456 I/DefaultIMS( 2721): onStartInput attribute=android.view.inputmethod.EditorInfo@bc0ca80 restarting=false inputType: 0
11-05 14:07:36.510 I/BLEAudioDrive_HV410( 247): data len: 9 1
11-05 14:07:36.510 D/TvWindowManager( 476): key event key = KEYCODE_DPAD_DOWN down = true
11-05 14:07:36.512 D/GpioService( 476): mFlickerEnable = true
11-05 14:07:36.660 I/BLEAudioDrive_HV410( 247): data len: 9 1
11-05 14:07:36.660 I/BLEAudioDrive_HV410( 247): keyboard stop
11-05 14:07:36.660 D/GpioService( 476): mFlickerEnable = true
11-05 14:07:36.660 D/TvWindowManager( 476): key event key = KEYCODE_DPAD_DOWN down = false
11-05 14:07:36.662 I/SogouIME( 2721): onKeyDown: keyoCode=20
11-05 14:07:36.662 I/DefaultIMS( 2721): onKeyDown: keyoCode=20
11-05 14:07:36.665 I/SogouIME( 2721): onKeyUp: keyoCode=20
11-05 14:07:36.665 I/DefaultIMS( 2721): onKeyUp: keyoCode=20
11-05 14:07:37.079 I/BLEAudioDrive_HV410( 247): data len: 9 1
11-05 14:07:37.080 D/TvWindowManager( 476): key event key = KEYCODE_DPAD_UP down = true
11-05 14:07:37.090 D/GpioService( 476): mFlickerEnable = true
11-05 14:07:37.092 I/SogouIME( 2721): onKeyDown: keyoCode=19
11-05 14:07:37.092 I/DefaultIMS( 2721): onKeyDown: keyoCode=19
11-05 14:07:37.113 I/DefaultIMS( 2721): onStartInput attribute=android.view.inputmethod.EditorInfo@798d77b restarting=false inputType: 0
11-05 14:07:37.305 W/IorapForwardingService( 476): No service published for: iorapd
11-05 14:07:37.319 E/WifiHAL ( 662): wifi_get_link_stats: requestResponse Error:-5
11-05 14:07:37.321 E/WifiVendorHal( 476): getWifiLinkLayerStats_1_5_Internal(l.1191) failed {.code = ERROR_INVALID_ARGS, .description = }
11-05 14:07:37.482 D/GpioService( 476): mFlickerEnable = true
11-05 14:07:37.484 I/SogouIME( 2721): onKeyDown: keyoCode=19
11-05 14:07:37.484 I/DefaultIMS( 2721): onKeyDown: keyoCode=19
11-05 14:07:37.499 I/DefaultIMS( 2721): onStartInput attribute=android.view.inputmethod.EditorInfo@7fd7962 restarting=false inputType: 0
11-05 14:07:37.515 I/BLEAudioDrive_HV410( 247): data len: 9 1
11-05 14:07:37.515 I/BLEAudioDrive_HV410( 247): keyboard stop
11-05 14:07:37.515 D/TvWindowManager( 476): key event key = KEYCODE_DPAD_UP down = false
11-05 14:07:37.517 I/SogouIME( 2721): onKeyUp: keyoCode=19
11-05 14:07:37.517 I/DefaultIMS( 2721): onKeyUp: keyoCode=19
11-05 14:07:37.665 I/BLEAudioDrive_HV410( 247): data len: 9 1
11-05 14:07:37.665 D/TvWindowManager( 476): key event key = KEYCODE_DPAD_UP down = true
11-05 14:07:37.673 D/GpioService( 476): mFlickerEnable = true
11-05 14:07:37.674 I/SogouIME( 2721): onKeyDown: keyoCode=19
11-05 14:07:37.674 I/DefaultIMS( 2721): onKeyDown: keyoCode=19
11-05 14:07:37.698 I/DefaultIMS( 2721): onStartInput attribute=android.view.inputmethod.EditorInfo@1bdc9ae restarting=false inputType: 0
11-05 14:07:37.800 I/BLEAudioDrive_HV410( 247): data len: 9 1
11-05 14:07:37.800 I/BLEAudioDrive_HV410( 247): keyboard stop
11-05 14:07:37.800 D/TvWindowManager( 476): key event key = KEYCODE_DPAD_UP down = false
11-05 14:07:37.803 I/SogouIME( 2721): onKeyUp: keyoCode=19
11-05 14:07:37.803 I/DefaultIMS( 2721): onKeyUp: keyoCode=19
11-05 14:07:38.279 I/BLEAudioDrive_HV410( 247): data len: 9 1
11-05 14:07:38.280 D/TvWindowManager( 476): key event key = KEYCODE_DPAD_DOWN down = true
11-05 14:07:38.286 D/GpioService( 476): mFlickerEnable = true
11-05 14:07:38.307 W/IorapForwardingService( 476): No service published for: iorapd
11-05 14:07:38.384 I/BLEAudioDrive_HV410( 247): data len: 9 1
11-05 14:07:38.384 I/BLEAudioDrive_HV410( 247): keyboard stop
11-05 14:07:38.384 D/TvWindowManager( 476): key event key = KEYCODE_DPAD_DOWN down = false
11-05 14:07:38.430 D/GpioService( 476): mFlickerEnable = true
11-05 14:07:38.432 I/SogouIME( 2721): onKeyDown: keyoCode=20
11-05 14:07:38.432 I/DefaultIMS( 2721): onKeyDown: keyoCode=20
11-05 14:07:38.436 I/SogouIME( 2721): onKeyUp: keyoCode=20
11-05 14:07:38.436 I/DefaultIMS( 2721): onKeyUp: keyoCode=20
11-05 14:07:38.448 I/DefaultIMS( 2721): onStartInput attribute=android.view.inputmethod.EditorInfo@20246e3 restarting=false inputType: 0
11-05 14:07:38.760 I/BLEAudioDrive_HV410( 247): data len: 9 1
11-05 14:07:38.760 D/TvWindowManager( 476): key event key = KEYCODE_DPAD_CENTER down = true
11-05 14:07:38.768 D/GpioService( 476): mFlickerEnable = true
11-05 14:07:38.796 I/WifiService( 476): startScan uid=1000
11-05 14:07:38.799 E/ccc ( 3595): cccccc i will start scan
11-05 14:07:38.879 I/BLEAudioDrive_HV410( 247): data len: 9 1
11-05 14:07:38.879 I/BLEAudioDrive_HV410( 247): keyboard stop
11-05 14:07:38.879 D/TvWindowManager( 476): key event key = KEYCODE_DPAD_CENTER down = false
11-05 14:07:38.911 D/GpioService( 476): mFlickerEnable = true
11-05 14:07:38.913 I/SogouIME( 2721): onKeyDown: keyoCode=23
11-05 14:07:38.913 I/DefaultIMS( 2721): onKeyDown: keyoCode=23
11-05 14:07:38.916 I/SogouIME( 2721): onKeyUp: keyoCode=23
11-05 14:07:38.916 I/DefaultIMS( 2721): onKeyUp: keyoCode=23
11-05 14:07:38.920 D/audio_hw_primary( 247): Mic get_audio_devices_active:
11-05 14:07:38.920 D/audio_hw_primary( 247): get_audio_devices_active: AUDIO_HDMI
11-05 14:07:38.921 D/xm_audio( 247): adev_get_parameters
11-05 14:07:38.921 I/hash_map_utils( 264): system/bt/osi/src/hash_map_utils.cc:81 hash_map_utils_dump_string_keys_string_values: key: 'audio_devices_out_active' value: ''
11-05 14:07:38.922 D/AudioManagerEx( 1047): type audio_devices_out_active list AUDIO_HDMI=
11-05 14:07:38.922 D/AudioManagerEx( 1047): state=audio_devices_out_active,dev=[AUDIO_SPDIF]
11-05 14:07:38.923 D/AudioManagerEx( 1047): enablePassThrough = true
11-05 14:07:38.924 D/AudioManagerEx( 1047): Hdmi status true,false,1
11-05 14:07:38.924 D/AudioManagerEx( 1047): HDMI AUDIO_SPDIF
11-05 14:07:38.924 D/AudioManagerEx( 1047): AUDIO_NAME_SPDIF
11-05 14:07:38.931 V/audio_hw_primary( 247): adev_set_parameters, mediasw.sft.rawdata=SPDIF_RAW
11-05 14:07:38.933 D/AudioManagerEx( 1047): audio=AUDIO_SPDIF
11-05 14:07:38.934 V/audio_hw_primary( 247): adev_set_parameters, audio_devices_out_active=AUDIO_SPDIF
11-05 14:07:38.934 V/audio_hw_primary( 247): out AUDIO_PARAMETER_DEVICES_OUT_ACTIVE: AUDIO_SPDIF
11-05 14:07:38.965 V/audio_hw_primary( 247): set property persist.vendor.audio.output.active: AUDIO_SPDIF ok
11-05 14:07:38.965 V/audio_hw_primary( 247): AUDIO_SPDIF output device will be active
11-05 14:07:38.965 D/audio_hw_primary( 247): start_output_stream out->format : 0x00000000
11-05 14:07:38.965 V/audio_hw_primary( 247): start_output_stream, line: 1503
11-05 14:07:38.965 V/audio_hw_primary( 247): use AUDIO_SPDIF to playback audio
11-05 14:07:38.965 D/audio_hw_primary( 247): open card=1, port=0
11-05 14:07:38.965 D/audio_hw_primary( 247): config:2 44100 960 2 0 5760 1 0
11-05 14:07:38.965 D/audio_hw_primary( 247): set_raw_flag(card=1, raw_flag=1)
11-05 14:07:38.965 D/audio_hw_primary( 247): set_raw_flag control_name = audio data format control_value PCM)
11-05 14:07:38.966 V/audio_hw_primary( 247): do not use out resampler
11-05 14:07:38.972 D/AudioManagerEx( 1047): Update Settings.System.AUDIO_OUTPUT_CHANNEL, now save audio is AUDIO_SPDIF
11-05 14:07:38.989 D/AudioFlinger( 264): mixer(0xf58ddf00) throttle end: throttle time(10)
11-05 14:07:39.308 W/IorapForwardingService( 476): No service published for: iorapd
11-05 14:07:39.359 I/BLEAudioDrive_HV410( 247): data len: 9 1
11-05 14:07:39.360 D/TvWindowManager( 476): key event key = KEYCODE_DPAD_DOWN down = true
11-05 14:07:39.367 D/GpioService( 476): mFlickerEnable = true
11-05 14:07:39.494 I/BLEAudioDrive_HV410( 247): data len: 9 1
11-05 14:07:39.494 I/BLEAudioDrive_HV410( 247): keyboard stop
11-05 14:07:39.494 D/TvWindowManager( 476): key event key = KEYCODE_DPAD_DOWN down = false
11-05 14:07:39.509 D/GpioService( 476): mFlickerEnable = true
11-05 14:07:39.511 I/SogouIME( 2721): onKeyDown: keyoCode=20
11-05 14:07:39.511 I/DefaultIMS( 2721): onKeyDown: keyoCode=20
11-05 14:07:39.516 I/SogouIME( 2721): onKeyUp: keyoCode=20
11-05 14:07:39.516 I/DefaultIMS( 2721): onKeyUp: keyoCode=20
11-05 14:07:39.532 I/DefaultIMS( 2721): onStartInput attribute=android.view.inputmethod.EditorInfo@1c3f7a4 restarting=false inputType: 0
11-05 14:07:39.614 I/BLEAudioDrive_HV410( 247): data len: 9 1
11-05 14:07:39.614 D/TvWindowManager( 476): key event key = KEYCODE_DPAD_DOWN down = true
11-05 14:07:39.620 D/GpioService( 476): mFlickerEnable = true
11-05 14:07:39.749 I/BLEAudioDrive_HV410( 247): data len: 9 1
11-05 14:07:39.750 I/BLEAudioDrive_HV410( 247): keyboard stop
11-05 14:07:39.750 D/TvWindowManager( 476): key event key = KEYCODE_DPAD_DOWN down = false
11-05 14:07:39.764 D/GpioService( 476): mFlickerEnable = true
11-05 14:07:39.767 I/SogouIME( 2721): onKeyDown: keyoCode=20
11-05 14:07:39.767 I/DefaultIMS( 2721): onKeyDown: keyoCode=20
11-05 14:07:39.772 I/SogouIME( 2721): onKeyUp: keyoCode=20
11-05 14:07:39.772 I/DefaultIMS( 2721): onKeyUp: keyoCode=20
11-05 14:07:39.783 I/DefaultIMS( 2721): onStartInput attribute=android.view.inputmethod.EditorInfo@2bc990d restarting=false inputType: 0
11-05 14:07:39.809 I/BLEAudioDrive_HV410( 247): data len: 9 1
11-05 14:07:39.809 D/TvWindowManager( 476): key event key = KEYCODE_DPAD_DOWN down = true
11-05 14:07:39.812 D/GpioService( 476): mFlickerEnable = true
11-05 14:07:39.929 I/BLEAudioDrive_HV410( 247): data len: 9 1
11-05 14:07:39.930 I/BLEAudioDrive_HV410( 247): keyboard stop
11-05 14:07:39.930 D/TvWindowManager( 476): key event key = KEYCODE_DPAD_DOWN down = false
11-05 14:07:39.960 D/GpioService( 476): mFlickerEnable = true
11-05 14:07:39.961 I/SogouIME( 2721): onKeyDown: keyoCode=20
11-05 14:07:39.961 I/DefaultIMS( 2721): onKeyDown: keyoCode=20
11-05 14:07:39.964 I/SogouIME( 2721): onKeyUp: keyoCode=20
11-05 14:07:39.964 I/DefaultIMS( 2721): onKeyUp: keyoCode=20
11-05 14:07:40.229 I/BLEAudioDrive_HV410( 247): data len: 9 1
11-05 14:07:40.230 D/TvWindowManager( 476): key event key = KEYCODE_DPAD_UP down = true
11-05 14:07:40.238 D/GpioService( 476): mFlickerEnable = true
11-05 14:07:40.239 I/SogouIME( 2721): onKeyDown: keyoCode=19
11-05 14:07:40.240 I/DefaultIMS( 2721): onKeyDown: keyoCode=19
11-05 14:07:40.264 I/DefaultIMS( 2721): onStartInput attribute=android.view.inputmethod.EditorInfo@ac973c restarting=false inputType: 0
11-05 14:07:40.311 W/IorapForwardingService( 476): No service published for: iorapd
11-05 14:07:40.335 E/WifiHAL ( 662): wifi_get_link_stats: requestResponse Error:-5
11-05 14:07:40.337 E/WifiVendorHal( 476): getWifiLinkLayerStats_1_5_Internal(l.1191) failed {.code = ERROR_INVALID_ARGS, .description = }
11-05 14:07:40.352 I/BLEAudioDrive_HV410( 247): data len: 9 1
11-05 14:07:40.352 I/BLEAudioDrive_HV410( 247): keyboard stop
11-05 14:07:40.352 D/TvWindowManager( 476): key event key = KEYCODE_DPAD_UP down = false
11-05 14:07:40.356 I/SogouIME( 2721): onKeyUp: keyoCode=19
11-05 14:07:40.356 I/DefaultIMS( 2721): onKeyUp: keyoCode=19
11-05 14:07:40.469 I/BLEAudioDrive_HV410( 247): data len: 9 1
11-05 14:07:40.469 D/TvWindowManager( 476): key event key = KEYCODE_DPAD_UP down = true
11-05 14:07:40.483 D/GpioService( 476): mFlickerEnable = true
11-05 14:07:40.485 I/SogouIME( 2721): onKeyDown: keyoCode=19
11-05 14:07:40.485 I/DefaultIMS( 2721): onKeyDown: keyoCode=19
11-05 14:07:40.500 I/DefaultIMS( 2721): onStartInput attribute=android.view.inputmethod.EditorInfo@a80cb27 restarting=false inputType: 0
11-05 14:07:40.589 I/BLEAudioDrive_HV410( 247): data len: 9 1
11-05 14:07:40.589 I/BLEAudioDrive_HV410( 247): keyboard stop
11-05 14:07:40.589 D/TvWindowManager( 476): key event key = KEYCODE_DPAD_UP down = false
11-05 14:07:40.593 I/SogouIME( 2721): onKeyUp: keyoCode=19
11-05 14:07:40.593 I/DefaultIMS( 2721): onKeyUp: keyoCode=19
11-05 14:07:40.679 I/BLEAudioDrive_HV410( 247): data len: 9 1
11-05 14:07:40.680 D/TvWindowManager( 476): key event key = KEYCODE_DPAD_UP down = true
11-05 14:07:40.682 D/GpioService( 476): mFlickerEnable = true
11-05 14:07:40.684 I/SogouIME( 2721): onKeyDown: keyoCode=19
11-05 14:07:40.684 I/DefaultIMS( 2721): onKeyDown: keyoCode=19
11-05 14:07:40.702 I/DefaultIMS( 2721): onStartInput attribute=android.view.inputmethod.EditorInfo@121ffbe restarting=false inputType: 0
11-05 14:07:40.784 I/BLEAudioDrive_HV410( 247): data len: 9 1
11-05 14:07:40.784 I/BLEAudioDrive_HV410( 247): keyboard stop
11-05 14:07:40.785 D/TvWindowManager( 476): key event key = KEYCODE_DPAD_UP down = false
11-05 14:07:40.787 I/SogouIME( 2721): onKeyUp: keyoCode=19
11-05 14:07:40.787 I/DefaultIMS( 2721): onKeyUp: keyoCode=19
11-05 14:07:41.145 I/BLEAudioDrive_HV410( 247): data len: 9 1
11-05 14:07:41.146 D/TvWindowManager( 476): key event key = KEYCODE_DPAD_DOWN down = true
11-05 14:07:41.153 D/GpioService( 476): mFlickerEnable = true
11-05 14:07:41.159 I/bt_stack( 670): [INFO:hearing_aid.cc(1796)] GetDeviceCount: Not initialized yet
11-05 14:07:41.160 E/bt_upio ( 248): upio_set : /proc/bluetooth/sleep/btwrite(-1) incorrent
11-05 14:07:41.264 I/BLEAudioDrive_HV410( 247): data len: 9 1
11-05 14:07:41.264 I/BLEAudioDrive_HV410( 247): keyboard stop
11-05 14:07:41.265 D/TvWindowManager( 476): key event key = KEYCODE_DPAD_DOWN down = false
11-05 14:07:41.294 D/BluetoothGatt( 1047): onConnectionUpdated() - Device=C9:B5:96:5C:E3:CB interval=9 latency=79 timeout=300 status=0
11-05 14:07:41.295 D/BluetoothGatt( 1047): onConnectionUpdated() - Device=C9:B5:96:5C:E3:CB interval=9 latency=79 timeout=300 status=0
11-05 14:07:41.295 D/GpioService( 476): mFlickerEnable = true
11-05 14:07:41.297 I/SogouIME( 2721): onKeyDown: keyoCode=20
11-05 14:07:41.297 I/DefaultIMS( 2721): onKeyDown: keyoCode=20
11-05 14:07:41.302 I/SogouIME( 2721): onKeyUp: keyoCode=20
11-05 14:07:41.302 I/DefaultIMS( 2721): onKeyUp: keyoCode=20
11-05 14:07:41.312 W/IorapForwardingService( 476): No service published for: iorapd
11-05 14:07:41.316 I/DefaultIMS( 2721): onStartInput attribute=android.view.inputmethod.EditorInfo@6abd46e restarting=false inputType: 0
11-05 14:07:41.362 I/BLEAudioDrive_HV410( 247): data len: 9 1
11-05 14:07:41.362 D/TvWindowManager( 476): key event key = KEYCODE_DPAD_DOWN down = true
11-05 14:07:41.367 D/GpioService( 476): mFlickerEnable = true
11-05 14:07:41.456 D/WifiNl80211Manager( 476): Scan result ready event
11-05 14:07:41.456 D/WifiNative( 476): Scan result ready event
11-05 14:07:41.463 I/BLEAudioDrive_HV410( 247): data len: 9 1
11-05 14:07:41.463 I/BLEAudioDrive_HV410( 247): keyboard stop
11-05 14:07:41.463 D/TvWindowManager( 476): key event key = KEYCODE_DPAD_DOWN down = false
11-05 14:07:41.471 W/IE_Capabilities( 476): Unknown RSN cipher suite: 6ac0f00
11-05 14:07:41.488 W/IE_Capabilities( 476): Unknown RSN cipher suite: 6ac0f00
11-05 14:07:41.497 W/IE_Capabilities( 476): Unknown RSN cipher suite: 6ac0f00
11-05 14:07:41.513 D/GpioService( 476): mFlickerEnable = true
11-05 14:07:41.515 I/SogouIME( 2721): onKeyDown: keyoCode=20
11-05 14:07:41.515 I/DefaultIMS( 2721): onKeyDown: keyoCode=20
11-05 14:07:41.520 I/SogouIME( 2721): onKeyUp: keyoCode=20
11-05 14:07:41.520 I/DefaultIMS( 2721): onKeyUp: keyoCode=20
11-05 14:07:41.540 I/DefaultIMS( 2721): onStartInput attribute=android.view.inputmethod.EditorInfo@4c4c97a restarting=false inputType: 0
11-05 14:07:41.548 E/ccc ( 3595): cccccc SCAN_RESULTS_AVAILABLE_ACTION hhhh
11-05 14:07:41.549 E/hq ( 1089): NetWorkStateReceiver:::NetWorkStateReceiver onReceive: 网络变化广播 >>>> intent.action=android.net.wifi.SCAN_RESULTS
11-05 14:07:41.553 D/TvWindowManager( 476): key event key = KEYCODE_DPAD_DOWN down = true
11-05 14:07:41.553 I/BLEAudioDrive_HV410( 247): data len: 9 1
11-05 14:07:41.557 D/GpioService( 476): mFlickerEnable = true
11-05 14:07:41.558 E/WifiHAL ( 662): wifi_get_link_stats: requestResponse Error:-5
11-05 14:07:41.562 E/WifiVendorHal( 476): getWifiLinkLayerStats_1_5_Internal(l.1191) failed {.code = ERROR_INVALID_ARGS, .description = }
11-05 14:07:41.577 W/eventbuscore( 1089): post Event:com.dangbei.leard.base.entity.event.NetWifiRssiEvent
11-05 14:07:41.583 E/ccc ( 3595): cccccc result is not empty call back
11-05 14:07:41.583 E/ccc ( 3595): cccccc 666666666666666
11-05 14:07:41.597 E/ccc ( 3595): cccccc sort 4 43
11-05 14:07:41.665 I/BLEAudioDrive_HV410( 247): data len: 9 1
11-05 14:07:41.665 I/BLEAudioDrive_HV410( 247): keyboard stop
11-05 14:07:41.665 D/TvWindowManager( 476): key event key = KEYCODE_DPAD_DOWN down = false
11-05 14:07:41.667 I/system_server( 476): Background young concurrent copying GC freed 250755(11MB) AllocSpace objects, 76(1632KB) LOS objects, 48% free, 12MB/24MB, paused 842us total 206.097ms
11-05 14:07:41.674 W/System ( 476): A resource failed to call release.
11-05 14:07:41.703 D/GpioService( 476): mFlickerEnable = true
11-05 14:07:41.705 I/SogouIME( 2721): onKeyDown: keyoCode=20
11-05 14:07:41.706 I/DefaultIMS( 2721): onKeyDown: keyoCode=20
11-05 14:07:41.710 I/SogouIME( 2721): onKeyUp: keyoCode=20
11-05 14:07:41.710 I/DefaultIMS( 2721): onKeyUp: keyoCode=20
11-05 14:07:41.736 I/DefaultIMS( 2721): onStartInput attribute=android.view.inputmethod.EditorInfo@b89252b restarting=false inputType: 0
11-05 14:07:41.969 I/BLEAudioDrive_HV410( 247): data len: 9 1
11-05 14:07:41.969 D/TvWindowManager( 476): key event key = KEYCODE_DPAD_CENTER down = true
11-05 14:07:41.977 D/GpioService( 476): mFlickerEnable = true
11-05 14:07:42.059 I/BLEAudioDrive_HV410( 247): data len: 9 1
11-05 14:07:42.060 I/BLEAudioDrive_HV410( 247): keyboard stop
11-05 14:07:42.068 D/TvWindowManager( 476): key event key = KEYCODE_DPAD_CENTER down = false
11-05 14:07:42.120 D/GpioService( 476): mFlickerEnable = true
11-05 14:07:42.122 I/SogouIME( 2721): onKeyDown: keyoCode=23
11-05 14:07:42.122 I/DefaultIMS( 2721): onKeyDown: keyoCode=23
11-05 14:07:42.134 I/SogouIME( 2721): onKeyUp: keyoCode=23
11-05 14:07:42.134 I/DefaultIMS( 2721): onKeyUp: keyoCode=23
11-05 14:07:42.140 D/audio_hw_primary( 247): Mic get_audio_devices_active:
11-05 14:07:42.141 D/audio_hw_primary( 247): get_audio_devices_active: AUDIO_SPDIF
11-05 14:07:42.141 D/xm_audio( 247): adev_get_parameters
11-05 14:07:42.141 I/hash_map_utils( 264): system/bt/osi/src/hash_map_utils.cc:81 hash_map_utils_dump_string_keys_string_values: key: 'audio_devices_out_active' value: ''
11-05 14:07:42.142 D/AudioManagerEx( 1047): type audio_devices_out_active list AUDIO_SPDIF=
11-05 14:07:42.142 D/AudioManagerEx( 1047): state=audio_devices_out_active,dev=[AUDIO_CODEC, AUDIO_HDMI]
11-05 14:07:42.146 D/AudioManagerEx( 1047): enablePassThrough = true
11-05 14:07:42.149 D/AudioManagerEx( 1047): Hdmi status true,true,2
11-05 14:07:42.149 D/AudioManagerEx( 1047): HDMI AUDIO_CODEC
11-05 14:07:42.150 D/AudioManagerEx( 1047): AUDIO_NAME_HDMI
11-05 14:07:42.152 V/audio_hw_primary( 247): adev_set_parameters, mediasw.sft.rawdata=HDMI_RAW
11-05 14:07:42.155 I/FuseDaemon( 1024): Background concurrent copying GC freed 81650(4784KB) AllocSpace objects, 0(0B) LOS objects, 49% free, 4308KB/8617KB, paused 164us total 128.932ms
11-05 14:07:42.155 D/AudioManagerEx( 1047): audio=AUDIO_HDMI
11-05 14:07:42.157 V/audio_hw_primary( 247): adev_set_parameters, audio_devices_out_active=AUDIO_HDMI
11-05 14:07:42.157 V/audio_hw_primary( 247): out AUDIO_PARAMETER_DEVICES_OUT_ACTIVE: AUDIO_HDMI
11-05 14:07:42.162 V/audio_hw_primary( 247): set property persist.vendor.audio.output.active: AUDIO_HDMI ok
11-05 14:07:42.163 V/audio_hw_primary( 247): AUDIO_HDMI output device will be active
11-05 14:07:42.168 D/audio_hw_primary( 247): start_output_stream out->format : 0x00000000
11-05 14:07:42.169 V/audio_hw_primary( 247): start_output_stream, line: 1503
11-05 14:07:42.169 V/audio_hw_primary( 247): use AUDIO_HDMI to playback audio
11-05 14:07:42.169 D/audio_hw_primary( 247): open card=3, port=0
11-05 14:07:42.169 D/audio_hw_primary( 247): config:2 44100 960 2 0 5760 1 0
11-05 14:07:42.169 D/audio_hw_primary( 247): set_raw_flag(card=3, raw_flag=1)
11-05 14:07:42.169 D/audio_hw_primary( 247): set_raw_flag control_name = audio data format control_value PCM)
11-05 14:07:42.170 V/audio_hw_primary( 247): do not use out resampler
11-05 14:07:42.173 D/AudioManagerEx( 1047): Update Settings.System.AUDIO_OUTPUT_CHANNEL, now save audio is AUDIO_HDMI
11-05 14:07:42.200 D/AudioFlinger( 264): mixer(0xf58ddf00) throttle end: throttle time(17)
11-05 14:07:42.315 W/IorapForwardingService( 476): No service published for: iorapd
11-05 14:07:42.668 D/bbb ( 1174): onStartCommand begin !!!!!!! data分区剩余 24985MB
11-05 14:07:42.669 D/aaa ( 1097): LedStatusService onStartCommand begin
11-05 14:07:42.676 D/aaa ( 1097): topPkg is -------------- :com.dangbei.haqusetting
11-05 14:07:42.802 I/BLEAudioDrive_HV410( 247): data len: 9 1
11-05 14:07:42.802 D/TvWindowManager( 476): key event key = KEYCODE_DPAD_UP down = true
11-05 14:07:42.814 D/GpioService( 476): mFlickerEnable = true
11-05 14:07:42.816 I/SogouIME( 2721): onKeyDown: keyoCode=19
11-05 14:07:42.816 I/DefaultIMS( 2721): onKeyDown: keyoCode=19
11-05 14:07:42.832 I/DefaultIMS( 2721): onStartInput attribute=android.view.inputmethod.EditorInfo@55126d0 restarting=false inputType: 0
11-05 14:07:42.947 I/BLEAudioDrive_HV410( 247): data len: 9 1
11-05 14:07:42.948 I/BLEAudioDrive_HV410( 247): keyboard stop
11-05 14:07:42.948 D/TvWindowManager( 476): key event key = KEYCODE_DPAD_UP down = false
11-05 14:07:42.951 I/SogouIME( 2721): onKeyUp: keyoCode=19
11-05 14:07:42.951 I/DefaultIMS( 2721): onKeyUp: keyoCode=19
11-05 14:07:43.015 I/BLEAudioDrive_HV410( 247): data len: 9 1
11-05 14:07:43.016 D/TvWindowManager( 476): key event key = KEYCODE_DPAD_UP down = true
11-05 14:07:43.020 D/GpioService( 476): mFlickerEnable = true
11-05 14:07:43.022 I/SogouIME( 2721): onKeyDown: keyoCode=19
11-05 14:07:43.022 I/DefaultIMS( 2721): onKeyDown: keyoCode=19
11-05 14:07:43.033 I/DefaultIMS( 2721): onStartInput attribute=android.view.inputmethod.EditorInfo@24116c9 restarting=false inputType: 0
11-05 14:07:43.150 I/BLEAudioDrive_HV410( 247): data len: 9 1
11-05 14:07:43.150 I/BLEAudioDrive_HV410( 247): keyboard stop
11-05 14:07:43.150 D/TvWindowManager( 476): key event key = KEYCODE_DPAD_UP down = false
11-05 14:07:43.153 I/SogouIME( 2721): onKeyUp: keyoCode=19
11-05 14:07:43.153 I/DefaultIMS( 2721): onKeyUp: keyoCode=19
11-05 14:07:43.263 I/BLEAudioDrive_HV410( 247): data len: 9 1
11-05 14:07:43.263 D/TvWindowManager( 476): key event key = KEYCODE_DPAD_UP down = true
11-05 14:07:43.271 D/GpioService( 476): mFlickerEnable = true
11-05 14:07:43.272 I/SogouIME( 2721): onKeyDown: keyoCode=19
11-05 14:07:43.273 I/DefaultIMS( 2721): onKeyDown: keyoCode=19
11-05 14:07:43.299 I/DefaultIMS( 2721): onStartInput attribute=android.view.inputmethod.EditorInfo@31e21ce restarting=false inputType: 0
11-05 14:07:43.317 W/IorapForwardingService( 476): No service published for: iorapd
11-05 14:07:43.353 I/BLEAudioDrive_HV410( 247): data len: 9 1
11-05 14:07:43.353 I/BLEAudioDrive_HV410( 247): keyboard stop
11-05 14:07:43.354 D/TvWindowManager( 476): key event key = KEYCODE_DPAD_UP down = false
11-05 14:07:43.356 I/SogouIME( 2721): onKeyUp: keyoCode=19
11-05 14:07:43.356 I/DefaultIMS( 2721): onKeyUp: keyoCode=19
11-05 14:07:43.363 E/WifiHAL ( 662): wifi_get_link_stats: requestResponse Error:-5
11-05 14:07:43.365 E/WifiVendorHal( 476): getWifiLinkLayerStats_1_5_Internal(l.1191) failed {.code = ERROR_INVALID_ARGS, .description = }
11-05 14:07:43.679 I/BLEAudioDrive_HV410( 247): data len: 9 1
11-05 14:07:43.679 D/TvWindowManager( 476): key event key = KEYCODE_DPAD_DOWN down = true
11-05 14:07:43.685 D/GpioService( 476): mFlickerEnable = true
11-05 14:07:43.814 I/BLEAudioDrive_HV410( 247): data len: 9 1
11-05 14:07:43.814 I/BLEAudioDrive_HV410( 247): keyboard stop
11-05 14:07:43.814 D/TvWindowManager( 476): key event key = KEYCODE_DPAD_DOWN down = false
11-05 14:07:43.829 D/GpioService( 476): mFlickerEnable = true
11-05 14:07:43.831 I/SogouIME( 2721): onKeyDown: keyoCode=20
11-05 14:07:43.831 I/DefaultIMS( 2721): onKeyDown: keyoCode=20
11-05 14:07:43.837 I/SogouIME( 2721): onKeyUp: keyoCode=20
11-05 14:07:43.837 I/DefaultIMS( 2721): onKeyUp: keyoCode=20
11-05 14:07:43.849 I/DefaultIMS( 2721): onStartInput attribute=android.view.inputmethod.EditorInfo@3c9a7e restarting=false inputType: 0
11-05 14:07:43.915 I/BLEAudioDrive_HV410( 247): data len: 9 1
11-05 14:07:43.915 D/TvWindowManager( 476): key event key = KEYCODE_DPAD_DOWN down = true
11-05 14:07:43.919 D/GpioService( 476): mFlickerEnable = true
11-05 14:07:44.016 I/BLEAudioDrive_HV410( 247): data len: 9 1
11-05 14:07:44.016 I/BLEAudioDrive_HV410( 247): keyboard stop
11-05 14:07:44.017 D/TvWindowManager( 476): key event key = KEYCODE_DPAD_DOWN down = false
11-05 14:07:44.066 D/GpioService( 476): mFlickerEnable = true
11-05 14:07:44.067 I/SogouIME( 2721): onKeyDown: keyoCode=20
11-05 14:07:44.068 I/DefaultIMS( 2721): onKeyDown: keyoCode=20
11-05 14:07:44.073 I/BLEAudioDrive_HV410( 247): data len: 9 1
11-05 14:07:44.074 D/TvWindowManager( 476): key event key = KEYCODE_DPAD_DOWN down = true
11-05 14:07:44.075 I/SogouIME( 2721): onKeyUp: keyoCode=20
11-05 14:07:44.075 I/DefaultIMS( 2721): onKeyUp: keyoCode=20
11-05 14:07:44.081 D/GpioService( 476): mFlickerEnable = true
11-05 14:07:44.083 I/DefaultIMS( 2721): onStartInput attribute=android.view.inputmethod.EditorInfo@e03e08a restarting=false inputType: 0
11-05 14:07:44.197 I/BLEAudioDrive_HV410( 247): data len: 9 1
11-05 14:07:44.197 I/BLEAudioDrive_HV410( 247): keyboard stop
11-05 14:07:44.197 D/TvWindowManager( 476): key event key = KEYCODE_DPAD_DOWN down = false
11-05 14:07:44.223 D/GpioService( 476): mFlickerEnable = true
11-05 14:07:44.225 I/SogouIME( 2721): onKeyDown: keyoCode=20
11-05 14:07:44.226 I/DefaultIMS( 2721): onKeyDown: keyoCode=20
11-05 14:07:44.232 I/SogouIME( 2721): onKeyUp: keyoCode=20
11-05 14:07:44.232 I/DefaultIMS( 2721): onKeyUp: keyoCode=20
11-05 14:07:44.250 I/DefaultIMS( 2721): onStartInput attribute=android.view.inputmethod.EditorInfo@accd6fb restarting=false inputType: 0
11-05 14:07:44.319 W/IorapForwardingService( 476): No service published for: iorapd
11-05 14:07:44.456 I/BLEAudioDrive_HV410( 247): data len: 9 1
11-05 14:07:44.456 D/TvWindowManager( 476): key event key = KEYCODE_DPAD_UP down = true
11-05 14:07:44.463 D/GpioService( 476): mFlickerEnable = true
11-05 14:07:44.464 I/SogouIME( 2721): onKeyDown: keyoCode=19
11-05 14:07:44.465 I/DefaultIMS( 2721): onKeyDown: keyoCode=19
11-05 14:07:44.481 I/DefaultIMS( 2721): onStartInput attribute=android.view.inputmethod.EditorInfo@957f6e2 restarting=false inputType: 0
11-05 14:07:44.579 I/BLEAudioDrive_HV410( 247): data len: 9 1
11-05 14:07:44.579 I/BLEAudioDrive_HV410( 247): keyboard stop
11-05 14:07:44.580 D/TvWindowManager( 476): key event key = KEYCODE_DPAD_UP down = false
11-05 14:07:44.582 I/SogouIME( 2721): onKeyUp: keyoCode=19
11-05 14:07:44.583 I/DefaultIMS( 2721): onKeyUp: keyoCode=19
11-05 14:07:44.669 I/BLEAudioDrive_HV410( 247): data len: 9 1
11-05 14:07:44.670 D/TvWindowManager( 476): key event key = KEYCODE_DPAD_UP down = true
11-05 14:07:44.673 D/GpioService( 476): mFlickerEnable = true
11-05 14:07:44.674 I/SogouIME( 2721): onKeyDown: keyoCode=19
11-05 14:07:44.674 I/DefaultIMS( 2721): onKeyDown: keyoCode=19
11-05 14:07:44.697 I/DefaultIMS( 2721): onStartInput attribute=android.view.inputmethod.EditorInfo@53a7b65 restarting=false inputType: 0
11-05 14:07:44.793 I/BLEAudioDrive_HV410( 247): data len: 9 1
11-05 14:07:44.793 I/BLEAudioDrive_HV410( 247): keyboard stop
11-05 14:07:44.793 D/TvWindowManager( 476): key event key = KEYCODE_DPAD_UP down = false
11-05 14:07:44.796 I/SogouIME( 2721): onKeyUp: keyoCode=19
11-05 14:07:44.797 I/DefaultIMS( 2721): onKeyUp: keyoCode=19
11-05 14:07:44.860 I/BLEAudioDrive_HV410( 247): data len: 9 1
11-05 14:07:44.861 D/TvWindowManager( 476): key event key = KEYCODE_DPAD_UP down = true
11-05 14:07:44.872 D/GpioService( 476): mFlickerEnable = true
11-05 14:07:44.873 I/SogouIME( 2721): onKeyDown: keyoCode=19
11-05 14:07:44.873 I/DefaultIMS( 2721): onKeyDown: keyoCode=19
11-05 14:07:44.898 I/DefaultIMS( 2721): onStartInput attribute=android.view.inputmethod.EditorInfo@1bc8af4 restarting=false inputType: 0
11-05 14:07:45.007 D/TvWindowManager( 476): key event key = KEYCODE_DPAD_UP down = false
11-05 14:07:45.008 I/BLEAudioDrive_HV410( 247): data len: 9 1
11-05 14:07:45.008 I/BLEAudioDrive_HV410( 247): keyboard stop
11-05 14:07:45.012 I/SogouIME( 2721): onKeyUp: keyoCode=19
11-05 14:07:45.013 I/DefaultIMS( 2721): onKeyUp: keyoCode=19
11-05 14:07:45.107 I/FuseDaemon( 1024): Background concurrent copying GC freed 76152(4500KB) AllocSpace objects, 0(0B) LOS objects, 49% free, 4400KB/8800KB, paused 154us total 130.282ms
11-05 14:07:45.254 I/BLEAudioDrive_HV410( 247): data len: 9 1
11-05 14:07:45.254 D/TvWindowManager( 476): key event key = KEYCODE_DPAD_CENTER down = true
11-05 14:07:45.260 D/GpioService( 476): mFlickerEnable = true
11-05 14:07:45.321 W/IorapForwardingService( 476): No service published for: iorapd
11-05 14:07:45.389 I/BLEAudioDrive_HV410( 247): data len: 9 1
11-05 14:07:45.389 I/BLEAudioDrive_HV410( 247): keyboard stop
11-05 14:07:45.389 D/TvWindowManager( 476): key event key = KEYCODE_DPAD_CENTER down = false
11-05 14:07:45.405 D/GpioService( 476): mFlickerEnable = true
11-05 14:07:45.406 I/SogouIME( 2721): onKeyDown: keyoCode=23
11-05 14:07:45.406 I/DefaultIMS( 2721): onKeyDown: keyoCode=23
11-05 14:07:45.409 I/SogouIME( 2721): onKeyUp: keyoCode=23
11-05 14:07:45.409 I/DefaultIMS( 2721): onKeyUp: keyoCode=23
11-05 14:07:45.412 D/audio_hw_primary( 247): Mic get_audio_devices_active:
11-05 14:07:45.413 D/audio_hw_primary( 247): get_audio_devices_active: AUDIO_HDMI
11-05 14:07:45.413 D/xm_audio( 247): adev_get_parameters
11-05 14:07:45.413 I/hash_map_utils( 264): system/bt/osi/src/hash_map_utils.cc:81 hash_map_utils_dump_string_keys_string_values: key: 'audio_devices_out_active' value: ''
11-05 14:07:45.413 D/AudioManagerEx( 1047): type audio_devices_out_active list AUDIO_HDMI=
11-05 14:07:45.414 D/AudioManagerEx( 1047): state=audio_devices_out_active,dev=[AUDIO_CODEC]
11-05 14:07:45.415 D/AudioManagerEx( 1047): enablePassThrough = true
11-05 14:07:45.416 D/AudioManagerEx( 1047): Hdmi status true,false,1
11-05 14:07:45.416 D/AudioManagerEx( 1047): HDMI AUDIO_CODEC
11-05 14:07:45.417 D/AudioManagerEx( 1047): AUDIO_NAME_CODEC
11-05 14:07:45.419 V/audio_hw_primary( 247): adev_set_parameters, mediasw.sft.rawdata=PCM
11-05 14:07:45.421 D/AudioManagerEx( 1047): audio=AUDIO_CODEC
11-05 14:07:45.423 V/audio_hw_primary( 247): adev_set_parameters, audio_devices_out_active=AUDIO_CODEC
11-05 14:07:45.423 V/audio_hw_primary( 247): out AUDIO_PARAMETER_DEVICES_OUT_ACTIVE: AUDIO_CODEC
11-05 14:07:45.431 V/audio_hw_primary( 247): set property persist.vendor.audio.output.active: AUDIO_CODEC ok
11-05 14:07:45.432 V/audio_hw_primary( 247): AUDIO_CODEC output device will be active
11-05 14:07:45.445 D/audio_hw_primary( 247): start_output_stream out->format : 0x00000000
11-05 14:07:45.445 V/audio_hw_primary( 247): start_output_stream, line: 1503
11-05 14:07:45.445 V/audio_hw_primary( 247): use AUDIO_CODEC to playback audio
11-05 14:07:45.445 D/audio_route( 247): Apply path: media-speaker-headphones
11-05 14:07:45.445 D/audio_route( 247): Apply path: media-headset-mic
11-05 14:07:45.445 D/audio_hw_primary( 247): open card=0, port=0
11-05 14:07:45.445 D/audio_hw_primary( 247): config:2 44100 960 2 0 5760 1 0
11-05 14:07:45.445 D/audio_hw_primary( 247): set_raw_flag(card=0, raw_flag=1)
11-05 14:07:45.446 V/audio_hw_primary( 247): do not use out resampler
11-05 14:07:45.450 D/AudioManagerEx( 1047): Update Settings.System.AUDIO_OUTPUT_CHANNEL, now save audio is AUDIO_CODEC
11-05 14:07:45.477 D/AudioFlinger( 264): mixer(0xf58ddf00) throttle end: throttle time(17)
11-05 14:07:45.670 I/BLEAudioDrive_HV410( 247): data len: 9 1
11-05 14:07:45.671 D/TvWindowManager( 476): key event key = KEYCODE_DPAD_DOWN down = true
11-05 14:07:45.678 D/GpioService( 476): mFlickerEnable = true
11-05 14:07:45.794 I/BLEAudioDrive_HV410( 247): data len: 9 1
11-05 14:07:45.795 D/TvWindowManager( 476): key event key = KEYCODE_DPAD_DOWN down = false
11-05 14:07:45.795 I/BLEAudioDrive_HV410( 247): keyboard stop
11-05 14:07:45.820 D/GpioService( 476): mFlickerEnable = true
11-05 14:07:45.822 I/SogouIME( 2721): onKeyDown: keyoCode=20
11-05 14:07:45.822 I/DefaultIMS( 2721): onKeyDown: keyoCode=20
11-05 14:07:45.829 I/SogouIME( 2721): onKeyUp: keyoCode=20
11-05 14:07:45.829 I/DefaultIMS( 2721): onKeyUp: keyoCode=20
11-05 14:07:45.855 I/DefaultIMS( 2721): onStartInput attribute=android.view.inputmethod.EditorInfo@634de53 restarting=false inputType: 0
11-05 14:07:45.872 I/BLEAudioDrive_HV410( 247): data len: 9 1
11-05 14:07:45.873 D/TvWindowManager( 476): key event key = KEYCODE_DPAD_DOWN down = true
11-05 14:07:45.875 D/GpioService( 476): mFlickerEnable = true
11-05 14:07:45.962 D/UtilLog ( 2389): 日志批量上报 进行正常循环 !!!!!!本次有0次请求,共0条数据
11-05 14:07:45.996 I/BLEAudioDrive_HV410( 247): data len: 9 1
11-05 14:07:45.997 I/BLEAudioDrive_HV410( 247): keyboard stop
11-05 14:07:45.997 D/TvWindowManager( 476): key event key = KEYCODE_DPAD_DOWN down = false
11-05 14:07:46.024 D/GpioService( 476): mFlickerEnable = true
11-05 14:07:46.026 I/SogouIME( 2721): onKeyDown: keyoCode=20
11-05 14:07:46.026 I/DefaultIMS( 2721): onKeyDown: keyoCode=20
11-05 14:07:46.031 I/SogouIME( 2721): onKeyUp: keyoCode=20
11-05 14:07:46.031 I/DefaultIMS( 2721): onKeyUp: keyoCode=20
11-05 14:07:46.050 I/DefaultIMS( 2721): onStartInput attribute=android.view.inputmethod.EditorInfo@9f9a39a restarting=false inputType: 0
11-05 14:07:46.053 I/BLEAudioDrive_HV410( 247): data len: 9 1
11-05 14:07:46.054 D/TvWindowManager( 476): key event key = KEYCODE_DPAD_DOWN down = true
11-05 14:07:46.057 D/GpioService( 476): mFlickerEnable = true
11-05 14:07:46.176 I/BLEAudioDrive_HV410( 247): data len: 9 1
11-05 14:07:46.177 I/BLEAudioDrive_HV410( 247): keyboard stop
11-05 14:07:46.177 D/TvWindowManager( 476): key event key = KEYCODE_DPAD_DOWN down = false
11-05 14:07:46.204 D/GpioService( 476): mFlickerEnable = true
11-05 14:07:46.205 I/SogouIME( 2721): onKeyDown: keyoCode=20
11-05 14:07:46.205 I/DefaultIMS( 2721): onKeyDown: keyoCode=20
11-05 14:07:46.212 I/SogouIME( 2721): onKeyUp: keyoCode=20
11-05 14:07:46.212 I/DefaultIMS( 2721): onKeyUp: keyoCode=20
11-05 14:07:46.215 I/DefaultIMS( 2721): onStartInput attribute=android.view.inputmethod.EditorInfo@23fc4cb restarting=false inputType: 0
11-05 14:07:46.323 W/IorapForwardingService( 476): No service published for: iorapd
11-05 14:07:46.385 E/WifiHAL ( 662): wifi_get_link_stats: requestResponse Error:-5
11-05 14:07:46.388 E/WifiVendorHal( 476): getWifiLinkLayerStats_1_5_Internal(l.1191) failed {.code = ERROR_INVALID_ARGS, .description = }
11-05 14:07:46.469 I/BLEAudioDrive_HV410( 247): data len: 9 1
11-05 14:07:46.469 D/TvWindowManager( 476): key event key = KEYCODE_DPAD_UP down = true
11-05 14:07:46.474 D/GpioService( 476): mFlickerEnable = true
11-05 14:07:46.475 I/SogouIME( 2721): onKeyDown: keyoCode=19
11-05 14:07:46.476 I/DefaultIMS( 2721): onKeyDown: keyoCode=19
11-05 14:07:46.497 I/DefaultIMS( 2721): onStartInput attribute=android.view.inputmethod.EditorInfo@dc10bf2 restarting=false inputType: 0
11-05 14:07:46.616 I/BLEAudioDrive_HV410( 247): data len: 9 1
11-05 14:07:46.616 I/BLEAudioDrive_HV410( 247): keyboard stop
11-05 14:07:46.616 D/TvWindowManager( 476): key event key = KEYCODE_DPAD_UP down = false
11-05 14:07:46.618 I/SogouIME( 2721): onKeyUp: keyoCode=19
11-05 14:07:46.619 I/DefaultIMS( 2721): onKeyUp: keyoCode=19
11-05 14:07:46.706 I/BLEAudioDrive_HV410( 247): data len: 9 1
11-05 14:07:46.707 D/TvWindowManager( 476): key event key = KEYCODE_DPAD_UP down = true
11-05 14:07:46.715 D/GpioService( 476): mFlickerEnable = true
11-05 14:07:46.717 I/SogouIME( 2721): onKeyDown: keyoCode=19
11-05 14:07:46.717 I/DefaultIMS( 2721): onKeyDown: keyoCode=19
11-05 14:07:46.733 I/DefaultIMS( 2721): onStartInput attribute=android.view.inputmethod.EditorInfo@96c14b5 restarting=false inputType: 0
11-05 14:07:46.817 I/BLEAudioDrive_HV410( 247): data len: 9 1
11-05 14:07:46.818 I/BLEAudioDrive_HV410( 247): keyboard stop
11-05 14:07:46.818 D/TvWindowManager( 476): key event key = KEYCODE_DPAD_UP down = false
11-05 14:07:46.820 I/SogouIME( 2721): onKeyUp: keyoCode=19
11-05 14:07:46.820 I/DefaultIMS( 2721): onKeyUp: keyoCode=19
11-05 14:07:46.852 D/hdmi-cec( 260): receive invalid cec message!
