11-05 14:05:00.405 D/CompatibilityChangeReporter( 476): Compat change id reported: 143937733; UID 10066; state: ENABLED
11-05 14:05:00.417 I/adbd ( 394): jdwp connection from 670
11-05 14:05:00.418 D/Zygote ( 242): Forked child process 683
11-05 14:05:00.420 I/ActivityManager( 476): app.processName = com.android.systemui
11-05 14:05:00.420 I/ActivityManager( 476): Start proc 683:com.android.systemui/u0a66 for service {com.android.systemui/com.android.systemui.ImageWallpaper}
11-05 14:05:00.429 E/BitmapFactory( 476): Unable to decode stream: java.io.FileNotFoundException: /data/system/users/0/wallpaper_orig: open failed: ENOENT (No such file or directory)
11-05 14:05:00.429 W/WallpaperManagerService( 476): Invalid wallpaper data
11-05 14:05:00.429 E/WallpaperManagerService( 476): Unable to apply new wallpaper
11-05 14:05:00.431 D/CompatibilityChangeReporter( 476): Compat change id reported: 168419799; UID 1002; state: DISABLED
11-05 14:05:00.432 I/Zygote ( 683): seccomp disabled by setenforce 0
11-05 14:05:00.441 D/AdbService( 476): systemReady
11-05 14:05:00.442 V/audio_hw_primary( 247): adev_set_parameters, A2dpSuspended=false
11-05 14:05:00.443 D/CompatibilityChangeReporter( 670): Compat change id reported: 171979766; UID 1002; state: ENABLED
11-05 14:05:00.444 D/SoundTriggerService( 476): onBootPhase: 550 : false
11-05 14:05:00.444 I/SystemServerTimingAsync( 476): InitThreadPoolExec:UsbService$Lifecycle#onBootPhase
11-05 14:05:00.444 D/SystemServerInitThreadPool( 476): Started executing UsbService$Lifecycle#onBootPhase
11-05 14:05:00.446 E/android.hardware.usb@1.0-service( 261): Failed to open /sys/class/typec
11-05 14:05:00.446 D/SystemServerInitThreadPool( 476): Finished executing UsbService$Lifecycle#onBootPhase
11-05 14:05:00.447 E/UsbPortManager( 476): port status enquiry failed
11-05 14:05:00.448 D/BluetoothManagerService( 476): Trying to bind to profile: 1, while Bluetooth was disabled
11-05 14:05:00.448 I/AppBindingService( 476): Updating constants with: null
11-05 14:05:00.448 D/BluetoothA2dp( 476): Binding service...
11-05 14:05:00.454 I/adbd ( 394): jdwp connection from 683
11-05 14:05:00.472 I/PackageManager( 476): Permission ownership changed. Updating all permissions.
11-05 14:05:00.474 D/audio_hw_primary( 247): Mic get_audio_devices_active:
11-05 14:05:00.474 D/audio_hw_primary( 247): get_audio_devices_active: AUDIO_SPDIF
11-05 14:05:00.474 D/xm_audio( 247): adev_get_parameters
11-05 14:05:00.475 I/hash_map_utils( 264): system/bt/osi/src/hash_map_utils.cc:81 hash_map_utils_dump_string_keys_string_values: key: 'audio_devices_out_active' value: ''
11-05 14:05:00.475 V/audio_hw_primary( 247): adev_set_parameters, mediasw.sft.rawdata=SPDIF_RAW
11-05 14:05:00.472 I//system/bin/init( 1): type=1107 audit(0.0:327): uid=0 auid=4294967295 ses=4294967295 subj=u:r:init:s0 msg='avc: denied { set } for property=vendor.mediasw.sft.rawdata pid=247 uid=1041 gid=1005 scontext=u:r:hal_audio_default:s0 tcontext=u:object_r:vendor_audio_prop:s0 tclass=property_service permissive=1'
11-05 14:05:00.484 I/AudioFlinger( 264): systemReady
11-05 14:05:00.487 D/AS.AudioService( 476): No vibrator found
11-05 14:05:00.524 D/MediaCodecList( 361): Allowing all OMX codecs
11-05 14:05:00.526 E/cutils-trace( 361): Error opening trace file: No such file or directory (2)
11-05 14:05:00.531 I/OMXClient( 361): IOmx service obtained
11-05 14:05:00.533 I/OMXStore( 369): makeComponentInstance(OMX.allwinner.video.decoder.avc) in android.hardwar process
11-05 14:05:00.542 I/omx_vdec_aw( 369): : OmxDecoderCreate.
11-05 14:05:00.544 W/omx_vdec( 369): <__AwOmxVdecSetParameter:1561>: Set Parameter called in valid state
11-05 14:05:00.544 V/GraphicsEnvironment( 670): ANGLE Developer option for 'com.android.bluetooth' set to: 'default'
11-05 14:05:00.544 V/GraphicsEnvironment( 670): Neither updatable production driver nor prerelease driver is supported.
11-05 14:05:00.545 W/omx_vdec( 369): : pParamProfileLevel->nProfileIndex[0x3] error!
11-05 14:05:00.545 E/OMXNodeInstance( 369): getParameter(0xeb85c000:allwinner.decoder.avc, ParamVideoProfileLevelQuerySupported(0x600000f)) ERROR: BadParameter(0x80001005)
11-05 14:05:00.545 W/omx_vdec( 369): <__AwOmxVdecGetExtensionIndex:1737>: GetExtensionIndex OMX.google.android.index.describeColorFormat, err [0x80001001].
11-05 14:05:00.545 W/omx_vdec( 369): <__AwOmxVdecGetExtensionIndex:1737>: GetExtensionIndex OMX.google.android.index.describeColorFormat2, err [0x80001001].
11-05 14:05:00.545 E/omx_vdec( 369): : erro: pParamData->nIndex > m_sPortFormatType.nIndex
11-05 14:05:00.546 W/omx_vdec( 369): <__AwOmxVdecGetExtensionIndex:1737>: GetExtensionIndex OMX.google.android.index.describeColorFormat, err [0x80001001].
11-05 14:05:00.546 W/omx_vdec( 369): <__AwOmxVdecGetExtensionIndex:1737>: GetExtensionIndex OMX.google.android.index.describeColorFormat2, err [0x80001001].
11-05 14:05:00.546 E/omx_vdec( 369): : erro: pParamData->nIndex > m_sPortFormatType.nIndex
11-05 14:05:00.546 W/omx_vdec( 369): <__AwOmxVdecGetExtensionIndex:1737>: GetExtensionIndex OMX.google.android.index.describeColorFormat, err [0x80001001].
11-05 14:05:00.546 W/omx_vdec( 369): <__AwOmxVdecGetExtensionIndex:1737>: GetExtensionIndex OMX.google.android.index.describeColorFormat2, err [0x80001001].
11-05 14:05:00.546 E/omx_vdec( 369): : erro: pParamData->nIndex > m_sPortFormatType.nIndex
11-05 14:05:00.546 W/omx_vdec( 369): <__AwOmxVdecGetExtensionIndex:1737>: GetExtensionIndex OMX.google.android.index.describeColorFormat, err [0x80001001].
11-05 14:05:00.547 W/omx_vdec( 369): <__AwOmxVdecGetExtensionIndex:1737>: GetExtensionIndex OMX.google.android.index.describeColorFormat2, err [0x80001001].
11-05 14:05:00.547 D/NetworkSecurityConfig( 670): No Network Security Config specified, using platform default
11-05 14:05:00.547 E/omx_vdec( 369): : erro: pParamData->nIndex > m_sPortFormatType.nIndex
11-05 14:05:00.547 W/omx_vdec( 369): <__AwOmxVdecGetExtensionIndex:1737>: GetExtensionIndex OMX.google.android.index.describeColorFormat, err [0x80001001].
11-05 14:05:00.547 W/omx_vdec( 369): <__AwOmxVdecGetExtensionIndex:1737>: GetExtensionIndex OMX.google.android.index.describeColorFormat2, err [0x80001001].
11-05 14:05:00.547 E/omx_vdec( 369): : erro: pParamData->nIndex > m_sPortFormatType.nIndex
11-05 14:05:00.547 W/omx_vdec( 369): <__AwOmxVdecGetExtensionIndex:1737>: GetExtensionIndex OMX.google.android.index.describeColorFormat, err [0x80001001].
11-05 14:05:00.547 W/omx_vdec( 369): <__AwOmxVdecGetExtensionIndex:1737>: GetExtensionIndex OMX.google.android.index.describeColorFormat2, err [0x80001001].
11-05 14:05:00.547 D/NetworkSecurityConfig( 670): No Network Security Config specified, using platform default
11-05 14:05:00.548 E/omx_vdec( 369): : erro: pParamData->nIndex > m_sPortFormatType.nIndex
11-05 14:05:00.548 W/omx_vdec( 369): <__AwOmxVdecGetExtensionIndex:1737>: GetExtensionIndex OMX.google.android.index.describeColorFormat, err [0x80001001].
11-05 14:05:00.548 W/omx_vdec( 369): <__AwOmxVdecGetExtensionIndex:1737>: GetExtensionIndex OMX.google.android.index.describeColorFormat2, err [0x80001001].
11-05 14:05:00.548 E/omx_vdec( 369): : erro: pParamData->nIndex > m_sPortFormatType.nIndex
11-05 14:05:00.548 W/omx_vdec( 369): <__AwOmxVdecGetExtensionIndex:1737>: GetExtensionIndex OMX.google.android.index.describeColorFormat, err [0x80001001].
11-05 14:05:00.548 W/omx_vdec( 369): <__AwOmxVdecGetExtensionIndex:1737>: GetExtensionIndex OMX.google.android.index.describeColorFormat2, err [0x80001001].
11-05 14:05:00.548 E/omx_vdec( 369): : erro: pParamData->nIndex > m_sPortFormatType.nIndex
11-05 14:05:00.549 W/omx_vdec( 369): <__AwOmxVdecGetExtensionIndex:1737>: GetExtensionIndex OMX.google.android.index.describeColorFormat, err [0x80001001].
11-05 14:05:00.549 W/omx_vdec( 369): <__AwOmxVdecGetExtensionIndex:1737>: GetExtensionIndex OMX.google.android.index.describeColorFormat2, err [0x80001001].
11-05 14:05:00.549 E/omx_vdec( 369): : erro: pParamData->nIndex > m_sPortFormatType.nIndex
11-05 14:05:00.549 W/omx_vdec( 369): <__AwOmxVdecGetExtensionIndex:1737>: GetExtensionIndex OMX.google.android.index.describeColorFormat, err [0x80001001].
11-05 14:05:00.549 W/omx_vdec( 369): <__AwOmxVdecGetExtensionIndex:1737>: GetExtensionIndex OMX.google.android.index.describeColorFormat2, err [0x80001001].
11-05 14:05:00.549 E/omx_vdec( 369): : erro: pParamData->nIndex > m_sPortFormatType.nIndex
11-05 14:05:00.549 W/omx_vdec( 369): <__AwOmxVdecGetExtensionIndex:1737>: GetExtensionIndex OMX.google.android.index.describeColorFormat, err [0x80001001].
11-05 14:05:00.549 W/omx_vdec( 369): <__AwOmxVdecGetExtensionIndex:1737>: GetExtensionIndex OMX.google.android.index.describeColorFormat2, err [0x80001001].
11-05 14:05:00.549 E/omx_vdec( 369): : erro: pParamData->nIndex > m_sPortFormatType.nIndex
11-05 14:05:00.550 W/omx_vdec( 369): <__AwOmxVdecGetExtensionIndex:1737>: GetExtensionIndex OMX.google.android.index.describeColorFormat, err [0x80001001].
11-05 14:05:00.550 W/omx_vdec( 369): <__AwOmxVdecGetExtensionIndex:1737>: GetExtensionIndex OMX.google.android.index.describeColorFormat2, err [0x80001001].
11-05 14:05:00.550 W/SystemServiceManager( 476): Service com.android.server.policy.PermissionPolicyService took 102 ms in onBootPhase
11-05 14:05:00.550 I/SystemServerTiming( 476): StartObservingNativeCrashes
11-05 14:05:00.550 E/omx_vdec( 369): : erro: pParamData->nIndex > m_sPortFormatType.nIndex
11-05 14:05:00.550 W/omx_vdec( 369): <__AwOmxVdecGetExtensionIndex:1737>: GetExtensionIndex OMX.google.android.index.describeColorFormat, err [0x80001001].
11-05 14:05:00.550 D/CompatibilityChangeReporter( 476): Compat change id reported: 168419799; UID 10066; state: DISABLED
11-05 14:05:00.550 W/omx_vdec( 369): <__AwOmxVdecGetExtensionIndex:1737>: GetExtensionIndex OMX.google.android.index.describeColorFormat2, err [0x80001001].
11-05 14:05:00.550 E/omx_vdec( 369): : erro: pParamData->nIndex > m_sPortFormatType.nIndex
11-05 14:05:00.550 W/omx_vdec( 369): <__AwOmxVdecGetExtensionIndex:1737>: GetExtensionIndex OMX.google.android.index.describeColorFormat, err [0x80001001].
11-05 14:05:00.550 W/ActivityManager( 476): Slow operation: 80ms so far, now at attachApplicationLocked: immediately before bindApplication
11-05 14:05:00.551 W/omx_vdec( 369): <__AwOmxVdecGetExtensionIndex:1737>: GetExtensionIndex OMX.google.android.index.describeColorFormat2, err [0x80001001].
11-05 14:05:00.551 E/omx_vdec( 369): : erro: pParamData->nIndex > m_sPortFormatType.nIndex
11-05 14:05:00.551 W/omx_vdec( 369): <__AwOmxVdecGetExtensionIndex:1737>: GetExtensionIndex OMX.google.android.index.describeColorFormat, err [0x80001001].
11-05 14:05:00.551 I/SystemServerTiming( 476): RegisterAppOpsPolicy
11-05 14:05:00.551 W/omx_vdec( 369): <__AwOmxVdecGetExtensionIndex:1737>: GetExtensionIndex OMX.google.android.index.describeColorFormat2, err [0x80001001].
11-05 14:05:00.551 E/omx_vdec( 369): : erro: pParamData->nIndex > m_sPortFormatType.nIndex
11-05 14:05:00.551 W/omx_vdec( 369): <__AwOmxVdecGetExtensionIndex:1737>: GetExtensionIndex OMX.google.android.index.describeColorFormat, err [0x80001001].
11-05 14:05:00.552 W/omx_vdec( 369): <__AwOmxVdecGetExtensionIndex:1737>: GetExtensionIndex OMX.google.android.index.describeColorFormat2, err [0x80001001].
11-05 14:05:00.552 E/omx_vdec( 369): : erro: pParamData->nIndex > m_sPortFormatType.nIndex
11-05 14:05:00.552 W/omx_vdec( 369): <__AwOmxVdecGetExtensionIndex:1737>: GetExtensionIndex OMX.google.android.index.describeColorFormat, err [0x80001001].
11-05 14:05:00.552 W/omx_vdec( 369): <__AwOmxVdecGetExtensionIndex:1737>: GetExtensionIndex OMX.google.android.index.describeColorFormat2, err [0x80001001].
11-05 14:05:00.552 E/omx_vdec( 369): : erro: pParamData->nIndex > m_sPortFormatType.nIndex
11-05 14:05:00.552 W/ActivityManager( 476): Slow operation: 82ms so far, now at attachApplicationLocked: immediately after bindApplication
11-05 14:05:00.552 W/ActivityManager( 476): Slow operation: 82ms so far, now at attachApplicationLocked: after updateLruProcessLocked
11-05 14:05:00.553 W/omx_vdec( 369): <__AwOmxVdecGetExtensionIndex:1737>: GetExtensionIndex OMX.google.android.index.describeColorFormat, err [0x80001001].
11-05 14:05:00.553 W/omx_vdec( 369): <__AwOmxVdecGetExtensionIndex:1737>: GetExtensionIndex OMX.google.android.index.describeColorFormat2, err [0x80001001].
11-05 14:05:00.553 E/omx_vdec( 369): : erro: pParamData->nIndex > m_sPortFormatType.nIndex
11-05 14:05:00.553 W/omx_vdec( 369): <__AwOmxVdecGetExtensionIndex:1737>: GetExtensionIndex OMX.google.android.index.describeColorFormat, err [0x80001001].
11-05 14:05:00.553 W/omx_vdec( 369): <__AwOmxVdecGetExtensionIndex:1737>: GetExtensionIndex OMX.google.android.index.describeColorFormat2, err [0x80001001].
11-05 14:05:00.553 E/omx_vdec( 369): : erro: pParamData->nIndex > m_sPortFormatType.nIndex
11-05 14:05:00.554 W/omx_vdec( 369): <__AwOmxVdecGetExtensionIndex:1737>: GetExtensionIndex OMX.google.android.index.describeColorFormat, err [0x80001001].
11-05 14:05:00.554 W/omx_vdec( 369): <__AwOmxVdecGetExtensionIndex:1737>: GetExtensionIndex OMX.google.android.index.describeColorFormat2, err [0x80001001].
11-05 14:05:00.554 E/omx_vdec( 369): : erro: pParamData->nIndex > m_sPortFormatType.nIndex
11-05 14:05:00.554 W/omx_vdec( 369): <__AwOmxVdecGetExtensionIndex:1737>: GetExtensionIndex OMX.google.android.index.describeColorFormat, err [0x80001001].
11-05 14:05:00.554 W/omx_vdec( 369): <__AwOmxVdecGetExtensionIndex:1737>: GetExtensionIndex OMX.google.android.index.describeColorFormat2, err [0x80001001].
11-05 14:05:00.554 E/omx_vdec( 369): : erro: pParamData->nIndex > m_sPortFormatType.nIndex
11-05 14:05:00.555 W/omx_vdec( 369): <__AwOmxVdecGetExtensionIndex:1737>: GetExtensionIndex OMX.google.android.index.describeColorFormat, err [0x80001001].
11-05 14:05:00.555 W/omx_vdec( 369): <__AwOmxVdecGetExtensionIndex:1737>: GetExtensionIndex OMX.google.android.index.describeColorFormat2, err [0x80001001].
11-05 14:05:00.555 E/omx_vdec( 369): : erro: pParamData->nIndex > m_sPortFormatType.nIndex
11-05 14:05:00.555 W/omx_vdec( 369): <__AwOmxVdecGetExtensionIndex:1737>: GetExtensionIndex OMX.google.android.index.describeColorFormat, err [0x80001001].
11-05 14:05:00.555 W/omx_vdec( 369): <__AwOmxVdecGetExtensionIndex:1737>: GetExtensionIndex OMX.google.android.index.describeColorFormat2, err [0x80001001].
11-05 14:05:00.555 E/omx_vdec( 369): : erro: pParamData->nIndex > m_sPortFormatType.nIndex
11-05 14:05:00.555 W/omx_vdec( 369): <__AwOmxVdecGetExtensionIndex:1737>: GetExtensionIndex OMX.google.android.index.describeColorFormat, err [0x80001001].
11-05 14:05:00.556 W/omx_vdec( 369): <__AwOmxVdecGetExtensionIndex:1737>: GetExtensionIndex OMX.google.android.index.describeColorFormat2, err [0x80001001].
11-05 14:05:00.556 E/omx_vdec( 369): : erro: pParamData->nIndex > m_sPortFormatType.nIndex
11-05 14:05:00.556 W/omx_vdec( 369): <__AwOmxVdecGetExtensionIndex:1737>: GetExtensionIndex OMX.google.android.index.describeColorFormat, err [0x80001001].
11-05 14:05:00.556 W/omx_vdec( 369): <__AwOmxVdecGetExtensionIndex:1737>: GetExtensionIndex OMX.google.android.index.describeColorFormat2, err [0x80001001].
11-05 14:05:00.556 E/omx_vdec( 369): : erro: pParamData->nIndex > m_sPortFormatType.nIndex
11-05 14:05:00.556 W/omx_vdec( 369): <__AwOmxVdecGetExtensionIndex:1737>: GetExtensionIndex OMX.google.android.index.describeColorFormat, err [0x80001001].
11-05 14:05:00.557 W/omx_vdec( 369): <__AwOmxVdecGetExtensionIndex:1737>: GetExtensionIndex OMX.google.android.index.describeColorFormat2, err [0x80001001].
11-05 14:05:00.557 E/omx_vdec( 369): : erro: pParamData->nIndex > m_sPortFormatType.nIndex
11-05 14:05:00.557 W/omx_vdec( 369): <__AwOmxVdecGetExtensionIndex:1737>: GetExtensionIndex OMX.google.android.index.describeColorFormat, err [0x80001001].
11-05 14:05:00.558 W/omx_vdec( 369): <__AwOmxVdecGetExtensionIndex:1737>: GetExtensionIndex OMX.google.android.index.describeColorFormat2, err [0x80001001].
11-05 14:05:00.560 E/omx_vdec( 369): : erro: pParamData->nIndex > m_sPortFormatType.nIndex
11-05 14:05:00.560 W/omx_vdec( 369): <__AwOmxVdecGetExtensionIndex:1737>: GetExtensionIndex OMX.google.android.index.describeColorFormat, err [0x80001001].
11-05 14:05:00.560 W/omx_vdec( 369): <__AwOmxVdecGetExtensionIndex:1737>: GetExtensionIndex OMX.google.android.index.describeColorFormat2, err [0x80001001].
11-05 14:05:00.560 W/ActivityManager( 476): Slow operation: 89ms so far, now at attachApplicationLocked: after mServices.attachApplicationLocked
11-05 14:05:00.560 E/omx_vdec( 369): : erro: pParamData->nIndex > m_sPortFormatType.nIndex
11-05 14:05:00.561 W/omx_vdec( 369): <__AwOmxVdecGetExtensionIndex:1737>: GetExtensionIndex OMX.google.android.index.describeColorFormat, err [0x80001001].
11-05 14:05:00.561 W/omx_vdec( 369): <__AwOmxVdecGetExtensionIndex:1737>: GetExtensionIndex OMX.google.android.index.describeColorFormat2, err [0x80001001].
11-05 14:05:00.562 V/audio_hw_primary( 247): adev_set_parameters, BT_SCO=off
11-05 14:05:00.562 D/CompatibilityChangeReporter( 683): Compat change id reported: 171979766; UID 10066; state: ENABLED
11-05 14:05:00.556 I/rainbow_flow( 325): type=1400 audit(0.0:328): avc: denied { ioctl } for path="/dev/spidev1.0" dev="tmpfs" ino=633 ioctlcmd=0x6b00 scontext=u:r:init:s0 tcontext=u:object_r:device:s0 tclass=chr_file permissive=1
11-05 14:05:00.563 I/AS.AudioDeviceInventory( 476): removePreferredDevicesForStrategySync, strategy: 14
11-05 14:05:00.565 I/SystemServerTiming( 476): MakeNetworkManagementServiceReady
11-05 14:05:00.565 I/SystemServerTimingAsync( 476): InitThreadPoolExec:WebViewFactoryPreparation
11-05 14:05:00.565 D/SystemServerInitThreadPool( 476): Started executing WebViewFactoryPreparation
11-05 14:05:00.566 I/SystemServer( 476): WebViewFactoryPreparation
11-05 14:05:00.566 I/SystemServerTimingAsync( 476): WebViewFactoryPreparation
11-05 14:05:00.566 W/NetworkManagement( 476): setDataSaverMode(): already false
11-05 14:05:00.568 E/omx_vdec( 369): : erro: pParamData->nIndex > m_sPortFormatType.nIndex
11-05 14:05:00.572 W/omx_vdec( 369): <__AwOmxVdecGetExtensionIndex:1737>: GetExtensionIndex OMX.google.android.index.describeColorFormat, err [0x80001001].
11-05 14:05:00.573 W/omx_vdec( 369): <__AwOmxVdecGetExtensionIndex:1737>: GetExtensionIndex OMX.google.android.index.describeColorFormat2, err [0x80001001].
11-05 14:05:00.573 E/omx_vdec( 369): : erro: pParamData->nIndex > m_sPortFormatType.nIndex
11-05 14:05:00.573 W/omx_vdec( 369): <__AwOmxVdecGetExtensionIndex:1737>: GetExtensionIndex OMX.google.android.index.describeColorFormat, err [0x80001001].
11-05 14:05:00.573 W/omx_vdec( 369): <__AwOmxVdecGetExtensionIndex:1737>: GetExtensionIndex OMX.google.android.index.describeColorFormat2, err [0x80001001].
11-05 14:05:00.573 E/omx_vdec( 369): : erro: pParamData->nIndex > m_sPortFormatType.nIndex
11-05 14:05:00.573 W/omx_vdec( 369): <__AwOmxVdecGetExtensionIndex:1737>: GetExtensionIndex OMX.google.android.index.describeColorFormat, err [0x80001001].
11-05 14:05:00.573 W/omx_vdec( 369): <__AwOmxVdecGetExtensionIndex:1737>: GetExtensionIndex OMX.google.android.index.describeColorFormat2, err [0x80001001].
11-05 14:05:00.573 E/omx_vdec( 369): : erro: pParamData->nIndex > m_sPortFormatType.nIndex
11-05 14:05:00.573 W/omx_vdec( 369): <__AwOmxVdecGetExtensionIndex:1737>: GetExtensionIndex OMX.google.android.index.describeColorFormat, err [0x80001001].
11-05 14:05:00.574 W/omx_vdec( 369): <__AwOmxVdecGetExtensionIndex:1737>: GetExtensionIndex OMX.google.android.index.describeColorFormat2, err [0x80001001].
11-05 14:05:00.574 W/ACodec ( 361): [OMX.allwinner.video.decoder.avc] stopping checking formats after 32: COLOR_FormatYUV420Planar(13)
11-05 14:05:00.574 W/omx_vdec( 369): <__AwOmxVdecGetExtensionIndex:1737>: GetExtensionIndex OMX.google.android.index.configureVideoTunnelMode, err [0x80001001].
11-05 14:05:00.574 E/OMXNodeInstance( 369): getExtensionIndex(0xeb85c000:allwinner.decoder.avc, OMX.google.android.index.configureVideoTunnelMode) ERROR: Undefined(0x80001001)
11-05 14:05:00.574 D/MediaCodecInfo( 361): detail feature-tunneled-playback wasn't present to remove
11-05 14:05:00.574 W/omx_vdec( 369): <__AwOmxVdecGetExtensionIndex:1737>: GetExtensionIndex OMX.google.android.index.storeANWBufferInMetadata, err [0x80001001].
11-05 14:05:00.574 W/omx_vdec_aw( 369): <__anSetExtPara:3011>: Setparameter: unknown param 2131755011
11-05 14:05:00.574 W/OMXNodeInstance( 369): [0xeb85c000:allwinner.decoder.avc] component does not support metadata mode; using fallback
11-05 14:05:00.575 W/libc ( 369): invalid pthread_t (0) passed to pthread_join
11-05 14:05:00.575 W/libc ( 369): invalid pthread_t (0) passed to pthread_join
11-05 14:05:00.575 W/libc ( 369): invalid pthread_t (0) passed to pthread_join
11-05 14:05:00.576 W/BatteryExternalStatsWorker( 476): error reading modem stats:ERROR_PHONE_NOT_AVAILABLE
11-05 14:05:00.578 D/CompatibilityChangeReporter( 476): Compat change id reported: 135634846; UID 1000; state: DISABLED
11-05 14:05:00.579 D/CompatibilityChangeReporter( 476): Compat change id reported: 177438394; UID 1000; state: DISABLED
11-05 14:05:00.579 D/CompatibilityChangeReporter( 476): Compat change id reported: 135772972; UID 1000; state: DISABLED
11-05 14:05:00.579 D/CompatibilityChangeReporter( 476): Compat change id reported: 178038272; UID 1000; state: DISABLED
11-05 14:05:00.579 I/OMXClient( 361): IOmx service obtained
11-05 14:05:00.580 I/OMXStore( 369): makeComponentInstance(OMX.allwinner.video.decoder.avc.secure) in android.hardwar process
11-05 14:05:00.582 D/SystemServerInitThreadPool( 476): Finished executing WebViewFactoryPreparation
11-05 14:05:00.584 E/omx_vdec( 369): : This platform does not support secure video playback
11-05 14:05:00.585 E/omx_sem ( 369): : handle is null
11-05 14:05:00.585 E/omx_sem ( 369): : handle is null
11-05 14:05:00.585 E/omx_sem ( 369): : handle is null
11-05 14:05:00.585 E/omx_sem ( 369): : handle is null
11-05 14:05:00.585 E/omx_sem ( 369): : handle is null
11-05 14:05:00.585 W/omx_vdec_aw( 369): : pdec is null
11-05 14:05:00.585 E/android.hardware.media.omx@1.0-service( 369): Failed to allocate omx component 'OMX.allwinner.video.decoder.avc.secure' err=InvalidComponentName(0x80001002)
11-05 14:05:00.585 W/OmxInfoBuilder( 361): Fail to add media type video/avc to codec OMX.allwinner.video.decoder.avc.secure
11-05 14:05:00.587 W/NetworkPolicy( 476): setRestrictBackgroundUL: already false
11-05 14:05:00.587 I/OMXClient( 361): IOmx service obtained
11-05 14:05:00.587 I/OMXStore( 369): makeComponentInstance(OMX.allwinner.video.decoder.hevc) in android.hardwar process
11-05 14:05:00.587 I/SystemServerTiming( 476): MakeIpSecServiceReady
11-05 14:05:00.588 I/omx_vdec_aw( 369): : OmxDecoderCreate.
11-05 14:05:00.589 W/omx_vdec( 369): <__AwOmxVdecSetParameter:1561>: Set Parameter called in valid state
11-05 14:05:00.589 W/omx_vdec( 369): : pParamProfileLevel->nProfileIndex[0x1] error!
11-05 14:05:00.589 E/OMXNodeInstance( 369): getParameter(0xeb85c000:allwinner.decoder.hevc, ParamVideoProfileLevelQuerySupported(0x600000f)) ERROR: BadParameter(0x80001005)
11-05 14:05:00.590 W/omx_vdec( 369): <__AwOmxVdecGetExtensionIndex:1737>: GetExtensionIndex OMX.google.android.index.describeColorFormat, err [0x80001001].
11-05 14:05:00.590 W/omx_vdec( 369): <__AwOmxVdecGetExtensionIndex:1737>: GetExtensionIndex OMX.google.android.index.describeColorFormat2, err [0x80001001].
11-05 14:05:00.590 E/omx_vdec( 369): : erro: pParamData->nIndex > m_sPortFormatType.nIndex
11-05 14:05:00.590 W/omx_vdec( 369): <__AwOmxVdecGetExtensionIndex:1737>: GetExtensionIndex OMX.google.android.index.describeColorFormat, err [0x80001001].
11-05 14:05:00.590 W/omx_vdec( 369): <__AwOmxVdecGetExtensionIndex:1737>: GetExtensionIndex OMX.google.android.index.describeColorFormat2, err [0x80001001].
11-05 14:05:00.590 E/omx_vdec( 369): : erro: pParamData->nIndex > m_sPortFormatType.nIndex
11-05 14:05:00.590 W/omx_vdec( 369): <__AwOmxVdecGetExtensionIndex:1737>: GetExtensionIndex OMX.google.android.index.describeColorFormat, err [0x80001001].
11-05 14:05:00.590 W/omx_vdec( 369): <__AwOmxVdecGetExtensionIndex:1737>: GetExtensionIndex OMX.google.android.index.describeColorFormat2, err [0x80001001].
11-05 14:05:00.591 E/omx_vdec( 369): : erro: pParamData->nIndex > m_sPortFormatType.nIndex
11-05 14:05:00.591 W/omx_vdec( 369): <__AwOmxVdecGetExtensionIndex:1737>: GetExtensionIndex OMX.google.android.index.describeColorFormat, err [0x80001001].
11-05 14:05:00.591 W/omx_vdec( 369): <__AwOmxVdecGetExtensionIndex:1737>: GetExtensionIndex OMX.google.android.index.describeColorFormat2, err [0x80001001].
11-05 14:05:00.591 E/omx_vdec( 369): : erro: pParamData->nIndex > m_sPortFormatType.nIndex
11-05 14:05:00.591 W/omx_vdec( 369): <__AwOmxVdecGetExtensionIndex:1737>: GetExtensionIndex OMX.google.android.index.describeColorFormat, err [0x80001001].
11-05 14:05:00.591 W/omx_vdec( 369): <__AwOmxVdecGetExtensionIndex:1737>: GetExtensionIndex OMX.google.android.index.describeColorFormat2, err [0x80001001].
11-05 14:05:00.591 E/omx_vdec( 369): : erro: pParamData->nIndex > m_sPortFormatType.nIndex
11-05 14:05:00.591 W/omx_vdec( 369): <__AwOmxVdecGetExtensionIndex:1737>: GetExtensionIndex OMX.google.android.index.describeColorFormat, err [0x80001001].
11-05 14:05:00.592 W/omx_vdec( 369): <__AwOmxVdecGetExtensionIndex:1737>: GetExtensionIndex OMX.google.android.index.describeColorFormat2, err [0x80001001].
11-05 14:05:00.592 E/omx_vdec( 369): : erro: pParamData->nIndex > m_sPortFormatType.nIndex
11-05 14:05:00.592 W/omx_vdec( 369): <__AwOmxVdecGetExtensionIndex:1737>: GetExtensionIndex OMX.google.android.index.describeColorFormat, err [0x80001001].
11-05 14:05:00.592 W/omx_vdec( 369): <__AwOmxVdecGetExtensionIndex:1737>: GetExtensionIndex OMX.google.android.index.describeColorFormat2, err [0x80001001].
11-05 14:05:00.592 E/omx_vdec( 369): : erro: pParamData->nIndex > m_sPortFormatType.nIndex
11-05 14:05:00.592 W/omx_vdec( 369): <__AwOmxVdecGetExtensionIndex:1737>: GetExtensionIndex OMX.google.android.index.describeColorFormat, err [0x80001001].
11-05 14:05:00.592 W/omx_vdec( 369): <__AwOmxVdecGetExtensionIndex:1737>: GetExtensionIndex OMX.google.android.index.describeColorFormat2, err [0x80001001].
11-05 14:05:00.592 E/omx_vdec( 369): : erro: pParamData->nIndex > m_sPortFormatType.nIndex
11-05 14:05:00.592 W/omx_vdec( 369): <__AwOmxVdecGetExtensionIndex:1737>: GetExtensionIndex OMX.google.android.index.describeColorFormat, err [0x80001001].
11-05 14:05:00.593 W/omx_vdec( 369): <__AwOmxVdecGetExtensionIndex:1737>: GetExtensionIndex OMX.google.android.index.describeColorFormat2, err [0x80001001].
11-05 14:05:00.593 E/omx_vdec( 369): : erro: pParamData->nIndex > m_sPortFormatType.nIndex
11-05 14:05:00.593 W/omx_vdec( 369): <__AwOmxVdecGetExtensionIndex:1737>: GetExtensionIndex OMX.google.android.index.describeColorFormat, err [0x80001001].
11-05 14:05:00.593 W/omx_vdec( 369): <__AwOmxVdecGetExtensionIndex:1737>: GetExtensionIndex OMX.google.android.index.describeColorFormat2, err [0x80001001].
11-05 14:05:00.593 E/omx_vdec( 369): : erro: pParamData->nIndex > m_sPortFormatType.nIndex
11-05 14:05:00.593 W/omx_vdec( 369): <__AwOmxVdecGetExtensionIndex:1737>: GetExtensionIndex OMX.google.android.index.describeColorFormat, err [0x80001001].
11-05 14:05:00.593 W/omx_vdec( 369): <__AwOmxVdecGetExtensionIndex:1737>: GetExtensionIndex OMX.google.android.index.describeColorFormat2, err [0x80001001].
11-05 14:05:00.593 E/omx_vdec( 369): : erro: pParamData->nIndex > m_sPortFormatType.nIndex
11-05 14:05:00.593 W/omx_vdec( 369): <__AwOmxVdecGetExtensionIndex:1737>: GetExtensionIndex OMX.google.android.index.describeColorFormat, err [0x80001001].
11-05 14:05:00.594 W/omx_vdec( 369): <__AwOmxVdecGetExtensionIndex:1737>: GetExtensionIndex OMX.google.android.index.describeColorFormat2, err [0x80001001].
11-05 14:05:00.594 E/omx_vdec( 369): : erro: pParamData->nIndex > m_sPortFormatType.nIndex
11-05 14:05:00.594 W/omx_vdec( 369): <__AwOmxVdecGetExtensionIndex:1737>: GetExtensionIndex OMX.google.android.index.describeColorFormat, err [0x80001001].
11-05 14:05:00.594 W/omx_vdec( 369): <__AwOmxVdecGetExtensionIndex:1737>: GetExtensionIndex OMX.google.android.index.describeColorFormat2, err [0x80001001].
11-05 14:05:00.594 E/omx_vdec( 369): : erro: pParamData->nIndex > m_sPortFormatType.nIndex
11-05 14:05:00.594 W/omx_vdec( 369): <__AwOmxVdecGetExtensionIndex:1737>: GetExtensionIndex OMX.google.android.index.describeColorFormat, err [0x80001001].
11-05 14:05:00.594 D/IpSecService( 476): IpSecService is ready
11-05 14:05:00.594 W/omx_vdec( 369): <__AwOmxVdecGetExtensionIndex:1737>: GetExtensionIndex OMX.google.android.index.describeColorFormat2, err [0x80001001].
11-05 14:05:00.594 I/SystemServerTiming( 476): MakeNetworkStatsServiceReady
11-05 14:05:00.594 E/omx_vdec( 369): : erro: pParamData->nIndex > m_sPortFormatType.nIndex
11-05 14:05:00.594 W/omx_vdec( 369): <__AwOmxVdecGetExtensionIndex:1737>: GetExtensionIndex OMX.google.android.index.describeColorFormat, err [0x80001001].
11-05 14:05:00.595 W/omx_vdec( 369): <__AwOmxVdecGetExtensionIndex:1737>: GetExtensionIndex OMX.google.android.index.describeColorFormat2, err [0x80001001].
11-05 14:05:00.595 E/omx_vdec( 369): : erro: pParamData->nIndex > m_sPortFormatType.nIndex
11-05 14:05:00.595 W/omx_vdec( 369): <__AwOmxVdecGetExtensionIndex:1737>: GetExtensionIndex OMX.google.android.index.describeColorFormat, err [0x80001001].
11-05 14:05:00.595 W/omx_vdec( 369): <__AwOmxVdecGetExtensionIndex:1737>: GetExtensionIndex OMX.google.android.index.describeColorFormat2, err [0x80001001].
11-05 14:05:00.595 E/omx_vdec( 369): : erro: pParamData->nIndex > m_sPortFormatType.nIndex
11-05 14:05:00.595 W/omx_vdec( 369): <__AwOmxVdecGetExtensionIndex:1737>: GetExtensionIndex OMX.google.android.index.describeColorFormat, err [0x80001001].
11-05 14:05:00.595 W/omx_vdec( 369): <__AwOmxVdecGetExtensionIndex:1737>: GetExtensionIndex OMX.google.android.index.describeColorFormat2, err [0x80001001].
11-05 14:05:00.596 E/omx_vdec( 369): : erro: pParamData->nIndex > m_sPortFormatType.nIndex
11-05 14:05:00.596 W/omx_vdec( 369): <__AwOmxVdecGetExtensionIndex:1737>: GetExtensionIndex OMX.google.android.index.describeColorFormat, err [0x80001001].
11-05 14:05:00.596 W/omx_vdec( 369): <__AwOmxVdecGetExtensionIndex:1737>: GetExtensionIndex OMX.google.android.index.describeColorFormat2, err [0x80001001].
11-05 14:05:00.596 E/omx_vdec( 369): : erro: pParamData->nIndex > m_sPortFormatType.nIndex
11-05 14:05:00.596 D/Zygote ( 242): Forked child process 720
11-05 14:05:00.596 W/omx_vdec( 369): <__AwOmxVdecGetExtensionIndex:1737>: GetExtensionIndex OMX.google.android.index.describeColorFormat, err [0x80001001].
11-05 14:05:00.597 W/omx_vdec( 369): <__AwOmxVdecGetExtensionIndex:1737>: GetExtensionIndex OMX.google.android.index.describeColorFormat2, err [0x80001001].
11-05 14:05:00.597 E/omx_vdec( 369): : erro: pParamData->nIndex > m_sPortFormatType.nIndex
11-05 14:05:00.597 W/omx_vdec( 369): <__AwOmxVdecGetExtensionIndex:1737>: GetExtensionIndex OMX.google.android.index.describeColorFormat, err [0x80001001].
11-05 14:05:00.597 W/omx_vdec( 369): <__AwOmxVdecGetExtensionIndex:1737>: GetExtensionIndex OMX.google.android.index.describeColorFormat2, err [0x80001001].
11-05 14:05:00.597 E/omx_vdec( 369): : erro: pParamData->nIndex > m_sPortFormatType.nIndex
11-05 14:05:00.597 W/omx_vdec( 369): <__AwOmxVdecGetExtensionIndex:1737>: GetExtensionIndex OMX.google.android.index.describeColorFormat, err [0x80001001].
11-05 14:05:00.598 I/ActivityManager( 476): app.processName = WebViewLoader-armeabi-v7a
11-05 14:05:00.598 I/ActivityManager( 476): Start proc 720:WebViewLoader-armeabi-v7a/1037 [android.webkit.WebViewLibraryLoader$RelroFileCreator] for null
11-05 14:05:00.599 W/omx_vdec( 369): <__AwOmxVdecGetExtensionIndex:1737>: GetExtensionIndex OMX.google.android.index.describeColorFormat2, err [0x80001001].
11-05 14:05:00.599 E/omx_vdec( 369): : erro: pParamData->nIndex > m_sPortFormatType.nIndex
11-05 14:05:00.599 W/omx_vdec( 369): <__AwOmxVdecGetExtensionIndex:1737>: GetExtensionIndex OMX.google.android.index.describeColorFormat, err [0x80001001].
11-05 14:05:00.599 W/omx_vdec( 369): <__AwOmxVdecGetExtensionIndex:1737>: GetExtensionIndex OMX.google.android.index.describeColorFormat2, err [0x80001001].
11-05 14:05:00.600 E/omx_vdec( 369): : erro: pParamData->nIndex > m_sPortFormatType.nIndex
11-05 14:05:00.600 W/omx_vdec( 369): <__AwOmxVdecGetExtensionIndex:1737>: GetExtensionIndex OMX.google.android.index.describeColorFormat, err [0x80001001].
11-05 14:05:00.600 W/omx_vdec( 369): <__AwOmxVdecGetExtensionIndex:1737>: GetExtensionIndex OMX.google.android.index.describeColorFormat2, err [0x80001001].
11-05 14:05:00.600 E/omx_vdec( 369): : erro: pParamData->nIndex > m_sPortFormatType.nIndex
11-05 14:05:00.600 W/omx_vdec( 369): <__AwOmxVdecGetExtensionIndex:1737>: GetExtensionIndex OMX.google.android.index.describeColorFormat, err [0x80001001].
11-05 14:05:00.600 W/omx_vdec( 369): <__AwOmxVdecGetExtensionIndex:1737>: GetExtensionIndex OMX.google.android.index.describeColorFormat2, err [0x80001001].
11-05 14:05:00.600 E/omx_vdec( 369): : erro: pParamData->nIndex > m_sPortFormatType.nIndex
11-05 14:05:00.601 W/omx_vdec( 369): <__AwOmxVdecGetExtensionIndex:1737>: GetExtensionIndex OMX.google.android.index.describeColorFormat, err [0x80001001].
11-05 14:05:00.601 W/omx_vdec( 369): <__AwOmxVdecGetExtensionIndex:1737>: GetExtensionIndex OMX.google.android.index.describeColorFormat2, err [0x80001001].
11-05 14:05:00.601 E/omx_vdec( 369): : erro: pParamData->nIndex > m_sPortFormatType.nIndex
11-05 14:05:00.601 W/omx_vdec( 369): <__AwOmxVdecGetExtensionIndex:1737>: GetExtensionIndex OMX.google.android.index.describeColorFormat, err [0x80001001].
11-05 14:05:00.601 W/omx_vdec( 369): <__AwOmxVdecGetExtensionIndex:1737>: GetExtensionIndex OMX.google.android.index.describeColorFormat2, err [0x80001001].
11-05 14:05:00.601 E/omx_vdec( 369): : erro: pParamData->nIndex > m_sPortFormatType.nIndex
11-05 14:05:00.601 W/omx_vdec( 369): <__AwOmxVdecGetExtensionIndex:1737>: GetExtensionIndex OMX.google.android.index.describeColorFormat, err [0x80001001].
11-05 14:05:00.601 W/omx_vdec( 369): <__AwOmxVdecGetExtensionIndex:1737>: GetExtensionIndex OMX.google.android.index.describeColorFormat2, err [0x80001001].
11-05 14:05:00.602 E/omx_vdec( 369): : erro: pParamData->nIndex > m_sPortFormatType.nIndex
11-05 14:05:00.602 W/omx_vdec( 369): <__AwOmxVdecGetExtensionIndex:1737>: GetExtensionIndex OMX.google.android.index.describeColorFormat, err [0x80001001].
11-05 14:05:00.602 W/omx_vdec( 369): <__AwOmxVdecGetExtensionIndex:1737>: GetExtensionIndex OMX.google.android.index.describeColorFormat2, err [0x80001001].
11-05 14:05:00.602 E/omx_vdec( 369): : erro: pParamData->nIndex > m_sPortFormatType.nIndex
11-05 14:05:00.602 W/omx_vdec( 369): <__AwOmxVdecGetExtensionIndex:1737>: GetExtensionIndex OMX.google.android.index.describeColorFormat, err [0x80001001].
11-05 14:05:00.602 W/omx_vdec( 369): <__AwOmxVdecGetExtensionIndex:1737>: GetExtensionIndex OMX.google.android.index.describeColorFormat2, err [0x80001001].
11-05 14:05:00.602 E/omx_vdec( 369): : erro: pParamData->nIndex > m_sPortFormatType.nIndex
11-05 14:05:00.602 W/omx_vdec( 369): <__AwOmxVdecGetExtensionIndex:1737>: GetExtensionIndex OMX.google.android.index.describeColorFormat, err [0x80001001].
11-05 14:05:00.602 W/omx_vdec( 369): <__AwOmxVdecGetExtensionIndex:1737>: GetExtensionIndex OMX.google.android.index.describeColorFormat2, err [0x80001001].
11-05 14:05:00.603 E/omx_vdec( 369): : erro: pParamData->nIndex > m_sPortFormatType.nIndex
11-05 14:05:00.603 W/omx_vdec( 369): <__AwOmxVdecGetExtensionIndex:1737>: GetExtensionIndex OMX.google.android.index.describeColorFormat, err [0x80001001].
11-05 14:05:00.603 W/omx_vdec( 369): <__AwOmxVdecGetExtensionIndex:1737>: GetExtensionIndex OMX.google.android.index.describeColorFormat2, err [0x80001001].
11-05 14:05:00.603 E/omx_vdec( 369): : erro: pParamData->nIndex > m_sPortFormatType.nIndex
11-05 14:05:00.603 W/omx_vdec( 369): <__AwOmxVdecGetExtensionIndex:1737>: GetExtensionIndex OMX.google.android.index.describeColorFormat, err [0x80001001].
11-05 14:05:00.603 W/omx_vdec( 369): <__AwOmxVdecGetExtensionIndex:1737>: GetExtensionIndex OMX.google.android.index.describeColorFormat2, err [0x80001001].
11-05 14:05:00.603 E/omx_vdec( 369): : erro: pParamData->nIndex > m_sPortFormatType.nIndex
11-05 14:05:00.603 W/omx_vdec( 369): <__AwOmxVdecGetExtensionIndex:1737>: GetExtensionIndex OMX.google.android.index.describeColorFormat, err [0x80001001].
11-05 14:05:00.604 W/omx_vdec( 369): <__AwOmxVdecGetExtensionIndex:1737>: GetExtensionIndex OMX.google.android.index.describeColorFormat2, err [0x80001001].
11-05 14:05:00.604 W/ACodec ( 361): [OMX.allwinner.video.decoder.hevc] stopping checking formats after 32: COLOR_FormatYUV420Planar(13)
11-05 14:05:00.604 W/omx_vdec( 369): <__AwOmxVdecGetExtensionIndex:1737>: GetExtensionIndex OMX.google.android.index.configureVideoTunnelMode, err [0x80001001].
11-05 14:05:00.604 E/OMXNodeInstance( 369): getExtensionIndex(0xeb85c000:allwinner.decoder.hevc, OMX.google.android.index.configureVideoTunnelMode) ERROR: Undefined(0x80001001)
11-05 14:05:00.604 D/MediaCodecInfo( 361): detail feature-tunneled-playback wasn't present to remove
11-05 14:05:00.604 W/BestClock( 476): java.time.DateTimeException: Missing NTP fix
11-05 14:05:00.604 W/omx_vdec( 369): <__AwOmxVdecGetExtensionIndex:1737>: GetExtensionIndex OMX.google.android.index.storeANWBufferInMetadata, err [0x80001001].
11-05 14:05:00.604 W/omx_vdec_aw( 369): <__anSetExtPara:3011>: Setparameter: unknown param 2131755011
11-05 14:05:00.604 W/OMXNodeInstance( 369): [0xeb85c000:allwinner.decoder.hevc] component does not support metadata mode; using fallback
11-05 14:05:00.604 W/libc ( 369): invalid pthread_t (0) passed to pthread_join
11-05 14:05:00.604 W/libc ( 369): invalid pthread_t (0) passed to pthread_join
11-05 14:05:00.605 W/libc ( 369): invalid pthread_t (0) passed to pthread_join
11-05 14:05:00.606 I/Zygote ( 720): seccomp disabled by setenforce 0
11-05 14:05:00.607 I/OMXClient( 361): IOmx service obtained
11-05 14:05:00.607 I/OMXStore( 369): makeComponentInstance(OMX.allwinner.video.decoder.hevc.secure) in android.hardwar process
11-05 14:05:00.608 E/omx_vdec( 369): : This platform does not support secure video playback
11-05 14:05:00.608 E/omx_sem ( 369): : handle is null
11-05 14:05:00.608 E/omx_sem ( 369): : handle is null
11-05 14:05:00.608 E/omx_sem ( 369): : handle is null
11-05 14:05:00.608 E/omx_sem ( 369): : handle is null
11-05 14:05:00.608 E/omx_sem ( 369): : handle is null
11-05 14:05:00.608 W/omx_vdec_aw( 369): : pdec is null
11-05 14:05:00.608 E/android.hardware.media.omx@1.0-service( 369): Failed to allocate omx component 'OMX.allwinner.video.decoder.hevc.secure' err=InvalidComponentName(0x80001002)
11-05 14:05:00.609 W/OmxInfoBuilder( 361): Fail to add media type video/hevc to codec OMX.allwinner.video.decoder.hevc.secure
11-05 14:05:00.610 I/OMXClient( 361): IOmx service obtained
11-05 14:05:00.610 I/OMXStore( 369): makeComponentInstance(OMX.allwinner.video.decoder.mpeg2) in android.hardwar process
11-05 14:05:00.612 I/omx_vdec_aw( 369): : OmxDecoderCreate.
11-05 14:05:00.613 W/omx_vdec( 369): <__AwOmxVdecSetParameter:1561>: Set Parameter called in valid state
11-05 14:05:00.614 W/omx_vdec( 369): : pParamProfileLevel->nProfileIndex[0x2] error!
11-05 14:05:00.614 E/OMXNodeInstance( 369): getParameter(0xeb85c000:allwinner.decoder.mpeg2, ParamVideoProfileLevelQuerySupported(0x600000f)) ERROR: BadParameter(0x80001005)
11-05 14:05:00.614 W/omx_vdec( 369): <__AwOmxVdecGetExtensionIndex:1737>: GetExtensionIndex OMX.google.android.index.describeColorFormat, err [0x80001001].
11-05 14:05:00.614 W/omx_vdec( 369): <__AwOmxVdecGetExtensionIndex:1737>: GetExtensionIndex OMX.google.android.index.describeColorFormat2, err [0x80001001].
11-05 14:05:00.614 E/omx_vdec( 369): : erro: pParamData->nIndex > m_sPortFormatType.nIndex
11-05 14:05:00.615 W/omx_vdec( 369): <__AwOmxVdecGetExtensionIndex:1737>: GetExtensionIndex OMX.google.android.index.describeColorFormat, err [0x80001001].
11-05 14:05:00.615 W/omx_vdec( 369): <__AwOmxVdecGetExtensionIndex:1737>: GetExtensionIndex OMX.google.android.index.describeColorFormat2, err [0x80001001].
11-05 14:05:00.615 E/omx_vdec( 369): : erro: pParamData->nIndex > m_sPortFormatType.nIndex
11-05 14:05:00.615 W/omx_vdec( 369): <__AwOmxVdecGetExtensionIndex:1737>: GetExtensionIndex OMX.google.android.index.describeColorFormat, err [0x80001001].
11-05 14:05:00.615 W/omx_vdec( 369): <__AwOmxVdecGetExtensionIndex:1737>: GetExtensionIndex OMX.google.android.index.describeColorFormat2, err [0x80001001].
11-05 14:05:00.615 E/omx_vdec( 369): : erro: pParamData->nIndex > m_sPortFormatType.nIndex
11-05 14:05:00.615 W/omx_vdec( 369): <__AwOmxVdecGetExtensionIndex:1737>: GetExtensionIndex OMX.google.android.index.describeColorFormat, err [0x80001001].
11-05 14:05:00.616 W/omx_vdec( 369): <__AwOmxVdecGetExtensionIndex:1737>: GetExtensionIndex OMX.google.android.index.describeColorFormat2, err [0x80001001].
11-05 14:05:00.616 E/omx_vdec( 369): : erro: pParamData->nIndex > m_sPortFormatType.nIndex
11-05 14:05:00.616 W/omx_vdec( 369): <__AwOmxVdecGetExtensionIndex:1737>: GetExtensionIndex OMX.google.android.index.describeColorFormat, err [0x80001001].
11-05 14:05:00.616 W/omx_vdec( 369): <__AwOmxVdecGetExtensionIndex:1737>: GetExtensionIndex OMX.google.android.index.describeColorFormat2, err [0x80001001].
11-05 14:05:00.616 E/omx_vdec( 369): : erro: pParamData->nIndex > m_sPortFormatType.nIndex
11-05 14:05:00.616 W/omx_vdec( 369): <__AwOmxVdecGetExtensionIndex:1737>: GetExtensionIndex OMX.google.android.index.describeColorFormat, err [0x80001001].
11-05 14:05:00.616 W/omx_vdec( 369): <__AwOmxVdecGetExtensionIndex:1737>: GetExtensionIndex OMX.google.android.index.describeColorFormat2, err [0x80001001].
11-05 14:05:00.616 E/omx_vdec( 369): : erro: pParamData->nIndex > m_sPortFormatType.nIndex
11-05 14:05:00.617 W/omx_vdec( 369): <__AwOmxVdecGetExtensionIndex:1737>: GetExtensionIndex OMX.google.android.index.describeColorFormat, err [0x80001001].
11-05 14:05:00.617 W/omx_vdec( 369): <__AwOmxVdecGetExtensionIndex:1737>: GetExtensionIndex OMX.google.android.index.describeColorFormat2, err [0x80001001].
11-05 14:05:00.617 E/omx_vdec( 369): : erro: pParamData->nIndex > m_sPortFormatType.nIndex
11-05 14:05:00.617 W/omx_vdec( 369): <__AwOmxVdecGetExtensionIndex:1737>: GetExtensionIndex OMX.google.android.index.describeColorFormat, err [0x80001001].
11-05 14:05:00.617 W/omx_vdec( 369): <__AwOmxVdecGetExtensionIndex:1737>: GetExtensionIndex OMX.google.android.index.describeColorFormat2, err [0x80001001].
11-05 14:05:00.617 E/omx_vdec( 369): : erro: pParamData->nIndex > m_sPortFormatType.nIndex
11-05 14:05:00.617 W/omx_vdec( 369): <__AwOmxVdecGetExtensionIndex:1737>: GetExtensionIndex OMX.google.android.index.describeColorFormat, err [0x80001001].
11-05 14:05:00.618 W/omx_vdec( 369): <__AwOmxVdecGetExtensionIndex:1737>: GetExtensionIndex OMX.google.android.index.describeColorFormat2, err [0x80001001].
11-05 14:05:00.618 E/omx_vdec( 369): : erro: pParamData->nIndex > m_sPortFormatType.nIndex
11-05 14:05:00.618 W/omx_vdec( 369): <__AwOmxVdecGetExtensionIndex:1737>: GetExtensionIndex OMX.google.android.index.describeColorFormat, err [0x80001001].
11-05 14:05:00.618 W/omx_vdec( 369): <__AwOmxVdecGetExtensionIndex:1737>: GetExtensionIndex OMX.google.android.index.describeColorFormat2, err [0x80001001].
11-05 14:05:00.618 E/omx_vdec( 369): : erro: pParamData->nIndex > m_sPortFormatType.nIndex
11-05 14:05:00.618 W/omx_vdec( 369): <__AwOmxVdecGetExtensionIndex:1737>: GetExtensionIndex OMX.google.android.index.describeColorFormat, err [0x80001001].
11-05 14:05:00.618 W/omx_vdec( 369): <__AwOmxVdecGetExtensionIndex:1737>: GetExtensionIndex OMX.google.android.index.describeColorFormat2, err [0x80001001].
11-05 14:05:00.619 E/omx_vdec( 369): : erro: pParamData->nIndex > m_sPortFormatType.nIndex
11-05 14:05:00.619 W/omx_vdec( 369): <__AwOmxVdecGetExtensionIndex:1737>: GetExtensionIndex OMX.google.android.index.describeColorFormat, err [0x80001001].
11-05 14:05:00.619 W/omx_vdec( 369): <__AwOmxVdecGetExtensionIndex:1737>: GetExtensionIndex OMX.google.android.index.describeColorFormat2, err [0x80001001].
11-05 14:05:00.619 E/omx_vdec( 369): : erro: pParamData->nIndex > m_sPortFormatType.nIndex
11-05 14:05:00.619 W/omx_vdec( 369): <__AwOmxVdecGetExtensionIndex:1737>: GetExtensionIndex OMX.google.android.index.describeColorFormat, err [0x80001001].
11-05 14:05:00.619 W/omx_vdec( 369): <__AwOmxVdecGetExtensionIndex:1737>: GetExtensionIndex OMX.google.android.index.describeColorFormat2, err [0x80001001].
11-05 14:05:00.620 E/omx_vdec( 369): : erro: pParamData->nIndex > m_sPortFormatType.nIndex
11-05 14:05:00.620 W/omx_vdec( 369): <__AwOmxVdecGetExtensionIndex:1737>: GetExtensionIndex OMX.google.android.index.describeColorFormat, err [0x80001001].
11-05 14:05:00.620 W/omx_vdec( 369): <__AwOmxVdecGetExtensionIndex:1737>: GetExtensionIndex OMX.google.android.index.describeColorFormat2, err [0x80001001].
11-05 14:05:00.620 E/omx_vdec( 369): : erro: pParamData->nIndex > m_sPortFormatType.nIndex
11-05 14:05:00.620 W/omx_vdec( 369): <__AwOmxVdecGetExtensionIndex:1737>: GetExtensionIndex OMX.google.android.index.describeColorFormat, err [0x80001001].
11-05 14:05:00.620 W/omx_vdec( 369): <__AwOmxVdecGetExtensionIndex:1737>: GetExtensionIndex OMX.google.android.index.describeColorFormat2, err [0x80001001].
11-05 14:05:00.620 E/omx_vdec( 369): : erro: pParamData->nIndex > m_sPortFormatType.nIndex
11-05 14:05:00.621 W/omx_vdec( 369): <__AwOmxVdecGetExtensionIndex:1737>: GetExtensionIndex OMX.google.android.index.describeColorFormat, err [0x80001001].
11-05 14:05:00.621 W/omx_vdec( 369): <__AwOmxVdecGetExtensionIndex:1737>: GetExtensionIndex OMX.google.android.index.describeColorFormat2, err [0x80001001].
11-05 14:05:00.621 E/omx_vdec( 369): : erro: pParamData->nIndex > m_sPortFormatType.nIndex
11-05 14:05:00.621 W/omx_vdec( 369): <__AwOmxVdecGetExtensionIndex:1737>: GetExtensionIndex OMX.google.android.index.describeColorFormat, err [0x80001001].
11-05 14:05:00.621 W/omx_vdec( 369): <__AwOmxVdecGetExtensionIndex:1737>: GetExtensionIndex OMX.google.android.index.describeColorFormat2, err [0x80001001].
11-05 14:05:00.621 E/omx_vdec( 369): : erro: pParamData->nIndex > m_sPortFormatType.nIndex
11-05 14:05:00.621 W/omx_vdec( 369): <__AwOmxVdecGetExtensionIndex:1737>: GetExtensionIndex OMX.google.android.index.describeColorFormat, err [0x80001001].
11-05 14:05:00.621 W/omx_vdec( 369): <__AwOmxVdecGetExtensionIndex:1737>: GetExtensionIndex OMX.google.android.index.describeColorFormat2, err [0x80001001].
11-05 14:05:00.622 E/omx_vdec( 369): : erro: pParamData->nIndex > m_sPortFormatType.nIndex
11-05 14:05:00.622 W/omx_vdec( 369): <__AwOmxVdecGetExtensionIndex:1737>: GetExtensionIndex OMX.google.android.index.describeColorFormat, err [0x80001001].
11-05 14:05:00.622 W/omx_vdec( 369): <__AwOmxVdecGetExtensionIndex:1737>: GetExtensionIndex OMX.google.android.index.describeColorFormat2, err [0x80001001].
11-05 14:05:00.622 E/omx_vdec( 369): : erro: pParamData->nIndex > m_sPortFormatType.nIndex
11-05 14:05:00.622 W/omx_vdec( 369): <__AwOmxVdecGetExtensionIndex:1737>: GetExtensionIndex OMX.google.android.index.describeColorFormat, err [0x80001001].
11-05 14:05:00.622 W/omx_vdec( 369): <__AwOmxVdecGetExtensionIndex:1737>: GetExtensionIndex OMX.google.android.index.describeColorFormat2, err [0x80001001].
11-05 14:05:00.622 E/omx_vdec( 369): : erro: pParamData->nIndex > m_sPortFormatType.nIndex
11-05 14:05:00.623 W/omx_vdec( 369): <__AwOmxVdecGetExtensionIndex:1737>: GetExtensionIndex OMX.google.android.index.describeColorFormat, err [0x80001001].
11-05 14:05:00.623 W/omx_vdec( 369): <__AwOmxVdecGetExtensionIndex:1737>: GetExtensionIndex OMX.google.android.index.describeColorFormat2, err [0x80001001].
11-05 14:05:00.623 E/omx_vdec( 369): : erro: pParamData->nIndex > m_sPortFormatType.nIndex
11-05 14:05:00.623 W/omx_vdec( 369): <__AwOmxVdecGetExtensionIndex:1737>: GetExtensionIndex OMX.google.android.index.describeColorFormat, err [0x80001001].
11-05 14:05:00.624 W/omx_vdec( 369): <__AwOmxVdecGetExtensionIndex:1737>: GetExtensionIndex OMX.google.android.index.describeColorFormat2, err [0x80001001].
11-05 14:05:00.624 E/omx_vdec( 369): : erro: pParamData->nIndex > m_sPortFormatType.nIndex
11-05 14:05:00.624 W/omx_vdec( 369): <__AwOmxVdecGetExtensionIndex:1737>: GetExtensionIndex OMX.google.android.index.describeColorFormat, err [0x80001001].
11-05 14:05:00.629 W/omx_vdec( 369): <__AwOmxVdecGetExtensionIndex:1737>: GetExtensionIndex OMX.google.android.index.describeColorFormat2, err [0x80001001].
11-05 14:05:00.631 I/adbd ( 394): jdwp connection from 720
11-05 14:05:00.631 E/omx_vdec( 369): : erro: pParamData->nIndex > m_sPortFormatType.nIndex
11-05 14:05:00.632 W/omx_vdec( 369): <__AwOmxVdecGetExtensionIndex:1737>: GetExtensionIndex OMX.google.android.index.describeColorFormat, err [0x80001001].
11-05 14:05:00.632 W/omx_vdec( 369): <__AwOmxVdecGetExtensionIndex:1737>: GetExtensionIndex OMX.google.android.index.describeColorFormat2, err [0x80001001].
11-05 14:05:00.632 E/omx_vdec( 369): : erro: pParamData->nIndex > m_sPortFormatType.nIndex
11-05 14:05:00.632 W/omx_vdec( 369): <__AwOmxVdecGetExtensionIndex:1737>: GetExtensionIndex OMX.google.android.index.describeColorFormat, err [0x80001001].
11-05 14:05:00.632 W/omx_vdec( 369): <__AwOmxVdecGetExtensionIndex:1737>: GetExtensionIndex OMX.google.android.index.describeColorFormat2, err [0x80001001].
11-05 14:05:00.632 E/omx_vdec( 369): : erro: pParamData->nIndex > m_sPortFormatType.nIndex
