11-05 14:08:05.897 I/DefaultIMS( 2721): onKeyDown: keyoCode=22
11-05 14:08:05.906 I/TvSpecialKeyEventInterceptor( 2721): onKeyDown repeat: 0 onKeyDownConsume: false
11-05 14:08:05.906 I/KeyboardViewPresenter( 2721): getNextKey Key_K
11-05 14:08:05.961 D/UtilLog ( 2389): 日志批量上报 进行正常循环 !!!!!!本次有0次请求,共0条数据
11-05 14:08:05.977 I/BLEAudioDrive_HV410( 247): data len: 9 1
11-05 14:08:05.977 I/BLEAudioDrive_HV410( 247): keyboard stop
11-05 14:08:05.978 D/TvWindowManager( 476): key event key = KEYCODE_DPAD_RIGHT down = false
11-05 14:08:05.985 I/SogouIME( 2721): onKeyUp: keyoCode=22
11-05 14:08:05.987 I/DefaultIMS( 2721): onKeyUp: keyoCode=22
11-05 14:08:05.991 I/TvSpecialKeyEventInterceptor( 2721): onKeyUp: onKeyDownConsume false onKeyUpConsume: false repeat: 0
11-05 14:08:06.045 I/BLEAudioDrive_HV410( 247): data len: 9 1
11-05 14:08:06.046 D/TvWindowManager( 476): key event key = KEYCODE_DPAD_RIGHT down = true
11-05 14:08:06.053 D/GpioService( 476): mFlickerEnable = true
11-05 14:08:06.056 I/SogouIME( 2721): onKeyDown: keyoCode=22
11-05 14:08:06.056 I/DefaultIMS( 2721): onKeyDown: keyoCode=22
11-05 14:08:06.058 I/TvSpecialKeyEventInterceptor( 2721): onKeyDown repeat: 0 onKeyDownConsume: false
11-05 14:08:06.058 I/KeyboardViewPresenter( 2721): getNextKey Key_L
11-05 14:08:06.169 I/BLEAudioDrive_HV410( 247): data len: 9 1
11-05 14:08:06.169 I/BLEAudioDrive_HV410( 247): keyboard stop
11-05 14:08:06.170 D/TvWindowManager( 476): key event key = KEYCODE_DPAD_RIGHT down = false
11-05 14:08:06.174 I/SogouIME( 2721): onKeyUp: keyoCode=22
11-05 14:08:06.174 I/DefaultIMS( 2721): onKeyUp: keyoCode=22
11-05 14:08:06.178 I/TvSpecialKeyEventInterceptor( 2721): onKeyUp: onKeyDownConsume false onKeyUpConsume: false repeat: 0
11-05 14:08:06.224 I/BLEAudioDrive_HV410( 247): data len: 9 1
11-05 14:08:06.225 D/TvWindowManager( 476): key event key = KEYCODE_DPAD_RIGHT down = true
11-05 14:08:06.239 D/GpioService( 476): mFlickerEnable = true
11-05 14:08:06.241 I/SogouIME( 2721): onKeyDown: keyoCode=22
11-05 14:08:06.241 I/DefaultIMS( 2721): onKeyDown: keyoCode=22
11-05 14:08:06.251 I/TvSpecialKeyEventInterceptor( 2721): onKeyDown repeat: 0 onKeyDownConsume: false
11-05 14:08:06.252 I/KeyboardViewPresenter( 2721): getNextKey Key_M
11-05 14:08:06.350 D/TvWindowManager( 476): key event key = KEYCODE_DPAD_RIGHT down = false
11-05 14:08:06.352 I/BLEAudioDrive_HV410( 247): data len: 9 1
11-05 14:08:06.353 I/BLEAudioDrive_HV410( 247): keyboard stop
11-05 14:08:06.360 I/SogouIME( 2721): onKeyUp: keyoCode=22
11-05 14:08:06.361 I/DefaultIMS( 2721): onKeyUp: keyoCode=22
11-05 14:08:06.365 I/TvSpecialKeyEventInterceptor( 2721): onKeyUp: onKeyDownConsume false onKeyUpConsume: false repeat: 0
11-05 14:08:06.391 W/IorapForwardingService( 476): No service published for: iorapd
11-05 14:08:06.429 D/TvWindowManager( 476): key event key = KEYCODE_DPAD_RIGHT down = true
11-05 14:08:06.432 I/BLEAudioDrive_HV410( 247): data len: 9 1
11-05 14:08:06.440 D/GpioService( 476): mFlickerEnable = true
11-05 14:08:06.445 I/SogouIME( 2721): onKeyDown: keyoCode=22
11-05 14:08:06.447 I/DefaultIMS( 2721): onKeyDown: keyoCode=22
11-05 14:08:06.451 I/TvSpecialKeyEventInterceptor( 2721): onKeyDown repeat: 0 onKeyDownConsume: false
11-05 14:08:06.452 I/KeyboardViewPresenter( 2721): getNextKey Key_N
11-05 14:08:06.540 D/TvWindowManager( 476): key event key = KEYCODE_DPAD_RIGHT down = false
11-05 14:08:06.542 I/BLEAudioDrive_HV410( 247): data len: 9 1
11-05 14:08:06.542 I/BLEAudioDrive_HV410( 247): keyboard stop
11-05 14:08:06.556 I/SogouIME( 2721): onKeyUp: keyoCode=22
11-05 14:08:06.556 I/DefaultIMS( 2721): onKeyUp: keyoCode=22
11-05 14:08:06.562 I/TvSpecialKeyEventInterceptor( 2721): onKeyUp: onKeyDownConsume false onKeyUpConsume: false repeat: 0
11-05 14:08:06.674 I/BLEAudioDrive_HV410( 247): data len: 9 1
11-05 14:08:06.674 D/TvWindowManager( 476): key event key = KEYCODE_DPAD_CENTER down = true
11-05 14:08:06.688 D/GpioService( 476): mFlickerEnable = true
11-05 14:08:06.800 I/BLEAudioDrive_HV410( 247): data len: 9 1
11-05 14:08:06.800 I/BLEAudioDrive_HV410( 247): keyboard stop
11-05 14:08:06.806 D/TvWindowManager( 476): key event key = KEYCODE_DPAD_CENTER down = false
11-05 14:08:06.828 D/GpioService( 476): mFlickerEnable = true
11-05 14:08:06.832 I/SogouIME( 2721): onKeyDown: keyoCode=23
11-05 14:08:06.833 I/DefaultIMS( 2721): onKeyDown: keyoCode=23
11-05 14:08:06.838 I/TvSpecialKeyEventInterceptor( 2721): onKeyDown repeat: 0 onKeyDownConsume: false
11-05 14:08:06.850 D/aaa ( 1097): LedStatusService onStartCommand begin
11-05 14:08:06.854 I/SogouIME( 2721): onKeyUp: keyoCode=23
11-05 14:08:06.855 I/DefaultIMS( 2721): onKeyUp: keyoCode=23
11-05 14:08:06.856 D/aaa ( 1097): topPkg is -------------- :com.dangbei.haqusetting
11-05 14:08:06.859 I/TvSpecialKeyEventInterceptor( 2721): onKeyUp: onKeyDownConsume false onKeyUpConsume: false repeat: 0
11-05 14:08:06.865 I/fB ( 2721): onKeyClick: property=110 code=110 symbol=null
11-05 14:08:06.866 I/KeyEventTransfer( 2721): doKeyInput: property=110 code=110 text=n miniText=null
11-05 14:08:06.899 D/bbb ( 1174): onStartCommand begin !!!!!!! data分区剩余 24984MB
11-05 14:08:06.910 I/ENKeyHandler( 2721): on selection update: oldStart: 2, oldEnd: 2, newStart: 3, newEnd: 3, composingStart: -1, composingEnd: -1
11-05 14:08:06.923 I/BLEAudioDrive_HV410( 247): data len: 9 1
11-05 14:08:06.924 D/TvWindowManager( 476): key event key = KEYCODE_DPAD_UP down = true
11-05 14:08:06.946 D/GpioService( 476): mFlickerEnable = true
11-05 14:08:06.973 I/SogouIME( 2721): onKeyDown: keyoCode=19
11-05 14:08:06.973 I/DefaultIMS( 2721): onKeyDown: keyoCode=19
11-05 14:08:06.979 I/TvSpecialKeyEventInterceptor( 2721): onKeyDown repeat: 0 onKeyDownConsume: false
11-05 14:08:06.980 I/KeyboardViewPresenter( 2721): getNextKey Key_G
11-05 14:08:07.090 I/BLEAudioDrive_HV410( 247): data len: 9 1
11-05 14:08:07.090 I/BLEAudioDrive_HV410( 247): keyboard stop
11-05 14:08:07.091 D/TvWindowManager( 476): key event key = KEYCODE_DPAD_UP down = false
11-05 14:08:07.104 I/SogouIME( 2721): onKeyUp: keyoCode=19
11-05 14:08:07.105 I/DefaultIMS( 2721): onKeyUp: keyoCode=19
11-05 14:08:07.110 I/TvSpecialKeyEventInterceptor( 2721): onKeyUp: onKeyDownConsume false onKeyUpConsume: false repeat: 0
11-05 14:08:07.114 I/FuseDaemon( 1024): Background concurrent copying GC freed 61526(3794KB) AllocSpace objects, 0(0B) LOS objects, 49% free, 4127KB/8254KB, paused 383us total 456.488ms
11-05 14:08:07.260 I/gbei.screencas( 3149): Background young concurrent copying GC freed 52223(6399KB) AllocSpace objects, 2(36KB) LOS objects, 45% free, 7501KB/13MB, paused 517us total 101.849ms
11-05 14:08:07.282 I/BLEAudioDrive_HV410( 247): data len: 9 1
11-05 14:08:07.284 D/TvWindowManager( 476): key event key = KEYCODE_DPAD_CENTER down = true
11-05 14:08:07.294 D/GpioService( 476): mFlickerEnable = true
11-05 14:08:07.397 I/BLEAudioDrive_HV410( 247): data len: 9 1
11-05 14:08:07.397 D/TvWindowManager( 476): key event key = KEYCODE_DPAD_CENTER down = false
11-05 14:08:07.398 I/BLEAudioDrive_HV410( 247): keyboard stop
11-05 14:08:07.400 W/IorapForwardingService( 476): No service published for: iorapd
11-05 14:08:07.436 D/GpioService( 476): mFlickerEnable = true
11-05 14:08:07.440 I/SogouIME( 2721): onKeyDown: keyoCode=23
11-05 14:08:07.440 I/DefaultIMS( 2721): onKeyDown: keyoCode=23
11-05 14:08:07.444 I/TvSpecialKeyEventInterceptor( 2721): onKeyDown repeat: 0 onKeyDownConsume: false
11-05 14:08:07.453 I/SogouIME( 2721): onKeyUp: keyoCode=23
11-05 14:08:07.453 I/DefaultIMS( 2721): onKeyUp: keyoCode=23
11-05 14:08:07.457 I/TvSpecialKeyEventInterceptor( 2721): onKeyUp: onKeyDownConsume false onKeyUpConsume: false repeat: 0
11-05 14:08:07.459 I/fB ( 2721): onKeyClick: property=103 code=103 symbol=null
11-05 14:08:07.459 I/KeyEventTransfer( 2721): doKeyInput: property=103 code=103 text=g miniText=null
11-05 14:08:07.470 I/ENKeyHandler( 2721): on selection update: oldStart: 3, oldEnd: 3, newStart: 4, newEnd: 4, composingStart: -1, composingEnd: -1
11-05 14:08:07.543 E/WifiHAL ( 662): wifi_get_link_stats: requestResponse Error:-5
11-05 14:08:07.555 E/WifiVendorHal( 476): getWifiLinkLayerStats_1_5_Internal(l.1191) failed {.code = ERROR_INVALID_ARGS, .description = }
11-05 14:08:07.576 D/ConnectivityService( 476): NetReassign [no changes]
11-05 14:08:07.586 I/BLEAudioDrive_HV410( 247): data len: 9 1
11-05 14:08:07.587 D/TvWindowManager( 476): key event key = KEYCODE_DPAD_DOWN down = true
11-05 14:08:07.595 D/GpioService( 476): mFlickerEnable = true
11-05 14:08:07.668 E/dangbei111( 1047): cccccc 检查遥控器是否连接: Dangbei C9:B5:96:5C:E3:CB
11-05 14:08:07.677 E/dangbei111( 1047): cccccc 检查遥控器是否连接: 蓝牙的结果 Dangbei C9:B5:96:5C:E3:CB true
11-05 14:08:07.678 E/dangbei111( 1047): cccccc 确实有遥控器 存在 取消check任务
11-05 14:08:07.679 E/dangbei111( 1047): cccccc 尝试 stopBleScan
11-05 14:08:07.684 D/BluetoothAdapter( 1047): isLeEnabled(): ON
11-05 14:08:07.685 D/BluetoothLeScanner( 1047): could not find callback wrapper
11-05 14:08:07.685 E/dangbei111( 1047): cccccc stopBleScanInner null
11-05 14:08:07.685 E/dangbei111( 1047): cccccc rc is connected, stop scan =C9:B5:96:5C:E3:CB
11-05 14:08:07.720 E/ccc ( 1047): cccccc sendCycleCheckBroadcast
11-05 14:08:07.721 W/ContextImpl( 1047): Calling a method in the system process without a qualified user: android.app.ContextImpl.sendBroadcast:1173 android.content.ContextWrapper.sendBroadcast:479 com.dangbei.etna.setting.core.SettingHelper.sendCycleToProjector:250 com.dangbei.etna.setting.core.SettingHelper.sendCycleCheckBroadcast:219 com.dangbei.etna.setting.core.SettingHelper.startLoop$lambda-0:177
11-05 14:08:07.725 W/ContextImpl( 1047): Calling a method in the system process without a qualified user: android.app.ContextImpl.sendBroadcast:1173 android.content.ContextWrapper.sendBroadcast:479 com.dangbei.etna.setting.core.SettingHelper.sendCycleToVoice:235 com.dangbei.etna.setting.core.SettingHelper.sendCycleCheckBroadcast:220 com.dangbei.etna.setting.core.SettingHelper.startLoop$lambda-0:177
11-05 14:08:07.731 E/ActivityManager( 476): Sending non-protected broadcast com.dangbei.etna.setting.action_cycle_check_broadcast from system 1047:com.dangbei.lerad.etna.haqu/1000 pkg com.dangbei.lerad.etna.haqu
11-05 14:08:07.731 E/ActivityManager( 476): java.lang.Throwable
11-05 14:08:07.731 E/ActivityManager( 476): at com.android.server.am.ActivityManagerService.checkBroadcastFromSystem(ActivityManagerService.java:12816)
11-05 14:08:07.731 E/ActivityManager( 476): at com.android.server.am.ActivityManagerService.broadcastIntentLocked(ActivityManagerService.java:13513)
11-05 14:08:07.731 E/ActivityManager( 476): at com.android.server.am.ActivityManagerService.broadcastIntentLocked(ActivityManagerService.java:12833)
11-05 14:08:07.731 E/ActivityManager( 476): at com.android.server.am.ActivityManagerService.broadcastIntentWithFeature(ActivityManagerService.java:13670)
11-05 14:08:07.731 E/ActivityManager( 476): at android.app.IActivityManager$Stub.onTransact(IActivityManager.java:2326)
11-05 14:08:07.731 E/ActivityManager( 476): at com.android.server.am.ActivityManagerService.onTransact(ActivityManagerService.java:2509)
11-05 14:08:07.731 E/ActivityManager( 476): at android.os.Binder.execTransactInternal(Binder.java:1179)
11-05 14:08:07.731 E/ActivityManager( 476): at android.os.Binder.execTransact(Binder.java:1143)
11-05 14:08:07.735 D/TvWindowManager( 476): key event key = KEYCODE_DPAD_DOWN down = false
11-05 14:08:07.737 I/BLEAudioDrive_HV410( 247): data len: 9 1
11-05 14:08:07.737 I/BLEAudioDrive_HV410( 247): keyboard stop
11-05 14:08:07.737 D/GpioService( 476): mFlickerEnable = true
11-05 14:08:07.740 I/SogouIME( 2721): onKeyDown: keyoCode=20
11-05 14:08:07.741 I/DefaultIMS( 2721): onKeyDown: keyoCode=20
11-05 14:08:07.746 I/DropBoxManagerService( 476): add tag=system_server_wtf isTagEnabled=true flags=0x2
11-05 14:08:07.748 I/TvSpecialKeyEventInterceptor( 2721): onKeyDown repeat: 0 onKeyDownConsume: false
11-05 14:08:07.756 I/KeyboardViewPresenter( 2721): getNextKey Key_N
11-05 14:08:07.782 D/CompatibilityChangeReporter( 476): Compat change id reported: 168419799; UID 1000; state: DISABLED
11-05 14:08:07.788 D/RockyVoice( 1469): RestartReceiver onReceive
11-05 14:08:07.788 I/SogouIME( 2721): onKeyUp: keyoCode=20
11-05 14:08:07.789 I/DefaultIMS( 2721): onKeyUp: keyoCode=20
11-05 14:08:07.801 I/BLEAudioDrive_HV410( 247): data len: 9 1
11-05 14:08:07.802 D/TvWindowManager( 476): key event key = KEYCODE_DPAD_DOWN down = true
11-05 14:08:07.804 I/TvSpecialKeyEventInterceptor( 2721): onKeyUp: onKeyDownConsume false onKeyUpConsume: false repeat: 0
11-05 14:08:07.832 D/GpioService( 476): mFlickerEnable = true
11-05 14:08:07.935 I/BLEAudioDrive_HV410( 247): data len: 9 1
11-05 14:08:07.936 I/BLEAudioDrive_HV410( 247): keyboard stop
11-05 14:08:07.936 D/TvWindowManager( 476): key event key = KEYCODE_DPAD_DOWN down = false
11-05 14:08:07.954 D/GpioService( 476): mFlickerEnable = true
11-05 14:08:07.960 I/SogouIME( 2721): onKeyDown: keyoCode=20
11-05 14:08:07.961 I/DefaultIMS( 2721): onKeyDown: keyoCode=20
11-05 14:08:07.969 I/TvSpecialKeyEventInterceptor( 2721): onKeyDown repeat: 0 onKeyDownConsume: false
11-05 14:08:07.971 I/KeyboardViewPresenter( 2721): getNextKey Key_U
11-05 14:08:08.007 I/SogouIME( 2721): onKeyUp: keyoCode=20
11-05 14:08:08.008 I/DefaultIMS( 2721): onKeyUp: keyoCode=20
11-05 14:08:08.023 I/TvSpecialKeyEventInterceptor( 2721): onKeyUp: onKeyDownConsume false onKeyUpConsume: false repeat: 0
11-05 14:08:08.115 I/BLEAudioDrive_HV410( 247): data len: 9 1
11-05 14:08:08.117 D/TvWindowManager( 476): key event key = KEYCODE_DPAD_DOWN down = true
11-05 14:08:08.132 D/GpioService( 476): mFlickerEnable = true
11-05 14:08:08.227 I/BLEAudioDrive_HV410( 247): data len: 9 1
11-05 14:08:08.228 I/BLEAudioDrive_HV410( 247): keyboard stop
11-05 14:08:08.229 D/TvWindowManager( 476): key event key = KEYCODE_DPAD_DOWN down = false
11-05 14:08:08.266 D/GpioService( 476): mFlickerEnable = true
11-05 14:08:08.272 I/SogouIME( 2721): onKeyDown: keyoCode=20
11-05 14:08:08.273 I/DefaultIMS( 2721): onKeyDown: keyoCode=20
11-05 14:08:08.283 I/TvSpecialKeyEventInterceptor( 2721): onKeyDown repeat: 0 onKeyDownConsume: false
11-05 14:08:08.283 I/KeyboardViewPresenter( 2721): getNextKey Key_Right
11-05 14:08:08.299 I/SogouIME( 2721): onKeyUp: keyoCode=20
11-05 14:08:08.300 I/DefaultIMS( 2721): onKeyUp: keyoCode=20
11-05 14:08:08.307 I/TvSpecialKeyEventInterceptor( 2721): onKeyUp: onKeyDownConsume false onKeyUpConsume: false repeat: 0
11-05 14:08:08.403 W/IorapForwardingService( 476): No service published for: iorapd
11-05 14:08:08.689 I/BLEAudioDrive_HV410( 247): data len: 9 1
11-05 14:08:08.690 D/TvWindowManager( 476): key event key = KEYCODE_DPAD_LEFT down = true
11-05 14:08:08.700 D/GpioService( 476): mFlickerEnable = true
11-05 14:08:08.704 I/SogouIME( 2721): onKeyDown: keyoCode=21
11-05 14:08:08.705 I/DefaultIMS( 2721): onKeyDown: keyoCode=21
11-05 14:08:08.714 I/TvSpecialKeyEventInterceptor( 2721): onKeyDown repeat: 0 onKeyDownConsume: false
11-05 14:08:08.716 I/KeyboardViewPresenter( 2721): getNextKey Key_Left
11-05 14:08:08.869 I/BLEAudioDrive_HV410( 247): data len: 9 1
11-05 14:08:08.870 I/BLEAudioDrive_HV410( 247): keyboard stop
11-05 14:08:08.871 D/TvWindowManager( 476): key event key = KEYCODE_DPAD_LEFT down = false
11-05 14:08:08.876 I/SogouIME( 2721): onKeyUp: keyoCode=21
11-05 14:08:08.876 I/DefaultIMS( 2721): onKeyUp: keyoCode=21
11-05 14:08:08.884 I/TvSpecialKeyEventInterceptor( 2721): onKeyUp: onKeyDownConsume false onKeyUpConsume: false repeat: 0
11-05 14:08:08.937 I/BLEAudioDrive_HV410( 247): data len: 9 1
11-05 14:08:08.938 D/TvWindowManager( 476): key event key = KEYCODE_DPAD_LEFT down = true
11-05 14:08:08.950 D/GpioService( 476): mFlickerEnable = true
11-05 14:08:08.955 I/SogouIME( 2721): onKeyDown: keyoCode=21
11-05 14:08:08.956 I/DefaultIMS( 2721): onKeyDown: keyoCode=21
11-05 14:08:08.960 I/TvSpecialKeyEventInterceptor( 2721): onKeyDown repeat: 0 onKeyDownConsume: false
11-05 14:08:08.962 I/KeyboardViewPresenter( 2721): getNextKey Key_Z
11-05 14:08:09.072 I/BLEAudioDrive_HV410( 247): data len: 9 1
11-05 14:08:09.072 I/BLEAudioDrive_HV410( 247): keyboard stop
11-05 14:08:09.072 D/TvWindowManager( 476): key event key = KEYCODE_DPAD_LEFT down = false
11-05 14:08:09.079 I/SogouIME( 2721): onKeyUp: keyoCode=21
11-05 14:08:09.079 I/DefaultIMS( 2721): onKeyUp: keyoCode=21
11-05 14:08:09.083 I/TvSpecialKeyEventInterceptor( 2721): onKeyUp: onKeyDownConsume false onKeyUpConsume: false repeat: 0
11-05 14:08:09.229 I/BLEAudioDrive_HV410( 247): data len: 9 1
11-05 14:08:09.230 D/TvWindowManager( 476): key event key = KEYCODE_DPAD_CENTER down = true
11-05 14:08:09.250 D/GpioService( 476): mFlickerEnable = true
11-05 14:08:09.353 I/BLEAudioDrive_HV410( 247): data len: 9 1
11-05 14:08:09.353 I/BLEAudioDrive_HV410( 247): keyboard stop
11-05 14:08:09.353 D/TvWindowManager( 476): key event key = KEYCODE_DPAD_CENTER down = false
11-05 14:08:09.382 D/GpioService( 476): mFlickerEnable = true
11-05 14:08:09.389 I/SogouIME( 2721): onKeyDown: keyoCode=23
11-05 14:08:09.389 I/DefaultIMS( 2721): onKeyDown: keyoCode=23
11-05 14:08:09.398 I/TvSpecialKeyEventInterceptor( 2721): onKeyDown repeat: 0 onKeyDownConsume: false
11-05 14:08:09.407 I/SogouIME( 2721): onKeyUp: keyoCode=23
11-05 14:08:09.407 I/DefaultIMS( 2721): onKeyUp: keyoCode=23
11-05 14:08:09.411 W/IorapForwardingService( 476): No service published for: iorapd
11-05 14:08:09.420 I/TvSpecialKeyEventInterceptor( 2721): onKeyUp: onKeyDownConsume false onKeyUpConsume: false repeat: 0
11-05 14:08:09.423 I/fB ( 2721): onKeyClick: property=122 code=122 symbol=null
11-05 14:08:09.424 I/KeyEventTransfer( 2721): doKeyInput: property=122 code=122 text=z miniText=null
11-05 14:08:09.438 I/ENKeyHandler( 2721): on selection update: oldStart: 4, oldEnd: 4, newStart: 5, newEnd: 5, composingStart: -1, composingEnd: -1
11-05 14:08:09.533 I/BLEAudioDrive_HV410( 247): data len: 9 1
11-05 14:08:09.535 D/TvWindowManager( 476): key event key = KEYCODE_DPAD_UP down = true
11-05 14:08:09.549 D/GpioService( 476): mFlickerEnable = true
11-05 14:08:09.555 I/SogouIME( 2721): onKeyDown: keyoCode=19
11-05 14:08:09.556 I/DefaultIMS( 2721): onKeyDown: keyoCode=19
11-05 14:08:09.559 I/TvSpecialKeyEventInterceptor( 2721): onKeyDown repeat: 0 onKeyDownConsume: false
11-05 14:08:09.560 I/KeyboardViewPresenter( 2721): getNextKey Key_S
11-05 14:08:09.636 D/TvWindowManager( 476): key event key = KEYCODE_DPAD_UP down = false
11-05 14:08:09.637 I/BLEAudioDrive_HV410( 247): data len: 9 1
11-05 14:08:09.637 I/BLEAudioDrive_HV410( 247): keyboard stop
11-05 14:08:09.644 I/SogouIME( 2721): onKeyUp: keyoCode=19
11-05 14:08:09.645 I/DefaultIMS( 2721): onKeyUp: keyoCode=19
11-05 14:08:09.652 I/TvSpecialKeyEventInterceptor( 2721): onKeyUp: onKeyDownConsume false onKeyUpConsume: false repeat: 0
11-05 14:08:09.781 I/BLEAudioDrive_HV410( 247): data len: 9 1
11-05 14:08:09.782 D/TvWindowManager( 476): key event key = KEYCODE_DPAD_UP down = true
11-05 14:08:09.793 D/GpioService( 476): mFlickerEnable = true
11-05 14:08:09.798 I/SogouIME( 2721): onKeyDown: keyoCode=19
11-05 14:08:09.798 I/DefaultIMS( 2721): onKeyDown: keyoCode=19
11-05 14:08:09.806 I/TvSpecialKeyEventInterceptor( 2721): onKeyDown repeat: 0 onKeyDownConsume: false
11-05 14:08:09.806 I/KeyboardViewPresenter( 2721): getNextKey Key_L
11-05 14:08:09.816 I/FuseDaemon( 1024): Background young concurrent copying GC freed 49677(3524KB) AllocSpace objects, 0(0B) LOS objects, 42% free, 4746KB/8254KB, paused 206us total 113.882ms
11-05 14:08:09.940 I/BLEAudioDrive_HV410( 247): data len: 9 1
11-05 14:08:09.940 I/BLEAudioDrive_HV410( 247): keyboard stop
11-05 14:08:09.945 D/TvWindowManager( 476): key event key = KEYCODE_DPAD_UP down = false
11-05 14:08:09.957 I/SogouIME( 2721): onKeyUp: keyoCode=19
11-05 14:08:09.960 I/DefaultIMS( 2721): onKeyUp: keyoCode=19
11-05 14:08:09.965 I/TvSpecialKeyEventInterceptor( 2721): onKeyUp: onKeyDownConsume false onKeyUpConsume: false repeat: 0
11-05 14:08:10.165 I/BLEAudioDrive_HV410( 247): data len: 9 1
11-05 14:08:10.166 D/TvWindowManager( 476): key event key = KEYCODE_DPAD_LEFT down = true
11-05 14:08:10.190 D/GpioService( 476): mFlickerEnable = true
11-05 14:08:10.195 I/SogouIME( 2721): onKeyDown: keyoCode=21
11-05 14:08:10.196 I/DefaultIMS( 2721): onKeyDown: keyoCode=21
11-05 14:08:10.202 I/TvSpecialKeyEventInterceptor( 2721): onKeyDown repeat: 0 onKeyDownConsume: false
11-05 14:08:10.204 I/KeyboardViewPresenter( 2721): getNextKey Key_K
11-05 14:08:10.230 D/AudioFlinger( 264): mixer(0xf58ddf00) throttle end: throttle time(3)
11-05 14:08:10.286 I/BLEAudioDrive_HV410( 247): data len: 9 1
11-05 14:08:10.286 I/BLEAudioDrive_HV410( 247): keyboard stop
11-05 14:08:10.287 D/TvWindowManager( 476): key event key = KEYCODE_DPAD_LEFT down = false
11-05 14:08:10.291 I/SogouIME( 2721): onKeyUp: keyoCode=21
11-05 14:08:10.291 I/DefaultIMS( 2721): onKeyUp: keyoCode=21
11-05 14:08:10.295 I/TvSpecialKeyEventInterceptor( 2721): onKeyUp: onKeyDownConsume false onKeyUpConsume: false repeat: 0
11-05 14:08:10.398 I/BLEAudioDrive_HV410( 247): data len: 9 1
11-05 14:08:10.399 D/TvWindowManager( 476): key event key = KEYCODE_DPAD_LEFT down = true
11-05 14:08:10.412 D/GpioService( 476): mFlickerEnable = true
11-05 14:08:10.416 I/SogouIME( 2721): onKeyDown: keyoCode=21
11-05 14:08:10.417 I/DefaultIMS( 2721): onKeyDown: keyoCode=21
11-05 14:08:10.421 W/IorapForwardingService( 476): No service published for: iorapd
11-05 14:08:10.423 I/TvSpecialKeyEventInterceptor( 2721): onKeyDown repeat: 0 onKeyDownConsume: false
11-05 14:08:10.424 I/KeyboardViewPresenter( 2721): getNextKey Key_J
11-05 14:08:10.489 I/BLEAudioDrive_HV410( 247): data len: 9 1
11-05 14:08:10.489 I/BLEAudioDrive_HV410( 247): keyboard stop
11-05 14:08:10.490 D/TvWindowManager( 476): key event key = KEYCODE_DPAD_LEFT down = false
11-05 14:08:10.495 I/SogouIME( 2721): onKeyUp: keyoCode=21
11-05 14:08:10.495 I/DefaultIMS( 2721): onKeyUp: keyoCode=21
11-05 14:08:10.504 I/TvSpecialKeyEventInterceptor( 2721): onKeyUp: onKeyDownConsume false onKeyUpConsume: false repeat: 0
11-05 14:08:10.579 I/BLEAudioDrive_HV410( 247): data len: 9 1
11-05 14:08:10.580 D/TvWindowManager( 476): key event key = KEYCODE_DPAD_LEFT down = true
11-05 14:08:10.585 D/GpioService( 476): mFlickerEnable = true
11-05 14:08:10.590 I/SogouIME( 2721): onKeyDown: keyoCode=21
11-05 14:08:10.590 I/DefaultIMS( 2721): onKeyDown: keyoCode=21
11-05 14:08:10.590 E/WifiHAL ( 662): wifi_get_link_stats: requestResponse Error:-5
11-05 14:08:10.596 E/WifiVendorHal( 476): getWifiLinkLayerStats_1_5_Internal(l.1191) failed {.code = ERROR_INVALID_ARGS, .description = }
11-05 14:08:10.597 I/TvSpecialKeyEventInterceptor( 2721): onKeyDown repeat: 0 onKeyDownConsume: false
11-05 14:08:10.597 I/KeyboardViewPresenter( 2721): getNextKey Key_I
11-05 14:08:10.679 I/BLEAudioDrive_HV410( 247): data len: 9 1
11-05 14:08:10.680 I/BLEAudioDrive_HV410( 247): keyboard stop
11-05 14:08:10.680 D/TvWindowManager( 476): key event key = KEYCODE_DPAD_LEFT down = false
11-05 14:08:10.686 I/SogouIME( 2721): onKeyUp: keyoCode=21
11-05 14:08:10.686 I/DefaultIMS( 2721): onKeyUp: keyoCode=21
11-05 14:08:10.692 I/TvSpecialKeyEventInterceptor( 2721): onKeyUp: onKeyDownConsume false onKeyUpConsume: false repeat: 0
11-05 14:08:10.781 I/BLEAudioDrive_HV410( 247): data len: 9 1
11-05 14:08:10.783 D/TvWindowManager( 476): key event key = KEYCODE_DPAD_LEFT down = true
11-05 14:08:10.804 D/GpioService( 476): mFlickerEnable = true
11-05 14:08:10.807 I/SogouIME( 2721): onKeyDown: keyoCode=21
11-05 14:08:10.812 I/DefaultIMS( 2721): onKeyDown: keyoCode=21
11-05 14:08:10.818 I/TvSpecialKeyEventInterceptor( 2721): onKeyDown repeat: 0 onKeyDownConsume: false
11-05 14:08:10.821 I/KeyboardViewPresenter( 2721): getNextKey Key_H
11-05 14:08:10.894 I/BLEAudioDrive_HV410( 247): data len: 9 1
11-05 14:08:10.894 I/BLEAudioDrive_HV410( 247): keyboard stop
11-05 14:08:10.895 D/TvWindowManager( 476): key event key = KEYCODE_DPAD_LEFT down = false
11-05 14:08:10.903 I/SogouIME( 2721): onKeyUp: keyoCode=21
11-05 14:08:10.903 I/DefaultIMS( 2721): onKeyUp: keyoCode=21
11-05 14:08:10.908 I/TvSpecialKeyEventInterceptor( 2721): onKeyUp: onKeyDownConsume false onKeyUpConsume: false repeat: 0
11-05 14:08:11.096 I/BLEAudioDrive_HV410( 247): data len: 9 1
11-05 14:08:11.097 D/TvWindowManager( 476): key event key = KEYCODE_DPAD_CENTER down = true
11-05 14:08:11.114 D/GpioService( 476): mFlickerEnable = true
11-05 14:08:11.234 D/TvWindowManager( 476): key event key = KEYCODE_DPAD_CENTER down = false
11-05 14:08:11.232 I/BLEAudioDrive_HV410( 247): data len: 9 1
11-05 14:08:11.236 I/BLEAudioDrive_HV410( 247): keyboard stop
11-05 14:08:11.248 D/GpioService( 476): mFlickerEnable = true
11-05 14:08:11.252 I/SogouIME( 2721): onKeyDown: keyoCode=23
11-05 14:08:11.252 I/DefaultIMS( 2721): onKeyDown: keyoCode=23
11-05 14:08:11.258 I/TvSpecialKeyEventInterceptor( 2721): onKeyDown repeat: 0 onKeyDownConsume: false
11-05 14:08:11.264 I/SogouIME( 2721): onKeyUp: keyoCode=23
11-05 14:08:11.264 I/DefaultIMS( 2721): onKeyUp: keyoCode=23
11-05 14:08:11.268 I/TvSpecialKeyEventInterceptor( 2721): onKeyUp: onKeyDownConsume false onKeyUpConsume: false repeat: 0
11-05 14:08:11.270 I/fB ( 2721): onKeyClick: property=104 code=104 symbol=null
11-05 14:08:11.270 I/KeyEventTransfer( 2721): doKeyInput: property=104 code=104 text=h miniText=null
11-05 14:08:11.306 I/ENKeyHandler( 2721): on selection update: oldStart: 5, oldEnd: 5, newStart: 6, newEnd: 6, composingStart: -1, composingEnd: -1
11-05 14:08:11.412 I/BLEAudioDrive_HV410( 247): data len: 9 1
11-05 14:08:11.413 D/TvWindowManager( 476): key event key = KEYCODE_DPAD_RIGHT down = true
11-05 14:08:11.424 W/IorapForwardingService( 476): No service published for: iorapd
11-05 14:08:11.437 D/GpioService( 476): mFlickerEnable = true
11-05 14:08:11.440 I/SogouIME( 2721): onKeyDown: keyoCode=22
11-05 14:08:11.440 I/DefaultIMS( 2721): onKeyDown: keyoCode=22
11-05 14:08:11.445 I/TvSpecialKeyEventInterceptor( 2721): onKeyDown repeat: 0 onKeyDownConsume: false
11-05 14:08:11.446 I/KeyboardViewPresenter( 2721): getNextKey Key_I
11-05 14:08:11.579 I/BLEAudioDrive_HV410( 247): data len: 9 1
11-05 14:08:11.580 D/TvWindowManager( 476): key event key = KEYCODE_DPAD_RIGHT down = false
11-05 14:08:11.580 I/BLEAudioDrive_HV410( 247): keyboard stop
11-05 14:08:11.585 I/SogouIME( 2721): onKeyUp: keyoCode=22
11-05 14:08:11.586 I/DefaultIMS( 2721): onKeyUp: keyoCode=22
11-05 14:08:11.590 I/TvSpecialKeyEventInterceptor( 2721): onKeyUp: onKeyDownConsume false onKeyUpConsume: false repeat: 0
11-05 14:08:11.602 I/WifiService( 476): startScan uid=1000
11-05 14:08:11.606 E/ccc ( 3595): cccccc i will start scan
11-05 14:08:11.691 I/BLEAudioDrive_HV410( 247): data len: 9 1
11-05 14:08:11.692 D/TvWindowManager( 476): key event key = KEYCODE_DPAD_CENTER down = true
11-05 14:08:11.701 D/GpioService( 476): mFlickerEnable = true
11-05 14:08:11.820 I/BLEAudioDrive_HV410( 247): data len: 9 1
11-05 14:08:11.820 D/TvWindowManager( 476): key event key = KEYCODE_DPAD_CENTER down = false
11-05 14:08:11.820 I/BLEAudioDrive_HV410( 247): keyboard stop
11-05 14:08:11.842 D/GpioService( 476): mFlickerEnable = true
11-05 14:08:11.850 I/SogouIME( 2721): onKeyDown: keyoCode=23
11-05 14:08:11.850 I/DefaultIMS( 2721): onKeyDown: keyoCode=23
11-05 14:08:11.857 I/TvSpecialKeyEventInterceptor( 2721): onKeyDown repeat: 0 onKeyDownConsume: false
11-05 14:08:11.866 I/SogouIME( 2721): onKeyUp: keyoCode=23
11-05 14:08:11.866 I/DefaultIMS( 2721): onKeyUp: keyoCode=23
11-05 14:08:11.877 I/TvSpecialKeyEventInterceptor( 2721): onKeyUp: onKeyDownConsume false onKeyUpConsume: false repeat: 0
11-05 14:08:11.879 I/fB ( 2721): onKeyClick: property=105 code=105 symbol=null
11-05 14:08:11.879 I/KeyEventTransfer( 2721): doKeyInput: property=105 code=105 text=i miniText=null
11-05 14:08:11.890 I/ENKeyHandler( 2721): on selection update: oldStart: 6, oldEnd: 6, newStart: 7, newEnd: 7, composingStart: -1, composingEnd: -1
11-05 14:08:11.963 I/BLEAudioDrive_HV410( 247): data len: 9 1
11-05 14:08:11.964 D/TvWindowManager( 476): key event key = KEYCODE_DPAD_LEFT down = true
11-05 14:08:11.985 D/GpioService( 476): mFlickerEnable = true
11-05 14:08:11.992 I/SogouIME( 2721): onKeyDown: keyoCode=21
11-05 14:08:11.993 I/DefaultIMS( 2721): onKeyDown: keyoCode=21
11-05 14:08:11.998 I/TvSpecialKeyEventInterceptor( 2721): onKeyDown repeat: 0 onKeyDownConsume: false
11-05 14:08:11.999 I/KeyboardViewPresenter( 2721): getNextKey Key_H
11-05 14:08:12.107 I/BLEAudioDrive_HV410( 247): data len: 9 1
11-05 14:08:12.108 I/BLEAudioDrive_HV410( 247): keyboard stop
11-05 14:08:12.108 D/TvWindowManager( 476): key event key = KEYCODE_DPAD_LEFT down = false
11-05 14:08:12.115 I/SogouIME( 2721): onKeyUp: keyoCode=21
11-05 14:08:12.115 I/DefaultIMS( 2721): onKeyUp: keyoCode=21
11-05 14:08:12.120 I/TvSpecialKeyEventInterceptor( 2721): onKeyUp: onKeyDownConsume false onKeyUpConsume: false repeat: 0
11-05 14:08:12.188 I/BLEAudioDrive_HV410( 247): data len: 9 1
11-05 14:08:12.189 D/TvWindowManager( 476): key event key = KEYCODE_DPAD_LEFT down = true
11-05 14:08:12.204 D/GpioService( 476): mFlickerEnable = true
11-05 14:08:12.206 I/SogouIME( 2721): onKeyDown: keyoCode=21
11-05 14:08:12.207 I/DefaultIMS( 2721): onKeyDown: keyoCode=21
11-05 14:08:12.210 I/TvSpecialKeyEventInterceptor( 2721): onKeyDown repeat: 0 onKeyDownConsume: false
11-05 14:08:12.210 I/KeyboardViewPresenter( 2721): getNextKey Key_6
11-05 14:08:12.311 I/BLEAudioDrive_HV410( 247): data len: 9 1
11-05 14:08:12.312 I/BLEAudioDrive_HV410( 247): keyboard stop
11-05 14:08:12.313 D/TvWindowManager( 476): key event key = KEYCODE_DPAD_LEFT down = false
11-05 14:08:12.320 I/SogouIME( 2721): onKeyUp: keyoCode=21
11-05 14:08:12.320 I/DefaultIMS( 2721): onKeyUp: keyoCode=21
11-05 14:08:12.324 I/TvSpecialKeyEventInterceptor( 2721): onKeyUp: onKeyDownConsume false onKeyUpConsume: false repeat: 0
11-05 14:08:12.365 I/FuseDaemon( 1024): Background concurrent copying GC freed 70602(4085KB) AllocSpace objects, 0(0B) LOS objects, 49% free, 4116KB/8233KB, paused 364us total 185.879ms
11-05 14:08:12.392 D/TvWindowManager( 476): key event key = KEYCODE_DPAD_LEFT down = true
11-05 14:08:12.396 I/BLEAudioDrive_HV410( 247): data len: 9 1
11-05 14:08:12.406 D/GpioService( 476): mFlickerEnable = true
11-05 14:08:12.415 I/SogouIME( 2721): onKeyDown: keyoCode=21
11-05 14:08:12.415 I/DefaultIMS( 2721): onKeyDown: keyoCode=21
11-05 14:08:12.422 I/TvSpecialKeyEventInterceptor( 2721): onKeyDown repeat: 0 onKeyDownConsume: false
11-05 14:08:12.423 I/KeyboardViewPresenter( 2721): getNextKey Key_5
11-05 14:08:12.444 W/IorapForwardingService( 476): No service published for: iorapd
11-05 14:08:12.524 I/BLEAudioDrive_HV410( 247): data len: 9 1
11-05 14:08:12.525 I/BLEAudioDrive_HV410( 247): keyboard stop
11-05 14:08:12.526 D/TvWindowManager( 476): key event key = KEYCODE_DPAD_LEFT down = false
11-05 14:08:12.537 I/SogouIME( 2721): onKeyUp: keyoCode=21
11-05 14:08:12.537 I/DefaultIMS( 2721): onKeyUp: keyoCode=21
11-05 14:08:12.546 I/TvSpecialKeyEventInterceptor( 2721): onKeyUp: onKeyDownConsume false onKeyUpConsume: false repeat: 0
11-05 14:08:12.615 I/BLEAudioDrive_HV410( 247): data len: 9 1
11-05 14:08:12.616 D/TvWindowManager( 476): key event key = KEYCODE_DPAD_LEFT down = true
11-05 14:08:12.633 D/GpioService( 476): mFlickerEnable = true
11-05 14:08:12.638 I/SogouIME( 2721): onKeyDown: keyoCode=21
11-05 14:08:12.638 I/DefaultIMS( 2721): onKeyDown: keyoCode=21
11-05 14:08:12.641 I/TvSpecialKeyEventInterceptor( 2721): onKeyDown repeat: 0 onKeyDownConsume: false
11-05 14:08:12.642 I/KeyboardViewPresenter( 2721): getNextKey Key_4
11-05 14:08:12.704 I/BLEAudioDrive_HV410( 247): data len: 9 1
11-05 14:08:12.705 I/BLEAudioDrive_HV410( 247): keyboard stop
11-05 14:08:12.705 D/TvWindowManager( 476): key event key = KEYCODE_DPAD_LEFT down = false
11-05 14:08:12.709 I/SogouIME( 2721): onKeyUp: keyoCode=21
11-05 14:08:12.709 I/DefaultIMS( 2721): onKeyUp: keyoCode=21
11-05 14:08:12.716 I/TvSpecialKeyEventInterceptor( 2721): onKeyUp: onKeyDownConsume false onKeyUpConsume: false repeat: 0
11-05 14:08:12.885 I/BLEAudioDrive_HV410( 247): data len: 9 1
11-05 14:08:12.885 D/TvWindowManager( 476): key event key = KEYCODE_DPAD_UP down = true
11-05 14:08:12.913 D/GpioService( 476): mFlickerEnable = true
11-05 14:08:12.917 I/SogouIME( 2721): onKeyDown: keyoCode=19
11-05 14:08:12.918 I/DefaultIMS( 2721): onKeyDown: keyoCode=19
11-05 14:08:12.921 I/TvSpecialKeyEventInterceptor( 2721): onKeyDown repeat: 0 onKeyDownConsume: false
11-05 14:08:12.922 I/KeyboardViewPresenter( 2721): getNextKey Key_1
11-05 14:08:13.021 I/BLEAudioDrive_HV410( 247): data len: 9 1
11-05 14:08:13.021 I/BLEAudioDrive_HV410( 247): keyboard stop
11-05 14:08:13.022 D/TvWindowManager( 476): key event key = KEYCODE_DPAD_UP down = false
11-05 14:08:13.033 I/SogouIME( 2721): onKeyUp: keyoCode=19
11-05 14:08:13.034 I/DefaultIMS( 2721): onKeyUp: keyoCode=19
11-05 14:08:13.040 I/TvSpecialKeyEventInterceptor( 2721): onKeyUp: onKeyDownConsume false onKeyUpConsume: false repeat: 0
11-05 14:08:13.155 I/BLEAudioDrive_HV410( 247): data len: 9 1
11-05 14:08:13.157 D/TvWindowManager( 476): key event key = KEYCODE_DPAD_CENTER down = true
11-05 14:08:13.174 D/GpioService( 476): mFlickerEnable = true
11-05 14:08:13.280 I/BLEAudioDrive_HV410( 247): data len: 9 1
11-05 14:08:13.280 I/BLEAudioDrive_HV410( 247): keyboard stop
11-05 14:08:13.281 D/TvWindowManager( 476): key event key = KEYCODE_DPAD_CENTER down = false
11-05 14:08:13.283 I/dangbei ad sdk( 1089): ad manager report data::cache data size=0
11-05 14:08:13.288 I/pool-55-thread-( 1089): type=1400 audit(0.0:1371): avc: denied { read } for name="address" dev="sysfs" ino=27658 scontext=u:r:system_app:s0 tcontext=u:object_r:sysfs:s0 tclass=file permissive=1
11-05 14:08:13.288 I/pool-55-thread-( 1089): type=1400 audit(0.0:1372): avc: denied { open } for path="/sys/devices/platform/unisoc_wifi/net/wlan1/address" dev="sysfs" ino=27658 scontext=u:r:system_app:s0 tcontext=u:object_r:sysfs:s0 tclass=file permissive=1
11-05 14:08:13.288 I/pool-55-thread-( 1089): type=1400 audit(0.0:1373): avc: denied { getattr } for path="/sys/devices/platform/unisoc_wifi/net/wlan1/address" dev="sysfs" ino=27658 scontext=u:r:system_app:s0 tcontext=u:object_r:sysfs:s0 tclass=file permissive=1
11-05 14:08:13.306 D/GpioService( 476): mFlickerEnable = true
11-05 14:08:13.312 I/SogouIME( 2721): onKeyDown: keyoCode=23
11-05 14:08:13.312 I/DefaultIMS( 2721): onKeyDown: keyoCode=23
11-05 14:08:13.318 I/TvSpecialKeyEventInterceptor( 2721): onKeyDown repeat: 0 onKeyDownConsume: false
11-05 14:08:13.327 I/SogouIME( 2721): onKeyUp: keyoCode=23
11-05 14:08:13.328 I/DefaultIMS( 2721): onKeyUp: keyoCode=23
11-05 14:08:13.333 I/TvSpecialKeyEventInterceptor( 2721): onKeyUp: onKeyDownConsume false onKeyUpConsume: false repeat: 0
11-05 14:08:13.336 I/fB ( 2721): onKeyClick: property=61440 code=49 symbol=1
11-05 14:08:13.336 I/KeyEventTransfer( 2721): doKeyInput: property=61440 code=49 text=1 miniText=null
11-05 14:08:13.376 I/ENKeyHandler( 2721): on selection update: oldStart: 7, oldEnd: 7, newStart: 8, newEnd: 8, composingStart: -1, composingEnd: -1
11-05 14:08:13.415 I/BLEAudioDrive_HV410( 247): data len: 9 1
11-05 14:08:13.418 D/TvWindowManager( 476): key event key = KEYCODE_DPAD_RIGHT down = true
11-05 14:08:13.433 D/GpioService( 476): mFlickerEnable = true
11-05 14:08:13.437 I/SogouIME( 2721): onKeyDown: keyoCode=22
11-05 14:08:13.437 I/DefaultIMS( 2721): onKeyDown: keyoCode=22
11-05 14:08:13.442 I/TvSpecialKeyEventInterceptor( 2721): onKeyDown repeat: 0 onKeyDownConsume: false
11-05 14:08:13.443 I/KeyboardViewPresenter( 2721): getNextKey Key_2
11-05 14:08:13.457 W/IorapForwardingService( 476): No service published for: iorapd
11-05 14:08:13.561 I/BLEAudioDrive_HV410( 247): data len: 9 1
11-05 14:08:13.561 I/BLEAudioDrive_HV410( 247): keyboard stop
11-05 14:08:13.562 D/TvWindowManager( 476): key event key = KEYCODE_DPAD_RIGHT down = false
11-05 14:08:13.569 I/SogouIME( 2721): onKeyUp: keyoCode=22
11-05 14:08:13.569 I/DefaultIMS( 2721): onKeyUp: keyoCode=22
11-05 14:08:13.574 I/TvSpecialKeyEventInterceptor( 2721): onKeyUp: onKeyDownConsume false onKeyUpConsume: false repeat: 0
11-05 14:08:13.620 E/WifiHAL ( 662): wifi_get_link_stats: requestResponse Error:-5
11-05 14:08:13.623 E/WifiVendorHal( 476): getWifiLinkLayerStats_1_5_Internal(l.1191) failed {.code = ERROR_INVALID_ARGS, .description = }
11-05 14:08:13.673 I/BLEAudioDrive_HV410( 247): data len: 9 1
11-05 14:08:13.673 D/TvWindowManager( 476): key event key = KEYCODE_DPAD_CENTER down = true
11-05 14:08:13.689 D/GpioService( 476): mFlickerEnable = true
11-05 14:08:13.806 I/BLEAudioDrive_HV410( 247): data len: 9 1
11-05 14:08:13.807 I/BLEAudioDrive_HV410( 247): keyboard stop
11-05 14:08:13.807 D/TvWindowManager( 476): key event key = KEYCODE_DPAD_CENTER down = false
11-05 14:08:13.825 D/GpioService( 476): mFlickerEnable = true
11-05 14:08:13.831 I/SogouIME( 2721): onKeyDown: keyoCode=23
11-05 14:08:13.832 I/DefaultIMS( 2721): onKeyDown: keyoCode=23
11-05 14:08:13.840 I/TvSpecialKeyEventInterceptor( 2721): onKeyDown repeat: 0 onKeyDownConsume: false
11-05 14:08:13.846 I/SogouIME( 2721): onKeyUp: keyoCode=23
11-05 14:08:13.846 I/DefaultIMS( 2721): onKeyUp: keyoCode=23
11-05 14:08:13.853 I/TvSpecialKeyEventInterceptor( 2721): onKeyUp: onKeyDownConsume false onKeyUpConsume: false repeat: 0
11-05 14:08:13.855 I/fB ( 2721): onKeyClick: property=61440 code=48 symbol=0x32
11-05 14:08:13.857 I/KeyEventTransfer( 2721): doKeyInput: property=61440 code=48 text=2 miniText=null
11-05 14:08:13.903 I/ENKeyHandler( 2721): on selection update: oldStart: 8, oldEnd: 8, newStart: 9, newEnd: 9, composingStart: -1, composingEnd: -1
11-05 14:08:13.934 I/BLEAudioDrive_HV410( 247): data len: 9 1
11-05 14:08:13.938 D/TvWindowManager( 476): key event key = KEYCODE_DPAD_RIGHT down = true
11-05 14:08:13.960 D/GpioService( 476): mFlickerEnable = true
11-05 14:08:13.965 I/SogouIME( 2721): onKeyDown: keyoCode=22
11-05 14:08:13.966 I/DefaultIMS( 2721): onKeyDown: keyoCode=22
11-05 14:08:13.972 I/TvSpecialKeyEventInterceptor( 2721): onKeyDown repeat: 0 onKeyDownConsume: false
11-05 14:08:13.973 I/KeyboardViewPresenter( 2721): getNextKey Key_3
11-05 14:08:14.089 I/BLEAudioDrive_HV410( 247): data len: 9 1
11-05 14:08:14.090 I/BLEAudioDrive_HV410( 247): keyboard stop
11-05 14:08:14.090 D/TvWindowManager( 476): key event key = KEYCODE_DPAD_RIGHT down = false
11-05 14:08:14.096 I/SogouIME( 2721): onKeyUp: keyoCode=22
11-05 14:08:14.096 I/DefaultIMS( 2721): onKeyUp: keyoCode=22
11-05 14:08:14.103 I/TvSpecialKeyEventInterceptor( 2721): onKeyUp: onKeyDownConsume false onKeyUpConsume: false repeat: 0
11-05 14:08:14.201 I/BLEAudioDrive_HV410( 247): data len: 9 1
11-05 14:08:14.202 D/TvWindowManager( 476): key event key = KEYCODE_DPAD_CENTER down = true
11-05 14:08:14.215 D/GpioService( 476): mFlickerEnable = true
11-05 14:08:14.224 D/WifiNl80211Manager( 476): Scan result ready event
11-05 14:08:14.225 D/WifiNative( 476): Scan result ready event
11-05 14:08:14.242 W/IE_Capabilities( 476): Unknown RSN cipher suite: 6ac0f00
11-05 14:08:14.255 W/IE_Capabilities( 476): Unknown RSN cipher suite: 6ac0f00
11-05 14:08:14.265 W/IE_Capabilities( 476): Unknown RSN cipher suite: 6ac0f00
11-05 14:08:14.301 E/ccc ( 3595): cccccc SCAN_RESULTS_AVAILABLE_ACTION hhhh
11-05 14:08:14.305 E/hq ( 1089): NetWorkStateReceiver:::NetWorkStateReceiver onReceive: 网络变化广播 >>>> intent.action=android.net.wifi.SCAN_RESULTS
11-05 14:08:14.321 E/WifiHAL ( 662): wifi_get_link_stats: requestResponse Error:-5
11-05 14:08:14.328 E/WifiVendorHal( 476): getWifiLinkLayerStats_1_5_Internal(l.1191) failed {.code = ERROR_INVALID_ARGS, .description = }
11-05 14:08:14.354 D/GpioService( 476): mFlickerEnable = true
11-05 14:08:14.359 I/BLEAudioDrive_HV410( 247): data len: 9 1
11-05 14:08:14.359 I/SogouIME( 2721): onKeyDown: keyoCode=23
11-05 14:08:14.359 I/DefaultIMS( 2721): onKeyDown: keyoCode=23
11-05 14:08:14.363 D/TvWindowManager( 476): key event key = KEYCODE_DPAD_CENTER down = false
11-05 14:08:14.369 I/BLEAudioDrive_HV410( 247): keyboard stop
11-05 14:08:14.370 I/TvSpecialKeyEventInterceptor( 2721): onKeyDown repeat: 0 onKeyDownConsume: false
11-05 14:08:14.381 I/SogouIME( 2721): onKeyUp: keyoCode=23
11-05 14:08:14.381 I/DefaultIMS( 2721): onKeyUp: keyoCode=23
11-05 14:08:14.390 I/TvSpecialKeyEventInterceptor( 2721): onKeyUp: onKeyDownConsume false onKeyUpConsume: false repeat: 0
11-05 14:08:14.391 I/fB ( 2721): onKeyClick: property=61440 code=51 symbol=3
11-05 14:08:14.392 I/KeyEventTransfer( 2721): doKeyInput: property=61440 code=51 text=3 miniText=null
11-05 14:08:14.454 I/ENKeyHandler( 2721): on selection update: oldStart: 9, oldEnd: 9, newStart: 10, newEnd: 10, composingStart: -1, composingEnd: -1
11-05 14:08:14.462 W/IorapForwardingService( 476): No service published for: iorapd
11-05 14:08:14.468 W/eventbuscore( 1089): post Event:com.dangbei.leard.base.entity.event.NetWifiRssiEvent
11-05 14:08:14.477 E/ccc ( 3595): cccccc result is not empty call back
11-05 14:08:14.477 E/ccc ( 3595): cccccc 666666666666666
11-05 14:08:14.500 D/TvWindowManager( 476): key event key = KEYCODE_DPAD_DOWN down = true
11-05 14:08:14.496 I/BLEAudioDrive_HV410( 247): data len: 9 1
11-05 14:08:14.532 D/GpioService( 476): mFlickerEnable = true
11-05 14:08:14.561 E/ccc ( 3595): cccccc sort 4 40
11-05 14:08:14.620 D/TvWindowManager( 476): key event key = KEYCODE_DPAD_DOWN down = false
11-05 14:08:14.620 I/BLEAudioDrive_HV410( 247): data len: 9 1
11-05 14:08:14.620 I/BLEAudioDrive_HV410( 247): keyboard stop
11-05 14:08:14.648 D/GpioService( 476): mFlickerEnable = true
11-05 14:08:14.653 I/SogouIME( 2721): onKeyDown: keyoCode=20
11-05 14:08:14.654 I/DefaultIMS( 2721): onKeyDown: keyoCode=20
11-05 14:08:14.658 I/TvSpecialKeyEventInterceptor( 2721): onKeyDown repeat: 0 onKeyDownConsume: false
11-05 14:08:14.659 I/KeyboardViewPresenter( 2721): getNextKey Key_6
11-05 14:08:14.671 I/SogouIME( 2721): onKeyUp: keyoCode=20
11-05 14:08:14.675 I/DefaultIMS( 2721): onKeyUp: keyoCode=20
11-05 14:08:14.682 I/TvSpecialKeyEventInterceptor( 2721): onKeyUp: onKeyDownConsume false onKeyUpConsume: false repeat: 0
11-05 14:08:14.764 I/BLEAudioDrive_HV410( 247): data len: 9 1
11-05 14:08:14.765 D/TvWindowManager( 476): key event key = KEYCODE_DPAD_LEFT down = true
11-05 14:08:14.774 D/GpioService( 476): mFlickerEnable = true
11-05 14:08:14.777 I/SogouIME( 2721): onKeyDown: keyoCode=21
11-05 14:08:14.777 I/DefaultIMS( 2721): onKeyDown: keyoCode=21
11-05 14:08:14.780 I/TvSpecialKeyEventInterceptor( 2721): onKeyDown repeat: 0 onKeyDownConsume: false
11-05 14:08:14.781 I/KeyboardViewPresenter( 2721): getNextKey Key_5
11-05 14:08:14.879 D/dangbei ad sdk( 1089): HttpUtils.....::response={"msg":"no available advert","code":200}
11-05 14:08:14.912 D/TvWindowManager( 476): key event key = KEYCODE_DPAD_LEFT down = false
11-05 14:08:14.915 I/BLEAudioDrive_HV410( 247): data len: 9 1
11-05 14:08:14.915 I/BLEAudioDrive_HV410( 247): keyboard stop
11-05 14:08:14.923 I/SogouIME( 2721): onKeyUp: keyoCode=21
11-05 14:08:14.923 I/DefaultIMS( 2721): onKeyUp: keyoCode=21
11-05 14:08:14.933 I/TvSpecialKeyEventInterceptor( 2721): onKeyUp: onKeyDownConsume false onKeyUpConsume: false repeat: 0
11-05 14:08:14.964 D/aaa ( 1097): LedStatusService onStartCommand begin
11-05 14:08:14.969 D/aaa ( 1097): topPkg is -------------- :com.dangbei.haqusetting
11-05 14:08:14.974 D/bbb ( 1174): onStartCommand begin !!!!!!! data分区剩余 24984MB
11-05 14:08:15.001 I/BLEAudioDrive_HV410( 247): data len: 9 1
11-05 14:08:15.004 D/TvWindowManager( 476): key event key = KEYCODE_DPAD_LEFT down = true
11-05 14:08:15.026 D/GpioService( 476): mFlickerEnable = true
11-05 14:08:15.030 I/SogouIME( 2721): onKeyDown: keyoCode=21
11-05 14:08:15.030 I/DefaultIMS( 2721): onKeyDown: keyoCode=21
11-05 14:08:15.039 I/TvSpecialKeyEventInterceptor( 2721): onKeyDown repeat: 0 onKeyDownConsume: false
11-05 14:08:15.039 I/KeyboardViewPresenter( 2721): getNextKey Key_4
11-05 14:08:15.136 I/BLEAudioDrive_HV410( 247): data len: 9 1
11-05 14:08:15.136 I/BLEAudioDrive_HV410( 247): keyboard stop
11-05 14:08:15.137 D/TvWindowManager( 476): key event key = KEYCODE_DPAD_LEFT down = false
11-05 14:08:15.142 I/SogouIME( 2721): onKeyUp: keyoCode=21
11-05 14:08:15.142 I/DefaultIMS( 2721): onKeyUp: keyoCode=21
11-05 14:08:15.147 I/TvSpecialKeyEventInterceptor( 2721): onKeyUp: onKeyDownConsume false onKeyUpConsume: false repeat: 0
11-05 14:08:15.258 I/BLEAudioDrive_HV410( 247): data len: 9 1
11-05 14:08:15.261 D/TvWindowManager( 476): key event key = KEYCODE_DPAD_CENTER down = true
11-05 14:08:15.292 D/GpioService( 476): mFlickerEnable = true
11-05 14:08:15.383 I/BLEAudioDrive_HV410( 247): data len: 9 1
11-05 14:08:15.384 I/BLEAudioDrive_HV410( 247): keyboard stop
11-05 14:08:15.385 D/TvWindowManager( 476): key event key = KEYCODE_DPAD_CENTER down = false
11-05 14:08:15.409 D/GpioService( 476): mFlickerEnable = true
11-05 14:08:15.418 I/SogouIME( 2721): onKeyDown: keyoCode=23
11-05 14:08:15.419 I/DefaultIMS( 2721): onKeyDown: keyoCode=23
11-05 14:08:15.424 I/TvSpecialKeyEventInterceptor( 2721): onKeyDown repeat: 0 onKeyDownConsume: false
11-05 14:08:15.436 I/SogouIME( 2721): onKeyUp: keyoCode=23
11-05 14:08:15.436 I/DefaultIMS( 2721): onKeyUp: keyoCode=23
11-05 14:08:15.440 I/TvSpecialKeyEventInterceptor( 2721): onKeyUp: onKeyDownConsume false onKeyUpConsume: false repeat: 0
11-05 14:08:15.443 I/fB ( 2721): onKeyClick: property=61440 code=52 symbol=4
11-05 14:08:15.443 I/KeyEventTransfer( 2721): doKeyInput: property=61440 code=52 text=4 miniText=null
11-05 14:08:15.450 I/d.leradlaunche( 1089): Background concurrent copying GC freed 34768(1840KB) AllocSpace objects, 76(5168KB) LOS objects, 49% free, 10MB/21MB, paused 621us total 608.944ms
11-05 14:08:15.494 W/IorapForwardingService( 476): No service published for: iorapd
11-05 14:08:15.498 I/ENKeyHandler( 2721): on selection update: oldStart: 10, oldEnd: 10, newStart: 11, newEnd: 11, composingStart: -1, composingEnd: -1
11-05 14:08:15.519 D/TvWindowManager( 476): key event key = KEYCODE_DPAD_RIGHT down = true
11-05 14:08:15.520 I/BLEAudioDrive_HV410( 247): data len: 9 1
11-05 14:08:15.541 D/GpioService( 476): mFlickerEnable = true
11-05 14:08:15.547 I/SogouIME( 2721): onKeyDown: keyoCode=22
11-05 14:08:15.547 I/DefaultIMS( 2721): onKeyDown: keyoCode=22
11-05 14:08:15.552 I/TvSpecialKeyEventInterceptor( 2721): onKeyDown repeat: 0 onKeyDownConsume: false
11-05 14:08:15.553 I/KeyboardViewPresenter( 2721): getNextKey Key_5
11-05 14:08:15.653 I/BLEAudioDrive_HV410( 247): data len: 9 1
11-05 14:08:15.653 I/BLEAudioDrive_HV410( 247): keyboard stop
11-05 14:08:15.654 D/TvWindowManager( 476): key event key = KEYCODE_DPAD_RIGHT down = false
11-05 14:08:15.662 I/SogouIME( 2721): onKeyUp: keyoCode=22
11-05 14:08:15.663 I/DefaultIMS( 2721): onKeyUp: keyoCode=22
11-05 14:08:15.668 I/TvSpecialKeyEventInterceptor( 2721): onKeyUp: onKeyDownConsume false onKeyUpConsume: false repeat: 0
11-05 14:08:15.769 I/BLEAudioDrive_HV410( 247): data len: 9 1
11-05 14:08:15.771 D/TvWindowManager( 476): key event key = KEYCODE_DPAD_CENTER down = true
11-05 14:08:15.785 D/GpioService( 476): mFlickerEnable = true
11-05 14:08:15.889 I/BLEAudioDrive_HV410( 247): data len: 9 1
11-05 14:08:15.890 I/BLEAudioDrive_HV410( 247): keyboard stop
11-05 14:08:15.890 D/TvWindowManager( 476): key event key = KEYCODE_DPAD_CENTER down = false
11-05 14:08:15.909 I/FuseDaemon( 1024): Background young concurrent copying GC freed 50881(3555KB) AllocSpace objects, 0(0B) LOS objects, 42% free, 4753KB/8233KB, paused 300us total 102.051ms
11-05 14:08:15.918 D/GpioService( 476): mFlickerEnable = true
11-05 14:08:15.922 I/SogouIME( 2721): onKeyDown: keyoCode=23
11-05 14:08:15.922 I/DefaultIMS( 2721): onKeyDown: keyoCode=23
11-05 14:08:15.927 I/TvSpecialKeyEventInterceptor( 2721): onKeyDown repeat: 0 onKeyDownConsume: false
11-05 14:08:15.933 I/SogouIME( 2721): onKeyUp: keyoCode=23
11-05 14:08:15.933 I/DefaultIMS( 2721): onKeyUp: keyoCode=23
11-05 14:08:15.939 I/TvSpecialKeyEventInterceptor( 2721): onKeyUp: onKeyDownConsume false onKeyUpConsume: false repeat: 0
11-05 14:08:15.940 I/fB ( 2721): onKeyClick: property=61440 code=53 symbol=5
11-05 14:08:15.940 I/KeyEventTransfer( 2721): doKeyInput: property=61440 code=53 text=5 miniText=null
11-05 14:08:15.961 D/UtilLog ( 2389): 日志批量上报 进行正常循环 !!!!!!本次有0次请求,共0条数据
11-05 14:08:15.988 I/ENKeyHandler( 2721): on selection update: oldStart: 11, oldEnd: 11, newStart: 12, newEnd: 12, composingStart: -1, composingEnd: -1
11-05 14:08:16.048 D/TvWindowManager( 476): key event key = KEYCODE_DPAD_RIGHT down = true
11-05 14:08:16.047 I/BLEAudioDrive_HV410( 247): data len: 9 1
11-05 14:08:16.074 D/GpioService( 476): mFlickerEnable = true
11-05 14:08:16.079 I/SogouIME( 2721): onKeyDown: keyoCode=22
11-05 14:08:16.079 I/DefaultIMS( 2721): onKeyDown: keyoCode=22
11-05 14:08:16.086 I/TvSpecialKeyEventInterceptor( 2721): onKeyDown repeat: 0 onKeyDownConsume: false
11-05 14:08:16.087 I/KeyboardViewPresenter( 2721): getNextKey Key_6
11-05 14:08:16.172 I/BLEAudioDrive_HV410( 247): data len: 9 1
11-05 14:08:16.172 D/TvWindowManager( 476): key event key = KEYCODE_DPAD_RIGHT down = false
11-05 14:08:16.178 I/SogouIME( 2721): onKeyUp: keyoCode=22
11-05 14:08:16.179 I/DefaultIMS( 2721): onKeyUp: keyoCode=22
11-05 14:08:16.179 I/BLEAudioDrive_HV410( 247): keyboard stop
11-05 14:08:16.199 I/TvSpecialKeyEventInterceptor( 2721): onKeyUp: onKeyDownConsume false onKeyUpConsume: false repeat: 0
11-05 14:08:16.271 I/BLEAudioDrive_HV410( 247): data len: 9 1
11-05 14:08:16.273 D/TvWindowManager( 476): key event key = KEYCODE_DPAD_CENTER down = true
11-05 14:08:16.279 D/GpioService( 476): mFlickerEnable = true
11-05 14:08:16.406 I/BLEAudioDrive_HV410( 247): data len: 9 1
11-05 14:08:16.406 I/BLEAudioDrive_HV410( 247): keyboard stop
11-05 14:08:16.407 D/TvWindowManager( 476): key event key = KEYCODE_DPAD_CENTER down = false
