11-05 14:06:17.801 I/ ( 375): Error: set vsif failed
11-05 14:06:17.823 I/ ( 375): DVI mode selected: packets not configured
11-05 14:06:17.823 I/ ( 375): Error: set vsif failed
11-05 14:06:17.823 I/ ( 375): DVI mode selected: packets not configured
11-05 14:06:17.823 I/ ( 375): Error: set vsif failed
11-05 14:06:17.844 I/ ( 375): DVI mode selected: packets not configured
11-05 14:06:17.844 I/ ( 375): Error: set vsif failed
11-05 14:06:17.844 I/ ( 375): DVI mode selected: packets not configured
11-05 14:06:17.844 I/ ( 375): Error: set vsif failed
11-05 14:06:17.869 I/ ( 375): DVI mode selected: packets not configured
11-05 14:06:17.869 I/ ( 375): Error: set vsif failed
11-05 14:06:17.869 I/ ( 375): DVI mode selected: packets not configured
11-05 14:06:17.869 I/ ( 375): Error: set vsif failed
11-05 14:06:17.877 I/crashsdk( 3038): version unique build id: 6230cced
11-05 14:06:17.890 I/ ( 375): DVI mode selected: packets not configured
11-05 14:06:17.890 I/ ( 375): Error: set vsif failed
11-05 14:06:17.890 I/ ( 375): DVI mode selected: packets not configured
11-05 14:06:17.890 I/ ( 375): Error: set vsif failed
11-05 14:06:17.890 I/crashsdk( 3038): begin hack android.os.Process
11-05 14:06:17.890 I/crashsdk( 3038): end hack android.os.Process
11-05 14:06:17.893 D/crashsdk( 3038): Native log stat thread 3089 setup, waiting
11-05 14:06:17.900 I/TDLog ( 3038): setReportUncaughtExceptions: true
11-05 14:06:17.901 E/Application( 3038): onCreate:Version:v2.8.3/20830/883432e
11-05 14:06:17.934 W/ServiceManager( 476): Permission failure: android.permission.HIGH_SAMPLING_RATE_SENSORS from uid=10024 pid=3038
11-05 14:06:17.939 I/TDLog ( 3038): TalkingData SDK init...
11-05 14:06:17.939 I/TDLog ( 3038): SDK_VERSION is: Android+TD+V5.0.7 gp Type:Native Build_Num:2141
11-05 14:06:17.939 I/TDLog ( 3038): App ID is: B9D7815EC975466AB1332111FCE62DF5
11-05 14:06:17.939 I/TDLog ( 3038): App Channel is: os
11-05 14:06:17.939 I/TDLog ( 3038): App Custom is:
11-05 14:06:17.939 I/TDLog ( 3038): SDK_OVC is: TDOVC+a3bb7754719798526508b6caad480dd7+SaaS
11-05 14:06:17.943 W/ActivityManager( 476): Foreground service started from background can not have location/camera/microphone access: service com.dangbei.screencast/.startup.GuardService
11-05 14:06:17.948 E/GuardService( 3038): onStartCommand:
11-05 14:06:17.949 E/GuardService( 3038): onStartCommand: cmd:1
11-05 14:06:17.949 E/GuardService( 3038): result:2
11-05 14:06:17.955 I/Matrix.AnrTracer( 3038): anrTrace, final mAnrBeatTime:400, mAnrBeatRate:400
11-05 14:06:17.971 E/LaunchManager( 3038): Non main process !
11-05 14:06:17.972 W/System.err( 3038): java.lang.NullPointerException: Attempt to invoke virtual method 'boolean com.efs.sdk.launch.LaunchConfigManager.enableTracer()' on a null object reference
11-05 14:06:17.972 W/System.err( 3038): at com.umeng.umcrash.UMCrash.init(Unknown Source:403)
11-05 14:06:17.972 W/System.err( 3038): at java.lang.reflect.Method.invoke(Native Method)
11-05 14:06:17.972 W/System.err( 3038): at com.umeng.commonsdk.UMConfigure.init(Unknown Source:811)
11-05 14:06:17.972 W/System.err( 3038): at b.f.f.b.a(:4)
11-05 14:06:17.972 W/System.err( 3038): at h.o.a.run(Unknown Source:2)
11-05 14:06:17.972 E/sprdwl ( 1064): sprdwl_rx_rsp_process ctx_id 0 recv rsp[WIFI_CMD_TX_DATA] status[SPRDWL_CMD_STATUS_ERROR]
11-05 14:06:17.990 W/Router ( 1528): disable lock:org.fourthline.cling.android.AndroidRouter@9b32f5c_java.util.concurrent.locks.ReentrantReadWriteLock$WriteLock@6e16265[Unlocked]
11-05 14:06:17.990 I/Router ( 1528): WiFi multicast lock released
11-05 14:06:17.993 I/WifiService( 476): releaseMulticastLock uid=10024
11-05 14:06:17.997 I/Router ( 1528): WiFi lock released
11-05 14:06:17.998 I/WifiService( 476): releaseWifiLock uid=10024
11-05 14:06:17.996 E/sprdwl ( 1064): sprdwl_rx_rsp_process ctx_id 0 recv rsp[WIFI_CMD_TX_DATA] status[SPRDWL_CMD_STATUS_ERROR]
11-05 14:06:18.021 I/crashsdk( 3038): Catcher mask: 5000, 20480
11-05 14:06:18.026 I/crashsdk( 3038): Catcher thread 3046
11-05 14:06:18.027 I/JettyServletContainer( 1528): No more connectors, stopping Jetty server
11-05 14:06:18.029 I/JettyServletContainer( 1528): Stopping Jetty server...
11-05 14:06:18.030 D/crashsdk( 3038): Register ANR handler ...
11-05 14:06:18.031 W/System.err( 1528): 2025-11-05 14:06:18.029:INFO:lcaf.p:Graceful shutdown l.c.a.g.d{/upnp,null}
11-05 14:06:18.024 E/sprdwl ( 1064): sprdwl_rx_rsp_process ctx_id 0 recv rsp[WIFI_CMD_TX_DATA] status[SPRDWL_CMD_STATUS_ERROR]
11-05 14:06:18.034 E/JettyServletContainer( 1528): error:java.net.SocketException: Socket closed
11-05 14:06:18.035 W/System.err( 1528): java.net.SocketException: Socket closed
11-05 14:06:18.035 W/System.err( 1528): at java.net.PlainSocketImpl.socketAccept(PlainSocketImpl.java:213)
11-05 14:06:18.035 W/System.err( 1528): at java.net.AbstractPlainSocketImpl.accept(AbstractPlainSocketImpl.java:451)
11-05 14:06:18.035 W/System.err( 1528): at java.net.ServerSocket.implAccept(ServerSocket.java:547)
11-05 14:06:18.035 W/System.err( 1528): at java.net.ServerSocket.accept(ServerSocket.java:515)
11-05 14:06:18.035 W/System.err( 1528): at l.c.a.f.w.a.accept(Unknown Source:2)
11-05 14:06:18.035 W/System.err( 1528): at org.fourthline.cling.transport.impl.jetty.JettyServletContainer$2.accept(Unknown Source:1)
11-05 14:06:18.035 W/System.err( 1528): at l.c.a.f.a$a.run(Unknown Source:113)
11-05 14:06:18.035 W/System.err( 1528): at java.util.concurrent.ThreadPoolExecutor.runWorker(ThreadPoolExecutor.java:1167)
11-05 14:06:18.035 W/System.err( 1528): at java.util.concurrent.ThreadPoolExecutor$Worker.run(ThreadPoolExecutor.java:641)
11-05 14:06:18.036 W/System.err( 1528): at java.lang.Thread.run(Thread.java:920)
11-05 14:06:18.045 E/sprdwl ( 1064): sprdwl_rx_rsp_process ctx_id 0 recv rsp[WIFI_CMD_TX_DATA] status[SPRDWL_CMD_STATUS_ERROR]
11-05 14:06:18.078 E/sprdwl ( 1064): sprdwl_rx_rsp_process ctx_id 0 recv rsp[WIFI_CMD_TX_DATA] status[SPRDWL_CMD_STATUS_ERROR]
11-05 14:06:18.117 E/sprdwl ( 1064): sprdwl_rx_rsp_process ctx_id 0 recv rsp[WIFI_CMD_TX_DATA] status[SPRDWL_CMD_STATUS_ERROR]
11-05 14:06:18.138 W/IorapForwardingService( 476): No service published for: iorapd
11-05 14:06:18.155 W/efs.send_log( 3038): tryFileLock start!
11-05 14:06:18.166 V/TvNotificationHandler( 683): Notification not added because it isn't relevant for tv
11-05 14:06:18.177 W/efs.info.manager( 3038): network change: wifi
11-05 14:06:18.180 I/efs.config( 3038): --->>> 删除旧的配置文件 false
11-05 14:06:18.219 I/efs.base( 3038): lt=event`ev_ct=efs_core`ev_ac=pvuv`tm=2025-11-05 14:06:17`dn=b7818bb2-5f62-4f12-9a91-36673dce94c0`ps=com.dangbei.screencast:bg_guard`um_os=android`stime=1762322777616`pid=3038`fr=android`pkg=com.dangbei.screencast`vcode=20830`dsp_w=1920`uid=b7818bb2-5f62-4f12-9a91-36673dce94c0`rom=12`wid=b7818bb2-5f62-4f12-9a91-36673dce94c0`um_app_carrier=`um_access=wifi`um_app_channel=os`um_crash_sdk_version=1.4.0`ctime=1762322778`model=dbbox-a2`lang=zh`net=wifi`brand=dangbei`dsp_h=1080`um_network_type=0`ver=v2.8.3`build_model=DBBOX-A2`w_tm=1762322778`appid=5fc60c21094d637f3130af19`um_umid_header=ai7db9f68508b83bfb5af66567cfa3d0f5`sdk=31`tzone=Asia/Shanghai`sdk_ver=1.3.6.umeng
11-05 14:06:18.216 I/efs-base( 3038): type=1400 audit(0.0:1272): avc: denied { watch } for path="/data/user/0/com.dangbei.screencast/shared_prefs/Y29uZmlnXzVmYzYwYzIxMDk0ZDYzN2YzMTMwYWYxOQ.sp.bak" dev="mmcblk0p25" ino=2107 scontext=u:r:platform_app:s0:c512,c768 tcontext=u:object_r:app_data_file:s0:c512,c768 tclass=file permissive=1 app=com.dangbei.screencast
11-05 14:06:18.221 I/efs.config( 3038): current config version (-1) is older than another (1735614866)
11-05 14:06:18.222 I/efs.config( 3038): load config from storage and notify observer
11-05 14:06:18.216 I/efs-base( 3038): type=1400 audit(0.0:1273): avc: denied { write } for name="ready" dev="mmcblk0p25" ino=2110 scontext=u:r:platform_app:s0:c512,c768 tcontext=u:object_r:app_data_file:s0:c512,c768 tclass=dir permissive=1 app=com.dangbei.screencast
11-05 14:06:18.216 I/efs-base( 3038): type=1400 audit(0.0:1274): avc: denied { add_name } for name="3038" scontext=u:r:platform_app:s0:c512,c768 tcontext=u:object_r:app_data_file:s0:c512,c768 tclass=dir permissive=1 app=com.dangbei.screencast
11-05 14:06:18.216 I/efs-base( 3038): type=1400 audit(0.0:1275): avc: denied { create } for name="3038" scontext=u:r:platform_app:s0:c512,c768 tcontext=u:object_r:app_data_file:s0:c512,c768 tclass=dir permissive=1 app=com.dangbei.screencast
11-05 14:06:18.216 I/efs-base( 3038): type=1400 audit(0.0:1276): avc: denied { create } for name="wa_none_1_1_3038_9131_1762322778222" scontext=u:r:platform_app:s0:c512,c768 tcontext=u:object_r:app_data_file:s0:c512,c768 tclass=file permissive=1 app=com.dangbei.screencast
11-05 14:06:18.303 E/raop ( 1528): httpd_stop running 0 joined 1
11-05 14:06:18.837 W/TelephonyPermissions( 476): reportAccessDeniedToReadIdentifiers:com.dangbei.screencast:getSerial:-1
11-05 14:06:18.864 V/NFC ( 3038): this device does not have NFC support
11-05 14:06:18.892 E/WifiHAL ( 662): wifi_get_link_stats: requestResponse Error:-5
11-05 14:06:18.894 E/WifiVendorHal( 476): getWifiLinkLayerStats_1_5_Internal(l.1191) failed {.code = ERROR_INVALID_ARGS, .description = }
11-05 14:06:19.011 E/sprdwl ( 1064): sprdwl_rx_rsp_process ctx_id 0 recv rsp[WIFI_CMD_TX_DATA] status[SPRDWL_CMD_STATUS_ERROR]
11-05 14:06:19.024 I/WifiService( 476): startScan uid=10024
11-05 14:06:19.033 W/System.err( 1528): 2025-11-05 14:06:19.032:INFO:lcafx.c:stopped l.c.a.g.d{/upnp,null}
11-05 14:06:19.035 W/Router ( 1528): disable unlock:org.fourthline.cling.android.AndroidRouter@9b32f5c
11-05 14:06:19.038 W/UpnpServiceImpl( 1528): <<< UPnP service shutdown completed
11-05 14:06:19.048 E/sprdwl ( 1064): sprdwl_rx_rsp_process ctx_id 0 recv rsp[WIFI_CMD_TX_DATA] status[SPRDWL_CMD_STATUS_ERROR]
11-05 14:06:19.067 E/sprdwl ( 1064): sprdwl_rx_rsp_process ctx_id 0 recv rsp[WIFI_CMD_TX_DATA] status[SPRDWL_CMD_STATUS_ERROR]
11-05 14:06:19.086 E/sprdwl ( 1064): sprdwl_rx_rsp_process ctx_id 0 recv rsp[WIFI_CMD_TX_DATA] status[SPRDWL_CMD_STATUS_ERROR]
11-05 14:06:19.098 E/sprdwl ( 1064): sprdwl_rx_rsp_process ctx_id 0 recv rsp[WIFI_CMD_TX_DATA] status[SPRDWL_CMD_STATUS_ERROR]
11-05 14:06:19.110 E/sprdwl ( 1064): sprdwl_rx_rsp_process ctx_id 0 recv rsp[WIFI_CMD_TX_DATA] status[SPRDWL_CMD_STATUS_ERROR]
11-05 14:06:19.123 E/sprdwl ( 1064): sprdwl_rx_rsp_process ctx_id 0 recv rsp[WIFI_CMD_TX_DATA] status[SPRDWL_CMD_STATUS_ERROR]
11-05 14:06:19.136 E/sprdwl ( 1064): sprdwl_rx_rsp_process ctx_id 0 recv rsp[WIFI_CMD_TX_DATA] status[SPRDWL_CMD_STATUS_ERROR]
11-05 14:06:19.140 W/IorapForwardingService( 476): No service published for: iorapd
11-05 14:06:19.148 E/sprdwl ( 1064): sprdwl_rx_rsp_process ctx_id 0 recv rsp[WIFI_CMD_TX_DATA] status[SPRDWL_CMD_STATUS_ERROR]
11-05 14:06:19.161 E/sprdwl ( 1064): sprdwl_rx_rsp_process ctx_id 0 recv rsp[WIFI_CMD_TX_DATA] status[SPRDWL_CMD_STATUS_ERROR]
11-05 14:06:19.174 E/sprdwl ( 1064): sprdwl_rx_rsp_process ctx_id 0 recv rsp[WIFI_CMD_TX_DATA] status[SPRDWL_CMD_STATUS_ERROR]
11-05 14:06:19.199 E/sprdwl ( 1064): sprdwl_rx_rsp_process ctx_id 0 recv rsp[WIFI_CMD_TX_DATA] status[SPRDWL_CMD_STATUS_ERROR]
11-05 14:06:19.211 E/sprdwl ( 1064): sprdwl_rx_rsp_process ctx_id 0 recv rsp[WIFI_CMD_TX_DATA] status[SPRDWL_CMD_STATUS_ERROR]
11-05 14:06:19.224 E/sprdwl ( 1064): sprdwl_rx_rsp_process ctx_id 0 recv rsp[WIFI_CMD_TX_DATA] status[SPRDWL_CMD_STATUS_ERROR]
11-05 14:06:19.239 E/sprdwl ( 1064): sprdwl_rx_rsp_process ctx_id 0 recv rsp[WIFI_CMD_TX_DATA] status[SPRDWL_CMD_STATUS_ERROR]
11-05 14:06:19.251 E/sprdwl ( 1064): sprdwl_rx_rsp_process ctx_id 0 recv rsp[WIFI_CMD_TX_DATA] status[SPRDWL_CMD_STATUS_ERROR]
11-05 14:06:19.264 E/sprdwl ( 1064): sprdwl_rx_rsp_process ctx_id 0 recv rsp[WIFI_CMD_TX_DATA] status[SPRDWL_CMD_STATUS_ERROR]
11-05 14:06:19.280 E/sprdwl ( 1064): sprdwl_rx_rsp_process ctx_id 0 recv rsp[WIFI_CMD_TX_DATA] status[SPRDWL_CMD_STATUS_ERROR]
11-05 14:06:19.300 E/sprdwl ( 1064): sprdwl_rx_rsp_process ctx_id 0 recv rsp[WIFI_CMD_TX_DATA] status[SPRDWL_CMD_STATUS_ERROR]
11-05 14:06:19.312 E/sprdwl ( 1064): sprdwl_rx_rsp_process ctx_id 0 recv rsp[WIFI_CMD_TX_DATA] status[SPRDWL_CMD_STATUS_ERROR]
11-05 14:06:19.325 E/sprdwl ( 1064): sprdwl_rx_rsp_process ctx_id 0 recv rsp[WIFI_CMD_TX_DATA] status[SPRDWL_CMD_STATUS_ERROR]
11-05 14:06:19.337 E/sprdwl ( 1064): sprdwl_rx_rsp_process ctx_id 0 recv rsp[WIFI_CMD_TX_DATA] status[SPRDWL_CMD_STATUS_ERROR]
11-05 14:06:19.349 E/sprdwl ( 1064): sprdwl_rx_rsp_process ctx_id 0 recv rsp[WIFI_CMD_TX_DATA] status[SPRDWL_CMD_STATUS_ERROR]
11-05 14:06:19.362 E/sprdwl ( 1064): sprdwl_rx_rsp_process ctx_id 0 recv rsp[WIFI_CMD_TX_DATA] status[SPRDWL_CMD_STATUS_ERROR]
11-05 14:06:19.374 E/sprdwl ( 1064): sprdwl_rx_rsp_process ctx_id 0 recv rsp[WIFI_CMD_TX_DATA] status[SPRDWL_CMD_STATUS_ERROR]
11-05 14:06:19.393 E/sprdwl ( 1064): sprdwl_rx_rsp_process ctx_id 0 recv rsp[WIFI_CMD_TX_DATA] status[SPRDWL_CMD_STATUS_ERROR]
11-05 14:06:19.407 E/sprdwl ( 1064): sprdwl_rx_rsp_process ctx_id 0 recv rsp[WIFI_CMD_TX_DATA] status[SPRDWL_CMD_STATUS_ERROR]
11-05 14:06:19.420 E/sprdwl ( 1064): sprdwl_rx_rsp_process ctx_id 0 recv rsp[WIFI_CMD_TX_DATA] status[SPRDWL_CMD_STATUS_ERROR]
11-05 14:06:19.432 E/sprdwl ( 1064): sprdwl_rx_rsp_process ctx_id 0 recv rsp[WIFI_CMD_TX_DATA] status[SPRDWL_CMD_STATUS_ERROR]
11-05 14:06:19.444 E/sprdwl ( 1064): sprdwl_rx_rsp_process ctx_id 0 recv rsp[WIFI_CMD_TX_DATA] status[SPRDWL_CMD_STATUS_ERROR]
11-05 14:06:19.457 E/sprdwl ( 1064): sprdwl_rx_rsp_process ctx_id 0 recv rsp[WIFI_CMD_TX_DATA] status[SPRDWL_CMD_STATUS_ERROR]
11-05 14:06:19.469 E/sprdwl ( 1064): sprdwl_rx_rsp_process ctx_id 0 recv rsp[WIFI_CMD_TX_DATA] status[SPRDWL_CMD_STATUS_ERROR]
11-05 14:06:19.483 E/sprdwl ( 1064): sprdwl_rx_rsp_process ctx_id 0 recv rsp[WIFI_CMD_TX_DATA] status[SPRDWL_CMD_STATUS_ERROR]
11-05 14:06:19.602 I/crashsdk( 1528): android_os_Process_sendSignal. PID: 1528 SIG: 9
11-05 14:06:19.602 I/crashsdk( 1528): onKillProcess. SIG: 9
11-05 14:06:19.606 I/crashsdk( 1528): Kill PID: 1528 (com.dangbei.screencast) by pid: 1528 (com.dangbei.screencast) tid: 1528 (main)
11-05 14:06:19.606 I/crashsdk( 1528): SIG: 9, fg: false, exiting: false, main process: true, time: 20251105140619
11-05 14:06:19.606 I/crashsdk( 1528): State in disk: 'b'
11-05 14:06:19.606 I/crashsdk( 1528): at android.os.Process.sendSignal(Native Method)
11-05 14:06:19.606 I/crashsdk( 1528): at android.os.Process.killProcess(Process.java:1153)
11-05 14:06:19.606 I/crashsdk( 1528): at com.dangbei.screencast.startup.JumpService$i.run(:2)
11-05 14:06:19.606 I/crashsdk( 1528): at android.os.Handler.handleCallback(Handler.java:938)
11-05 14:06:19.606 I/crashsdk( 1528): at android.os.Handler.dispatchMessage(Handler.java:99)
11-05 14:06:19.606 I/crashsdk( 1528): at android.os.Looper.loopOnce(Looper.java:201)
11-05 14:06:19.606 I/crashsdk( 1528): at android.os.Looper.loop(Looper.java:288)
11-05 14:06:19.606 I/crashsdk( 1528): at android.app.ActivityThread.main(ActivityThread.java:7854)
11-05 14:06:19.606 I/crashsdk( 1528): at java.lang.reflect.Method.invoke(Native Method)
11-05 14:06:19.606 I/crashsdk( 1528): at com.android.internal.os.RuntimeInit$MethodAndArgsCaller.run(RuntimeInit.java:548)
11-05 14:06:19.606 I/crashsdk( 1528): at com.android.internal.os.ZygoteInit.main(ZygoteInit.java:1182)
11-05 14:06:19.608 I/Process ( 1528): Sending signal. PID: 1528 SIG: 9
11-05 14:06:19.616 I/init ( 1): Untracked pid 2357 exited with status 0
11-05 14:06:19.660 W/efs.send_log( 2775): tryFileLock sendlock sucess! processname: com.huawei.connection
11-05 14:06:19.669 D/NsdService( 476): Client disconnected
11-05 14:06:19.669 I/ActivityManager( 476): Process com.dangbei.screencast (pid 1528) has died: prcp FGS
11-05 14:06:19.677 I/init ( 1): Untracked pid 2420 exited with status 0
11-05 14:06:19.671 I/Zygote ( 242): Process 1528 exited due to signal 9 (Killed)
11-05 14:06:19.673 D/NearFieldManagerService( 2775): onDestroy, enter.
11-05 14:06:19.673 I/NearFieldManagerService( 2775): killCurrentProcess.
11-05 14:06:19.673 I/crashsdk( 2775): android_os_Process_sendSignal. PID: 2775 SIG: 9
11-05 14:06:19.673 W/ActivityManager( 476): Scheduling restart of crashed service com.dangbei.screencast/.startup.StartupService in 1000ms for start-requested
11-05 14:06:19.673 I/crashsdk( 2775): onKillProcess. SIG: 9
11-05 14:06:19.674 W/ActivityManager( 476): Scheduling restart of crashed service com.dangbei.screencast/.huaweicast.service.HuaweiCastService in 10999ms for start-requested
11-05 14:06:19.676 I/crashsdk( 2775): Kill PID: 2775 (com.huawei.connection) by pid: 2775 (com.huawei.connection) tid: 2775 (main)
11-05 14:06:19.676 I/crashsdk( 2775): SIG: 9, fg: false, exiting: false, main process: false, time: 20251105140619
11-05 14:06:19.676 I/crashsdk( 2775): State in disk: 'b'
11-05 14:06:19.676 I/crashsdk( 2775): at android.os.Process.sendSignal(Native Method)
11-05 14:06:19.676 I/crashsdk( 2775): at android.os.Process.killProcess(Process.java:1153)
11-05 14:06:19.676 I/crashsdk( 2775): at com.huawei.connection.service.NearFieldManagerService.c(Unknown Source:11)
11-05 14:06:19.676 I/crashsdk( 2775): at com.huawei.connection.service.NearFieldManagerService.onDestroy(Unknown Source:10)
11-05 14:06:19.676 I/crashsdk( 2775): at android.app.ActivityThread.handleStopService(ActivityThread.java:4669)
11-05 14:06:19.676 I/crashsdk( 2775): at android.app.ActivityThread.access$2100(ActivityThread.java:247)
11-05 14:06:19.676 I/crashsdk( 2775): at android.app.ActivityThread$H.handleMessage(ActivityThread.java:2096)
11-05 14:06:19.676 I/crashsdk( 2775): at android.os.Handler.dispatchMessage(Handler.java:106)
11-05 14:06:19.676 I/crashsdk( 2775): at android.os.Looper.loopOnce(Looper.java:201)
11-05 14:06:19.676 I/crashsdk( 2775): at android.os.Looper.loop(Looper.java:288)
11-05 14:06:19.676 I/crashsdk( 2775): at android.app.ActivityThread.main(ActivityThread.java:7854)
11-05 14:06:19.676 I/crashsdk( 2775): at java.lang.reflect.Method.invoke(Native Method)
11-05 14:06:19.676 I/crashsdk( 2775): at com.android.internal.os.RuntimeInit$MethodAndArgsCaller.run(RuntimeInit.java:548)
11-05 14:06:19.676 I/crashsdk( 2775): at com.android.internal.os.ZygoteInit.main(ZygoteInit.java:1182)
11-05 14:06:19.678 I/Process ( 2775): Sending signal. PID: 2775 SIG: 9
11-05 14:06:19.713 I/libprocessgroup( 476): Successfully killed process cgroup uid 10024 pid 1528 in 43ms
11-05 14:06:19.726 W/efs.send_log( 3038): tryFileLock sendlock sucess! processname: com.dangbei.screencast:bg_guard
11-05 14:06:19.735 I/init ( 1): Untracked pid 2845 exited with status 0
11-05 14:06:19.728 I/ActivityManager( 476): Process com.huawei.connection (pid 2775) has died: fg SVC
11-05 14:06:19.729 I/Zygote ( 242): Process 2775 exited due to signal 9 (Killed)
11-05 14:06:19.732 I/libprocessgroup( 476): Successfully killed process cgroup uid 10024 pid 2775 in 0ms
11-05 14:06:19.744 I/encast:bg_guar( 3038): Background young concurrent copying GC freed 45870(3826KB) AllocSpace objects, 25(500KB) LOS objects, 86% free, 3923KB/27MB, paused 520us total 105.803ms
11-05 14:06:20.038 I/FuseDaemon( 1024): Background concurrent copying GC freed 72062(4282KB) AllocSpace objects, 0(0B) LOS objects, 49% free, 3811KB/7622KB, paused 107us total 109.324ms
11-05 14:06:20.026 E/sprdwl ( 1064): sprdwl_rx_rsp_process ctx_id 0 recv rsp[WIFI_CMD_TX_DATA] status[SPRDWL_CMD_STATUS_ERROR]
11-05 14:06:20.038 E/sprdwl ( 1064): sprdwl_rx_rsp_process ctx_id 0 recv rsp[WIFI_CMD_TX_DATA] status[SPRDWL_CMD_STATUS_ERROR]
11-05 14:06:20.051 E/sprdwl ( 1064): sprdwl_rx_rsp_process ctx_id 0 recv rsp[WIFI_CMD_TX_DATA] status[SPRDWL_CMD_STATUS_ERROR]
11-05 14:06:20.064 E/sprdwl ( 1064): sprdwl_rx_rsp_process ctx_id 0 recv rsp[WIFI_CMD_TX_DATA] status[SPRDWL_CMD_STATUS_ERROR]
11-05 14:06:20.076 E/sprdwl ( 1064): sprdwl_rx_rsp_process ctx_id 0 recv rsp[WIFI_CMD_TX_DATA] status[SPRDWL_CMD_STATUS_ERROR]
11-05 14:06:20.089 E/sprdwl ( 1064): sprdwl_rx_rsp_process ctx_id 0 recv rsp[WIFI_CMD_TX_DATA] status[SPRDWL_CMD_STATUS_ERROR]
11-05 14:06:20.113 E/sprdwl ( 1064): sprdwl_rx_rsp_process ctx_id 0 recv rsp[WIFI_CMD_TX_DATA] status[SPRDWL_CMD_STATUS_ERROR]
11-05 14:06:20.125 E/sprdwl ( 1064): sprdwl_rx_rsp_process ctx_id 0 recv rsp[WIFI_CMD_TX_DATA] status[SPRDWL_CMD_STATUS_ERROR]
11-05 14:06:20.142 W/IorapForwardingService( 476): No service published for: iorapd
11-05 14:06:20.137 E/sprdwl ( 1064): sprdwl_rx_rsp_process ctx_id 0 recv rsp[WIFI_CMD_TX_DATA] status[SPRDWL_CMD_STATUS_ERROR]
11-05 14:06:20.150 E/sprdwl ( 1064): sprdwl_rx_rsp_process ctx_id 0 recv rsp[WIFI_CMD_TX_DATA] status[SPRDWL_CMD_STATUS_ERROR]
11-05 14:06:20.163 E/sprdwl ( 1064): sprdwl_rx_rsp_process ctx_id 0 recv rsp[WIFI_CMD_TX_DATA] status[SPRDWL_CMD_STATUS_ERROR]
11-05 14:06:20.175 E/sprdwl ( 1064): sprdwl_rx_rsp_process ctx_id 0 recv rsp[WIFI_CMD_TX_DATA] status[SPRDWL_CMD_STATUS_ERROR]
11-05 14:06:20.187 E/sprdwl ( 1064): sprdwl_rx_rsp_process ctx_id 0 recv rsp[WIFI_CMD_TX_DATA] status[SPRDWL_CMD_STATUS_ERROR]
11-05 14:06:20.211 E/sprdwl ( 1064): sprdwl_rx_rsp_process ctx_id 0 recv rsp[WIFI_CMD_TX_DATA] status[SPRDWL_CMD_STATUS_ERROR]
11-05 14:06:20.226 E/sprdwl ( 1064): sprdwl_rx_rsp_process ctx_id 0 recv rsp[WIFI_CMD_TX_DATA] status[SPRDWL_CMD_STATUS_ERROR]
11-05 14:06:20.239 E/sprdwl ( 1064): sprdwl_rx_rsp_process ctx_id 0 recv rsp[WIFI_CMD_TX_DATA] status[SPRDWL_CMD_STATUS_ERROR]
11-05 14:06:20.251 E/sprdwl ( 1064): sprdwl_rx_rsp_process ctx_id 0 recv rsp[WIFI_CMD_TX_DATA] status[SPRDWL_CMD_STATUS_ERROR]
11-05 14:06:20.263 E/sprdwl ( 1064): sprdwl_rx_rsp_process ctx_id 0 recv rsp[WIFI_CMD_TX_DATA] status[SPRDWL_CMD_STATUS_ERROR]
11-05 14:06:20.276 E/sprdwl ( 1064): sprdwl_rx_rsp_process ctx_id 0 recv rsp[WIFI_CMD_TX_DATA] status[SPRDWL_CMD_STATUS_ERROR]
11-05 14:06:20.288 E/sprdwl ( 1064): sprdwl_rx_rsp_process ctx_id 0 recv rsp[WIFI_CMD_TX_DATA] status[SPRDWL_CMD_STATUS_ERROR]
11-05 14:06:20.308 E/sprdwl ( 1064): sprdwl_rx_rsp_process ctx_id 0 recv rsp[WIFI_CMD_TX_DATA] status[SPRDWL_CMD_STATUS_ERROR]
11-05 14:06:20.322 E/sprdwl ( 1064): sprdwl_rx_rsp_process ctx_id 0 recv rsp[WIFI_CMD_TX_DATA] status[SPRDWL_CMD_STATUS_ERROR]
11-05 14:06:20.334 E/sprdwl ( 1064): sprdwl_rx_rsp_process ctx_id 0 recv rsp[WIFI_CMD_TX_DATA] status[SPRDWL_CMD_STATUS_ERROR]
11-05 14:06:20.347 E/sprdwl ( 1064): sprdwl_rx_rsp_process ctx_id 0 recv rsp[WIFI_CMD_TX_DATA] status[SPRDWL_CMD_STATUS_ERROR]
11-05 14:06:20.359 E/sprdwl ( 1064): sprdwl_rx_rsp_process ctx_id 0 recv rsp[WIFI_CMD_TX_DATA] status[SPRDWL_CMD_STATUS_ERROR]
11-05 14:06:20.371 E/sprdwl ( 1064): sprdwl_rx_rsp_process ctx_id 0 recv rsp[WIFI_CMD_TX_DATA] status[SPRDWL_CMD_STATUS_ERROR]
11-05 14:06:20.384 E/sprdwl ( 1064): sprdwl_rx_rsp_process ctx_id 0 recv rsp[WIFI_CMD_TX_DATA] status[SPRDWL_CMD_STATUS_ERROR]
11-05 14:06:20.396 E/sprdwl ( 1064): sprdwl_rx_rsp_process ctx_id 0 recv rsp[WIFI_CMD_TX_DATA] status[SPRDWL_CMD_STATUS_ERROR]
11-05 14:06:20.414 E/sprdwl ( 1064): sprdwl_rx_rsp_process ctx_id 0 recv rsp[WIFI_CMD_TX_DATA] status[SPRDWL_CMD_STATUS_ERROR]
11-05 14:06:20.429 E/sprdwl ( 1064): sprdwl_rx_rsp_process ctx_id 0 recv rsp[WIFI_CMD_TX_DATA] status[SPRDWL_CMD_STATUS_ERROR]
11-05 14:06:20.441 E/sprdwl ( 1064): sprdwl_rx_rsp_process ctx_id 0 recv rsp[WIFI_CMD_TX_DATA] status[SPRDWL_CMD_STATUS_ERROR]
11-05 14:06:20.453 E/sprdwl ( 1064): sprdwl_rx_rsp_process ctx_id 0 recv rsp[WIFI_CMD_TX_DATA] status[SPRDWL_CMD_STATUS_ERROR]
11-05 14:06:20.466 E/sprdwl ( 1064): sprdwl_rx_rsp_process ctx_id 0 recv rsp[WIFI_CMD_TX_DATA] status[SPRDWL_CMD_STATUS_ERROR]
11-05 14:06:20.478 E/sprdwl ( 1064): sprdwl_rx_rsp_process ctx_id 0 recv rsp[WIFI_CMD_TX_DATA] status[SPRDWL_CMD_STATUS_ERROR]
11-05 14:06:20.490 E/sprdwl ( 1064): sprdwl_rx_rsp_process ctx_id 0 recv rsp[WIFI_CMD_TX_DATA] status[SPRDWL_CMD_STATUS_ERROR]
11-05 14:06:20.503 E/sprdwl ( 1064): sprdwl_rx_rsp_process ctx_id 0 recv rsp[WIFI_CMD_TX_DATA] status[SPRDWL_CMD_STATUS_ERROR]
11-05 14:06:20.519 E/sprdwl ( 1064): sprdwl_rx_rsp_process ctx_id 0 recv rsp[WIFI_CMD_TX_DATA] status[SPRDWL_CMD_STATUS_ERROR]
11-05 14:06:20.532 E/sprdwl ( 1064): sprdwl_rx_rsp_process ctx_id 0 recv rsp[WIFI_CMD_TX_DATA] status[SPRDWL_CMD_STATUS_ERROR]
11-05 14:06:20.545 E/sprdwl ( 1064): sprdwl_rx_rsp_process ctx_id 0 recv rsp[WIFI_CMD_TX_DATA] status[SPRDWL_CMD_STATUS_ERROR]
11-05 14:06:20.557 E/sprdwl ( 1064): sprdwl_rx_rsp_process ctx_id 0 recv rsp[WIFI_CMD_TX_DATA] status[SPRDWL_CMD_STATUS_ERROR]
11-05 14:06:20.569 E/sprdwl ( 1064): sprdwl_rx_rsp_process ctx_id 0 recv rsp[WIFI_CMD_TX_DATA] status[SPRDWL_CMD_STATUS_ERROR]
11-05 14:06:20.581 E/sprdwl ( 1064): sprdwl_rx_rsp_process ctx_id 0 recv rsp[WIFI_CMD_TX_DATA] status[SPRDWL_CMD_STATUS_ERROR]
11-05 14:06:20.594 E/sprdwl ( 1064): sprdwl_rx_rsp_process ctx_id 0 recv rsp[WIFI_CMD_TX_DATA] status[SPRDWL_CMD_STATUS_ERROR]
11-05 14:06:20.607 E/sprdwl ( 1064): sprdwl_rx_rsp_process ctx_id 0 recv rsp[WIFI_CMD_TX_DATA] status[SPRDWL_CMD_STATUS_ERROR]
11-05 14:06:20.630 E/sprdwl ( 1064): sprdwl_rx_rsp_process ctx_id 0 recv rsp[WIFI_CMD_TX_DATA] status[SPRDWL_CMD_STATUS_ERROR]
11-05 14:06:20.642 E/sprdwl ( 1064): sprdwl_rx_rsp_process ctx_id 0 recv rsp[WIFI_CMD_TX_DATA] status[SPRDWL_CMD_STATUS_ERROR]
11-05 14:06:20.654 E/sprdwl ( 1064): sprdwl_rx_rsp_process ctx_id 0 recv rsp[WIFI_CMD_TX_DATA] status[SPRDWL_CMD_STATUS_ERROR]
11-05 14:06:20.667 E/sprdwl ( 1064): sprdwl_rx_rsp_process ctx_id 0 recv rsp[WIFI_CMD_TX_DATA] status[SPRDWL_CMD_STATUS_ERROR]
11-05 14:06:20.675 D/CompatibilityChangeReporter( 476): Compat change id reported: 135634846; UID 10024; state: DISABLED
11-05 14:06:20.675 D/CompatibilityChangeReporter( 476): Compat change id reported: 143937733; UID 10024; state: DISABLED
11-05 14:06:20.692 D/Zygote ( 242): Forked child process 3149
11-05 14:06:20.694 I/ActivityManager( 476): app.processName = com.dangbei.screencast
11-05 14:06:20.694 I/ActivityManager( 476): Start proc 3149:com.dangbei.screencast/u0a24 for service {com.dangbei.screencast/com.dangbei.screencast.startup.StartupService}
11-05 14:06:20.679 E/sprdwl ( 1064): sprdwl_rx_rsp_process ctx_id 0 recv rsp[WIFI_CMD_TX_DATA] status[SPRDWL_CMD_STATUS_ERROR]
11-05 14:06:20.692 E/sprdwl ( 1064): sprdwl_rx_rsp_process ctx_id 0 recv rsp[WIFI_CMD_TX_DATA] status[SPRDWL_CMD_STATUS_ERROR]
11-05 14:06:20.704 E/sprdwl ( 1064): sprdwl_rx_rsp_process ctx_id 0 recv rsp[WIFI_CMD_TX_DATA] status[SPRDWL_CMD_STATUS_ERROR]
11-05 14:06:20.701 I/Zygote ( 3149): seccomp disabled by setenforce 0
11-05 14:06:20.719 I/adbd ( 394): jdwp connection from 3149
11-05 14:06:20.737 D/CompatibilityChangeReporter( 3149): Compat change id reported: 171979766; UID 10024; state: DISABLED
11-05 14:06:20.747 D/ApplicationLoaders( 3149): Returning zygote-cached class loader: /system/framework/android.test.base.jar
11-05 14:06:20.747 D/ApplicationLoaders( 3149): Returning zygote-cached class loader: /system/framework/android.hidl.manager-V1.0-java.jar
11-05 14:06:20.747 D/ApplicationLoaders( 3149): Returning zygote-cached class loader: /system/framework/android.hidl.base-V1.0-java.jar
11-05 14:06:20.802 V/GraphicsEnvironment( 3149): ANGLE Developer option for 'com.dangbei.screencast' set to: 'default'
11-05 14:06:20.803 V/GraphicsEnvironment( 3149): Neither updatable production driver nor prerelease driver is supported.
11-05 14:06:20.806 D/NetworkSecurityConfig( 3149): Using Network Security Config from resource network_security_config debugBuild: false
11-05 14:06:20.811 D/NetworkSecurityConfig( 3149): Using Network Security Config from resource network_security_config debugBuild: false
11-05 14:06:20.813 I/MultiDex( 3149): VM with version 2.1.0 has multidex support
11-05 14:06:20.815 I/MultiDex( 3149): Installing application
11-05 14:06:20.815 I/MultiDex( 3149): VM has multidex support, MultiDex support library is disabled.
11-05 14:06:20.820 E/PartsInfoProvider( 3149): onCreate:
11-05 14:06:20.828 E/ServiceUtils( 3149): start main service
11-05 14:06:20.836 E/ServiceUtils( 3149): start main service
11-05 14:06:20.870 D/AndroidAutoSize( 3149): designWidthInDp = 1920, designHeightInDp = 1080, screenWidth = 1920, screenHeight = 1080
11-05 14:06:20.872 D/AndroidAutoSize( 3149): initDensity = 1.5, initScaledDensity = 1.5
11-05 14:06:20.946 V/TvNotificationHandler( 683): Notification not added because it isn't relevant for tv
11-05 14:06:20.948 V/TvNotificationHandler( 683): Notification not added because it isn't relevant for tv
11-05 14:06:21.016 I/Thread-4( 3149): type=1400 audit(0.0:1277): avc: denied { read } for name="logs" dev="mmcblk0p25" ino=2077 scontext=u:r:platform_app:s0:c512,c768 tcontext=u:object_r:app_data_file:s0:c512,c768 tclass=dir permissive=1 app=com.dangbei.screencast
11-05 14:06:21.016 I/Thread-4( 3149): type=1400 audit(0.0:1278): avc: denied { open } for path="/data/user/0/com.dangbei.screencast/crashsdk/logs" dev="mmcblk0p25" ino=2077 scontext=u:r:platform_app:s0:c512,c768 tcontext=u:object_r:app_data_file:s0:c512,c768 tclass=dir permissive=1 app=com.dangbei.screencast
11-05 14:06:21.024 I/crashsdk( 3149): version unique build id: 6230cced
11-05 14:06:21.034 D/crashsdk( 3149): Native log stat thread 3191 setup, waiting
11-05 14:06:21.038 I/crashsdk( 3149): begin hack android.os.Process
11-05 14:06:21.039 I/crashsdk( 3149): end hack android.os.Process
11-05 14:06:21.077 W/efs.send_log( 3149): tryFileLock start!
11-05 14:06:21.083 I/Matrix.AnrTracer( 3149): anrTrace, final mAnrBeatTime:400, mAnrBeatRate:400
11-05 14:06:21.093 D/LaunchConfigManager( 3149): check in allready
11-05 14:06:21.096 I/efs.config( 3149): --->>> 删除旧的配置文件 false
11-05 14:06:21.099 I/LaunchTrace( 3149): begin sendLaunchCache
11-05 14:06:21.101 I/efs.config( 3149): current config version (-1) is older than another (1735614866)
11-05 14:06:21.101 I/efs.config( 3149): load config from storage and notify observer
11-05 14:06:21.105 I/efs.base( 3149): lt=event`ev_ct=efs_core`ev_ac=pvuv`tm=2025-11-05 14:06:09`dn=b7818bb2-5f62-4f12-9a91-36673dce94c0`ps=com.dangbei.screencast`um_os=android`stime=1762322780760`pid=3149`fr=android`pkg=com.dangbei.screencast`vcode=20830`dsp_w=1920`uid=b7818bb2-5f62-4f12-9a91-36673dce94c0`rom=12`wid=b7818bb2-5f62-4f12-9a91-36673dce94c0`um_app_carrier=`um_access=wifi`um_app_channel=os`um_crash_sdk_version=1.4.0`ctime=1762322781`model=dbbox-a2`lang=zh`net=wifi`brand=dangbei`dsp_h=1080`um_network_type=0`ver=v2.8.3`build_model=DBBOX-A2`w_tm=1762322781`appid=5fc60c21094d637f3130af19`um_umid_header=ai7db9f68508b83bfb5af66567cfa3d0f5`sdk=31`tzone=Asia/Shanghai`sdk_ver=1.3.6.umeng
11-05 14:06:21.100 I/Thread-4( 3149): type=1400 audit(0.0:1279): avc: denied { watch watch_reads } for path="/data/user/0/com.dangbei.screencast/files/.envelope" dev="mmcblk0p25" ino=2096 scontext=u:r:platform_app:s0:c512,c768 tcontext=u:object_r:app_data_file:s0:c512,c768 tclass=dir permissive=1 app=com.dangbei.screencast
11-05 14:06:21.144 W/IorapForwardingService( 476): No service published for: iorapd
11-05 14:06:21.170 I/TDLog ( 3149): setReportUncaughtExceptions: true
11-05 14:06:21.177 E/Application( 3149): onCreate:Version:v2.8.3/20830/883432e
11-05 14:06:21.172 I/Thread-14( 3149): type=1400 audit(0.0:1280): avc: denied { remove_name } for name="info.xml" dev="mmcblk0p25" ino=7147 scontext=u:r:platform_app:s0:c512,c768 tcontext=u:object_r:app_data_file:s0:c512,c768 tclass=dir permissive=1 app=com.dangbei.screencast
11-05 14:06:21.172 I/Thread-14( 3149): type=1400 audit(0.0:1281): avc: denied { rename } for name="info.xml" dev="mmcblk0p25" ino=7147 scontext=u:r:platform_app:s0:c512,c768 tcontext=u:object_r:app_data_file:s0:c512,c768 tclass=file permissive=1 app=com.dangbei.screencast
11-05 14:06:21.193 W/audit ( 3212): audit_lost=740 audit_rate_limit=5 audit_backlog_limit=64
11-05 14:06:21.193 E/audit ( 3212): rate limit exceeded
11-05 14:06:21.253 W/ActivityManager( 476): Foreground service started from background can not have location/camera/microphone access: service com.dangbei.screencast/.startup.StartupService
11-05 14:06:21.319 I/TDLog ( 3149): TalkingData SDK init...
11-05 14:06:21.319 I/TDLog ( 3149): SDK_VERSION is: Android+TD+V5.0.7 gp Type:Native Build_Num:2141
11-05 14:06:21.319 I/TDLog ( 3149): App ID is: B9D7815EC975466AB1332111FCE62DF5
11-05 14:06:21.319 I/TDLog ( 3149): App Channel is: os
11-05 14:06:21.319 I/TDLog ( 3149): App Custom is:
11-05 14:06:21.319 I/TDLog ( 3149): SDK_OVC is: TDOVC+a3bb7754719798526508b6caad480dd7+SaaS
11-05 14:06:21.322 E/raop ( 3149): *********************AirplayBroadcastServer+++++++++
11-05 14:06:21.345 D/NsdService( 476): New client listening to asynchronous messages
11-05 14:06:21.346 D/NsdService( 476): New client, channel: com.android.internal.util.AsyncChannel@b75c608 messenger: android.os.Messenger@5abf1a1
11-05 14:06:21.349 D/CompatibilityChangeReporter( 3149): Compat change id reported: 191844585; UID 10024; state: DISABLED
11-05 14:06:21.397 E/H264FrameQueue( 3149): H264FrameQueue: mFullQueueCount:200
11-05 14:06:21.421 D/wenhc ( 1089): getScreenInfo uri = content://com.dangbei.screencast.parts.info/screen_cast
11-05 14:06:21.423 D/wenhc ( 1089): getScreenInfo uri = content://com.dangbei.screencast.parts.info/screen_cast
11-05 14:06:21.448 I/MobclickAgent( 3149): module init:azioc
11-05 14:06:21.467 V/TvNotificationHandler( 683): Notification not added because it isn't relevant for tv
11-05 14:06:21.572 W/TelephonyPermissions( 476): reportAccessDeniedToReadIdentifiers:com.dangbei.screencast:getSerial:-1
11-05 14:06:21.604 E/HuaweiCastService( 3149): onCreate called().
11-05 14:06:21.610 E/PlayerClient( 3149): registerCallback com.dangbei.screencast.huaweicast.service.HuaweiCastService$a@bbae64b
11-05 14:06:21.612 D/PlayerClient( 3149): registerCallback true
11-05 14:06:21.613 D/PlayerClient( 3149): init.
11-05 14:06:21.615 W/KIT_FWK_a( 3149): KitFwk is not installed, pls do not use related interfaces.
11-05 14:06:21.616 W/KIT_FWK_a( 3149): KitFwk is not installed, pls do not use related interfaces.
11-05 14:06:21.616 E/PlayerClient( 3149): bind player service by aar.
11-05 14:06:21.624 D/PlayerClient( 3149): bind player sink service true
11-05 14:06:21.629 W/ActivityManager( 476): Foreground service started from background can not have location/camera/microphone access: service com.dangbei.screencast/.huaweicast.service.HuaweiCastService
11-05 14:06:21.630 E/HuaweiCastService( 3149): startForeground!
11-05 14:06:21.644 E/StartupService( 3149): onConnected:
11-05 14:06:21.689 D/WifiNl80211Manager( 476): Scan result ready event
11-05 14:06:21.689 D/WifiNative( 476): Scan result ready event
11-05 14:06:21.698 W/IE_Capabilities( 476): Unknown RSN cipher suite: 6ac0f00
11-05 14:06:21.716 W/IE_Capabilities( 476): Unknown RSN cipher suite: 6ac0f00
11-05 14:06:21.743 E/hq ( 1089): NetWorkStateReceiver:::NetWorkStateReceiver onReceive: 网络变化广播 >>>> intent.action=android.net.wifi.SCAN_RESULTS
11-05 14:06:21.752 D/PasspointManager( 476): ANQP entry not found for: 50:33:f0:5b:7e:a2:
11-05 14:06:21.754 E/WifiHAL ( 662): wifi_get_link_stats: requestResponse Error:-5
11-05 14:06:21.756 E/WifiVendorHal( 476): getWifiLinkLayerStats_1_5_Internal(l.1191) failed {.code = ERROR_INVALID_ARGS, .description = }
11-05 14:06:21.768 W/eventbuscore( 1089): post Event:com.dangbei.leard.base.entity.event.NetWifiRssiEvent
11-05 14:06:21.800 I/crashsdk( 3149): Catcher mask: 5000, 20480
11-05 14:06:21.802 I/crashsdk( 3149): Catcher thread 3154
11-05 14:06:21.802 D/crashsdk( 3149): Register ANR handler ...
11-05 14:06:21.804 W/efs.info.manager( 3149): network change: wifi
11-05 14:06:21.810 E/HuaweiCastService( 3149): onStartCommand in 0
11-05 14:06:21.828 D/HiSight-SinkService( 3149): onCreate.
11-05 14:06:21.840 V/TvNotificationHandler( 683): Notification not added because it isn't relevant for tv
11-05 14:06:21.840 D/HiSight-ConnectionManager( 3149): start ConnectionManager
11-05 14:06:21.842 I/WifiService( 476): acquireMulticastLock uid=10024
11-05 14:06:21.842 D/HiSight-SinkService( 3149): onBind.
11-05 14:06:21.844 I/WifiService( 476): acquireMulticastLock uid=10024
11-05 14:06:21.849 D/PlayerClient( 3149): service connected.
11-05 14:06:21.849 D/HiSight-SinkService( 3149): ITaskBinder registerCallback: true
11-05 14:06:21.849 D/HiSight-HiSightManager( 3149): ITaskBinder registerCallback.
11-05 14:06:21.849 D/HiSight-CallbackManager( 3149): addNewCallback. com.dangbei.screencast.huaweicast.service.HuaweiCastService$a@bbae64b
11-05 14:06:21.850 E/HuaweiCastService( 3149): eventId: 4001
11-05 14:06:21.851 E/HuaweiCastService( 3149): mPlayerClient is null.
11-05 14:06:21.852 D/HiSight-HiSightManager( 3149): check capability vbr range not setting, using default value
11-05 14:06:21.852 E/HuaweiCastService( 3149): mPlayerClient is null.
11-05 14:06:21.853 D/HiSight-SinkService( 3149): setAuthMode
11-05 14:06:21.853 W/HiSight-ConnectionManager( 3149): mSinkId is empty
11-05 14:06:21.906 E/WifiHAL ( 662): wifi_get_link_stats: requestResponse Error:-5
11-05 14:06:21.909 E/WifiVendorHal( 476): getWifiLinkLayerStats_1_5_Internal(l.1191) failed {.code = ERROR_INVALID_ARGS, .description = }
11-05 14:06:21.933 W/TelephonyPermissions( 476): reportAccessDeniedToReadIdentifiers:com.dangbei.screencast:getSerial:-1
11-05 14:06:21.960 V/NFC ( 3149): this device does not have NFC support
11-05 14:06:22.097 I/WifiService( 476): startScan uid=10024
11-05 14:06:22.147 W/IorapForwardingService( 476): No service published for: iorapd
11-05 14:06:22.164 I/Thread-2( 3290): type=1400 audit(0.0:1291): avc: denied { execute } for name="am" dev="dm-1" ino=1164 scontext=u:r:system_app:s0 tcontext=u:object_r:vendor_file:s0 tclass=file permissive=1
11-05 14:06:22.164 I/Thread-2( 3290): type=1400 audit(0.0:1292): avc: denied { read open } for path="/vendor/xbin/am" dev="dm-1" ino=1164 scontext=u:r:system_app:s0 tcontext=u:object_r:vendor_file:s0 tclass=file permissive=1
11-05 14:06:22.164 I/Thread-2( 3290): type=1400 audit(0.0:1293): avc: denied { execute_no_trans } for path="/vendor/xbin/am" dev="dm-1" ino=1164 scontext=u:r:system_app:s0 tcontext=u:object_r:vendor_file:s0 tclass=file permissive=1
11-05 14:06:22.220 D/aaa ( 1097): LedStatusService onStartCommand begin
11-05 14:06:22.221 D/aaa ( 1097): topPkg is -------------- :com.tv.filemanager.os
11-05 14:06:22.222 D/bbb ( 1174): onStartCommand begin !!!!!!! data分区剩余 24987MB
11-05 14:06:23.148 W/IorapForwardingService( 476): No service published for: iorapd
11-05 14:06:23.201 I/efs.px.api( 3038): get config from server, url is https://errlog.umeng.com/apm_cc
11-05 14:06:23.825 W/hdr10p_Configure( 375): 138 callbacks suppressed
11-05 14:06:23.825 I/ ( 375): DVI mode selected: packets not configured
11-05 14:06:23.825 W/set_vsif_config( 375): 138 callbacks suppressed
11-05 14:06:23.825 I/ ( 375): Error: set vsif failed
11-05 14:06:23.826 I/ ( 375): DVI mode selected: packets not configured
11-05 14:06:23.826 I/ ( 375): Error: set vsif failed
11-05 14:06:23.847 I/ ( 375): DVI mode selected: packets not configured
11-05 14:06:23.847 I/ ( 375): Error: set vsif failed
11-05 14:06:23.847 I/ ( 375): DVI mode selected: packets not configured
11-05 14:06:23.847 I/ ( 375): Error: set vsif failed
11-05 14:06:23.868 I/ ( 375): DVI mode selected: packets not configured
11-05 14:06:23.868 I/ ( 375): Error: set vsif failed
11-05 14:06:23.868 I/ ( 375): DVI mode selected: packets not configured
11-05 14:06:23.868 I/ ( 375): Error: set vsif failed
11-05 14:06:23.888 I/ ( 375): DVI mode selected: packets not configured
11-05 14:06:23.888 I/ ( 375): Error: set vsif failed
11-05 14:06:23.888 I/ ( 375): DVI mode selected: packets not configured
11-05 14:06:23.888 I/ ( 375): Error: set vsif failed
11-05 14:06:23.889 I/efs.base( 3038): lt=event`ev_ct=efs_core`ev_ac=config_coverage`tm=2025-11-05 14:06:88`dn=b7818bb2-5f62-4f12-9a91-36673dce94c0`ps=com.dangbei.screencast:bg_guard`um_os=android`stime=1762322777616`pid=3038`fr=android`pkg=com.dangbei.screencast`cver=1735614866`vcode=20830`dsp_w=1920`uid=b7818bb2-5f62-4f12-9a91-36673dce94c0`rom=12`wid=b7818bb2-5f62-4f12-9a91-36673dce94c0`um_app_carrier=`um_access=wifi`um_app_channel=os`um_crash_sdk_version=1.4.0`ctime=1762322783`model=dbbox-a2`lang=zh`net=wifi`brand=dangbei`dsp_h=1080`um_network_type=0`ver=v2.8.3`build_model=DBBOX-A2`w_tm=1762322783`appid=5fc60c21094d637f3130af19`um_umid_header=ai7db9f68508b83bfb5af66567cfa3d0f5`sdk=31`tzone=Asia/Shanghai`sdk_ver=1.3.6.umeng
11-05 14:06:23.890 I/efs.config( 3038): config request succ, config is:
11-05 14:06:23.890 I/efs.config( 3038): {"msg":"成功","code":0,"cip":"127.0.0.1","config":{"common":{"updateInteval":480,"gate_way_https":true},"sign":"f3NRWw9OdFFea1sUAw==","app_configs":[{"conditions":[{"val":"0.0.0.0","opc":">=","fld":"ver"}],"actions":[{"opt":"apm_netperf_state","set":100},{"opt":"apm_netperf_day_limit","set":100},{"opt":"apm_netperf_res_bd_state","set":100},{"opt":"apm_oom_state","set":0},{"opt":"apm_netperf_data_rate","set":10},{"opt":"apm_native_h5perf_sampling_rate","set":5},{"opt":"apm_netperf_req_hd_state","set":100},{"opt":"apm_netperf_sampling_rate","set":1},{"opt":"flutter_dart_exception_max_count","set":20},{"opt":"flutter_pv_sampling_rate","set":5},{"opt":"apm_netperf_res_hd_state","set":100},{"opt":"flutter_page_state","set":100},{"opt":"flutter_page_rate","set":5},{"opt":"apm_memperf_sampling_rate","set":0},{"opt":"apm_crash_user_upload_type","set":1},{"opt":"apm_memperf_collect_max_period_sec","set":600},{"opt":"apm_crash_user_max_count","set":20},{"opt":"apm_netperf_bd_state","set":100},{"opt":"apm_native_h5_state","set":0},{"opt":"apm_mem_state","set":0},{"opt":"flutter_dart_exception_state","set":100},{"opt":"flutter_pv_max_count","set":200},{"opt":"apm_memperf_collect_interval","set":5},{"opt":"apm_flutter_state","set":100},{"opt":"apm_patrace_switch_rate","set":5},{"opt":"record_accumulation_time","set":60},{"opt":"apm_net_state","set":0},{"opt":"apm_startperf_sampling_rate","set":5},{"opt":"apm_oom_sampling_rate","set":5}]}]},"stm":1762322785,"cver":1735614866}
11-05 14:06:23.890 I/efs.config( 3038): efs config is {"msg":"成功","code":0,"cip":"127.0.0.1","config":{"common":{"updateInteval":480,"gate_way_https":true},"sign":"f3NRWw9OdFFea1sUAw==","app_configs":[{"conditions":[{"val":"0.0.0.0","opc":">=","fld":"ver"}],"actions":[{"opt":"apm_netperf_state","set":100},{"opt":"apm_netperf_day_limit","set":100},{"opt":"apm_netperf_res_bd_state","set":100},{"opt":"apm_oom_state","set":0},{"opt":"apm_netperf_data_rate","set":10},{"opt":"apm_native_h5perf_sampling_rate","set":5},{"opt":"apm_netperf_req_hd_state","set":100},{"opt":"apm_netperf_sampling_rate","set":1},{"opt":"flutter_dart_exception_max_count","set":20},{"opt":"flutter_pv_sampling_rate","set":5},{"opt":"apm_netperf_res_hd_state","set":100},{"opt":"flutter_page_state","set":100},{"opt":"flutter_page_rate","set":5},{"opt":"apm_memperf_sampling_rate","set":0},{"opt":"apm_crash_user_upload_type","set":1},{"opt":"apm_memperf_collect_max_period_sec","set":600},{"opt":"apm_crash_user_max_count","set":20},{"opt":"apm_netperf_bd_state","set":100},{"opt":"apm_native_h5_state","set":0},{"opt":"apm_mem_state","set":0},{"opt":"flutter_dart_exception_state","set":100},{"opt":"flutter_pv_max_count","set":200},{"opt":"apm_memperf_collect_interval","set":5},{"opt":"apm_flutter_state","set":100},{"opt":"apm_patrace_switch_rate","set":5},{"opt":"record_accumulation_time","set":60},{"opt":"apm_net_state","set":0},{"opt":"apm_startperf_sampling_rate","set":5},{"opt":"apm_oom_sampling_rate","set":5}]}]},"stm":1762322785,"cver":1735614866}
11-05 14:06:23.894 E/efs.config( 3038): updateConfigCond error
11-05 14:06:23.894 E/efs.config( 3038): java.lang.NumberFormatException: For input string: "v2"
11-05 14:06:23.894 E/efs.config( 3038): at java.lang.Integer.parseInt(Integer.java:615)
11-05 14:06:23.894 E/efs.config( 3038): at java.lang.Integer.parseInt(Integer.java:650)
11-05 14:06:23.894 E/efs.config( 3038): at com.efs.sdk.base.core.config.a.d.a(Unknown Source:33)
11-05 14:06:23.894 E/efs.config( 3038): at com.efs.sdk.base.core.config.a.d.a(Unknown Source:8)
11-05 14:06:23.894 E/efs.config( 3038): at com.efs.sdk.base.core.config.a.d.a(Unknown Source:404)
11-05 14:06:23.894 E/efs.config( 3038): at com.efs.sdk.base.core.config.a.d.a(Unknown Source:129)
11-05 14:06:23.894 E/efs.config( 3038): at com.efs.sdk.base.core.config.a.c.a(Unknown Source:4)
11-05 14:06:23.894 E/efs.config( 3038): at com.efs.sdk.base.core.config.a.c.e(Unknown Source:53)
11-05 14:06:23.894 E/efs.config( 3038): at com.efs.sdk.base.core.config.a.c.handleMessage(Unknown Source:105)
11-05 14:06:23.894 E/efs.config( 3038): at android.os.Handler.dispatchMessage(Handler.java:102)
11-05 14:06:23.894 E/efs.config( 3038): at android.os.Looper.loopOnce(Looper.java:201)
11-05 14:06:23.894 E/efs.config( 3038): at android.os.Looper.loop(Looper.java:288)
11-05 14:06:23.894 E/efs.config( 3038): at android.os.HandlerThread.run(HandlerThread.java:67)
11-05 14:06:23.911 I/ ( 375): DVI mode selected: packets not configured
11-05 14:06:23.911 I/ ( 375): Error: set vsif failed
11-05 14:06:23.911 I/ ( 375): DVI mode selected: packets not configured
11-05 14:06:23.911 I/ ( 375): Error: set vsif failed
11-05 14:06:24.149 W/IorapForwardingService( 476): No service published for: iorapd
11-05 14:06:24.759 D/WifiNl80211Manager( 476): Scan result ready event
11-05 14:06:24.760 D/WifiNative( 476): Scan result ready event
11-05 14:06:24.772 W/IE_Capabilities( 476): Unknown RSN cipher suite: 6ac0f00
11-05 14:06:24.787 W/IE_Capabilities( 476): Unknown RSN cipher suite: 6ac0f00
11-05 14:06:24.793 W/IE_Capabilities( 476): Unknown RSN cipher suite: 6ac0f00
11-05 14:06:24.795 D/WificondScannerImpl( 476): Filtering out 5 scan results.
11-05 14:06:24.814 E/hq ( 1089): NetWorkStateReceiver:::NetWorkStateReceiver onReceive: 网络变化广播 >>>> intent.action=android.net.wifi.SCAN_RESULTS
11-05 14:06:24.823 E/WifiHAL ( 662): wifi_get_link_stats: requestResponse Error:-5
11-05 14:06:24.825 E/WifiVendorHal( 476): getWifiLinkLayerStats_1_5_Internal(l.1191) failed {.code = ERROR_INVALID_ARGS, .description = }
11-05 14:06:24.843 W/eventbuscore( 1089): post Event:com.dangbei.leard.base.entity.event.NetWifiRssiEvent
11-05 14:06:24.920 E/WifiHAL ( 662): wifi_get_link_stats: requestResponse Error:-5
11-05 14:06:24.921 E/WifiVendorHal( 476): getWifiLinkLayerStats_1_5_Internal(l.1191) failed {.code = ERROR_INVALID_ARGS, .description = }
11-05 14:06:24.949 E/GuardService( 3038): startMainRunnable:
11-05 14:06:25.153 W/IorapForwardingService( 476): No service published for: iorapd
11-05 14:06:25.945 D/UtilLog ( 2389): 日志批量上报 进行正常循环 !!!!!!本次有0次请求,共0条数据
11-05 14:06:26.011 I/BLEAudioDrive_HV410( 247): select timeout!
11-05 14:06:26.155 W/IorapForwardingService( 476): No service published for: iorapd
11-05 14:06:26.367 I/WifiService( 476): releaseMulticastLock uid=10024
11-05 14:06:26.370 I/WifiService( 476): releaseMulticastLock uid=10024
11-05 14:06:26.390 D/HiSight-SinkService( 3149): setDiscoverable true
11-05 14:06:26.392 D/wenhc ( 1089): getScreenInfo uri = content://com.dangbei.screencast.parts.info/screen_cast
11-05 14:06:26.392 D/wenhc ( 1089): getScreenInfo uri = content://com.dangbei.screencast.parts.info/screen_cast
11-05 14:06:26.394 D/NearFieldManager( 3149): init.
11-05 14:06:26.394 D/NearFieldManager( 3149): try check dmsdp
11-05 14:06:26.416 D/NearFieldManager( 3149): package not exist
11-05 14:06:26.419 D/CompatibilityChangeReporter( 476): Compat change id reported: 135634846; UID 10024; state: DISABLED
11-05 14:06:26.420 D/CompatibilityChangeReporter( 476): Compat change id reported: 143937733; UID 10024; state: DISABLED
11-05 14:06:26.420 D/NearFieldManager( 3149): bind nearfield service true
11-05 14:06:26.422 D/NearFieldManager( 3149): registerCallback true
11-05 14:06:26.422 D/HiSight-Discovery( 3149): set deviceInfo type:46
11-05 14:06:26.422 D/HiSight-Discovery( 3149): startAdvertise 1
11-05 14:06:26.437 D/Zygote ( 242): Forked child process 3324
11-05 14:06:26.439 I/ActivityManager( 476): app.processName = com.huawei.connection
11-05 14:06:26.439 I/ActivityManager( 476): Start proc 3324:com.huawei.connection/u0a24 for service {com.dangbei.screencast/com.huawei.connection.service.NearFieldManagerService}
11-05 14:06:26.445 I/Zygote ( 3324): seccomp disabled by setenforce 0
11-05 14:06:26.463 I/adbd ( 394): jdwp connection from 3324
11-05 14:06:26.486 D/CompatibilityChangeReporter( 3324): Compat change id reported: 171979766; UID 10024; state: DISABLED
11-05 14:06:26.496 D/ApplicationLoaders( 3324): Returning zygote-cached class loader: /system/framework/android.test.base.jar
11-05 14:06:26.496 D/ApplicationLoaders( 3324): Returning zygote-cached class loader: /system/framework/android.hidl.manager-V1.0-java.jar
11-05 14:06:26.496 D/ApplicationLoaders( 3324): Returning zygote-cached class loader: /system/framework/android.hidl.base-V1.0-java.jar
11-05 14:06:26.536 V/GraphicsEnvironment( 3324): ANGLE Developer option for 'com.dangbei.screencast' set to: 'default'
11-05 14:06:26.536 V/GraphicsEnvironment( 3324): Neither updatable production driver nor prerelease driver is supported.
11-05 14:06:26.538 D/NetworkSecurityConfig( 3324): Using Network Security Config from resource network_security_config debugBuild: false
11-05 14:06:26.540 D/NetworkSecurityConfig( 3324): Using Network Security Config from resource network_security_config debugBuild: false
11-05 14:06:26.541 I/MultiDex( 3324): VM with version 2.1.0 has multidex support
11-05 14:06:26.541 I/MultiDex( 3324): Installing application
11-05 14:06:26.541 I/MultiDex( 3324): VM has multidex support, MultiDex support library is disabled.
11-05 14:06:26.616 I/awei.connection( 3324): type=1400 audit(0.0:1294): avc: denied { read } for name="address" dev="sysfs" ino=27658 scontext=u:r:platform_app:s0:c512,c768 tcontext=u:object_r:sysfs:s0 tclass=file permissive=1 app=com.dangbei.screencast
