11-05 14:07:07.040 I/cling--ap-2( 3149): type=1400 audit(0.0:1332): avc: denied { open } for path="/sys/devices/virtual/net/dummy0/address" dev="sysfs" ino=16906 scontext=u:r:platform_app:s0:c512,c768 tcontext=u:object_r:sysfs_net:s0 tclass=file permissive=1 app=com.dangbei.screencast
11-05 14:07:07.040 I/cling--ap-2( 3149): type=1400 audit(0.0:1333): avc: denied { getattr } for path="/sys/devices/virtual/net/dummy0/address" dev="sysfs" ino=16906 scontext=u:r:platform_app:s0:c512,c768 tcontext=u:object_r:sysfs_net:s0 tclass=file permissive=1 app=com.dangbei.screencast
11-05 14:07:07.161 E/WifiHAL ( 662): wifi_get_link_stats: requestResponse Error:-5
11-05 14:07:07.163 E/WifiVendorHal( 476): getWifiLinkLayerStats_1_5_Internal(l.1191) failed {.code = ERROR_INVALID_ARGS, .description = }
11-05 14:07:07.170 D/ConnectivityService( 476): NetReassign [no changes]
11-05 14:07:07.238 W/IorapForwardingService( 476): No service published for: iorapd
11-05 14:07:07.290 I/BLEAudioDrive_HV410( 247): data len: 9 1
11-05 14:07:07.291 D/TvWindowManager( 476): key event key = KEYCODE_DPAD_LEFT down = true
11-05 14:07:07.296 D/GpioService( 476): mFlickerEnable = true
11-05 14:07:07.298 I/SogouIME( 2721): onKeyDown: keyoCode=21
11-05 14:07:07.298 I/DefaultIMS( 2721): onKeyDown: keyoCode=21
11-05 14:07:07.304 I/DefaultIMS( 2721): onStartInput attribute=android.view.inputmethod.EditorInfo@d799842 restarting=false inputType: 0
11-05 14:07:07.486 I/BLEAudioDrive_HV410( 247): data len: 9 1
11-05 14:07:07.486 I/BLEAudioDrive_HV410( 247): keyboard stop
11-05 14:07:07.487 D/TvWindowManager( 476): key event key = KEYCODE_DPAD_LEFT down = false
11-05 14:07:07.489 I/SogouIME( 2721): onKeyUp: keyoCode=21
11-05 14:07:07.489 I/DefaultIMS( 2721): onKeyUp: keyoCode=21
11-05 14:07:07.711 I/BLEAudioDrive_HV410( 247): data len: 9 1
11-05 14:07:07.711 D/TvWindowManager( 476): key event key = KEYCODE_DPAD_DOWN down = true
11-05 14:07:07.718 D/GpioService( 476): mFlickerEnable = true
11-05 14:07:07.846 I/BLEAudioDrive_HV410( 247): data len: 9 1
11-05 14:07:07.846 I/BLEAudioDrive_HV410( 247): keyboard stop
11-05 14:07:07.846 D/TvWindowManager( 476): key event key = KEYCODE_DPAD_DOWN down = false
11-05 14:07:07.862 D/GpioService( 476): mFlickerEnable = true
11-05 14:07:07.863 I/SogouIME( 2721): onKeyDown: keyoCode=20
11-05 14:07:07.864 I/DefaultIMS( 2721): onKeyDown: keyoCode=20
11-05 14:07:07.867 I/SogouIME( 2721): onKeyUp: keyoCode=20
11-05 14:07:07.868 I/DefaultIMS( 2721): onKeyUp: keyoCode=20
11-05 14:07:07.881 I/DefaultIMS( 2721): onStartInput attribute=android.view.inputmethod.EditorInfo@b8cf68e restarting=false inputType: 0
11-05 14:07:08.160 I/BLEAudioDrive_HV410( 247): data len: 9 1
11-05 14:07:08.161 D/TvWindowManager( 476): key event key = KEYCODE_DPAD_DOWN down = true
11-05 14:07:08.168 D/GpioService( 476): mFlickerEnable = true
11-05 14:07:08.240 W/IorapForwardingService( 476): No service published for: iorapd
11-05 14:07:08.280 I/BLEAudioDrive_HV410( 247): data len: 9 1
11-05 14:07:08.281 I/BLEAudioDrive_HV410( 247): keyboard stop
11-05 14:07:08.281 D/TvWindowManager( 476): key event key = KEYCODE_DPAD_DOWN down = false
11-05 14:07:08.312 D/GpioService( 476): mFlickerEnable = true
11-05 14:07:08.313 I/SogouIME( 2721): onKeyDown: keyoCode=20
11-05 14:07:08.313 I/DefaultIMS( 2721): onKeyDown: keyoCode=20
11-05 14:07:08.316 I/FuseDaemon( 1024): Background concurrent copying GC freed 72428(4390KB) AllocSpace objects, 0(0B) LOS objects, 49% free, 4210KB/8421KB, paused 135us total 104.059ms
11-05 14:07:08.318 I/SogouIME( 2721): onKeyUp: keyoCode=20
11-05 14:07:08.318 I/DefaultIMS( 2721): onKeyUp: keyoCode=20
11-05 14:07:08.332 I/DefaultIMS( 2721): onStartInput attribute=android.view.inputmethod.EditorInfo@465ed9a restarting=false inputType: 0
11-05 14:07:08.445 I/BLEAudioDrive_HV410( 247): data len: 9 1
11-05 14:07:08.446 D/TvWindowManager( 476): key event key = KEYCODE_DPAD_CENTER down = true
11-05 14:07:08.451 D/GpioService( 476): mFlickerEnable = true
11-05 14:07:08.596 I/BLEAudioDrive_HV410( 247): data len: 9 1
11-05 14:07:08.597 I/BLEAudioDrive_HV410( 247): keyboard stop
11-05 14:07:08.597 D/TvWindowManager( 476): key event key = KEYCODE_DPAD_CENTER down = false
11-05 14:07:08.598 D/GpioService( 476): mFlickerEnable = true
11-05 14:07:08.600 I/SogouIME( 2721): onKeyDown: keyoCode=23
11-05 14:07:08.600 I/DefaultIMS( 2721): onKeyDown: keyoCode=23
11-05 14:07:08.601 E/TaskPersister( 476): File error accessing recents directory (directory doesn't exist?).
11-05 14:07:08.604 I/SogouIME( 2721): onKeyUp: keyoCode=23
11-05 14:07:08.604 I/DefaultIMS( 2721): onKeyUp: keyoCode=23
11-05 14:07:08.630 I/DefaultIMS( 2721): onStartInput attribute=android.view.inputmethod.EditorInfo@f95f4fd restarting=false inputType: 0
11-05 14:07:08.679 I/DefaultIMS( 2721): onStartInput attribute=android.view.inputmethod.EditorInfo@c2c95f2 restarting=false inputType: 0
11-05 14:07:08.690 D/WifiNl80211Manager( 476): Scan result ready event
11-05 14:07:08.690 D/WifiNative( 476): Scan result ready event
11-05 14:07:08.701 W/IE_Capabilities( 476): Unknown RSN cipher suite: 6ac0f00
11-05 14:07:08.715 W/IE_Capabilities( 476): Unknown RSN cipher suite: 6ac0f00
11-05 14:07:08.737 E/hq ( 1089): NetWorkStateReceiver:::NetWorkStateReceiver onReceive: 网络变化广播 >>>> intent.action=android.net.wifi.SCAN_RESULTS
11-05 14:07:08.745 E/ccc ( 3595): cccccc SCAN_RESULTS_AVAILABLE_ACTION hhhh
11-05 14:07:08.748 E/WifiHAL ( 662): wifi_get_link_stats: requestResponse Error:-5
11-05 14:07:08.751 E/WifiVendorHal( 476): getWifiLinkLayerStats_1_5_Internal(l.1191) failed {.code = ERROR_INVALID_ARGS, .description = }
11-05 14:07:08.767 W/eventbuscore( 1089): post Event:com.dangbei.leard.base.entity.event.NetWifiRssiEvent
11-05 14:07:08.771 E/ccc ( 3595): cccccc result is not empty call back
11-05 14:07:08.771 E/ccc ( 3595): cccccc 666666666666666
11-05 14:07:08.790 E/ccc ( 3595): cccccc sort 4 35
11-05 14:07:08.847 D/skia ( 3595): --- Failed to create image decoder with message 'unimplemented'
11-05 14:07:08.848 D/skia ( 3595): --- Failed to create image decoder with message 'unimplemented'
11-05 14:07:08.849 D/skia ( 3595): --- Failed to create image decoder with message 'unimplemented'
11-05 14:07:08.850 D/skia ( 3595): --- Failed to create image decoder with message 'unimplemented'
11-05 14:07:08.850 D/skia ( 3595): --- Failed to create image decoder with message 'unimplemented'
11-05 14:07:08.851 D/skia ( 3595): --- Failed to create image decoder with message 'unimplemented'
11-05 14:07:09.242 W/IorapForwardingService( 476): No service published for: iorapd
11-05 14:07:10.177 E/WifiHAL ( 662): wifi_get_link_stats: requestResponse Error:-5
11-05 14:07:10.178 E/WifiVendorHal( 476): getWifiLinkLayerStats_1_5_Internal(l.1191) failed {.code = ERROR_INVALID_ARGS, .description = }
11-05 14:07:10.244 W/IorapForwardingService( 476): No service published for: iorapd
11-05 14:07:10.448 I/Thread-2( 3680): type=1400 audit(0.0:1334): avc: denied { execute } for name="am" dev="dm-1" ino=1164 scontext=u:r:system_app:s0 tcontext=u:object_r:vendor_file:s0 tclass=file permissive=1
11-05 14:07:10.448 I/Thread-2( 3680): type=1400 audit(0.0:1335): avc: denied { read open } for path="/vendor/xbin/am" dev="dm-1" ino=1164 scontext=u:r:system_app:s0 tcontext=u:object_r:vendor_file:s0 tclass=file permissive=1
11-05 14:07:10.448 I/Thread-2( 3680): type=1400 audit(0.0:1336): avc: denied { execute_no_trans } for path="/vendor/xbin/am" dev="dm-1" ino=1164 scontext=u:r:system_app:s0 tcontext=u:object_r:vendor_file:s0 tclass=file permissive=1
11-05 14:07:10.527 D/aaa ( 1097): LedStatusService onStartCommand begin
11-05 14:07:10.530 D/aaa ( 1097): topPkg is -------------- :com.dangbei.haqusetting
11-05 14:07:10.536 D/bbb ( 1174): onStartCommand begin !!!!!!! data分区剩余 24986MB
11-05 14:07:10.723 I/FuseDaemon( 1024): Background concurrent copying GC freed 73326(4373KB) AllocSpace objects, 0(0B) LOS objects, 49% free, 4037KB/8075KB, paused 118us total 124.952ms
11-05 14:07:11.246 W/IorapForwardingService( 476): No service published for: iorapd
11-05 14:07:11.340 I/BLEAudioDrive_HV410( 247): data len: 9 1
11-05 14:07:11.341 D/TvWindowManager( 476): key event key = KEYCODE_BACK down = true
11-05 14:07:11.347 D/GpioService( 476): mFlickerEnable = true
11-05 14:07:11.490 I/BLEAudioDrive_HV410( 247): data len: 9 1
11-05 14:07:11.490 I/BLEAudioDrive_HV410( 247): keyboard stop
11-05 14:07:11.490 D/TvWindowManager( 476): key event key = KEYCODE_BACK down = false
11-05 14:07:11.491 D/AutofillManagerService( 476): onBackKeyPressed()
11-05 14:07:11.492 D/GpioService( 476): mFlickerEnable = true
11-05 14:07:11.494 I/SogouIME( 2721): onKeyDown: keyoCode=4
11-05 14:07:11.494 I/DefaultIMS( 2721): onKeyDown: keyoCode=4
11-05 14:07:11.497 I/SogouIME( 2721): onKeyUp: keyoCode=4
11-05 14:07:11.498 I/DefaultIMS( 2721): onKeyUp: keyoCode=4
11-05 14:07:11.506 E/ccc ( 1047): cccccc led current is 100 标准
11-05 14:07:12.008 I/efs-base( 3149): type=1400 audit(0.0:1337): avc: denied { search } for name="com.dangbei.screencast" dev="mmcblk0p25" ino=891 scontext=u:r:platform_app:s0:c512,c768 tcontext=u:object_r:app_data_file:s0:c512,c768 tclass=dir permissive=1 app=com.dangbei.screencast
11-05 14:07:12.008 I/efs-base( 3149): type=1400 audit(0.0:1338): avc: denied { getattr } for path="/data/user/0/com.dangbei.screencast/app_UApm/5fc60c21094d637f3130af19/ready" dev="mmcblk0p25" ino=2110 scontext=u:r:platform_app:s0:c512,c768 tcontext=u:object_r:app_data_file:s0:c512,c768 tclass=dir permissive=1 app=com.dangbei.screencast
11-05 14:07:12.008 I/efs-base( 3149): type=1400 audit(0.0:1339): avc: denied { read } for name="ready" dev="mmcblk0p25" ino=2110 scontext=u:r:platform_app:s0:c512,c768 tcontext=u:object_r:app_data_file:s0:c512,c768 tclass=dir permissive=1 app=com.dangbei.screencast
11-05 14:07:12.008 I/efs-base( 3149): type=1400 audit(0.0:1340): avc: denied { open } for path="/data/user/0/com.dangbei.screencast/app_UApm/5fc60c21094d637f3130af19/ready" dev="mmcblk0p25" ino=2110 scontext=u:r:platform_app:s0:c512,c768 tcontext=u:object_r:app_data_file:s0:c512,c768 tclass=dir permissive=1 app=com.dangbei.screencast
11-05 14:07:12.061 I/BLEAudioDrive_HV410( 247): data len: 9 1
11-05 14:07:12.061 D/TvWindowManager( 476): key event key = KEYCODE_DPAD_DOWN down = true
11-05 14:07:12.072 D/GpioService( 476): mFlickerEnable = true
11-05 14:07:12.180 I/BLEAudioDrive_HV410( 247): data len: 9 1
11-05 14:07:12.181 I/BLEAudioDrive_HV410( 247): keyboard stop
11-05 14:07:12.181 D/TvWindowManager( 476): key event key = KEYCODE_DPAD_DOWN down = false
11-05 14:07:12.211 D/GpioService( 476): mFlickerEnable = true
11-05 14:07:12.213 I/SogouIME( 2721): onKeyDown: keyoCode=20
11-05 14:07:12.213 I/DefaultIMS( 2721): onKeyDown: keyoCode=20
11-05 14:07:12.218 I/SogouIME( 2721): onKeyUp: keyoCode=20
11-05 14:07:12.218 I/DefaultIMS( 2721): onKeyUp: keyoCode=20
11-05 14:07:12.233 I/DefaultIMS( 2721): onStartInput attribute=android.view.inputmethod.EditorInfo@af6bd69 restarting=false inputType: 0
11-05 14:07:12.249 W/IorapForwardingService( 476): No service published for: iorapd
11-05 14:07:12.251 I/FuseDaemon( 1024): Background concurrent copying GC freed 69748(4201KB) AllocSpace objects, 0(0B) LOS objects, 49% free, 4089KB/8179KB, paused 135us total 104.598ms
11-05 14:07:12.825 I/BLEAudioDrive_HV410( 247): data len: 9 1
11-05 14:07:12.826 D/TvWindowManager( 476): key event key = KEYCODE_DPAD_UP down = true
11-05 14:07:12.831 D/GpioService( 476): mFlickerEnable = true
11-05 14:07:12.832 I/SogouIME( 2721): onKeyDown: keyoCode=19
11-05 14:07:12.832 I/DefaultIMS( 2721): onKeyDown: keyoCode=19
11-05 14:07:12.849 I/DefaultIMS( 2721): onStartInput attribute=android.view.inputmethod.EditorInfo@ea52108 restarting=false inputType: 0
11-05 14:07:13.005 I/BLEAudioDrive_HV410( 247): data len: 9 1
11-05 14:07:13.006 I/BLEAudioDrive_HV410( 247): keyboard stop
11-05 14:07:13.006 D/TvWindowManager( 476): key event key = KEYCODE_DPAD_UP down = false
11-05 14:07:13.009 I/SogouIME( 2721): onKeyUp: keyoCode=19
11-05 14:07:13.009 I/DefaultIMS( 2721): onKeyUp: keyoCode=19
11-05 14:07:13.056 I/cling--ap-2( 3149): type=1400 audit(0.0:1341): avc: denied { read } for name="address" dev="sysfs" ino=27658 scontext=u:r:platform_app:s0:c512,c768 tcontext=u:object_r:sysfs:s0 tclass=file permissive=1 app=com.dangbei.screencast
11-05 14:07:13.056 I/cling--ap-2( 3149): type=1400 audit(0.0:1342): avc: denied { open } for path="/sys/devices/platform/unisoc_wifi/net/wlan1/address" dev="sysfs" ino=27658 scontext=u:r:platform_app:s0:c512,c768 tcontext=u:object_r:sysfs:s0 tclass=file permissive=1 app=com.dangbei.screencast
11-05 14:07:13.056 I/cling--ap-2( 3149): type=1400 audit(0.0:1343): avc: denied { getattr } for path="/sys/devices/platform/unisoc_wifi/net/wlan1/address" dev="sysfs" ino=27658 scontext=u:r:platform_app:s0:c512,c768 tcontext=u:object_r:sysfs:s0 tclass=file permissive=1 app=com.dangbei.screencast
11-05 14:07:13.190 E/WifiHAL ( 662): wifi_get_link_stats: requestResponse Error:-5
11-05 14:07:13.193 E/WifiVendorHal( 476): getWifiLinkLayerStats_1_5_Internal(l.1191) failed {.code = ERROR_INVALID_ARGS, .description = }
11-05 14:07:13.251 W/IorapForwardingService( 476): No service published for: iorapd
11-05 14:07:14.253 W/IorapForwardingService( 476): No service published for: iorapd
11-05 14:07:14.363 I/FuseDaemon( 1024): Background concurrent copying GC freed 74834(4440KB) AllocSpace objects, 0(0B) LOS objects, 49% free, 4280KB/8561KB, paused 141us total 101.725ms
11-05 14:07:15.256 W/IorapForwardingService( 476): No service published for: iorapd
11-05 14:07:15.959 D/UtilLog ( 2389): 日志批量上报 进行正常循环 !!!!!!本次有0次请求,共0条数据
11-05 14:07:16.020 I/BLEAudioDrive_HV410( 247): data len: 9 1
11-05 14:07:16.021 D/TvWindowManager( 476): key event key = KEYCODE_DPAD_DOWN down = true
11-05 14:07:16.027 D/GpioService( 476): mFlickerEnable = true
11-05 14:07:16.170 I/BLEAudioDrive_HV410( 247): data len: 9 1
11-05 14:07:16.170 I/BLEAudioDrive_HV410( 247): keyboard stop
11-05 14:07:16.170 D/TvWindowManager( 476): key event key = KEYCODE_DPAD_DOWN down = false
11-05 14:07:16.171 D/GpioService( 476): mFlickerEnable = true
11-05 14:07:16.172 I/SogouIME( 2721): onKeyDown: keyoCode=20
11-05 14:07:16.172 I/DefaultIMS( 2721): onKeyDown: keyoCode=20
11-05 14:07:16.182 I/SogouIME( 2721): onKeyUp: keyoCode=20
11-05 14:07:16.182 I/DefaultIMS( 2721): onKeyUp: keyoCode=20
11-05 14:07:16.186 I/DefaultIMS( 2721): onStartInput attribute=android.view.inputmethod.EditorInfo@44a023 restarting=false inputType: 0
11-05 14:07:16.209 E/WifiHAL ( 662): wifi_get_link_stats: requestResponse Error:-5
11-05 14:07:16.212 E/WifiVendorHal( 476): getWifiLinkLayerStats_1_5_Internal(l.1191) failed {.code = ERROR_INVALID_ARGS, .description = }
11-05 14:07:16.217 D/ConnectivityService( 476): NetReassign [no changes]
11-05 14:07:16.258 W/IorapForwardingService( 476): No service published for: iorapd
11-05 14:07:16.560 I/BLEAudioDrive_HV410( 247): data len: 9 1
11-05 14:07:16.560 D/TvWindowManager( 476): key event key = KEYCODE_DPAD_DOWN down = true
11-05 14:07:16.566 D/GpioService( 476): mFlickerEnable = true
11-05 14:07:16.665 I/BLEAudioDrive_HV410( 247): data len: 9 1
11-05 14:07:16.665 I/BLEAudioDrive_HV410( 247): keyboard stop
11-05 14:07:16.665 D/TvWindowManager( 476): key event key = KEYCODE_DPAD_DOWN down = false
11-05 14:07:16.711 D/GpioService( 476): mFlickerEnable = true
11-05 14:07:16.713 I/SogouIME( 2721): onKeyDown: keyoCode=20
11-05 14:07:16.714 I/DefaultIMS( 2721): onKeyDown: keyoCode=20
11-05 14:07:16.721 I/SogouIME( 2721): onKeyUp: keyoCode=20
11-05 14:07:16.721 I/DefaultIMS( 2721): onKeyUp: keyoCode=20
11-05 14:07:16.736 I/DefaultIMS( 2721): onStartInput attribute=android.view.inputmethod.EditorInfo@82edcaa restarting=false inputType: 0
11-05 14:07:16.802 D/hdmi-cec( 260): receive invalid cec message!
11-05 14:07:16.802 D/hdmi-cec( 260): receive poll message [04], skip!
11-05 14:07:17.205 I/BLEAudioDrive_HV410( 247): data len: 9 1
11-05 14:07:17.205 D/TvWindowManager( 476): key event key = KEYCODE_DPAD_UP down = true
11-05 14:07:17.211 D/GpioService( 476): mFlickerEnable = true
11-05 14:07:17.213 I/SogouIME( 2721): onKeyDown: keyoCode=19
11-05 14:07:17.213 I/DefaultIMS( 2721): onKeyDown: keyoCode=19
11-05 14:07:17.233 I/DefaultIMS( 2721): onStartInput attribute=android.view.inputmethod.EditorInfo@8abf09b restarting=false inputType: 0
11-05 14:07:17.261 W/IorapForwardingService( 476): No service published for: iorapd
11-05 14:07:17.606 D/GpioService( 476): mFlickerEnable = true
11-05 14:07:17.608 I/SogouIME( 2721): onKeyDown: keyoCode=19
11-05 14:07:17.608 I/DefaultIMS( 2721): onKeyDown: keyoCode=19
11-05 14:07:17.610 I/BLEAudioDrive_HV410( 247): data len: 9 1
11-05 14:07:17.611 I/BLEAudioDrive_HV410( 247): keyboard stop
11-05 14:07:17.611 D/TvWindowManager( 476): key event key = KEYCODE_DPAD_UP down = false
11-05 14:07:17.612 I/SogouIME( 2721): onKeyUp: keyoCode=19
11-05 14:07:17.612 I/DefaultIMS( 2721): onKeyUp: keyoCode=19
11-05 14:07:17.639 I/DefaultIMS( 2721): onStartInput attribute=android.view.inputmethod.EditorInfo@2225702 restarting=false inputType: 0
11-05 14:07:18.263 W/IorapForwardingService( 476): No service published for: iorapd
11-05 14:07:18.539 D/aaa ( 1097): LedStatusService onStartCommand begin
11-05 14:07:18.541 D/bbb ( 1174): onStartCommand begin !!!!!!! data分区剩余 24986MB
11-05 14:07:18.546 D/aaa ( 1097): topPkg is -------------- :com.dangbei.haqusetting
11-05 14:07:18.736 D/TvWindowManager( 476): key event key = KEYCODE_DPAD_CENTER down = true
11-05 14:07:18.736 I/BLEAudioDrive_HV410( 247): data len: 9 1
11-05 14:07:18.743 D/GpioService( 476): mFlickerEnable = true
11-05 14:07:18.871 I/BLEAudioDrive_HV410( 247): data len: 9 1
11-05 14:07:18.871 D/TvWindowManager( 476): key event key = KEYCODE_DPAD_CENTER down = false
11-05 14:07:18.871 I/BLEAudioDrive_HV410( 247): keyboard stop
11-05 14:07:18.887 D/GpioService( 476): mFlickerEnable = true
11-05 14:07:18.889 I/SogouIME( 2721): onKeyDown: keyoCode=23
11-05 14:07:18.889 I/DefaultIMS( 2721): onKeyDown: keyoCode=23
11-05 14:07:18.892 I/SogouIME( 2721): onKeyUp: keyoCode=23
11-05 14:07:18.892 I/DefaultIMS( 2721): onKeyUp: keyoCode=23
11-05 14:07:18.937 I/DefaultIMS( 2721): onStartInput attribute=android.view.inputmethod.EditorInfo@365c368 restarting=false inputType: 0
11-05 14:07:19.225 E/WifiHAL ( 662): wifi_get_link_stats: requestResponse Error:-5
11-05 14:07:19.227 E/WifiVendorHal( 476): getWifiLinkLayerStats_1_5_Internal(l.1191) failed {.code = ERROR_INVALID_ARGS, .description = }
11-05 14:07:19.232 D/ConnectivityService( 476): NetReassign [no changes]
11-05 14:07:19.245 I/BLEAudioDrive_HV410( 247): data len: 9 1
11-05 14:07:19.245 D/TvWindowManager( 476): key event key = KEYCODE_DPAD_DOWN down = true
11-05 14:07:19.256 D/GpioService( 476): mFlickerEnable = true
11-05 14:07:19.264 W/IorapForwardingService( 476): No service published for: iorapd
11-05 14:07:19.395 D/GpioService( 476): mFlickerEnable = true
11-05 14:07:19.395 I/BLEAudioDrive_HV410( 247): data len: 9 1
11-05 14:07:19.395 I/BLEAudioDrive_HV410( 247): keyboard stop
11-05 14:07:19.397 I/SogouIME( 2721): onKeyDown: keyoCode=20
11-05 14:07:19.397 I/DefaultIMS( 2721): onKeyDown: keyoCode=20
11-05 14:07:19.397 D/TvWindowManager( 476): key event key = KEYCODE_DPAD_DOWN down = false
11-05 14:07:19.401 I/SogouIME( 2721): onKeyUp: keyoCode=20
11-05 14:07:19.402 I/DefaultIMS( 2721): onKeyUp: keyoCode=20
11-05 14:07:19.416 I/DefaultIMS( 2721): onStartInput attribute=android.view.inputmethod.EditorInfo@e4e1381 restarting=false inputType: 0
11-05 14:07:19.428 I/FuseDaemon( 1024): Background concurrent copying GC freed 75936(4496KB) AllocSpace objects, 0(0B) LOS objects, 49% free, 4178KB/8357KB, paused 136us total 100.722ms
11-05 14:07:19.560 I/BLEAudioDrive_HV410( 247): data len: 9 1
11-05 14:07:19.560 D/TvWindowManager( 476): key event key = KEYCODE_DPAD_DOWN down = true
11-05 14:07:19.566 D/GpioService( 476): mFlickerEnable = true
11-05 14:07:19.695 I/BLEAudioDrive_HV410( 247): data len: 9 1
11-05 14:07:19.695 D/TvWindowManager( 476): key event key = KEYCODE_DPAD_DOWN down = false
11-05 14:07:19.695 I/BLEAudioDrive_HV410( 247): keyboard stop
11-05 14:07:19.711 D/GpioService( 476): mFlickerEnable = true
11-05 14:07:19.713 I/SogouIME( 2721): onKeyDown: keyoCode=20
11-05 14:07:19.713 I/DefaultIMS( 2721): onKeyDown: keyoCode=20
11-05 14:07:19.718 I/SogouIME( 2721): onKeyUp: keyoCode=20
11-05 14:07:19.718 I/DefaultIMS( 2721): onKeyUp: keyoCode=20
11-05 14:07:19.735 I/DefaultIMS( 2721): onStartInput attribute=android.view.inputmethod.EditorInfo@b3b9780 restarting=false inputType: 0
11-05 14:07:19.950 I/BLEAudioDrive_HV410( 247): data len: 9 1
11-05 14:07:19.951 D/TvWindowManager( 476): key event key = KEYCODE_DPAD_CENTER down = true
11-05 14:07:19.960 D/GpioService( 476): mFlickerEnable = true
11-05 14:07:20.085 I/BLEAudioDrive_HV410( 247): data len: 9 1
11-05 14:07:20.085 I/BLEAudioDrive_HV410( 247): keyboard stop
11-05 14:07:20.085 D/TvWindowManager( 476): key event key = KEYCODE_DPAD_CENTER down = false
11-05 14:07:20.100 D/GpioService( 476): mFlickerEnable = true
11-05 14:07:20.102 I/SogouIME( 2721): onKeyDown: keyoCode=23
11-05 14:07:20.102 I/DefaultIMS( 2721): onKeyDown: keyoCode=23
11-05 14:07:20.105 I/SogouIME( 2721): onKeyUp: keyoCode=23
11-05 14:07:20.105 I/DefaultIMS( 2721): onKeyUp: keyoCode=23
11-05 14:07:20.109 D/audio_hw_primary( 247): Mic get_audio_devices_active:
11-05 14:07:20.109 D/audio_hw_primary( 247): get_audio_devices_active: AUDIO_HDMI
11-05 14:07:20.110 D/xm_audio( 247): adev_get_parameters
11-05 14:07:20.110 I/hash_map_utils( 264): system/bt/osi/src/hash_map_utils.cc:81 hash_map_utils_dump_string_keys_string_values: key: 'audio_devices_out_active' value: ''
11-05 14:07:20.111 D/AudioManagerEx( 1047): type audio_devices_out_active list AUDIO_HDMI=
11-05 14:07:20.269 W/IorapForwardingService( 476): No service published for: iorapd
11-05 14:07:20.449 I/TDLog ( 2389): [APP] New data found, Submitting...
11-05 14:07:20.464 I/TDLog ( 2389): [APP] Failed to submit data!
11-05 14:07:21.128 I/efs-base( 3149): type=1400 audit(0.0:1344): avc: denied { open } for path="/data/user/0/com.dangbei.screencast/app_UApm/5fc60c21094d637f3130af19/ready/3149/wa_none_1_1_3149_6293_1762322781106" dev="mmcblk0p25" ino=7204 scontext=u:r:platform_app:s0:c512,c768 tcontext=u:object_r:app_data_file:s0:c512,c768 tclass=file permissive=1 app=com.dangbei.screencast
11-05 14:07:21.128 I/efs-base( 3149): type=1400 audit(0.0:1345): avc: denied { write } for name="upload" dev="mmcblk0p25" ino=2377 scontext=u:r:platform_app:s0:c512,c768 tcontext=u:object_r:app_data_file:s0:c512,c768 tclass=dir permissive=1 app=com.dangbei.screencast
11-05 14:07:21.128 I/efs-base( 3149): type=1400 audit(0.0:1346): avc: denied { add_name } for name="wa_gzip_1_1_3149_6911_1762322841135" scontext=u:r:platform_app:s0:c512,c768 tcontext=u:object_r:app_data_file:s0:c512,c768 tclass=dir permissive=1 app=com.dangbei.screencast
11-05 14:07:21.128 I/efs-base( 3149): type=1400 audit(0.0:1347): avc: denied { create } for name="wa_gzip_1_1_3149_6911_1762322841135" scontext=u:r:platform_app:s0:c512,c768 tcontext=u:object_r:app_data_file:s0:c512,c768 tclass=file permissive=1 app=com.dangbei.screencast
11-05 14:07:21.132 I/efs-base( 3149): type=1400 audit(0.0:1348): avc: denied { remove_name } for name="wa_none_1_1_3149_6293_1762322781106" dev="mmcblk0p25" ino=7204 scontext=u:r:platform_app:s0:c512,c768 tcontext=u:object_r:app_data_file:s0:c512,c768 tclass=dir permissive=1 app=com.dangbei.screencast
11-05 14:07:21.132 I/efs-base( 3149): type=1400 audit(0.0:1349): avc: denied { unlink } for name="wa_none_1_1_3149_6293_1762322781106" dev="mmcblk0p25" ino=7204 scontext=u:r:platform_app:s0:c512,c768 tcontext=u:object_r:app_data_file:s0:c512,c768 tclass=file permissive=1 app=com.dangbei.screencast
11-05 14:07:21.271 W/IorapForwardingService( 476): No service published for: iorapd
11-05 14:07:21.465 I/BLEAudioDrive_HV410( 247): data len: 9 1
11-05 14:07:21.465 D/TvWindowManager( 476): key event key = KEYCODE_BACK down = true
11-05 14:07:21.475 D/GpioService( 476): mFlickerEnable = true
11-05 14:07:21.540 I/BLEAudioDrive_HV410( 247): data len: 9 1
11-05 14:07:21.540 I/BLEAudioDrive_HV410( 247): keyboard stop
11-05 14:07:21.540 D/TvWindowManager( 476): key event key = KEYCODE_BACK down = false
11-05 14:07:21.541 D/AutofillManagerService( 476): onBackKeyPressed()
11-05 14:07:21.571 I/BLEAudioDrive_HV410( 247): data len: 9 1
11-05 14:07:21.571 D/TvWindowManager( 476): key event key = KEYCODE_BACK down = true
11-05 14:07:21.580 W/AudioFlinger( 264): createTrack_l(): mismatch between requested flags (00000004) and output flags (00000002)
11-05 14:07:21.583 D/AF::TrackHandle( 264): OpPlayAudio: track:60 usage:1 not muted
11-05 14:07:21.585 D/AudioTrack( 476): createTrack_l(-120557421): AUDIO_OUTPUT_FLAG_FAST denied by server; frameCount 0 -> 6912
11-05 14:07:21.615 I/BLEAudioDrive_HV410( 247): data len: 9 1
11-05 14:07:21.616 I/BLEAudioDrive_HV410( 247): keyboard stop
11-05 14:07:21.616 D/GpioService( 476): mFlickerEnable = true
11-05 14:07:21.616 D/TvWindowManager( 476): key event key = KEYCODE_BACK down = false
11-05 14:07:21.617 D/AutofillManagerService( 476): onBackKeyPressed()
11-05 14:07:21.721 D/GpioService( 476): mFlickerEnable = true
11-05 14:07:21.723 I/SogouIME( 2721): onKeyDown: keyoCode=4
11-05 14:07:21.723 I/DefaultIMS( 2721): onKeyDown: keyoCode=4
11-05 14:07:21.725 I/SogouIME( 2721): onKeyUp: keyoCode=4
11-05 14:07:21.725 I/DefaultIMS( 2721): onKeyUp: keyoCode=4
11-05 14:07:21.725 D/GpioService( 476): mFlickerEnable = true
11-05 14:07:21.733 E/ccc ( 1047): cccccc led current is 100 标准
11-05 14:07:21.737 I/SogouIME( 2721): onKeyDown: keyoCode=4
11-05 14:07:21.737 I/DefaultIMS( 2721): onKeyDown: keyoCode=4
11-05 14:07:21.740 I/SogouIME( 2721): onKeyUp: keyoCode=4
11-05 14:07:21.740 I/DefaultIMS( 2721): onKeyUp: keyoCode=4
11-05 14:07:21.751 D/TvWindowManager( 476): key event key = KEYCODE_DPAD_RIGHT down = true
11-05 14:07:21.757 D/GpioService( 476): mFlickerEnable = true
11-05 14:07:21.759 I/SogouIME( 2721): onKeyDown: keyoCode=22
11-05 14:07:21.760 I/DefaultIMS( 2721): onKeyDown: keyoCode=22
11-05 14:07:21.765 D/TvWindowManager( 476): key event key = KEYCODE_DPAD_RIGHT down = false
11-05 14:07:21.766 I/SogouIME( 2721): onKeyUp: keyoCode=22
11-05 14:07:21.766 I/DefaultIMS( 2721): onKeyUp: keyoCode=22
11-05 14:07:21.768 I/DefaultIMS( 2721): onStartInput attribute=android.view.inputmethod.EditorInfo@753444f restarting=false inputType: 0
11-05 14:07:22.239 E/WifiHAL ( 662): wifi_get_link_stats: requestResponse Error:-5
11-05 14:07:22.242 E/WifiVendorHal( 476): getWifiLinkLayerStats_1_5_Internal(l.1191) failed {.code = ERROR_INVALID_ARGS, .description = }
11-05 14:07:22.273 W/IorapForwardingService( 476): No service published for: iorapd
11-05 14:07:22.590 I/BLEAudioDrive_HV410( 247): data len: 9 1
11-05 14:07:22.590 D/TvWindowManager( 476): key event key = KEYCODE_DPAD_LEFT down = true
11-05 14:07:22.595 D/GpioService( 476): mFlickerEnable = true
11-05 14:07:22.597 I/SogouIME( 2721): onKeyDown: keyoCode=21
11-05 14:07:22.597 I/DefaultIMS( 2721): onKeyDown: keyoCode=21
11-05 14:07:22.603 I/DefaultIMS( 2721): onStartInput attribute=android.view.inputmethod.EditorInfo@69d2c36 restarting=false inputType: 0
11-05 14:07:22.770 I/BLEAudioDrive_HV410( 247): data len: 9 1
11-05 14:07:22.770 D/TvWindowManager( 476): key event key = KEYCODE_DPAD_LEFT down = false
11-05 14:07:22.771 I/BLEAudioDrive_HV410( 247): keyboard stop
11-05 14:07:22.772 I/SogouIME( 2721): onKeyUp: keyoCode=21
11-05 14:07:22.772 I/DefaultIMS( 2721): onKeyUp: keyoCode=21
11-05 14:07:23.137 I/efs.base( 3149): wa upload succ, HttpResponse {succ=true, code=200, data='暂不支持该服务', extra={req_url=https://errlog.umeng.com/api/crashsdk/logcollect}}
11-05 14:07:23.160 I/BLEAudioDrive_HV410( 247): data len: 9 1
11-05 14:07:23.161 D/TvWindowManager( 476): key event key = KEYCODE_DPAD_CENTER down = true
11-05 14:07:23.170 D/GpioService( 476): mFlickerEnable = true
11-05 14:07:23.275 W/IorapForwardingService( 476): No service published for: iorapd
11-05 14:07:23.295 I/BLEAudioDrive_HV410( 247): data len: 9 1
11-05 14:07:23.295 I/BLEAudioDrive_HV410( 247): keyboard stop
11-05 14:07:23.295 D/TvWindowManager( 476): key event key = KEYCODE_DPAD_CENTER down = false
11-05 14:07:23.311 D/GpioService( 476): mFlickerEnable = true
11-05 14:07:23.313 I/SogouIME( 2721): onKeyDown: keyoCode=23
11-05 14:07:23.313 I/DefaultIMS( 2721): onKeyDown: keyoCode=23
11-05 14:07:23.317 I/SogouIME( 2721): onKeyUp: keyoCode=23
11-05 14:07:23.317 I/DefaultIMS( 2721): onKeyUp: keyoCode=23
11-05 14:07:23.346 I/DefaultIMS( 2721): onStartInput attribute=android.view.inputmethod.EditorInfo@e42c209 restarting=false inputType: 0
11-05 14:07:23.377 I/DefaultIMS( 2721): onStartInput attribute=android.view.inputmethod.EditorInfo@5818c0e restarting=false inputType: 0
11-05 14:07:23.730 I/BLEAudioDrive_HV410( 247): data len: 9 1
11-05 14:07:23.730 D/TvWindowManager( 476): key event key = KEYCODE_DPAD_UP down = true
11-05 14:07:23.736 D/GpioService( 476): mFlickerEnable = true
11-05 14:07:23.737 I/SogouIME( 2721): onKeyDown: keyoCode=19
11-05 14:07:23.737 I/DefaultIMS( 2721): onKeyDown: keyoCode=19
11-05 14:07:23.880 I/BLEAudioDrive_HV410( 247): data len: 9 1
11-05 14:07:23.880 I/BLEAudioDrive_HV410( 247): keyboard stop
11-05 14:07:23.880 D/TvWindowManager( 476): key event key = KEYCODE_DPAD_UP down = false
11-05 14:07:23.887 I/SogouIME( 2721): onKeyUp: keyoCode=19
11-05 14:07:23.887 I/DefaultIMS( 2721): onKeyUp: keyoCode=19
11-05 14:07:24.225 I/BLEAudioDrive_HV410( 247): data len: 9 1
11-05 14:07:24.225 D/TvWindowManager( 476): key event key = KEYCODE_DPAD_DOWN down = true
11-05 14:07:24.231 D/GpioService( 476): mFlickerEnable = true
11-05 14:07:24.278 W/IorapForwardingService( 476): No service published for: iorapd
11-05 14:07:24.345 I/BLEAudioDrive_HV410( 247): data len: 9 1
11-05 14:07:24.345 I/BLEAudioDrive_HV410( 247): keyboard stop
11-05 14:07:24.345 D/TvWindowManager( 476): key event key = KEYCODE_DPAD_DOWN down = false
11-05 14:07:24.376 D/GpioService( 476): mFlickerEnable = true
11-05 14:07:24.377 I/SogouIME( 2721): onKeyDown: keyoCode=20
11-05 14:07:24.377 I/DefaultIMS( 2721): onKeyDown: keyoCode=20
11-05 14:07:24.383 I/SogouIME( 2721): onKeyUp: keyoCode=20
11-05 14:07:24.383 I/DefaultIMS( 2721): onKeyUp: keyoCode=20
11-05 14:07:24.398 I/DefaultIMS( 2721): onStartInput attribute=android.view.inputmethod.EditorInfo@8238ed4 restarting=false inputType: 0
11-05 14:07:24.585 I/BLEAudioDrive_HV410( 247): data len: 9 1
11-05 14:07:24.585 D/TvWindowManager( 476): key event key = KEYCODE_DPAD_CENTER down = true
11-05 14:07:24.590 D/GpioService( 476): mFlickerEnable = true
11-05 14:07:24.735 I/BLEAudioDrive_HV410( 247): data len: 9 1
11-05 14:07:24.735 I/BLEAudioDrive_HV410( 247): keyboard stop
11-05 14:07:24.735 D/TvWindowManager( 476): key event key = KEYCODE_DPAD_CENTER down = false
11-05 14:07:24.735 D/GpioService( 476): mFlickerEnable = true
11-05 14:07:24.737 I/SogouIME( 2721): onKeyDown: keyoCode=23
11-05 14:07:24.737 I/DefaultIMS( 2721): onKeyDown: keyoCode=23
11-05 14:07:24.739 I/SogouIME( 2721): onKeyUp: keyoCode=23
11-05 14:07:24.740 I/DefaultIMS( 2721): onKeyUp: keyoCode=23
11-05 14:07:24.743 D/audio_hw_primary( 247): Mic get_audio_devices_active:
11-05 14:07:24.743 D/audio_hw_primary( 247): get_audio_devices_active: AUDIO_HDMI
11-05 14:07:24.744 D/xm_audio( 247): adev_get_parameters
11-05 14:07:24.744 I/hash_map_utils( 264): system/bt/osi/src/hash_map_utils.cc:81 hash_map_utils_dump_string_keys_string_values: key: 'audio_devices_out_active' value: ''
11-05 14:07:24.745 D/AudioManagerEx( 1047): type audio_devices_out_active list AUDIO_HDMI=
11-05 14:07:24.745 D/AudioManagerEx( 1047): state=audio_devices_out_active,dev=[AUDIO_SPDIF]
11-05 14:07:24.747 D/AudioManagerEx( 1047): enablePassThrough = true
11-05 14:07:24.750 D/AudioManagerEx( 1047): Hdmi status true,false,1
11-05 14:07:24.750 D/AudioManagerEx( 1047): HDMI AUDIO_SPDIF
11-05 14:07:24.750 D/AudioManagerEx( 1047): AUDIO_NAME_SPDIF
11-05 14:07:24.757 V/audio_hw_primary( 247): adev_set_parameters, mediasw.sft.rawdata=SPDIF_RAW
11-05 14:07:24.761 D/AudioManagerEx( 1047): audio=AUDIO_SPDIF
11-05 14:07:24.762 V/audio_hw_primary( 247): adev_set_parameters, audio_devices_out_active=AUDIO_SPDIF
11-05 14:07:24.762 V/audio_hw_primary( 247): out AUDIO_PARAMETER_DEVICES_OUT_ACTIVE: AUDIO_SPDIF
11-05 14:07:24.793 V/audio_hw_primary( 247): set property persist.vendor.audio.output.active: AUDIO_SPDIF ok
11-05 14:07:24.793 V/audio_hw_primary( 247): AUDIO_SPDIF output device will be active
11-05 14:07:24.793 D/audio_hw_primary( 247): start_output_stream out->format : 0x00000000
11-05 14:07:24.793 V/audio_hw_primary( 247): start_output_stream, line: 1503
11-05 14:07:24.793 V/audio_hw_primary( 247): use AUDIO_SPDIF to playback audio
11-05 14:07:24.793 D/audio_hw_primary( 247): open card=1, port=0
11-05 14:07:24.793 D/audio_hw_primary( 247): config:2 44100 960 2 0 5760 1 0
11-05 14:07:24.793 D/audio_hw_primary( 247): set_raw_flag(card=1, raw_flag=1)
11-05 14:07:24.794 D/audio_hw_primary( 247): set_raw_flag control_name = audio data format control_value PCM)
11-05 14:07:24.795 V/audio_hw_primary( 247): do not use out resampler
11-05 14:07:24.797 D/AudioManagerEx( 1047): Update Settings.System.AUDIO_OUTPUT_CHANNEL, now save audio is AUDIO_SPDIF
11-05 14:07:24.818 D/AudioFlinger( 264): mixer(0xf58ddf00) throttle end: throttle time(9)
11-05 14:07:25.254 E/WifiHAL ( 662): wifi_get_link_stats: requestResponse Error:-5
11-05 14:07:25.256 E/WifiVendorHal( 476): getWifiLinkLayerStats_1_5_Internal(l.1191) failed {.code = ERROR_INVALID_ARGS, .description = }
11-05 14:07:25.280 W/IorapForwardingService( 476): No service published for: iorapd
11-05 14:07:25.425 I/BLEAudioDrive_HV410( 247): data len: 9 1
11-05 14:07:25.425 D/TvWindowManager( 476): key event key = KEYCODE_DPAD_DOWN down = true
11-05 14:07:25.437 D/GpioService( 476): mFlickerEnable = true
11-05 14:07:25.529 I/BLEAudioDrive_HV410( 247): data len: 9 1
11-05 14:07:25.530 I/BLEAudioDrive_HV410( 247): keyboard stop
11-05 14:07:25.530 D/TvWindowManager( 476): key event key = KEYCODE_DPAD_DOWN down = false
11-05 14:07:25.576 D/GpioService( 476): mFlickerEnable = true
11-05 14:07:25.578 I/SogouIME( 2721): onKeyDown: keyoCode=20
11-05 14:07:25.578 I/DefaultIMS( 2721): onKeyDown: keyoCode=20
11-05 14:07:25.584 I/SogouIME( 2721): onKeyUp: keyoCode=20
11-05 14:07:25.584 I/DefaultIMS( 2721): onKeyUp: keyoCode=20
11-05 14:07:25.600 I/DefaultIMS( 2721): onStartInput attribute=android.view.inputmethod.EditorInfo@8b25504 restarting=false inputType: 0
11-05 14:07:25.680 I/BLEAudioDrive_HV410( 247): data len: 9 1
11-05 14:07:25.680 D/TvWindowManager( 476): key event key = KEYCODE_DPAD_DOWN down = true
11-05 14:07:25.686 D/GpioService( 476): mFlickerEnable = true
11-05 14:07:25.801 I/BLEAudioDrive_HV410( 247): data len: 9 1
11-05 14:07:25.801 I/BLEAudioDrive_HV410( 247): keyboard stop
11-05 14:07:25.801 D/TvWindowManager( 476): key event key = KEYCODE_DPAD_DOWN down = false
11-05 14:07:25.831 D/GpioService( 476): mFlickerEnable = true
11-05 14:07:25.832 I/SogouIME( 2721): onKeyDown: keyoCode=20
11-05 14:07:25.833 I/DefaultIMS( 2721): onKeyDown: keyoCode=20
11-05 14:07:25.837 I/SogouIME( 2721): onKeyUp: keyoCode=20
11-05 14:07:25.837 I/DefaultIMS( 2721): onKeyUp: keyoCode=20
11-05 14:07:25.851 I/DefaultIMS( 2721): onStartInput attribute=android.view.inputmethod.EditorInfo@eed9aed restarting=false inputType: 0
11-05 14:07:25.889 I/BLEAudioDrive_HV410( 247): data len: 9 1
11-05 14:07:25.890 D/TvWindowManager( 476): key event key = KEYCODE_DPAD_DOWN down = true
11-05 14:07:25.892 D/GpioService( 476): mFlickerEnable = true
11-05 14:07:25.960 D/UtilLog ( 2389): 日志批量上报 进行正常循环 !!!!!!本次有0次请求,共0条数据
11-05 14:07:26.010 I/BLEAudioDrive_HV410( 247): data len: 9 1
11-05 14:07:26.010 I/BLEAudioDrive_HV410( 247): keyboard stop
11-05 14:07:26.010 D/TvWindowManager( 476): key event key = KEYCODE_DPAD_DOWN down = false
11-05 14:07:26.040 D/GpioService( 476): mFlickerEnable = true
11-05 14:07:26.042 I/SogouIME( 2721): onKeyDown: keyoCode=20
11-05 14:07:26.042 I/DefaultIMS( 2721): onKeyDown: keyoCode=20
11-05 14:07:26.045 I/SogouIME( 2721): onKeyUp: keyoCode=20
11-05 14:07:26.045 I/DefaultIMS( 2721): onKeyUp: keyoCode=20
11-05 14:07:26.283 W/IorapForwardingService( 476): No service published for: iorapd
11-05 14:07:26.488 I/Thread-2( 3792): type=1400 audit(0.0:1350): avc: denied { execute } for name="am" dev="dm-1" ino=1164 scontext=u:r:system_app:s0 tcontext=u:object_r:vendor_file:s0 tclass=file permissive=1
11-05 14:07:26.488 I/Thread-2( 3792): type=1400 audit(0.0:1351): avc: denied { read open } for path="/vendor/xbin/am" dev="dm-1" ino=1164 scontext=u:r:system_app:s0 tcontext=u:object_r:vendor_file:s0 tclass=file permissive=1
11-05 14:07:26.488 I/Thread-2( 3792): type=1400 audit(0.0:1352): avc: denied { execute_no_trans } for path="/vendor/xbin/am" dev="dm-1" ino=1164 scontext=u:r:system_app:s0 tcontext=u:object_r:vendor_file:s0 tclass=file permissive=1
11-05 14:07:26.505 I/BLEAudioDrive_HV410( 247): data len: 9 1
11-05 14:07:26.505 D/TvWindowManager( 476): key event key = KEYCODE_BACK down = true
11-05 14:07:26.512 D/GpioService( 476): mFlickerEnable = true
11-05 14:07:26.526 I/FuseDaemon( 1024): Background concurrent copying GC freed 77223(4576KB) AllocSpace objects, 0(0B) LOS objects, 49% free, 4195KB/8390KB, paused 137us total 105.744ms
11-05 14:07:26.551 D/aaa ( 1097): LedStatusService onStartCommand begin
11-05 14:07:26.553 D/aaa ( 1097): topPkg is -------------- :com.dangbei.haqusetting
11-05 14:07:26.568 D/bbb ( 1174): onStartCommand begin !!!!!!! data分区剩余 24986MB
11-05 14:07:26.655 D/GpioService( 476): mFlickerEnable = true
11-05 14:07:26.657 I/SogouIME( 2721): onKeyDown: keyoCode=4
11-05 14:07:26.657 I/DefaultIMS( 2721): onKeyDown: keyoCode=4
11-05 14:07:26.685 I/BLEAudioDrive_HV410( 247): data len: 9 1
11-05 14:07:26.685 I/BLEAudioDrive_HV410( 247): keyboard stop
11-05 14:07:26.685 D/TvWindowManager( 476): key event key = KEYCODE_BACK down = false
11-05 14:07:26.686 D/AutofillManagerService( 476): onBackKeyPressed()
11-05 14:07:26.689 I/SogouIME( 2721): onKeyUp: keyoCode=4
11-05 14:07:26.689 I/DefaultIMS( 2721): onKeyUp: keyoCode=4
11-05 14:07:26.700 E/ccc ( 1047): cccccc led current is 100 标准
11-05 14:07:27.196 D/TvWindowManager( 476): key event key = KEYCODE_DPAD_UP down = true
11-05 14:07:27.196 I/BLEAudioDrive_HV410( 247): data len: 9 1
11-05 14:07:27.208 D/GpioService( 476): mFlickerEnable = true
11-05 14:07:27.209 I/SogouIME( 2721): onKeyDown: keyoCode=19
11-05 14:07:27.210 I/DefaultIMS( 2721): onKeyDown: keyoCode=19
11-05 14:07:27.232 I/DefaultIMS( 2721): onStartInput attribute=android.view.inputmethod.EditorInfo@cc26a2a restarting=false inputType: 0
11-05 14:07:27.285 W/IorapForwardingService( 476): No service published for: iorapd
11-05 14:07:27.345 I/BLEAudioDrive_HV410( 247): data len: 9 1
11-05 14:07:27.345 I/BLEAudioDrive_HV410( 247): keyboard stop
11-05 14:07:27.345 D/TvWindowManager( 476): key event key = KEYCODE_DPAD_UP down = false
11-05 14:07:27.347 I/SogouIME( 2721): onKeyUp: keyoCode=19
11-05 14:07:27.347 I/DefaultIMS( 2721): onKeyUp: keyoCode=19
11-05 14:07:27.435 I/BLEAudioDrive_HV410( 247): data len: 9 1
11-05 14:07:27.435 D/TvWindowManager( 476): key event key = KEYCODE_DPAD_UP down = true
11-05 14:07:27.442 D/GpioService( 476): mFlickerEnable = true
11-05 14:07:27.443 I/SogouIME( 2721): onKeyDown: keyoCode=19
11-05 14:07:27.443 I/DefaultIMS( 2721): onKeyDown: keyoCode=19
11-05 14:07:27.465 I/DefaultIMS( 2721): onStartInput attribute=android.view.inputmethod.EditorInfo@19c301b restarting=false inputType: 0
11-05 14:07:27.570 I/BLEAudioDrive_HV410( 247): data len: 9 1
11-05 14:07:27.570 I/BLEAudioDrive_HV410( 247): keyboard stop
11-05 14:07:27.570 D/TvWindowManager( 476): key event key = KEYCODE_DPAD_UP down = false
11-05 14:07:27.573 I/SogouIME( 2721): onKeyUp: keyoCode=19
11-05 14:07:27.574 I/DefaultIMS( 2721): onKeyUp: keyoCode=19
11-05 14:07:27.751 I/BLEAudioDrive_HV410( 247): data len: 9 1
11-05 14:07:27.752 D/TvWindowManager( 476): key event key = KEYCODE_DPAD_DOWN down = true
11-05 14:07:27.765 D/GpioService( 476): mFlickerEnable = true
11-05 14:07:27.869 I/BLEAudioDrive_HV410( 247): data len: 9 1
11-05 14:07:27.870 I/BLEAudioDrive_HV410( 247): keyboard stop
11-05 14:07:27.870 D/TvWindowManager( 476): key event key = KEYCODE_DPAD_DOWN down = false
11-05 14:07:27.903 D/GpioService( 476): mFlickerEnable = true
11-05 14:07:27.905 I/SogouIME( 2721): onKeyDown: keyoCode=20
11-05 14:07:27.905 I/DefaultIMS( 2721): onKeyDown: keyoCode=20
11-05 14:07:27.912 I/SogouIME( 2721): onKeyUp: keyoCode=20
11-05 14:07:27.912 I/DefaultIMS( 2721): onKeyUp: keyoCode=20
11-05 14:07:27.930 I/DefaultIMS( 2721): onStartInput attribute=android.view.inputmethod.EditorInfo@8ea1482 restarting=false inputType: 0
11-05 14:07:27.974 I/BLEAudioDrive_HV410( 247): data len: 9 1
11-05 14:07:27.975 D/TvWindowManager( 476): key event key = KEYCODE_DPAD_DOWN down = true
11-05 14:07:27.978 D/GpioService( 476): mFlickerEnable = true
11-05 14:07:28.095 I/BLEAudioDrive_HV410( 247): data len: 9 1
11-05 14:07:28.095 I/BLEAudioDrive_HV410( 247): keyboard stop
11-05 14:07:28.095 D/TvWindowManager( 476): key event key = KEYCODE_DPAD_DOWN down = false
11-05 14:07:28.126 D/GpioService( 476): mFlickerEnable = true
11-05 14:07:28.128 I/SogouIME( 2721): onKeyDown: keyoCode=20
11-05 14:07:28.128 I/DefaultIMS( 2721): onKeyDown: keyoCode=20
11-05 14:07:28.137 I/SogouIME( 2721): onKeyUp: keyoCode=20
11-05 14:07:28.137 I/DefaultIMS( 2721): onKeyUp: keyoCode=20
11-05 14:07:28.153 I/DefaultIMS( 2721): onStartInput attribute=android.view.inputmethod.EditorInfo@4cfef85 restarting=false inputType: 0
11-05 14:07:28.185 I/BLEAudioDrive_HV410( 247): data len: 9 1
11-05 14:07:28.185 D/TvWindowManager( 476): key event key = KEYCODE_DPAD_DOWN down = true
11-05 14:07:28.190 D/GpioService( 476): mFlickerEnable = true
11-05 14:07:28.268 E/WifiHAL ( 662): wifi_get_link_stats: requestResponse Error:-5
11-05 14:07:28.270 E/WifiVendorHal( 476): getWifiLinkLayerStats_1_5_Internal(l.1191) failed {.code = ERROR_INVALID_ARGS, .description = }
11-05 14:07:28.287 W/IorapForwardingService( 476): No service published for: iorapd
11-05 14:07:28.305 I/BLEAudioDrive_HV410( 247): data len: 9 1
11-05 14:07:28.305 I/BLEAudioDrive_HV410( 247): keyboard stop
11-05 14:07:28.305 D/TvWindowManager( 476): key event key = KEYCODE_DPAD_DOWN down = false
11-05 14:07:28.336 D/GpioService( 476): mFlickerEnable = true
11-05 14:07:28.338 I/SogouIME( 2721): onKeyDown: keyoCode=20
11-05 14:07:28.338 I/DefaultIMS( 2721): onKeyDown: keyoCode=20
11-05 14:07:28.347 I/SogouIME( 2721): onKeyUp: keyoCode=20
11-05 14:07:28.347 I/DefaultIMS( 2721): onKeyUp: keyoCode=20
11-05 14:07:28.349 I/DefaultIMS( 2721): onStartInput attribute=android.view.inputmethod.EditorInfo@d61b1da restarting=false inputType: 0
11-05 14:07:28.359 I/gbei.screencas( 3149): Background concurrent copying GC freed 227447(19MB) AllocSpace objects, 45(2552KB) LOS objects, 49% free, 6908KB/13MB, paused 188us total 214.602ms
11-05 14:07:28.500 I/FuseDaemon( 1024): Background concurrent copying GC freed 79331(4537KB) AllocSpace objects, 0(0B) LOS objects, 49% free, 4169KB/8339KB, paused 121us total 100.297ms
11-05 14:07:28.530 I/BLEAudioDrive_HV410( 247): data len: 9 1
11-05 14:07:28.530 D/TvWindowManager( 476): key event key = KEYCODE_DPAD_DOWN down = true
11-05 14:07:28.536 D/GpioService( 476): mFlickerEnable = true
11-05 14:07:28.665 I/BLEAudioDrive_HV410( 247): data len: 9 1
11-05 14:07:28.665 I/BLEAudioDrive_HV410( 247): keyboard stop
11-05 14:07:28.665 D/TvWindowManager( 476): key event key = KEYCODE_DPAD_DOWN down = false
11-05 14:07:28.681 D/GpioService( 476): mFlickerEnable = true
11-05 14:07:28.683 I/SogouIME( 2721): onKeyDown: keyoCode=20
11-05 14:07:28.683 I/DefaultIMS( 2721): onKeyDown: keyoCode=20
11-05 14:07:28.690 I/SogouIME( 2721): onKeyUp: keyoCode=20
11-05 14:07:28.690 I/DefaultIMS( 2721): onKeyUp: keyoCode=20
11-05 14:07:28.701 I/DefaultIMS( 2721): onStartInput attribute=android.view.inputmethod.EditorInfo@8654cdf restarting=false inputType: 0
11-05 14:07:28.979 I/BLEAudioDrive_HV410( 247): data len: 9 1
11-05 14:07:28.980 D/TvWindowManager( 476): key event key = KEYCODE_DPAD_UP down = true
11-05 14:07:28.986 D/GpioService( 476): mFlickerEnable = true
11-05 14:07:28.988 I/SogouIME( 2721): onKeyDown: keyoCode=19
11-05 14:07:28.988 I/DefaultIMS( 2721): onKeyDown: keyoCode=19
11-05 14:07:29.017 I/DefaultIMS( 2721): onStartInput attribute=android.view.inputmethod.EditorInfo@fbf3056 restarting=false inputType: 0
11-05 14:07:29.130 I/BLEAudioDrive_HV410( 247): data len: 9 1
11-05 14:07:29.130 I/BLEAudioDrive_HV410( 247): keyboard stop
11-05 14:07:29.130 D/TvWindowManager( 476): key event key = KEYCODE_DPAD_UP down = false
11-05 14:07:29.132 I/SogouIME( 2721): onKeyUp: keyoCode=19
11-05 14:07:29.132 I/DefaultIMS( 2721): onKeyUp: keyoCode=19
11-05 14:07:29.220 I/BLEAudioDrive_HV410( 247): data len: 9 1
11-05 14:07:29.220 D/TvWindowManager( 476): key event key = KEYCODE_DPAD_UP down = true
11-05 14:07:29.238 D/GpioService( 476): mFlickerEnable = true
11-05 14:07:29.240 I/SogouIME( 2721): onKeyDown: keyoCode=19
11-05 14:07:29.241 I/DefaultIMS( 2721): onKeyDown: keyoCode=19
11-05 14:07:29.268 I/DefaultIMS( 2721): onStartInput attribute=android.view.inputmethod.EditorInfo@de336a9 restarting=false inputType: 0
11-05 14:07:29.289 W/IorapForwardingService( 476): No service published for: iorapd
11-05 14:07:29.339 I/BLEAudioDrive_HV410( 247): data len: 9 1
11-05 14:07:29.340 I/BLEAudioDrive_HV410( 247): keyboard stop
11-05 14:07:29.340 D/TvWindowManager( 476): key event key = KEYCODE_DPAD_UP down = false
11-05 14:07:29.342 I/SogouIME( 2721): onKeyUp: keyoCode=19
11-05 14:07:29.342 I/DefaultIMS( 2721): onKeyUp: keyoCode=19
11-05 14:07:29.414 I/BLEAudioDrive_HV410( 247): data len: 9 1
11-05 14:07:29.415 D/TvWindowManager( 476): key event key = KEYCODE_DPAD_UP down = true
11-05 14:07:29.418 D/GpioService( 476): mFlickerEnable = true
11-05 14:07:29.419 I/SogouIME( 2721): onKeyDown: keyoCode=19
11-05 14:07:29.419 I/DefaultIMS( 2721): onKeyDown: keyoCode=19
11-05 14:07:29.430 I/DefaultIMS( 2721): onStartInput attribute=android.view.inputmethod.EditorInfo@41bf42e restarting=false inputType: 0
11-05 14:07:29.580 I/BLEAudioDrive_HV410( 247): data len: 9 1
11-05 14:07:29.580 I/BLEAudioDrive_HV410( 247): keyboard stop
11-05 14:07:29.580 D/TvWindowManager( 476): key event key = KEYCODE_DPAD_UP down = false
11-05 14:07:29.582 I/SogouIME( 2721): onKeyUp: keyoCode=19
11-05 14:07:29.582 I/DefaultIMS( 2721): onKeyUp: keyoCode=19
11-05 14:07:29.605 I/FuseDaemon( 1024): Background concurrent copying GC freed 68680(3819KB) AllocSpace objects, 1(372KB) LOS objects, 49% free, 4168KB/8337KB, paused 116us total 101.758ms
11-05 14:07:29.685 I/BLEAudioDrive_HV410( 247): data len: 9 1
11-05 14:07:29.686 D/TvWindowManager( 476): key event key = KEYCODE_DPAD_UP down = true
11-05 14:07:29.694 D/GpioService( 476): mFlickerEnable = true
11-05 14:07:29.697 I/SogouIME( 2721): onKeyDown: keyoCode=19
11-05 14:07:29.698 I/DefaultIMS( 2721): onKeyDown: keyoCode=19
11-05 14:07:29.715 I/DefaultIMS( 2721): onStartInput attribute=android.view.inputmethod.EditorInfo@aea11e1 restarting=false inputType: 0
11-05 14:07:29.880 I/BLEAudioDrive_HV410( 247): data len: 9 1
11-05 14:07:29.880 I/BLEAudioDrive_HV410( 247): keyboard stop
11-05 14:07:29.880 D/TvWindowManager( 476): key event key = KEYCODE_DPAD_UP down = false
11-05 14:07:29.883 I/SogouIME( 2721): onKeyUp: keyoCode=19
11-05 14:07:29.883 I/DefaultIMS( 2721): onKeyUp: keyoCode=19
11-05 14:07:30.240 I/BLEAudioDrive_HV410( 247): data len: 9 1
11-05 14:07:30.240 D/TvWindowManager( 476): key event key = KEYCODE_DPAD_RIGHT down = true
11-05 14:07:30.247 D/GpioService( 476): mFlickerEnable = true
11-05 14:07:30.250 I/SogouIME( 2721): onKeyDown: keyoCode=22
11-05 14:07:30.250 I/DefaultIMS( 2721): onKeyDown: keyoCode=22
11-05 14:07:30.257 I/DefaultIMS( 2721): onStartInput attribute=android.view.inputmethod.EditorInfo@8a3551 restarting=false inputType: 0
11-05 14:07:30.291 W/IorapForwardingService( 476): No service published for: iorapd
11-05 14:07:30.328 D/AF::Track( 264): interceptBuffer: took 916us to intercept 0 tracks
11-05 14:07:30.420 I/BLEAudioDrive_HV410( 247): data len: 9 1
11-05 14:07:30.421 D/TvWindowManager( 476): key event key = KEYCODE_DPAD_RIGHT down = false
11-05 14:07:30.422 I/BLEAudioDrive_HV410( 247): keyboard stop
11-05 14:07:30.425 I/SogouIME( 2721): onKeyUp: keyoCode=22
11-05 14:07:30.425 I/DefaultIMS( 2721): onKeyUp: keyoCode=22
11-05 14:07:30.915 I/BLEAudioDrive_HV410( 247): data len: 9 1
11-05 14:07:30.915 D/TvWindowManager( 476): key event key = KEYCODE_DPAD_DOWN down = true
11-05 14:07:30.925 D/GpioService( 476): mFlickerEnable = true
11-05 14:07:31.066 D/GpioService( 476): mFlickerEnable = true
11-05 14:07:31.067 I/SogouIME( 2721): onKeyDown: keyoCode=20
11-05 14:07:31.068 I/DefaultIMS( 2721): onKeyDown: keyoCode=20
11-05 14:07:31.085 I/DefaultIMS( 2721): onStartInput attribute=android.view.inputmethod.EditorInfo@e40bdaf restarting=false inputType: 0
11-05 14:07:31.094 I/BLEAudioDrive_HV410( 247): data len: 9 1
11-05 14:07:31.095 D/TvWindowManager( 476): key event key = KEYCODE_DPAD_DOWN down = false
11-05 14:07:31.095 I/BLEAudioDrive_HV410( 247): keyboard stop
11-05 14:07:31.097 I/SogouIME( 2721): onKeyUp: keyoCode=20
11-05 14:07:31.097 I/DefaultIMS( 2721): onKeyUp: keyoCode=20
11-05 14:07:31.286 E/WifiHAL ( 662): wifi_get_link_stats: requestResponse Error:-5
11-05 14:07:31.289 E/WifiVendorHal( 476): getWifiLinkLayerStats_1_5_Internal(l.1191) failed {.code = ERROR_INVALID_ARGS, .description = }
11-05 14:07:31.292 W/IorapForwardingService( 476): No service published for: iorapd
