11-05 14:05:00.719 W/omx_vdec( 369): <__AwOmxVdecGetExtensionIndex:1737>: GetExtensionIndex OMX.google.android.index.describeColorFormat, err [0x80001001].
11-05 14:05:00.719 W/omx_vdec( 369): <__AwOmxVdecGetExtensionIndex:1737>: GetExtensionIndex OMX.google.android.index.describeColorFormat2, err [0x80001001].
11-05 14:05:00.720 E/omx_vdec( 369): : erro: pParamData->nIndex > m_sPortFormatType.nIndex
11-05 14:05:00.720 W/omx_vdec( 369): <__AwOmxVdecGetExtensionIndex:1737>: GetExtensionIndex OMX.google.android.index.describeColorFormat, err [0x80001001].
11-05 14:05:00.720 W/omx_vdec( 369): <__AwOmxVdecGetExtensionIndex:1737>: GetExtensionIndex OMX.google.android.index.describeColorFormat2, err [0x80001001].
11-05 14:05:00.720 E/omx_vdec( 369): : erro: pParamData->nIndex > m_sPortFormatType.nIndex
11-05 14:05:00.720 W/omx_vdec( 369): <__AwOmxVdecGetExtensionIndex:1737>: GetExtensionIndex OMX.google.android.index.describeColorFormat, err [0x80001001].
11-05 14:05:00.720 W/omx_vdec( 369): <__AwOmxVdecGetExtensionIndex:1737>: GetExtensionIndex OMX.google.android.index.describeColorFormat2, err [0x80001001].
11-05 14:05:00.720 W/ACodec ( 361): [OMX.allwinner.video.decoder.vp9] stopping checking formats after 32: COLOR_FormatYUV420Planar(13)
11-05 14:05:00.720 W/omx_vdec( 369): <__AwOmxVdecGetExtensionIndex:1737>: GetExtensionIndex OMX.google.android.index.configureVideoTunnelMode, err [0x80001001].
11-05 14:05:00.720 E/OMXNodeInstance( 369): getExtensionIndex(0xeb85c000:allwinner.decoder.vp9, OMX.google.android.index.configureVideoTunnelMode) ERROR: Undefined(0x80001001)
11-05 14:05:00.720 D/MediaCodecInfo( 361): detail feature-tunneled-playback wasn't present to remove
11-05 14:05:00.720 W/omx_vdec( 369): <__AwOmxVdecGetExtensionIndex:1737>: GetExtensionIndex OMX.google.android.index.storeANWBufferInMetadata, err [0x80001001].
11-05 14:05:00.720 W/omx_vdec_aw( 369): <__anSetExtPara:3011>: Setparameter: unknown param 2131755011
11-05 14:05:00.720 W/OMXNodeInstance( 369): [0xeb85c000:allwinner.decoder.vp9] component does not support metadata mode; using fallback
11-05 14:05:00.721 W/libc ( 369): invalid pthread_t (0) passed to pthread_join
11-05 14:05:00.721 W/libc ( 369): invalid pthread_t (0) passed to pthread_join
11-05 14:05:00.721 W/libc ( 369): invalid pthread_t (0) passed to pthread_join
11-05 14:05:00.722 D/ConnectivityService( 476): NetReassign [no changes]
11-05 14:05:00.723 I/OMXClient( 361): IOmx service obtained
11-05 14:05:00.723 I/OMXStore( 369): makeComponentInstance(OMX.allwinner.video.decoder.vp9.secure) in android.hardwar process
11-05 14:05:00.724 I/SystemServerTiming( 476): MakeNetworkPolicyServiceReady
11-05 14:05:00.724 E/omx_vdec( 369): : This platform does not support secure video playback
11-05 14:05:00.724 E/omx_sem ( 369): : handle is null
11-05 14:05:00.724 E/omx_sem ( 369): : handle is null
11-05 14:05:00.724 E/omx_sem ( 369): : handle is null
11-05 14:05:00.724 E/omx_sem ( 369): : handle is null
11-05 14:05:00.724 E/omx_sem ( 369): : handle is null
11-05 14:05:00.724 W/omx_vdec_aw( 369): : pdec is null
11-05 14:05:00.724 E/android.hardware.media.omx@1.0-service( 369): Failed to allocate omx component 'OMX.allwinner.video.decoder.vp9.secure' err=InvalidComponentName(0x80001002)
11-05 14:05:00.725 W/OmxInfoBuilder( 361): Fail to add media type video/x-vnd.on2.vp9 to codec OMX.allwinner.video.decoder.vp9.secure
11-05 14:05:00.726 D/ConnectivityService( 476): NetReassign [no changes]
11-05 14:05:00.726 I/OMXClient( 361): IOmx service obtained
11-05 14:05:00.726 I/SystemServerTiming( 476): PhaseThirdPartyAppsCanStart
11-05 14:05:00.726 I/SystemServiceManager( 476): Starting phase 600
11-05 14:05:00.726 I/SystemServerTiming( 476): OnBootPhase_600
11-05 14:05:00.726 I/OMXStore( 369): makeComponentInstance(OMX.allwinner.video.encoder.avc) in android.hardwar process
11-05 14:05:00.728 I/ExplicitHealthCheckController( 476): Explicit health checks enabled.
11-05 14:05:00.728 I/PackageWatchdog( 476): Syncing state, reason: health check state enabled
11-05 14:05:00.728 I/PackageWatchdog( 476): Not pruning observers, elapsed time: 0ms
11-05 14:05:00.728 I/PackageWatchdog( 476): Cancelling state sync, nothing to sync
11-05 14:05:00.728 I/PackageWatchdog( 476): Saving observer state to file
11-05 14:05:00.733 W/LocationManagerService( 476): no network location provider found
11-05 14:05:00.736 I/ServiceWatcher( 476): [fused] chose new implementation 1000/com.android.location.fused/.FusedLocationService@0
11-05 14:05:00.738 E/servicemanager( 178): Could not find android.hardware.gnss.IGnss/default in the VINTF manifest.
11-05 14:05:00.740 D/CompatibilityChangeReporter( 476): Compat change id reported: 168419799; UID 1000; state: DISABLED
11-05 14:05:00.743 D/GnssLocationProviderJni( 476): Trying IGnss_V2_1::getService()
11-05 14:05:00.744 I/hwservicemanager( 180): getTransport: Cannot find entry android.hardware.gnss@2.1::IGnss/default in either framework or device VINTF manifest.
11-05 14:05:00.744 D/GnssLocationProviderJni( 476): gnssHal 2.1 was null, trying 2.0
11-05 14:05:00.744 W/cedarc ( 369): : cannot open /dev/sunxi_soc_info, it maybe ok!
11-05 14:05:00.744 I/cedarc ( 369): : *** ic_version = 0x3301000012011,
11-05 14:05:00.744 I/hwservicemanager( 180): getTransport: Cannot find entry android.hardware.gnss@2.0::IGnss/default in either framework or device VINTF manifest.
11-05 14:05:00.745 D/GnssLocationProviderJni( 476): gnssHal 2.0 was null, trying 1.1
11-05 14:05:00.745 I/hwservicemanager( 180): getTransport: Cannot find entry android.hardware.gnss@1.1::IGnss/default in either framework or device VINTF manifest.
11-05 14:05:00.745 D/GnssLocationProviderJni( 476): gnssHal 1.1 was null, trying 1.0
11-05 14:05:00.745 I/hwservicemanager( 180): getTransport: Cannot find entry android.hardware.gnss@1.0::IGnss/default in either framework or device VINTF manifest.
11-05 14:05:00.746 E/OMXNodeInstance( 369): getParameter(0xeb85a000:allwinner.encoder.avc, ParamVideoProfileLevelQuerySupported(0x600000f)) ERROR: BadParameter(0x80001005)
11-05 14:05:00.746 W/OMXUtils( 361): do not know color format 0x7f000789 = 2130708361
11-05 14:05:00.747 W/OMXUtils( 361): do not know color format 0x7f000001 = 2130706433
11-05 14:05:00.747 E/omx_venc( 369): <__AwOmxVencGetParameter:882>: get_parameter erro: pParamData->nIndex > m_sInPortFormatType.nIndex, param index 3. impl in->index 2.
11-05 14:05:00.747 E/OMXNodeInstance( 369): getConfig(0xeb85a000:allwinner.encoder.avc, ConfigAndroidIntraRefresh(0x6f60000a)) ERROR: UnsupportedIndex(0x8000101a)
11-05 14:05:00.747 E/omx_venc( 369): : get_parameter: unknown param 0xeb957d00
11-05 14:05:00.747 E/omx_venc( 369): 
11-05 14:05:00.747 E/OMXNodeInstance( 369): getParameter(0xeb85a000:allwinner.encoder.avc, ParamVideoIntraRefresh(0x6000006)) ERROR: UnsupportedIndex(0x8000101a)
11-05 14:05:00.747 D/MediaCodecInfo( 361): detail feature-frame-parsing wasn't present to remove
11-05 14:05:00.750 D/ ( 417): enable_cedar_hw_clk,516
11-05 14:05:00.755 I/cedarc ( 369): : not malloc locks
11-05 14:05:00.756 W/PackageManager( 476): Loading a package that does not exist for the calling user. package=null, user=0
11-05 14:05:00.756 D/nativeloader( 720): classloader namespace configured for unbundled product apk. library_path=/product/app/webview/lib/arm:/product/app/webview/webview.apk!/lib/armeabi-v7a:/product/lib:/system/product/lib
11-05 14:05:00.761 D/ ( 417): disable_cedar_hw_clk,546
11-05 14:05:00.777 I/Codec2Client( 361): Available Codec2 services: "software"
11-05 14:05:00.780 V/C2Store ( 389): in init
11-05 14:05:00.780 V/C2Store ( 389): loading dll
11-05 14:05:00.781 E/LocationManagerService( 476): no geocoder provider found
11-05 14:05:00.781 E/ActivityRecognitionHardware( 476): activity_recognition HAL is deprecated. is_supported is effectively a no-op
11-05 14:05:00.781 E/LocationManagerService( 476): unable to bind ActivityRecognitionProxy
11-05 14:05:00.782 I/WallpaperManagerService( 476): switch-user-0
11-05 14:05:00.782 V/WallpaperManagerService( 476): bindWallpaperComponentLocked: componentName=ComponentInfo{com.android.systemui/com.android.systemui.ImageWallpaper}
11-05 14:05:00.787 D/SoundTriggerService( 476): onBootPhase: 600 : false
11-05 14:05:00.789 I/keystore2( 203): keystore2::authorization: on_lock_screen_event(LockScreenEvent(0), user_id=0, password.is_some()=false, unlocking_sids=Some([]))
11-05 14:05:00.800 V/C2Store ( 389): in ~ComponentModule
11-05 14:05:00.800 V/C2Store ( 389): unloading dll
11-05 14:05:00.801 V/C2Store ( 389): in init
11-05 14:05:00.801 V/C2Store ( 389): loading dll
11-05 14:05:00.815 W/AlarmManager( 476): Unrecognized alarm listener com.android.server.stats.StatsCompanionService$AnomalyAlarmListener@9fe618d
11-05 14:05:00.815 W/AlarmManager( 476): Unrecognized alarm listener com.android.server.stats.StatsCompanionService$PullingAlarmListener@316af42
11-05 14:05:00.815 W/AlarmManager( 476): Unrecognized alarm listener com.android.server.stats.StatsCompanionService$PeriodicAlarmListener@91aeb53
11-05 14:05:00.821 V/C2Store ( 389): in ~ComponentModule
11-05 14:05:00.821 V/C2Store ( 389): unloading dll
11-05 14:05:00.821 V/C2Store ( 389): in init
11-05 14:05:00.821 V/C2Store ( 389): loading dll
11-05 14:05:00.825 I/StatsCompanionService( 476): Told statsd that StatsCompanionService is alive.
11-05 14:05:00.826 D/StatsPullAtomService( 476): Registering NetworkStats pullers with statsd
11-05 14:05:00.827 I/SystemServerTiming( 476): StartNetworkStack
11-05 14:05:00.828 D/ConnectivityModuleConnector( 476): Starting networking module android.net.INetworkStackConnector
11-05 14:05:00.829 D/ConnectivityModuleConnector( 476): Starting networking module in network_stack process
11-05 14:05:00.835 D/CompatibilityChangeReporter( 476): Compat change id reported: 135634846; UID 1073; state: DISABLED
11-05 14:05:00.836 D/ConnectivityModuleConnector( 476): Networking module service start requested
11-05 14:05:00.837 I/SystemServerTiming( 476): StartTethering
11-05 14:05:00.838 D/ConnectivityModuleConnector( 476): Starting networking module android.net.ITetheringConnector
11-05 14:05:00.839 D/ConnectivityModuleConnector( 476): Starting networking module in network_stack process
11-05 14:05:00.841 D/ConnectivityModuleConnector( 476): Networking module service start requested
11-05 14:05:00.842 I/SystemServerTiming( 476): MakeCountryDetectionServiceReady
11-05 14:05:00.842 I/SystemServerTiming( 476): MakeNetworkTimeUpdateReady
11-05 14:05:00.843 W/BestClock( 476): java.time.DateTimeException: Missing NTP fix
11-05 14:05:00.845 D/ConnectivityService( 476): requestNetwork for uid/pid:1000/476 activeRequest: null callbackRequest: 16 [NetworkRequest [ REQUEST id=17, [ Capabilities: INTERNET&NOT_RESTRICTED&TRUSTED&NOT_VCN_MANAGED Uid: 1000 RequestorUid: 1000 RequestorPkg: android] ]] callback flags: 0 priority: 2147483647
11-05 14:05:00.845 D/ConnectivityService( 476): NetReassign [no changes]
11-05 14:05:00.845 I/SystemServerTiming( 476): MakeInputManagerServiceReady
11-05 14:05:00.847 D/PPPOE ( 476): got request NetworkRequest [ REQUEST id=17, [ Capabilities: INTERNET&NOT_RESTRICTED&TRUSTED&NOT_VCN_MANAGED Uid: 1000 RequestorUid: 1000 RequestorPkg: android] ]
11-05 14:05:00.853 I/SystemServerTiming( 476): MakeTelephonyRegistryReady
11-05 14:05:00.853 D/Zygote ( 242): Forked child process 760
11-05 14:05:00.855 I/SystemServerTiming( 476): MakeMediaRouterServiceReady
11-05 14:05:00.860 V/C2Store ( 389): in ~ComponentModule
11-05 14:05:00.860 V/C2Store ( 389): unloading dll
11-05 14:05:00.860 V/C2Store ( 389): in init
11-05 14:05:00.860 V/C2Store ( 389): loading dll
11-05 14:05:00.864 I/SystemServerTiming( 476): MakeMmsServiceReady
11-05 14:05:00.864 I/MmsServiceBroker( 476): Delay connecting to MmsService until an API is called
11-05 14:05:00.864 I/SystemServerTiming( 476): IncidentDaemonReady
11-05 14:05:00.865 I/Zygote ( 760): seccomp disabled by setenforce 0
11-05 14:05:00.866 I/InputReader( 476): Reconfiguring input devices, changes=DEVICE_ALIAS |
11-05 14:05:00.868 I/SystemServerTiming( 476): MakeIncrementalServiceReady
11-05 14:05:00.869 I/SystemServerTiming( 476): getCurrentUser
11-05 14:05:00.869 I/ActivityManager( 476): Current user:0
11-05 14:05:00.869 I/SystemServerTiming( 476): ActivityManagerStartApps
11-05 14:05:00.870 I/SystemServerTiming( 476): ssm.StartUser-0
11-05 14:05:00.870 I/SystemServiceManager( 476): Calling onStartUser 0
11-05 14:05:00.871 I/InputReader( 476): Reconfiguring input devices, changes=KEYBOARD_LAYOUTS |
11-05 14:05:00.872 I/ActivityManager( 476): app.processName = com.android.networkstack.process
11-05 14:05:00.872 I/ActivityManager( 476): Start proc 760:com.android.networkstack.process/1073 for service {com.android.networkstack/com.android.server.NetworkStackService}
11-05 14:05:00.872 I/rainbow_flow( 325): type=1400 audit(0.0:331): avc: denied { ioctl } for path="/dev/spidev1.0" dev="tmpfs" ino=633 ioctlcmd=0x6b00 scontext=u:r:init:s0 tcontext=u:object_r:device:s0 tclass=chr_file permissive=1
11-05 14:05:00.881 W/BestClock( 476): java.time.DateTimeException: Missing NTP fix
11-05 14:05:00.884 W/BestClock( 476): java.time.DateTimeException: Missing NTP fix
11-05 14:05:00.887 V/C2Store ( 389): in ~ComponentModule
11-05 14:05:00.888 I/adbd ( 394): jdwp connection from 760
11-05 14:05:00.888 V/C2Store ( 389): unloading dll
11-05 14:05:00.888 V/C2Store ( 389): in init
11-05 14:05:00.888 V/C2Store ( 389): loading dll
11-05 14:05:00.892 W/BestClock( 476): java.time.DateTimeException: Missing NTP fix
11-05 14:05:00.895 W/BestClock( 476): java.time.DateTimeException: Missing NTP fix
11-05 14:05:00.896 V/StorageManagerService( 476): Package com.dangbei.lerad.leradwatcher has legacy storage
11-05 14:05:00.896 V/StorageManagerService( 476): Package com.android.cts.priv.ctsshim does not have legacy storage
11-05 14:05:00.896 V/StorageManagerService( 476): Package com.android.dynsystem does not have legacy storage
11-05 14:05:00.896 V/StorageManagerService( 476): Package com.dangbei.lerad.rocky does not have legacy storage
11-05 14:05:00.896 V/StorageManagerService( 476): Package com.android.providers.calendar does not have legacy storage
11-05 14:05:00.896 V/StorageManagerService( 476): Package com.android.tv.settings does not have legacy storage
11-05 14:05:00.897 V/StorageManagerService( 476): Package com.android.providers.media does not have legacy storage
11-05 14:05:00.897 V/StorageManagerService( 476): Package com.oranth.factory does not have legacy storage
11-05 14:05:00.897 V/StorageManagerService( 476): Package com.android.internal.systemui.navbar.gestural_wide_back does not have legacy storage
11-05 14:05:00.897 V/StorageManagerService( 476): Package com.dangbei.zhushou.os does not have legacy storage
11-05 14:05:00.897 V/StorageManagerService( 476): Package com.android.wallpapercropper does not have legacy storage
11-05 14:05:00.897 V/StorageManagerService( 476): Package com.softwinner.provision does not have legacy storage
11-05 14:05:00.897 V/StorageManagerService( 476): Package com.softwinner.awlogsettings does not have legacy storage
11-05 14:05:00.897 V/StorageManagerService( 476): Package com.android.documentsui does not have legacy storage
11-05 14:05:00.897 V/StorageManagerService( 476): Package com.sohu.inputmethod.sogou.tv has legacy storage
11-05 14:05:00.897 V/StorageManagerService( 476): Package com.android.externalstorage does not have legacy storage
11-05 14:05:00.897 V/StorageManagerService( 476): Package com.android.htmlviewer does not have legacy storage
11-05 14:05:00.897 V/StorageManagerService( 476): Package com.android.companiondevicemanager does not have legacy storage
11-05 14:05:00.897 V/StorageManagerService( 476): Package com.android.mms.service does not have legacy storage
11-05 14:05:00.897 V/StorageManagerService( 476): Package com.android.providers.downloads does not have legacy storage
11-05 14:05:00.897 V/StorageManagerService( 476): Package com.android.providers.tv does not have legacy storage
11-05 14:05:00.897 V/StorageManagerService( 476): Package com.android.internal.systemui.onehanded.gestural does not have legacy storage
11-05 14:05:00.898 V/StorageManagerService( 476): Package com.oranth.ledstatus does not have legacy storage
11-05 14:05:00.898 V/StorageManagerService( 476): Package com.dangbei.lerad.videoposter has legacy storage
11-05 14:05:00.898 V/StorageManagerService( 476): Package com.android.providers.downloads.ui does not have legacy storage
11-05 14:05:00.898 V/StorageManagerService( 476): Package com.android.pacprocessor does not have legacy storage
11-05 14:05:00.898 V/StorageManagerService( 476): Package com.android.simappdialog does not have legacy storage
11-05 14:05:00.898 V/StorageManagerService( 476): Package com.android.networkstack does not have legacy storage
11-05 14:05:00.898 V/StorageManagerService( 476): Package com.android.connectivity.resources does not have legacy storage
11-05 14:05:00.898 V/StorageManagerService( 476): Package com.android.modulemetadata does not have legacy storage
11-05 14:05:00.898 V/StorageManagerService( 476): Package com.android.certinstaller does not have legacy storage
11-05 14:05:00.898 V/StorageManagerService( 476): Package com.android.carrierconfig does not have legacy storage
11-05 14:05:00.898 V/StorageManagerService( 476): Package com.google.android.apps.searchlite.overlay does not have legacy storage
11-05 14:05:00.898 V/StorageManagerService( 476): Package com.android.internal.systemui.navbar.threebutton does not have legacy storage
11-05 14:05:00.898 V/StorageManagerService( 476): Package android does not have legacy storage
11-05 14:05:00.898 V/StorageManagerService( 476): Package com.google.android.networkstackconfig does not have legacy storage
11-05 14:05:00.899 V/StorageManagerService( 476): Package com.softwinner.settingssetup does not have legacy storage
11-05 14:05:00.899 V/StorageManagerService( 476): Package com.android.egg does not have legacy storage
11-05 14:05:00.899 V/StorageManagerService( 476): Package com.android.mtp does not have legacy storage
11-05 14:05:00.899 V/StorageManagerService( 476): Package com.android.backupconfirm does not have legacy storage
11-05 14:05:00.899 V/StorageManagerService( 476): Package com.softwinner.timerswitch does not have legacy storage
11-05 14:05:00.899 V/StorageManagerService( 476): Package com.android.statementservice does not have legacy storage
11-05 14:05:00.899 V/StorageManagerService( 476): Package com.dangbei.screencast has legacy storage
11-05 14:05:00.899 V/StorageManagerService( 476): Package com.android.settings.intelligence does not have legacy storage
11-05 14:05:00.899 V/StorageManagerService( 476): Package com.android.internal.systemui.navbar.gestural_extra_wide_back does not have legacy storage
11-05 14:05:00.899 V/StorageManagerService( 476): Package com.dangbei.leard.leradlauncher does not have legacy storage
11-05 14:05:00.903 V/StorageManagerService( 476): Package com.android.providers.settings does not have legacy storage
11-05 14:05:00.904 V/StorageManagerService( 476): Package com.android.sharedstoragebackup does not have legacy storage
11-05 14:05:00.904 V/StorageManagerService( 476): Package com.android.printspooler does not have legacy storage
11-05 14:05:00.904 V/StorageManagerService( 476): Package com.android.dreams.basic does not have legacy storage
11-05 14:05:00.904 V/StorageManagerService( 476): Package com.android.webview does not have legacy storage
11-05 14:05:00.904 V/StorageManagerService( 476): Package com.android.se does not have legacy storage
11-05 14:05:00.904 V/StorageManagerService( 476): Package com.android.tv does not have legacy storage
11-05 14:05:00.904 V/StorageManagerService( 476): Package com.android.inputdevices does not have legacy storage
11-05 14:05:00.904 V/StorageManagerService( 476): Package com.android.bips does not have legacy storage
11-05 14:05:00.904 V/StorageManagerService( 476): Package com.oranth.inputmacsn does not have legacy storage
11-05 14:05:00.905 V/StorageManagerService( 476): Package com.android.musicfx does not have legacy storage
11-05 14:05:00.905 V/StorageManagerService( 476): Package com.dangbei.hqguide does not have legacy storage
11-05 14:05:00.905 V/StorageManagerService( 476): Package android.ext.shared does not have legacy storage
11-05 14:05:00.905 V/StorageManagerService( 476): Package com.android.onetimeinitializer does not have legacy storage
11-05 14:05:00.905 V/StorageManagerService( 476): Package com.android.keychain does not have legacy storage
11-05 14:05:00.905 V/StorageManagerService( 476): Package com.android.printservice.recommendation does not have legacy storage
11-05 14:05:00.905 V/StorageManagerService( 476): Package com.google.android.networkstack.tetheringconfig does not have legacy storage
11-05 14:05:00.905 V/StorageManagerService( 476): Package android.ext.services does not have legacy storage
11-05 14:05:00.905 V/StorageManagerService( 476): Package com.android.wifi.resources does not have legacy storage
11-05 14:05:00.905 V/StorageManagerService( 476): Package com.android.localtransport does not have legacy storage
11-05 14:05:00.905 V/StorageManagerService( 476): Package com.android.packageinstaller does not have legacy storage
11-05 14:05:00.905 V/StorageManagerService( 476): Package com.android.theme.font.notoserifsource does not have legacy storage
11-05 14:05:00.905 V/StorageManagerService( 476): Package com.android.proxyhandler does not have legacy storage
11-05 14:05:00.905 V/StorageManagerService( 476): Package com.softwinner.screenshot does not have legacy storage
11-05 14:05:00.906 V/StorageManagerService( 476): Package com.android.managedprovisioning does not have legacy storage
11-05 14:05:00.906 D/CompatibilityChangeReporter( 476): Compat change id reported: 168419799; UID 1073; state: DISABLED
11-05 14:05:00.906 V/StorageManagerService( 476): Package com.oranth.usbopenft does not have legacy storage
11-05 14:05:00.906 V/StorageManagerService( 476): Package com.android.networkstack.tethering does not have legacy storage
11-05 14:05:00.906 V/StorageManagerService( 476): Package com.android.soundpicker does not have legacy storage
11-05 14:05:00.906 V/StorageManagerService( 476): Package com.dangbei.lerad.etna.haqu does not have legacy storage
11-05 14:05:00.906 V/StorageManagerService( 476): Package com.allwinnertech.packageoverride does not have legacy storage
11-05 14:05:00.906 V/StorageManagerService( 476): Package com.android.smspush does not have legacy storage
11-05 14:05:00.906 V/StorageManagerService( 476): Package com.android.wallpaper.livepicker does not have legacy storage
11-05 14:05:00.906 V/StorageManagerService( 476): Package com.tv.filemanager.os has legacy storage
11-05 14:05:00.906 V/StorageManagerService( 476): Package com.oranth.powerwindow does not have legacy storage
11-05 14:05:00.906 V/StorageManagerService( 476): Package com.android.storagemanager does not have legacy storage
11-05 14:05:00.906 V/StorageManagerService( 476): Package com.android.bookmarkprovider does not have legacy storage
11-05 14:05:00.906 V/StorageManagerService( 476): Package com.android.networkstack.permissionconfig does not have legacy storage
11-05 14:05:00.906 V/StorageManagerService( 476): Package com.android.cts.ctsshim does not have legacy storage
11-05 14:05:00.907 V/StorageManagerService( 476): Package com.dangbei.lerad.screensaver does not have legacy storage
11-05 14:05:00.907 V/StorageManagerService( 476): Package com.android.remoteprovisioner does not have legacy storage
11-05 14:05:00.907 V/StorageManagerService( 476): Package com.softwinner.theme.icon does not have legacy storage
11-05 14:05:00.907 V/StorageManagerService( 476): Package com.android.wallpaper does not have legacy storage
11-05 14:05:00.907 V/StorageManagerService( 476): Package com.android.vpndialogs does not have legacy storage
11-05 14:05:00.907 V/StorageManagerService( 476): Package com.android.music does not have legacy storage
11-05 14:05:00.907 V/StorageManagerService( 476): Package com.android.shell does not have legacy storage
11-05 14:05:00.907 V/StorageManagerService( 476): Package com.android.wallpaperbackup does not have legacy storage
11-05 14:05:00.907 V/StorageManagerService( 476): Package com.android.providers.blockednumber does not have legacy storage
11-05 14:05:00.907 V/StorageManagerService( 476): Package com.android.providers.userdictionary does not have legacy storage
11-05 14:05:00.907 V/StorageManagerService( 476): Package com.android.providers.media.module does not have legacy storage
11-05 14:05:00.907 V/StorageManagerService( 476): Package com.softwinner.theme.color does not have legacy storage
11-05 14:05:00.907 V/StorageManagerService( 476): Package com.oranth.storage does not have legacy storage
11-05 14:05:00.908 V/StorageManagerService( 476): Package com.android.hotspot2.osulogin does not have legacy storage
11-05 14:05:00.908 V/StorageManagerService( 476): Package com.android.internal.systemui.navbar.gestural does not have legacy storage
11-05 14:05:00.908 V/StorageManagerService( 476): Package com.android.location.fused does not have legacy storage
11-05 14:05:00.908 V/StorageManagerService( 476): Package com.android.systemui does not have legacy storage
11-05 14:05:00.908 V/StorageManagerService( 476): Package com.dangbei.haqusetting does not have legacy storage
11-05 14:05:00.908 V/StorageManagerService( 476): Package com.android.bluetoothmidiservice does not have legacy storage
11-05 14:05:00.908 V/StorageManagerService( 476): Package com.softwinner.awmanager does not have legacy storage
11-05 14:05:00.908 V/StorageManagerService( 476): Package com.android.permissioncontroller does not have legacy storage
11-05 14:05:00.908 V/StorageManagerService( 476): Package com.softwinner.miracastReceiver does not have legacy storage
11-05 14:05:00.908 V/StorageManagerService( 476): Package com.android.traceur does not have legacy storage
11-05 14:05:00.908 V/StorageManagerService( 476): Package com.android.bluetooth does not have legacy storage
11-05 14:05:00.910 V/StorageManagerService( 476): Package com.android.providers.contacts does not have legacy storage
11-05 14:05:00.911 V/StorageManagerService( 476): Package com.android.captiveportallogin does not have legacy storage
11-05 14:05:00.912 V/StorageManagerService( 476): Package com.android.internal.systemui.navbar.gestural_narrow_back does not have legacy storage
11-05 14:05:00.912 V/StorageManagerService( 476): Package android.auto_generated_rro_vendor__ does not have legacy storage
11-05 14:05:00.918 V/C2Store ( 389): in ~ComponentModule
11-05 14:05:00.918 V/C2Store ( 389): unloading dll
11-05 14:05:00.918 V/C2Store ( 389): in init
11-05 14:05:00.918 V/C2Store ( 389): loading dll
11-05 14:05:00.920 D/CompatibilityChangeReporter( 476): Compat change id reported: 168419799; UID 1073; state: DISABLED
11-05 14:05:00.921 W/BestClock( 476): java.time.DateTimeException: Missing NTP fix
11-05 14:05:00.923 D/CompatibilityChangeReporter( 760): Compat change id reported: 171979766; UID 1073; state: ENABLED
11-05 14:05:00.924 W/BestClock( 476): java.time.DateTimeException: Missing NTP fix
11-05 14:05:00.926 W/BestClock( 476): java.time.DateTimeException: Missing NTP fix
11-05 14:05:00.927 W/BestClock( 476): java.time.DateTimeException: Missing NTP fix
11-05 14:05:00.932 W/VoiceInteractionManager( 476): no available voice recognition services found for user 0
11-05 14:05:00.932 V/C2Store ( 389): in ~ComponentModule
11-05 14:05:00.932 V/C2Store ( 389): unloading dll
11-05 14:05:00.932 V/C2Store ( 389): in init
11-05 14:05:00.932 V/C2Store ( 389): loading dll
11-05 14:05:00.935 W/AppBindingService( 476): [Default SMS app] u0 Target package not found
11-05 14:05:00.936 W/IorapForwardingService( 476): No service published for: iorapd
11-05 14:05:00.938 V/GameManagerService( 476): Settings file doesn't exists, skip reading
11-05 14:05:00.939 I/SystemServerTiming( 476): startPersistentApps
11-05 14:05:00.940 D/CompatibilityChangeReporter( 476): Compat change id reported: 135634846; UID 1068; state: DISABLED
11-05 14:05:00.941 I/SystemServerTiming( 476): startHomeOnAllDisplays
11-05 14:05:00.948 V/C2Store ( 389): in ~ComponentModule
11-05 14:05:00.948 V/C2Store ( 389): unloading dll
11-05 14:05:00.948 V/C2Store ( 389): in init
11-05 14:05:00.948 V/C2Store ( 389): loading dll
11-05 14:05:00.951 I/ActivityStarter( 476): ---START u0 {act=android.intent.action.MAIN cat=[android.intent.category.HOME] flg=0x10000100 cmp=com.android.tv.settings/.system.FallbackHome (has extras)} from uid 0
11-05 14:05:00.955 W/BestClock( 476): java.time.DateTimeException: Missing NTP fix
11-05 14:05:00.957 D/Zygote ( 242): Forked child process 776
11-05 14:05:00.960 W/BestClock( 476): java.time.DateTimeException: Missing NTP fix
11-05 14:05:00.965 V/C2Store ( 389): in ~ComponentModule
11-05 14:05:00.965 V/C2Store ( 389): unloading dll
11-05 14:05:00.965 V/C2Store ( 389): in init
11-05 14:05:00.965 V/C2Store ( 389): loading dll
11-05 14:05:00.965 I/Zygote ( 776): seccomp disabled by setenforce 0
11-05 14:05:00.969 E/droid.bluetoot( 670): [1105/140500.969119:ERROR:hal_version_manager.h(125)] HalVersionManager No supported HAL version
11-05 14:05:00.981 I/mediaswcodec( 389): missing struct descriptor #Param::CoreIndex(--004) for field values of struct #Param::CoreIndex(F-12004)
11-05 14:05:00.981 I/droid.bluetoot( 670): [1105/140500.981585:INFO:btif_config_cache.cc(61)] BtifConfigCache, capacity: 10000
11-05 14:05:00.982 I/mediaswcodec( 389): missing struct descriptor #Param::CoreIndex(--1812) for field values of struct #Param::CoreIndex(F-11812)
11-05 14:05:00.984 V/C2Store ( 389): in ~ComponentModule
11-05 14:05:00.984 V/C2Store ( 389): unloading dll
11-05 14:05:00.984 V/C2Store ( 389): in init
11-05 14:05:00.984 V/C2Store ( 389): loading dll
11-05 14:05:00.991 I/adbd ( 394): jdwp connection from 776
11-05 14:05:00.995 W/Zygote ( 242): forkRepeatedly terminated due to non-simple command
11-05 14:05:00.995 D/Zygote ( 242): mbuffer starts with 14, nice name is webview_zygote, mEnd = 401, mNext = 159, mLinesLeft = 6, mFd = 4
11-05 14:05:00.997 W/BestClock( 476): java.time.DateTimeException: Missing NTP fix
11-05 14:05:01.000 I/WebViewLoader-( 720): System.exit called, status: 0
11-05 14:05:01.001 I/AndroidRuntime( 720): VM exiting with result code 0, cleanup skipped.
11-05 14:05:01.002 W/BestClock( 476): java.time.DateTimeException: Missing NTP fix
11-05 14:05:01.011 V/C2Store ( 389): in ~ComponentModule
11-05 14:05:01.012 V/C2Store ( 389): unloading dll
11-05 14:05:01.012 V/C2Store ( 389): in init
11-05 14:05:01.012 V/C2Store ( 389): loading dll
11-05 14:05:01.012 I/ndroid.systemui( 683): type=1400 audit(0.0:332): avc: denied { search } for name="com.android.systemui" dev="mmcblk0p25" ino=486 scontext=u:r:platform_app:s0:c512,c768 tcontext=u:object_r:app_data_file:s0:c512,c768 tclass=dir permissive=1 app=com.softwinner.screenshot
11-05 14:05:01.021 V/GraphicsEnvironment( 683): ANGLE Developer option for 'com.android.systemui' set to: 'default'
11-05 14:05:01.022 V/GraphicsEnvironment( 683): Neither updatable production driver nor prerelease driver is supported.
11-05 14:05:01.023 W/BestClock( 476): java.time.DateTimeException: Missing NTP fix
11-05 14:05:01.027 I/Zygote ( 242): Process 720 exited cleanly (0)
11-05 14:05:01.029 V/C2Store ( 389): in ~ComponentModule
11-05 14:05:01.029 D/NetworkSecurityConfig( 683): No Network Security Config specified, using platform default
11-05 14:05:01.030 D/NetworkSecurityConfig( 683): No Network Security Config specified, using platform default
11-05 14:05:01.030 W/BestClock( 476): java.time.DateTimeException: Missing NTP fix
11-05 14:05:01.030 V/C2Store ( 389): unloading dll
11-05 14:05:01.031 V/C2Store ( 389): in init
11-05 14:05:01.031 V/C2Store ( 389): loading dll
11-05 14:05:01.040 V/C2Store ( 389): in ~ComponentModule
11-05 14:05:01.040 V/C2Store ( 389): unloading dll
11-05 14:05:01.041 V/C2Store ( 389): in init
11-05 14:05:01.041 V/C2Store ( 389): loading dll
11-05 14:05:01.043 D/Zygote ( 242): Forked child process 799
11-05 14:05:01.046 W/ZygoteProcess( 476): Got error connecting to zygote, retrying. msg= Connection refused
11-05 14:05:01.050 V/C2Store ( 389): in ~ComponentModule
11-05 14:05:01.050 V/C2Store ( 389): unloading dll
11-05 14:05:01.050 V/C2Store ( 389): in init
11-05 14:05:01.050 V/C2Store ( 389): loading dll
11-05 14:05:01.051 I/BluetoothServiceJni( 670): hal_util_load_bt_library: loaded Bluetooth library successfully
11-05 14:05:01.052 V/GraphicsEnvironment( 760): ANGLE Developer option for 'com.android.networkstack' set to: 'default'
11-05 14:05:01.052 V/GraphicsEnvironment( 760): Neither updatable production driver nor prerelease driver is supported.
11-05 14:05:01.053 D/BluetoothAdapterService( 670): onCreate()
11-05 14:05:01.055 D/NetworkSecurityConfig( 760): No Network Security Config specified, using platform default
11-05 14:05:01.056 D/NetworkSecurityConfig( 760): No Network Security Config specified, using platform default
11-05 14:05:01.057 I/Zygote ( 799): seccomp disabled by setenforce 0
11-05 14:05:01.058 V/C2Store ( 389): in ~ComponentModule
11-05 14:05:01.058 V/C2Store ( 389): unloading dll
11-05 14:05:01.058 V/C2Store ( 389): in init
11-05 14:05:01.058 V/C2Store ( 389): loading dll
11-05 14:05:01.062 V/SystemUIService( 683): SystemUIApplication constructed.
11-05 14:05:01.066 W/BestClock( 476): java.time.DateTimeException: Missing NTP fix
11-05 14:05:01.066 V/C2Store ( 389): in ~ComponentModule
11-05 14:05:01.067 V/C2Store ( 389): unloading dll
11-05 14:05:01.068 V/C2Store ( 389): in init
11-05 14:05:01.068 V/C2Store ( 389): loading dll
11-05 14:05:01.069 D/CompatibilityChangeReporter( 476): Compat change id reported: 174042980; UID 1000; state: DISABLED
11-05 14:05:01.070 W/BestClock( 476): java.time.DateTimeException: Missing NTP fix
11-05 14:05:01.075 I/WebViewZygoteInit( 799): Starting WebViewZygoteInit
11-05 14:05:01.079 D/libcheckfile( 476): checkfile_init
11-05 14:05:01.079 I/Zygote ( 799): seccomp disabled by setenforce 0
11-05 14:05:01.079 V/C2Store ( 389): in ~ComponentModule
11-05 14:05:01.079 V/C2Store ( 389): unloading dll
11-05 14:05:01.079 V/C2Store ( 389): in init
11-05 14:05:01.080 V/C2Store ( 389): loading dll
11-05 14:05:01.080 D/ActivityTaskManager( 476): isHomeLauncher info= ActivityInfo{3564055 com.android.tv.settings.system.FallbackHome}
11-05 14:05:01.076 I/rainbow_flow( 325): type=1400 audit(0.0:333): avc: denied { ioctl } for path="/dev/spidev1.0" dev="tmpfs" ino=633 ioctlcmd=0x6b00 scontext=u:r:init:s0 tcontext=u:object_r:device:s0 tclass=chr_file permissive=1
11-05 14:05:01.080 I/system_server( 810): type=1400 audit(0.0:334): avc: denied { execute } for name="am" dev="dm-1" ino=1164 scontext=u:r:system_server:s0 tcontext=u:object_r:vendor_file:s0 tclass=file permissive=1
11-05 14:05:01.080 I/system_server( 810): type=1400 audit(0.0:335): avc: denied { read open } for path="/vendor/xbin/am" dev="dm-1" ino=1164 scontext=u:r:system_server:s0 tcontext=u:object_r:vendor_file:s0 tclass=file permissive=1
11-05 14:05:01.080 I/system_server( 810): type=1400 audit(0.0:336): avc: denied { execute_no_trans } for path="/vendor/xbin/am" dev="dm-1" ino=1164 scontext=u:r:system_server:s0 tcontext=u:object_r:vendor_file:s0 tclass=file permissive=1
11-05 14:05:01.084 I/system_server( 810): type=1400 audit(0.0:337): avc: denied { execute } for name="sh" dev="dm-0" ino=1202 scontext=u:r:system_server:s0 tcontext=u:object_r:shell_exec:s0 tclass=file permissive=1
11-05 14:05:01.084 I/system_server( 810): type=1400 audit(0.0:338): avc: denied { read open } for path="/system/bin/sh" dev="dm-0" ino=1202 scontext=u:r:system_server:s0 tcontext=u:object_r:shell_exec:s0 tclass=file permissive=1
11-05 14:05:01.084 I/am ( 810): type=1400 audit(0.0:339): avc: denied { map } for path="/system/bin/sh" dev="dm-0" ino=1202 scontext=u:r:system_server:s0 tcontext=u:object_r:shell_exec:s0 tclass=file permissive=1
11-05 14:05:01.091 I/AW_PowerHAL( 259): Power setMode: SUSTAINED_PERFORMANCE to: 1
11-05 14:05:01.088 I/am ( 810): type=1400 audit(0.0:340): avc: denied { getattr } for path="/system/bin/sh" dev="dm-0" ino=1202 scontext=u:r:system_server:s0 tcontext=u:object_r:shell_exec:s0 tclass=file permissive=1
11-05 14:05:01.094 W/AW_PowerHAL( 259): Could not open nsi-bw: No such file or directory
11-05 14:05:01.094 I/AW_PowerHAL( 259): cur-mode:PERFORMANCE
11-05 14:05:01.100 W/BestClock( 476): java.time.DateTimeException: Missing NTP fix
11-05 14:05:01.103 I/SystemServerTiming( 476): showSystemReadyErrorDialogs
11-05 14:05:01.103 I/system_server( 476): getFrameworkHalManifest: Reading VINTF information.
11-05 14:05:01.096 I/ndroid.systemui( 683): type=1400 audit(0.0:341): avc: denied { getattr } for path="/data/user_de/0/com.android.systemui/cache" dev="mmcblk0p25" ino=487 scontext=u:r:platform_app:s0:c512,c768 tcontext=u:object_r:app_data_file:s0:c512,c768 tclass=dir permissive=1 app=com.softwinner.screenshot
11-05 14:05:01.105 W/BestClock( 476): java.time.DateTimeException: Missing NTP fix
11-05 14:05:01.106 W/StorageManagerService( 476): No primary storage defined yet; hacking together a stub
11-05 14:05:01.107 I/system_server( 476): getDeviceHalManifest: Reading VINTF information.
11-05 14:05:01.111 V/C2Store ( 389): in ~ComponentModule
11-05 14:05:01.111 V/C2Store ( 389): unloading dll
11-05 14:05:01.111 V/C2Store ( 389): in init
11-05 14:05:01.111 V/C2Store ( 389): loading dll
11-05 14:05:01.108 I/am ( 812): type=1400 audit(0.0:342): avc: denied { execute_no_trans } for path="/system/bin/cmd" dev="dm-0" ino=937 scontext=u:r:system_server:s0 tcontext=u:object_r:system_file:s0 tclass=file permissive=1
11-05 14:05:01.115 I/system_server( 476): getDeviceHalManifest: Successfully processed VINTF information
11-05 14:05:01.115 I/system_server( 476): getFrameworkHalManifest: Successfully processed VINTF information
11-05 14:05:01.115 I/system_server( 476): getFrameworkCompatibilityMatrix: Reading VINTF information.
11-05 14:05:01.118 I/WebViewZygoteInit( 799): Beginning application preload for com.android.webview
11-05 14:05:01.128 D/nativeloader( 799): classloader namespace configured for unbundled product apk. library_path=/product/app/webview/lib/arm:/product/app/webview/webview.apk!/lib/armeabi-v7a:/product/lib:/system/product/lib
11-05 14:05:01.132 I/mediaswcodec( 389): missing struct descriptor #Param::CoreIndex(--004) for field values of struct #Param::CoreIndex(F-12004)
11-05 14:05:01.135 D/C2SoftHevcEnc( 389): Given level 6000 does not cover current configuration: adjusting to 6001
11-05 14:05:01.138 V/C2Store ( 389): in ~ComponentModule
11-05 14:05:01.138 V/C2Store ( 389): unloading dll
11-05 14:05:01.138 V/C2Store ( 389): in init
11-05 14:05:01.138 V/C2Store ( 389): loading dll
11-05 14:05:01.143 W/BestClock( 476): java.time.DateTimeException: Missing NTP fix
11-05 14:05:01.147 W/BestClock( 476): java.time.DateTimeException: Missing NTP fix
11-05 14:05:01.148 V/C2Store ( 389): in ~ComponentModule
11-05 14:05:01.149 V/C2Store ( 389): unloading dll
11-05 14:05:01.149 V/C2Store ( 389): in init
11-05 14:05:01.149 V/C2Store ( 389): loading dll
11-05 14:05:01.158 V/C2Store ( 389): in ~ComponentModule
11-05 14:05:01.159 V/C2Store ( 389): unloading dll
11-05 14:05:01.159 V/C2Store ( 389): in init
11-05 14:05:01.159 V/C2Store ( 389): loading dll
11-05 14:05:01.165 V/C2Store ( 389): in ~ComponentModule
11-05 14:05:01.165 V/C2Store ( 389): unloading dll
11-05 14:05:01.165 V/C2Store ( 389): in init
11-05 14:05:01.165 V/C2Store ( 389): loading dll
11-05 14:05:01.164 I/xiriservice_All( 323): type=1400 audit(0.0:343): avc: denied { read } for scontext=u:r:init:s0 tcontext=u:r:init:s0 tclass=netlink_kobject_uevent_socket permissive=1
11-05 14:05:01.172 V/C2Store ( 389): in ~ComponentModule
11-05 14:05:01.172 V/C2Store ( 389): unloading dll
11-05 14:05:01.173 V/C2Store ( 389): in init
11-05 14:05:01.173 V/C2Store ( 389): loading dll
11-05 14:05:01.175 I/libphy ( 305): 5030000.eth: probed
11-05 14:05:01.175 E/ ( 305): get_key_map_info()187 - Failed to find "oe" in dts.
11-05 14:05:01.185 I/ ( 305): sunxi-gmac 5030000.eth eth0: eth0: Type(7) PHY ID 00441400 at 0 IRQ poll (5030000.eth-0:00)
11-05 14:05:01.184 W/BestClock( 476): java.time.DateTimeException: Missing NTP fix
11-05 14:05:01.188 W/BestClock( 476): java.time.DateTimeException: Missing NTP fix
11-05 14:05:01.190 V/C2Store ( 389): in ~ComponentModule
11-05 14:05:01.190 V/C2Store ( 389): unloading dll
11-05 14:05:01.190 V/C2Store ( 389): in init
11-05 14:05:01.190 V/C2Store ( 389): loading dll
11-05 14:05:01.195 I/EthernetTracker( 476): interfaceLinkStateChanged, iface: eth0, up: false
11-05 14:05:01.195 W/PppoeNetworkFactory( 476): interfaceLinkStateChanged
11-05 14:05:01.196 D/PppoeNetworkFactory( 476): updateInterface: mIface: mPhyIface:eth0 iface:eth0 link:down
11-05 14:05:01.196 I/EthernetTracker( 476): interfaceLinkStateChanged, iface: eth0, up: false
11-05 14:05:01.196 W/PppoeNetworkFactory( 476): interfaceLinkStateChanged
11-05 14:05:01.196 D/PppoeNetworkFactory( 476): updateInterface: mIface: mPhyIface:eth0 iface:eth0 link:down
11-05 14:05:01.197 D/EthernetTracker( 476): Tracking interface in client mode: eth0
11-05 14:05:01.197 D/EthernetNetworkFactory( 476): addInterface, iface: eth0, capabilities: [ Transports: ETHERNET Capabilities: NOT_METERED&INTERNET&NOT_RESTRICTED&TRUSTED&NOT_VPN&NOT_ROAMING&NOT_CONGESTED&NOT_SUSPENDED&NOT_VCN_MANAGED LinkUpBandwidth>=100000Kbps LinkDnBandwidth>=100000Kbps]
11-05 14:05:01.198 D/EthernetNetworkFactory( 476): updateCapabilityFilter: [ Transports: ETHERNET Capabilities: NOT_METERED&INTERNET&NOT_RESTRICTED&TRUSTED&NOT_VPN&NOT_ROAMING&NOT_CONGESTED&NOT_SUSPENDED&NOT_VCN_MANAGED]
11-05 14:05:01.199 D/EthernetNetworkFactory( 476): updateInterfaceLinkState, iface: eth0, up: false
11-05 14:05:01.199 D/EthernetNetworkFactory( 476): updateInterfaceLinkState, iface: eth0, up: false
11-05 14:05:01.200 D/Ethernet( 476): got request NetworkRequest [ REQUEST id=4, [ Transports: ETHERNET Capabilities: INTERNET&NOT_RESTRICTED&TRUSTED&NOT_VPN&NOT_VCN_MANAGED RequestorUid: 1000 RequestorPkg: android] ]
11-05 14:05:01.200 V/C2Store ( 389): in ~ComponentModule
11-05 14:05:01.200 V/C2Store ( 389): unloading dll
11-05 14:05:01.201 D/EthernetNetworkFactory( 476): acceptRequest, request: NetworkRequest [ REQUEST id=4, [ Transports: ETHERNET Capabilities: INTERNET&NOT_RESTRICTED&TRUSTED&NOT_VPN&NOT_VCN_MANAGED RequestorUid: 1000 RequestorPkg: android] ]
11-05 14:05:01.201 V/C2Store ( 389): in init
11-05 14:05:01.201 V/C2Store ( 389): loading dll
11-05 14:05:01.201 I/EthernetNetworkFactory( 476): networkForRequest, request: NetworkRequest [ REQUEST id=4, [ Transports: ETHERNET Capabilities: INTERNET&NOT_RESTRICTED&TRUSTED&NOT_VPN&NOT_VCN_MANAGED RequestorUid: 1000 RequestorPkg: android] ], network: null
11-05 14:05:01.201 D/Ethernet( 476): got request NetworkRequest [ REQUEST id=1, [ Capabilities: INTERNET&NOT_RESTRICTED&TRUSTED&NOT_VPN&NOT_VCN_MANAGED RequestorUid: 1000 RequestorPkg: android] ]
11-05 14:05:01.201 D/EthernetNetworkFactory( 476): acceptRequest, request: NetworkRequest [ REQUEST id=1, [ Capabilities: INTERNET&NOT_RESTRICTED&TRUSTED&NOT_VPN&NOT_VCN_MANAGED RequestorUid: 1000 RequestorPkg: android] ]
11-05 14:05:01.201 I/EthernetNetworkFactory( 476): networkForRequest, request: NetworkRequest [ REQUEST id=1, [ Capabilities: INTERNET&NOT_RESTRICTED&TRUSTED&NOT_VPN&NOT_VCN_MANAGED RequestorUid: 1000 RequestorPkg: android] ], network: null
11-05 14:05:01.201 D/Ethernet( 476): got request NetworkRequest [ REQUEST id=10, [ Capabilities: INTERNET&NOT_RESTRICTED&TRUSTED&NOT_VCN_MANAGED Uid: 1000 RequestorUid: 1000 RequestorPkg: android] ]
11-05 14:05:01.201 D/EthernetNetworkFactory( 476): acceptRequest, request: NetworkRequest [ REQUEST id=10, [ Capabilities: INTERNET&NOT_RESTRICTED&TRUSTED&NOT_VCN_MANAGED Uid: 1000 RequestorUid: 1000 RequestorPkg: android] ]
11-05 14:05:01.201 I/EthernetNetworkFactory( 476): networkForRequest, request: NetworkRequest [ REQUEST id=10, [ Capabilities: INTERNET&NOT_RESTRICTED&TRUSTED&NOT_VCN_MANAGED Uid: 1000 RequestorUid: 1000 RequestorPkg: android] ], network: null
11-05 14:05:01.202 D/Ethernet( 476): got request NetworkRequest [ REQUEST id=17, [ Capabilities: INTERNET&NOT_RESTRICTED&TRUSTED&NOT_VCN_MANAGED Uid: 1000 RequestorUid: 1000 RequestorPkg: android] ]
11-05 14:05:01.202 D/EthernetNetworkFactory( 476): acceptRequest, request: NetworkRequest [ REQUEST id=17, [ Capabilities: INTERNET&NOT_RESTRICTED&TRUSTED&NOT_VCN_MANAGED Uid: 1000 RequestorUid: 1000 RequestorPkg: android] ]
11-05 14:05:01.202 I/EthernetNetworkFactory( 476): networkForRequest, request: NetworkRequest [ REQUEST id=17, [ Capabilities: INTERNET&NOT_RESTRICTED&TRUSTED&NOT_VCN_MANAGED Uid: 1000 RequestorUid: 1000 RequestorPkg: android] ], network: null
11-05 14:05:01.200 I/EventThread( 260): type=1400 audit(0.0:344): avc: denied { search } for name="extcon" dev="sysfs" ino=18103 scontext=u:r:hal_tv_cec_default:s0 tcontext=u:object_r:sysfs_extcon:s0 tclass=dir permissive=1
11-05 14:05:01.206 V/C2Store ( 389): in ~ComponentModule
11-05 14:05:01.206 V/C2Store ( 389): unloading dll
11-05 14:05:01.207 V/C2Store ( 389): in init
11-05 14:05:01.207 V/C2Store ( 389): loading dll
11-05 14:05:01.211 V/C2Store ( 389): in ~ComponentModule
11-05 14:05:01.211 V/C2Store ( 389): unloading dll
11-05 14:05:01.211 V/C2Store ( 389): in init
11-05 14:05:01.211 V/C2Store ( 389): loading dll
11-05 14:05:01.223 I/WebViewZygoteInit( 799): Application preload done
11-05 14:05:01.223 V/C2Store ( 389): in ~ComponentModule
11-05 14:05:01.223 V/C2Store ( 389): unloading dll
11-05 14:05:01.223 V/C2Store ( 389): in init
11-05 14:05:01.224 V/C2Store ( 389): loading dll
11-05 14:05:01.226 W/BestClock( 476): java.time.DateTimeException: Missing NTP fix
11-05 14:05:01.229 W/BestClock( 476): java.time.DateTimeException: Missing NTP fix
11-05 14:05:01.230 I/C2SoftVp8Enc( 389): setting temporal layering 0 + 0
11-05 14:05:01.232 V/C2Store ( 389): in ~ComponentModule
11-05 14:05:01.232 V/C2Store ( 389): unloading dll
11-05 14:05:01.232 V/C2Store ( 389): in init
11-05 14:05:01.232 V/C2Store ( 389): loading dll
11-05 14:05:01.237 V/C2Store ( 389): in ~ComponentModule
11-05 14:05:01.237 V/C2Store ( 389): unloading dll
11-05 14:05:01.237 V/C2Store ( 389): in init
11-05 14:05:01.237 V/C2Store ( 389): loading dll
11-05 14:05:01.241 I/C2SoftVp9Enc( 389): setting temporal layering 0 + 0
11-05 14:05:01.242 V/C2Store ( 389): in ~ComponentModule
11-05 14:05:01.242 V/C2Store ( 389): unloading dll
11-05 14:05:01.244 D/MediaCodecsXmlParser( 361): parsing /apex/com.android.media.swcodec/etc/media_codecs.xml...
11-05 14:05:01.245 I/system_server( 476): getFrameworkCompatibilityMatrix: Successfully processed VINTF information
11-05 14:05:01.245 I/system_server( 476): getDeviceCompatibilityMatrix: Reading VINTF information.
11-05 14:05:01.245 D/MediaCodecsXmlParser( 361): disabling c2.android.gsm.decoder
11-05 14:05:01.246 I/system_server( 476): getDeviceCompatibilityMatrix: Successfully processed VINTF information
11-05 14:05:01.246 D/MediaCodecsXmlParser( 361): disabling c2.android.mpeg2.decoder
11-05 14:05:01.247 I/MediaCodecsXmlParser( 361): Did not find media_codecs_performance.xml in search path
11-05 14:05:01.248 I/MediaCodecsXmlParser( 361): Did not find media_codecs_c2.xml in search path
11-05 14:05:01.248 I/MediaCodecsXmlParser( 361): Did not find media_codecs_performance_c2.xml in search path
11-05 14:05:01.248 D/MediaCodecsXmlParser( 361): parsing /vendor/etc/media_codecs.xml...
11-05 14:05:01.248 D/MediaCodecsXmlParser( 361): parsing /vendor/etc/media_codecs_google_audio.xml...
11-05 14:05:01.248 D/MediaCodecsXmlParser( 361): unable to open media codecs configuration xml file: /vendor/etc/media_codecs_google_audio.xml
11-05 14:05:01.248 D/MediaCodecsXmlParser( 361): Setting: updating existing setting at line 97 of /vendor/etc/media_codecs.xml
11-05 14:05:01.251 D/MediaCodecsXmlParser( 361): parsing /vendor/etc/media_codecs_google_video.xml...
11-05 14:05:01.251 D/MediaCodecsXmlParser( 361): unable to open media codecs configuration xml file: /vendor/etc/media_codecs_google_video.xml
11-05 14:05:01.251 D/MediaCodecsXmlParser( 361): parsing /vendor/etc/media_codecs_performance.xml...
11-05 14:05:01.251 D/MediaCodecsXmlParser( 361): MediaCodec: cannot update non-existing codec: OMX.google.h264.encoder at line 25 of /vendor/etc/media_codecs_performance.xml
11-05 14:05:01.251 D/MediaCodecsXmlParser( 361): MediaCodec: cannot update non-existing codec: OMX.google.h263.encoder at line 31 of /vendor/etc/media_codecs_performance.xml
11-05 14:05:01.251 D/MediaCodecsXmlParser( 361): MediaCodec: cannot update non-existing codec: OMX.google.mpeg4.encoder at line 34 of /vendor/etc/media_codecs_performance.xml
11-05 14:05:01.251 D/MediaCodecsXmlParser( 361): MediaCodec: cannot update non-existing codec: OMX.google.vp8.encoder at line 37 of /vendor/etc/media_codecs_performance.xml
11-05 14:05:01.251 D/MediaCodecsXmlParser( 361): MediaCodec: cannot update non-existing codec: OMX.allwinner.video.decoder.h263 at line 59 of /vendor/etc/media_codecs_performance.xml
11-05 14:05:01.252 D/MediaCodecsXmlParser( 361): MediaCodec: cannot update non-existing codec: OMX.google.mpeg4.decoder at line 80 of /vendor/etc/media_codecs_performance.xml
11-05 14:05:01.252 D/MediaCodecsXmlParser( 361): MediaCodec: cannot update non-existing codec: OMX.google.h264.decoder at line 83 of /vendor/etc/media_codecs_performance.xml
11-05 14:05:01.252 D/MediaCodecsXmlParser( 361): MediaCodec: cannot update non-existing codec: OMX.google.h263.decoder at line 89 of /vendor/etc/media_codecs_performance.xml
11-05 14:05:01.252 D/MediaCodecsXmlParser( 361): MediaCodec: cannot update non-existing codec: OMX.google.hevc.decoder at line 93 of /vendor/etc/media_codecs_performance.xml
