11-05 14:05:10.017 D/CompatibilityChangeReporter( 476): Compat change id reported: 168419799; UID 10027; state: DISABLED
11-05 14:05:10.017 W/IE_Capabilities( 476): Unknown RSN cipher suite: 6ac0f00
11-05 14:05:10.095 W/ActivityManager( 476): Slow operation: 90ms so far, now at attachApplicationLocked: after sendPendingBroadcastsLocked
11-05 14:05:10.117 D/RockyReceiver( 1469): action: android.net.wifi.WIFI_STATE_CHANGED
11-05 14:05:10.123 E/ConnectivityService( 476): Exception = android.content.pm.PackageManager$NameNotFoundException: android.net.cts
11-05 14:05:10.142 W/IE_Capabilities( 476): Unknown RSN cipher suite: 6ac0f00
11-05 14:05:10.156 D/CompatibilityChangeReporter( 1846): Compat change id reported: 171979766; UID 10027; state: ENABLED
11-05 14:05:10.174 W/ModernMediaScanner( 1024): Failed to visit /oem/media: java.nio.file.NoSuchFileException: /oem/media
11-05 14:05:10.088 I/EventThread( 260): type=1400 audit(0.0:632): avc: denied { search } for name="extcon" dev="sysfs" ino=18103 scontext=u:r:hal_tv_cec_default:s0 tcontext=u:object_r:sysfs_extcon:s0 tclass=dir permissive=1
11-05 14:05:10.088 I/net_disconnect.( 1435): type=1400 audit(0.0:633): avc: denied { execute } for name="rgb_led_ctl" dev="dm-1" ino=188 scontext=u:r:init:s0 tcontext=u:object_r:vendor_file:s0 tclass=file permissive=1
11-05 14:05:10.100 I/net_disconnect.( 1898): type=1400 audit(0.0:634): avc: denied { execute_no_trans } for path="/vendor/bin/rgb_led_ctl" dev="dm-1" ino=188 scontext=u:r:init:s0 tcontext=u:object_r:vendor_file:s0 tclass=file permissive=1
11-05 14:05:10.195 E/AppListVm( 1089): requestMineApp from=secondScreenlayout auto
11-05 14:05:10.222 D/AppManager( 1089): checkLocalAppsIsValid:
11-05 14:05:10.225 I/CallLogProvider( 1592): Syncing call composer pics -- source user=0, isShadow=true, forAllUser=false
11-05 14:05:10.225 D/CompatibilityChangeReporter( 1823): Compat change id reported: 171979766; UID 1000; state: ENABLED
11-05 14:05:10.225 I/CallLogProvider( 1592): Fetching list of Uris to sync
11-05 14:05:10.232 I/Thread-15( 1089): type=1400 audit(0.0:635): avc: denied { search } for name="tmp" dev="mmcblk0p25" ino=85 scontext=u:r:system_app:s0 tcontext=u:object_r:shell_data_file:s0 tclass=dir permissive=1
11-05 14:05:10.242 I/UtilCommon( 1469): bluetoothMac=F4:AB:5C:B3:BA:64
11-05 14:05:10.271 I/hq ( 1089): hq:::curl -X GET "https://ottdbui-tyapiqun7.yysh.mgtv.com/v1/center/myAppRec?rommodelnumber=40I2XonQAUU%3D&cpuserial=PlZpqfc1JpxOOZ0anAV38AcloAYinsDQ&pattern=4Beei9NZNdo%3D&rommodel=Pqlpla5YRarwmFg%2B5VG%2FRQ%3D%3D&sn=ia%2FaFKiHtUJo0HCvzs4gKS1PBA%2F2QVm5&lang=vT%2FCsDI%2Fr10%3D&brand=elfd%2FN0Mw6U%3D&theme=L%2B%2FPU%2FFQgEY%3D&vcode=o%2BppAkqptlQ%3D&vname=oql4Ml1tHJc%3D&license=Hs4jp68qr9I%3D&channel=TIQ8TWTDuwcufJjk0AcBhA%3D%3D&packagename=qzBdBNULiCmiu3CIMurjL7PIryC36aZ2YdCJzQtyjcQ%3D&romvercode=BhA8%2F38Giec%3D&romvername=UDOuEwwco6o%3D&network=IGYWVa9OT%2Bk%3D&deviceEid=uSuGjXxL1dquKF1QG%2BzuNgcKc1GMhNRjqypkEmW7WV4lQRKF1DwATA%3D%3D&mac=iP4TVZLko9UsEdSbENu6i8HfL7VxZFhy&userid=pctYUOG3RH0%3D"
11-05 14:05:10.274 W/System.err( 1469): java.net.UnknownHostException: Unable to resolve host "tyapi.qun7.com": No address associated with hostname
11-05 14:05:10.280 W/System.err( 1469): at java.net.Inet6AddressImpl.lookupHostByName(Inet6AddressImpl.java:156)
11-05 14:05:10.280 W/System.err( 1469): at java.net.Inet6AddressImpl.lookupAllHostAddr(Inet6AddressImpl.java:103)
11-05 14:05:10.280 W/System.err( 1469): at java.net.InetAddress.getAllByName(InetAddress.java:1152)
11-05 14:05:10.280 W/System.err( 1469): at com.android.okhttp.Dns$1.lookup(Dns.java:41)
11-05 14:05:10.280 W/System.err( 1469): at com.android.okhttp.internal.http.RouteSelector.resetNextInetSocketAddress(RouteSelector.java:178)
11-05 14:05:10.280 W/System.err( 1469): at com.android.okhttp.internal.http.RouteSelector.nextProxy(RouteSelector.java:144)
11-05 14:05:10.280 W/System.err( 1469): at com.android.okhttp.internal.http.RouteSelector.next(RouteSelector.java:86)
11-05 14:05:10.280 W/System.err( 1469): at com.android.okhttp.internal.http.StreamAllocation.findConnection(StreamAllocation.java:176)
11-05 14:05:10.280 W/System.err( 1469): at com.android.okhttp.internal.http.StreamAllocation.findHealthyConnection(StreamAllocation.java:128)
11-05 14:05:10.280 W/System.err( 1469): at com.android.okhttp.internal.http.StreamAllocation.newStream(StreamAllocation.java:97)
11-05 14:05:10.280 W/System.err( 1469): at com.android.okhttp.internal.http.HttpEngine.connect(HttpEngine.java:289)
11-05 14:05:10.280 W/System.err( 1469): at com.android.okhttp.internal.http.HttpEngine.sendRequest(HttpEngine.java:232)
11-05 14:05:10.280 W/System.err( 1469): at com.android.okhttp.internal.huc.HttpURLConnectionImpl.execute(HttpURLConnectionImpl.java:465)
11-05 14:05:10.280 W/System.err( 1469): at com.android.okhttp.internal.huc.HttpURLConnectionImpl.getResponse(HttpURLConnectionImpl.java:411)
11-05 14:05:10.280 W/System.err( 1469): at com.android.okhttp.internal.huc.HttpURLConnectionImpl.getResponseCode(HttpURLConnectionImpl.java:542)
11-05 14:05:10.280 W/System.err( 1469): at com.dangbei.statistics.UtilCommon.networkGetIp(UtilCommon.java:826)
11-05 14:05:10.280 W/System.err( 1469): at com.dangbei.statistics.UtilCommon$1.accept(UtilCommon.java:807)
11-05 14:05:10.280 W/System.err( 1469): at com.dangbei.statistics.UtilCommon$1.accept(UtilCommon.java:803)
11-05 14:05:10.280 W/System.err( 1469): at io.reactivex.internal.operators.observable.ObservableDoOnEach$DoOnEachObserver.onNext(ObservableDoOnEach.java:93)
11-05 14:05:10.280 W/System.err( 1469): at io.reactivex.internal.operators.observable.ObservableObserveOn$ObserveOnObserver.drainNormal(ObservableObserveOn.java:201)
11-05 14:05:10.280 W/System.err( 1469): at io.reactivex.internal.operators.observable.ObservableObserveOn$ObserveOnObserver.run(ObservableObserveOn.java:255)
11-05 14:05:10.280 W/System.err( 1469): at io.reactivex.internal.schedulers.ScheduledRunnable.run(ScheduledRunnable.java:66)
11-05 14:05:10.280 W/System.err( 1469): at io.reactivex.internal.schedulers.ScheduledRunnable.call(ScheduledRunnable.java:57)
11-05 14:05:10.280 W/System.err( 1469): at java.util.concurrent.FutureTask.run(FutureTask.java:266)
11-05 14:05:10.281 W/System.err( 1469): at java.util.concurrent.ScheduledThreadPoolExecutor$ScheduledFutureTask.run(ScheduledThreadPoolExecutor.java:301)
11-05 14:05:10.281 W/System.err( 1469): at java.util.concurrent.ThreadPoolExecutor.runWorker(ThreadPoolExecutor.java:1167)
11-05 14:05:10.281 W/System.err( 1469): at java.util.concurrent.ThreadPoolExecutor$Worker.run(ThreadPoolExecutor.java:641)
11-05 14:05:10.281 W/System.err( 1469): at java.lang.Thread.run(Thread.java:920)
11-05 14:05:10.281 W/System.err( 1469): Caused by: android.system.GaiException: android_getaddrinfo failed: EAI_NODATA (No address associated with hostname)
11-05 14:05:10.281 W/System.err( 1469): at libcore.io.Linux.android_getaddrinfo(Native Method)
11-05 14:05:10.281 W/System.err( 1469): at libcore.io.ForwardingOs.android_getaddrinfo(ForwardingOs.java:136)
11-05 14:05:10.281 W/System.err( 1469): at libcore.io.BlockGuardOs.android_getaddrinfo(BlockGuardOs.java:221)
11-05 14:05:10.281 W/System.err( 1469): at libcore.io.ForwardingOs.android_getaddrinfo(ForwardingOs.java:136)
11-05 14:05:10.281 W/System.err( 1469): at java.net.Inet6AddressImpl.lookupHostByName(Inet6AddressImpl.java:135)
11-05 14:05:10.281 W/System.err( 1469): ... 27 more
11-05 14:05:10.280 I/AIUIPushConnect( 1469): type=1400 audit(0.0:636): avc: denied { ioctl } for path="socket:[23640]" dev="sockfs" ino=23640 ioctlcmd=0x8927 scontext=u:r:system_app:s0 tcontext=u:r:system_app:s0 tclass=tcp_socket permissive=1
11-05 14:05:10.298 W/System.err( 1089): com.dangbei.leard.base.proider.error.ApiException: java.net.UnknownHostException: Unable to resolve host "ottdbui-tyapiqun7.yysh.mgtv.com": No address associated with hostname
11-05 14:05:10.316 W/System.err( 1089): at com.dangbei.leard.base.proider.error.ErrorExtKt.handleException(SourceFile:286)
11-05 14:05:10.316 W/System.err( 1089): at com.dangbei.leard.base.ext.FlowExtKt.runHttpTry2Data(SourceFile:224)
11-05 14:05:10.316 W/System.err( 1089): at com.dangbei.leard.base.ext.FlowExtKt$runHttpTry2Data$1.invokeSuspend(Unknown Source:15)
11-05 14:05:10.316 W/System.err( 1089): at kotlin.coroutines.jvm.internal.BaseContinuationImpl.resumeWith(SourceFile:12)
11-05 14:05:10.316 W/System.err( 1089): at kotlinx.coroutines.internal.ScopeCoroutine.afterResume(Unknown Source:6)
11-05 14:05:10.316 W/System.err( 1089): at kotlinx.coroutines.AbstractCoroutine.resumeWith(SourceFile:16)
11-05 14:05:10.316 W/System.err( 1089): at kotlin.coroutines.jvm.internal.BaseContinuationImpl.resumeWith(SourceFile:50)
11-05 14:05:10.316 W/System.err( 1089): at kotlinx.coroutines.DispatchedTask.run(SourceFile:105)
11-05 14:05:10.316 W/System.err( 1089): at kotlinx.coroutines.internal.LimitedDispatcher.run(SourceFile:13)
11-05 14:05:10.316 W/System.err( 1089): at kotlinx.coroutines.scheduling.TaskImpl.run(SourceFile:3)
11-05 14:05:10.316 W/System.err( 1089): at kotlinx.coroutines.scheduling.CoroutineScheduler.runSafely(SourceFile:1)
11-05 14:05:10.316 W/System.err( 1089): at kotlinx.coroutines.scheduling.CoroutineScheduler$Worker.executeTask(SourceFile:15)
11-05 14:05:10.316 W/System.err( 1089): at kotlinx.coroutines.scheduling.CoroutineScheduler$Worker.runWorker(SourceFile:29)
11-05 14:05:10.316 W/System.err( 1089): at kotlinx.coroutines.scheduling.CoroutineScheduler$Worker.run(Unknown Source:0)
11-05 14:05:10.317 W/System.err( 1089): Caused by: java.net.UnknownHostException: Unable to resolve host "ottdbui-tyapiqun7.yysh.mgtv.com": No address associated with hostname
11-05 14:05:10.317 W/System.err( 1089): at java.net.Inet6AddressImpl.lookupHostByName(Inet6AddressImpl.java:156)
11-05 14:05:10.317 W/System.err( 1089): at java.net.Inet6AddressImpl.lookupAllHostAddr(Inet6AddressImpl.java:103)
11-05 14:05:10.317 W/System.err( 1089): at java.net.InetAddress.getAllByName(InetAddress.java:1152)
11-05 14:05:10.317 W/System.err( 1089): at okhttp3.Dns$Companion$DnsSystem.lookup(SourceFile:6)
11-05 14:05:10.317 W/System.err( 1089): at okhttp3.internal.connection.RouteSelector.resetNextInetSocketAddress(SourceFile:153)
11-05 14:05:10.317 W/System.err( 1089): at okhttp3.internal.connection.RouteSelector.nextProxy(SourceFile:21)
11-05 14:05:10.317 W/System.err( 1089): at okhttp3.internal.connection.RouteSelector.next(SourceFile:18)
11-05 14:05:10.317 W/System.err( 1089): at okhttp3.internal.connection.ExchangeFinder.findConnection(SourceFile:197)
11-05 14:05:10.317 W/System.err( 1089): at okhttp3.internal.connection.ExchangeFinder.findHealthyConnection(SourceFile:1)
11-05 14:05:10.317 W/System.err( 1089): at okhttp3.internal.connection.ExchangeFinder.find(SourceFile:52)
11-05 14:05:10.317 W/System.err( 1089): at okhttp3.internal.connection.RealCall.initExchange$okhttp(SourceFile:32)
11-05 14:05:10.317 W/System.err( 1089): at okhttp3.internal.connection.ConnectInterceptor.intercept(SourceFile:12)
11-05 14:05:10.317 W/System.err( 1089): at okhttp3.internal.http.RealInterceptorChain.proceed(SourceFile:155)
11-05 14:05:10.317 W/System.err( 1089): at okhttp3.internal.cache.CacheInterceptor.intercept(SourceFile:190)
11-05 14:05:10.317 W/System.err( 1089): at okhttp3.internal.http.RealInterceptorChain.proceed(SourceFile:155)
11-05 14:05:10.317 W/System.err( 1089): at okhttp3.internal.http.BridgeInterceptor.intercept(SourceFile:168)
11-05 14:05:10.317 W/System.err( 1089): at okhttp3.internal.http.RealInterceptorChain.proceed(SourceFile:155)
11-05 14:05:10.317 W/System.err( 1089): at okhttp3.internal.http.RetryAndFollowUpInterceptor.intercept(SourceFile:35)
11-05 14:05:10.317 W/System.err( 1089): at okhttp3.internal.http.RealInterceptorChain.proceed(SourceFile:155)
11-05 14:05:10.317 W/System.err( 1089): at com.monster.ok2curl.CurlInterceptor.intercept(SourceFile:26)
11-05 14:05:10.317 W/System.err( 1089): at okhttp3.internal.http.RealInterceptorChain.proceed(SourceFile:155)
11-05 14:05:10.317 W/System.err( 1089): at com.dangbei.leard.base.proider.net.interceptor.DomainSwitchInterceptor.intercept(SourceFile:72)
11-05 14:05:10.317 W/System.err( 1089): at okhttp3.internal.http.RealInterceptorChain.proceed(SourceFile:155)
11-05 14:05:10.317 W/System.err( 1089): at com.dangbei.leard.base.proider.net.interceptor.RequestSignAndEncryptInterceptor.intercept(SourceFile:240)
11-05 14:05:10.317 W/System.err( 1089): at okhttp3.internal.http.RealInterceptorChain.proceed(SourceFile:155)
11-05 14:05:10.317 W/System.err( 1089): at com.dangbei.leard.base.proider.net.interceptor.RequestExtraParamsInterceptor.intercept(SourceFile:241)
11-05 14:05:10.317 W/System.err( 1089): at okhttp3.internal.http.RealInterceptorChain.proceed(SourceFile:155)
11-05 14:05:10.317 W/System.err( 1089): at okhttp3.internal.connection.RealCall.getResponseWithInterceptorChain$okhttp(SourceFile:114)
11-05 14:05:10.317 W/System.err( 1089): at okhttp3.internal.connection.RealCall$AsyncCall.run(SourceFile:41)
11-05 14:05:10.317 W/System.err( 1089): at java.util.concurrent.ThreadPoolExecutor.runWorker(ThreadPoolExecutor.java:1167)
11-05 14:05:10.317 W/System.err( 1089): at java.util.concurrent.ThreadPoolExecutor$Worker.run(ThreadPoolExecutor.java:641)
11-05 14:05:10.317 W/System.err( 1089): at java.lang.Thread.run(Thread.java:920)
11-05 14:05:10.318 W/System.err( 1089): Caused by: android.system.GaiException: android_getaddrinfo failed: EAI_NODATA (No address associated with hostname)
11-05 14:05:10.318 W/System.err( 1089): at libcore.io.Linux.android_getaddrinfo(Native Method)
11-05 14:05:10.318 W/System.err( 1089): at libcore.io.ForwardingOs.android_getaddrinfo(ForwardingOs.java:136)
11-05 14:05:10.318 W/System.err( 1089): at libcore.io.BlockGuardOs.android_getaddrinfo(BlockGuardOs.java:221)
11-05 14:05:10.318 W/System.err( 1089): at libcore.io.ForwardingOs.android_getaddrinfo(ForwardingOs.java:136)
11-05 14:05:10.318 W/System.err( 1089): at java.net.Inet6AddressImpl.lookupHostByName(Inet6AddressImpl.java:135)
11-05 14:05:10.318 W/System.err( 1089): ... 31 more
11-05 14:05:10.318 E/hq ( 1089): ErrorCoroutineExceptionHandler:::runTry error:java.net.UnknownHostException: Unable to resolve host "ottdbui-tyapiqun7.yysh.mgtv.com": No address associated with hostname from=requestAppAdInfo
11-05 14:05:10.335 D/ContactsDatabaseHelper( 1592): WAL enabled for contacts2.db: true
11-05 14:05:10.337 W/audit ( 1846): audit_lost=210 audit_rate_limit=5 audit_backlog_limit=64
11-05 14:05:10.337 E/audit ( 1846): rate limit exceeded
11-05 14:05:10.340 I/MediaProvider( 1024): Scanned internal due to REASON_MOUNTED, found 0 items in 741ms, 0 inserts 0 updates 0 deletes
11-05 14:05:10.350 E/hq ( 1089): NetWorkStateReceiver:::NetWorkStateReceiver onReceive: 网络变化广播 >>>> intent.action=android.net.wifi.SCAN_RESULTS
11-05 14:05:10.359 E/WifiHAL ( 662): wifi_get_link_stats: requestResponse Error:-5
11-05 14:05:10.390 E/WifiVendorHal( 476): getWifiLinkLayerStats_1_5_Internal(l.1191) failed {.code = ERROR_INVALID_ARGS, .description = }
11-05 14:05:10.429 V/GraphicsEnvironment( 1823): ANGLE Developer option for 'com.android.dynsystem' set to: 'default'
11-05 14:05:10.429 V/GraphicsEnvironment( 1823): Neither updatable production driver nor prerelease driver is supported.
11-05 14:05:10.440 D/NetworkSecurityConfig( 1823): No Network Security Config specified, using platform default
11-05 14:05:10.440 D/NetworkSecurityConfig( 1823): No Network Security Config specified, using platform default
11-05 14:05:10.443 W/System ( 1469): A resource failed to call close.
11-05 14:05:10.487 D/DynamicSystemInstallationService( 1823): onStartCommand(): action=android.os.image.action.NOTIFY_IF_IN_USE
11-05 14:05:10.493 V/GraphicsEnvironment( 1846): ANGLE Developer option for 'com.android.managedprovisioning' set to: 'default'
11-05 14:05:10.493 V/GraphicsEnvironment( 1846): Neither updatable production driver nor prerelease driver is supported.
11-05 14:05:10.498 D/NetworkSecurityConfig( 1846): No Network Security Config specified, using platform default
11-05 14:05:10.499 I/DynamicSystemService( 476): isInstalled(): false
11-05 14:05:10.502 D/NetworkSecurityConfig( 1846): No Network Security Config specified, using platform default
11-05 14:05:10.516 I/CallLogProvider( 1592): Will sync following Uris:[]
11-05 14:05:10.516 I/CallLogProvider( 1592): Syncing call composer pics -- got []
11-05 14:05:10.540 I/CarUiInstaller( 1846): CarUiInstaller started for com.android.managedprovisioning
11-05 14:05:10.571 D/CompatibilityChangeReporter( 476): Compat change id reported: 168419799; UID 10016; state: DISABLED
11-05 14:05:10.579 D/CompatibilityChangeReporter( 476): Compat change id reported: 135634846; UID 10055; state: DISABLED
11-05 14:05:10.579 D/CompatibilityChangeReporter( 476): Compat change id reported: 177438394; UID 10055; state: DISABLED
11-05 14:05:10.579 D/CompatibilityChangeReporter( 476): Compat change id reported: 135772972; UID 10055; state: DISABLED
11-05 14:05:10.579 D/CompatibilityChangeReporter( 476): Compat change id reported: 135754954; UID 10055; state: ENABLED
11-05 14:05:10.581 D/CompatibilityChangeReporter( 476): Compat change id reported: 143937733; UID 10055; state: ENABLED
11-05 14:05:10.601 D/Zygote ( 242): Forked child process 1950
11-05 14:05:10.602 I/dangbei ad sdk( 1089): AdSplashView::show offline ad
11-05 14:05:10.617 I/ActivityManager( 476): app.processName = com.android.onetimeinitializer
11-05 14:05:10.618 I/ActivityManager( 476): Start proc 1950:com.android.onetimeinitializer/u0a55 for broadcast {com.android.onetimeinitializer/com.android.onetimeinitializer.OneTimeInitializerReceiver}
11-05 14:05:10.622 I/Zygote ( 1950): seccomp disabled by setenforce 0
11-05 14:05:10.656 E/dangbei111( 1047): cccccc 准备开始进行 startScanInner
11-05 14:05:10.657 E/dangbei111( 1047): cccccc 真正开始进入扫描流程啦
11-05 14:05:10.651 I/m.android.musi( 1558): Background young concurrent copying GC freed 5311(394KB) AllocSpace objects, 0(0B) LOS objects, 89% free, 2996KB/26MB, paused 149us total 401.849ms
11-05 14:05:10.670 E/dangbei111( 1047): cccccc 检查遥控器是否连接: Dangbei C9:B5:96:5C:E3:CB
11-05 14:05:10.677 E/dangbei111( 1047): cccccc 检查遥控器是否连接: 蓝牙的结果 Dangbei C9:B5:96:5C:E3:CB false
11-05 14:05:10.694 I/adbd ( 394): jdwp connection from 1950
11-05 14:05:10.737 E/dangbei111( 1047): cccccc input中没有遥控器存在
11-05 14:05:10.737 E/dangbei111( 1047): cccccc 蓝牙状态连接 不是连接状态 啥都不干
11-05 14:05:10.753 I/d.process.acor( 1592): Background young concurrent copying GC freed 7699(491KB) AllocSpace objects, 2(40KB) LOS objects, 87% free, 3535KB/27MB, paused 23.315ms total 429.784ms
11-05 14:05:10.778 D/CompatibilityChangeReporter( 476): Compat change id reported: 168419799; UID 10055; state: DISABLED
11-05 14:05:10.815 D/CompatibilityChangeReporter( 1950): Compat change id reported: 171979766; UID 10055; state: ENABLED
11-05 14:05:10.824 I/ContactLocale( 1592): AddressBook Labels [[zh_CN]]: […, A, B, C, D, E, F, G, H, I, J, K, L, M, N, O, P, Q, R, S, T, U, V, W, X, Y, Z, Α, Β, Γ, Δ, Ε, Ζ, Η, Θ, Ι, Κ, Λ, Μ, Ν, Ξ, Ο, Π, Ρ, Σ, Τ, Υ, Φ, Χ, Ψ, Ω, …, А, Б, В, Г, Д, Ђ, Е, Є, Ж, З, И, І, Й, Ј, К, Л, Љ, М, Н, Њ, О, П, Р, С, Т, Ћ, У, Ф, Х, Ц, Ч, Џ, Ш, Щ, Ю, Я, …, א, ב, ג, ד, ה, ו, ז, ח, ט, י, כ, ל, מ, נ, ס, ע, פ, צ, ק, ר, ש, ת, …, ا, ب, ت, ث, ج, ح, خ, د, ذ, ر, ز, س, ش, ص, ض, ط, ظ, ع, غ, ف, ق, ك, ل, م, ن, ه, و, ي, …, ก, ข, ฃ, ค, ฅ, ฆ, ง, จ, ฉ, ช, ซ, ฌ, ญ, ฎ, ฏ, ฐ, ฑ, ฒ, ณ, ด, ต, ถ, ท, ธ, น, บ, ป, ผ, ฝ, พ, ฟ, ภ, ม, ย, ร, ฤ, ล, ฦ, ว, ศ, ษ, ส, ห, ฬ, อ, ฮ, …, ㄱ, ㄴ, ㄷ, ㄹ, ㅁ, ㅂ, ㅅ, ㅇ, ㅈ, ㅊ, ㅋ, ㅌ, ㅍ, ㅎ, …, あ, か, さ, た, な, は, ま, や, ら, わ, #, …]
11-05 14:05:10.884 E/dangbei111( 1047): cccccc 蓝牙状态连接 配对状态 啥都不做
11-05 14:05:10.884 E/dangbei111( 1047): 开始扫描 com.dangbei.remotecontroller.RCHelper$3@99cc47e
11-05 14:05:10.885 D/BluetoothAdapter( 1047): isLeEnabled(): ON
11-05 14:05:10.911 I/bluetooth( 670): system/bt/stack/gatt/gatt_api.cc:1019 GATT_Register: Allocated name:GattClient uuid:dd6c2775-3313-6bcc-a604-96d68f4ca4aa gatt_if:5 eatt_support:0
11-05 14:05:10.913 D/BluetoothLeScanner( 1047): onScannerRegistered() - status=0 scannerId=5 mScannerId=0
11-05 14:05:10.916 W/UnsafeUtil( 476): platform method missing - proto runtime falling back to safer methods: java.lang.NoSuchMethodException: sun.misc.Unsafe.copyMemory [class java.lang.Object, long, class java.lang.Object, long, long]
11-05 14:05:10.938 D/nativeloader( 1950): classloader namespace configured for unbundled product apk. library_path=/product/priv-app/OneTimeInitializer/lib/arm:/product/lib:/system/product/lib
11-05 14:05:10.986 W/IorapForwardingService( 476): No service published for: iorapd
11-05 14:05:11.004 W/UnsafeUtil( 670): platform method missing - proto runtime falling back to safer methods: java.lang.NoSuchMethodException: sun.misc.Unsafe.copyMemory [class java.lang.Object, long, class java.lang.Object, long, long]
11-05 14:05:11.005 V/GraphicsEnvironment( 1950): ANGLE Developer option for 'com.android.onetimeinitializer' set to: 'default'
11-05 14:05:11.005 V/GraphicsEnvironment( 1950): Neither updatable production driver nor prerelease driver is supported.
11-05 14:05:11.012 D/NetworkSecurityConfig( 1950): No Network Security Config specified, using platform default
11-05 14:05:11.013 D/NetworkSecurityConfig( 1950): No Network Security Config specified, using platform default
11-05 14:05:11.017 V/OneTimeInitializerReceiver( 1950): OneTimeInitializerReceiver.onReceive
11-05 14:05:11.020 D/ContactsDatabaseHelper( 1592): WAL enabled for profile.db: true
11-05 14:05:11.068 I/ActivityManager( 476): com.android.packageinstaller is exempt from freezer
11-05 14:05:11.069 D/CompatibilityChangeReporter( 476): Compat change id reported: 135634846; UID 1000; state: DISABLED
11-05 14:05:11.098 D/Zygote ( 242): Forked child process 2009
11-05 14:05:11.101 I/ActivityManager( 476): app.processName = com.android.packageinstaller
11-05 14:05:11.101 I/ActivityManager( 476): Start proc 2009:com.android.packageinstaller/1000 for broadcast {com.android.packageinstaller/com.android.packageinstaller.TemporaryFileManager}
11-05 14:05:11.109 I/Zygote ( 2009): seccomp disabled by setenforce 0
11-05 14:05:11.160 I/cmd ( 2007): type=1400 audit(0.0:669): avc: denied { call } for scontext=u:r:preinstall:s0 tcontext=u:r:servicemanager:s0 tclass=binder permissive=1
11-05 14:05:11.177 I/adbd ( 394): jdwp connection from 2009
11-05 14:05:11.272 I/preinstall.sh( 1572): type=1400 audit(0.0:670): avc: denied { getattr } for path="/data/local/pre_apks_installed" dev="mmcblk0p25" ino=1975 scontext=u:r:preinstall:s0 tcontext=u:object_r:preinstall_system_file:s0 tclass=file permissive=1
11-05 14:05:11.272 I/preinstall.sh( 1572): type=1400 audit(0.0:671): avc: denied { search } for name="data" dev="mmcblk0p25" ino=87 scontext=u:r:preinstall:s0 tcontext=u:object_r:system_data_file:s0:c512,c768 tclass=dir permissive=1
11-05 14:05:11.272 I/preinstall.sh( 1572): type=1400 audit(0.0:672): avc: denied { getattr } for path="/data/data/com.oranth.ledstatus" dev="mmcblk0p25" ino=742 scontext=u:r:preinstall:s0 tcontext=u:object_r:system_app_data_file:s0 tclass=dir permissive=1
11-05 14:05:11.272 I/preinstall.sh( 1572): type=1400 audit(0.0:673): avc: denied { getattr } for path="/vendor/xbin/am" dev="dm-1" ino=1164 scontext=u:r:preinstall:s0 tcontext=u:object_r:vendor_file:s0 tclass=file permissive=1
11-05 14:05:11.306 D/CompatibilityChangeReporter( 476): Compat change id reported: 168419799; UID 1000; state: DISABLED
11-05 14:05:11.320 W/eventbuscore( 1089): post Event:com.dangbei.leard.base.entity.event.NetWifiRssiEvent
11-05 14:05:11.324 D/WifiScoreReport( 476): setShouldReduceNetworkScore=false mNetworkAgent is null? true
11-05 14:05:11.325 D/WifiClientModeImpl[wlan0]( 476): CMD_START_CONNECT my state DisconnectedState nid=1 roam=false
11-05 14:05:11.336 D/CompatibilityChangeReporter( 2009): Compat change id reported: 171979766; UID 1000; state: ENABLED
11-05 14:05:11.353 E/SELinux ( 178): avc: denied { find } for pid=2044 uid=0 name=activity scontext=u:r:preinstall:s0 tcontext=u:object_r:activity_service:s0 tclass=service_manager permissive=1
11-05 14:05:11.360 W/audit ( 2044): audit_lost=248 audit_rate_limit=5 audit_backlog_limit=64
11-05 14:05:11.360 E/audit ( 2044): rate limit exceeded
11-05 14:05:11.371 I/Choreographer( 1089): Skipped 60 frames! The application may be doing too much work on its main thread.
11-05 14:05:11.379 D/aaa ( 1097): LedStatusService onStartCommand begin
11-05 14:05:11.381 D/aaa ( 1097): topPkg is -------------- :com.dangbei.leard.leradlauncher
11-05 14:05:11.416 E/WifiBlocklistMonitor( 476): Invalid max BSSID blocklist size: 0
11-05 14:05:11.450 W/LastMileLogger( 476): Failed to open free_buffer pseudo-file: /sys/kernel/debug/tracing/instances/wifi/free_buffer: open failed: ENOENT (No such file or directory)
11-05 14:05:11.451 W/LastMileLogger( 476): Failed to arm fail-safe.
11-05 14:05:11.467 W/hdr10p_Configure( 375): 141 callbacks suppressed
11-05 14:05:11.467 I/ ( 375): DVI mode selected: packets not configured
11-05 14:05:11.467 W/set_vsif_config( 375): 141 callbacks suppressed
11-05 14:05:11.467 I/ ( 375): Error: set vsif failed
11-05 14:05:11.459 I/WifiClientModeImpl[wlan0]( 476): Connecting with f4:ab:5c:b4:08:c0 as the mac address
11-05 14:05:11.464 W/wificond( 368): Scan is not started. Ignore abort request
11-05 14:05:11.473 D/SupplicantStaIfaceHal( 476): connectToNetwork "red5"WPA_PSK
11-05 14:05:11.480 I/SupplicantStaIfaceHal( 476): addSupplicantStaNetwork via HIDL
11-05 14:05:11.490 I/AW_PowerHAL( 259): Power setMode: SUSTAINED_PERFORMANCE to: 0
11-05 14:05:11.492 I/AW_PowerHAL( 259): cur-mode:SCHEDUTIL-Home
11-05 14:05:11.530 D/aaa ( 1097): LedStatusService onStartCommand begin
11-05 14:05:11.534 V/GraphicsEnvironment( 2009): ANGLE Developer option for 'com.android.packageinstaller' set to: 'default'
11-05 14:05:11.534 V/GraphicsEnvironment( 2009): Neither updatable production driver nor prerelease driver is supported.
11-05 14:05:11.539 D/NetworkSecurityConfig( 2009): No Network Security Config specified, using platform default
11-05 14:05:11.539 D/aaa ( 1097): topPkg is -------------- :com.dangbei.leard.leradlauncher
11-05 14:05:11.539 D/NetworkSecurityConfig( 2009): No Network Security Config specified, using platform default
11-05 14:05:11.550 I/ ( 375): DVI mode selected: packets not configured
11-05 14:05:11.550 I/ ( 375): Error: set vsif failed
11-05 14:05:11.545 W/InputMethodManagerService( 476): Illegal subtype state: old subtype = null, new subtype = android.view.inputmethod.InputMethodSubtype@129f21f8
11-05 14:05:11.553 D/AW_CODE ( 476): rotation =0
11-05 14:05:11.559 D/AW_CODE ( 476): rotation =0
11-05 14:05:11.563 D/AW_CODE ( 476): rotation =0
11-05 14:05:11.595 D/CompatibilityChangeReporter( 476): Compat change id reported: 135634846; UID 10073; state: DISABLED
11-05 14:05:11.596 D/hq ( 1089): NetWorkStateReceiver:::检查网络,并且持续更新 isConnect=false
11-05 14:05:11.600 D/CompatibilityChangeReporter( 476): Compat change id reported: 177438394; UID 10073; state: DISABLED
11-05 14:05:11.603 D/CompatibilityChangeReporter( 476): Compat change id reported: 135772972; UID 10073; state: DISABLED
11-05 14:05:11.607 D/CompatibilityChangeReporter( 476): Compat change id reported: 135754954; UID 10073; state: DISABLED
11-05 14:05:11.611 D/CompatibilityChangeReporter( 476): Compat change id reported: 143937733; UID 10073; state: DISABLED
11-05 14:05:11.612 D/SupplicantStaNetworkHal( 476): The target security params: Security Parameters:
11-05 14:05:11.612 D/SupplicantStaNetworkHal( 476): Type: 4
11-05 14:05:11.612 D/SupplicantStaNetworkHal( 476): Enabled: true
11-05 14:05:11.612 D/SupplicantStaNetworkHal( 476): KeyMgmt: SAE
11-05 14:05:11.612 D/SupplicantStaNetworkHal( 476): Protocols: RSN
11-05 14:05:11.612 D/SupplicantStaNetworkHal( 476): AuthAlgorithms:
11-05 14:05:11.612 D/SupplicantStaNetworkHal( 476): PairwiseCiphers: CCMP GCMP_256 GCMP_128
11-05 14:05:11.612 D/SupplicantStaNetworkHal( 476): GroupCiphers: CCMP GCMP_256 GCMP_128
11-05 14:05:11.612 D/SupplicantStaNetworkHal( 476): GroupMgmtCiphers:
11-05 14:05:11.612 D/SupplicantStaNetworkHal( 476): SuiteBCiphers:
11-05 14:05:11.612 D/SupplicantStaNetworkHal( 476): RequirePmf: false
11-05 14:05:11.612 D/SupplicantStaNetworkHal( 476): IsAddedByAutoUpgrade: true
11-05 14:05:11.612 D/SupplicantStaNetworkHal( 476): IsSaeH2eOnlyMode: false
11-05 14:05:11.612 D/SupplicantStaNetworkHal( 476): IsSaePkOnlyMode: false
11-05 14:05:11.634 D/Zygote ( 242): Forked child process 2077
11-05 14:05:11.640 W/ActivityManager( 476): Slow operation: 61ms so far, now at startProcess: returned from zygote!
11-05 14:05:11.640 W/ActivityManager( 476): Slow operation: 61ms so far, now at startProcess: done updating battery stats
11-05 14:05:11.640 W/ActivityManager( 476): Slow operation: 62ms so far, now at startProcess: building log message
11-05 14:05:11.640 I/ActivityManager( 476): app.processName = com.android.permissioncontroller
11-05 14:05:11.640 I/ActivityManager( 476): Start proc 2077:com.android.permissioncontroller/u0a73 for broadcast {com.android.permissioncontroller/com.android.permissioncontroller.permission.service.LocationAccessCheck$SetupPeriodicBackgroundLocationAccessCheck}
11-05 14:05:11.640 W/ActivityManager( 476): Slow operation: 62ms so far, now at startProcess: starting to update pids map
11-05 14:05:11.641 W/ActivityManager( 476): Slow operation: 63ms so far, now at startProcess: done updating pids map
11-05 14:05:11.648 I/Zygote ( 2077): seccomp disabled by setenforce 0
11-05 14:05:11.679 I/adbd ( 394): jdwp connection from 2077
11-05 14:05:11.700 I/d.leradlaunche( 1089): Background concurrent copying GC freed 88864(7148KB) AllocSpace objects, 25(628KB) LOS objects, 49% free, 7327KB/14MB, paused 279us total 1.402s
11-05 14:05:11.707 D/ProfileInstaller( 1089): Skipping profile installation for com.dangbei.leard.leradlauncher
11-05 14:05:11.712 D/CompatibilityChangeReporter( 476): Compat change id reported: 168419799; UID 10073; state: DISABLED
11-05 14:05:11.730 D/SupplicantStaNetworkHal( 476): Ignore unsupporting GCMP_256 cipher.
11-05 14:05:11.733 D/CompatibilityChangeReporter( 2077): Compat change id reported: 171979766; UID 10073; state: DISABLED
11-05 14:05:11.743 D/SupplicantStaNetworkHal( 476): Ignore unsupporting GCMP_256 cipher.
11-05 14:05:11.749 D/ApplicationLoaders( 2077): Returning zygote-cached class loader: /system/framework/android.test.base.jar
11-05 14:05:11.770 I/wpa_supplicant( 1298): SPRD vendor SAE IE len: 16
11-05 14:05:11.770 I/wpa_supplicant( 1298): SPRD vendor SAE IE len: 16
11-05 14:05:11.770 I/wpa_supplicant( 1298): SPRD vendor SAE IEs - hexdump(len=16): dd 0e 40 45 da 02 00 08 6b 6b 6b 6b 6b 6b 6b 6b
11-05 14:05:11.770 I/wpa_supplicant( 1298): wlan0: Trying to associate with c8:bf:4c:1d:7a:9b (SSID='red5' freq=5805 MHz)
11-05 14:05:11.779 D/WifiCountryCode( 476): evaluateAllCmmStateAndApplyIfAllReady: {ConcreteClientModeManager{id=18896 iface=wlan0 role=ROLE_CLIENT_PRIMARY}=false}
11-05 14:05:11.780 D/WifiClientModeImpl[wlan0]( 476): Start Connecting Watchdog 1
11-05 14:05:11.795 I/init ( 1): Service 'preinstall' (pid 1572) exited with status 0 oneshot service took 3.557000 seconds in background
11-05 14:05:11.795 I/init ( 1): Sending signal 9 to service 'preinstall' (pid 1572) process group...
11-05 14:05:11.796 I/libprocessgroup( 1): Successfully killed process cgroup uid 0 pid 1572 in 0ms
11-05 14:05:11.798 D/QuickLifeImpl( 1047): onReceive intent : Intent { act=android.net.wifi.STATE_CHANGE flg=0x4000010 (has extras) }
11-05 14:05:11.848 D/RockyManager( 1469): switchWakeIsAllow isQuitBootGuide: true isBtMode: false
11-05 14:05:11.848 D/RockyManager( 1469): switchWakeIsAllow isAllowFarWake: true
11-05 14:05:11.848 D/RockyReceiver( 1469): action: android.net.wifi.STATE_CHANGE
11-05 14:05:11.848 D/XM_HIDREAD( 315): add@ add@/devices/virtual/bdi/8:1-fuseblk
11-05 14:05:11.852 E/ConnectivityService( 476): Exception = android.content.pm.PackageManager$NameNotFoundException: android.net.cts
11-05 14:05:11.862 W/System ( 1089): A resource failed to call close.
11-05 14:05:11.865 I/vold ( 183): Mounting public fuse volume
11-05 14:05:11.865 I/ntfs-3g ( 2113): Version 2015.3.14 external FUSE 29
11-05 14:05:11.865 I/ntfs-3g ( 2113): Mounted /dev/block/vold/public:8,1 (Read-Write, label "meida", NTFS 3.1)
11-05 14:05:11.865 I/ntfs-3g ( 2113): Cmdline options: uid=1023,gid=1023,fmask=7,dmask=7,big_writes,async,noatime
11-05 14:05:11.865 I/ntfs-3g ( 2113): Mount options: async,allow_other,nonempty,noatime,fsname=/dev/block/vold/public:8\,1,blkdev,blksize=4096
11-05 14:05:11.865 I/ntfs-3g ( 2113): Ownership and permissions disabled, configuration type 1
11-05 14:05:11.868 D/XM_HIDREAD( 315): add@ add@/devices/virtual/bdi/0:83
11-05 14:05:11.871 I/vold ( 183): Bind mounting /mnt/media_rw/02E24445E2443EE3 to /mnt/pass_through/0/02E24445E2443EE3
11-05 14:05:11.878 I/StorageSessionController( 476): On volume mount VolumeInfo{public:8,1}:
11-05 14:05:11.878 I/StorageSessionController( 476): type=PUBLIC diskId=disk:8,0 partGuid= mountFlags=VISIBLE mountUserId=0
11-05 14:05:11.878 I/StorageSessionController( 476): state=CHECKING
11-05 14:05:11.878 I/StorageSessionController( 476): fsType=ntfs fsUuid=02E24445E2443EE3 fsLabel=meida
11-05 14:05:11.878 I/StorageSessionController( 476): path=/storage/02E24445E2443EE3 internalPath=/mnt/media_rw/02E24445E2443EE3
11-05 14:05:11.879 I/StorageSessionController( 476): Creating and starting session with id: public:8,1
11-05 14:05:11.885 I/ExternalStorageServiceImpl( 1024): Starting session for id: public:8,1
11-05 14:05:11.886 D/CompatibilityChangeReporter( 476): Compat change id reported: 172100307; UID 10074; state: DISABLED
11-05 14:05:11.886 V/FuseDaemonThread( 1024): Waiting 1000ms for FUSE start. Count 4
11-05 14:05:11.888 I/FuseDaemonThread( 1024): Starting thread for public:8,1 ...
11-05 14:05:11.891 I/FuseDaemon( 1024): Starting fuse...
11-05 14:05:11.900 D/AppManager( 1089): checkLocalAppsIsValid: size
11-05 14:05:11.900 D/AppManager( 1089): AppManager resetData:
11-05 14:05:11.928 I/ ( 375): DVI mode selected: packets not configured
11-05 14:05:11.928 I/ ( 375): Error: set vsif failed
11-05 14:05:11.958 I/system_server( 476): Background concurrent copying GC freed 161433(8740KB) AllocSpace objects, 136(3816KB) LOS objects, 49% free, 12MB/24MB, paused 5.677ms total 3.333s
11-05 14:05:11.986 V/GraphicsEnvironment( 2077): ANGLE Developer option for 'com.android.permissioncontroller' set to: 'default'
11-05 14:05:11.986 V/GraphicsEnvironment( 2077): Neither updatable production driver nor prerelease driver is supported.
11-05 14:05:11.987 W/IorapForwardingService( 476): No service published for: iorapd
11-05 14:05:11.988 D/NetworkSecurityConfig( 2077): No Network Security Config specified, using platform default
11-05 14:05:11.989 D/NetworkSecurityConfig( 2077): No Network Security Config specified, using platform default
11-05 14:05:12.000 W/MediaProvider( 1024): getVolumePath for unknown volume: internal
11-05 14:05:12.007 W/MediaProvider( 1024): getVolumePath for unknown volume: internal
11-05 14:05:12.041 I/CarUiInstaller( 2077): CarUiInstaller started for com.android.permissioncontroller
11-05 14:05:12.079 I/ ( 375): DVI mode selected: packets not configured
11-05 14:05:12.079 I/ ( 375): Error: set vsif failed
11-05 14:05:12.084 W/Role ( 2077): Cannot get ApplicationInfo for default holder: com.android.messaging
11-05 14:05:12.100 I/ ( 375): DVI mode selected: packets not configured
11-05 14:05:12.100 I/ ( 375): Error: set vsif failed
11-05 14:05:12.120 I/wpa_supplicant( 1298): SPRD SAE auth results-1: - hexdump(len=54): dd 34 40 45 da 03 95 0a 7a f2 7f 4b 7f 48 99 83 a7 07 04 dd 90 88 2f d6 ae 30 a9 d2 7d ae 93 c0 ...
11-05 14:05:12.120 I/wpa_supplicant( 1298): SPRD SAE auth results-2: - hexdump(len=32): 95 0a 7a f2 7f 4b 7f 48 99 83 a7 07 04 dd 90 88 2f d6 ae 30 a9 d2 7d ae 93 c0 d8 a8 83 5e 85 8e
11-05 14:05:12.120 I/wpa_supplicant( 1298): SPRD SAE auth results-3: - hexdump(len=16): 3d bf 7b fc 42 07 98 73 7a fd c8 04 30 d6 63 ba
11-05 14:05:12.120 I/wpa_supplicant( 1298): SPRD SAE completed - SET PMK for 4-way handshake
11-05 14:05:12.122 I/wpa_supplicant( 1298): wlan0: PMKSA-CACHE-ADDED c8:bf:4c:1d:7a:9b 0
11-05 14:05:12.122 I/wificond( 368): Regulatory domain changed to country: CN on wiphy_index: 0
11-05 14:05:12.124 I/wpa_supplicant( 1298): wlan0: Associated with c8:bf:4c:1d:7a:9b
11-05 14:05:12.124 I/wpa_supplicant( 1298): wlan0: CTRL-EVENT-SUBNET-STATUS-UPDATE status=0
11-05 14:05:12.125 I/wpa_supplicant( 1298): wlan0: CTRL-EVENT-REGDOM-CHANGE init=COUNTRY_IE type=COUNTRY alpha2=CN
11-05 14:05:12.128 D/WifiNl80211Manager( 476): OnRegDomainChanged CN
11-05 14:05:12.128 I/wificond( 368): 2.4Ghz frequencies: 2412 2417 2422 2427 2432 2437 2442 2447 2452 2457 2462 2467 2472
11-05 14:05:12.128 I/wificond( 368): 5Ghz non-DFS frequencies: 5180 5200 5220 5240 5745 5765 5785 5805 5825
11-05 14:05:12.128 I/wificond( 368): 5Ghz DFS frequencies: 5260 5280 5300 5320
11-05 14:05:12.128 I/wificond( 368): 6Ghz frequencies:
11-05 14:05:12.128 I/wificond( 368): 60Ghz frequencies:
11-05 14:05:12.128 D/WifiNative( 476): onCountryCodeChanged: CN
11-05 14:05:12.128 I/WifiCountryCode( 476): Receive onDriverCountryCodeChanged CN
11-05 14:05:12.151 I/HibernationPolicy( 2077): scheduleHibernationJob with frequency 1296000000ms and threshold 7776000000ms
11-05 14:05:12.151 I/WifiService( 476): onDriverCountryCodeChanged CN
11-05 14:05:12.160 I/HibernationPolicy( 2077): user 0 is a profileowner. Running hibernation job.
11-05 14:05:12.168 I/ ( 375): DVI mode selected: packets not configured
11-05 14:05:12.168 I/ ( 375): Error: set vsif failed
11-05 14:05:12.163 I/HibernationPolicy( 2077): Job already scheduled.
11-05 14:05:12.166 D/CompatibilityChangeReporter( 476): Compat change id reported: 135634846; UID 10029; state: DISABLED
11-05 14:05:12.167 D/CompatibilityChangeReporter( 476): Compat change id reported: 177438394; UID 10029; state: DISABLED
11-05 14:05:12.167 D/CompatibilityChangeReporter( 476): Compat change id reported: 135772972; UID 10029; state: DISABLED
11-05 14:05:12.167 D/CompatibilityChangeReporter( 476): Compat change id reported: 135754954; UID 10029; state: ENABLED
11-05 14:05:12.168 D/CompatibilityChangeReporter( 476): Compat change id reported: 143937733; UID 10029; state: ENABLED
11-05 14:05:12.180 E/AppListVm( 1089): LIVE_DATA_APP_LIST change this@=com.dangbei.launcher.home.view.vm.AppListVm@d282220
11-05 14:05:12.181 E/AppListVm( 1089): LIVE_DATA_APP_LIST change this@=com.dangbei.launcher.home.view.vm.AppListVm@93c77d9
11-05 14:05:12.184 D/AppManager( 1089): checkLocalAppsIsValid:
11-05 14:05:12.189 D/AppManager( 1089): checkLocalAppsIsValid:
11-05 14:05:12.195 D/Zygote ( 242): Forked child process 2123
11-05 14:05:12.198 I/ActivityManager( 476): app.processName = com.android.providers.calendar
11-05 14:05:12.198 I/ActivityManager( 476): Start proc 2123:com.android.providers.calendar/u0a29 for broadcast {com.android.providers.calendar/com.android.providers.calendar.CalendarReceiver}
11-05 14:05:12.203 I/hq ( 1089): hq:::curl -X POST -H "Content-Type:application/x-www-form-urlencoded" -d 'packs=qzBdBNULiCnHAoW8XF%2BEK2t90gkBGWWjJzvwYyU9azA%2F2dwklcZIUPEkPJcWvEPPvV1g%2FRDxUlNqCt1Bpes33CtZkhnzmxyYKh6Sl0uKyrE4Y4bY9Ee%2BrKcMNT3qraAfPXHfC3bv9S8V0m4ogZRAP0DBKlj6WTRoTQ8WpEhvk%2FFz6pvfE3IamcPt4bQV73FesMLQg5D8qNniu8rsCawVMg%3D%3D&rommodelnumber=40I2XonQAUU%3D&cpuserial=PlZpqfc1JpxOOZ0anAV38AcloAYinsDQ&pattern=4Beei9NZNdo%3D&rommodel=Pqlpla5YRarwmFg%2B5VG%2FRQ%3D%3D&sn=ia%2FaFKiHtUJo0HCvzs4gKS1PBA%2F2QVm5&lang=vT%2FCsDI%2Fr10%3D&brand=elfd%2FN0Mw6U%3D&theme=L%2B%2FPU%2FFQgEY%3D&vcode=o%2BppAkqptlQ%3D&vname=oql4Ml1tHJc%3D&license=Hs4jp68qr9I%3D&channel=TIQ8TWTDuwcufJjk0AcBhA%3D%3D&packagename=qzBdBNULiCmiu3CIMurjL7PIryC36aZ2YdCJzQtyjcQ%3D&romvercode=BhA8%2F38Giec%3D&romvername=UDOuEwwco6o%3D&network=IGYWVa9OT%2Bk%3D&deviceEid=uSuGjXxL1dquKF1QG%2BzuNgcKc1GMhNRjqypkEmW7WV4lQRKF1DwATA%3D%3D&mac=iP4TVZLko9UsEdSbENu6i8HfL7VxZFhy&userid=pctYUOG3RH0%3D' "https://ottdbui-tyapiqun7.yysh.mgtv.com/v1/nav/checkupdate"
11-05 14:05:12.207 I/hq ( 1089): hq:::curl -X POST -H "Content-Type:application/x-www-form-urlencoded" -d 'packs=qzBdBNULiCnHAoW8XF%2BEK2t90gkBGWWjJzvwYyU9azA%2F2dwklcZIUPEkPJcWvEPPvV1g%2FRDxUlNqCt1Bpes33CtZkhnzmxyYKh6Sl0uKyrE4Y4bY9Ee%2BrKcMNT3qraAfPXHfC3bv9S8V0m4ogZRAP0DBKlj6WTRoTQ8WpEhvk%2FFz6pvfE3IamcPt4bQV73FesMLQg5D8qNniu8rsCawVMg%3D%3D&rommodelnumber=40I2XonQAUU%3D&cpuserial=PlZpqfc1JpxOOZ0anAV38AcloAYinsDQ&pattern=4Beei9NZNdo%3D&rommodel=Pqlpla5YRarwmFg%2B5VG%2FRQ%3D%3D&sn=ia%2FaFKiHtUJo0HCvzs4gKS1PBA%2F2QVm5&lang=vT%2FCsDI%2Fr10%3D&brand=elfd%2FN0Mw6U%3D&theme=L%2B%2FPU%2FFQgEY%3D&vcode=o%2BppAkqptlQ%3D&vname=oql4Ml1tHJc%3D&license=Hs4jp68qr9I%3D&channel=TIQ8TWTDuwcufJjk0AcBhA%3D%3D&packagename=qzBdBNULiCmiu3CIMurjL7PIryC36aZ2YdCJzQtyjcQ%3D&romvercode=BhA8%2F38Giec%3D&romvername=UDOuEwwco6o%3D&network=IGYWVa9OT%2Bk%3D&deviceEid=uSuGjXxL1dquKF1QG%2BzuNgcKc1GMhNRjqypkEmW7WV4lQRKF1DwATA%3D%3D&mac=iP4TVZLko9UsEdSbENu6i8HfL7VxZFhy&userid=pctYUOG3RH0%3D' "https://ottdbui-tyapiqun7.yysh.mgtv.com/v1/nav/checkupdate"
11-05 14:05:12.210 W/System.err( 1089): com.dangbei.leard.base.proider.error.ApiException: java.net.UnknownHostException: Unable to resolve host "ottdbui-tyapiqun7.yysh.mgtv.com": No address associated with hostname
11-05 14:05:12.210 W/System.err( 1089): at com.dangbei.leard.base.proider.error.ErrorExtKt.handleException(SourceFile:286)
11-05 14:05:12.210 W/System.err( 1089): at com.dangbei.leard.base.ext.FlowExtKt.runHttpTry2Response(SourceFile:195)
11-05 14:05:12.210 W/System.err( 1089): at com.dangbei.leard.base.ext.FlowExtKt$runHttpTry2Response$1.invokeSuspend(Unknown Source:15)
11-05 14:05:12.210 W/System.err( 1089): at kotlin.coroutines.jvm.internal.BaseContinuationImpl.resumeWith(SourceFile:12)
11-05 14:05:12.210 W/System.err( 1089): at kotlinx.coroutines.internal.ScopeCoroutine.afterResume(Unknown Source:6)
11-05 14:05:12.210 W/System.err( 1089): at kotlinx.coroutines.AbstractCoroutine.resumeWith(SourceFile:16)
11-05 14:05:12.210 W/System.err( 1089): at kotlin.coroutines.jvm.internal.BaseContinuationImpl.resumeWith(SourceFile:50)
11-05 14:05:12.210 W/System.err( 1089): at kotlinx.coroutines.DispatchedTask.run(SourceFile:105)
11-05 14:05:12.210 W/System.err( 1089): at kotlinx.coroutines.internal.LimitedDispatcher.run(SourceFile:13)
11-05 14:05:12.210 W/System.err( 1089): at kotlinx.coroutines.scheduling.TaskImpl.run(SourceFile:3)
11-05 14:05:12.210 W/System.err( 1089): at kotlinx.coroutines.scheduling.CoroutineScheduler.runSafely(SourceFile:1)
11-05 14:05:12.210 W/System.err( 1089): at kotlinx.coroutines.scheduling.CoroutineScheduler$Worker.executeTask(SourceFile:15)
11-05 14:05:12.210 W/System.err( 1089): at kotlinx.coroutines.scheduling.CoroutineScheduler$Worker.runWorker(SourceFile:29)
11-05 14:05:12.210 W/System.err( 1089): at kotlinx.coroutines.scheduling.CoroutineScheduler$Worker.run(Unknown Source:0)
11-05 14:05:12.211 W/System.err( 1089): Caused by: java.net.UnknownHostException: Unable to resolve host "ottdbui-tyapiqun7.yysh.mgtv.com": No address associated with hostname
11-05 14:05:12.211 W/System.err( 1089): at java.net.Inet6AddressImpl.lookupHostByName(Inet6AddressImpl.java:124)
11-05 14:05:12.211 W/System.err( 1089): at java.net.Inet6AddressImpl.lookupAllHostAddr(Inet6AddressImpl.java:103)
11-05 14:05:12.211 W/System.err( 1089): at java.net.InetAddress.getAllByName(InetAddress.java:1152)
11-05 14:05:12.211 W/System.err( 1089): at okhttp3.Dns$Companion$DnsSystem.lookup(SourceFile:6)
11-05 14:05:12.211 W/System.err( 1089): at okhttp3.internal.connection.RouteSelector.resetNextInetSocketAddress(SourceFile:153)
11-05 14:05:12.211 W/System.err( 1089): at okhttp3.internal.connection.RouteSelector.nextProxy(SourceFile:21)
11-05 14:05:12.211 W/System.err( 1089): at okhttp3.internal.connection.RouteSelector.next(SourceFile:18)
11-05 14:05:12.211 W/System.err( 1089): at okhttp3.internal.connection.ExchangeFinder.findConnection(SourceFile:197)
11-05 14:05:12.211 W/System.err( 1089): at okhttp3.internal.connection.ExchangeFinder.findHealthyConnection(SourceFile:1)
11-05 14:05:12.211 W/System.err( 1089): at okhttp3.internal.connection.ExchangeFinder.find(SourceFile:52)
11-05 14:05:12.211 W/System.err( 1089): at okhttp3.internal.connection.RealCall.initExchange$okhttp(SourceFile:32)
11-05 14:05:12.211 W/System.err( 1089): at okhttp3.internal.connection.ConnectInterceptor.intercept(SourceFile:12)
11-05 14:05:12.211 W/System.err( 1089): at okhttp3.internal.http.RealInterceptorChain.proceed(SourceFile:155)
11-05 14:05:12.211 W/System.err( 1089): at okhttp3.internal.cache.CacheInterceptor.intercept(SourceFile:190)
11-05 14:05:12.211 W/System.err( 1089): at okhttp3.internal.http.RealInterceptorChain.proceed(SourceFile:155)
11-05 14:05:12.211 W/System.err( 1089): at okhttp3.internal.http.BridgeInterceptor.intercept(SourceFile:168)
11-05 14:05:12.211 W/System.err( 1089): at okhttp3.internal.http.RealInterceptorChain.proceed(SourceFile:155)
11-05 14:05:12.211 W/System.err( 1089): at okhttp3.internal.http.RetryAndFollowUpInterceptor.intercept(SourceFile:35)
11-05 14:05:12.211 W/System.err( 1089): at okhttp3.internal.http.RealInterceptorChain.proceed(SourceFile:155)
11-05 14:05:12.211 W/System.err( 1089): at com.monster.ok2curl.CurlInterceptor.intercept(SourceFile:26)
11-05 14:05:12.211 W/System.err( 1089): at okhttp3.internal.http.RealInterceptorChain.proceed(SourceFile:155)
11-05 14:05:12.211 W/System.err( 1089): at com.dangbei.leard.base.proider.net.interceptor.DomainSwitchInterceptor.intercept(SourceFile:72)
11-05 14:05:12.211 W/System.err( 1089): at okhttp3.internal.http.RealInterceptorChain.proceed(SourceFile:155)
11-05 14:05:12.211 W/System.err( 1089): at com.dangbei.leard.base.proider.net.interceptor.RequestSignAndEncryptInterceptor.intercept(SourceFile:240)
11-05 14:05:12.211 W/System.err( 1089): at okhttp3.internal.http.RealInterceptorChain.proceed(SourceFile:155)
11-05 14:05:12.211 W/System.err( 1089): at com.dangbei.leard.base.proider.net.interceptor.RequestExtraParamsInterceptor.intercept(SourceFile:241)
11-05 14:05:12.212 W/System.err( 1089): at okhttp3.internal.http.RealInterceptorChain.proceed(SourceFile:155)
11-05 14:05:12.212 W/System.err( 1089): at okhttp3.internal.connection.RealCall.getResponseWithInterceptorChain$okhttp(SourceFile:114)
11-05 14:05:12.212 W/System.err( 1089): at okhttp3.internal.connection.RealCall$AsyncCall.run(SourceFile:41)
11-05 14:05:12.212 W/System.err( 1089): at java.util.concurrent.ThreadPoolExecutor.runWorker(ThreadPoolExecutor.java:1167)
11-05 14:05:12.212 W/System.err( 1089): at java.util.concurrent.ThreadPoolExecutor$Worker.run(ThreadPoolExecutor.java:641)
11-05 14:05:12.212 W/System.err( 1089): at java.lang.Thread.run(Thread.java:920)
11-05 14:05:12.213 W/System.err( 1089): com.dangbei.leard.base.proider.error.ApiException: java.net.UnknownHostException: Unable to resolve host "ottdbui-tyapiqun7.yysh.mgtv.com": No address associated with hostname
11-05 14:05:12.213 E/hq ( 1089): ErrorCoroutineExceptionHandler:::runTry error:java.net.UnknownHostException: Unable to resolve host "ottdbui-tyapiqun7.yysh.mgtv.com": No address associated with hostname from=requestAppUpdateInfo 2
11-05 14:05:12.213 W/System.err( 1089): at com.dangbei.leard.base.proider.error.ErrorExtKt.handleException(SourceFile:286)
11-05 14:05:12.213 W/System.err( 1089): at com.dangbei.leard.base.ext.FlowExtKt.runHttpTry2Response(SourceFile:195)
11-05 14:05:12.213 W/System.err( 1089): at com.dangbei.leard.base.ext.FlowExtKt$runHttpTry2Response$1.invokeSuspend(Unknown Source:15)
11-05 14:05:12.213 W/System.err( 1089): at kotlin.coroutines.jvm.internal.BaseContinuationImpl.resumeWith(SourceFile:12)
11-05 14:05:12.213 W/System.err( 1089): at kotlinx.coroutines.internal.ScopeCoroutine.afterResume(Unknown Source:6)
11-05 14:05:12.213 W/System.err( 1089): at kotlinx.coroutines.AbstractCoroutine.resumeWith(SourceFile:16)
11-05 14:05:12.213 W/System.err( 1089): at kotlin.coroutines.jvm.internal.BaseContinuationImpl.resumeWith(SourceFile:50)
11-05 14:05:12.213 W/System.err( 1089): at kotlinx.coroutines.DispatchedTask.run(SourceFile:105)
11-05 14:05:12.213 W/System.err( 1089): at kotlinx.coroutines.internal.LimitedDispatcher.run(SourceFile:13)
11-05 14:05:12.213 W/System.err( 1089): at kotlinx.coroutines.scheduling.TaskImpl.run(SourceFile:3)
11-05 14:05:12.213 W/System.err( 1089): at kotlinx.coroutines.scheduling.CoroutineScheduler.runSafely(SourceFile:1)
11-05 14:05:12.213 W/System.err( 1089): at kotlinx.coroutines.scheduling.CoroutineScheduler$Worker.executeTask(SourceFile:15)
11-05 14:05:12.213 W/System.err( 1089): at kotlinx.coroutines.scheduling.CoroutineScheduler$Worker.runWorker(SourceFile:29)
11-05 14:05:12.213 W/System.err( 1089): at kotlinx.coroutines.scheduling.CoroutineScheduler$Worker.run(Unknown Source:0)
11-05 14:05:12.213 W/System.err( 1089): Caused by: java.net.UnknownHostException: Unable to resolve host "ottdbui-tyapiqun7.yysh.mgtv.com": No address associated with hostname
11-05 14:05:12.213 W/System.err( 1089): at java.net.Inet6AddressImpl.lookupHostByName(Inet6AddressImpl.java:124)
11-05 14:05:12.214 W/System.err( 1089): at java.net.Inet6AddressImpl.lookupAllHostAddr(Inet6AddressImpl.java:103)
11-05 14:05:12.214 W/System.err( 1089): at java.net.InetAddress.getAllByName(InetAddress.java:1152)
11-05 14:05:12.214 W/System.err( 1089): at okhttp3.Dns$Companion$DnsSystem.lookup(SourceFile:6)
11-05 14:05:12.214 W/System.err( 1089): at okhttp3.internal.connection.RouteSelector.resetNextInetSocketAddress(SourceFile:153)
11-05 14:05:12.214 W/System.err( 1089): at okhttp3.internal.connection.RouteSelector.nextProxy(SourceFile:21)
11-05 14:05:12.214 W/System.err( 1089): at okhttp3.internal.connection.RouteSelector.next(SourceFile:18)
11-05 14:05:12.214 W/System.err( 1089): at okhttp3.internal.connection.ExchangeFinder.findConnection(SourceFile:197)
