11-05 14:06:26.616 I/awei.connection( 3324): type=1400 audit(0.0:1295): avc: denied { open } for path="/sys/devices/platform/unisoc_wifi/net/wlan1/address" dev="sysfs" ino=27658 scontext=u:r:platform_app:s0:c512,c768 tcontext=u:object_r:sysfs:s0 tclass=file permissive=1 app=com.dangbei.screencast
11-05 14:06:26.616 I/awei.connection( 3324): type=1400 audit(0.0:1296): avc: denied { getattr } for path="/sys/devices/platform/unisoc_wifi/net/wlan1/address" dev="sysfs" ino=27658 scontext=u:r:platform_app:s0:c512,c768 tcontext=u:object_r:sysfs:s0 tclass=file permissive=1 app=com.dangbei.screencast
11-05 14:06:26.628 I/crashsdk( 3324): version unique build id: 6230cced
11-05 14:06:26.624 I/Thread-3( 3324): type=1400 audit(0.0:1297): avc: denied { read } for name="version" dev="proc" ino=4026532049 scontext=u:r:platform_app:s0:c512,c768 tcontext=u:object_r:proc_version:s0 tclass=file permissive=1 app=com.dangbei.screencast
11-05 14:06:26.624 I/Thread-3( 3324): type=1400 audit(0.0:1298): avc: denied { open } for path="/proc/version" dev="proc" ino=4026532049 scontext=u:r:platform_app:s0:c512,c768 tcontext=u:object_r:proc_version:s0 tclass=file permissive=1 app=com.dangbei.screencast
11-05 14:06:26.624 I/Thread-3( 3324): type=1400 audit(0.0:1299): avc: denied { getattr } for path="/proc/version" dev="proc" ino=4026532049 scontext=u:r:platform_app:s0:c512,c768 tcontext=u:object_r:proc_version:s0 tclass=file permissive=1 app=com.dangbei.screencast
11-05 14:06:26.634 I/crashsdk( 3324): begin hack android.os.Process
11-05 14:06:26.634 I/crashsdk( 3324): end hack android.os.Process
11-05 14:06:26.637 D/crashsdk( 3324): Native log stat thread 3361 setup, waiting
11-05 14:06:26.658 I/TDLog ( 3324): setReportUncaughtExceptions: true
11-05 14:06:26.659 E/Application( 3324): onCreate:Version:v2.8.3/20830/883432e
11-05 14:06:26.665 W/efs.send_log( 3324): tryFileLock start!
11-05 14:06:26.667 I/Matrix.AnrTracer( 3324): anrTrace, final mAnrBeatTime:400, mAnrBeatRate:400
11-05 14:06:26.674 D/NearFieldManagerService( 3324): NearFieldManagerService.
11-05 14:06:26.674 I/efs.config( 3324): --->>> 删除旧的配置文件 false
11-05 14:06:26.674 D/NearFieldManagerService( 3324): onCreate, enter.
11-05 14:06:26.674 I/NearFieldManagerService( 3324): onBind, enter.
11-05 14:06:26.674 D/NearFieldManagerService( 3324): initService
11-05 14:06:26.674 D/NearFieldManagerService( 3324): NearField starting...
11-05 14:06:26.674 D/NearFieldUtils( 3324): checkSystemProperty in
11-05 14:06:26.675 D/NearFieldUtils( 3324): checkSystemProperty: systemProperties:
11-05 14:06:26.675 E/NearFieldUtils( 3324): validProperty: priority is null
11-05 14:06:26.676 I/efs.base( 3324): lt=event`ev_ct=efs_core`ev_ac=pvuv`tm=2025-11-05 14:06:67`dn=b7818bb2-5f62-4f12-9a91-36673dce94c0`ps=com.huawei.connection`um_os=android`stime=1762322786429`pid=3324`fr=android`pkg=com.dangbei.screencast`vcode=20830`dsp_w=1920`uid=b7818bb2-5f62-4f12-9a91-36673dce94c0`rom=12`wid=b7818bb2-5f62-4f12-9a91-36673dce94c0`um_app_carrier=`um_access=wifi`um_app_channel=os`um_crash_sdk_version=1.4.0`ctime=1762322786`model=dbbox-a2`lang=zh`net=wifi`brand=dangbei`dsp_h=1080`um_network_type=0`ver=v2.8.3`build_model=DBBOX-A2`w_tm=1762322786`appid=5fc60c21094d637f3130af19`um_umid_header=ai7db9f68508b83bfb5af66567cfa3d0f5`sdk=31`tzone=Asia/Shanghai`sdk_ver=1.3.6.umeng
11-05 14:06:26.678 E/LaunchManager( 3324): Non main process !
11-05 14:06:26.678 W/System.err( 3324): java.lang.NullPointerException: Attempt to invoke virtual method 'boolean com.efs.sdk.launch.LaunchConfigManager.enableTracer()' on a null object reference
11-05 14:06:26.679 W/System.err( 3324): at com.umeng.umcrash.UMCrash.init(Unknown Source:403)
11-05 14:06:26.679 W/System.err( 3324): at java.lang.reflect.Method.invoke(Native Method)
11-05 14:06:26.679 W/System.err( 3324): at com.umeng.commonsdk.UMConfigure.init(Unknown Source:811)
11-05 14:06:26.679 W/System.err( 3324): at b.f.f.b.a(:4)
11-05 14:06:26.679 W/System.err( 3324): at h.o.a.run(Unknown Source:2)
11-05 14:06:26.679 I/efs.config( 3324): current config version (-1) is older than another (1735614866)
11-05 14:06:26.679 I/efs.config( 3324): load config from storage and notify observer
11-05 14:06:26.681 D/NearFieldManager( 3149): service connected.
11-05 14:06:26.682 D/HiSight-Discovery( 3149): eventId: 4001
11-05 14:06:26.683 D/HiSight-Discovery( 3149): msg 4001
11-05 14:06:26.684 D/HiSight-Discovery( 3149): bind success, status Ready
11-05 14:06:26.684 D/HiSight-Discovery( 3149): startAdvertise 2
11-05 14:06:26.684 D/HiSight-Discovery( 3149): stopAdvertise.
11-05 14:06:26.684 D/HiSight-Discovery( 3149): nearFieldStartListen deviceType 46
11-05 14:06:26.686 I/NearFieldManagerImpl( 3324): setDeviceInfo, sDeviceId changes
11-05 14:06:26.687 I/NearFieldManagerImpl( 3324): setDeviceInfo, sDeviceName changes
11-05 14:06:26.688 D/NearFieldManagerImpl( 3324): setServiceData, sServiceData=[], serviceData=[32]
11-05 14:06:26.689 E/NearFieldManager( 3149): setIdnNetworkPriority: networkPortPriority is empty
11-05 14:06:26.689 I/crashsdk( 3324): Catcher mask: 5000, 20480
11-05 14:06:26.689 D/NearFieldManager( 3149): StartListen moduleId: CastPlusDiscoveryModule
11-05 14:06:26.690 I/crashsdk( 3324): Catcher thread 3329
11-05 14:06:26.690 D/crashsdk( 3324): Register ANR handler ...
11-05 14:06:26.690 D/NearFieldManagerImpl( 3324): startListen: moduleId: CastPlusDiscoveryModule
11-05 14:06:26.690 D/NearFieldManagerImpl( 3324): onReceive action get:android.net.conn.CONNECTIVITY_CHANGE
11-05 14:06:26.690 D/NearFieldUtils( 3324): getPreferredIpAddress exec
11-05 14:06:26.690 D/NearFieldUtils( 3324): getPreferredIpAddress by custom priority
11-05 14:06:26.691 D/NearFieldUtils( 3324): getIpByInterfaceSetting customIdnNetworkPriority:[]
11-05 14:06:26.691 D/NearFieldUtils( 3324): getPreferredIpAddress by default priority
11-05 14:06:26.691 W/efs.info.manager( 3324): network change: wifi
11-05 14:06:26.694 W/ServiceManager( 476): Permission failure: android.permission.HIGH_SAMPLING_RATE_SENSORS from uid=10024 pid=3324
11-05 14:06:26.695 D/NearFieldUtils( 3324): getPreferredIpAddress exec
11-05 14:06:26.695 D/NearFieldUtils( 3324): getPreferredIpAddress by custom priority
11-05 14:06:26.695 D/NearFieldUtils( 3324): getIpByInterfaceSetting customIdnNetworkPriority:[]
11-05 14:06:26.695 D/NearFieldUtils( 3324): getPreferredIpAddress by default priority
11-05 14:06:26.699 I/TDLog ( 3324): TalkingData SDK init...
11-05 14:06:26.699 I/TDLog ( 3324): SDK_VERSION is: Android+TD+V5.0.7 gp Type:Native Build_Num:2141
11-05 14:06:26.699 I/TDLog ( 3324): App ID is: B9D7815EC975466AB1332111FCE62DF5
11-05 14:06:26.699 I/TDLog ( 3324): App Channel is: os
11-05 14:06:26.699 I/TDLog ( 3324): App Custom is:
11-05 14:06:26.699 I/TDLog ( 3324): SDK_OVC is: TDOVC+a3bb7754719798526508b6caad480dd7+SaaS
11-05 14:06:26.746 E/sprdwl ( 1064): sprdwl_rx_rsp_process ctx_id 0 recv rsp[WIFI_CMD_TX_DATA] status[SPRDWL_CMD_STATUS_ERROR]
11-05 14:06:26.762 D/NearFieldUtils( 3324): to get wlan0 ip address
11-05 14:06:26.763 D/NearFieldUtils( 3324): get wlan0 IP succeed.
11-05 14:06:26.763 D/NearFieldManagerImpl( 3324): sDeviceType: 46
11-05 14:06:26.763 D/NearFieldManagerImpl( 3324): registerDevice() is called.
11-05 14:06:26.763 E/NearFieldManagerUtilsNative( 3324): Begin System.loadLibrary()
11-05 14:06:26.766 E/sprdwl ( 1064): sprdwl_rx_rsp_process ctx_id 0 recv rsp[WIFI_CMD_TX_DATA] status[SPRDWL_CMD_STATUS_ERROR]
11-05 14:06:26.786 E/sprdwl ( 1064): sprdwl_rx_rsp_process ctx_id 0 recv rsp[WIFI_CMD_TX_DATA] status[SPRDWL_CMD_STATUS_ERROR]
11-05 14:06:26.802 I/HicomNfTimerManager( 3324): epoll fd:129 create success
11-05 14:06:26.803 I/HicomNfTimerManager( 3324): epoll add fd:130--->129 success
11-05 14:06:26.803 I/HicomNfTimerManager( 3324): time fd:130 add to epoll success
11-05 14:06:26.808 D/NearFieldUtils( 3324): to get wlan0 ip address
11-05 14:06:26.808 D/NearFieldUtils( 3324): get wlan0 IP succeed.
11-05 14:06:26.809 E/NearFieldManagerImpl( 3324): notifyByPriority: interfaceNameInUse is null
11-05 14:06:26.809 D/NearFieldManagerImpl( 3324): handleConnectivityAction: notified by default
11-05 14:06:26.803 E/sprdwl ( 1064): sprdwl_rx_rsp_process ctx_id 0 recv rsp[WIFI_CMD_TX_DATA] status[SPRDWL_CMD_STATUS_ERROR]
11-05 14:06:26.827 D/HiSight-SinkService( 3149): setDiscoverable true
11-05 14:06:26.827 D/HiSight-Discovery( 3149): set deviceInfo type:46
11-05 14:06:26.835 D/nStackXDFinder( 3324): NSTACKX_Init:[146] :nstack ctrl creat epollfd 131
11-05 14:06:26.826 E/sprdwl ( 1064): sprdwl_rx_rsp_process ctx_id 0 recv rsp[WIFI_CMD_TX_DATA] status[SPRDWL_CMD_STATUS_ERROR]
11-05 14:06:26.841 I/nStackXDFinder( 3324): InitDefaultInterfaceName:[779] :InitDefaultInterfaceName exec
11-05 14:06:26.844 D/nStackXCoAP( 3324): CoapServerInit:[174] :CoapServerInit is called
11-05 14:06:26.845 E/nStackXDFinder( 3324): GetLocalIp:[401] :GetLocalIp exec
11-05 14:06:26.845 E/nStackXDFinder( 3324): GetLocalIp:[407] :GetLocalIp, ifInfo is null
11-05 14:06:26.845 I/HicomNfMainCtrlManager( 3324): NSTACKX_RegisterDevice is called
11-05 14:06:26.845 D/NearFieldManagerImpl( 3324): Register device success.
11-05 14:06:26.845 I/NearFieldManagerImpl( 3324): serviceName is castPlus
11-05 14:06:26.846 D/NearFieldManagerImpl( 3324): registerCapability() called with: capabilityBitmapNum = 1, capabilityBitmap = [8]
11-05 14:06:26.846 I/HicomNf_java_to_c( 3324): registerCapability, capabilityBitmapNum: 1
11-05 14:06:26.847 I/HicomNfMainCtrlManager( 3324): RegisterCapability: 1, 8
11-05 14:06:26.847 D/NearFieldManagerImpl( 3324): Register capability succeed with capabilityBitmapNum = 1, capabilityBitmap = [8]
11-05 14:06:26.847 D/NearFieldManagerImpl( 3324): registerServiceData() called with: serviceData = 32
11-05 14:06:26.873 D/wenhc ( 1089): getScreenInfo uri = content://com.dangbei.screencast.parts.info/screen_cast
11-05 14:06:26.874 D/wenhc ( 1089): getScreenInfo uri = content://com.dangbei.screencast.parts.info/screen_cast
11-05 14:06:26.874 D/NearFieldManagerImpl( 3324): registerModule() called with: packageModuleName = com.huawei.connection+CastPlusDiscoveryModule
11-05 14:06:26.875 I/HicomNf_java_to_c( 3324): registerModule, moduleName: com.huawei.connection+CastPlusDiscoveryModule
11-05 14:06:26.875 I/HicomNfMainCtrlManager( 3324): Enter RegisterModule
11-05 14:06:26.875 I/HicomNfRegManager( 3324): RegisterModule OK, add module name com.huawei.connection+CastPlusDiscoveryModule
11-05 14:06:26.878 D/HiSight-Discovery( 3149): startAdvertise 3
11-05 14:06:26.878 D/HiSight-Discovery( 3149): stopAdvertise.
11-05 14:06:26.879 D/NearFieldManager( 3149): StopListen moduleId: CastPlusDiscoveryModule
11-05 14:06:26.870 E/sprdwl ( 1064): sprdwl_rx_rsp_process ctx_id 0 recv rsp[WIFI_CMD_TX_DATA] status[SPRDWL_CMD_STATUS_ERROR]
11-05 14:06:26.880 D/NearFieldManagerImpl( 3324): stopListen: moduleId: CastPlusDiscoveryModule
11-05 14:06:26.880 D/NearFieldManagerImpl( 3324): registerCapability() called with: capabilityBitmapNum = 1, capabilityBitmap = [0]
11-05 14:06:26.880 I/HicomNf_java_to_c( 3324): registerCapability, capabilityBitmapNum: 1
11-05 14:06:26.880 I/HicomNfMainCtrlManager( 3324): RegisterCapability: 1, 0
11-05 14:06:26.880 D/NearFieldManagerImpl( 3324): Register capability succeed with capabilityBitmapNum = 1, capabilityBitmap = [0]
11-05 14:06:26.881 D/HiSight-Discovery( 3149): nearFieldStartListen deviceType 46
11-05 14:06:26.882 I/Hisight-DeviceListManager( 3149): init DeviceListManager.
11-05 14:06:26.886 D/NearFieldManagerImpl( 3324): setServiceData, sServiceData=[32], serviceData=[32]
11-05 14:06:26.886 E/NearFieldManagerImpl( 3324): setServiceData, serviceData exists
11-05 14:06:26.886 E/NearFieldManager( 3149): setIdnNetworkPriority: networkPortPriority is empty
11-05 14:06:26.886 D/NearFieldManager( 3149): StartListen moduleId: CastPlusDiscoveryModule
11-05 14:06:26.887 D/NearFieldManagerImpl( 3324): startListen: moduleId: CastPlusDiscoveryModule
11-05 14:06:26.887 D/NearFieldUtils( 3324): getPreferredIpAddress exec
11-05 14:06:26.887 D/NearFieldUtils( 3324): getPreferredIpAddress by custom priority
11-05 14:06:26.887 D/NearFieldUtils( 3324): getIpByInterfaceSetting customIdnNetworkPriority:[]
11-05 14:06:26.887 D/NearFieldUtils( 3324): getPreferredIpAddress by default priority
11-05 14:06:26.886 E/sprdwl ( 1064): sprdwl_rx_rsp_process ctx_id 0 recv rsp[WIFI_CMD_TX_DATA] status[SPRDWL_CMD_STATUS_ERROR]
11-05 14:06:26.899 I/nStackXDFinder( 3324): UpdateLocalNetworkInterface:[472] :UpdateLocalNetworkInterface exec,initerfaceName:wlan0
11-05 14:06:26.900 E/nStackXDFinder( 3324): GetLocalIp:[401] :GetLocalIp exec
11-05 14:06:26.900 E/nStackXDFinder( 3324): GetLocalIp:[407] :GetLocalIp, ifInfo is null
11-05 14:06:26.900 I/nStackXDFinder( 3324): UpdateLocalNetworkInterface:[498] :UpdateLocalNetworkInterface copy ip value in default process
11-05 14:06:26.900 E/nStackXDFinder( 3324): GetLocalIp:[401] :GetLocalIp exec
11-05 14:06:26.900 D/nStackXCoAP( 3324): CoapServerInit:[174] :CoapServerInit is called
11-05 14:06:26.900 E/nStackXDFinder( 3324): GetLocalIp:[401] :GetLocalIp exec
11-05 14:06:26.900 I/nStackXUtil( 3324): BindToDevice:[352] :BindToDevice exec
11-05 14:06:26.900 I/nStackXUtil( 3324): GetInterfaceByPriority:[279] :GetInterfaceByPriority exec
11-05 14:06:26.900 I/nStackXUtil( 3324): GetInterfaceByDefault:[309] :GetInterfaceByDefault exec
11-05 14:06:26.900 I/nStackXUtil( 3324): GetInterfaceByDefault:[316] :GetInterfaceByDefault, ndevice name: lo
11-05 14:06:26.900 I/nStackXUtil( 3324): GetInterfaceByDefault:[316] :GetInterfaceByDefault, ndevice name: wlan0
11-05 14:06:26.904 D/Hisight-DeviceListManager( 3149): get old secret key
11-05 14:06:26.907 I/nStackXUtil( 3324): BindToDevice:[374] :BindToDevice, Bind localAddr name: wlan0
11-05 14:06:26.908 E/nStackXUtil( 3324): BindToDeviceInner:[188] :setsockopt fail, errno = 1
11-05 14:06:26.908 E/nStackXCoAP( 3324): CoapGetContext:[250] :bind to device fail
11-05 14:06:26.908 D/nStackXCoAP( 3324): CoapInitResources:[744] :CoapInitResources g_wlanOrEthContext update
11-05 14:06:26.908 I/nStackXDFinder( 3324): RegisterServiceData:[728] :RegisterServiceData, serviceData=[32]
11-05 14:06:26.908 D/NearFieldUtils( 3324): to get wlan0 ip address
11-05 14:06:26.908 D/NearFieldUtils( 3324): get wlan0 IP succeed.
11-05 14:06:26.908 I/NearFieldManagerImpl( 3324): wlan Connected
11-05 14:06:26.909 I/HicomNf_java_to_c( 3324): notifyNetworkStateChanged with maskStr, networkType: 0, networkState: 0, mask:
11-05 14:06:26.909 I/HicomNfMainCtrlManager( 3324): NotifyNetworkStateChanged is called with networkState: 0
11-05 14:06:26.909 I/HicomNfMainCtrlManager( 3324): P2P and USB are both disconnected
11-05 14:06:26.909 I/HicomNfSecureManager( 3324): stop listening
11-05 14:06:26.909 I/HicomNfSecureManager( 3324): StopListening, m_sessionInfoLock out, before calling NSTACKX_DMsgClose 2
11-05 14:06:26.909 I/HicomNfSecureManager( 3324): StopListening, after calling NSTACKX_DMsgClose 2
11-05 14:06:26.932 E/Hisight-ConnectAuthCallBack( 3149): readSecureFile failed, no such file
11-05 14:06:26.932 W/Hisight-DeviceListManager( 3149): deviceRecords is empty
11-05 14:06:26.932 W/Hisight-DeviceListManager( 3149): occur error, clear all the list
11-05 14:06:26.933 D/Hisight-HiChainAuthControl( 3149): start HiChainAuthControl
11-05 14:06:26.942 I/HicomNf_java_to_c( 3324): notifyNetworkStateChanged with maskStr, networkType: 0, networkState: 1, mask: 255.255.255.0
11-05 14:06:26.942 I/HicomNfMainCtrlManager( 3324): NotifyNetworkStateChanged is called with networkState: 1
11-05 14:06:26.942 I/HicomNfSecureManager( 3324): StartListening, before calling NSTACKX_DMsgServer
11-05 14:06:26.942 I/nStackXDMsg( 3324): NSTACKX_DMsgServer:[1335] :msgReceiver is not NULL
11-05 14:06:26.944 D/nStackXDMsg( 3324): StartDMsgMainThread:[1274] :pthread_create
11-05 14:06:26.945 I/HicomNfSecureManager( 3324): StartListening, after calling NSTACKX_DMsgServer
11-05 14:06:26.945 I/HicomNfSecureManager( 3324): OnehopSecureCtrlManager: succeeded to StartListening with type 0
11-05 14:06:26.950 I/ConnectAuthJNI( 3149): JNI_OnLoad begin load
11-05 14:06:26.951 I/ConnectAuthJNI( 3149): RegisterNativeMethod begin
11-05 14:06:26.958 I/ConnectAuthJNI( 3149): RegisterNativeMethod end
11-05 14:06:26.958 I/ConnectAuthJNI( 3149): RegisterNativeMethod 1004 methodLen=10
11-05 14:06:26.959 I/ConnectAuthJNI( 3149): RegisterNativeMethod 1007 RegisterNatives=0
11-05 14:06:26.959 I/ConnectAuthJNI( 3149): InitArraylist 1013
11-05 14:06:26.959 I/ConnectAuthJNI( 3149): InitConnectAuthStaticJNIMethod 1114 methodRet=0
11-05 14:06:26.959 E/ConnectAuthJNI( 3149): JNI_OnLoad finish....1138
11-05 14:06:26.959 D/Hisight-HiChainAuthControl( 3149): setupAuthIfNeeded, HiChainInstance hasn't been initialized
11-05 14:06:26.959 I/ConnectAuthJNI( 3149): Java_com_huawei_hisight_security_ConnectAuthNative_nativeSetup 795 call HiChainNativeSetup
11-05 14:06:26.959 I/ConnectAuthJNI( 3149): HiChainNativeSetup 565 registe_log
11-05 14:06:26.959 I/ConnectAuthJNI( 3149): HksStorageRegisterFileCallbacks 245 register hks file callback status =0
11-05 14:06:26.959 I/ConnectAuthJNI( 3149): HksRegisterGetDeviceIdCallback 268 register hks get hardware udid callback status =0
11-05 14:06:26.960 D/ConnectAuthJNI( 3149): [HiChain] get_instance Begin get instance
11-05 14:06:26.960 I/ConnectAuthJNI( 3149): [HKS] hks_service_key_info_init hks init : begin
11-05 14:06:26.960 I/ConnectAuthJNI( 3149): FileRead 113 FileRead
11-05 14:06:26.960 I/ConnectAuthJNI( 3149): FileRead 122 FileRead call readSecureFile begin
11-05 14:06:26.961 E/Hisight-ConnectAuthCallBack( 3149): readSecureFile failed, no such file
11-05 14:06:26.961 W/ConnectAuthJNI( 3149): FileRead 132 FileRead call readSecureFile byteArray is null
11-05 14:06:26.961 I/ConnectAuthJNI( 3149): [HKS] hks_rkc_init RKC init:begin, is_key_info_exist=0
11-05 14:06:26.961 I/ConnectAuthJNI( 3149): [HKS] hks_rkc_init_entropy the entropy is empty
11-05 14:06:26.961 I/ConnectAuthJNI( 3149): FileSize 214 FileSize
11-05 14:06:26.961 I/ConnectAuthJNI( 3149): FileSize 230 fileSize=258
11-05 14:06:26.961 I/ConnectAuthJNI( 3149): FileRead 113 FileRead
11-05 14:06:26.961 I/ConnectAuthJNI( 3149): FileRead 122 FileRead call readSecureFile begin
11-05 14:06:26.962 I/ConnectAuthJNI( 3149): FileRead 135 FileRead call readSecureFile end
11-05 14:06:26.962 I/ConnectAuthJNI( 3149): FileRead 150 fileBuff size 258, buf len 258
11-05 14:06:26.962 I/ConnectAuthJNI( 3149): FileSize 214 FileSize
11-05 14:06:26.962 I/ConnectAuthJNI( 3149): FileSize 230 fileSize=258
11-05 14:06:26.962 I/ConnectAuthJNI( 3149): FileRead 113 FileRead
11-05 14:06:26.962 I/ConnectAuthJNI( 3149): FileRead 122 FileRead call readSecureFile begin
11-05 14:06:26.962 I/ConnectAuthJNI( 3149): FileRead 135 FileRead call readSecureFile end
11-05 14:06:26.962 I/ConnectAuthJNI( 3149): FileRead 150 fileBuff size 258, buf len 258
11-05 14:06:26.963 I/ConnectAuthJNI( 3149): [HKS] hks_rkc_load_ksf load ksf success
11-05 14:06:26.963 I/ConnectAuthJNI( 3149): [HKS] hks_rkc_init root key component init success
11-05 14:06:26.963 I/ConnectAuthJNI( 3149): [HKS] hks_rkc_init RKC init:end,rc=0
11-05 14:06:26.963 I/ConnectAuthJNI( 3149): [HKS] hks_service_key_info_init hks init : end
11-05 14:06:26.963 I/ConnectAuthJNI( 3149): GetHiChainProtocolParamsCallback 371 GetHiChainProtocolParamsCallback operation_code= 99
11-05 14:06:26.963 I/ConnectAuthJNI( 3149): paramLen is ,=0
11-05 14:06:26.963 I/ConnectAuthJNI( 3149): paramLen is ,=0
11-05 14:06:26.963 I/ConnectAuthJNI( 3149): GetHiChainProtocolParamsCallback 402 GetHiChainProtocolParamsCallback end
11-05 14:06:26.963 I/ConnectAuthJNI( 3149): [HiChain] get_instance Get instance success
11-05 14:06:26.963 I/ConnectAuthJNI( 3149): Java_com_huawei_hisight_security_ConnectAuthNative_nativeGetHiChainInstance 598 get instance success
11-05 14:06:26.963 D/Hisight-HiChainAuthControl( 3149): destroyAuth
11-05 14:06:26.963 I/ConnectAuthJNI( 3149): Java_com_huawei_hisight_security_ConnectAuthNative_nativeDestroy 603 destroy
11-05 14:06:26.963 D/Hisight-HiChainAuthControl( 3149): setupAuthIfNeeded, HiChainInstance hasn't been initialized
11-05 14:06:26.963 I/ConnectAuthJNI( 3149): Java_com_huawei_hisight_security_ConnectAuthNative_nativeSetup 795 call HiChainNativeSetup
11-05 14:06:26.963 I/ConnectAuthJNI( 3149): HiChainNativeSetup 565 registe_log
11-05 14:06:26.963 I/ConnectAuthJNI( 3149): HksStorageRegisterFileCallbacks 245 register hks file callback status =0
11-05 14:06:26.963 I/ConnectAuthJNI( 3149): HksRegisterGetDeviceIdCallback 268 register hks get hardware udid callback status =0
11-05 14:06:26.964 D/ConnectAuthJNI( 3149): [HiChain] get_instance Begin get instance
11-05 14:06:26.964 I/ConnectAuthJNI( 3149): [HKS] hks_service_key_info_init hks init : begin
11-05 14:06:26.964 I/ConnectAuthJNI( 3149): [HKS] hks_service_key_info_init hks init : end
11-05 14:06:26.964 I/ConnectAuthJNI( 3149): GetHiChainProtocolParamsCallback 371 GetHiChainProtocolParamsCallback operation_code= 99
11-05 14:06:26.964 I/ConnectAuthJNI( 3149): paramLen is ,=0
11-05 14:06:26.964 I/ConnectAuthJNI( 3149): paramLen is ,=0
11-05 14:06:26.964 I/ConnectAuthJNI( 3149): GetHiChainProtocolParamsCallback 402 GetHiChainProtocolParamsCallback end
11-05 14:06:26.964 I/ConnectAuthJNI( 3149): [HiChain] get_instance Get instance success
11-05 14:06:26.964 I/ConnectAuthJNI( 3149): Java_com_huawei_hisight_security_ConnectAuthNative_nativeGetHiChainInstance 598 get instance success
11-05 14:06:26.964 W/ConnectAuthJNI( 3149): GetListTrustPeers 899 trustPeerSize=0
11-05 14:06:26.964 D/Hisight-HiChainAuthControl( 3149): destroyAuth
11-05 14:06:26.964 I/ConnectAuthJNI( 3149): Java_com_huawei_hisight_security_ConnectAuthNative_nativeDestroy 603 destroy
11-05 14:06:26.964 D/Hisight-HiChainAuthControl( 3149): setupAuthIfNeeded, HiChainInstance hasn't been initialized
11-05 14:06:26.964 I/ConnectAuthJNI( 3149): Java_com_huawei_hisight_security_ConnectAuthNative_nativeSetup 795 call HiChainNativeSetup
11-05 14:06:26.964 I/ConnectAuthJNI( 3149): HiChainNativeSetup 565 registe_log
11-05 14:06:26.964 I/ConnectAuthJNI( 3149): HksStorageRegisterFileCallbacks 245 register hks file callback status =0
11-05 14:06:26.964 I/ConnectAuthJNI( 3149): HksRegisterGetDeviceIdCallback 268 register hks get hardware udid callback status =0
11-05 14:06:26.964 D/ConnectAuthJNI( 3149): [HiChain] get_instance Begin get instance
11-05 14:06:26.964 I/ConnectAuthJNI( 3149): [HKS] hks_service_key_info_init hks init : begin
11-05 14:06:26.964 I/ConnectAuthJNI( 3149): [HKS] hks_service_key_info_init hks init : end
11-05 14:06:26.965 I/ConnectAuthJNI( 3149): GetHiChainProtocolParamsCallback 371 GetHiChainProtocolParamsCallback operation_code= 99
11-05 14:06:26.965 I/ConnectAuthJNI( 3149): paramLen is ,=0
11-05 14:06:26.965 I/ConnectAuthJNI( 3149): paramLen is ,=0
11-05 14:06:26.965 I/ConnectAuthJNI( 3149): GetHiChainProtocolParamsCallback 402 GetHiChainProtocolParamsCallback end
11-05 14:06:26.965 I/ConnectAuthJNI( 3149): [HiChain] get_instance Get instance success
11-05 14:06:26.965 I/ConnectAuthJNI( 3149): Java_com_huawei_hisight_security_ConnectAuthNative_nativeGetHiChainInstance 598 get instance success
11-05 14:06:26.965 W/ConnectAuthJNI( 3149): GetListTrustPeers 899 trustPeerSize=0
11-05 14:06:26.966 D/Hisight-DeviceListManager( 3149): init trusted list size: 0
11-05 14:06:26.966 D/HiSight-ConnectionManager( 3149): setAuthInfo, authMode: 1
11-05 14:06:26.983 D/NearFieldUtils( 3324): to get wlan0 ip address
11-05 14:06:26.983 D/NearFieldUtils( 3324): get wlan0 IP succeed.
11-05 14:06:26.983 D/NearFieldManagerImpl( 3324): sDeviceType: 46
11-05 14:06:26.983 D/NearFieldManagerImpl( 3324): registerDevice() is called.
11-05 14:06:26.983 I/HicomNfMainCtrlManager( 3324): NSTACKX_RegisterDevice is called
11-05 14:06:26.983 I/nStackXDFinder( 3324): UpdateLocalNetworkInterface:[472] :UpdateLocalNetworkInterface exec,initerfaceName:wlan0
11-05 14:06:26.983 E/nStackXDFinder( 3324): GetLocalIp:[401] :GetLocalIp exec
11-05 14:06:26.983 I/nStackXDFinder( 3324): UpdateLocalNetworkInterface:[498] :UpdateLocalNetworkInterface copy ip value in default process
11-05 14:06:26.983 E/nStackXDFinder( 3324): GetLocalIp:[401] :GetLocalIp exec
11-05 14:06:26.983 I/nStackXDFinder( 3324): UpdateLocalNetworkInterface:[505] :UpdateLocalNetworkInterface: ip not change
11-05 14:06:26.983 D/NearFieldManagerImpl( 3324): Register device success.
11-05 14:06:26.983 I/NearFieldManagerImpl( 3324): serviceName is castPlus
11-05 14:06:26.984 D/NearFieldManagerImpl( 3324): registerCapability() called with: capabilityBitmapNum = 1, capabilityBitmap = [8]
11-05 14:06:26.984 I/HicomNf_java_to_c( 3324): registerCapability, capabilityBitmapNum: 1
11-05 14:06:26.984 I/HicomNfMainCtrlManager( 3324): RegisterCapability: 1, 8
11-05 14:06:26.984 D/NearFieldManagerImpl( 3324): Register capability succeed with capabilityBitmapNum = 1, capabilityBitmap = [8]
11-05 14:06:26.984 D/NearFieldManagerImpl( 3324): registerServiceData() called with: serviceData = 32
11-05 14:06:26.984 I/nStackXDFinder( 3324): RegisterServiceData:[728] :RegisterServiceData, serviceData=[32]
11-05 14:06:26.984 D/NearFieldManagerImpl( 3324): registerModule() called with: packageModuleName = com.huawei.connection+CastPlusDiscoveryModule
11-05 14:06:26.984 D/NearFieldManagerImpl( 3324): registerModule, registered before
11-05 14:06:26.984 I/HicomNf_java_to_c( 3324): registerModule, moduleName: com.huawei.connection+CastPlusDiscoveryModule
11-05 14:06:26.984 I/HicomNfMainCtrlManager( 3324): Enter RegisterModule
11-05 14:06:26.984 I/HicomNfRegManager( 3324): RegisterModule OK, already registered com.huawei.connection+CastPlusDiscoveryModule
11-05 14:06:27.023 D/HiSight-SinkService( 3149): setDiscoverable true
11-05 14:06:27.024 D/HiSight-Discovery( 3149): set deviceInfo type:46
11-05 14:06:27.024 D/HiSight-Discovery( 3149): startAdvertise 3
11-05 14:06:27.024 D/HiSight-Discovery( 3149): stopAdvertise.
11-05 14:06:27.024 D/NearFieldManager( 3149): StopListen moduleId: CastPlusDiscoveryModule
11-05 14:06:27.025 D/NearFieldManagerImpl( 3324): stopListen: moduleId: CastPlusDiscoveryModule
11-05 14:06:27.025 D/NearFieldManagerImpl( 3324): registerCapability() called with: capabilityBitmapNum = 1, capabilityBitmap = [0]
11-05 14:06:27.025 I/HicomNf_java_to_c( 3324): registerCapability, capabilityBitmapNum: 1
11-05 14:06:27.025 I/HicomNfMainCtrlManager( 3324): RegisterCapability: 1, 0
11-05 14:06:27.025 D/NearFieldManagerImpl( 3324): Register capability succeed with capabilityBitmapNum = 1, capabilityBitmap = [0]
11-05 14:06:27.026 D/HiSight-Discovery( 3149): nearFieldStartListen deviceType 46
11-05 14:06:27.027 D/NearFieldManagerImpl( 3324): setServiceData, sServiceData=[32], serviceData=[32]
11-05 14:06:27.027 E/NearFieldManagerImpl( 3324): setServiceData, serviceData exists
11-05 14:06:27.027 E/NearFieldManager( 3149): setIdnNetworkPriority: networkPortPriority is empty
11-05 14:06:27.027 D/NearFieldManager( 3149): StartListen moduleId: CastPlusDiscoveryModule
11-05 14:06:27.028 D/NearFieldManagerImpl( 3324): startListen: moduleId: CastPlusDiscoveryModule
11-05 14:06:27.028 D/NearFieldUtils( 3324): getPreferredIpAddress exec
11-05 14:06:27.028 D/NearFieldUtils( 3324): getPreferredIpAddress by custom priority
11-05 14:06:27.028 D/NearFieldUtils( 3324): getIpByInterfaceSetting customIdnNetworkPriority:[]
11-05 14:06:27.028 D/NearFieldUtils( 3324): getPreferredIpAddress by default priority
11-05 14:06:27.053 D/wenhc ( 1089): getScreenInfo uri = content://com.dangbei.screencast.parts.info/screen_cast
11-05 14:06:27.057 D/wenhc ( 1089): getScreenInfo uri = content://com.dangbei.screencast.parts.info/screen_cast
11-05 14:06:27.124 D/NearFieldUtils( 3324): to get wlan0 ip address
11-05 14:06:27.125 D/NearFieldUtils( 3324): get wlan0 IP succeed.
11-05 14:06:27.125 D/NearFieldManagerImpl( 3324): sDeviceType: 46
11-05 14:06:27.125 D/NearFieldManagerImpl( 3324): registerDevice() is called.
11-05 14:06:27.125 I/HicomNfMainCtrlManager( 3324): NSTACKX_RegisterDevice is called
11-05 14:06:27.125 D/NearFieldManagerImpl( 3324): Register device success.
11-05 14:06:27.125 I/NearFieldManagerImpl( 3324): serviceName is castPlus
11-05 14:06:27.125 I/nStackXDFinder( 3324): UpdateLocalNetworkInterface:[472] :UpdateLocalNetworkInterface exec,initerfaceName:wlan0
11-05 14:06:27.125 D/NearFieldManagerImpl( 3324): registerCapability() called with: capabilityBitmapNum = 1, capabilityBitmap = [8]
11-05 14:06:27.125 E/nStackXDFinder( 3324): GetLocalIp:[401] :GetLocalIp exec
11-05 14:06:27.125 I/nStackXDFinder( 3324): UpdateLocalNetworkInterface:[498] :UpdateLocalNetworkInterface copy ip value in default process
11-05 14:06:27.125 E/nStackXDFinder( 3324): GetLocalIp:[401] :GetLocalIp exec
11-05 14:06:27.125 I/nStackXDFinder( 3324): UpdateLocalNetworkInterface:[505] :UpdateLocalNetworkInterface: ip not change
11-05 14:06:27.127 I/HicomNf_java_to_c( 3324): registerCapability, capabilityBitmapNum: 1
11-05 14:06:27.127 I/HicomNfMainCtrlManager( 3324): RegisterCapability: 1, 8
11-05 14:06:27.128 D/NearFieldManagerImpl( 3324): Register capability succeed with capabilityBitmapNum = 1, capabilityBitmap = [8]
11-05 14:06:27.128 D/NearFieldManagerImpl( 3324): registerServiceData() called with: serviceData = 32
11-05 14:06:27.128 I/nStackXDFinder( 3324): RegisterServiceData:[728] :RegisterServiceData, serviceData=[32]
11-05 14:06:27.128 D/NearFieldManagerImpl( 3324): registerModule() called with: packageModuleName = com.huawei.connection+CastPlusDiscoveryModule
11-05 14:06:27.128 D/NearFieldManagerImpl( 3324): registerModule, registered before
11-05 14:06:27.128 I/HicomNf_java_to_c( 3324): registerModule, moduleName: com.huawei.connection+CastPlusDiscoveryModule
11-05 14:06:27.128 I/HicomNfMainCtrlManager( 3324): Enter RegisterModule
11-05 14:06:27.128 I/HicomNfRegManager( 3324): RegisterModule OK, already registered com.huawei.connection+CastPlusDiscoveryModule
11-05 14:06:27.132 E/HuaweiCastService( 3149): onStartCommand in 0
11-05 14:06:27.156 W/IorapForwardingService( 476): No service published for: iorapd
11-05 14:06:27.279 I/FuseDaemon( 1024): Background concurrent copying GC freed 67409(4060KB) AllocSpace objects, 0(0B) LOS objects, 49% free, 3692KB/7385KB, paused 269us total 102.111ms
11-05 14:06:27.380 E/raop ( 3149): JavaCallback init
11-05 14:06:27.428 W/TelephonyPermissions( 476): reportAccessDeniedToReadIdentifiers:com.dangbei.screencast:getSerial:-1
11-05 14:06:27.449 V/NFC ( 3324): this device does not have NFC support
11-05 14:06:27.558 I/WifiService( 476): startScan uid=10024
11-05 14:06:27.560 I/WifiScanRequestProxy( 476): Scan request from com.dangbei.screencast throttled
11-05 14:06:27.560 E/WifiService( 476): Failed to start scan
11-05 14:06:27.783 E/sprdwl ( 1064): sprdwl_rx_rsp_process ctx_id 0 recv rsp[WIFI_CMD_TX_DATA] status[SPRDWL_CMD_STATUS_ERROR]
11-05 14:06:27.800 E/sprdwl ( 1064): sprdwl_rx_rsp_process ctx_id 0 recv rsp[WIFI_CMD_TX_DATA] status[SPRDWL_CMD_STATUS_ERROR]
11-05 14:06:27.819 E/sprdwl ( 1064): sprdwl_rx_rsp_process ctx_id 0 recv rsp[WIFI_CMD_TX_DATA] status[SPRDWL_CMD_STATUS_ERROR]
11-05 14:06:27.837 E/sprdwl ( 1064): sprdwl_rx_rsp_process ctx_id 0 recv rsp[WIFI_CMD_TX_DATA] status[SPRDWL_CMD_STATUS_ERROR]
11-05 14:06:27.852 E/sprdwl ( 1064): sprdwl_rx_rsp_process ctx_id 0 recv rsp[WIFI_CMD_TX_DATA] status[SPRDWL_CMD_STATUS_ERROR]
11-05 14:06:27.875 E/sprdwl ( 1064): sprdwl_rx_rsp_process ctx_id 0 recv rsp[WIFI_CMD_TX_DATA] status[SPRDWL_CMD_STATUS_ERROR]
11-05 14:06:27.894 E/sprdwl ( 1064): sprdwl_rx_rsp_process ctx_id 0 recv rsp[WIFI_CMD_TX_DATA] status[SPRDWL_CMD_STATUS_ERROR]
11-05 14:06:27.919 E/sprdwl ( 1064): sprdwl_rx_rsp_process ctx_id 0 recv rsp[WIFI_CMD_TX_DATA] status[SPRDWL_CMD_STATUS_ERROR]
11-05 14:06:27.933 E/sprdwl ( 1064): sprdwl_rx_rsp_process ctx_id 0 recv rsp[WIFI_CMD_TX_DATA] status[SPRDWL_CMD_STATUS_ERROR]
11-05 14:06:27.942 E/WifiHAL ( 662): wifi_get_link_stats: requestResponse Error:-5
11-05 14:06:27.944 E/WifiVendorHal( 476): getWifiLinkLayerStats_1_5_Internal(l.1191) failed {.code = ERROR_INVALID_ARGS, .description = }
11-05 14:06:27.950 E/GuardService( 3038): killMyselfRunnable:
11-05 14:06:27.950 I/crashsdk( 3038): android_os_Process_sendSignal. PID: 3038 SIG: 9
11-05 14:06:27.950 I/crashsdk( 3038): onKillProcess. SIG: 9
11-05 14:06:27.953 I/crashsdk( 3038): Kill PID: 3038 (com.dangbei.screencast:bg_guard) by pid: 3038 (com.dangbei.screencast:bg_guard) tid: 3038 (main)
11-05 14:06:27.953 I/crashsdk( 3038): SIG: 9, fg: false, exiting: false, main process: false, time: 20251105140627
11-05 14:06:27.953 I/crashsdk( 3038): State in disk: 'b'
11-05 14:06:27.953 I/crashsdk( 3038): at android.os.Process.sendSignal(Native Method)
11-05 14:06:27.953 I/crashsdk( 3038): at android.os.Process.killProcess(Process.java:1153)
11-05 14:06:27.953 I/crashsdk( 3038): at com.dangbei.screencast.startup.GuardService$a.run(:2)
11-05 14:06:27.953 I/crashsdk( 3038): at android.os.Handler.handleCallback(Handler.java:938)
11-05 14:06:27.953 I/crashsdk( 3038): at android.os.Handler.dispatchMessage(Handler.java:99)
11-05 14:06:27.953 I/crashsdk( 3038): at android.os.Looper.loopOnce(Looper.java:201)
11-05 14:06:27.953 I/crashsdk( 3038): at android.os.Looper.loop(Looper.java:288)
11-05 14:06:27.953 I/crashsdk( 3038): at android.app.ActivityThread.main(ActivityThread.java:7854)
11-05 14:06:27.953 I/crashsdk( 3038): at java.lang.reflect.Method.invoke(Native Method)
11-05 14:06:27.953 I/crashsdk( 3038): at com.android.internal.os.RuntimeInit$MethodAndArgsCaller.run(RuntimeInit.java:548)
11-05 14:06:27.953 I/crashsdk( 3038): at com.android.internal.os.ZygoteInit.main(ZygoteInit.java:1182)
11-05 14:06:27.954 I/Process ( 3038): Sending signal. PID: 3038 SIG: 9
11-05 14:06:27.967 I/init ( 1): Untracked pid 3114 exited with status 0
11-05 14:06:27.990 W/efs.send_log( 3149): tryFileLock sendlock sucess! processname: com.dangbei.screencast
11-05 14:06:27.992 I/ActivityManager( 476): Process com.dangbei.screencast:bg_guard (pid 3038) has died: prcp FGS
11-05 14:06:27.993 I/libprocessgroup( 476): Successfully killed process cgroup uid 10024 pid 3038 in 0ms
11-05 14:06:27.995 I/Zygote ( 242): Process 3038 exited due to signal 9 (Killed)
11-05 14:06:28.158 W/IorapForwardingService( 476): No service published for: iorapd
11-05 14:06:28.568 I/awei.connectio( 3324): Background young concurrent copying GC freed 81728(6663KB) AllocSpace objects, 26(520KB) LOS objects, 85% free, 4017KB/27MB, paused 297us total 116.547ms
11-05 14:06:28.811 E/sprdwl ( 1064): sprdwl_rx_rsp_process ctx_id 0 recv rsp[WIFI_CMD_TX_DATA] status[SPRDWL_CMD_STATUS_ERROR]
11-05 14:06:28.841 E/sprdwl ( 1064): sprdwl_rx_rsp_process ctx_id 0 recv rsp[WIFI_CMD_TX_DATA] status[SPRDWL_CMD_STATUS_ERROR]
11-05 14:06:28.865 E/sprdwl ( 1064): sprdwl_rx_rsp_process ctx_id 0 recv rsp[WIFI_CMD_TX_DATA] status[SPRDWL_CMD_STATUS_ERROR]
11-05 14:06:28.886 I/FuseDaemon( 1024): Background concurrent copying GC freed 57162(3411KB) AllocSpace objects, 1(168KB) LOS objects, 49% free, 3709KB/7418KB, paused 287us total 114.875ms
11-05 14:06:28.880 E/sprdwl ( 1064): sprdwl_rx_rsp_process ctx_id 0 recv rsp[WIFI_CMD_TX_DATA] status[SPRDWL_CMD_STATUS_ERROR]
11-05 14:06:28.902 E/sprdwl ( 1064): sprdwl_rx_rsp_process ctx_id 0 recv rsp[WIFI_CMD_TX_DATA] status[SPRDWL_CMD_STATUS_ERROR]
11-05 14:06:28.937 E/sprdwl ( 1064): sprdwl_rx_rsp_process ctx_id 0 recv rsp[WIFI_CMD_TX_DATA] status[SPRDWL_CMD_STATUS_ERROR]
11-05 14:06:29.159 W/IorapForwardingService( 476): No service published for: iorapd
11-05 14:06:29.819 W/hdr10p_Configure( 375): 130 callbacks suppressed
11-05 14:06:29.819 I/ ( 375): DVI mode selected: packets not configured
11-05 14:06:29.819 W/set_vsif_config( 375): 130 callbacks suppressed
11-05 14:06:29.819 I/ ( 375): Error: set vsif failed
11-05 14:06:29.819 I/ ( 375): DVI mode selected: packets not configured
11-05 14:06:29.819 I/ ( 375): Error: set vsif failed
11-05 14:06:29.845 I/ ( 375): DVI mode selected: packets not configured
11-05 14:06:29.845 I/ ( 375): Error: set vsif failed
11-05 14:06:29.845 I/ ( 375): DVI mode selected: packets not configured
11-05 14:06:29.845 I/ ( 375): Error: set vsif failed
11-05 14:06:29.867 I/ ( 375): DVI mode selected: packets not configured
11-05 14:06:29.867 I/ ( 375): Error: set vsif failed
11-05 14:06:29.867 I/ ( 375): DVI mode selected: packets not configured
11-05 14:06:29.867 I/ ( 375): Error: set vsif failed
11-05 14:06:29.887 I/ ( 375): DVI mode selected: packets not configured
11-05 14:06:29.887 I/ ( 375): Error: set vsif failed
11-05 14:06:29.887 I/ ( 375): DVI mode selected: packets not configured
11-05 14:06:29.887 I/ ( 375): Error: set vsif failed
11-05 14:06:29.908 I/ ( 375): DVI mode selected: packets not configured
11-05 14:06:29.908 I/ ( 375): Error: set vsif failed
11-05 14:06:29.908 I/ ( 375): DVI mode selected: packets not configured
11-05 14:06:29.908 I/ ( 375): Error: set vsif failed
11-05 14:06:30.047 I/PlatformDependent( 3149): Your platform does not provide complete low-level API for accessing direct buffers reliably. Unless explicitly requested, heap buffer will always be preferred to avoid potential system instability.
11-05 14:06:30.098 W/VideoCapabilities( 3149): Unrecognized profile/level 0/3 for video/mpeg2
11-05 14:06:30.117 D/NsdService( 476): Register service
11-05 14:06:30.117 D/NsdService( 476): registerService: 7 name: 当贝投屏H1, type: _airplay._tcp, host: null, port: 46141, txtRecord: srcvers=220.68features=0x527FFFF7,0x1E'pi=2e388006-13ba-4041-9a67-25dd4a43d536Cpk=b07727d6f6cd6e08b58ede525ec3cdeaa252ad9f683feb212ef8a205246554e7vv=2 flags=0x4model=AppleTV2,1deviceid=f4:ab:5c:b4:08:c0
11-05 14:06:30.117 D/NsdService( 476): mdnssd [register, 7, 当贝投屏H1, _airplay._tcp, 46141, DnNyY3ZlcnM9MjIwLjY4GGZlYXR1cmVzPTB4NTI3RkZGRjcsMHgxRSdwaT0yZTM4ODAwNi0xM2JhLTQwNDEtOWE2Ny0yNWRkNGE0M2Q1MzZDcGs9YjA3NzI3ZDZmNmNkNmUwOGI1OGVkZTUyNWVjM2NkZWFhMjUyYWQ5ZjY4M2ZlYjIxMmVmOGEyMDUyNDY1NTRlNwR2dj0yCWZsYWdzPTB4NBBtb2RlbD1BcHBsZVRWMiwxGmRldmljZWlkPWY0OmFiOjVjOmI0OjA4OmMw]
11-05 14:06:30.120 D/NsdService( 476): Register 2 7
11-05 14:06:30.129 D/NsdService( 476): Register service
11-05 14:06:30.130 D/NsdService( 476): registerService: 8 name: f4ab5cb408c0@当贝投屏H1, type: _raop._tcp, host: null, port: 33705, txtRecord: txtvers=1 am=AppleTV2,1ch=2
11-05 14:06:30.130 D/NsdService( 476): cn=0,1,2,3da=trueet=0,3,5ft=0x527FFFF7,0x1Emd=0,1,2Cpk=b07727d6f6cd6e08b58ede525ec3cdeaa252ad9f683feb212ef8a205246554e7pw=falsesf=0x4sr=44100ss=16sv=falsetp=UDPvn=65537 vs=220.68vv=2 rhd=5.6.0.0
11-05 14:06:30.130 D/NsdService( 476): mdnssd [register, 8, f4ab5cb408c0@当贝投屏H1, _raop._tcp, 33705, CXR4dHZlcnM9MQ1hbT1BcHBsZVRWMiwxBGNoPTIKY249MCwxLDIsMwdkYT10cnVlCGV0PTAsMyw1EmZ0PTB4NTI3RkZGRjcsMHgxRQhtZD0wLDEsMkNwaz1iMDc3MjdkNmY2Y2Q2ZTA4YjU4ZWRlNTI1ZWMzY2RlYWEyNTJhZDlmNjgzZmViMjEyZWY4YTIwNTI0NjU1NGU3CHB3PWZhbHNlBnNmPTB4NAhzcj00NDEwMAVzcz0xNghzdj1mYWxzZQZ0cD1VRFAIdm49NjU1MzcJdnM9MjIwLjY4BHZ2PTILcmhkPTUuNi4wLjA=]
11-05 14:06:30.133 D/NsdService( 476): Register 3 8
11-05 14:06:30.161 W/IorapForwardingService( 476): No service published for: iorapd
11-05 14:06:30.212 I/Thread-2( 3437): type=1400 audit(0.0:1300): avc: denied { execute } for name="am" dev="dm-1" ino=1164 scontext=u:r:system_app:s0 tcontext=u:object_r:vendor_file:s0 tclass=file permissive=1
11-05 14:06:30.212 I/Thread-2( 3437): type=1400 audit(0.0:1301): avc: denied { read open } for path="/vendor/xbin/am" dev="dm-1" ino=1164 scontext=u:r:system_app:s0 tcontext=u:object_r:vendor_file:s0 tclass=file permissive=1
11-05 14:06:30.212 I/Thread-2( 3437): type=1400 audit(0.0:1302): avc: denied { execute_no_trans } for path="/vendor/xbin/am" dev="dm-1" ino=1164 scontext=u:r:system_app:s0 tcontext=u:object_r:vendor_file:s0 tclass=file permissive=1
11-05 14:06:30.284 D/bbb ( 1174): onStartCommand begin !!!!!!! data分区剩余 24987MB
11-05 14:06:30.287 D/aaa ( 1097): LedStatusService onStartCommand begin
11-05 14:06:30.289 D/aaa ( 1097): topPkg is -------------- :com.tv.filemanager.os
11-05 14:06:30.541 D/NsdService( 476): Register service
11-05 14:06:30.541 D/NsdService( 476): registerService: 9 name: 当贝投屏H1, type: _db_cast_screen._tcp, host: null, port: 46417, txtRecord: au=1cV=20830mV=100h265=0maxR=4096-3152model=DBBOX-A2deviceid=20:02:FE:1D:15:FA
11-05 14:06:30.541 D/NsdService( 476): mdnssd [register, 9, 当贝投屏H1, _db_cast_screen._tcp, 46417, BGF1PTEIY1Y9MjA4MzAGbVY9MTAwBmgyNjU9MA5tYXhSPTQwOTYtMzE1Mg5tb2RlbD1EQkJPWC1BMhpkZXZpY2VpZD0yMDowMjpGRToxRDoxNTpGQQ==]
11-05 14:06:30.543 D/NsdService( 476): Register 4 9
11-05 14:06:30.840 D/NsdService( 476): Native daemon message SERVICE_REGISTERED: 606 7 "当贝投屏H1"
11-05 14:06:30.841 D/NsdService( 476): Native daemon message SERVICE_REGISTERED: 606 8 "f4ab5cb408c0@当贝投屏H1"
11-05 14:06:30.954 E/WifiHAL ( 662): wifi_get_link_stats: requestResponse Error:-5
11-05 14:06:30.955 E/WifiVendorHal( 476): getWifiLinkLayerStats_1_5_Internal(l.1191) failed {.code = ERROR_INVALID_ARGS, .description = }
11-05 14:06:31.015 E/accept ( 3149): myIp:192.168.31.162
11-05 14:06:31.018 E/accept ( 3149): connect error
11-05 14:06:31.023 I/UpnpServiceImpl( 3149): >>> Starting UPnP service...
11-05 14:06:31.023 I/UpnpServiceImpl( 3149): Using configuration: org.fourthline.cling.android.AndroidUpnpServiceConfiguration
11-05 14:06:31.026 I/Router ( 3149): Creating Router: org.fourthline.cling.android.AndroidRouter
11-05 14:06:31.028 W/Router ( 3149): enable lock:org.fourthline.cling.android.AndroidRouter@d989881_java.util.concurrent.locks.ReentrantReadWriteLock$WriteLock@d366d26[Unlocked]
11-05 14:06:31.041 W/tworkAddressFactoryImpl( 3149): Network interface may not be multicast capable: dummy0
11-05 14:06:31.044 I/MulticastReceiver( 3149): Creating wildcard socket (for receiving multicast datagrams) on port: 1900
11-05 14:06:31.046 I/MulticastReceiver( 3149): Joining multicast group: /239.255.255.250:1900 on network interface: wlan0
11-05 14:06:31.064 E/accept ( 3149): Adding connector try: 192.168.31.162/192.168.31.162:34101
11-05 14:06:31.067 E/accept ( 3149): Adding connector result: 192.168.31.162/192.168.31.162:34101
11-05 14:06:31.091 D/NsdService( 476): Native daemon message SERVICE_REGISTERED: 606 9 "当贝投屏H1"
11-05 14:06:31.128 I/efs-base( 3149): type=1400 audit(0.0:1303): avc: denied { rmdir } for name="1528" dev="mmcblk0p25" ino=7137 scontext=u:r:platform_app:s0:c512,c768 tcontext=u:object_r:app_data_file:s0:c512,c768 tclass=dir permissive=1 app=com.dangbei.screencast
11-05 14:06:31.163 W/IorapForwardingService( 476): No service published for: iorapd
11-05 14:06:31.180 I/JettyServletContainer( 3149): Registering UPnP servlet under context path: /upnp
11-05 14:06:31.184 I/efs.base( 3149): lt=event`ev_ct=efs_core`ev_ac=log_lag`tm=2025-11-05 14:06:18`dn=b7818bb2-5f62-4f12-9a91-36673dce94c0`ps=com.dangbei.screencast`um_os=android`stime=1762322780760`pid=3149`fr=android`pkg=com.dangbei.screencast`vcode=20830`dsp_w=1920`uid=b7818bb2-5f62-4f12-9a91-36673dce94c0`rom=12`wid=b7818bb2-5f62-4f12-9a91-36673dce94c0`um_app_carrier=`um_access=wifi`um_app_channel=os`um_crash_sdk_version=1.4.0`ctime=1762322791`model=dbbox-a2`lang=zh`net=wifi`brand=dangbei`dsp_h=1080`um_network_type=0`ver=v2.8.3`cnt=3`build_model=DBBOX-A2`w_tm=1762322791`appid=5fc60c21094d637f3130af19`um_umid_header=ai7db9f68508b83bfb5af66567cfa3d0f5`sdk=31`tzone=Asia/Shanghai`sdk_ver=1.3.6.umeng
11-05 14:06:31.187 I/DatagramIO( 3149): Creating bound socket (for datagram input/output) on: 192.168.31.162/192.168.31.162
11-05 14:06:31.194 I/Router ( 3149): WiFi multicast lock acquired
11-05 14:06:31.196 I/WifiService( 476): acquireMulticastLock uid=10024
11-05 14:06:31.207 I/Router ( 3149): WiFi lock acquired
11-05 14:06:31.207 E/JettyServletContainer( 3149): gogogo
11-05 14:06:31.207 I/JettyServletContainer( 3149): Starting Jetty server...
11-05 14:06:31.208 I/WifiService( 476): acquireWifiLock uid=10024 lockMode=3
11-05 14:06:31.210 W/System.err( 3149): 2025-11-05 14:06:31.209:INFO:lcaf.p:jetty-8.y.z-SNAPSHOT
11-05 14:06:31.212 W/Router ( 3149): enable unlock:org.fourthline.cling.android.AndroidRouter@d989881
11-05 14:06:31.213 I/UpnpServiceImpl( 3149): <<< UPnP service started successfully
11-05 14:06:31.274 W/System.err( 3149): 2025-11-05 14:06:31.274:INFO:lcaf.a:Started @192.168.31.162:34101
11-05 14:06:31.342 E/g ( 3149): channel :os
11-05 14:06:31.370 I/efs.base( 3149): wa upload succ, HttpResponse {succ=true, code=200, data='暂不支持该服务', extra={req_url=https://errlog.umeng.com/api/crashsdk/logcollect}}
11-05 14:06:31.374 I/efs.base( 3149): wa upload succ, HttpResponse {succ=true, code=200, data='暂不支持该服务', extra={req_url=https://errlog.umeng.com/api/crashsdk/logcollect}}
11-05 14:06:31.731 D/hdmi-cec( 260): receive invalid cec message!
11-05 14:06:31.731 D/hdmi-cec( 260): receive poll message [04], skip!
11-05 14:06:31.816 I/efs.base( 3149): wa upload succ, HttpResponse {succ=true, code=200, data='暂不支持该服务', extra={req_url=https://errlog.umeng.com/api/crashsdk/logcollect}}
11-05 14:06:32.007 I/TDLog ( 2389): [APP] New data found, Submitting...
11-05 14:06:32.017 I/TDLog ( 2389): [APP] Failed to submit data!
11-05 14:06:32.165 W/IorapForwardingService( 476): No service published for: iorapd
11-05 14:06:33.099 W/ZramWriteback( 476): Writeback device is not set
11-05 14:06:33.099 D/ZramWriteback( 476): wait to flush
11-05 14:06:33.167 W/IorapForwardingService( 476): No service published for: iorapd
11-05 14:06:33.705 I/FuseDaemon( 1024): Background concurrent copying GC freed 65786(4000KB) AllocSpace objects, 0(0B) LOS objects, 49% free, 4042KB/8084KB, paused 120us total 111.695ms
11-05 14:06:33.964 E/WifiHAL ( 662): wifi_get_link_stats: requestResponse Error:-5
11-05 14:06:33.966 E/WifiVendorHal( 476): getWifiLinkLayerStats_1_5_Internal(l.1191) failed {.code = ERROR_INVALID_ARGS, .description = }
11-05 14:06:34.169 W/IorapForwardingService( 476): No service published for: iorapd
11-05 14:06:35.089 I/FuseDaemon( 1024): Background concurrent copying GC freed 69971(4295KB) AllocSpace objects, 0(0B) LOS objects, 49% free, 4116KB/8233KB, paused 136us total 119.495ms
11-05 14:06:35.171 W/IorapForwardingService( 476): No service published for: iorapd
11-05 14:06:35.829 W/hdr10p_Configure( 375): 136 callbacks suppressed
11-05 14:06:35.829 I/ ( 375): DVI mode selected: packets not configured
11-05 14:06:35.829 W/set_vsif_config( 375): 136 callbacks suppressed
11-05 14:06:35.829 I/ ( 375): Error: set vsif failed
11-05 14:06:35.829 I/ ( 375): DVI mode selected: packets not configured
11-05 14:06:35.829 I/ ( 375): Error: set vsif failed
11-05 14:06:35.857 I/ ( 375): DVI mode selected: packets not configured
11-05 14:06:35.857 I/ ( 375): Error: set vsif failed
11-05 14:06:35.857 I/ ( 375): DVI mode selected: packets not configured
11-05 14:06:35.857 I/ ( 375): Error: set vsif failed
11-05 14:06:35.877 I/ ( 375): DVI mode selected: packets not configured
11-05 14:06:35.878 I/ ( 375): Error: set vsif failed
11-05 14:06:35.878 I/ ( 375): DVI mode selected: packets not configured
11-05 14:06:35.878 I/ ( 375): Error: set vsif failed
11-05 14:06:35.898 I/ ( 375): DVI mode selected: packets not configured
11-05 14:06:35.898 I/ ( 375): Error: set vsif failed
11-05 14:06:35.898 I/ ( 375): DVI mode selected: packets not configured
11-05 14:06:35.898 I/ ( 375): Error: set vsif failed
11-05 14:06:35.917 I/ ( 375): DVI mode selected: packets not configured
11-05 14:06:35.917 I/ ( 375): Error: set vsif failed
11-05 14:06:35.917 I/ ( 375): DVI mode selected: packets not configured
11-05 14:06:35.917 I/ ( 375): Error: set vsif failed
11-05 14:06:35.957 D/UtilLog ( 2389): 日志批量上报 进行正常循环 !!!!!!本次有0次请求,共0条数据
11-05 14:06:36.020 I/BLEAudioDrive_HV410( 247): select timeout!
11-05 14:06:36.122 I/crashsdk( 3149): crashsdk uploading logs
11-05 14:06:36.173 W/IorapForwardingService( 476): No service published for: iorapd
11-05 14:06:36.913 I/FuseDaemon( 1024): Background concurrent copying GC freed 73142(4488KB) AllocSpace objects, 0(0B) LOS objects, 49% free, 4094KB/8189KB, paused 115us total 116.335ms
11-05 14:06:36.981 E/WifiHAL ( 662): wifi_get_link_stats: requestResponse Error:-5
11-05 14:06:36.983 E/WifiVendorHal( 476): getWifiLinkLayerStats_1_5_Internal(l.1191) failed {.code = ERROR_INVALID_ARGS, .description = }
11-05 14:06:37.175 W/IorapForwardingService( 476): No service published for: iorapd
11-05 14:06:37.426 I/keystore2( 203): keystore2::watchdog: Watchdog thread idle -> terminating. Have a great day.
11-05 14:06:38.177 W/IorapForwardingService( 476): No service published for: iorapd
11-05 14:06:38.323 D/aaa ( 1097): LedStatusService onStartCommand begin
11-05 14:06:38.327 D/aaa ( 1097): topPkg is -------------- :com.tv.filemanager.os
11-05 14:06:38.329 D/bbb ( 1174): onStartCommand begin !!!!!!! data分区剩余 24987MB
11-05 14:06:39.027 I/FuseDaemon( 1024): Background concurrent copying GC freed 73204(4381KB) AllocSpace objects, 0(0B) LOS objects, 49% free, 3913KB/7827KB, paused 129us total 125.248ms
11-05 14:06:39.179 W/IorapForwardingService( 476): No service published for: iorapd
11-05 14:06:39.995 E/WifiHAL ( 662): wifi_get_link_stats: requestResponse Error:-5
11-05 14:06:39.997 E/WifiVendorHal( 476): getWifiLinkLayerStats_1_5_Internal(l.1191) failed {.code = ERROR_INVALID_ARGS, .description = }
11-05 14:06:40.180 W/IorapForwardingService( 476): No service published for: iorapd
11-05 14:06:41.183 W/IorapForwardingService( 476): No service published for: iorapd
11-05 14:06:41.844 W/hdr10p_Configure( 375): 138 callbacks suppressed
11-05 14:06:41.844 I/ ( 375): DVI mode selected: packets not configured
11-05 14:06:41.844 W/set_vsif_config( 375): 138 callbacks suppressed
11-05 14:06:41.844 I/ ( 375): Error: set vsif failed
11-05 14:06:41.844 I/ ( 375): DVI mode selected: packets not configured
11-05 14:06:41.844 I/ ( 375): Error: set vsif failed
11-05 14:06:41.866 I/ ( 375): DVI mode selected: packets not configured
11-05 14:06:41.866 I/ ( 375): Error: set vsif failed
11-05 14:06:41.866 I/ ( 375): DVI mode selected: packets not configured
