11-05 14:04:52.836 I/pgrep ( 308): type=1400 audit(0.0:218): avc: denied { open } for path="/proc/271/stat" dev="proc" ino=7033 scontext=u:r:toolbox:s0 tcontext=u:r:surfaceflinger:s0 tclass=file permissive=1
11-05 14:04:52.836 I/pgrep ( 308): type=1400 audit(0.0:219): avc: denied { getattr } for path="/proc/272" dev="proc" ino=7403 scontext=u:r:toolbox:s0 tcontext=u:r:pqd:s0 tclass=dir permissive=1
11-05 14:04:52.836 I/pgrep ( 308): type=1400 audit(0.0:220): avc: denied { search } for name="272" dev="proc" ino=7403 scontext=u:r:toolbox:s0 tcontext=u:r:pqd:s0 tclass=dir permissive=1
11-05 14:04:52.836 I/pgrep ( 308): type=1400 audit(0.0:221): avc: denied { open } for path="/proc/272/stat" dev="proc" ino=7034 scontext=u:r:toolbox:s0 tcontext=u:r:pqd:s0 tclass=file permissive=1
11-05 14:04:52.840 I/xiriservice_All( 309): type=1400 audit(0.0:222): avc: denied { search } for name="com.android.printservice.recommendation" dev="mmcblk0p25" ino=1025 scontext=u:r:init:s0 tcontext=u:object_r:app_data_file:s0:c51,c256,c512,c768 tclass=dir permissive=1
11-05 14:04:52.840 I/xiriservice_All( 309): type=1400 audit(0.0:223): avc: denied { search } for name="com.google.android.networkstack.tetheringconfig" dev="mmcblk0p25" ino=1033 scontext=u:r:init:s0 tcontext=u:object_r:app_data_file:s0:c2,c256,c512,c768 tclass=dir permissive=1
11-05 14:04:52.844 I/xiriservice_All( 309): type=1400 audit(0.0:224): avc: denied { search } for name="com.android.theme.font.notoserifsource" dev="mmcblk0p25" ino=1057 scontext=u:r:init:s0 tcontext=u:object_r:app_data_file:s0:c10,c256,c512,c768 tclass=dir permissive=1
11-05 14:04:52.862 I/ExtCamUtils@3.4( 249): loadFromCfg: load external camera config succeed!
11-05 14:04:52.862 I/ExtCamUtils@3.4( 249): loadFromCfg: no internal ignored device specified
11-05 14:04:52.848 I/xiriservice_All( 309): type=1400 audit(0.0:225): avc: denied { search } for name="com.android.smspush" dev="mmcblk0p25" ino=1116 scontext=u:r:init:s0 tcontext=u:object_r:app_data_file:s0:c69,c256,c512,c768 tclass=dir permissive=1
11-05 14:04:52.848 I/xiriservice_All( 309): type=1400 audit(0.0:226): avc: denied { search } for name="com.tv.filemanager.os" dev="mmcblk0p25" ino=1137 scontext=u:r:init:s0 tcontext=u:object_r:app_data_file:s0:c54,c256,c512,c768 tclass=dir permissive=1
11-05 14:04:52.852 I/check_xm_hidraw( 315): type=1400 audit(0.0:227): avc: denied { execute_no_trans } for path="/system/bin/xm_hidread" dev="dm-0" ino=1299 scontext=u:r:init:s0 tcontext=u:object_r:system_file:s0 tclass=file permissive=1
11-05 14:04:52.856 I/xiriservice_All( 309): type=1400 audit(0.0:228): avc: denied { search } for name="com.android.bookmarkprovider" dev="mmcblk0p25" ino=1163 scontext=u:r:init:s0 tcontext=u:object_r:app_data_file:s0:c32,c256,c512,c768 tclass=dir permissive=1
11-05 14:04:52.856 I/xiriservice_All( 309): type=1400 audit(0.0:229): avc: denied { search } for name="com.android.cts.ctsshim" dev="mmcblk0p25" ino=1179 scontext=u:r:init:s0 tcontext=u:object_r:app_data_file:s0:c47,c256,c512,c768 tclass=dir permissive=1
11-05 14:04:52.856 I/xiriservice_All( 309): type=1400 audit(0.0:230): avc: denied { search } for name="com.dangbei.lerad.screensaver" dev="mmcblk0p25" ino=1187 scontext=u:r:init:s0 tcontext=u:object_r:app_data_file:s0:c48,c256,c512,c768 tclass=dir permissive=1
11-05 14:04:52.856 I/xiriservice_All( 309): type=1400 audit(0.0:231): avc: denied { read } for name="lib" dev="mmcblk0p25" ino=6528 scontext=u:r:init:s0 tcontext=u:object_r:app_data_file:s0:c48,c256,c512,c768 tclass=lnk_file permissive=1
11-05 14:04:52.860 I/xiriservice_All( 309): type=1400 audit(0.0:232): avc: denied { search } for name="com.android.remoteprovisioner" dev="mmcblk0p25" ino=1195 scontext=u:r:init:s0 tcontext=u:object_r:app_data_file:s0:c61,c256,c512,c768 tclass=dir permissive=1
11-05 14:04:52.860 I/xiriservice_All( 309): type=1400 audit(0.0:233): avc: denied { search } for name="com.softwinner.theme.icon" dev="mmcblk0p25" ino=1203 scontext=u:r:init:s0 tcontext=u:object_r:app_data_file:s0:c1,c256,c512,c768 tclass=dir permissive=1
11-05 14:04:52.860 I/xiriservice_All( 309): type=1400 audit(0.0:234): avc: denied { search } for name="com.android.music" dev="mmcblk0p25" ino=1227 scontext=u:r:init:s0 tcontext=u:object_r:app_data_file:s0:c46,c256,c512,c768 tclass=dir permissive=1
11-05 14:04:52.860 I/xiriservice_All( 309): type=1400 audit(0.0:235): avc: denied { search } for name="com.android.providers.media.module" dev="mmcblk0p25" ino=1259 scontext=u:r:init:s0 tcontext=u:object_r:privapp_data_file:s0:c74,c256,c512,c768 tclass=dir permissive=1
11-05 14:04:52.860 I/xiriservice_All( 309): type=1400 audit(0.0:236): avc: denied { read } for name="lib" dev="mmcblk0p25" ino=6542 scontext=u:r:init:s0 tcontext=u:object_r:privapp_data_file:s0:c74,c256,c512,c768 tclass=lnk_file permissive=1
11-05 14:04:52.864 I/xiriservice_All( 309): type=1400 audit(0.0:237): avc: denied { search } for name="com.softwinner.theme.color" dev="mmcblk0p25" ino=1267 scontext=u:r:init:s0 tcontext=u:object_r:app_data_file:s0:c5,c256,c512,c768 tclass=dir permissive=1
11-05 14:04:52.864 I/xiriservice_All( 309): type=1400 audit(0.0:238): avc: denied { search } for name="com.android.hotspot2.osulogin" dev="mmcblk0p25" ino=1283 scontext=u:r:init:s0 tcontext=u:object_r:app_data_file:s0:c71,c256,c512,c768 tclass=dir permissive=1
11-05 14:04:52.864 I/xiriservice_All( 309): type=1400 audit(0.0:239): avc: denied { search } for name="com.android.internal.systemui.navbar.gestural" dev="mmcblk0p25" ino=1291 scontext=u:r:init:s0 tcontext=u:object_r:app_data_file:s0:c8,c256,c512,c768 tclass=dir permissive=1
11-05 14:04:52.868 I/xiriservice_All( 309): type=1400 audit(0.0:240): avc: denied { search } for name="com.android.bluetoothmidiservice" dev="mmcblk0p25" ino=1307 scontext=u:r:init:s0 tcontext=u:object_r:app_data_file:s0:c53,c256,c512,c768 tclass=dir permissive=1
11-05 14:04:52.873 I/CamPrvdr@2.4-external( 249): threadLoop start monitoring new V4L2 devices
11-05 14:04:52.868 I/led_switch.sh( 314): type=1400 audit(0.0:241): avc: denied { write } for name="tmp" dev="mmcblk0p25" ino=85 scontext=u:r:init:s0 tcontext=u:object_r:shell_data_file:s0 tclass=dir permissive=1 bug=b/77873135
11-05 14:04:52.868 I/xiriservice_All( 309): type=1400 audit(0.0:242): avc: denied { search } for name="com.android.traceur" dev="mmcblk0p25" ino=1331 scontext=u:r:init:s0 tcontext=u:object_r:app_data_file:s0:c31,c256,c512,c768 tclass=dir permissive=1
11-05 14:04:52.876 I/HidlServiceManagement( 249): Registered android.hardware.camera.provider@2.4::ICameraProvider/external/0
11-05 14:04:52.876 I/HidlServiceManagement( 249): Removing namespace from process name android.hardware.camera.provider@2.4-external-service to provider@2.4-external-service.
11-05 14:04:52.879 W/audiohalservice( 247): Could not register Soundtrigger API
11-05 14:04:52.880 I/LegacySupport( 249): Registration complete for android.hardware.camera.provider@2.4::ICameraProvider/external/0.
11-05 14:04:52.880 I/hwservicemanager( 180): getTransport: Cannot find entry android.hardware.bluetooth.audio@2.1::IBluetoothAudioProvidersFactory/default in either framework or device VINTF manifest.
11-05 14:04:52.872 I/xiriservice_All( 309): type=1400 audit(0.0:243): avc: denied { read } for name="lib" dev="mmcblk0p25" ino=6547 scontext=u:r:init:s0 tcontext=u:object_r:bluetooth_data_file:s0 tclass=lnk_file permissive=1
11-05 14:04:52.872 I/led_switch.sh( 314): type=1400 audit(0.0:244): avc: denied { add_name } for name="led_swith.txt" scontext=u:r:init:s0 tcontext=u:object_r:shell_data_file:s0 tclass=dir permissive=1 bug=b/77873135
11-05 14:04:52.881 E/LegacySupport( 247): Could not get passthrough implementation for android.hardware.bluetooth.audio@2.1::IBluetoothAudioProvidersFactory/default.
11-05 14:04:52.872 I/led_switch.sh( 314): type=1400 audit(0.0:245): avc: denied { create } for name="led_swith.txt" scontext=u:r:init:s0 tcontext=u:object_r:shell_data_file:s0 tclass=file permissive=1 bug=b/77873135
11-05 14:04:52.872 I/led_switch.sh( 314): type=1400 audit(0.0:246): avc: denied { write } for name="led_swith.txt" dev="mmcblk0p25" ino=222 scontext=u:r:init:s0 tcontext=u:object_r:shell_data_file:s0 tclass=file permissive=1 bug=b/77873135
11-05 14:04:52.872 I/led_switch.sh( 314): type=1400 audit(0.0:247): avc: denied { open } for path="/data/local/tmp/led_swith.txt" dev="mmcblk0p25" ino=222 scontext=u:r:init:s0 tcontext=u:object_r:shell_data_file:s0 tclass=file permissive=1 bug=b/77873135
11-05 14:04:52.881 I/hwservicemanager( 180): getTransport: Cannot find entry android.hardware.bluetooth.audio@2.0::IBluetoothAudioProvidersFactory/default in either framework or device VINTF manifest.
11-05 14:04:52.876 I/xiriservice_All( 309): type=1400 audit(0.0:248): avc: denied { search } for name="com.android.captiveportallogin" dev="mmcblk0p25" ino=1355 scontext=u:r:init:s0 tcontext=u:object_r:app_data_file:s0:c41,c256,c512,c768 tclass=dir permissive=1
11-05 14:04:52.882 E/LegacySupport( 247): Could not get passthrough implementation for android.hardware.bluetooth.audio@2.0::IBluetoothAudioProvidersFactory/default.
11-05 14:04:52.882 W/audiohalservice( 247): Could not register Bluetooth Audio API
11-05 14:04:52.876 I/xiriservice_All( 309): type=1400 audit(0.0:249): avc: denied { search } for name="com.android.internal.systemui.navbar.gestural_narrow_back" dev="mmcblk0p25" ino=1363 scontext=u:r:init:s0 tcontext=u:object_r:app_data_file:s0:c7,c256,c512,c768 tclass=dir permissive=1
11-05 14:04:52.876 I/xiriservice_All( 309): type=1400 audit(0.0:250): avc: denied { search } for name="android.auto_generated_rro_vendor__" dev="mmcblk0p25" ino=1371 scontext=u:r:init:s0 tcontext=u:object_r:app_data_file:s0:c12,c256,c512,c768 tclass=dir permissive=1
11-05 14:04:52.882 I/hwservicemanager( 180): getTransport: Cannot find entry android.hardware.bluetooth.a2dp@1.0::IBluetoothAudioOffload/default in either framework or device VINTF manifest.
11-05 14:04:52.883 E/LegacySupport( 247): Could not get passthrough implementation for android.hardware.bluetooth.a2dp@1.0::IBluetoothAudioOffload/default.
11-05 14:04:52.883 W/audiohalservice( 247): Could not register Bluetooth Audio Offload API
11-05 14:04:52.883 D/XM_HIDREAD( 315): hidread running 0429 d06.
11-05 14:04:52.884 D/XM_HIDREAD( 315): addr_len_t:26,addr_len:26
11-05 14:04:52.884 D/XM_HIDREAD( 315): server_socket:4
11-05 14:04:52.884 D/XM_HIDREAD( 315): pthread_join listen_thread before
11-05 14:04:52.884 D/XM_HIDREAD( 315): listener_thread has start 4.
11-05 14:04:52.884 D/XM_HIDREAD( 315): accept before.
11-05 14:04:52.880 I/led_switch.sh( 319): type=1400 audit(0.0:251): avc: denied { execute_no_trans } for path="/vendor/bin/toolbox" dev="dm-1" ino=229 scontext=u:r:init:s0 tcontext=u:object_r:vendor_toolbox_exec:s0 tclass=file permissive=1
11-05 14:04:52.887 D/XM_HIDREAD( 315): >> start monitor uevent ...
11-05 14:04:52.880 I/xm_hidread( 315): type=1400 audit(0.0:252): avc: denied { create } for scontext=u:r:init:s0 tcontext=u:r:init:s0 tclass=netlink_kobject_uevent_socket permissive=1
11-05 14:04:52.880 I/xm_hidread( 315): type=1400 audit(0.0:253): avc: denied { setopt } for scontext=u:r:init:s0 tcontext=u:r:init:s0 tclass=netlink_kobject_uevent_socket permissive=1
11-05 14:04:52.880 I/xm_hidread( 315): type=1400 audit(0.0:254): avc: denied { bind } for scontext=u:r:init:s0 tcontext=u:r:init:s0 tclass=netlink_kobject_uevent_socket permissive=1
11-05 14:04:52.884 I/xm_hidread( 315): type=1400 audit(0.0:255): avc: denied { read } for scontext=u:r:init:s0 tcontext=u:r:init:s0 tclass=netlink_kobject_uevent_socket permissive=1
11-05 14:04:52.891 D/AndroidRuntime( 242): >>>>>> START com.android.internal.os.ZygoteInit uid 0 <<<<<<
11-05 14:04:52.941 I/AndroidRuntime( 242): Using default boot image
11-05 14:04:52.941 I/AndroidRuntime( 242): Leaving lock profiling enabled
11-05 14:04:52.941 D/XiriService( 309): read SYSTEM APP lib
11-05 14:04:52.945 D/DONGLE_SERVICE( 323): ble_rc_service version is 2.0.26601
11-05 14:04:52.945 D/DONGLE_SERVICE( 323): init command center ...
11-05 14:04:52.945 D/DONGLE_SERVICE( 323): trying to scan for smart ctrl hidraw...
11-05 14:04:52.945 D/DONGLE_SERVICE( 323): command center, start working...
11-05 14:04:52.946 E/cutils-trace( 242): Error opening trace file: No such file or directory (2)
11-05 14:04:52.947 D/DONGLE_SERVICE( 323): >> start monitor uevent ...
11-05 14:04:52.949 I/zygote ( 242): option[0]=-Xzygote
11-05 14:04:52.949 I/zygote ( 242): option[1]=-Xdeny-art-apex-data-files
11-05 14:04:52.949 I/zygote ( 242): option[2]=exit
11-05 14:04:52.949 I/zygote ( 242): option[3]=vfprintf
11-05 14:04:52.949 I/zygote ( 242): option[4]=sensitiveThread
11-05 14:04:52.949 I/zygote ( 242): option[5]=-verbose:gc
11-05 14:04:52.949 I/zygote ( 242): option[6]=-XX:PerfettoHprof=true
11-05 14:04:52.949 I/zygote ( 242): option[7]=-XX:PerfettoJavaHeapStackProf=true
11-05 14:04:52.949 I/zygote ( 242): option[8]=-Xprimaryzygote
11-05 14:04:52.949 I/zygote ( 242): option[9]=-Xms5m
11-05 14:04:52.949 I/zygote ( 242): option[10]=-Xmx512m
11-05 14:04:52.949 I/zygote ( 242): option[11]=-XX:HeapGrowthLimit=256m
11-05 14:04:52.949 I/zygote ( 242): option[12]=-XX:HeapMinFree=512k
11-05 14:04:52.949 I/zygote ( 242): option[13]=-XX:HeapMaxFree=8m
11-05 14:04:52.949 I/zygote ( 242): option[14]=-XX:HeapTargetUtilization=0.75
11-05 14:04:52.949 I/zygote ( 242): option[15]=-Xusejit:true
11-05 14:04:52.949 I/zygote ( 242): option[16]=-Xjitsaveprofilinginfo
11-05 14:04:52.949 I/zygote ( 242): option[17]=-XMadviseWillNeedVdexFileSize:104857600
11-05 14:04:52.949 I/zygote ( 242): option[18]=-XMadviseWillNeedOdexFileSize:104857600
11-05 14:04:52.949 I/zygote ( 242): option[19]=-XMadviseWillNeedArtFileSize:4294967295
11-05 14:04:52.950 I/zygote ( 242): option[20]=-XjdwpOptions:suspend=n,server=y
11-05 14:04:52.950 I/zygote ( 242): option[21]=-XjdwpProvider:default
11-05 14:04:52.950 I/zygote ( 242): option[22]=-Xopaque-jni-ids:swapable
11-05 14:04:52.950 I/zygote ( 242): option[23]=-Xcompiler-option
11-05 14:04:52.950 I/zygote ( 242): option[24]=--instruction-set-variant=cortex-a7
11-05 14:04:52.950 I/zygote ( 242): option[25]=-Xcompiler-option
11-05 14:04:52.950 I/zygote ( 242): option[26]=--instruction-set-features=default
11-05 14:04:52.950 I/zygote ( 242): option[27]=-Xcompiler-option
11-05 14:04:52.950 I/zygote ( 242): option[28]=--generate-mini-debug-info
11-05 14:04:52.950 I/zygote ( 242): option[29]=-Ximage-compiler-option
11-05 14:04:52.950 I/zygote ( 242): option[30]=--runtime-arg
11-05 14:04:52.950 I/zygote ( 242): option[31]=-Ximage-compiler-option
11-05 14:04:52.950 I/zygote ( 242): option[32]=-Xms64m
11-05 14:04:52.950 I/zygote ( 242): option[33]=-Ximage-compiler-option
11-05 14:04:52.950 I/zygote ( 242): option[34]=--runtime-arg
11-05 14:04:52.950 I/zygote ( 242): option[35]=-Ximage-compiler-option
11-05 14:04:52.950 I/zygote ( 242): option[36]=-Xmx64m
11-05 14:04:52.950 I/zygote ( 242): option[37]=-Ximage-compiler-option
11-05 14:04:52.950 I/zygote ( 242): option[38]=--dirty-image-objects=/system/etc/dirty-image-objects
11-05 14:04:52.950 I/zygote ( 242): option[39]=-Ximage-compiler-option
11-05 14:04:52.950 I/zygote ( 242): option[40]=--instruction-set-variant=cortex-a7
11-05 14:04:52.950 I/zygote ( 242): option[41]=-Ximage-compiler-option
11-05 14:04:52.950 I/zygote ( 242): option[42]=--instruction-set-features=default
11-05 14:04:52.950 I/zygote ( 242): option[43]=-Ximage-compiler-option
11-05 14:04:52.950 I/zygote ( 242): option[44]=--generate-mini-debug-info
11-05 14:04:52.950 I/zygote ( 242): option[45]=-Duser.locale=zh-CN
11-05 14:04:52.950 I/zygote ( 242): option[46]=--cpu-abilist=armeabi-v7a,armeabi
11-05 14:04:52.950 I/zygote ( 242): option[47]=-Xfingerprint:Dangbei/raven/raven:12/SP1A.211105.004/20251103.144658:user/release-keys
11-05 14:04:52.956 I/xiriservice_All( 309): type=1400 audit(0.0:256): avc: denied { watch } for path="/data/data" dev="mmcblk0p25" ino=87 scontext=u:r:init:s0 tcontext=u:object_r:system_data_file:s0:c512,c768 tclass=dir permissive=1
11-05 14:04:52.970 I/FastMixerState( 264): sMaxFastTracks = 8
11-05 14:04:52.975 W/zygote ( 242): ART APEX data files are untrusted.
11-05 14:04:52.980 V/MediaUtils( 264): physMem: 2055442432
11-05 14:04:52.981 V/MediaUtils( 264): requested limit: 411088480
11-05 14:04:52.981 I/libc ( 264): malloc_limit: Allocation limit enabled, max size 411088480 bytes
11-05 14:04:52.982 I/audioserver( 264): ServiceManager: 0xf5e6b420
11-05 14:04:52.982 E/cutils-trace( 271): Error opening trace file: No such file or directory (2)
11-05 14:04:52.983 W/BatteryNotifier( 264): batterystats service unavailable!
11-05 14:04:52.984 E/cutils-trace( 264): Error opening trace file: No such file or directory (2)
11-05 14:04:52.984 I/hwservicemanager( 180): getTransport: Cannot find entry android.hardware.configstore@1.0::ISurfaceFlingerConfigs/default in either framework or device VINTF manifest.
11-05 14:04:52.984 I/rainbow_flow( 325): type=1400 audit(0.0:257): avc: denied { write } for name="spidev1.0" dev="tmpfs" ino=633 scontext=u:r:init:s0 tcontext=u:object_r:device:s0 tclass=chr_file permissive=1
11-05 14:04:52.984 I/rainbow_flow( 325): type=1400 audit(0.0:258): avc: denied { open } for path="/dev/spidev1.0" dev="tmpfs" ino=633 scontext=u:r:init:s0 tcontext=u:object_r:device:s0 tclass=chr_file permissive=1
11-05 14:04:52.984 I/rainbow_flow( 325): type=1400 audit(0.0:259): avc: denied { ioctl } for path="/dev/spidev1.0" dev="tmpfs" ino=633 ioctlcmd=0x6b01 scontext=u:r:init:s0 tcontext=u:object_r:device:s0 tclass=chr_file permissive=1
11-05 14:04:52.991 I/SurfaceFlinger( 271): Using HWComposer service: default
11-05 14:04:52.991 I/SurfaceFlinger( 271): SurfaceFlinger is starting
11-05 14:04:52.992 I/hwservicemanager( 180): getTransport: Cannot find entry android.hardware.configstore@1.1::ISurfaceFlingerConfigs/default in either framework or device VINTF manifest.
11-05 14:04:52.993 I/SurfaceFlinger( 271): Disabling blur effects, they are not supported.
11-05 14:04:52.992 I/rainbow_flow( 325): type=1400 audit(0.0:260): avc: denied { ioctl } for path="/dev/spidev1.0" dev="tmpfs" ino=633 ioctlcmd=0x6b00 scontext=u:r:init:s0 tcontext=u:object_r:device:s0 tclass=chr_file permissive=1
11-05 14:04:53.001 I/SurfaceFlinger( 271): SurfaceFlinger's main thread ready to run. Initializing graphics H/W...
11-05 14:04:53.002 D/RenderEngine( 271): RenderEngine with GLES Backend
11-05 14:04:53.010 W/FAT-fs (mmcblk0p24)( 1): Volume was not properly unmounted. Some data may be corrupt. Please run fsck.
11-05 14:04:53.010 I/bootstat( 326): Service started: /system/bin/bootstat --set_system_boot_reason
11-05 14:04:53.016 I/bootstat( 326): Canonical boot reason: reboot,
11-05 14:04:53.016 I/bootstat( 326): Canonical boot reason: reboot,
11-05 14:04:53.082 I/perfetto( 331): probes.cc:84 Starting /system/bin/traced_probes service
11-05 14:04:53.083 I/perfetto( 331): _activity_trigger.cc:71 mm_events ftrace instance not found. Triggering of traces on memory pressure will not be available on this device.
11-05 14:04:53.084 W/perfetto( 332): service.cc:207 Started traced, listening on /dev/socket/traced_producer /dev/socket/traced_consumer
11-05 14:04:53.088 I/perfetto( 331): probes_producer.cc:112 Connected to the service
11-05 14:04:53.110 I/ServiceManager( 264): Waiting for service 'media.metrics' on '/dev/binder'...
11-05 14:04:53.113 I/bootstat( 326): Last reboot reason read from /metadata/bootstat/persist.sys.boot.reason : reboot,. Last reboot reason read from persist.sys.boot.reason : reboot,
11-05 14:04:53.113 I/bootstat( 326): Normalized last reboot reason : reboot,
11-05 14:04:53.128 I/preloaddata( 341): type=1400 audit(0.0:261): avc: denied { write search } for name="tmp" dev="mmcblk0p25" ino=85 scontext=u:r:toolbox:s0 tcontext=u:object_r:shell_data_file:s0 tclass=dir permissive=1
11-05 14:04:53.128 I/preloaddata( 341): type=1400 audit(0.0:262): avc: denied { getattr } for path="/data/local/tmp" dev="mmcblk0p25" ino=85 scontext=u:r:toolbox:s0 tcontext=u:object_r:shell_data_file:s0 tclass=dir permissive=1
11-05 14:04:53.140 I/EventThread( 260): type=1400 audit(0.0:263): avc: denied { search } for name="extcon" dev="sysfs" ino=18103 scontext=u:r:hal_tv_cec_default:s0 tcontext=u:object_r:sysfs_extcon:s0 tclass=dir permissive=1
11-05 14:04:53.140 I/EventThread( 260): type=1400 audit(0.0:264): avc: denied { read } for name="u:object_r:default_prop:s0" dev="tmpfs" ino=3336 scontext=u:r:hal_tv_cec_default:s0 tcontext=u:object_r:default_prop:s0 tclass=file permissive=1
11-05 14:04:53.140 I/EventThread( 260): type=1400 audit(0.0:265): avc: denied { open } for path="/dev/__properties__/u:object_r:default_prop:s0" dev="tmpfs" ino=3336 scontext=u:r:hal_tv_cec_default:s0 tcontext=u:object_r:default_prop:s0 tclass=file permissive=1
11-05 14:04:53.140 I/EventThread( 260): type=1400 audit(0.0:266): avc: denied { getattr } for path="/dev/__properties__/u:object_r:default_prop:s0" dev="tmpfs" ino=3336 scontext=u:r:hal_tv_cec_default:s0 tcontext=u:object_r:default_prop:s0 tclass=file permissive=1
11-05 14:04:53.140 I/EventThread( 260): type=1400 audit(0.0:267): avc: denied { map } for path="/dev/__properties__/u:object_r:default_prop:s0" dev="tmpfs" ino=3336 scontext=u:r:hal_tv_cec_default:s0 tcontext=u:object_r:default_prop:s0 tclass=file permissive=1
11-05 14:04:53.189 D/XM_HIDREAD( 315): add@ add@/devices/platform/uwe_bsp.0
11-05 14:04:53.190 D/XM_HIDREAD( 315): add@ add@/devices/platform/uwe_bsp.0/wakeup/wakeup8
11-05 14:04:53.195 I/WCN ( 162): marlin_init entry!
11-05 14:04:53.196 I/WCN ( 162): unisoc wcn driver version: W25.45.1, build time: Nov 3 2025 10:18:41 (UTC)
11-05 14:04:53.196 I/WCN ( 162): wcn config keep power on
11-05 14:04:53.196 I/WCN ( 162): wcn config bt wake host
11-05 14:04:53.196 I/WCN ( 162): marlin_registsr_bt_wake bt_hostwake gpio=208 intnum=237
11-05 14:04:53.197 I/sdiohal ( 162): sdiohal_parse_dt adma_tx:1, adma_rx:1, pwrseq:0, irq type:data, gpio_num:0, blksize:840
11-05 14:04:53.202 D/XM_HIDREAD( 315): add@ add@/class/slog_wcn
11-05 14:04:53.203 D/XM_HIDREAD( 315): add@ add@/devices/virtual/slog_wcn/slog_wcn0
11-05 14:04:53.204 D/XM_HIDREAD( 315): add@ add@/devices/virtual/slog_wcn/slog_wcn1
11-05 14:04:53.204 D/XM_HIDREAD( 315): add@ add@/devices/virtual/misc/wcn_op
11-05 14:04:53.205 D/XM_HIDREAD( 315): add@ add@/bus/platform/drivers/uwe_bsp
11-05 14:04:53.205 D/XM_HIDREAD( 315): add@ add@/module/uwe5621_bsp_sdio
11-05 14:04:53.200 E/sdiohal err( 162): sdio, BITS =64, PageSize =4096, order=6, 3
11-05 14:04:53.208 I/sdiohal ( 162): sdiohal_init ok
11-05 14:04:53.210 I/WCN ( 162): marlin_probe ok!
11-05 14:04:53.215 D/libEGL ( 271): loaded /vendor/lib/egl/libGLES_mali.so
11-05 14:04:53.244 D/XM_HIDREAD( 315): add@ add@/devices/platform/mtty.0
11-05 14:04:53.246 D/XM_HIDREAD( 315): add@ add@/devices/virtual/tty/ttyBT0
11-05 14:04:53.246 E/ ( 162): uwe5621_bt_tty_init
11-05 14:04:53.252 E/ ( 162): mtty_probe unisoc soc, continue
11-05 14:04:53.253 I/ ( 162): mtty_probe init device addr: 0x00000000c1616118
11-05 14:04:53.258 E/ ( 162): rfkill_bluetooth_init
11-05 14:04:53.257 D/XM_HIDREAD( 315): add@ add@/devices/platform/mtty.0/rfkill/rfkill1
11-05 14:04:53.265 E/ ( 162): rfkill_bluetooth_init end
11-05 14:04:53.270 E/ ( 162): marlin_sdio_init
11-05 14:04:53.269 D/XM_HIDREAD( 315): add@ add@/bus/platform/drivers/mtty
11-05 14:04:53.269 D/XM_HIDREAD( 315): add@ add@/module/sprdbt_tty
11-05 14:04:53.310 I/RenderEngine( 271): Realtime priority unsupported, degrading gracefully to high priority
11-05 14:04:53.354 I/hwservicemanager( 180): getTransport: Cannot find entry android.hardware.graphics.mapper@4.0::IMapper/default in either framework or device VINTF manifest.
11-05 14:04:53.354 I/Gralloc4( 271): mapper 4.x is not supported
11-05 14:04:53.355 I/hwservicemanager( 180): getTransport: Cannot find entry android.hardware.graphics.mapper@3.0::IMapper/default in either framework or device VINTF manifest.
11-05 14:04:53.355 W/Gralloc3( 271): mapper 3.x is not supported
11-05 14:04:53.378 E/gralloc ( 271): Arm Module v1.0
11-05 14:04:53.380 I/hwservicemanager( 180): getTransport: Cannot find entry android.hardware.graphics.allocator@4.0::IAllocator/default in either framework or device VINTF manifest.
11-05 14:04:53.380 W/Gralloc4( 271): allocator 4.x is not supported
11-05 14:04:53.381 I/hwservicemanager( 180): getTransport: Cannot find entry android.hardware.graphics.allocator@3.0::IAllocator/default in either framework or device VINTF manifest.
11-05 14:04:53.381 W/Gralloc3( 271): allocator 3.x is not supported
11-05 14:04:53.394 I/installd( 355): installd firing up
11-05 14:04:53.404 E/ion ( 255): ioctl c0044901 failed with code -1: Inappropriate ioctl for device
11-05 14:04:53.408 I/gralloc ( 255): alloc buffer:W:1 H:1 S:16 PL[1 1] SZ:64 fmt:1 if:0 af:1 usg:300 fg:00000004
11-05 14:04:53.411 E/ion ( 271): ioctl c0044901 failed with code -1: Inappropriate ioctl for device
11-05 14:04:53.414 I/RenderEngine( 271): OpenGL ES informations:
11-05 14:04:53.416 I/RenderEngine( 271): vendor : ARM
11-05 14:04:53.412 I/init ( 1): type=1400 audit(0.0:268): avc: denied { read } for name="ext_csd" dev="debugfs" ino=5487 scontext=u:r:init:s0 tcontext=u:object_r:debugfs_mmc:s0 tclass=file permissive=1
11-05 14:04:53.412 I/init ( 1): type=1400 audit(0.0:269): avc: denied { open } for path="/sys/kernel/debug/mmc0/mmc0:0001/ext_csd" dev="debugfs" ino=5487 scontext=u:r:init:s0 tcontext=u:object_r:debugfs_mmc:s0 tclass=file permissive=1
11-05 14:04:53.419 I/RenderEngine( 271): renderer : Mali-G31
11-05 14:04:53.420 I/RenderEngine( 271): version : OpenGL ES 3.2 v1.r20p0-01rel0.9f6475d0baffb05079096179e1278b1d
11-05 14:04:53.420 I/RenderEngine( 271): extensions: GL_EXT_debug_marker GL_ARM_rgba8 GL_ARM_mali_shader_binary GL_OES_depth24 GL_OES_depth_texture GL_OES_depth_texture_cube_map GL_OES_packed_depth_stencil GL_OES_rgb8_rgba8 GL_EXT_read_format_bgra GL_OES_compressed_paletted_texture GL_OES_compressed_ETC1_RGB8_texture GL_OES_standard_derivatives GL_OES_EGL_image GL_OES_EGL_image_external GL_OES_EGL_image_external_essl3 GL_OES_EGL_sync GL_OES_texture_npot GL_OES_vertex_half_float GL_OES_required_internalformat GL_OES_vertex_array_object GL_OES_mapbuffer GL_EXT_texture_format_BGRA8888 GL_EXT_texture_rg GL_EXT_texture_type_2_10_10_10_REV GL_OES_fbo_render_mipmap GL_OES_element_index_uint GL_EXT_shadow_samplers GL_OES_texture_compression_astc GL_KHR_texture_compression_astc_ldr GL_KHR_texture_compression_astc_hdr GL_KHR_texture_compression_astc_sliced_3d GL_EXT_texture_compression_astc_decode_mode GL_EXT_texture_compression_astc_decode_mode_rgb9e5 GL_KHR_debug GL_EXT_occlusion_query_boolean GL_EXT_disjoint_timer_query GL_EXT_blend_minmax GL_EXT_discard_
11-05 14:04:53.420 I/RenderEngine( 271): GL_MAX_TEXTURE_SIZE = 8192
11-05 14:04:53.420 I/RenderEngine( 271): GL_MAX_VIEWPORT_DIMS = 8192
11-05 14:04:53.420 W/libprocessgroup( 271): Failed to open /dev/cpuset/system-background/tasks: Permission denied: Permission denied
11-05 14:04:53.420 W/libprocessgroup( 271): Failed to apply SFMainPolicy task profile: Permission denied
11-05 14:04:53.433 I/hwservicemanager( 180): getTransport: Cannot find entry android.hardware.graphics.mapper@4.0::IMapper/default in either framework or device VINTF manifest.
11-05 14:04:53.433 I/ComposerResources( 256): failed to get mapper 4.0 service, falling back to mapper 3.0
11-05 14:04:53.434 I/hwservicemanager( 180): getTransport: Cannot find entry android.hardware.graphics.mapper@3.0::IMapper/default in either framework or device VINTF manifest.
11-05 14:04:53.434 I/ComposerResources( 256): failed to get mapper 3.0 service, falling back to mapper 2.0
11-05 14:04:53.438 E/gralloc ( 256): Arm Module v1.0
11-05 14:04:53.440 I/storaged( 365): type=1400 audit(0.0:270): avc: denied { read } for path="/sys/kernel/debug/mmc0/mmc0:0001/ext_csd" dev="debugfs" ino=5487 scontext=u:r:storaged:s0 tcontext=u:object_r:debugfs_mmc:s0 tclass=file permissive=1
11-05 14:04:53.448 I/rainbow_flow( 325): type=1400 audit(0.0:271): avc: denied { ioctl } for path="/dev/spidev1.0" dev="tmpfs" ino=633 ioctlcmd=0x6b00 scontext=u:r:init:s0 tcontext=u:object_r:device:s0 tclass=chr_file permissive=1
11-05 14:04:53.467 I/sunxihwc( 256): createDeviceFactory: IDeviceFactory from hardware/aw/display/hwc-hal/disp2/HomletDeviceFactory.cpp
11-05 14:04:53.467 I/sunxihwc( 256): Device name: raven
11-05 14:04:53.468 I/sunxihwc( 256): threadLoop: EventThread start
11-05 14:04:53.470 D/sunxihwc( 256): Device config file: /vendor/etc/dispconfigs/homlet-default.json
11-05 14:04:53.473 D/sunxihwc( 256): Parse 'Display0' config
11-05 14:04:53.473 D/sunxihwc( 256): Parse 'Display1' config
11-05 14:04:53.474 W/displayd( 256): xxxxxxx: threadedStartup begin
11-05 14:04:53.475 I/sunxihwc( 256): Device name: raven
11-05 14:04:53.477 I/HidlServiceManagement( 256): Registered vendor.display.config@1.0::IDisplayConfig/default
11-05 14:04:53.477 D/android.hardware.graphics.composer@2.2-service( 256): IDisplayConfig register: ok
11-05 14:04:53.477 I/sunxihwc( 256): initialize: DisplayConfigService init: ok
11-05 14:04:53.478 D/sunxihwc( 256): setHotplugState: mbHotplug = 1
11-05 14:04:53.478 D/sunxihwc( 256): Device config file: /vendor/etc/dispconfigs/homlet-default.json
11-05 14:04:53.478 E/sunxihwc( 256): notifyDeviceChanged: DeviceChangedListener not register yet!
11-05 14:04:53.478 I/sunxihwc( 256): setVendorInterface: register IVendorInterface: 0xf6954310
11-05 14:04:53.479 D/sunxihwc( 256): HAL device config file: /vendor/etc/dispconfigs/homlet-default.json
11-05 14:04:53.479 D/sunxihwc( 256): Displays (2 entries)
11-05 14:04:53.479 D/sunxihwc( 256): + Display{id=0, framebuffer=1920x1080(override=1), dpi=160x160}
11-05 14:04:53.479 D/sunxihwc( 256): DisplayEnginePortId=0
11-05 14:04:53.479 D/sunxihwc( 256): InterfaceType=HDMI
11-05 14:04:53.479 D/sunxihwc( 256): DefaultOutputMode=0
11-05 14:04:53.479 D/sunxihwc( 256): HotplugSupported=0
11-05 14:04:53.479 D/sunxihwc( 256): AfbcSupported=0
11-05 14:04:53.479 D/sunxihwc( 256): HardwareRotateSupported=0
11-05 14:04:53.479 D/sunxihwc( 256): BandwidthLimited=338800 Bytes per frame
11-05 14:04:53.479 D/sunxihwc( 256): + Display{id=1, framebuffer=1920x1080(override=1), dpi=160x160}
11-05 14:04:53.479 D/sunxihwc( 256): DisplayEnginePortId=1
11-05 14:04:53.479 D/sunxihwc( 256): InterfaceType=CVBS
11-05 14:04:53.479 D/sunxihwc( 256): DefaultOutputMode=0
11-05 14:04:53.479 D/sunxihwc( 256): HotplugSupported=0
11-05 14:04:53.479 D/sunxihwc( 256): AfbcSupported=0
11-05 14:04:53.479 D/sunxihwc( 256): HardwareRotateSupported=0
11-05 14:04:53.479 D/sunxihwc( 256): BandwidthLimited=338800 Bytes per frame
11-05 14:04:53.479 W/sunxihwc( 256): bringupDevices: display.1 was off, request type 2, try to bringup it!
11-05 14:04:53.479 I/sunxihwc( 256): scanConnectedDevice: wait for device connect
11-05 14:04:53.480 D/sunxihwc( 256): Parse 'Display0' config
11-05 14:04:53.480 D/sunxihwc( 256): Parse 'Display1' config
11-05 14:04:53.480 W/displayd( 256): xxxxxxx: HAL device config file: /vendor/etc/dispconfigs/homlet-default.json
11-05 14:04:53.480 W/displayd( 256): Displays (2 entries)
11-05 14:04:53.480 W/displayd( 256): + Display{id=0, framebuffer=1920x1080(override=1), dpi=160x160}
11-05 14:04:53.480 W/displayd( 256): DisplayEnginePortId=0
11-05 14:04:53.480 W/displayd( 256): InterfaceType=HDMI
11-05 14:04:53.480 W/displayd( 256): DefaultOutputMode=0
11-05 14:04:53.480 W/displayd( 256): HotplugSupported=0
11-05 14:04:53.480 W/displayd( 256): AfbcSupported=0
11-05 14:04:53.480 W/displayd( 256): HardwareRotateSupported=0
11-05 14:04:53.480 W/displayd( 256): BandwidthLimited=338800 Bytes per frame
11-05 14:04:53.480 W/displayd( 256): + Display{id=1, framebuffer=1920x1080(override=1), dpi=160x160}
11-05 14:04:53.480 W/displayd( 256): DisplayEnginePortId=1
11-05 14:04:53.480 W/displayd( 256): InterfaceType=CVBS
11-05 14:04:53.480 W/displayd( 256): DefaultOutputMode=0
11-05 14:04:53.480 W/displayd( 256): HotplugSupported=0
11-05 14:04:53.480 W/displayd( 256): AfbcSupported=0
11-05 14:04:53.480 W/displayd( 256): HardwareRotateSupported=0
11-05 14:04:53.480 W/displayd( 256): BandwidthLimited=338800 Bytes per frame
11-05 14:04:53.476 I/MQ-Thread( 256): type=1400 audit(0.0:272): avc: denied { read } for name="u:object_r:system_prop:s0" dev="tmpfs" ino=3463 scontext=u:r:hal_graphics_composer_default:s0 tcontext=u:object_r:system_prop:s0 tclass=file permissive=1
11-05 14:04:53.476 I/MQ-Thread( 256): type=1400 audit(0.0:273): avc: denied { open } for path="/dev/__properties__/u:object_r:system_prop:s0" dev="tmpfs" ino=3463 scontext=u:r:hal_graphics_composer_default:s0 tcontext=u:object_r:system_prop:s0 tclass=file permissive=1
11-05 14:04:53.484 I/MQ-Thread( 256): type=1400 audit(0.0:274): avc: denied { getattr } for path="/dev/__properties__/u:object_r:system_prop:s0" dev="tmpfs" ino=3463 scontext=u:r:hal_graphics_composer_default:s0 tcontext=u:object_r:system_prop:s0 tclass=file permissive=1
11-05 14:04:53.484 I/MQ-Thread( 256): type=1400 audit(0.0:275): avc: denied { map } for path="/dev/__properties__/u:object_r:system_prop:s0" dev="tmpfs" ino=3463 scontext=u:r:hal_graphics_composer_default:s0 tcontext=u:object_r:system_prop:s0 tclass=file permissive=1
11-05 14:04:53.488 W/displayd( 256): xxxxxxx: display output policy: dual
11-05 14:04:53.488 W/displayd( 256): xxxxxxx: Display.0 output type: 4
11-05 14:04:53.489 W/displayd( 256): xxxxxxx: Display.1 output type: 2
11-05 14:04:53.489 W/displayd( 256): xxxxxxx: createDevice: type=4 on port 0
11-05 14:04:53.484 I/MQ-Thread( 256): type=1400 audit(0.0:276): avc: denied { read } for name="u:object_r:default_prop:s0" dev="tmpfs" ino=3336 scontext=u:r:hal_graphics_composer_default:s0 tcontext=u:object_r:default_prop:s0 tclass=file permissive=1
11-05 14:04:53.484 I/MQ-Thread( 256): type=1400 audit(0.0:277): avc: denied { open } for path="/dev/__properties__/u:object_r:default_prop:s0" dev="tmpfs" ino=3336 scontext=u:r:hal_graphics_composer_default:s0 tcontext=u:object_r:default_prop:s0 tclass=file permissive=1
11-05 14:04:53.484 I/MQ-Thread( 256): type=1400 audit(0.0:278): avc: denied { getattr } for path="/dev/__properties__/u:object_r:default_prop:s0" dev="tmpfs" ino=3336 scontext=u:r:hal_graphics_composer_default:s0 tcontext=u:object_r:default_prop:s0 tclass=file permissive=1
11-05 14:04:53.484 I/MQ-Thread( 256): type=1400 audit(0.0:279): avc: denied { map } for path="/dev/__properties__/u:object_r:default_prop:s0" dev="tmpfs" ino=3336 scontext=u:r:hal_graphics_composer_default:s0 tcontext=u:object_r:default_prop:s0 tclass=file permissive=1
11-05 14:04:53.490 W/displayd( 256): xxxxxxx: Device hdmi init
11-05 14:04:53.490 W/displayd( 256): xxxxxxx: createDevice: type=2 on port 1
11-05 14:04:53.491 W/displayd( 256): xxxxxxx: Device cvbs init
11-05 14:04:53.491 W/displayd( 256): xxxxxxx: Initizlize display device mapping
11-05 14:04:53.491 D/displayd( 256): xxxxxxx: updateConnectState: type=-1 connected=-1
11-05 14:04:53.484 I/MQ-Thread( 256): type=1400 audit(0.0:280): avc: denied { getattr } for path="/sys/devices/platform/soc@3000000/6520000.tv0/extcon/extcon1/state" dev="sysfs" ino=19380 scontext=u:r:hal_graphics_composer_default:s0 tcontext=u:object_r:sysfs:s0 tclass=file permissive=1
11-05 14:04:53.492 W/displayd( 256): xxxxxxx: platformGetDeviceConnectStatePath:
11-05 14:04:53.492 W/displayd( 256): hdmi: /sys/class/extcon/extcon0/state
11-05 14:04:53.492 W/displayd( 256): cvbs: /sys/class/extcon/extcon1/state
11-05 14:04:53.492 I/display.output-service( 262): platform is homlet
11-05 14:04:53.492 D/displayd( 256): xxxxxxx: updated: type=2 connected=0
11-05 14:04:53.493 I/servicemanager( 178): Found vendor.display.output.IDisplayOutputManager/default in device VINTF manifest.
11-05 14:04:53.493 I/hw-BpHwBinder( 180): onLastStrongRef automatically unlinking death recipients
11-05 14:04:53.504 D/displayd( 256): xxxxxxx: updated: type=4 connected=1
11-05 14:04:53.504 W/displayd( 256): xxxxxxx: setupDefaultOutput: hdmi user strategy: 255
11-05 14:04:53.505 W/edid ( 256): Parse block0:
11-05 14:04:53.505 W/edid ( 256): Extension block count: 1
11-05 14:04:53.505 W/edid ( 256): Parse CEA extension block (version: 3)
11-05 14:04:53.505 W/edid ( 256): CEA data length: 73 bytes
11-05 14:04:53.505 E/edid ( 256): parseCeaDataBlocks:unhandled EXTENDED_TAG code0
11-05 14:04:53.505 E/edid ( 256): parseCeaDataBlocks:unhandled EXTENDED_TAG code17
11-05 14:04:53.500 I//system/bin/init( 1): type=1107 audit(0.0:281): uid=0 auid=4294967295 ses=4294967295 subj=u:r:init:s0 msg='avc: denied { set } for property=vendor.sys.tv_vdid_fex pid=256 uid=1000 gid=1003 scontext=u:r:hal_graphics_composer_default:s0 tcontext=u:object_r:vendor_default_prop:s0 tclass=property_service permissive=1'
11-05 14:04:53.511 W/displayd( 256): xxxxxxx: performDefaultConfig dirty=0
11-05 14:04:53.512 W/displayd( 256): xxxxxxx: Old config: type[4] mode[10] pixelformat[1] bits[0] eotf[4] colorspace[257]
11-05 14:04:53.512 W/displayd( 256): xxxxxxx: New config: type[4] mode[10] pixelformat[1] bits[0] eotf[4] colorspace[257]
11-05 14:04:53.512 I/sunxihwc( 256): switchDevice: display[1]: type=2 mode=0 enable=0
11-05 14:04:53.512 I/sunxihwc( 256): switchDevice: display[0]: type=4 mode=10 enable=1
11-05 14:04:53.512 D/sunxihwc( 256): setHotplugState: mbHotplug = 1
11-05 14:04:53.512 I/sunxihwc( 256): createSyncTimeline: DisplayEngine Frequency: 696000000 Hz
11-05 14:04:53.512 I/sunxihwc( 256): setup: timeline0 create
11-05 14:04:53.512 E/sunxihwc( 256): readFromFile: Could not open '/sys/firmware/devicetree/base/dram/dram_clk', No such file or directory(2)
11-05 14:04:53.512 E/sunxihwc( 256): readFromFile: Could not open '/sys/firmware/devicetree/base/dram/dram_mr1', No such file or directory(2)
11-05 14:04:53.512 E/sunxihwc( 256): readFromFile: Could not open '/sys/firmware/devicetree/base/dram/dram_type', No such file or directory(2)
11-05 14:04:53.512 I/sunxihwc( 256): getDramInfoFromDeviceTree: draminfo: freq 0 MHz, bus width 32 bits, type 0
11-05 14:04:53.513 I/sunxihwc( 256): computeEffectiveBandwidth: dram effective bandwidth: 0 MBytes
11-05 14:04:53.513 E/sunxihwc( 256): calculateBandwidthLimitation: getDramFrequency return error(0), fallback to default bandwidth config
11-05 14:04:53.513 I/sunxihwc( 256): setup: Bandwidth limitation: 49152000 Bytes per frame
11-05 14:04:53.513 I/sunxihwc( 256): setDisplaydCb: get mDisplaydCb =0x0x696c4372
11-05 14:04:53.514 I/sunxihwc( 256): updateConnectedDevices: display[0] connected=1 type=4 device=0xf68a200c
11-05 14:04:53.514 I/sunxihwc( 256): updateConnectedDevices: display[1] connected=0 type=2 device=0x0
11-05 14:04:53.514 D/sunxihwc( 256): enqueueEvent: enqueueEvent: event 1
11-05 14:04:53.514 I/sunxihwc( 256): setMargin: display[0]: margin 100 100 100 100
11-05 14:04:53.514 W/displayd( 256): xxxxxxx: Turen on display(0), margin(100,100,100,100)
11-05 14:04:53.514 W/displayd( 256): xxxxxxx: Current device mapping:
11-05 14:04:53.514 W/displayd( 256): + display [1]: enable=0 type=2 mode=0
11-05 14:04:53.514 W/displayd( 256): + display [0]: enable=1 type=4 mode=10
11-05 14:04:53.514 I/sunxihwc( 256): registerCallback: registerCallback mEventCallback =0x0
11-05 14:04:53.514 I/sunxihwc( 256): setDisplaydCb: get mDisplaydCb =0x0xf6988370
11-05 14:04:53.514 W/sunxihwc( 256): deviceChangedEventProcess: Display.0 (hdmi0) connect
11-05 14:04:53.514 I/sunxihwc( 256): onHotplugReceived: display(0) connect state[1]
11-05 14:04:53.514 I/sunxihwc( 256): onHotplugReceived: display size: 0 display.0 0 display.1 0 display.0 0
11-05 14:04:53.514 D/sunxihwc( 256): enqueueEvent: enqueueEvent: event 1
11-05 14:04:53.514 I/sunxihwc( 256): waitForHotplugIssued: Wait for display connect
11-05 14:04:53.514 W/sunxihwc( 256): onHotplugReceived: display(0) is 0xf685d010
11-05 14:04:53.514 D/sunxihwc( 256): setDisplays: display =0xf685d010
11-05 14:04:53.514 D/sunxihwc( 256): setDisplays: display size=1
11-05 14:04:53.514 D/sunxihwc( 256): setHotplugState: mbHotplug = 0
11-05 14:04:53.514 D/sunxihwc( 256): setHotplugState: mbHotplug = 0
11-05 14:04:53.515 I/SurfaceFlinger( 271): onComposerHalHotplug(0, connected)
11-05 14:04:53.515 I/HWComposer( 271): Switching to legacy multi-display mode
11-05 14:04:53.515 W/displayd( 256): xxxxxxx: threadedStartup end
11-05 14:04:53.516 E/HWComposer( 271): getAttribute: getDisplayAttribute failed for display 0: BadConfig (1)
11-05 14:04:53.516 E/HWComposer( 271): getDisplayConnectionType: getDisplayConnectionType failed for display 0: Unsupported (8)
11-05 14:04:53.517 W/EventThread( 271): Ignoring VSYNC request while display is disconnected
11-05 14:04:53.517 W/EventThread( 271): Ignoring VSYNC request while display is disconnected
11-05 14:04:53.517 W/EventThread( 271): Ignoring VSYNC request while display is disconnected
11-05 14:04:53.518 W/EventThread( 271): Ignoring VSYNC request while display is disconnected
11-05 14:04:53.518 W/EventThread( 271): Ignoring VSYNC request while display is disconnected
11-05 14:04:53.518 W/EventThread( 271): Ignoring VSYNC request while display is disconnected
11-05 14:04:53.518 D/sunxihwc( 256): getHdrCapabilities: getHdrCapabilities: support hdr10 and hlg
11-05 14:04:53.519 W/HwcComposer( 271): getPerFrameMetadataKeys failed with 8
11-05 14:04:53.520 I/sunxihwc( 256): threadLoop: set CommitThread priority as HAL_PRIORITY_URGENT_DISPLAY
11-05 14:04:53.525 I/gralloc ( 255): alloc buffer:W:1920 H:1080 S:1920 PL[1920 1080] SZ:8294400 fmt:1 if:0 af:1 usg:1b00 fg:00000004
11-05 14:04:53.529 I/gralloc ( 255): alloc buffer:W:1920 H:1080 S:1920 PL[1920 1080] SZ:8294400 fmt:1 if:0 af:1 usg:1b00 fg:00000004
11-05 14:04:53.530 I/SurfaceFlinger( 271): Dispatching display hotplug event displayId=0, connected=1
11-05 14:04:53.530 I/sunxihwc( 256): pollThreadLoop: polling VsyncThread start
11-05 14:04:53.543 W/SurfaceFlinger( 271): Failed to set thread name on dispatch thread
11-05 14:04:53.575 I/wificond( 368): wificond is starting up...
11-05 14:04:53.576 D/dom2reg ( 373): timezone change, new: Asia/Shanghai, pre:
11-05 14:04:53.577 D/dom2reg ( 373): convert timezone to alpha2 country code: CN
11-05 14:04:53.578 D/dom2reg ( 373): regulatory set to [CN] success(0)
11-05 14:04:53.592 E/cutils-trace( 365): Error opening trace file: No such file or directory (2)
11-05 14:04:53.596 E/cutils-trace( 368): Error opening trace file: No such file or directory (2)
11-05 14:04:53.613 I/HidlServiceManagement( 368): Registered android.system.wifi.keystore@1.0::IKeystore/default
11-05 14:04:53.614 W/storaged( 365): health: invalid battery status
11-05 14:04:53.629 D/WifiHWInfo( 374): Start to load wireless module hardware info table...
11-05 14:04:53.644 D/WifiHWInfo( 374): Entry [01], BUS: SDIO, ID: 0x024C8179, Name: rtl8189es.
11-05 14:04:53.644 D/WifiHWInfo( 374): Entry [02], BUS: SDIO, ID: 0x024CB723, Name: rtl8723bs_vq0.
11-05 14:04:53.644 D/WifiHWInfo( 374): Entry [03], BUS: SDIO, ID: 0x024CB703, Name: rtl8723cs.
11-05 14:04:53.644 D/WifiHWInfo( 374): Entry [04], BUS: SDIO, ID: 0x024CD723, Name: rtl8723ds.
11-05 14:04:53.644 D/WifiHWInfo( 374): Entry [05], BUS: SDIO, ID: 0x024CF179, Name: rtl8189fs.
11-05 14:04:53.644 D/WifiHWInfo( 374): Entry [06], BUS: SDIO, ID: 0x024CB822, Name: rtl88x2bs.
11-05 14:04:53.644 D/WifiHWInfo( 374): Entry [07], BUS: USB, ID: 0x0BDAD723, Name: rtl8723du.
11-05 14:04:53.644 D/WifiHWInfo( 374): Entry [08], BUS: USB, ID: 0x0BDA8179, Name: rtl8188etv.
11-05 14:04:53.644 D/WifiHWInfo( 374): Entry [09], BUS: USB, ID: 0x0BDA0179, Name: rtl8188eu.
11-05 14:04:53.644 D/WifiHWInfo( 374): Entry [10], BUS: USB, ID: 0x0BDA818B, Name: rtl8192eu.
11-05 14:04:53.644 D/WifiHWInfo( 374): Entry [11], BUS: USB, ID: 0x0BDAB720, Name: rtl8723bu.
11-05 14:04:53.644 D/WifiHWInfo( 374): Entry [12], BUS: USB, ID: 0x0BDAC82C, Name: rtl8822cu.
11-05 14:04:53.644 D/WifiHWInfo( 374): Entry [13], BUS: USB, ID: 0x0BDAF179, Name: rtl8188fu.
11-05 14:04:53.644 D/WifiHWInfo( 374): Entry [14], BUS: SDIO, ID: 0x02D0A9A6, Name: ap6212.
11-05 14:04:53.644 D/WifiHWInfo( 374): Entry [15], BUS: SDIO, ID: 0x02D04330, Name: ap6330.
11-05 14:04:53.644 D/WifiHWInfo( 374): Entry [16], BUS: SDIO, ID: 0x02D04356, Name: ap6356s.
11-05 14:04:53.644 D/WifiHWInfo( 374): Entry [17], BUS: SDIO, ID: 0x02D0A9BF, Name: ap6255.
11-05 14:04:53.644 D/WifiHWInfo( 374): Entry [18], BUS: SDIO, ID: 0x02D04334, Name: bcm43342.
11-05 14:04:53.644 D/WifiHWInfo( 374): Entry [19], BUS: SDIO, ID: 0x00202281, Name: xr819.
11-05 14:04:53.644 D/WifiHWInfo( 374): Entry [20], BUS: SDIO, ID: 0x0A9E2282, Name: xr829.
11-05 14:04:53.645 D/WifiHWInfo( 374): Entry [21], BUS: SDIO, ID: 0x0271050A, Name: qca6174a.
11-05 14:04:53.645 D/WifiHWInfo( 374): Entry [22], BUS: SDIO, ID: 0x30303030, Name: ssv6x5x.
11-05 14:04:53.645 D/WifiHWInfo( 374): Entry [23], BUS: SDIO, ID: 0x00000000, Name: uwe5621.
11-05 14:04:53.645 D/WifiHWInfo( 374): Entry [24], BUS: SDIO, ID: 0x54490145, Name: aic8800.
11-05 14:04:53.645 D/WifiHWInfo( 374): Entry [25], BUS: SDIO, ID: 0xC8A1C08D, Name: aic8800.
11-05 14:04:53.645 D/WifiHWInfo( 374): Entry [26], BUS: USB, ID: 0xA69C8800, Name: aic8800.
11-05 14:04:53.645 D/WifiHWInfo( 374): Entry [27], BUS: USB, ID: 0x007A8888, Name: atbm6023is.
11-05 14:04:53.645 D/WifiHWInfo( 374): Entry [28], BUS: SDIO, ID: 0x02E79086, Name: 9012p.
11-05 14:04:53.645 D/WifiHWInfo( 374): Entry [29], BUS: SDIO, ID: 0x007A6011, Name: atbm613x_wifi_sdio.
11-05 14:04:53.645 D/WifiHWInfo( 374): Entry [30], BUS: SDIO, ID: 0x024CC822, Name: 88x2cs.
11-05 14:04:53.645 D/WifiHWInfo( 374): Entry [31], BUS: SDIO, ID: 0x000018F0, Name: dummy.
11-05 14:04:53.645 D/HWINFO ( 374): ********** Wireless information **********
11-05 14:04:53.645 D/HWINFO ( 374): module vendor: sprd
11-05 14:04:53.645 D/HWINFO ( 374): module name : uwe5621
11-05 14:04:53.645 D/HWINFO ( 374): wifi hal name: libwifi-hal-sprd.so
11-05 14:04:53.645 D/HWINFO ( 374): libbt-vendor : libbt-sprd.so
11-05 14:04:53.645 D/HWINFO ( 374): is bt support: 1
11-05 14:04:53.645 D/HWINFO ( 374): ******************************************
11-05 14:04:53.640 I/EventThread( 260): type=1400 audit(0.0:282): avc: denied { search } for name="extcon" dev="sysfs" ino=18103 scontext=u:r:hal_tv_cec_default:s0 tcontext=u:object_r:sysfs_extcon:s0 tclass=dir permissive=1
11-05 14:04:53.659 I/ServiceManager( 365): Waiting for service 'package_native' on '/dev/binder'...
11-05 14:04:53.732 I/init ( 1): type=1400 audit(0.0:283): avc: denied { add_name } for name="panic" scontext=u:r:init:s0 tcontext=u:object_r:sysfs:s0 tclass=dir permissive=1
11-05 14:04:53.764 I/rainbow_flow( 325): type=1400 audit(0.0:284): avc: denied { ioctl } for path="/dev/spidev1.0" dev="tmpfs" ino=633 ioctlcmd=0x6b00 scontext=u:r:init:s0 tcontext=u:object_r:device:s0 tclass=chr_file permissive=1
11-05 14:04:53.776 E/cutils-trace( 392): Error opening trace file: No such file or directory (2)
11-05 14:04:53.793 I/usbd ( 392): Usb HAL found.
11-05 14:04:53.794 I/usbd ( 392): peristent prop is adb
11-05 14:04:53.800 I/gatekeeperd( 390): Starting gatekeeperd...
11-05 14:04:53.800 D/zygote ( 242): Time zone APEX ICU file found: /apex/com.android.tzdata/etc/icu/icu_tzdata.dat
11-05 14:04:53.802 E/cutils-trace( 390): Error opening trace file: No such file or directory (2)
11-05 14:04:53.803 D/zygote ( 242): I18n APEX ICU file found: /apex/com.android.i18n/etc/icu/icudt68l.dat
11-05 14:04:53.800 I/xiriservice_All( 323): type=1400 audit(0.0:285): avc: denied { read } for scontext=u:r:init:s0 tcontext=u:r:init:s0 tclass=netlink_kobject_uevent_socket permissive=1
11-05 14:04:53.813 I/sunxi-rfkill soc@3000000( 162): rfkill: set block: 1
11-05 14:04:53.813 I/sunxi-rfkill soc@3000000( 162): rfkill: bt power off success
11-05 14:04:53.863 I/mediaswcodec( 389): media swcodec service starting
11-05 14:04:53.869 I/android.hardware.usb.gadget@1.1-service.aw( 261): setCurrentUsbFunctions None
11-05 14:04:53.870 I/android.hardware.usb.gadget@1.1-service.aw( 261): Gadget cannot be pulled down
11-05 14:04:53.870 I/android.hardware.usb.gadget@1.1-service.aw( 261): mMonitor not running
11-05 14:04:53.870 I/android.hardware.usb.gadget@1.1-service.aw( 261): Returned from tearDown gadget
11-05 14:04:53.871 W/mediaswcodec( 389): Could not read additional policy file '/vendor/etc/seccomp_policy/mediaswcodec.policy'
11-05 14:04:53.871 W/mediaswcodec( 389): libminijail[389]: failed to get path of fd 4: No such file or directory
11-05 14:04:53.872 W/mediaswcodec( 389): libminijail[389]: allowing syscall: clock_gettime
11-05 14:04:53.872 W/mediaswcodec( 389): libminijail[389]: allowing syscall: connect
11-05 14:04:53.872 W/mediaswcodec( 389): libminijail[389]: allowing syscall: fcntl64
11-05 14:04:53.872 W/mediaswcodec( 389): libminijail[389]: allowing syscall: socket
11-05 14:04:53.872 W/mediaswcodec( 389): libminijail[389]: allowing syscall: writev
11-05 14:04:53.873 W/mediaswcodec( 389): libminijail[389]: compile_file: (71): syscall futex redefined here
11-05 14:04:53.878 W/mediaswcodec( 389): libminijail[389]: compile_file: (15): previous definition here
11-05 14:04:53.881 W/mediaswcodec( 389): libminijail[389]: logging seccomp filter failures
11-05 14:04:53.883 I/CodecServiceRegistrant( 389): Creating software Codec2 service...
11-05 14:04:53.890 E/cutils-trace( 389): Error opening trace file: No such file or directory (2)
11-05 14:04:53.901 I/zygote ( 242): Using memfd for future sealing
11-05 14:04:53.903 I/android.hardware.media.omx@1.0-service( 369): mediacodecservice starting
11-05 14:04:53.909 W/android.hardware.media.omx@1.0-service( 369): Could not read additional policy file '/vendor/etc/seccomp_policy/mediacodec.policy'
11-05 14:04:53.910 W/android.hardware.media.omx@1.0-service( 369): libminijail[369]: failed to get path of fd 4: No such file or directory
11-05 14:04:53.910 W/android.hardware.media.omx@1.0-service( 369): libminijail[369]: allowing syscall: clock_gettime
