11-05 14:05:19.854 W/ActivityTaskManager( 476): Current config: {1.0 ?mcc?mnc [zh_CN] ldltr sw720dp w1280dp h696dp 240dpi xlrg long land television -touch qwerty/v/v dpad/v winConfig={ mBounds=Rect(0, 0 - 1920, 1080) mAppBounds=Rect(0, 0 - 1920, 1080) mMaxBounds=Rect(0, 0 - 1920, 1080) mWindowingMode=fullscreen mDisplayWindowingMode=fullscreen mActivityType=undefined mAlwaysOnTop=undefined mRotation=ROTATION_0} s.6 fontWeightAdjustment=0} unchanged for IME proc com.sohu.inputmethod.sogou.tv
11-05 14:05:19.854 W/ActivityTaskManager( 476): Current config: {1.0 ?mcc?mnc [zh_CN] ldltr sw720dp w1280dp h696dp 240dpi xlrg long land television -touch qwerty/v/v dpad/v winConfig={ mBounds=Rect(0, 0 - 1920, 1080) mAppBounds=Rect(0, 0 - 1920, 1080) mMaxBounds=Rect(0, 0 - 1920, 1080) mWindowingMode=fullscreen mDisplayWindowingMode=fullscreen mActivityType=undefined mAlwaysOnTop=undefined mRotation=ROTATION_0} s.6 fontWeightAdjustment=0} unchanged for IME proc com.sohu.inputmethod.sogou.tv
11-05 14:05:19.878 I/DefaultIMS( 2721): onInitializeInterface:
11-05 14:05:19.903 I/InputModelManager( 2721): mLanguageId+0 mInputType=0mChInputType=2
11-05 14:05:19.904 I/nw ( 2721): loadKeyData: loadLanguageInfoSuccess ? true
11-05 14:05:19.905 I/InputModelManager( 2721): getCurrentLanguageBean inputMode languageId:0
11-05 14:05:19.905 I/nw ( 2721): onChanged: languageResStatusBean=Language load status:
11-05 14:05:19.905 I/nw ( 2721): {}
11-05 14:05:19.918 I/InputModelManager( 2721): getCurrentLanguageBean inputMode languageId:0
11-05 14:05:19.923 I/LanguageResManager( 2721): prepareResource onSuccess:
11-05 14:05:19.923 I/LanguageResManager( 2721): prepareResource onSuccess:
11-05 14:05:19.925 D/InputSurface( 2721): initView:
11-05 14:05:19.925 I/MainPresenter( 2721): initView:
11-05 14:05:19.925 D/MainLayer( 2721): initView:
11-05 14:05:19.925 D/BodyAreaPresenter( 2721): initView:
11-05 14:05:19.938 I/DefaultIMS( 2721): DefaultIMS::onInitializeInterface() finish
11-05 14:05:19.939 I/MediaProvider( 1024): Scanned external_primary due to REASON_MOUNTED, found 49 items in 6474ms, 0 inserts 10 updates 0 deletes
11-05 14:05:19.940 D/CompatibilityChangeReporter( 2721): Compat change id reported: 160794467; UID 10052; state: DISABLED
11-05 14:05:19.942 I/MediaProvider( 1024): End Intent { act=com.android.providers.media.action.SCAN_VOLUME (has extras) }
11-05 14:05:19.943 I/MediaProvider( 1024): Begin Intent { act=com.android.providers.media.action.SCAN_VOLUME (has extras) }
11-05 14:05:19.945 I/DefaultIMS( 2721): onStartInput attribute=android.view.inputmethod.EditorInfo@66a137a restarting=false inputType: 0
11-05 14:05:19.957 I/SendAliveManager( 2721): doWhenNetworkStateChanged
11-05 14:05:19.958 I/nw ( 2721): onChanged: languageResStatusBean=Language load status:
11-05 14:05:19.958 I/nw ( 2721): {zh=3}
11-05 14:05:19.958 I/DefaultIMS( 2721): initializedCallback: time tag1=1762322719958
11-05 14:05:19.959 I/nw ( 2721): initializeInputSession: inputMode=languageID=0
11-05 14:05:19.959 I/nw ( 2721): scriptID=2
11-05 14:05:19.959 I/nw ( 2721): layoutID=2
11-05 14:05:19.959 I/KeyEventTransfer( 2721): languageID=0
11-05 14:05:19.959 I/KeyEventTransfer( 2721): scriptID=2
11-05 14:05:19.959 I/KeyEventTransfer( 2721): layoutID=2
11-05 14:05:19.968 I/MediaProvider( 1024): Scanned internal due to REASON_MOUNTED, found 5 items in 21ms, 0 inserts 0 updates 0 deletes
11-05 14:05:19.971 W/ModernMediaScanner( 1024): Failed to visit /oem/media: java.nio.file.NoSuchFileException: /oem/media
11-05 14:05:19.973 I/MediaProvider( 1024): Scanned internal due to REASON_MOUNTED, found 0 items in 3ms, 0 inserts 0 updates 0 deletes
11-05 14:05:19.997 D/CompatibilityChangeReporter( 476): Compat change id reported: 149924527; UID 10052; state: ENABLED
11-05 14:05:19.998 D/CompatibilityChangeReporter( 476): Compat change id reported: 132649864; UID 10052; state: DISABLED
11-05 14:05:20.010 W/IorapForwardingService( 476): No service published for: iorapd
11-05 14:05:20.096 I/efs.config( 1528): config request succ, config is:
11-05 14:05:20.096 I/efs.config( 1528): {"msg":"成功","code":0,"cip":"127.0.0.1","config":{"common":{"updateInteval":480,"gate_way_https":true},"sign":"f3NRWw9OdFFUb1gUBw==","app_configs":[{"conditions":[{"val":"0.0.0.0","opc":">=","fld":"ver"}],"actions":[{"opt":"apm_netperf_state","set":100},{"opt":"apm_netperf_day_limit","set":100},{"opt":"apm_netperf_res_bd_state","set":100},{"opt":"apm_oom_state","set":0},{"opt":"apm_netperf_data_rate","set":10},{"opt":"apm_native_h5perf_sampling_rate","set":5},{"opt":"apm_netperf_req_hd_state","set":100},{"opt":"apm_netperf_sampling_rate","set":1},{"opt":"flutter_dart_exception_max_count","set":20},{"opt":"flutter_pv_sampling_rate","set":5},{"opt":"apm_netperf_res_hd_state","set":100},{"opt":"flutter_page_state","set":100},{"opt":"flutter_page_rate","set":5},{"opt":"apm_memperf_sampling_rate","set":0},{"opt":"apm_crash_user_upload_type","set":1},{"opt":"apm_memperf_collect_max_period_sec","set":600},{"opt":"apm_crash_user_max_count","set":20},{"opt":"apm_netperf_bd_state","set":100},{"opt":"apm_native_h5_state","set":0},{"opt":"apm_mem_state","set":0},{"opt":"flutter_dart_exception_state","set":100},{"opt":"flutter_pv_max_count","set":200},{"opt":"apm_memperf_collect_interval","set":5},{"opt":"apm_flutter_state","set":100},{"opt":"apm_patrace_switch_rate","set":5},{"opt":"record_accumulation_time","set":60},{"opt":"apm_net_state","set":0},{"opt":"apm_startperf_sampling_rate","set":5},{"opt":"apm_oom_sampling_rate","set":5}]}]},"stm":1762322721,"cver":1735614866}
11-05 14:05:20.096 I/efs.base( 1528): lt=event`ev_ct=efs_core`ev_ac=config_coverage`tm=2025-11-05 14:05:09`dn=b7818bb2-5f62-4f12-9a91-36673dce94c0`ps=com.dangbei.screencast`um_os=android`stime=1762322713625`pid=1528`fr=android`pkg=com.dangbei.screencast`cver=1735614866`vcode=20830`dsp_w=1920`uid=b7818bb2-5f62-4f12-9a91-36673dce94c0`rom=12`wid=b7818bb2-5f62-4f12-9a91-36673dce94c0`um_app_carrier=`um_access=wifi`um_app_channel=os`um_crash_sdk_version=1.4.0`ctime=1762322720`model=dbbox-a2`lang=zh`net=wifi`brand=dangbei`dsp_h=1080`um_network_type=0`ver=v2.8.3`build_model=DBBOX-A2`w_tm=1762322720`appid=5fc60c21094d637f3130af19`um_umid_header=ai7db9f68508b83bfb5af66567cfa3d0f5`sdk=31`tzone=Asia/Shanghai`sdk_ver=1.3.6.umeng
11-05 14:05:20.096 I/efs.config( 1528): efs config is {"msg":"成功","code":0,"cip":"127.0.0.1","config":{"common":{"updateInteval":480,"gate_way_https":true},"sign":"f3NRWw9OdFFUb1gUBw==","app_configs":[{"conditions":[{"val":"0.0.0.0","opc":">=","fld":"ver"}],"actions":[{"opt":"apm_netperf_state","set":100},{"opt":"apm_netperf_day_limit","set":100},{"opt":"apm_netperf_res_bd_state","set":100},{"opt":"apm_oom_state","set":0},{"opt":"apm_netperf_data_rate","set":10},{"opt":"apm_native_h5perf_sampling_rate","set":5},{"opt":"apm_netperf_req_hd_state","set":100},{"opt":"apm_netperf_sampling_rate","set":1},{"opt":"flutter_dart_exception_max_count","set":20},{"opt":"flutter_pv_sampling_rate","set":5},{"opt":"apm_netperf_res_hd_state","set":100},{"opt":"flutter_page_state","set":100},{"opt":"flutter_page_rate","set":5},{"opt":"apm_memperf_sampling_rate","set":0},{"opt":"apm_crash_user_upload_type","set":1},{"opt":"apm_memperf_collect_max_period_sec","set":600},{"opt":"apm_crash_user_max_count","set":20},{"opt":"apm_netperf_bd_state","set":100},{"opt":"apm_native_h5_state","set":0},{"opt":"apm_mem_state","set":0},{"opt":"flutter_dart_exception_state","set":100},{"opt":"flutter_pv_max_count","set":200},{"opt":"apm_memperf_collect_interval","set":5},{"opt":"apm_flutter_state","set":100},{"opt":"apm_patrace_switch_rate","set":5},{"opt":"record_accumulation_time","set":60},{"opt":"apm_net_state","set":0},{"opt":"apm_startperf_sampling_rate","set":5},{"opt":"apm_oom_sampling_rate","set":5}]}]},"stm":1762322721,"cver":1735614866}
11-05 14:05:20.102 E/efs.config( 1528): updateConfigCond error
11-05 14:05:20.102 E/efs.config( 1528): java.lang.NumberFormatException: For input string: "v2"
11-05 14:05:20.102 E/efs.config( 1528): at java.lang.Integer.parseInt(Integer.java:615)
11-05 14:05:20.102 E/efs.config( 1528): at java.lang.Integer.parseInt(Integer.java:650)
11-05 14:05:20.102 E/efs.config( 1528): at com.efs.sdk.base.core.config.a.d.a(Unknown Source:33)
11-05 14:05:20.102 E/efs.config( 1528): at com.efs.sdk.base.core.config.a.d.a(Unknown Source:8)
11-05 14:05:20.102 E/efs.config( 1528): at com.efs.sdk.base.core.config.a.d.a(Unknown Source:404)
11-05 14:05:20.102 E/efs.config( 1528): at com.efs.sdk.base.core.config.a.d.a(Unknown Source:129)
11-05 14:05:20.102 E/efs.config( 1528): at com.efs.sdk.base.core.config.a.c.a(Unknown Source:4)
11-05 14:05:20.102 E/efs.config( 1528): at com.efs.sdk.base.core.config.a.c.e(Unknown Source:53)
11-05 14:05:20.102 E/efs.config( 1528): at com.efs.sdk.base.core.config.a.c.handleMessage(Unknown Source:105)
11-05 14:05:20.102 E/efs.config( 1528): at android.os.Handler.dispatchMessage(Handler.java:102)
11-05 14:05:20.102 E/efs.config( 1528): at android.os.Looper.loopOnce(Looper.java:201)
11-05 14:05:20.102 E/efs.config( 1528): at android.os.Looper.loop(Looper.java:288)
11-05 14:05:20.102 E/efs.config( 1528): at android.os.HandlerThread.run(HandlerThread.java:67)
11-05 14:05:20.108 I/EventThread( 260): type=1400 audit(0.0:1170): avc: denied { search } for name="extcon" dev="sysfs" ino=18103 scontext=u:r:hal_tv_cec_default:s0 tcontext=u:object_r:sysfs_extcon:s0 tclass=dir permissive=1
11-05 14:05:20.132 I/chromium( 2721): [1105/140520:INFO:config_service.cc(227)] Load config buffer. err_code = 3, err_msg = Line: 1, column: 1, Unexpected token.
11-05 14:05:20.183 I/CHInputSession( 2721): set engine mode: 2 layout: 2
11-05 14:05:20.184 W/MediaProvider( 1024): getVolumePath for unknown volume: internal
11-05 14:05:20.185 W/MediaProvider( 1024): getVolumePath for unknown volume: internal
11-05 14:05:20.191 D/CHJNIDefault( 2721): setInputMode value=-1
11-05 14:05:20.192 I/InputContext( 2721): onChanged: candidateWords=[]
11-05 14:05:20.192 I/InputContext( 2721): onChanged: candidateWordInfo.size=0 global offset: 0pausedCandidateData = false
11-05 14:05:20.192 I/InputContext( 2721): onChanged: composing=null
11-05 14:05:20.192 I/InputContext( 2721): onChanged: forCompose=false
11-05 14:05:20.194 I/nw ( 2721): onChanged: input mode:languageID=0
11-05 14:05:20.194 I/nw ( 2721): scriptID=2
11-05 14:05:20.194 I/nw ( 2721): layoutID=2
11-05 14:05:20.453 W/MediaProvider( 1024): getVolumePath for unknown volume: internal
11-05 14:05:20.454 W/MediaProvider( 1024): getVolumePath for unknown volume: internal
11-05 14:05:20.455 I/MediaProvider( 1024): Scanned internal due to REASON_MOUNTED, found 230 items in 480ms, 0 inserts 7 updates 0 deletes
11-05 14:05:20.455 W/MediaProvider( 1024): getVolumePath for unknown volume: internal
11-05 14:05:20.457 W/MediaProvider( 1024): getVolumePath for unknown volume: internal
11-05 14:05:20.458 W/MediaProvider( 1024): getVolumePath for unknown volume: internal
11-05 14:05:20.596 I/excHandlerThrea( 1528): type=1400 audit(0.0:1171): avc: denied { lock } for path="/data/user/0/com.dangbei.screencast/files/TDCloud_Control_Cache_Param4" dev="mmcblk0p25" ino=2114 scontext=u:r:platform_app:s0:c512,c768 tcontext=u:object_r:app_data_file:s0:c512,c768 tclass=file permissive=1 app=com.dangbei.screencast
11-05 14:05:20.596 I/excHandlerThrea( 1528): type=1400 audit(0.0:1172): avc: denied { write } for name="files" dev="mmcblk0p25" ino=2052 scontext=u:r:platform_app:s0:c512,c768 tcontext=u:object_r:app_data_file:s0:c512,c768 tclass=dir permissive=1 app=com.dangbei.screencast
11-05 14:05:20.596 I/excHandlerThrea( 1528): type=1400 audit(0.0:1173): avc: denied { add_name } for name="TD_AES_DATA_LOCK" scontext=u:r:platform_app:s0:c512,c768 tcontext=u:object_r:app_data_file:s0:c512,c768 tclass=dir permissive=1 app=com.dangbei.screencast
11-05 14:05:20.596 I/excHandlerThrea( 1528): type=1400 audit(0.0:1174): avc: denied { create } for name="TD_AES_DATA_LOCK" scontext=u:r:platform_app:s0:c512,c768 tcontext=u:object_r:app_data_file:s0:c512,c768 tclass=file permissive=1 app=com.dangbei.screencast
11-05 14:05:20.624 I/excHandlerThrea( 1528): type=1400 audit(0.0:1175): avc: denied { open } for path="/data/user/0/com.dangbei.screencast/files/TD_AES_DATA_LOCK" dev="mmcblk0p25" ino=2145 scontext=u:r:platform_app:s0:c512,c768 tcontext=u:object_r:app_data_file:s0:c512,c768 tclass=file permissive=1 app=com.dangbei.screencast
11-05 14:05:21.012 W/IorapForwardingService( 476): No service published for: iorapd
11-05 14:05:21.092 W/audit ( 2768): audit_lost=706 audit_rate_limit=5 audit_backlog_limit=64
11-05 14:05:21.092 E/audit ( 2768): rate limit exceeded
11-05 14:05:21.080 I/pool-5-thread-1( 1528): type=1400 audit(0.0:1176): avc: denied { getattr } for path="/data/user/0/com.dangbei.screencast/files/__database_reborn_January_one__/td_database2SaaS" dev="mmcblk0p25" ino=2163 scontext=u:r:platform_app:s0:c512,c768 tcontext=u:object_r:app_data_file:s0:c512,c768 tclass=dir permissive=1 app=com.dangbei.screencast
11-05 14:05:21.080 I/pool-5-thread-1( 1528): type=1400 audit(0.0:1177): avc: denied { read } for name="td_database2SaaS" dev="mmcblk0p25" ino=2163 scontext=u:r:platform_app:s0:c512,c768 tcontext=u:object_r:app_data_file:s0:c512,c768 tclass=dir permissive=1 app=com.dangbei.screencast
11-05 14:05:21.169 D/WifiNl80211Manager( 476): Scan result ready event
11-05 14:05:21.169 D/WifiNative( 476): Scan result ready event
11-05 14:05:21.190 W/IE_Capabilities( 476): Unknown RSN cipher suite: 6ac0f00
11-05 14:05:21.204 W/IE_Capabilities( 476): Unknown RSN cipher suite: 6ac0f00
11-05 14:05:21.239 W/IE_Capabilities( 476): Unknown RSN cipher suite: 6ac0f00
11-05 14:05:21.253 D/WificondScannerImpl( 476): Filtering out 4 scan results.
11-05 14:05:21.320 E/hq ( 1089): NetWorkStateReceiver:::NetWorkStateReceiver onReceive: 网络变化广播 >>>> intent.action=android.net.wifi.SCAN_RESULTS
11-05 14:05:21.351 E/WifiHAL ( 662): wifi_get_link_stats: requestResponse Error:-5
11-05 14:05:21.353 E/WifiVendorHal( 476): getWifiLinkLayerStats_1_5_Internal(l.1191) failed {.code = ERROR_INVALID_ARGS, .description = }
11-05 14:05:21.371 W/eventbuscore( 1089): post Event:com.dangbei.leard.base.entity.event.NetWifiRssiEvent
11-05 14:05:21.518 I/gbei.screencas( 1528): Background concurrent copying GC freed 8948(629KB) AllocSpace objects, 0(0B) LOS objects, 49% free, 4116KB/8233KB, paused 202us total 116.226ms
11-05 14:05:21.527 E/WifiHAL ( 662): wifi_get_link_stats: requestResponse Error:-5
11-05 14:05:21.528 E/WifiVendorHal( 476): getWifiLinkLayerStats_1_5_Internal(l.1191) failed {.code = ERROR_INVALID_ARGS, .description = }
11-05 14:05:21.750 I/MediaProvider( 1024): Observed non-standard /storage/02E24445E2443EE3/FAT32 音图/Android/data/.nomedia
11-05 14:05:21.758 I/MediaProvider( 1024): Observed non-standard /storage/02E24445E2443EE3/FAT32 音图/Android/data/com.amazon.avod/files/.nomedia
11-05 14:05:21.761 I/MediaProvider( 1024): Observed non-standard /storage/02E24445E2443EE3/FAT32 音图/Android/data/com.amazon.avod/files/.nomedia
11-05 14:05:21.799 I/TDLog ( 2389): [APP] New data found, Submitting...
11-05 14:05:21.808 I/WifiService( 476): startScan uid=1000
11-05 14:05:21.835 I/TDLog ( 2389): [APP] Failed to submit data!
11-05 14:05:21.839 I/MediaProvider( 1024): Observed non-standard /storage/02E24445E2443EE3/FAT32 音图/Android/data/.nomedia
11-05 14:05:21.841 I/MediaProvider( 1024): Observed non-standard /storage/02E24445E2443EE3/FAT32 音图/Android/obb/.nomedia
11-05 14:05:21.846 I/MediaProvider( 1024): Observed non-standard /storage/02E24445E2443EE3/FAT32 音图/Android/obb/.nomedia
11-05 14:05:21.888 I/MediaProvider( 1024): Observed non-standard /storage/02E24445E2443EE3/FAT32 音图/Pictures/FAT32特殊 (O)/Android/data/.nomedia
11-05 14:05:21.923 I/WifiService( 476): releaseMulticastLock uid=10024
11-05 14:05:21.925 I/WifiService( 476): releaseMulticastLock uid=10024
11-05 14:05:21.972 D/HiSight-SinkService( 1528): setDiscoverable true
11-05 14:05:21.973 D/wenhc ( 1089): getScreenInfo uri = content://com.dangbei.screencast.parts.info/screen_cast
11-05 14:05:21.973 D/wenhc ( 1089): getScreenInfo uri = content://com.dangbei.screencast.parts.info/screen_cast
11-05 14:05:21.974 D/NearFieldManager( 1528): init.
11-05 14:05:21.974 D/NearFieldManager( 1528): try check dmsdp
11-05 14:05:21.988 D/NearFieldManager( 1528): package not exist
11-05 14:05:21.991 D/CompatibilityChangeReporter( 476): Compat change id reported: 135634846; UID 10024; state: DISABLED
11-05 14:05:21.992 D/CompatibilityChangeReporter( 476): Compat change id reported: 143937733; UID 10024; state: DISABLED
11-05 14:05:21.993 D/NearFieldManager( 1528): bind nearfield service true
11-05 14:05:21.994 D/NearFieldManager( 1528): registerCallback true
11-05 14:05:21.994 D/HiSight-Discovery( 1528): set deviceInfo type:46
11-05 14:05:21.994 D/HiSight-Discovery( 1528): startAdvertise 1
11-05 14:05:22.004 I/MediaProvider( 1024): Observed non-standard /storage/02E24445E2443EE3/FAT32 音图/Pictures/FAT32特殊 (O)/Android/data/.nomedia
11-05 14:05:22.006 I/MediaProvider( 1024): Observed non-standard /storage/02E24445E2443EE3/FAT32 音图/Pictures/FAT32特殊 (O)/Android/obb/.nomedia
11-05 14:05:22.009 D/Zygote ( 242): Forked child process 2775
11-05 14:05:22.011 I/ActivityManager( 476): app.processName = com.huawei.connection
11-05 14:05:22.011 I/ActivityManager( 476): Start proc 2775:com.huawei.connection/u0a24 for service {com.dangbei.screencast/com.huawei.connection.service.NearFieldManagerService}
11-05 14:05:22.014 W/IorapForwardingService( 476): No service published for: iorapd
11-05 14:05:22.015 I/MediaProvider( 1024): Observed non-standard /storage/02E24445E2443EE3/FAT32 音图/Pictures/FAT32特殊 (O)/Android/obb/.nomedia
11-05 14:05:22.018 I/Zygote ( 2775): seccomp disabled by setenforce 0
11-05 14:05:22.037 I/adbd ( 394): jdwp connection from 2775
11-05 14:05:22.059 D/CompatibilityChangeReporter( 2775): Compat change id reported: 171979766; UID 10024; state: DISABLED
11-05 14:05:22.068 D/ApplicationLoaders( 2775): Returning zygote-cached class loader: /system/framework/android.test.base.jar
11-05 14:05:22.068 D/ApplicationLoaders( 2775): Returning zygote-cached class loader: /system/framework/android.hidl.manager-V1.0-java.jar
11-05 14:05:22.068 D/ApplicationLoaders( 2775): Returning zygote-cached class loader: /system/framework/android.hidl.base-V1.0-java.jar
11-05 14:05:22.092 I/awei.connection( 2775): type=1400 audit(0.0:1179): avc: denied { getattr } for path="/data/user/0/com.dangbei.screencast" dev="mmcblk0p25" ino=891 scontext=u:r:platform_app:s0:c512,c768 tcontext=u:object_r:app_data_file:s0:c512,c768 tclass=dir permissive=1 app=com.dangbei.screencast
11-05 14:05:22.104 I/awei.connection( 2775): type=1400 audit(0.0:1180): avc: denied { search } for name="com.dangbei.screencast" dev="mmcblk0p25" ino=891 scontext=u:r:platform_app:s0:c512,c768 tcontext=u:object_r:app_data_file:s0:c512,c768 tclass=dir permissive=1 app=com.dangbei.screencast
11-05 14:05:22.112 V/GraphicsEnvironment( 2775): ANGLE Developer option for 'com.dangbei.screencast' set to: 'default'
11-05 14:05:22.112 V/GraphicsEnvironment( 2775): Neither updatable production driver nor prerelease driver is supported.
11-05 14:05:22.113 D/NetworkSecurityConfig( 2775): Using Network Security Config from resource network_security_config debugBuild: false
11-05 14:05:22.116 D/NetworkSecurityConfig( 2775): Using Network Security Config from resource network_security_config debugBuild: false
11-05 14:05:22.117 I/MultiDex( 2775): VM with version 2.1.0 has multidex support
11-05 14:05:22.117 I/MultiDex( 2775): Installing application
11-05 14:05:22.117 I/MultiDex( 2775): VM has multidex support, MultiDex support library is disabled.
11-05 14:05:22.116 I/SharedPreferenc( 2775): type=1400 audit(0.0:1181): avc: denied { open } for path="/data/user/0/com.dangbei.screencast/shared_prefs/DEVICE_ID.xml" dev="mmcblk0p25" ino=2404 scontext=u:r:platform_app:s0:c512,c768 tcontext=u:object_r:app_data_file:s0:c512,c768 tclass=file permissive=1 app=com.dangbei.screencast
11-05 14:05:22.128 I/Thread-3( 2775): type=1400 audit(0.0:1182): avc: denied { lock } for path="/data/user/0/com.dangbei.screencast/files/.imprint" dev="mmcblk0p25" ino=2425 scontext=u:r:platform_app:s0:c512,c768 tcontext=u:object_r:app_data_file:s0:c512,c768 tclass=file permissive=1 app=com.dangbei.screencast
11-05 14:05:22.140 I/pool-5-thread-1( 1528): type=1400 audit(0.0:1183): avc: denied { read } for name="td_database2SaaS" dev="mmcblk0p25" ino=2163 scontext=u:r:platform_app:s0:c512,c768 tcontext=u:object_r:app_data_file:s0:c512,c768 tclass=dir permissive=1 app=com.dangbei.screencast
11-05 14:05:22.151 W/audit ( 2768): audit_lost=707 audit_rate_limit=5 audit_backlog_limit=64
11-05 14:05:22.151 E/audit ( 2768): rate limit exceeded
11-05 14:05:22.208 I/crashsdk( 2775): version unique build id: 6230cced
11-05 14:05:22.214 D/crashsdk( 2775): Native log stat thread 2814 setup, waiting
11-05 14:05:22.217 I/crashsdk( 2775): begin hack android.os.Process
11-05 14:05:22.217 I/crashsdk( 2775): end hack android.os.Process
11-05 14:05:22.239 I/Matrix.AnrTracer( 2775): anrTrace, final mAnrBeatTime:400, mAnrBeatRate:400
11-05 14:05:22.240 W/efs.send_log( 2775): tryFileLock start!
11-05 14:05:22.242 E/LaunchManager( 2775): Non main process !
11-05 14:05:22.243 W/System.err( 2775): java.lang.NullPointerException: Attempt to invoke virtual method 'boolean com.efs.sdk.launch.LaunchConfigManager.enableTracer()' on a null object reference
11-05 14:05:22.243 W/System.err( 2775): at com.umeng.umcrash.UMCrash.init(Unknown Source:403)
11-05 14:05:22.243 W/System.err( 2775): at java.lang.reflect.Method.invoke(Native Method)
11-05 14:05:22.243 W/System.err( 2775): at com.umeng.commonsdk.UMConfigure.init(Unknown Source:811)
11-05 14:05:22.243 W/System.err( 2775): at b.f.f.b.a(:4)
11-05 14:05:22.243 W/System.err( 2775): at h.o.a.run(Unknown Source:2)
11-05 14:05:22.244 I/TDLog ( 2775): setReportUncaughtExceptions: true
11-05 14:05:22.245 E/Application( 2775): onCreate:Version:v2.8.3/20830/883432e
11-05 14:05:22.250 I/efs.config( 2775): --->>> 删除旧的配置文件 false
11-05 14:05:22.255 I/efs.config( 2775): current config version (-1) is older than another (1735614866)
11-05 14:05:22.256 I/efs.config( 2775): load config from storage and notify observer
11-05 14:05:22.259 D/NearFieldManagerService( 2775): NearFieldManagerService.
11-05 14:05:22.259 D/NearFieldManagerService( 2775): onCreate, enter.
11-05 14:05:22.259 I/NearFieldManagerService( 2775): onBind, enter.
11-05 14:05:22.259 D/NearFieldManagerService( 2775): initService
11-05 14:05:22.259 D/NearFieldManagerService( 2775): NearField starting...
11-05 14:05:22.260 D/NearFieldUtils( 2775): checkSystemProperty in
11-05 14:05:22.260 D/NearFieldUtils( 2775): checkSystemProperty: systemProperties:
11-05 14:05:22.260 E/NearFieldUtils( 2775): validProperty: priority is null
11-05 14:05:22.263 I/efs.base( 2775): lt=event`ev_ct=efs_core`ev_ac=pvuv`tm=2025-11-05 14:05:24`dn=b7818bb2-5f62-4f12-9a91-36673dce94c0`ps=com.huawei.connection`um_os=android`stime=1762322722004`pid=2775`fr=android`pkg=com.dangbei.screencast`vcode=20830`dsp_w=1920`uid=b7818bb2-5f62-4f12-9a91-36673dce94c0`rom=12`wid=b7818bb2-5f62-4f12-9a91-36673dce94c0`um_app_carrier=`um_access=wifi`um_app_channel=os`um_crash_sdk_version=1.4.0`ctime=1762322722`model=dbbox-a2`lang=zh`net=wifi`brand=dangbei`dsp_h=1080`um_network_type=0`ver=v2.8.3`build_model=DBBOX-A2`w_tm=1762322722`appid=5fc60c21094d637f3130af19`um_umid_header=ai7db9f68508b83bfb5af66567cfa3d0f5`sdk=31`tzone=Asia/Shanghai`sdk_ver=1.3.6.umeng
11-05 14:05:22.265 D/NearFieldManager( 1528): service connected.
11-05 14:05:22.266 D/HiSight-Discovery( 1528): eventId: 4001
11-05 14:05:22.267 D/HiSight-Discovery( 1528): msg 4001
11-05 14:05:22.267 D/HiSight-Discovery( 1528): bind success, status Ready
11-05 14:05:22.267 D/HiSight-Discovery( 1528): startAdvertise 2
11-05 14:05:22.267 D/HiSight-Discovery( 1528): stopAdvertise.
11-05 14:05:22.267 D/HiSight-Discovery( 1528): nearFieldStartListen deviceType 46
11-05 14:05:22.269 I/NearFieldManagerImpl( 2775): setDeviceInfo, sDeviceId changes
11-05 14:05:22.270 I/NearFieldManagerImpl( 2775): setDeviceInfo, sDeviceName changes
11-05 14:05:22.270 D/NearFieldManagerImpl( 2775): setServiceData, sServiceData=[], serviceData=[32]
11-05 14:05:22.271 E/NearFieldManager( 1528): setIdnNetworkPriority: networkPortPriority is empty
11-05 14:05:22.271 D/NearFieldManager( 1528): StartListen moduleId: CastPlusDiscoveryModule
11-05 14:05:22.271 D/NearFieldManagerImpl( 2775): startListen: moduleId: CastPlusDiscoveryModule
11-05 14:05:22.272 D/NearFieldUtils( 2775): getPreferredIpAddress exec
11-05 14:05:22.272 D/NearFieldUtils( 2775): getPreferredIpAddress by custom priority
11-05 14:05:22.272 D/NearFieldUtils( 2775): getIpByInterfaceSetting customIdnNetworkPriority:[]
11-05 14:05:22.272 D/NearFieldUtils( 2775): getPreferredIpAddress by default priority
11-05 14:05:22.274 W/ServiceManager( 476): Permission failure: android.permission.HIGH_SAMPLING_RATE_SENSORS from uid=10024 pid=2775
11-05 14:05:22.276 I/TDLog ( 2775): TalkingData SDK init...
11-05 14:05:22.276 I/TDLog ( 2775): SDK_VERSION is: Android+TD+V5.0.7 gp Type:Native Build_Num:2141
11-05 14:05:22.276 I/TDLog ( 2775): App ID is: B9D7815EC975466AB1332111FCE62DF5
11-05 14:05:22.276 I/TDLog ( 2775): App Channel is: os
11-05 14:05:22.276 I/TDLog ( 2775): App Custom is:
11-05 14:05:22.276 I/TDLog ( 2775): SDK_OVC is: TDOVC+a3bb7754719798526508b6caad480dd7+SaaS
11-05 14:05:22.309 I/crashsdk( 2775): Catcher mask: 5000, 20480
11-05 14:05:22.314 I/crashsdk( 2775): Catcher thread 2780
11-05 14:05:22.314 D/crashsdk( 2775): Register ANR handler ...
11-05 14:05:22.316 W/efs.info.manager( 2775): network change: wifi
11-05 14:05:22.318 D/NearFieldManagerImpl( 2775): onReceive action get:android.net.conn.CONNECTIVITY_CHANGE
11-05 14:05:22.320 D/NearFieldUtils( 2775): getPreferredIpAddress exec
11-05 14:05:22.320 D/NearFieldUtils( 2775): getPreferredIpAddress by custom priority
11-05 14:05:22.320 D/NearFieldUtils( 2775): getIpByInterfaceSetting customIdnNetworkPriority:[]
11-05 14:05:22.320 D/NearFieldUtils( 2775): getPreferredIpAddress by default priority
11-05 14:05:22.334 E/sprdwl ( 1064): sprdwl_rx_rsp_process ctx_id 0 recv rsp[WIFI_CMD_TX_DATA] status[SPRDWL_CMD_STATUS_ERROR]
11-05 14:05:22.352 E/sprdwl ( 1064): sprdwl_rx_rsp_process ctx_id 0 recv rsp[WIFI_CMD_TX_DATA] status[SPRDWL_CMD_STATUS_ERROR]
11-05 14:05:22.369 E/sprdwl ( 1064): sprdwl_rx_rsp_process ctx_id 0 recv rsp[WIFI_CMD_TX_DATA] status[SPRDWL_CMD_STATUS_ERROR]
11-05 14:05:22.382 E/sprdwl ( 1064): sprdwl_rx_rsp_process ctx_id 0 recv rsp[WIFI_CMD_TX_DATA] status[SPRDWL_CMD_STATUS_ERROR]
11-05 14:05:22.394 E/sprdwl ( 1064): sprdwl_rx_rsp_process ctx_id 0 recv rsp[WIFI_CMD_TX_DATA] status[SPRDWL_CMD_STATUS_ERROR]
11-05 14:05:22.407 E/sprdwl ( 1064): sprdwl_rx_rsp_process ctx_id 0 recv rsp[WIFI_CMD_TX_DATA] status[SPRDWL_CMD_STATUS_ERROR]
11-05 14:05:22.419 E/sprdwl ( 1064): sprdwl_rx_rsp_process ctx_id 0 recv rsp[WIFI_CMD_TX_DATA] status[SPRDWL_CMD_STATUS_ERROR]
11-05 14:05:22.432 E/sprdwl ( 1064): sprdwl_rx_rsp_process ctx_id 0 recv rsp[WIFI_CMD_TX_DATA] status[SPRDWL_CMD_STATUS_ERROR]
11-05 14:05:22.444 E/sprdwl ( 1064): sprdwl_rx_rsp_process ctx_id 0 recv rsp[WIFI_CMD_TX_DATA] status[SPRDWL_CMD_STATUS_ERROR]
11-05 14:05:22.454 D/NearFieldUtils( 2775): to get wlan0 ip address
11-05 14:05:22.455 D/NearFieldUtils( 2775): get wlan0 IP succeed.
11-05 14:05:22.455 D/NearFieldManagerImpl( 2775): sDeviceType: 46
11-05 14:05:22.455 D/NearFieldManagerImpl( 2775): registerDevice() is called.
11-05 14:05:22.455 E/NearFieldManagerUtilsNative( 2775): Begin System.loadLibrary()
11-05 14:05:22.461 E/sprdwl ( 1064): sprdwl_rx_rsp_process ctx_id 0 recv rsp[WIFI_CMD_TX_DATA] status[SPRDWL_CMD_STATUS_ERROR]
11-05 14:05:22.478 D/NearFieldUtils( 2775): to get wlan0 ip address
11-05 14:05:22.478 D/NearFieldUtils( 2775): get wlan0 IP succeed.
11-05 14:05:22.478 E/NearFieldManagerImpl( 2775): notifyByPriority: interfaceNameInUse is null
11-05 14:05:22.478 D/NearFieldManagerImpl( 2775): handleConnectivityAction: notified by default
11-05 14:05:22.487 D/NearFieldUtils( 2775): to get wlan0 ip address
11-05 14:05:22.487 D/NearFieldUtils( 2775): get wlan0 IP succeed.
11-05 14:05:22.487 I/NearFieldManagerImpl( 2775): wlan Connected
11-05 14:05:22.474 E/sprdwl ( 1064): sprdwl_rx_rsp_process ctx_id 0 recv rsp[WIFI_CMD_TX_DATA] status[SPRDWL_CMD_STATUS_ERROR]
11-05 14:05:22.487 E/sprdwl ( 1064): sprdwl_rx_rsp_process ctx_id 0 recv rsp[WIFI_CMD_TX_DATA] status[SPRDWL_CMD_STATUS_ERROR]
11-05 14:05:22.500 E/sprdwl ( 1064): sprdwl_rx_rsp_process ctx_id 0 recv rsp[WIFI_CMD_TX_DATA] status[SPRDWL_CMD_STATUS_ERROR]
11-05 14:05:22.512 E/sprdwl ( 1064): sprdwl_rx_rsp_process ctx_id 0 recv rsp[WIFI_CMD_TX_DATA] status[SPRDWL_CMD_STATUS_ERROR]
11-05 14:05:22.524 E/sprdwl ( 1064): sprdwl_rx_rsp_process ctx_id 0 recv rsp[WIFI_CMD_TX_DATA] status[SPRDWL_CMD_STATUS_ERROR]
11-05 14:05:22.536 E/sprdwl ( 1064): sprdwl_rx_rsp_process ctx_id 0 recv rsp[WIFI_CMD_TX_DATA] status[SPRDWL_CMD_STATUS_ERROR]
11-05 14:05:22.549 E/sprdwl ( 1064): sprdwl_rx_rsp_process ctx_id 0 recv rsp[WIFI_CMD_TX_DATA] status[SPRDWL_CMD_STATUS_ERROR]
11-05 14:05:22.566 I/HicomNfTimerManager( 2775): epoll fd:127 create success
11-05 14:05:22.566 I/HicomNfTimerManager( 2775): epoll add fd:128--->127 success
11-05 14:05:22.566 I/HicomNfTimerManager( 2775): time fd:128 add to epoll success
11-05 14:05:22.573 I/HicomNf_java_to_c( 2775): notifyNetworkStateChanged with maskStr, networkType: 0, networkState: 0, mask:
11-05 14:05:22.573 I/HicomNfMainCtrlManager( 2775): NotifyNetworkStateChanged is called with networkState: 0
11-05 14:05:22.573 I/HicomNfMainCtrlManager( 2775): P2P and USB are both disconnected
11-05 14:05:22.573 I/HicomNfSecureManager( 2775): stop listening
11-05 14:05:22.573 I/HicomNfSecureManager( 2775): StopListening, m_sessionInfoLock out, before calling NSTACKX_DMsgClose 2
11-05 14:05:22.573 I/HicomNfSecureManager( 2775): StopListening, after calling NSTACKX_DMsgClose 2
11-05 14:05:22.581 D/nStackXDFinder( 2775): NSTACKX_Init:[146] :nstack ctrl creat epollfd 133
11-05 14:05:22.582 I/nStackXDFinder( 2775): InitDefaultInterfaceName:[779] :InitDefaultInterfaceName exec
11-05 14:05:22.582 D/nStackXCoAP( 2775): CoapServerInit:[174] :CoapServerInit is called
11-05 14:05:22.582 E/nStackXDFinder( 2775): GetLocalIp:[401] :GetLocalIp exec
11-05 14:05:22.582 E/nStackXDFinder( 2775): GetLocalIp:[407] :GetLocalIp, ifInfo is null
11-05 14:05:22.582 I/HicomNfMainCtrlManager( 2775): NSTACKX_RegisterDevice is called
11-05 14:05:22.582 D/NearFieldManagerImpl( 2775): Register device success.
11-05 14:05:22.582 I/NearFieldManagerImpl( 2775): serviceName is castPlus
11-05 14:05:22.582 D/NearFieldManagerImpl( 2775): registerCapability() called with: capabilityBitmapNum = 1, capabilityBitmap = [8]
11-05 14:05:22.582 I/nStackXDFinder( 2775): UpdateLocalNetworkInterface:[472] :UpdateLocalNetworkInterface exec,initerfaceName:wlan0
11-05 14:05:22.582 E/nStackXDFinder( 2775): GetLocalIp:[401] :GetLocalIp exec
11-05 14:05:22.582 E/nStackXDFinder( 2775): GetLocalIp:[407] :GetLocalIp, ifInfo is null
11-05 14:05:22.582 I/nStackXDFinder( 2775): UpdateLocalNetworkInterface:[498] :UpdateLocalNetworkInterface copy ip value in default process
11-05 14:05:22.583 E/nStackXDFinder( 2775): GetLocalIp:[401] :GetLocalIp exec
11-05 14:05:22.583 D/nStackXCoAP( 2775): CoapServerInit:[174] :CoapServerInit is called
11-05 14:05:22.583 I/HicomNf_java_to_c( 2775): registerCapability, capabilityBitmapNum: 1
11-05 14:05:22.583 E/nStackXDFinder( 2775): GetLocalIp:[401] :GetLocalIp exec
11-05 14:05:22.583 I/HicomNfMainCtrlManager( 2775): RegisterCapability: 1, 8
11-05 14:05:22.583 D/NearFieldManagerImpl( 2775): Register capability succeed with capabilityBitmapNum = 1, capabilityBitmap = [8]
11-05 14:05:22.583 D/NearFieldManagerImpl( 2775): registerServiceData() called with: serviceData = 32
11-05 14:05:22.583 D/NearFieldManagerImpl( 2775): registerModule() called with: packageModuleName = com.huawei.connection+CastPlusDiscoveryModule
11-05 14:05:22.583 I/HicomNf_java_to_c( 2775): registerModule, moduleName: com.huawei.connection+CastPlusDiscoveryModule
11-05 14:05:22.583 I/HicomNfMainCtrlManager( 2775): Enter RegisterModule
11-05 14:05:22.583 I/HicomNfRegManager( 2775): RegisterModule OK, add module name com.huawei.connection+CastPlusDiscoveryModule
11-05 14:05:22.588 I/HicomNf_java_to_c( 2775): notifyNetworkStateChanged with maskStr, networkType: 0, networkState: 1, mask: 255.255.255.0
11-05 14:05:22.570 E/sprdwl ( 1064): sprdwl_rx_rsp_process ctx_id 0 recv rsp[WIFI_CMD_TX_DATA] status[SPRDWL_CMD_STATUS_ERROR]
11-05 14:05:22.589 I/HicomNfMainCtrlManager( 2775): NotifyNetworkStateChanged is called with networkState: 1
11-05 14:05:22.589 I/HicomNfSecureManager( 2775): StartListening, before calling NSTACKX_DMsgServer
11-05 14:05:22.589 I/nStackXDMsg( 2775): NSTACKX_DMsgServer:[1335] :msgReceiver is not NULL
11-05 14:05:22.589 I/nStackXUtil( 2775): BindToDevice:[352] :BindToDevice exec
11-05 14:05:22.589 I/nStackXUtil( 2775): GetInterfaceByPriority:[279] :GetInterfaceByPriority exec
11-05 14:05:22.589 I/nStackXUtil( 2775): GetInterfaceByDefault:[309] :GetInterfaceByDefault exec
11-05 14:05:22.589 I/nStackXUtil( 2775): GetInterfaceByDefault:[316] :GetInterfaceByDefault, ndevice name: lo
11-05 14:05:22.589 D/nStackXDMsg( 2775): StartDMsgMainThread:[1274] :pthread_create
11-05 14:05:22.589 I/HicomNfSecureManager( 2775): StartListening, after calling NSTACKX_DMsgServer
11-05 14:05:22.589 I/nStackXUtil( 2775): GetInterfaceByDefault:[316] :GetInterfaceByDefault, ndevice name: wlan0
11-05 14:05:22.589 I/HicomNfSecureManager( 2775): OnehopSecureCtrlManager: succeeded to StartListening with type 0
11-05 14:05:22.590 I/nStackXUtil( 2775): BindToDevice:[374] :BindToDevice, Bind localAddr name: wlan0
11-05 14:05:22.590 E/nStackXUtil( 2775): BindToDeviceInner:[188] :setsockopt fail, errno = 1
11-05 14:05:22.590 E/nStackXCoAP( 2775): CoapGetContext:[250] :bind to device fail
11-05 14:05:22.590 D/nStackXCoAP( 2775): CoapInitResources:[744] :CoapInitResources g_wlanOrEthContext update
11-05 14:05:22.590 I/nStackXDFinder( 2775): RegisterServiceData:[728] :RegisterServiceData, serviceData=[32]
11-05 14:05:22.582 E/sprdwl ( 1064): sprdwl_rx_rsp_process ctx_id 0 recv rsp[WIFI_CMD_TX_DATA] status[SPRDWL_CMD_STATUS_ERROR]
11-05 14:05:22.595 E/sprdwl ( 1064): sprdwl_rx_rsp_process ctx_id 0 recv rsp[WIFI_CMD_TX_DATA] status[SPRDWL_CMD_STATUS_ERROR]
11-05 14:05:22.593 I/Hisight-DeviceListManager( 1528): init DeviceListManager.
11-05 14:05:22.607 E/sprdwl ( 1064): sprdwl_rx_rsp_process ctx_id 0 recv rsp[WIFI_CMD_TX_DATA] status[SPRDWL_CMD_STATUS_ERROR]
11-05 14:05:22.617 D/Hisight-DeviceListManager( 1528): get old secret key
11-05 14:05:22.627 E/Hisight-ConnectAuthCallBack( 1528): readSecureFile failed, no such file
11-05 14:05:22.627 W/Hisight-DeviceListManager( 1528): deviceRecords is empty
11-05 14:05:22.627 W/Hisight-DeviceListManager( 1528): occur error, clear all the list
11-05 14:05:22.628 D/Hisight-HiChainAuthControl( 1528): start HiChainAuthControl
11-05 14:05:22.620 E/sprdwl ( 1064): sprdwl_rx_rsp_process ctx_id 0 recv rsp[WIFI_CMD_TX_DATA] status[SPRDWL_CMD_STATUS_ERROR]
11-05 14:05:22.632 E/sprdwl ( 1064): sprdwl_rx_rsp_process ctx_id 0 recv rsp[WIFI_CMD_TX_DATA] status[SPRDWL_CMD_STATUS_ERROR]
11-05 14:05:22.645 E/sprdwl ( 1064): sprdwl_rx_rsp_process ctx_id 0 recv rsp[WIFI_CMD_TX_DATA] status[SPRDWL_CMD_STATUS_ERROR]
11-05 14:05:22.663 E/sprdwl ( 1064): sprdwl_rx_rsp_process ctx_id 0 recv rsp[WIFI_CMD_TX_DATA] status[SPRDWL_CMD_STATUS_ERROR]
11-05 14:05:22.673 I/ConnectAuthJNI( 1528): JNI_OnLoad begin load
11-05 14:05:22.673 I/ConnectAuthJNI( 1528): RegisterNativeMethod begin
11-05 14:05:22.673 I/ConnectAuthJNI( 1528): RegisterNativeMethod end
11-05 14:05:22.673 I/ConnectAuthJNI( 1528): RegisterNativeMethod 1004 methodLen=10
11-05 14:05:22.673 I/ConnectAuthJNI( 1528): RegisterNativeMethod 1007 RegisterNatives=0
11-05 14:05:22.673 I/ConnectAuthJNI( 1528): InitArraylist 1013
11-05 14:05:22.674 I/ConnectAuthJNI( 1528): InitConnectAuthStaticJNIMethod 1114 methodRet=0
11-05 14:05:22.674 E/ConnectAuthJNI( 1528): JNI_OnLoad finish....1138
11-05 14:05:22.674 D/Hisight-HiChainAuthControl( 1528): setupAuthIfNeeded, HiChainInstance hasn't been initialized
11-05 14:05:22.674 I/ConnectAuthJNI( 1528): Java_com_huawei_hisight_security_ConnectAuthNative_nativeSetup 795 call HiChainNativeSetup
11-05 14:05:22.686 I/ConnectAuthJNI( 1528): HiChainNativeSetup 565 registe_log
11-05 14:05:22.686 I/ConnectAuthJNI( 1528): HksStorageRegisterFileCallbacks 245 register hks file callback status =0
11-05 14:05:22.686 I/ConnectAuthJNI( 1528): HksRegisterGetDeviceIdCallback 268 register hks get hardware udid callback status =0
11-05 14:05:22.686 D/ConnectAuthJNI( 1528): [HiChain] get_instance Begin get instance
11-05 14:05:22.686 I/ConnectAuthJNI( 1528): [HKS] hks_service_key_info_init hks init : begin
11-05 14:05:22.687 I/ConnectAuthJNI( 1528): FileRead 113 FileRead
11-05 14:05:22.687 I/ConnectAuthJNI( 1528): FileRead 122 FileRead call readSecureFile begin
11-05 14:05:22.687 E/Hisight-ConnectAuthCallBack( 1528): readSecureFile failed, no such file
11-05 14:05:22.687 W/ConnectAuthJNI( 1528): FileRead 132 FileRead call readSecureFile byteArray is null
11-05 14:05:22.679 E/sprdwl ( 1064): sprdwl_rx_rsp_process ctx_id 0 recv rsp[WIFI_CMD_TX_DATA] status[SPRDWL_CMD_STATUS_ERROR]
11-05 14:05:22.692 E/sprdwl ( 1064): sprdwl_rx_rsp_process ctx_id 0 recv rsp[WIFI_CMD_TX_DATA] status[SPRDWL_CMD_STATUS_ERROR]
11-05 14:05:22.704 E/sprdwl ( 1064): sprdwl_rx_rsp_process ctx_id 0 recv rsp[WIFI_CMD_TX_DATA] status[SPRDWL_CMD_STATUS_ERROR]
11-05 14:05:22.717 E/sprdwl ( 1064): sprdwl_rx_rsp_process ctx_id 0 recv rsp[WIFI_CMD_TX_DATA] status[SPRDWL_CMD_STATUS_ERROR]
11-05 14:05:22.723 I/ConnectAuthJNI( 1528): [HKS] hks_rkc_init RKC init:begin, is_key_info_exist=0
11-05 14:05:22.723 I/ConnectAuthJNI( 1528): [HKS] hks_rkc_init_entropy the entropy is empty
11-05 14:05:22.723 I/ConnectAuthJNI( 1528): FileSize 214 FileSize
11-05 14:05:22.724 I/ConnectAuthJNI( 1528): FileSize 230 fileSize=258
11-05 14:05:22.724 I/ConnectAuthJNI( 1528): FileRead 113 FileRead
11-05 14:05:22.724 I/ConnectAuthJNI( 1528): FileRead 122 FileRead call readSecureFile begin
11-05 14:05:22.725 I/ConnectAuthJNI( 1528): FileRead 135 FileRead call readSecureFile end
11-05 14:05:22.725 I/ConnectAuthJNI( 1528): FileRead 150 fileBuff size 258, buf len 258
11-05 14:05:22.725 I/ConnectAuthJNI( 1528): FileSize 214 FileSize
11-05 14:05:22.725 I/ConnectAuthJNI( 1528): FileSize 230 fileSize=258
11-05 14:05:22.725 I/ConnectAuthJNI( 1528): FileRead 113 FileRead
11-05 14:05:22.725 I/ConnectAuthJNI( 1528): FileRead 122 FileRead call readSecureFile begin
11-05 14:05:22.726 I/ConnectAuthJNI( 1528): FileRead 135 FileRead call readSecureFile end
11-05 14:05:22.726 I/ConnectAuthJNI( 1528): FileRead 150 fileBuff size 258, buf len 258
11-05 14:05:22.726 I/ConnectAuthJNI( 1528): [HKS] hks_rkc_load_ksf load ksf success
11-05 14:05:22.726 I/ConnectAuthJNI( 1528): [HKS] hks_rkc_init root key component init success
11-05 14:05:22.726 I/ConnectAuthJNI( 1528): [HKS] hks_rkc_init RKC init:end,rc=0
11-05 14:05:22.726 I/ConnectAuthJNI( 1528): [HKS] hks_service_key_info_init hks init : end
11-05 14:05:22.726 I/ConnectAuthJNI( 1528): GetHiChainProtocolParamsCallback 371 GetHiChainProtocolParamsCallback operation_code= 99
11-05 14:05:22.726 I/ConnectAuthJNI( 1528): paramLen is ,=0
11-05 14:05:22.726 I/ConnectAuthJNI( 1528): paramLen is ,=0
11-05 14:05:22.726 I/ConnectAuthJNI( 1528): GetHiChainProtocolParamsCallback 402 GetHiChainProtocolParamsCallback end
11-05 14:05:22.726 I/ConnectAuthJNI( 1528): [HiChain] get_instance Get instance success
11-05 14:05:22.726 I/ConnectAuthJNI( 1528): Java_com_huawei_hisight_security_ConnectAuthNative_nativeGetHiChainInstance 598 get instance success
11-05 14:05:22.726 D/Hisight-HiChainAuthControl( 1528): destroyAuth
11-05 14:05:22.726 I/ConnectAuthJNI( 1528): Java_com_huawei_hisight_security_ConnectAuthNative_nativeDestroy 603 destroy
11-05 14:05:22.726 D/Hisight-HiChainAuthControl( 1528): setupAuthIfNeeded, HiChainInstance hasn't been initialized
11-05 14:05:22.726 I/ConnectAuthJNI( 1528): Java_com_huawei_hisight_security_ConnectAuthNative_nativeSetup 795 call HiChainNativeSetup
11-05 14:05:22.726 I/ConnectAuthJNI( 1528): HiChainNativeSetup 565 registe_log
11-05 14:05:22.726 I/ConnectAuthJNI( 1528): HksStorageRegisterFileCallbacks 245 register hks file callback status =0
11-05 14:05:22.726 I/ConnectAuthJNI( 1528): HksRegisterGetDeviceIdCallback 268 register hks get hardware udid callback status =0
11-05 14:05:22.727 D/ConnectAuthJNI( 1528): [HiChain] get_instance Begin get instance
11-05 14:05:22.727 I/ConnectAuthJNI( 1528): [HKS] hks_service_key_info_init hks init : begin
11-05 14:05:22.727 I/ConnectAuthJNI( 1528): [HKS] hks_service_key_info_init hks init : end
11-05 14:05:22.727 I/ConnectAuthJNI( 1528): GetHiChainProtocolParamsCallback 371 GetHiChainProtocolParamsCallback operation_code= 99
11-05 14:05:22.727 I/ConnectAuthJNI( 1528): paramLen is ,=0
11-05 14:05:22.727 I/ConnectAuthJNI( 1528): paramLen is ,=0
11-05 14:05:22.727 I/ConnectAuthJNI( 1528): GetHiChainProtocolParamsCallback 402 GetHiChainProtocolParamsCallback end
11-05 14:05:22.727 I/ConnectAuthJNI( 1528): [HiChain] get_instance Get instance success
11-05 14:05:22.727 I/ConnectAuthJNI( 1528): Java_com_huawei_hisight_security_ConnectAuthNative_nativeGetHiChainInstance 598 get instance success
11-05 14:05:22.727 W/ConnectAuthJNI( 1528): GetListTrustPeers 899 trustPeerSize=0
11-05 14:05:22.727 D/Hisight-HiChainAuthControl( 1528): destroyAuth
11-05 14:05:22.727 I/ConnectAuthJNI( 1528): Java_com_huawei_hisight_security_ConnectAuthNative_nativeDestroy 603 destroy
11-05 14:05:22.727 D/Hisight-HiChainAuthControl( 1528): setupAuthIfNeeded, HiChainInstance hasn't been initialized
11-05 14:05:22.727 I/ConnectAuthJNI( 1528): Java_com_huawei_hisight_security_ConnectAuthNative_nativeSetup 795 call HiChainNativeSetup
11-05 14:05:22.727 I/ConnectAuthJNI( 1528): HiChainNativeSetup 565 registe_log
11-05 14:05:22.727 I/ConnectAuthJNI( 1528): HksStorageRegisterFileCallbacks 245 register hks file callback status =0
11-05 14:05:22.727 I/ConnectAuthJNI( 1528): HksRegisterGetDeviceIdCallback 268 register hks get hardware udid callback status =0
11-05 14:05:22.727 D/ConnectAuthJNI( 1528): [HiChain] get_instance Begin get instance
11-05 14:05:22.727 I/ConnectAuthJNI( 1528): [HKS] hks_service_key_info_init hks init : begin
11-05 14:05:22.727 I/ConnectAuthJNI( 1528): [HKS] hks_service_key_info_init hks init : end
11-05 14:05:22.727 I/ConnectAuthJNI( 1528): GetHiChainProtocolParamsCallback 371 GetHiChainProtocolParamsCallback operation_code= 99
11-05 14:05:22.727 I/ConnectAuthJNI( 1528): paramLen is ,=0
11-05 14:05:22.727 I/ConnectAuthJNI( 1528): paramLen is ,=0
11-05 14:05:22.727 I/ConnectAuthJNI( 1528): GetHiChainProtocolParamsCallback 402 GetHiChainProtocolParamsCallback end
11-05 14:05:22.727 I/ConnectAuthJNI( 1528): [HiChain] get_instance Get instance success
11-05 14:05:22.727 I/ConnectAuthJNI( 1528): Java_com_huawei_hisight_security_ConnectAuthNative_nativeGetHiChainInstance 598 get instance success
11-05 14:05:22.727 W/ConnectAuthJNI( 1528): GetListTrustPeers 899 trustPeerSize=0
11-05 14:05:22.728 D/Hisight-DeviceListManager( 1528): init trusted list size: 0
11-05 14:05:22.728 D/HiSight-ConnectionManager( 1528): setAuthInfo, authMode: 1
11-05 14:05:22.729 E/sprdwl ( 1064): sprdwl_rx_rsp_process ctx_id 0 recv rsp[WIFI_CMD_TX_DATA] status[SPRDWL_CMD_STATUS_ERROR]
11-05 14:05:22.742 E/sprdwl ( 1064): sprdwl_rx_rsp_process ctx_id 0 recv rsp[WIFI_CMD_TX_DATA] status[SPRDWL_CMD_STATUS_ERROR]
11-05 14:05:22.754 E/sprdwl ( 1064): sprdwl_rx_rsp_process ctx_id 0 recv rsp[WIFI_CMD_TX_DATA] status[SPRDWL_CMD_STATUS_ERROR]
11-05 14:05:22.771 E/sprdwl ( 1064): sprdwl_rx_rsp_process ctx_id 0 recv rsp[WIFI_CMD_TX_DATA] status[SPRDWL_CMD_STATUS_ERROR]
11-05 14:05:22.783 E/sprdwl ( 1064): sprdwl_rx_rsp_process ctx_id 0 recv rsp[WIFI_CMD_TX_DATA] status[SPRDWL_CMD_STATUS_ERROR]
11-05 14:05:22.796 E/sprdwl ( 1064): sprdwl_rx_rsp_process ctx_id 0 recv rsp[WIFI_CMD_TX_DATA] status[SPRDWL_CMD_STATUS_ERROR]
11-05 14:05:22.808 E/sprdwl ( 1064): sprdwl_rx_rsp_process ctx_id 0 recv rsp[WIFI_CMD_TX_DATA] status[SPRDWL_CMD_STATUS_ERROR]
11-05 14:05:22.820 E/sprdwl ( 1064): sprdwl_rx_rsp_process ctx_id 0 recv rsp[WIFI_CMD_TX_DATA] status[SPRDWL_CMD_STATUS_ERROR]
11-05 14:05:22.833 E/sprdwl ( 1064): sprdwl_rx_rsp_process ctx_id 0 recv rsp[WIFI_CMD_TX_DATA] status[SPRDWL_CMD_STATUS_ERROR]
11-05 14:05:22.845 E/sprdwl ( 1064): sprdwl_rx_rsp_process ctx_id 0 recv rsp[WIFI_CMD_TX_DATA] status[SPRDWL_CMD_STATUS_ERROR]
11-05 14:05:22.857 E/sprdwl ( 1064): sprdwl_rx_rsp_process ctx_id 0 recv rsp[WIFI_CMD_TX_DATA] status[SPRDWL_CMD_STATUS_ERROR]
11-05 14:05:22.878 E/sprdwl ( 1064): sprdwl_rx_rsp_process ctx_id 0 recv rsp[WIFI_CMD_TX_DATA] status[SPRDWL_CMD_STATUS_ERROR]
11-05 14:05:22.890 E/sprdwl ( 1064): sprdwl_rx_rsp_process ctx_id 0 recv rsp[WIFI_CMD_TX_DATA] status[SPRDWL_CMD_STATUS_ERROR]
11-05 14:05:22.903 E/sprdwl ( 1064): sprdwl_rx_rsp_process ctx_id 0 recv rsp[WIFI_CMD_TX_DATA] status[SPRDWL_CMD_STATUS_ERROR]
11-05 14:05:22.915 E/sprdwl ( 1064): sprdwl_rx_rsp_process ctx_id 0 recv rsp[WIFI_CMD_TX_DATA] status[SPRDWL_CMD_STATUS_ERROR]
11-05 14:05:22.927 E/sprdwl ( 1064): sprdwl_rx_rsp_process ctx_id 0 recv rsp[WIFI_CMD_TX_DATA] status[SPRDWL_CMD_STATUS_ERROR]
11-05 14:05:22.940 E/sprdwl ( 1064): sprdwl_rx_rsp_process ctx_id 0 recv rsp[WIFI_CMD_TX_DATA] status[SPRDWL_CMD_STATUS_ERROR]
11-05 14:05:22.952 E/sprdwl ( 1064): sprdwl_rx_rsp_process ctx_id 0 recv rsp[WIFI_CMD_TX_DATA] status[SPRDWL_CMD_STATUS_ERROR]
11-05 14:05:22.963 E/raop ( 1528): JavaCallback init
11-05 14:05:22.970 E/sprdwl ( 1064): sprdwl_rx_rsp_process ctx_id 0 recv rsp[WIFI_CMD_TX_DATA] status[SPRDWL_CMD_STATUS_ERROR]
11-05 14:05:22.984 E/sprdwl ( 1064): sprdwl_rx_rsp_process ctx_id 0 recv rsp[WIFI_CMD_TX_DATA] status[SPRDWL_CMD_STATUS_ERROR]
11-05 14:05:22.996 E/sprdwl ( 1064): sprdwl_rx_rsp_process ctx_id 0 recv rsp[WIFI_CMD_TX_DATA] status[SPRDWL_CMD_STATUS_ERROR]
11-05 14:05:23.009 E/sprdwl ( 1064): sprdwl_rx_rsp_process ctx_id 0 recv rsp[WIFI_CMD_TX_DATA] status[SPRDWL_CMD_STATUS_ERROR]
11-05 14:05:23.016 W/IorapForwardingService( 476): No service published for: iorapd
11-05 14:05:23.021 E/sprdwl ( 1064): sprdwl_rx_rsp_process ctx_id 0 recv rsp[WIFI_CMD_TX_DATA] status[SPRDWL_CMD_STATUS_ERROR]
11-05 14:05:23.033 E/sprdwl ( 1064): sprdwl_rx_rsp_process ctx_id 0 recv rsp[WIFI_CMD_TX_DATA] status[SPRDWL_CMD_STATUS_ERROR]
11-05 14:05:23.046 E/sprdwl ( 1064): sprdwl_rx_rsp_process ctx_id 0 recv rsp[WIFI_CMD_TX_DATA] status[SPRDWL_CMD_STATUS_ERROR]
11-05 14:05:23.059 E/sprdwl ( 1064): sprdwl_rx_rsp_process ctx_id 0 recv rsp[WIFI_CMD_TX_DATA] status[SPRDWL_CMD_STATUS_ERROR]
11-05 14:05:23.076 E/sprdwl ( 1064): sprdwl_rx_rsp_process ctx_id 0 recv rsp[WIFI_CMD_TX_DATA] status[SPRDWL_CMD_STATUS_ERROR]
11-05 14:05:23.090 E/sprdwl ( 1064): sprdwl_rx_rsp_process ctx_id 0 recv rsp[WIFI_CMD_TX_DATA] status[SPRDWL_CMD_STATUS_ERROR]
11-05 14:05:23.092 I/init ( 1): processing action (debug.launcher3.exit=1) from (/vendor/etc/init/init.scheduler.rc:1)
11-05 14:05:23.102 E/sprdwl ( 1064): sprdwl_rx_rsp_process ctx_id 0 recv rsp[WIFI_CMD_TX_DATA] status[SPRDWL_CMD_STATUS_ERROR]
11-05 14:05:23.115 E/sprdwl ( 1064): sprdwl_rx_rsp_process ctx_id 0 recv rsp[WIFI_CMD_TX_DATA] status[SPRDWL_CMD_STATUS_ERROR]
11-05 14:05:23.127 E/sprdwl ( 1064): sprdwl_rx_rsp_process ctx_id 0 recv rsp[WIFI_CMD_TX_DATA] status[SPRDWL_CMD_STATUS_ERROR]
11-05 14:05:23.140 E/sprdwl ( 1064): sprdwl_rx_rsp_process ctx_id 0 recv rsp[WIFI_CMD_TX_DATA] status[SPRDWL_CMD_STATUS_ERROR]
11-05 14:05:23.146 D/SntpClient( 476): request time failed: java.net.SocketTimeoutException: Poll timed out
11-05 14:05:23.152 E/sprdwl ( 1064): sprdwl_rx_rsp_process ctx_id 0 recv rsp[WIFI_CMD_TX_DATA] status[SPRDWL_CMD_STATUS_ERROR]
11-05 14:05:23.166 E/sprdwl ( 1064): sprdwl_rx_rsp_process ctx_id 0 recv rsp[WIFI_CMD_TX_DATA] status[SPRDWL_CMD_STATUS_ERROR]
11-05 14:05:23.186 E/sprdwl ( 1064): sprdwl_rx_rsp_process ctx_id 0 recv rsp[WIFI_CMD_TX_DATA] status[SPRDWL_CMD_STATUS_ERROR]
11-05 14:05:23.198 E/sprdwl ( 1064): sprdwl_rx_rsp_process ctx_id 0 recv rsp[WIFI_CMD_TX_DATA] status[SPRDWL_CMD_STATUS_ERROR]
11-05 14:05:23.210 E/sprdwl ( 1064): sprdwl_rx_rsp_process ctx_id 0 recv rsp[WIFI_CMD_TX_DATA] status[SPRDWL_CMD_STATUS_ERROR]
11-05 14:05:23.223 E/sprdwl ( 1064): sprdwl_rx_rsp_process ctx_id 0 recv rsp[WIFI_CMD_TX_DATA] status[SPRDWL_CMD_STATUS_ERROR]
11-05 14:05:23.235 E/sprdwl ( 1064): sprdwl_rx_rsp_process ctx_id 0 recv rsp[WIFI_CMD_TX_DATA] status[SPRDWL_CMD_STATUS_ERROR]
11-05 14:05:23.249 E/sprdwl ( 1064): sprdwl_rx_rsp_process ctx_id 0 recv rsp[WIFI_CMD_TX_DATA] status[SPRDWL_CMD_STATUS_ERROR]
11-05 14:05:23.263 E/sprdwl ( 1064): sprdwl_rx_rsp_process ctx_id 0 recv rsp[WIFI_CMD_TX_DATA] status[SPRDWL_CMD_STATUS_ERROR]
11-05 14:05:23.356 E/sprdwl ( 1064): sprdwl_rx_rsp_process ctx_id 0 recv rsp[WIFI_CMD_TX_DATA] status[SPRDWL_CMD_STATUS_ERROR]
11-05 14:05:23.389 E/sprdwl ( 1064): sprdwl_rx_rsp_process ctx_id 0 recv rsp[WIFI_CMD_TX_DATA] status[SPRDWL_CMD_STATUS_ERROR]
11-05 14:05:23.402 E/sprdwl ( 1064): sprdwl_rx_rsp_process ctx_id 0 recv rsp[WIFI_CMD_TX_DATA] status[SPRDWL_CMD_STATUS_ERROR]
11-05 14:05:23.414 E/sprdwl ( 1064): sprdwl_rx_rsp_process ctx_id 0 recv rsp[WIFI_CMD_TX_DATA] status[SPRDWL_CMD_STATUS_ERROR]
11-05 14:05:23.426 E/sprdwl ( 1064): sprdwl_rx_rsp_process ctx_id 0 recv rsp[WIFI_CMD_TX_DATA] status[SPRDWL_CMD_STATUS_ERROR]
11-05 14:05:23.439 E/sprdwl ( 1064): sprdwl_rx_rsp_process ctx_id 0 recv rsp[WIFI_CMD_TX_DATA] status[SPRDWL_CMD_STATUS_ERROR]
