01-01 08:00:13.388 732 732 D CompatConfig: Adding: com.android.server.compat.config.Change@355969e
01-01 08:00:13.388 732 732 D CompatConfig: Adding: com.android.server.compat.config.Change@b89757f
01-01 08:00:13.388 732 732 D CompatConfig: Adding: com.android.server.compat.config.Change@a8de94c
01-01 08:00:13.388 732 732 D CompatConfig: Adding: com.android.server.compat.config.Change@849ad95
01-01 08:00:13.388 732 732 D CompatConfig: Adding: com.android.server.compat.config.Change@807eaa
01-01 08:00:13.388 732 732 D CompatConfig: Adding: com.android.server.compat.config.Change@ec9ea9b
01-01 08:00:13.388 732 732 D CompatConfig: Adding: com.android.server.compat.config.Change@564e38
01-01 08:00:13.388 732 732 D CompatConfig: Adding: com.android.server.compat.config.Change@7e48e11
01-01 08:00:13.388 732 732 D CompatConfig: Adding: com.android.server.compat.config.Change@1bfdb76
01-01 08:00:13.388 732 732 D CompatConfig: Adding: com.android.server.compat.config.Change@6d29577
01-01 08:00:13.388 732 732 D CompatConfig: Adding: com.android.server.compat.config.Change@23e15e4
01-01 08:00:13.389 732 732 D CompatConfig: Adding: com.android.server.compat.config.Change@172fa4d
01-01 08:00:13.389 732 760 I SystemConfig: Reading permissions from /system/etc/permissions/com.android.mediadrm.signer.xml
01-01 08:00:13.389 732 732 D CompatConfig: No directory /system/system_ext/etc/compatconfig, skipping
01-01 08:00:13.390 732 732 D ApexManagerTiming: getActiveApexInfos_noCache
01-01 08:00:13.403 0 0 I [0 T242 ..] servicemanager: Notifying apexservice they do (previously: don't) have clients when service is guaranteed to be in use
01-01 08:00:13.404 0 0 I [3 T441 ..] AidlLazyServiceRegistrar: Process has 1 (of 1 available) client(s) in use after notification apexservice has clients: 1
01-01 08:00:13.405 0 0 I [0 T440 ..] apexd: getActivePackages received by ApexService
01-01 08:00:13.405 0 0 I [3 T441 ..] AidlLazyServiceRegistrar: Shutdown prevented by forcePersist override flag.
01-01 08:00:13.396 732 760 I SystemConfig: Reading permissions from /system/etc/permissions/com.android.networkstack.xml
01-01 08:00:13.397 732 760 I SystemConfig: Reading permissions from /system/etc/permissions/javax.obex.xml
01-01 08:00:13.398 732 760 I SystemConfig: Reading permissions from /system/etc/permissions/org.apache.http.legacy.xml
01-01 08:00:13.400 732 760 I SystemConfig: Reading permissions from /system/etc/permissions/privapp-permissions-oranth.xml
01-01 08:00:13.403 732 760 I SystemConfig: Reading permissions from /system/etc/permissions/privapp-permissions-platform.xml
01-01 08:00:13.410 732 732 V ApexManagerTiming: getActiveApexInfos_noCache took to complete: 20ms
01-01 08:00:13.410 732 732 D CompatConfig: No directory /apex/com.android.runtime/etc/compatconfig, skipping
01-01 08:00:13.410 732 732 D CompatConfig: No directory /apex/com.android.adservices/etc/compatconfig, skipping
01-01 08:00:13.410 732 732 D CompatConfig: No directory /apex/com.android.apex.cts.shim/etc/compatconfig, skipping
01-01 08:00:13.411 732 732 D CompatConfig: Found a config file: /apex/com.android.tethering/etc/compatconfig/connectivity-platform-compat-config.xml
01-01 08:00:13.411 732 760 I SystemConfig: Reading permissions from /system/etc/permissions/privapp_allowlist_com.android.adservices.api.xml
01-01 08:00:13.412 732 732 D CompatConfig: Adding: com.android.server.compat.config.Change@9ff506b
01-01 08:00:13.412 732 732 D CompatConfig: Adding: com.android.server.compat.config.Change@9f807c8
01-01 08:00:13.412 732 732 D CompatConfig: Adding: com.android.server.compat.config.Change@daa7061
01-01 08:00:13.412 732 732 D CompatConfig: Adding: com.android.server.compat.config.Change@bd59786
01-01 08:00:13.413 732 760 I SystemConfig: Reading permissions from /system/etc/permissions/privapp_allowlist_com.android.providers.media.module.xml
01-01 08:00:13.413 732 732 D CompatConfig: No directory /apex/com.android.configinfrastructure/etc/compatconfig, skipping
01-01 08:00:13.413 732 732 D CompatConfig: No directory /apex/com.android.media.swcodec/etc/compatconfig, skipping
01-01 08:00:13.414 732 732 D CompatConfig: No directory /apex/com.android.sdkext/etc/compatconfig, skipping
01-01 08:00:13.414 732 732 D CompatConfig: No directory /apex/com.android.i18n/etc/compatconfig, skipping
01-01 08:00:13.414 732 732 D CompatConfig: No directory /apex/com.android.permission/etc/compatconfig, skipping
01-01 08:00:13.414 732 732 D CompatConfig: No directory /apex/com.android.rkpd/etc/compatconfig, skipping
01-01 08:00:13.414 732 732 D CompatConfig: No directory /apex/com.android.devicelock/etc/compatconfig, skipping
01-01 08:00:13.414 732 760 I SystemConfig: Reading permissions from /system/etc/permissions/tv_core_hardware.xml
01-01 08:00:13.415 732 732 D CompatConfig: Found a config file: /apex/com.android.art/etc/compatconfig/libcore-platform-compat-config.xml
01-01 08:00:13.415 732 760 I SystemConfig: Reading permissions from /system/etc/permissions/platform.xml
01-01 08:00:13.416 732 732 D CompatConfig: Adding: com.android.server.compat.config.Change@f7361e3
01-01 08:00:13.416 732 732 D CompatConfig: Adding: com.android.server.compat.config.Change@48607e0
01-01 08:00:13.416 732 732 D CompatConfig: Adding: com.android.server.compat.config.Change@ab7ca99
01-01 08:00:13.417 732 732 D CompatConfig: Adding: com.android.server.compat.config.Change@b52115e
01-01 08:00:13.417 732 732 D CompatConfig: Adding: com.android.server.compat.config.Change@ff0393f
01-01 08:00:13.417 732 732 D CompatConfig: Adding: com.android.server.compat.config.Change@73c20c
01-01 08:00:13.417 732 732 D CompatConfig: Adding: com.android.server.compat.config.Change@7b17755
01-01 08:00:13.417 732 732 D CompatConfig: Adding: com.android.server.compat.config.Change@9a9e56a
01-01 08:00:13.417 732 732 D CompatConfig: Adding: com.android.server.compat.config.Change@b392a5b
01-01 08:00:13.417 732 732 D CompatConfig: Adding: com.android.server.compat.config.Change@fa0f2f8
01-01 08:00:13.417 732 732 D CompatConfig: Adding: com.android.server.compat.config.Change@55f33d1
01-01 08:00:13.418 732 732 D CompatConfig: No directory /apex/com.android.conscrypt/etc/compatconfig, skipping
01-01 08:00:13.418 732 732 D CompatConfig: No directory /apex/com.android.vndk.v34/etc/compatconfig, skipping
01-01 08:00:13.418 732 732 D CompatConfig: No directory /apex/com.android.healthfitness/etc/compatconfig, skipping
01-01 08:00:13.418 732 732 D CompatConfig: No directory /apex/com.android.tzdata/etc/compatconfig, skipping
01-01 08:00:13.419 732 732 D CompatConfig: No directory /apex/com.android.appsearch/etc/compatconfig, skipping
01-01 08:00:13.419 732 732 D CompatConfig: No directory /apex/com.android.uwb/etc/compatconfig, skipping
01-01 08:00:13.419 732 732 D CompatConfig: No directory /apex/com.google.android.widevine/etc/compatconfig, skipping
01-01 08:00:13.419 732 732 D CompatConfig: No directory /apex/com.android.scheduling/etc/compatconfig, skipping
01-01 08:00:13.419 732 732 D CompatConfig: No directory /apex/com.android.neuralnetworks/etc/compatconfig, skipping
01-01 08:00:13.419 732 760 I SystemConfig: Reading permissions from /vendor/etc/permissions/android.hardware.audio.output.xml
01-01 08:00:13.420 732 732 D CompatConfig: Found a config file: /apex/com.android.wifi/etc/compatconfig/wifi-compat-config.xml
01-01 08:00:13.420 732 760 I SystemConfig: Reading permissions from /vendor/etc/permissions/android.hardware.bluetooth.xml
01-01 08:00:13.421 732 760 I SystemConfig: Reading permissions from /vendor/etc/permissions/android.hardware.bluetooth_le.xml
01-01 08:00:13.421 732 732 D CompatConfig: Adding: com.android.server.compat.config.Change@d5db7c2
01-01 08:00:13.421 732 732 D CompatConfig: Adding: com.android.server.compat.config.Change@f089d3
01-01 08:00:13.421 732 732 D CompatConfig: Adding: com.android.server.compat.config.Change@c9b2910
01-01 08:00:13.422 732 732 D CompatConfig: No directory /apex/com.android.resolv/etc/compatconfig, skipping
01-01 08:00:13.423 732 732 D CompatConfig: Found a config file: /apex/com.android.mediaprovider/etc/compatconfig/media-provider-platform-compat-config.xml
01-01 08:00:13.424 732 760 I SystemConfig: Reading permissions from /vendor/etc/permissions/android.hardware.camera.external.xml
01-01 08:00:13.424 732 760 I SystemConfig: Reading permissions from /vendor/etc/permissions/android.hardware.ethernet.xml
01-01 08:00:13.425 732 732 D CompatConfig: Adding: com.android.server.compat.config.Change@c71c63c
01-01 08:00:13.425 732 732 D CompatConfig: Adding: com.android.server.compat.config.Change@53fdfc5
01-01 08:00:13.425 732 732 D CompatConfig: Adding: com.android.server.compat.config.Change@9be7d1a
01-01 08:00:13.425 732 732 D CompatConfig: Adding: com.android.server.compat.config.Change@c55604b
01-01 08:00:13.425 732 732 D CompatConfig: Adding: com.android.server.compat.config.Change@8b30a28
01-01 08:00:13.425 732 732 D CompatConfig: Adding: com.android.server.compat.config.Change@443b341
01-01 08:00:13.425 732 732 D CompatConfig: Adding: com.android.server.compat.config.Change@6b750e6
01-01 08:00:13.425 732 760 I SystemConfig: Reading permissions from /vendor/etc/permissions/android.hardware.gamepad.xml
01-01 08:00:13.426 732 760 I SystemConfig: Reading permissions from /vendor/etc/permissions/android.hardware.hardware_keystore.xml
01-01 08:00:13.427 732 760 I SystemConfig: Reading permissions from /vendor/etc/permissions/android.hardware.hdmi.cec.xml
01-01 08:00:13.427 732 732 D CompatConfig: No directory /apex/com.android.adbd/etc/compatconfig, skipping
01-01 08:00:13.428 732 732 D CompatConfig: No directory /apex/com.android.media/etc/compatconfig, skipping
01-01 08:00:13.428 732 732 D CompatConfig: No directory /apex/com.android.virt/etc/compatconfig, skipping
01-01 08:00:13.428 732 732 D CompatConfig: No directory /apex/com.android.extservices/etc/compatconfig, skipping
01-01 08:00:13.428 732 732 D CompatConfig: No directory /apex/com.android.ipsec/etc/compatconfig, skipping
01-01 08:00:13.428 732 732 D CompatConfig: No directory /apex/com.amlogic.mediaextractor/etc/compatconfig, skipping
01-01 08:00:13.428 732 760 I SystemConfig: Reading permissions from /vendor/etc/permissions/android.hardware.keystore.app_attest_key.xml
01-01 08:00:13.428 732 732 D CompatConfig: No directory /apex/com.android.os.statsd/etc/compatconfig, skipping
01-01 08:00:13.428 732 732 D CompatConfig: No directory /apex/com.android.ondevicepersonalization/etc/compatconfig, skipping
01-01 08:00:13.429 732 732 D CompatConfig: Found a config file: /apex/com.android.btservices/etc/compatconfig/bluetoothapk-platform-compat-config.xml
01-01 08:00:13.430 732 760 I SystemConfig: Reading permissions from /vendor/etc/permissions/android.hardware.location.xml
01-01 08:00:13.430 732 732 D CompatConfig: Adding: com.android.server.compat.config.Change@11a8979
01-01 08:00:13.430 732 732 D CompatConfig: Found a config file: /apex/com.android.btservices/etc/compatconfig/bluetooth-compat-config.xml
01-01 08:00:13.431 732 760 I SystemConfig: Reading permissions from /vendor/etc/permissions/android.hardware.opengles.aep.xml
01-01 08:00:13.431 732 732 D CompatConfig: Adding: com.android.server.compat.config.Change@bd1366c
01-01 08:00:13.431 732 732 D CompatConfig: Found a config file: /apex/com.android.btservices/etc/compatconfig/framework-bluetooth-compat-config.xml
01-01 08:00:13.432 732 760 I SystemConfig: Reading permissions from /vendor/etc/permissions/android.hardware.usb.host.xml
01-01 08:00:13.432 732 732 D CompatConfig: Adding: com.android.server.compat.config.Change@8a2f23b
01-01 08:00:13.433 732 760 I SystemConfig: Reading permissions from /vendor/etc/permissions/android.hardware.vulkan.compute.xml
01-01 08:00:13.435 732 760 I SystemConfig: Reading permissions from /vendor/etc/permissions/android.hardware.vulkan.level.xml
01-01 08:00:13.435 732 732 V SystemServerTiming: PlatformCompat took to complete: 72ms
01-01 08:00:13.435 732 732 D SystemServerTiming: StartFileIntegrityService
01-01 08:00:13.435 732 732 I SystemServiceManager: Starting com.android.server.security.FileIntegrityService
01-01 08:00:13.436 732 760 I SystemConfig: Reading permissions from /vendor/etc/permissions/android.hardware.vulkan.version.xml
01-01 08:00:13.436 732 760 I SystemConfig: Reading permissions from /vendor/etc/permissions/android.hardware.wifi.direct.xml
01-01 08:00:13.437 732 760 I SystemConfig: Reading permissions from /vendor/etc/permissions/android.hardware.wifi.passpoint.xml
01-01 08:00:13.438 732 760 I SystemConfig: Reading permissions from /vendor/etc/permissions/android.hardware.wifi.xml
01-01 08:00:13.438 732 732 V SystemServerTiming: StartFileIntegrityService took to complete: 3ms
01-01 08:00:13.438 732 732 D SystemServerTiming: StartInstaller
01-01 08:00:13.438 732 732 I SystemServiceManager: Starting com.android.server.pm.Installer
01-01 08:00:13.439 732 760 I SystemConfig: Reading permissions from /vendor/etc/permissions/android.software.app_widgets.xml
01-01 08:00:13.439 732 760 I SystemConfig: Reading permissions from /vendor/etc/permissions/android.software.backup.xml
01-01 08:00:13.440 732 760 I SystemConfig: Reading permissions from /vendor/etc/permissions/android.software.cant_save_state.xml
01-01 08:00:13.442 732 760 I SystemConfig: Reading permissions from /vendor/etc/permissions/android.software.farfield.xml
01-01 08:00:13.444 732 760 I SystemConfig: Reading permissions from /vendor/etc/permissions/android.software.ipsec_tunnels.xml
01-01 08:00:13.445 732 760 I SystemConfig: Reading permissions from /vendor/etc/permissions/android.software.opengles.deqp.level-2023-03-01.xml
01-01 08:00:13.445 732 760 I SystemConfig: Reading permissions from /vendor/etc/permissions/android.software.verified_boot.xml
01-01 08:00:13.446 732 732 V SystemServerTiming: StartInstaller took to complete: 8ms
01-01 08:00:13.446 732 732 D SystemServerTiming: DeviceIdentifiersPolicyService
01-01 08:00:13.446 732 732 I SystemServiceManager: Starting com.android.server.os.DeviceIdentifiersPolicyService
01-01 08:00:13.446 732 760 I SystemConfig: Reading permissions from /vendor/etc/permissions/android.software.vulkan.deqp.level-2023-03-01.xml
01-01 08:00:13.447 732 732 V SystemServerTiming: DeviceIdentifiersPolicyService took to complete: 1ms
01-01 08:00:13.447 732 732 D SystemServerTiming: StartFeatureFlagsService
01-01 08:00:13.447 732 732 I SystemServiceManager: Starting com.android.server.flags.FeatureFlagsService
01-01 08:00:13.447 732 760 I SystemConfig: Reading permissions from /vendor/etc/permissions/aosp_excluded_hardware.xml
01-01 08:00:13.447 732 732 D FeatureFlagsService: Started Feature Flag Service
01-01 08:00:13.448 732 760 D SystemConfig: Removed unavailable feature android.hardware.location.network
01-01 08:00:13.448 732 760 I SystemConfig: Reading permissions from /vendor/etc/permissions/com.droidlogic.appinstaller.xml
01-01 08:00:13.449 732 760 I SystemConfig: Reading permissions from /vendor/etc/permissions/com.google.android.feature.SILENT_OTA.xml
01-01 08:00:13.450 732 732 V SystemServerTiming: StartFeatureFlagsService took to complete: 3ms
01-01 08:00:13.450 732 732 D SystemServerTiming: UriGrantsManagerService
01-01 08:00:13.450 732 732 I SystemServiceManager: Starting com.android.server.uri.UriGrantsManagerService$Lifecycle
01-01 08:00:13.450 732 760 I SystemConfig: Reading permissions from /vendor/etc/permissions/droidlogic.jasplayer.xml
01-01 08:00:13.451 732 732 V SystemServerTiming: UriGrantsManagerService took to complete: 1ms
01-01 08:00:13.451 732 732 D SystemServerTiming: StartPowerStatsService
01-01 08:00:13.451 732 760 I SystemConfig: Reading permissions from /vendor/etc/permissions/droidlogic.jniasplayer.xml
01-01 08:00:13.451 732 732 I SystemServiceManager: Starting com.android.server.powerstats.PowerStatsService
01-01 08:00:13.452 732 760 I SystemConfig: Reading permissions from /vendor/etc/permissions/droidlogic.software.core.xml
01-01 08:00:13.453 732 760 W SystemConfig: name is required for in START_TAG (empty) @27:35 in java.io.FileReader@6f694a0
01-01 08:00:13.453 732 760 I SystemConfig: Reading permissions from /vendor/etc/permissions/droidlogic.tv.software.core.xml
01-01 08:00:13.454 732 760 I SystemConfig: Ignore shared library droidlogic.tv.software.core: /vendor/framework/droidlogic.tv.software.core.jar does not exist
01-01 08:00:13.454 732 760 I SystemConfig: Reading permissions from /vendor/etc/permissions/prime.xml
01-01 08:00:13.464 0 0 I [3 T242 ..] servicemanager: Could not find android.hardware.power.stats.IPowerStats/default in the VINTF manifest.
01-01 08:00:13.456 732 760 I SystemConfig: Reading permissions from /product/etc/sysconfig/atv-component-overrides.xml
01-01 08:00:13.457 732 732 V SystemServerTiming: StartPowerStatsService took to complete: 6ms
01-01 08:00:13.457 732 732 D SystemServerTiming: StartIStatsService
01-01 08:00:13.457 732 760 I SystemConfig: Reading permissions from /product/etc/permissions/android.hardware.gamepad.xml
01-01 08:00:13.458 732 760 I SystemConfig: Reading permissions from /product/etc/permissions/com.android.settings.intelligence.xml
01-01 08:00:13.459 732 760 I SystemConfig: Reading permissions from /product/etc/permissions/com.google.android.apps.mediashell.vp9_mirror.xml
01-01 08:00:13.471 0 0 I [3 T242 ..] servicemanager: Found android.frameworks.stats.IStats/default in framework VINTF manifest.
01-01 08:00:13.460 732 732 V SystemServerTiming: StartIStatsService took to complete: 2ms
01-01 08:00:13.460 732 732 D SystemServerTiming: MemtrackProxyService
01-01 08:00:13.460 732 760 W SystemConfig: No directory /system_ext/etc/sysconfig, skipping
01-01 08:00:13.460 732 760 I SystemConfig: Reading permissions from /system_ext/etc/permissions/com.android.systemui.xml
01-01 08:00:13.462 732 732 V SystemServerTiming: MemtrackProxyService took to complete: 2ms
01-01 08:00:13.462 732 732 D SystemServerTiming: StartAccessCheckingService
01-01 08:00:13.462 732 732 I SystemServiceManager: Starting com.android.server.permission.access.AccessCheckingService
01-01 08:00:13.462 732 760 I SystemConfig: Reading permissions from /system_ext/etc/permissions/com.android.tv.settings.xml
01-01 08:00:13.463 732 732 V SystemServerTiming: StartAccessCheckingService took to complete: 1ms
01-01 08:00:13.463 732 732 D SystemServerTiming: StartActivityManager
01-01 08:00:13.463 732 732 I SystemServiceManager: Starting com.android.server.wm.ActivityTaskManagerService$Lifecycle
01-01 08:00:13.463 732 760 I SystemConfig: Reading permissions from /system_ext/etc/permissions/com.droidlogic.tv.settings.xml
01-01 08:00:13.464 732 760 I SystemConfig: Reading permissions from /system_ext/etc/permissions/droidlogic_permissions.xml
01-01 08:00:13.466 732 732 I SystemServiceManager: Starting com.android.server.am.ActivityManagerService$Lifecycle
01-01 08:00:13.468 732 760 I SystemConfig: Reading permissions from /apex/com.android.permission/etc/permissions/privapp_allowlist_com.android.permissioncontroller.xml
01-01 08:00:13.469 732 732 I ActivityManager: Memory class: 256
01-01 08:00:13.471 732 760 I SystemConfig: Reading permissions from /apex/com.android.tethering/etc/permissions/permissions.xml
01-01 08:00:13.472 732 764 I Binder : Setting heavy hitter watcher config: false, 0, 0.0
01-01 08:00:13.474 732 760 I SystemConfig: Reading permissions from /apex/com.android.extservices/etc/permissions/privapp_allowlist_android.ext.services.xml
01-01 08:00:13.477 732 760 I SystemConfig: Reading permissions from /apex/com.android.mediaprovider/etc/permissions/privapp_allowlist_com.android.providers.media.module.xml
01-01 08:00:13.480 732 760 I SystemConfig: Reading permissions from /apex/com.android.ipsec/etc/permissions/android.net.ipsec.ike.xml
01-01 08:00:13.485 732 760 I SystemConfig: Reading permissions from /apex/com.android.adservices/etc/permissions/privapp_allowlist_com.android.adservices.api.xml
01-01 08:00:13.489 732 760 I SystemConfig: Reading permissions from /apex/com.android.btservices/etc/permissions/privapp_allowlist_com.android.bluetooth.xml
01-01 08:00:13.490 732 760 I SystemConfig: Reading permissions from /apex/com.android.healthfitness/etc/permissions/privapp_allowlist_com.android.healthconnect.controller.xml
01-01 08:00:13.492 732 760 I SystemConfig: Reading permissions from /apex/com.android.devicelock/etc/permissions/privapp_allowlist_com.android.devicelockcontroller.xml
01-01 08:00:13.496 732 760 W SystemConfig: Failed to read public libraries file /vendor/etc/public.libraries.txt
01-01 08:00:13.496 732 760 W SystemConfig: java.io.FileNotFoundException: /vendor/etc/public.libraries.txt: open failed: ENOENT (No such file or directory)
01-01 08:00:13.496 732 760 W SystemConfig: at libcore.io.IoBridge.open(IoBridge.java:574)
01-01 08:00:13.496 732 760 W SystemConfig: at java.io.FileInputStream.(FileInputStream.java:160)
01-01 08:00:13.496 732 760 W SystemConfig: at java.io.FileReader.(FileReader.java:75)
01-01 08:00:13.496 732 760 W SystemConfig: at com.android.server.SystemConfig.readPublicLibrariesListFile(SystemConfig.java:1818)
01-01 08:00:13.496 732 760 W SystemConfig: at com.android.server.SystemConfig.readPublicNativeLibrariesList(SystemConfig.java:1800)
01-01 08:00:13.496 732 760 W SystemConfig: at com.android.server.SystemConfig.(SystemConfig.java:565)
01-01 08:00:13.496 732 760 W SystemConfig: at com.android.server.SystemConfig.getInstance(SystemConfig.java:366)
01-01 08:00:13.496 732 760 W SystemConfig: at com.android.server.SystemServer$$ExternalSyntheticLambda2.run(R8$$SyntheticClass:0)
01-01 08:00:13.496 732 760 W SystemConfig: at com.android.server.SystemServerInitThreadPool.lambda$submitTask$0(SystemServerInitThreadPool.java:107)
01-01 08:00:13.496 732 760 W SystemConfig: at com.android.server.SystemServerInitThreadPool.$r8$lambda$iar571g8isa6ZrPZMHj1USmyX48(SystemServerInitThreadPool.java:0)
01-01 08:00:13.496 732 760 W SystemConfig: at com.android.server.SystemServerInitThreadPool$$ExternalSyntheticLambda1.run(R8$$SyntheticClass:0)
01-01 08:00:13.496 732 760 W SystemConfig: at java.util.concurrent.Executors$RunnableAdapter.call(Executors.java:487)
01-01 08:00:13.496 732 760 W SystemConfig: at java.util.concurrent.FutureTask.run(FutureTask.java:264)
01-01 08:00:13.496 732 760 W SystemConfig: at java.util.concurrent.ThreadPoolExecutor.runWorker(ThreadPoolExecutor.java:1145)
01-01 08:00:13.496 732 760 W SystemConfig: at java.util.concurrent.ThreadPoolExecutor$Worker.run(ThreadPoolExecutor.java:644)
01-01 08:00:13.496 732 760 W SystemConfig: at com.android.internal.util.ConcurrentUtils$1$1.run(ConcurrentUtils.java:65)
01-01 08:00:13.496 732 760 W SystemConfig: Caused by: android.system.ErrnoException: open failed: ENOENT (No such file or directory)
01-01 08:00:13.496 732 760 W SystemConfig: at libcore.io.Linux.open(Native Method)
01-01 08:00:13.496 732 760 W SystemConfig: at libcore.io.ForwardingOs.open(ForwardingOs.java:563)
01-01 08:00:13.496 732 760 W SystemConfig: at libcore.io.BlockGuardOs.open(BlockGuardOs.java:274)
01-01 08:00:13.496 732 760 W SystemConfig: at libcore.io.IoBridge.open(IoBridge.java:560)
01-01 08:00:13.496 732 760 W SystemConfig: ... 15 more
01-01 08:00:13.497 732 760 V SystemConfig: readAllPermissions took to complete: 133ms
01-01 08:00:13.497 732 760 D SystemServerInitThreadPool: Finished executing ReadingSystemConfig
01-01 08:00:13.497 732 760 V SystemServerTimingAsync: InitThreadPoolExec:ReadingSystemConfig took to complete: 133ms
01-01 08:00:13.510 732 732 I PackageWatchdog: Updated health check state for package com.droidlogic: INACTIVE -> PASSED
01-01 08:00:13.525 732 732 D BatteryStatsImpl: Reading daily items from /data/system/batterystats-daily.xml
01-01 08:00:13.532 732 732 I KernelCpuUidFreqTimeReader: mPerClusterTimesAvailable=false
01-01 08:00:13.557 732 771 W KernelMemoryBandwidthStats: No kernel memory bandwidth stats available
01-01 08:00:13.691 732 732 I IntentFirewall: Read new rules (A:0 B:0 S:0)
01-01 08:00:13.694 732 732 D OomAdjuster: Not killing cached processes
01-01 08:00:13.697 732 732 D AppOps : AppOpsService published
01-01 08:00:13.697 732 746 W android.permission.PermissionManager: Missing ActivityManager; assuming 1047 does not hold android.permission.MANAGE_APP_OPS_MODES
01-01 08:00:13.698 732 732 V SystemServerTiming: StartActivityManager took to complete: 235ms
01-01 08:00:13.698 732 732 D SystemServerTiming: StartDataLoaderManagerService
01-01 08:00:13.699 732 732 I SystemServiceManager: Starting com.android.server.pm.DataLoaderManagerService
01-01 08:00:13.700 732 732 V SystemServerTiming: StartDataLoaderManagerService took to complete: 1ms
01-01 08:00:13.700 732 732 D SystemServerTiming: StartIncrementalService
01-01 08:00:13.708 732 732 V SystemServerTiming: StartIncrementalService took to complete: 8ms
01-01 08:00:13.708 732 732 D SystemServerTiming: StartPowerManager
01-01 08:00:13.708 732 732 I SystemServiceManager: Starting com.android.server.power.PowerManagerService
01-01 08:00:13.719 732 732 V SystemServerTiming: StartPowerManager took to complete: 11ms
01-01 08:00:13.719 732 732 D SystemServerTiming: StartThermalManager
01-01 08:00:13.719 732 732 I SystemServiceManager: Starting com.android.server.power.ThermalManagerService
01-01 08:00:13.720 732 732 V SystemServerTiming: StartThermalManager took to complete: 0ms
01-01 08:00:13.720 732 732 D SystemServerTiming: StartHintManager
01-01 08:00:13.720 732 732 I SystemServiceManager: Starting com.android.server.power.hint.HintManagerService
01-01 08:00:13.721 732 732 V SystemServerTiming: StartHintManager took to complete: 1ms
01-01 08:00:13.721 732 732 D SystemServerTiming: InitPowerManagement
01-01 08:00:13.723 732 732 V SystemServerTiming: InitPowerManagement took to complete: 2ms
01-01 08:00:13.723 732 732 D SystemServerTiming: StartRecoverySystemService
01-01 08:00:13.723 732 732 I SystemServiceManager: Starting com.android.server.recoverysystem.RecoverySystemService$Lifecycle
01-01 08:00:13.727 732 732 V SystemServerTiming: StartRecoverySystemService took to complete: 4ms
01-01 08:00:13.729 732 732 D SystemServerTiming: StartLightsService
01-01 08:00:13.729 732 732 I SystemServiceManager: Starting com.android.server.lights.LightsService
01-01 08:00:13.733 732 732 V SystemServerTiming: StartLightsService took to complete: 4ms
01-01 08:00:13.733 732 732 D SystemServerTiming: StartDisplayOffloadService
01-01 08:00:13.733 732 732 V SystemServerTiming: StartDisplayOffloadService took to complete: 0ms
01-01 08:00:13.733 732 732 D SystemServerTiming: StartSidekickService
01-01 08:00:13.733 732 732 V SystemServerTiming: StartSidekickService took to complete: 0ms
01-01 08:00:13.733 732 732 D SystemServerTiming: StartDisplayManager
01-01 08:00:13.733 732 732 I SystemServiceManager: Starting com.android.server.display.DisplayManagerService
01-01 08:00:13.744 732 732 V SystemServerTiming: StartDisplayManager took to complete: 11ms
01-01 08:00:13.745 732 732 D SystemServerTiming: WaitForDisplay
01-01 08:00:13.745 732 732 I SystemServiceManager: Starting phase 100
01-01 08:00:13.745 732 732 D SystemServerTiming: OnBootPhase_100
01-01 08:00:13.745 732 732 D SystemServerTiming: OnBootPhase_100_com.android.server.security.FileIntegrityService
01-01 08:00:13.745 732 732 V SystemServerTiming: OnBootPhase_100_com.android.server.security.FileIntegrityService took to complete: 0ms
01-01 08:00:13.745 732 732 D SystemServerTiming: OnBootPhase_100_com.android.server.pm.Installer
01-01 08:00:13.745 732 732 V SystemServerTiming: OnBootPhase_100_com.android.server.pm.Installer took to complete: 0ms
01-01 08:00:13.745 732 732 D SystemServerTiming: OnBootPhase_100_com.android.server.os.DeviceIdentifiersPolicyService
01-01 08:00:13.745 732 732 V SystemServerTiming: OnBootPhase_100_com.android.server.os.DeviceIdentifiersPolicyService took to complete: 0ms
01-01 08:00:13.745 732 732 D SystemServerTiming: OnBootPhase_100_com.android.server.flags.FeatureFlagsService
01-01 08:00:13.745 732 732 V SystemServerTiming: OnBootPhase_100_com.android.server.flags.FeatureFlagsService took to complete: 0ms
01-01 08:00:13.745 732 732 D SystemServerTiming: OnBootPhase_100_com.android.server.uri.UriGrantsManagerService$Lifecycle
01-01 08:00:13.745 732 732 V SystemServerTiming: OnBootPhase_100_com.android.server.uri.UriGrantsManagerService$Lifecycle took to complete: 0ms
01-01 08:00:13.745 732 732 D SystemServerTiming: OnBootPhase_100_com.android.server.powerstats.PowerStatsService
01-01 08:00:13.745 732 732 V SystemServerTiming: OnBootPhase_100_com.android.server.powerstats.PowerStatsService took to complete: 0ms
01-01 08:00:13.745 732 732 D SystemServerTiming: OnBootPhase_100_com.android.server.permission.access.AccessCheckingService
01-01 08:00:13.745 732 732 V SystemServerTiming: OnBootPhase_100_com.android.server.permission.access.AccessCheckingService took to complete: 0ms
01-01 08:00:13.745 732 732 D SystemServerTiming: OnBootPhase_100_com.android.server.wm.ActivityTaskManagerService$Lifecycle
01-01 08:00:13.745 732 732 V SystemServerTiming: OnBootPhase_100_com.android.server.wm.ActivityTaskManagerService$Lifecycle took to complete: 0ms
01-01 08:00:13.745 732 732 D SystemServerTiming: OnBootPhase_100_com.android.server.am.ActivityManagerService$Lifecycle
01-01 08:00:13.745 732 732 V SystemServerTiming: OnBootPhase_100_com.android.server.am.ActivityManagerService$Lifecycle took to complete: 0ms
01-01 08:00:13.745 732 732 D SystemServerTiming: OnBootPhase_100_com.android.server.pm.DataLoaderManagerService
01-01 08:00:13.745 732 732 V SystemServerTiming: OnBootPhase_100_com.android.server.pm.DataLoaderManagerService took to complete: 0ms
01-01 08:00:13.745 732 732 D SystemServerTiming: OnBootPhase_100_com.android.server.power.PowerManagerService
01-01 08:00:13.745 732 732 V SystemServerTiming: OnBootPhase_100_com.android.server.power.PowerManagerService took to complete: 0ms
01-01 08:00:13.745 732 732 D SystemServerTiming: OnBootPhase_100_com.android.server.power.ThermalManagerService
01-01 08:00:13.745 732 732 V SystemServerTiming: OnBootPhase_100_com.android.server.power.ThermalManagerService took to complete: 0ms
01-01 08:00:13.745 732 732 D SystemServerTiming: OnBootPhase_100_com.android.server.power.hint.HintManagerService
01-01 08:00:13.745 732 732 V SystemServerTiming: OnBootPhase_100_com.android.server.power.hint.HintManagerService took to complete: 0ms
01-01 08:00:13.745 732 732 D SystemServerTiming: OnBootPhase_100_com.android.server.recoverysystem.RecoverySystemService$Lifecycle
01-01 08:00:13.745 732 732 V SystemServerTiming: OnBootPhase_100_com.android.server.recoverysystem.RecoverySystemService$Lifecycle took to complete: 0ms
01-01 08:00:13.745 732 732 D SystemServerTiming: OnBootPhase_100_com.android.server.lights.LightsService
01-01 08:00:13.745 732 732 V SystemServerTiming: OnBootPhase_100_com.android.server.lights.LightsService took to complete: 0ms
01-01 08:00:13.745 732 732 D SystemServerTiming: OnBootPhase_100_com.android.server.display.DisplayManagerService
01-01 08:00:13.750 732 756 W LocalDisplayAdapter: DisplayModeSpecs base mode no longer available, using currently active mode.
01-01 08:00:13.761 732 756 I DisplayDeviceRepository: Display device added: DisplayDeviceInfo{"内置屏幕": uniqueId="local:4625716335649126413", 1280 x 720, modeId 1, renderFrameRate 50.0, defaultModeId 1, supportedModes [{id=1, width=1280, height=720, fps=50.0, alternativeRefreshRates=[], supportedHdrTypes=[]}, {id=2, width=1280, height=720, fps=60.000004, alternativeRefreshRates=[], supportedHdrTypes=[]}], colorMode 0, supportedColorModes [0], hdrCapabilities HdrCapabilities{mSupportedHdrTypes=[], mMaxLuminance=500.0, mMaxAverageLuminance=500.0, mMinLuminance=0.0}, allmSupported false, gameContentTypeSupported false, density 160, 0.0 x 0.0 dpi, appVsyncOff 2000000, presDeadline 17000000, touch INTERNAL, rotation 0, type INTERNAL, address {port=13, model=0x4031d87fca1678}, deviceProductInfo DeviceProductInfo{name=Linux FHD, manufacturerPnpId=LNX, productId=0, modelYear=null, manufactureDate=ManufactureDate{week=5, year=2012}, connectionToSinkType=0}, state UNKNOWN, committedState UNKNOWN, frameRateOverride , brightnessMinimum 0.0, brightnessMaximum 1.0, brightnessDefault 0.39763778, hdrSdrRatio NaN, FLAG_ALLOWED_TO_BE_DEFAULT_DISPLAY, FLAG_ROTATES_WITH_CONTENT, FLAG_SECURE, FLAG_SUPPORTS_PROTECTED_BUFFERS, FLAG_TRUSTED, installOrientation 0, displayShape DisplayShape{ spec=-1507169495 displayWidth=1280 displayHeight=720 physicalPixelDisplaySizeRatio=1.0 rotation=0 offsetX=0 offsetY=0 scale=1.0}}
01-01 08:00:13.764 732 756 I LogicalDisplayMapper: Applying layout: [{dispId: 0(ON), displayGroupName: , addr: {port=13, model=0x4031d87fca1678}, mThermalBrightnessThrottlingMapId: null, mRefreshRateZoneId: null, mLeadDisplayId: -1, mLeadDisplayAddress: null, mThermalRefreshRateThrottlingMapId: null}], Previous layout: null
01-01 08:00:13.770 732 756 I LogicalDisplayMapper: Setting new display group 0 for display 0, from previous group: null
01-01 08:00:13.772 732 756 I LogicalDisplayMapper: Adding new display: 0: DisplayInfo{"内置屏幕", displayId 0, displayGroupId 0, FLAG_SECURE, FLAG_SUPPORTS_PROTECTED_BUFFERS, FLAG_TRUSTED, real 1280 x 720, largest app 1280 x 720, smallest app 1280 x 720, appVsyncOff 2000000, presDeadline 17000000, mode 150.0, defaultMode 1, modes [{id=1, width=1280, height=720, fps=50.0, alternativeRefreshRates=[], supportedHdrTypes=[]}, {id=2, width=1280, height=720, fps=60.000004, alternativeRefreshRates=[], supportedHdrTypes=[]}], hdrCapabilities HdrCapabilities{mSupportedHdrTypes=[], mMaxLuminance=500.0, mMaxAverageLuminance=500.0, mMinLuminance=0.0}, userDisabledHdrTypes [], minimalPostProcessingSupported false, rotation 0, state UNKNOWN, committedState UNKNOWN, type INTERNAL, uniqueId "local:4625716335649126413", app 1280 x 720, density 160 (0.0 x 0.0) dpi, layerStack 0, colorMode 0, supportedColorModes [0], address {port=13, model=0x4031d87fca1678}, deviceProductInfo DeviceProductInfo{name=Linux FHD, manufacturerPnpId=LNX, productId=0, modelYear=null, manufactureDate=ManufactureDate{week=5, year=2012}, connectionToSinkType=0}, removeMode 0, refreshRateOverride 0.0, brightnessMinimum 0.0, brightnessMaximum 1.0, brightnessDefault 0.39763778, installOrientation ROTATION_0, layoutLimitedRefreshRate null, hdrSdrRatio not_available, thermalRefreshRateThrottling {}, thermalBrightnessThrottlingDataId default}
01-01 08:00:13.773 732 756 W android.permission.PermissionManager: Missing ActivityManager; assuming 1000 holds android.permission.READ_DEVICE_CONFIG
01-01 08:00:13.783 732 732 V SystemServerTiming: OnBootPhase_100_com.android.server.display.DisplayManagerService took to complete: 38ms
01-01 08:00:13.784 732 732 V SystemServerTiming: OnBootPhase_100 took to complete: 38ms
01-01 08:00:13.784 732 732 V SystemServerTiming: WaitForDisplay took to complete: 39ms
01-01 08:00:13.784 732 732 D SystemServerTiming: StartDomainVerificationService
01-01 08:00:13.786 732 732 V SystemServerTiming: StartDomainVerificationService took to complete: 2ms
01-01 08:00:13.786 732 732 D SystemServerTiming: StartPackageManagerService
01-01 08:00:13.786 732 732 I Watchdog: Pausing HandlerChecker: main thread for reason: packagemanagermain. Pause count: 1
01-01 08:00:13.787 732 732 D PackageManagerTiming: create package manager
01-01 08:00:13.791 732 732 D PackageManagerTiming: createSubComponents
01-01 08:00:13.794 732 732 I UserTypeFactory: Creating custom user type com.android.tv.profile
01-01 08:00:13.801 732 732 I UserManagerService: Upgrading users from userVersion 11 to 11
01-01 08:00:13.818 732 732 V PackageManagerTiming: createSubComponents took to complete: 26ms
01-01 08:00:13.818 732 732 D PackageManagerTiming: addSharedUsers
01-01 08:00:13.818 732 732 V PackageManagerTiming: addSharedUsers took to complete: 0ms
01-01 08:00:13.820 732 732 D PackageManagerTiming: get system config
01-01 08:00:13.820 732 732 V PackageManagerTiming: get system config took to complete: 0ms
01-01 08:00:13.824 732 732 D SELinuxMMAC: Using policy file /system/etc/selinux/plat_mac_permissions.xml
01-01 08:00:13.828 732 732 D SELinuxMMAC: Using policy file /system_ext/etc/selinux/system_ext_mac_permissions.xml
01-01 08:00:13.829 732 732 D SELinuxMMAC: Using policy file /product/etc/selinux/product_mac_permissions.xml
01-01 08:00:13.829 732 732 D SELinuxMMAC: Using policy file /vendor/etc/selinux/vendor_mac_permissions.xml
01-01 08:00:13.830 732 732 D PackageManagerTiming: loadFallbacks
01-01 08:00:13.831 732 732 V PackageManagerTiming: loadFallbacks took to complete: 1ms
01-01 08:00:13.831 732 732 D PackageManagerTiming: read user settings
01-01 08:00:13.971 732 732 W PackageManager: No package known for package restrictions com.android.configinfrastructure
01-01 08:00:13.974 732 732 W PackageManager: No package known for package restrictions com.android.appsearch
01-01 08:00:13.977 732 732 W PackageManager: No package known for package restrictions com.android.adservices
01-01 08:00:13.980 732 732 W PackageManager: No package known for package restrictions com.android.scheduling
01-01 08:00:13.981 732 732 W PackageManager: No package known for package restrictions com.google.android.widevine.nonupdatable
01-01 08:00:13.982 732 732 W PackageManager: No package known for package restrictions com.android.permission
01-01 08:00:13.986 732 732 W PackageManager: No package known for package restrictions com.android.art
01-01 08:00:13.987 732 732 W PackageManager: No package known for package restrictions com.android.uwb
01-01 08:00:13.987 732 732 W PackageManager: No package known for package restrictions com.android.tethering
01-01 08:00:13.989 732 732 W PackageManager: No package known for package restrictions com.android.btservices
01-01 08:00:13.989 732 732 W PackageManager: No package known for package restrictions com.android.media.swcodec
01-01 08:00:13.989 732 732 W PackageManager: No package known for package restrictions com.android.conscrypt
01-01 08:00:13.992 732 732 W PackageManager: No package known for package restrictions com.android.adbd
01-01 08:00:13.992 732 732 W PackageManager: No package known for package restrictions com.android.i18n
01-01 08:00:13.992 732 732 W PackageManager: No package known for package restrictions com.android.rkpd
01-01 08:00:13.992 732 732 W PackageManager: No package known for package restrictions com.android.virt
01-01 08:00:13.992 732 732 W PackageManager: No package known for package restrictions com.android.wifi
01-01 08:00:13.995 732 732 W PackageManager: No package known for package restrictions com.android.runtime
01-01 08:00:13.995 732 732 W PackageManager: No package known for package restrictions com.android.devicelock
01-01 08:00:13.995 732 732 W PackageManager: No package known for package restrictions com.android.apex.cts.shim
01-01 08:00:13.997 732 732 W PackageManager: No package known for package restrictions com.android.neuralnetworks
01-01 08:00:13.999 732 732 W PackageManager: No package known for package restrictions com.android.healthfitness
01-01 08:00:14.002 732 732 W PackageManager: No package known for package restrictions com.android.resolv
01-01 08:00:14.004 732 732 W PackageManager: No package known for package restrictions com.android.sdkext
01-01 08:00:14.005 732 732 W PackageManager: No package known for package restrictions com.android.tzdata
01-01 08:00:14.006 732 732 W PackageManager: No package known for package restrictions com.android.vndk.v34
01-01 08:00:14.006 732 732 W PackageManager: No package known for package restrictions com.android.os.statsd
01-01 08:00:14.007 732 732 W PackageManager: No package known for package restrictions com.android.extservices
01-01 08:00:14.007 732 732 W PackageManager: No package known for package restrictions com.amlogic.mediaextractor
01-01 08:00:14.008 732 732 W PackageManager: No package known for package restrictions com.android.ipsec
01-01 08:00:14.008 732 732 W PackageManager: No package known for package restrictions com.android.media
01-01 08:00:14.012 732 732 W PackageManager: No package known for package restrictions com.android.mediaprovider
01-01 08:00:14.015 732 732 W PackageManager: No package known for package restrictions com.android.ondevicepersonalization
01-01 08:00:14.031 732 732 V SLog : static_init took to complete: 1ms
01-01 08:00:14.031 732 732 W PackageSettings: Missing permission state for package com.android.uwb.resources on user 0
01-01 08:00:14.031 732 732 W PackageSettings: Missing permission state for package com.android.virtualmachine.res on user 0
01-01 08:00:14.031 732 732 W PackageSettings: Missing permission state for package com.droidlogic.tvprovider.overlay on user 0
01-01 08:00:14.031 732 732 W PackageSettings: Missing permission state for package com.android.htmlviewer on user 0
01-01 08:00:14.031 732 732 W PackageSettings: Missing permission state for package com.android.tv.overlay.lps.disabled on user 0
01-01 08:00:14.031 732 732 W PackageSettings: Missing permission state for package com.android.tv.overlay.settingsprovider on user 0
01-01 08:00:14.031 732 732 W PackageSettings: Missing permission state for package com.android.safetycenter.resources on user 0
01-01 08:00:14.032 732 732 W PackageSettings: Missing permission state for package com.android.connectivity.resources on user 0
01-01 08:00:14.032 732 732 W PackageSettings: Missing permission state for package com.android.systemui.auto_generated_rro_vendor__ on user 0
01-01 08:00:14.032 732 732 W PackageSettings: Missing permission state for package com.android.tv.overlay.networkstack on user 0
01-01 08:00:14.032 732 732 W PackageSettings: Missing permission state for package com.android.dreams.basic on user 0
01-01 08:00:14.032 732 732 W PackageSettings: Missing permission state for package com.android.tv.overlay.wifi.resources on user 0
01-01 08:00:14.032 732 732 W PackageSettings: Missing permission state for package com.droidlogic.systemui.overlay on user 0
01-01 08:00:14.032 732 732 W PackageSettings: Missing permission state for package android.ext.shared on user 0
01-01 08:00:14.032 732 732 W PackageSettings: Missing permission state for package com.dlg.framework.overlay on user 0
01-01 08:00:14.033 732 732 W PackageSettings: Missing permission state for package com.android.wifi.resources on user 0
01-01 08:00:14.033 732 732 W PackageSettings: Missing permission state for package com.android.cameraextensions on user 0
01-01 08:00:14.033 732 732 W PackageSettings: Missing permission state for package com.android.networkstack.tethering.droidlogic on user 0
01-01 08:00:14.033 732 732 W PackageSettings: Missing permission state for package com.amlogic.tv.overlay.matchcontent on user 0
01-01 08:00:14.033 732 732 W PackageSettings: Missing permission state for package com.droidlogic.wifitetheringoverlay on user 0
01-01 08:00:14.033 732 732 W PackageSettings: Missing permission state for package com.droidlogic.wifion on user 0
01-01 08:00:14.033 732 732 W PackageSettings: Missing permission state for package com.android.tv.overlay.framework on user 0
01-01 08:00:14.034 732 732 W PackageSettings: Missing permission state for package com.droidlogic.overlay on user 0
01-01 08:00:14.034 732 732 W PackageSettings: Missing permission state for package android.auto_generated_rro_vendor__ on user 0
01-01 08:00:14.034 732 732 W PackageSettings: Missing permission state for shared user: android.uid.log
01-01 08:00:14.034 732 732 W PackageSettings: Missing permission state for shared user: android.uid.nfc
01-01 08:00:14.034 732 732 W PackageSettings: Missing permission state for shared user: android.uid.uwb
01-01 08:00:14.035 732 732 W PackageSettings: Missing permission state for shared user: android.uid.phone
01-01 08:00:14.037 732 732 V PackageManagerTiming: read user settings took to complete: 206ms
01-01 08:00:14.066 732 732 D PackageManager: Directories scanned as system partitions: [/system:0, /vendor:524288, /odm:4194304, /oem:262144, /product:1048576, /system_ext:2097152, /apex/com.android.runtime:41943040, /apex/com.android.adservices:41943040, /apex/com.android.apex.cts.shim:41943040, /apex/com.android.tethering:41943040, /apex/com.android.configinfrastructure:41943040, /apex/com.android.media.swcodec:41943040, /apex/com.android.sdkext:41943040, /apex/com.android.i18n:41943040, /apex/com.android.permission:41943040, /apex/com.android.rkpd:41943040, /apex/com.android.devicelock:41943040, /apex/com.android.art:41943040, /apex/com.android.conscrypt:41943040, /apex/com.android.vndk.v34:41943040, /apex/com.android.healthfitness:41943040, /apex/com.android.tzdata:41943040, /apex/com.android.appsearch:41943040, /apex/com.android.uwb:41943040, /apex/com.google.android.widevine:42467328, /apex/com.android.scheduling:41943040, /apex/com.android.neuralnetworks:41943040, /apex/com.android.wifi:41943040, /apex/com.android.resolv:41943040, /apex/com.android.mediaprovider:41943040, /apex/com.android.adbd:41943040, /apex/com.android.media:41943040, /apex/com.android.virt:41943040, /apex/com.android.extservices:41943040, /apex/com.android.ipsec:41943040, /apex/com.amlogic.mediaextractor:41943040, /apex/com.android.os.statsd:41943040, /apex/com.android.ondevicepersonalization:41943040, /apex/com.android.btservices:41943040]
01-01 08:00:14.067 732 732 D PackageManager: Keeping known cache 35ca83a453b83813f18fcf51d01265063f4462f3
01-01 08:00:14.068 732 732 W PackageManager: Wiping cache directory because the system partition changed.
01-01 08:00:14.082 0 0 I [2 T440 ..] apexd: getAllPackages received by ApexService
01-01 08:00:14.124 732 732 I PackageManager: /system/apex/com.android.apex.cts.shim.apex changed; collecting certs
01-01 08:00:14.141 732 732 D CompatibilityChangeReporter: Compat change id reported: 143539591; UID -1; state: DISABLED
01-01 08:00:14.141 732 732 D CompatibilityChangeReporter: Compat change id reported: 168782947; UID -1; state: DISABLED
01-01 08:00:14.142 732 732 W PackageManager: Odd, /system/apex/com.android.apex.cts.shim.apex doesn't look like an APK
01-01 08:00:14.146 732 732 I PackageManager: /data/apex/decompressed/com.android.adbd@340090000.decompressed.apex changed; collecting certs
01-01 08:00:14.151 732 732 D CompatibilityChangeReporter: Compat change id reported: 168782947; UID -1; state: ENABLED
01-01 08:00:14.152 732 732 W PackageManager: Odd, /data/apex/decompressed/com.android.adbd@340090000.decompressed.apex doesn't look like an APK
01-01 08:00:14.152 732 732 W PackageManager: Unrecognized code path /data/apex/decompressed/com.android.adbd@340090000.decompressed.apex - using /data
01-01 08:00:14.155 732 732 I PackageManager: /system/apex/com.amlogic.mediaextractor.apex changed; collecting certs
01-01 08:00:14.160 732 732 W PackageManager: Odd, /system/apex/com.amlogic.mediaextractor.apex doesn't look like an APK
01-01 08:00:14.163 732 732 I PackageManager: /data/apex/decompressed/com.android.adservices@340090000.decompressed.apex changed; collecting certs
01-01 08:00:14.170 732 732 W PackageManager: Odd, /data/apex/decompressed/com.android.adservices@340090000.decompressed.apex doesn't look like an APK
01-01 08:00:14.170 732 732 W PackageManager: Unrecognized code path /data/apex/decompressed/com.android.adservices@340090000.decompressed.apex - using /data
01-01 08:00:14.173 732 732 I PackageManager: /system/apex/com.android.btservices.apex changed; collecting certs
01-01 08:00:14.178 732 732 W PackageManager: Odd, /system/apex/com.android.btservices.apex doesn't look like an APK
01-01 08:00:14.181 732 732 I PackageManager: /data/apex/decompressed/com.android.appsearch@340090000.decompressed.apex changed; collecting certs
01-01 08:00:14.187 732 732 W PackageManager: Odd, /data/apex/decompressed/com.android.appsearch@340090000.decompressed.apex doesn't look like an APK
01-01 08:00:14.187 732 732 W PackageManager: Unrecognized code path /data/apex/decompressed/com.android.appsearch@340090000.decompressed.apex - using /data
01-01 08:00:14.191 732 732 I PackageManager: /data/apex/decompressed/com.android.art@340090000.decompressed.apex changed; collecting certs
01-01 08:00:14.197 732 732 W PackageManager: Odd, /data/apex/decompressed/com.android.art@340090000.decompressed.apex doesn't look like an APK
01-01 08:00:14.197 732 732 W PackageManager: Unrecognized code path /data/apex/decompressed/com.android.art@340090000.decompressed.apex - using /data
01-01 08:00:14.200 732 732 I PackageManager: /data/apex/decompressed/com.android.configinfrastructure@340090000.decompressed.apex changed; collecting certs
01-01 08:00:14.207 732 732 W PackageManager: Odd, /data/apex/decompressed/com.android.configinfrastructure@340090000.decompressed.apex doesn't look like an APK
01-01 08:00:14.207 732 732 W PackageManager: Unrecognized code path /data/apex/decompressed/com.android.configinfrastructure@340090000.decompressed.apex - using /data
01-01 08:00:14.210 732 732 I PackageManager: /data/apex/decompressed/com.android.extservices@340090000.decompressed.apex changed; collecting certs
01-01 08:00:14.215 732 732 W PackageManager: Odd, /data/apex/decompressed/com.android.extservices@340090000.decompressed.apex doesn't look like an APK
01-01 08:00:14.216 732 732 W PackageManager: Unrecognized code path /data/apex/decompressed/com.android.extservices@340090000.decompressed.apex - using /data
01-01 08:00:14.218 732 732 I PackageManager: /system/apex/com.android.devicelock.apex changed; collecting certs
01-01 08:00:14.225 732 732 W PackageManager: Odd, /system/apex/com.android.devicelock.apex doesn't look like an APK
01-01 08:00:14.228 732 732 I PackageManager: /system/apex/com.android.healthfitness.apex changed; collecting certs
01-01 08:00:14.234 732 732 W PackageManager: Odd, /system/apex/com.android.healthfitness.apex doesn't look like an APK
01-01 08:00:14.237 732 732 I PackageManager: /data/apex/decompressed/com.android.conscrypt@340090000.decompressed.apex changed; collecting certs
