05-23 09:26:34.164 732 732 V SystemServerTimingAsync: ssm.onStartUser-0_com.android.server.am.ActivityManagerService$Lifecycle took to complete: 0ms
05-23 09:26:34.164 732 732 D SystemServerTimingAsync: ssm.onStartUser-0_com.android.server.pm.DataLoaderManagerService
05-23 09:26:34.164 732 732 V SystemServerTimingAsync: ssm.onStartUser-0_com.android.server.pm.DataLoaderManagerService took to complete: 0ms
05-23 09:26:34.164 732 732 D SystemServerTimingAsync: ssm.onStartUser-0_com.android.server.power.PowerManagerService
05-23 09:26:34.164 732 732 V SystemServerTimingAsync: ssm.onStartUser-0_com.android.server.power.PowerManagerService took to complete: 0ms
05-23 09:26:34.164 732 732 D SystemServerTimingAsync: ssm.onStartUser-0_com.android.server.power.ThermalManagerService
05-23 09:26:34.164 732 732 V SystemServerTimingAsync: ssm.onStartUser-0_com.android.server.power.ThermalManagerService took to complete: 0ms
05-23 09:26:34.164 732 732 D SystemServerTimingAsync: ssm.onStartUser-0_com.android.server.power.hint.HintManagerService
05-23 09:26:34.164 732 732 V SystemServerTimingAsync: ssm.onStartUser-0_com.android.server.power.hint.HintManagerService took to complete: 0ms
05-23 09:26:34.164 732 732 D SystemServerTimingAsync: ssm.onStartUser-0_com.android.server.recoverysystem.RecoverySystemService$Lifecycle
05-23 09:26:34.164 732 732 V SystemServerTimingAsync: ssm.onStartUser-0_com.android.server.recoverysystem.RecoverySystemService$Lifecycle took to complete: 0ms
05-23 09:26:34.164 732 732 D SystemServerTimingAsync: ssm.onStartUser-0_com.android.server.lights.LightsService
05-23 09:26:34.164 732 732 V SystemServerTimingAsync: ssm.onStartUser-0_com.android.server.lights.LightsService took to complete: 0ms
05-23 09:26:34.164 732 732 D SystemServerTimingAsync: ssm.onStartUser-0_com.android.server.display.DisplayManagerService
05-23 09:26:34.164 732 732 V SystemServerTimingAsync: ssm.onStartUser-0_com.android.server.display.DisplayManagerService took to complete: 0ms
05-23 09:26:34.164 732 732 D SystemServerTimingAsync: ssm.onStartUser-0_com.android.server.pm.verify.domain.DomainVerificationService
05-23 09:26:34.164 732 732 V SystemServerTimingAsync: ssm.onStartUser-0_com.android.server.pm.verify.domain.DomainVerificationService took to complete: 0ms
05-23 09:26:34.164 732 732 D SystemServerTimingAsync: ssm.onStartUser-0_com.android.server.pm.PackageInstallerService$Lifecycle
05-23 09:26:34.164 732 732 V SystemServerTimingAsync: ssm.onStartUser-0_com.android.server.pm.PackageInstallerService$Lifecycle took to complete: 0ms
05-23 09:26:34.164 732 732 D SystemServerTimingAsync: ssm.onStartUser-0_com.android.server.pm.UserManagerService$LifeCycle
05-23 09:26:34.164 732 732 V SystemServerTimingAsync: ssm.onStartUser-0_com.android.server.pm.UserManagerService$LifeCycle took to complete: 0ms
05-23 09:26:34.164 732 732 D SystemServerTimingAsync: ssm.onStartUser-0_com.android.server.om.OverlayManagerService
05-23 09:26:34.165 732 765 I ActivityManager: Start proc 1023:com.android.networkstack.process/1073 for service {com.android.networkstack/com.android.server.NetworkStackService}
05-23 09:26:34.193 732 985 E WebViewUpdateServiceImpl: Timed out waiting for relro creation, relros started 1 relros finished 0 package dirty? false
05-23 09:26:34.193 732 985 W WebViewUpdateServiceImpl: creating relro file timed out
05-23 09:26:34.198 732 985 D CompatibilityChangeReporter: Compat change id reported: 135634846; UID 10051; state: DISABLED
05-23 09:26:34.198 732 985 D CompatibilityChangeReporter: Compat change id reported: 177438394; UID 10051; state: DISABLED
05-23 09:26:34.198 732 985 D CompatibilityChangeReporter: Compat change id reported: 135772972; UID 10051; state: DISABLED
05-23 09:26:34.198 732 985 D CompatibilityChangeReporter: Compat change id reported: 135754954; UID 10051; state: ENABLED
05-23 09:26:34.211 957 957 V WindowManagerShell: Adding init callback for DisplayChangeController
05-23 09:26:34.211 957 957 V WindowManagerShell: Adding init callback for DisplayController
05-23 09:26:34.211 957 957 V WindowManagerShell: Adding init callback for DisplayInsetsController
05-23 09:26:34.212 957 957 V WindowManagerShell: Adding init callback for DisplayImeController
05-23 09:26:34.212 957 957 V WindowManagerShell: Adding init callback for ShellController
05-23 09:26:34.223 957 957 V WindowManagerShell: Adding init callback for DragAndDropController
05-23 09:26:34.239 732 807 D GameManagerService: User ID '0' does not have a Game Mode selected for package: 'com.android.networkstack'
05-23 09:26:34.241 732 807 D CompatibilityChangeReporter: Compat change id reported: 168419799; UID 1073; state: DISABLED
05-23 09:26:34.244 732 807 D CompatibilityChangeReporter: Compat change id reported: 273564678; UID 1073; state: DISABLED
05-23 09:26:34.259 732 815 D CompatibilityChangeReporter: Compat change id reported: 265195908; UID 1073; state: ENABLED
01-01 08:00:20.839 0 0 W : [2 T1016 ..] [aml_android_priv_ioctl 128] vif idx=0 cmd=COUNTRY US
01-01 08:00:20.840 0 0 W : [2 T646 ..] [aml_reg_notifier 6037] initiator=0, hint_type=0, alpha=00, region=0
01-01 08:00:20.841 0 0 W : [2 T646 ..] >>> aml_send_me_chan_config_req()
01-01 08:00:20.841 0 0 W : [2 T646 ..] >>> aml_send_msg()
01-01 08:00:20.842 0 0 W : [0 T947 ..] ipc_sdio_host_msgack_handler 000000008c07e7d6
01-01 08:00:20.843 0 0 W : [0 T947 ..] [aml_msgackind 2038] msg ack hostid=0xffffff8051417900
01-01 08:00:20.844 0 0 W : [0 T947 ..] [cmd_mgr_llind 329] cmd tkn[19] flags:001a result: -4 cmd:5122-ME_CHAN_CONFIG_REQ - reqcfm(5123-ME_CHAN_CONFIG_CFM)
01-01 08:00:20.846 0 0 W : [0 T947 ..] [cmd_mgr_msgind 409] cmd tkn[19] flags:0012 result: -4 cmd:5122-ME_CHAN_CONFIG_REQ - reqcfm(5123-ME_CHAN_CONFIG_CFM)
01-01 08:00:20.847 0 0 W : [0 T947 ..] [cmd_complete 65] cmd tkn[19] flags:0002 result: -4 cmd:5122-ME_CHAN_CONFIG_REQ - reqcfm(5123-ME_CHAN_CONFIG_CFM)
01-01 08:00:20.852 0 0 W : [2 T645 ..] [aml_reg_notifier 6037] initiator=1, hint_type=0, alpha=US, region=1
01-01 08:00:20.852 0 0 W : [2 T645 ..] >>> aml_send_me_chan_config_req()
01-01 08:00:20.853 0 0 W : [2 T645 ..] >>> aml_send_msg()
05-23 09:26:34.271 640 640 I wificond: Regulatory domain changed to country: 00 on wiphy_index: 0
05-23 09:26:34.271 640 640 I wificond: UpdateBandInfo
01-01 08:00:20.855 0 0 W : [0 T947 ..] ipc_sdio_host_msgack_handler 00000000bdee551b
01-01 08:00:20.855 0 0 W : [0 T947 ..] [aml_msgackind 2038] msg ack hostid=0xffffff804cbd0200
01-01 08:00:20.856 0 0 W : [0 T947 ..] [cmd_mgr_llind 329] cmd tkn[20] flags:001a result: -4 cmd:5122-ME_CHAN_CONFIG_REQ - reqcfm(5123-ME_CHAN_CONFIG_CFM)
01-01 08:00:20.858 0 0 W : [1 T947 ..] [cmd_mgr_msgind 409] cmd tkn[20] flags:0012 result: -4 cmd:5122-ME_CHAN_CONFIG_REQ - reqcfm(5123-ME_CHAN_CONFIG_CFM)
01-01 08:00:20.859 0 0 W : [1 T947 ..] [cmd_complete 65] cmd tkn[20] flags:0002 result: -4 cmd:5122-ME_CHAN_CONFIG_REQ - reqcfm(5123-ME_CHAN_CONFIG_CFM)
05-23 09:26:34.284 640 640 I wificond: 2.4Ghz frequencies: 2412 2417 2422 2427 2432 2437 2442 2447 2452 2457 2462
05-23 09:26:34.284 640 640 I wificond: 5Ghz non-DFS frequencies: 5180 5200 5220 5240 5745 5765 5785 5805 5825
05-23 09:26:34.284 640 640 I wificond: 5Ghz DFS frequencies: 5260 5280 5300 5320 5500 5520 5540 5560 5580 5600 5620 5640 5660 5680 5700 5720
05-23 09:26:34.284 640 640 I wificond: 6Ghz frequencies:
05-23 09:26:34.284 640 640 I wificond: 60Ghz frequencies:
05-23 09:26:34.284 640 640 I wificond: Regulatory domain changed to country: US on wiphy_index: 0
05-23 09:26:34.285 640 640 I wificond: UpdateBandInfo
05-23 09:26:34.288 640 640 I wificond: 2.4Ghz frequencies: 2412 2417 2422 2427 2432 2437 2442 2447 2452 2457 2462
05-23 09:26:34.288 640 640 I wificond: 5Ghz non-DFS frequencies: 5180 5200 5220 5240 5745 5765 5785 5805 5825
05-23 09:26:34.288 640 640 I wificond: 5Ghz DFS frequencies: 5260 5280 5300 5320 5500 5520 5540 5560 5580 5600 5620 5640 5660 5680 5700 5720
05-23 09:26:34.288 640 640 I wificond: 6Ghz frequencies:
05-23 09:26:34.288 640 640 I wificond: 60Ghz frequencies:
05-23 09:26:34.288 640 640 I wificond: Receive notifyCountryCodeChanged
05-23 09:26:34.288 640 640 I wificond: UpdateBandInfo
01-01 08:00:20.871 0 0 W : [3 T1016 ..] [aml_android_priv_ioctl 128] vif idx=0 cmd=SETSUSPENDMODE 1
01-01 08:00:20.871 0 0 W : [3 T1016 ..] [aml_android_set_suspend_mode 77] set google_cast 1
05-23 09:26:34.292 640 640 I wificond: 2.4Ghz frequencies: 2412 2417 2422 2427 2432 2437 2442 2447 2452 2457 2462
05-23 09:26:34.292 640 640 I wificond: 5Ghz non-DFS frequencies: 5180 5200 5220 5240 5745 5765 5785 5805 5825
05-23 09:26:34.292 640 640 I wificond: 5Ghz DFS frequencies: 5260 5280 5300 5320 5500 5520 5540 5560 5580 5600 5620 5640 5660 5680 5700 5720
05-23 09:26:34.292 640 640 I wificond: 6Ghz frequencies:
05-23 09:26:34.292 640 640 I wificond: 60Ghz frequencies:
05-23 09:26:34.320 732 732 W SystemServiceManager: Service com.android.server.om.OverlayManagerService took 156 ms in onStartUser-0
05-23 09:26:34.320 732 732 V SystemServerTimingAsync: ssm.onStartUser-0_com.android.server.om.OverlayManagerService took to complete: 156ms
05-23 09:26:34.320 732 732 D SystemServerTimingAsync: ssm.onStartUser-0_com.android.server.resources.ResourcesManagerService
05-23 09:26:34.320 732 732 V SystemServerTimingAsync: ssm.onStartUser-0_com.android.server.resources.ResourcesManagerService took to complete: 0ms
05-23 09:26:34.320 732 732 D SystemServerTimingAsync: ssm.onStartUser-0_com.android.server.sensorprivacy.SensorPrivacyService
05-23 09:26:34.338 732 820 E NativeTombstoneManager: Tombstone's UID (1002) not an app, ignoring
05-23 09:26:34.356 732 732 D CompatibilityChangeReporter: Compat change id reported: 265464455; UID 10052; state: DISABLED
05-23 09:26:34.356 732 732 D CompatibilityChangeReporter: Compat change id reported: 265452344; UID 10052; state: DISABLED
05-23 09:26:34.357 732 732 D CompatibilityChangeReporter: Compat change id reported: 266124927; UID 10052; state: DISABLED
05-23 09:26:34.357 732 732 D CompatibilityChangeReporter: Compat change id reported: 265451093; UID 10052; state: DISABLED
05-23 09:26:34.362 732 732 D CompatibilityChangeReporter: Compat change id reported: 265456536; UID 10052; state: DISABLED
05-23 09:26:34.362 732 732 D CompatibilityChangeReporter: Compat change id reported: 255940284; UID 10052; state: DISABLED
05-23 09:26:34.363 732 732 D CompatibilityChangeReporter: Compat change id reported: 236283604; UID 10052; state: DISABLED
05-23 09:26:34.363 957 957 V WindowManagerShell: Adding init callback for CompatUIController
05-23 09:26:34.363 732 732 D CompatibilityChangeReporter: Compat change id reported: 263959004; UID 10052; state: DISABLED
05-23 09:26:34.363 732 732 D CompatibilityChangeReporter: Compat change id reported: 264304459; UID 10052; state: DISABLED
05-23 09:26:34.363 732 732 D CompatibilityChangeReporter: Compat change id reported: 264301586; UID 10052; state: DISABLED
05-23 09:26:34.364 732 732 D CompatibilityChangeReporter: Compat change id reported: 254631730; UID 10052; state: DISABLED
05-23 09:26:34.364 732 732 D CompatibilityChangeReporter: Compat change id reported: 273509367; UID 10052; state: DISABLED
05-23 09:26:34.364 732 732 D CompatibilityChangeReporter: Compat change id reported: 263259275; UID 10052; state: DISABLED
05-23 09:26:34.365 732 732 D CompatibilityChangeReporter: Compat change id reported: 174042980; UID 10052; state: DISABLED
05-23 09:26:34.365 732 732 D CompatibilityChangeReporter: Compat change id reported: 174042936; UID 10052; state: DISABLED
05-23 09:26:34.370 957 957 V WindowManagerShell: Adding init callback for ShellTaskOrganizer
05-23 09:26:34.365 732 732 D CompatibilityChangeReporter: Compat change id reported: 181136395; UID 10052; state: DISABLED
05-23 09:26:34.411 732 732 D CompatibilityChangeReporter: Compat change id reported: 194480991; UID 10052; state: ENABLED
05-23 09:26:34.424 732 732 W ActivityTaskManager: startActivity called from non-Activity context; forcing Intent.FLAG_ACTIVITY_NEW_TASK for: Intent { flg=0x840000 cmp=com.android.systemui/.sensorprivacy.television.TvSensorPrivacyChangedActivity (has extras) }
05-23 09:26:34.427 732 745 I ActivityManager: Process WebViewLoader-armeabi-v7a (pid 986) has died: psvc PER
05-23 09:26:34.448 732 820 I BootReceiver: Copying /data/tombstones/tombstone_05 to DropBox (SYSTEM_TOMBSTONE)
05-23 09:26:34.449 732 820 I DropBoxManagerService: add tag=SYSTEM_TOMBSTONE isTagEnabled=true flags=0x6
05-23 09:26:34.449 732 732 D CompatibilityChangeReporter: Compat change id reported: 184838306; UID 10052; state: DISABLED
05-23 09:26:34.450 732 732 D CompatibilityChangeReporter: Compat change id reported: 185004937; UID 10052; state: DISABLED
05-23 09:26:34.454 732 732 D CompatibilityChangeReporter: Compat change id reported: 197654537; UID 10052; state: ENABLED
05-23 09:26:34.464 732 732 I ActivityTaskManager: START u0 {flg=0x840000 cmp=com.android.systemui/.sensorprivacy.television.TvSensorPrivacyChangedActivity (has extras)} with LAUNCH_SINGLE_TOP from uid 1000 (BAL_ALLOW_ALLOWLISTED_UID) result code=0
05-23 09:26:34.470 732 745 D OomAdjuster: Not killing cached processes
05-23 09:26:34.471 732 754 D DisplayManagerService: Drop pending events for gone uid 1037
05-23 09:26:34.486 732 820 E NativeTombstoneManager: Tombstone's UID (1002) not an app, ignoring
05-23 09:26:34.489 957 957 V WindowManagerShell: Adding init callback for DefaultTransitionHandler
05-23 09:26:34.489 957 957 V WindowManagerShell: addHandler: Default
05-23 09:26:34.490 957 957 V WindowManagerShell: addHandler: Remote
05-23 09:26:34.490 957 957 V WindowManagerShell: Adding init callback for Transitions
05-23 09:26:34.491 732 820 I DropBoxManagerService: add tag=SYSTEM_TOMBSTONE_PROTO_WITH_HEADERS isTagEnabled=true flags=0x4
05-23 09:26:34.507 732 746 W ActivityManager: Slow operation: 66ms so far, now at finishAttachApplicationInner: after mServices.attachApplicationLocked
05-23 09:26:34.508 732 746 W ActivityManager: Slow operation: 66ms so far, now at finishAttachApplicationInner: after dispatching broadcasts
05-23 09:26:34.515 957 957 V WindowManagerShell: Adding init callback for FullscreenTaskListener
05-23 09:26:34.517 732 732 W ActivityTaskManager: startActivity called from non-Activity context; forcing Intent.FLAG_ACTIVITY_NEW_TASK for: Intent { flg=0x840000 cmp=com.android.systemui/.sensorprivacy.television.TvSensorPrivacyChangedActivity (has extras) }
05-23 09:26:34.522 732 732 I ActivityTaskManager: START u0 {flg=0x840000 cmp=com.android.systemui/.sensorprivacy.television.TvSensorPrivacyChangedActivity (has extras)} with LAUNCH_SINGLE_TOP from uid 1000 (BAL_ALLOW_ALLOWLISTED_UID) result code=3
05-23 09:26:34.528 957 957 V WindowManagerShell: Adding init callback for ActivityEmbeddingController
05-23 09:26:34.531 732 732 W ActivityTaskManager: startActivity called from non-Activity context; forcing Intent.FLAG_ACTIVITY_NEW_TASK for: Intent { flg=0x840000 cmp=com.android.systemui/.sensorprivacy.television.TvSensorPrivacyChangedActivity (has extras) }
05-23 09:26:34.536 732 732 I ActivityTaskManager: START u0 {flg=0x840000 cmp=com.android.systemui/.sensorprivacy.television.TvSensorPrivacyChangedActivity (has extras)} with LAUNCH_SINGLE_TOP from uid 1000 (BAL_ALLOW_ALLOWLISTED_UID) result code=3
05-23 09:26:34.537 732 1019 D CompatibilityChangeReporter: Compat change id reported: 161145287; UID 10052; state: ENABLED
05-23 09:26:34.539 957 957 V WindowManagerShell: Adding init callback for StartingWindowController
05-23 09:26:34.540 732 732 W ActivityTaskManager: startActivity called from non-Activity context; forcing Intent.FLAG_ACTIVITY_NEW_TASK for: Intent { flg=0x840000 cmp=com.android.systemui/.sensorprivacy.television.TvSensorPrivacyChangedActivity (has extras) }
05-23 09:26:34.540 957 957 V WindowManagerShell: Adding init callback for ProtoLogController
05-23 09:26:34.543 732 1019 D CompatibilityChangeReporter: Compat change id reported: 253665015; UID 1073; state: ENABLED
05-23 09:26:34.543 732 732 I ActivityTaskManager: START u0 {flg=0x840000 cmp=com.android.systemui/.sensorprivacy.television.TvSensorPrivacyChangedActivity (has extras)} with LAUNCH_SINGLE_TOP from uid 1000 (BAL_ALLOW_ALLOWLISTED_UID) result code=3
05-23 09:26:34.544 732 732 W SystemServiceManager: Service com.android.server.sensorprivacy.SensorPrivacyService took 224 ms in onStartUser-0
05-23 09:26:34.544 732 732 V SystemServerTimingAsync: ssm.onStartUser-0_com.android.server.sensorprivacy.SensorPrivacyService took to complete: 224ms
05-23 09:26:34.544 732 1019 D CompatibilityChangeReporter: Compat change id reported: 194532703; UID 1073; state: ENABLED
05-23 09:26:34.544 732 732 D SystemServerTimingAsync: ssm.onStartUser-0_com.android.server.sensors.SensorService
05-23 09:26:34.544 732 732 V SystemServerTimingAsync: ssm.onStartUser-0_com.android.server.sensors.SensorService took to complete: 0ms
05-23 09:26:34.544 732 732 D SystemServerTimingAsync: ssm.onStartUser-0_com.android.server.SystemConfigService
05-23 09:26:34.544 732 732 V SystemServerTimingAsync: ssm.onStartUser-0_com.android.server.SystemConfigService took to complete: 0ms
05-23 09:26:34.544 732 732 D SystemServerTimingAsync: ssm.onStartUser-0_com.android.server.BatteryService
05-23 09:26:34.544 732 732 V SystemServerTimingAsync: ssm.onStartUser-0_com.android.server.BatteryService took to complete: 0ms
05-23 09:26:34.544 732 732 D SystemServerTimingAsync: ssm.onStartUser-0_com.android.server.usage.UsageStatsService
05-23 09:26:34.544 732 732 V SystemServerTimingAsync: ssm.onStartUser-0_com.android.server.usage.UsageStatsService took to complete: 0ms
05-23 09:26:34.544 732 732 D SystemServerTimingAsync: ssm.onStartUser-0_com.android.server.webkit.WebViewUpdateService
05-23 09:26:34.544 732 732 V SystemServerTimingAsync: ssm.onStartUser-0_com.android.server.webkit.WebViewUpdateService took to complete: 0ms
05-23 09:26:34.544 732 732 D SystemServerTimingAsync: ssm.onStartUser-0_com.android.server.CachedDeviceStateService
05-23 09:26:34.544 732 732 V SystemServerTimingAsync: ssm.onStartUser-0_com.android.server.CachedDeviceStateService took to complete: 0ms
05-23 09:26:34.544 732 732 D SystemServerTimingAsync: ssm.onStartUser-0_com.android.server.BinderCallsStatsService$LifeCycle
05-23 09:26:34.544 732 732 V SystemServerTimingAsync: ssm.onStartUser-0_com.android.server.BinderCallsStatsService$LifeCycle took to complete: 0ms
05-23 09:26:34.544 732 732 D SystemServerTimingAsync: ssm.onStartUser-0_com.android.server.LooperStatsService$Lifecycle
05-23 09:26:34.544 732 732 V SystemServerTimingAsync: ssm.onStartUser-0_com.android.server.LooperStatsService$Lifecycle took to complete: 0ms
05-23 09:26:34.544 732 732 D SystemServerTimingAsync: ssm.onStartUser-0_com.android.server.rollback.RollbackManagerService
05-23 09:26:34.544 732 732 V SystemServerTimingAsync: ssm.onStartUser-0_com.android.server.rollback.RollbackManagerService took to complete: 0ms
05-23 09:26:34.544 732 732 D SystemServerTimingAsync: ssm.onStartUser-0_com.android.server.os.NativeTombstoneManagerService
05-23 09:26:34.544 732 732 V SystemServerTimingAsync: ssm.onStartUser-0_com.android.server.os.NativeTombstoneManagerService took to complete: 0ms
05-23 09:26:34.544 732 732 D SystemServerTimingAsync: ssm.onStartUser-0_com.android.server.os.BugreportManagerService
05-23 09:26:34.544 732 732 V SystemServerTimingAsync: ssm.onStartUser-0_com.android.server.os.BugreportManagerService took to complete: 0ms
05-23 09:26:34.544 732 732 D SystemServerTimingAsync: ssm.onStartUser-0_com.android.server.gpu.GpuService
05-23 09:26:34.544 732 732 V SystemServerTimingAsync: ssm.onStartUser-0_com.android.server.gpu.GpuService took to complete: 0ms
05-23 09:26:34.544 732 732 D SystemServerTimingAsync: ssm.onStartUser-0_com.android.server.security.rkp.RemoteProvisioningService
05-23 09:26:34.544 732 732 V SystemServerTimingAsync: ssm.onStartUser-0_com.android.server.security.rkp.RemoteProvisioningService took to complete: 0ms
05-23 09:26:34.544 732 732 D SystemServerTimingAsync: ssm.onStartUser-0_com.android.server.cpu.CpuMonitorService
05-23 09:26:34.544 732 732 V SystemServerTimingAsync: ssm.onStartUser-0_com.android.server.cpu.CpuMonitorService took to complete: 0ms
05-23 09:26:34.544 732 732 D SystemServerTimingAsync: ssm.onStartUser-0_com.android.server.security.KeyChainSystemService
05-23 09:26:34.544 732 732 V SystemServerTimingAsync: ssm.onStartUser-0_com.android.server.security.KeyChainSystemService took to complete: 0ms
05-23 09:26:34.544 732 732 D SystemServerTimingAsync: ssm.onStartUser-0_com.android.server.BinaryTransparencyService
05-23 09:26:34.544 732 732 V SystemServerTimingAsync: ssm.onStartUser-0_com.android.server.BinaryTransparencyService took to complete: 0ms
05-23 09:26:34.544 732 732 D SystemServerTimingAsync: ssm.onStartUser-0_com.android.server.accounts.AccountManagerService$Lifecycle
05-23 09:26:34.544 732 732 V SystemServerTimingAsync: ssm.onStartUser-0_com.android.server.accounts.AccountManagerService$Lifecycle took to complete: 0ms
05-23 09:26:34.544 732 732 D SystemServerTimingAsync: ssm.onStartUser-0_com.android.server.content.ContentService$Lifecycle
05-23 09:26:34.545 957 957 V WindowManagerShell: Adding init callback for TvPipTransition
05-23 09:26:34.545 732 732 V SystemServerTimingAsync: ssm.onStartUser-0_com.android.server.content.ContentService$Lifecycle took to complete: 0ms
05-23 09:26:34.545 732 732 D SystemServerTimingAsync: ssm.onStartUser-0_com.android.server.deviceconfig.DeviceConfigInit$Lifecycle
05-23 09:26:34.545 732 732 V SystemServerTimingAsync: ssm.onStartUser-0_com.android.server.deviceconfig.DeviceConfigInit$Lifecycle took to complete: 0ms
05-23 09:26:34.545 732 732 D SystemServerTimingAsync: ssm.onStartUser-0_com.android.server.DropBoxManagerService
05-23 09:26:34.545 732 732 V SystemServerTimingAsync: ssm.onStartUser-0_com.android.server.DropBoxManagerService took to complete: 0ms
05-23 09:26:34.545 732 732 D SystemServerTimingAsync: ssm.onStartUser-0_com.android.role.RoleService
05-23 09:26:34.561 732 820 E NativeTombstoneManager: Tombstone's UID (1002) not an app, ignoring
05-23 09:26:34.563 732 820 E NativeTombstoneManager: Tombstone's UID (1002) not an app, ignoring
05-23 09:26:34.566 732 732 V SystemServerTimingAsync: ssm.onStartUser-0_com.android.role.RoleService took to complete: 21ms
05-23 09:26:34.566 732 732 D SystemServerTimingAsync: ssm.onStartUser-0_com.android.server.vibrator.VibratorManagerService$Lifecycle
05-23 09:26:34.566 732 732 V SystemServerTimingAsync: ssm.onStartUser-0_com.android.server.vibrator.VibratorManagerService$Lifecycle took to complete: 0ms
05-23 09:26:34.566 732 732 D SystemServerTimingAsync: ssm.onStartUser-0_com.android.server.tare.InternalResourceService
05-23 09:26:34.566 732 732 V SystemServerTimingAsync: ssm.onStartUser-0_com.android.server.tare.InternalResourceService took to complete: 0ms
05-23 09:26:34.566 732 732 D SystemServerTimingAsync: ssm.onStartUser-0_com.android.server.alarm.AlarmManagerService
05-23 09:26:34.566 732 732 V SystemServerTimingAsync: ssm.onStartUser-0_com.android.server.alarm.AlarmManagerService took to complete: 0ms
05-23 09:26:34.566 732 732 D SystemServerTimingAsync: ssm.onStartUser-0_com.android.server.devicestate.DeviceStateManagerService
05-23 09:26:34.566 732 732 V SystemServerTimingAsync: ssm.onStartUser-0_com.android.server.devicestate.DeviceStateManagerService took to complete: 0ms
05-23 09:26:34.566 732 732 D SystemServerTimingAsync: ssm.onStartUser-0_com.android.server.camera.CameraServiceProxy
05-23 09:26:34.568 732 820 E NativeTombstoneManager: Tombstone's UID (1002) not an app, ignoring
05-23 09:26:34.568 732 732 V SystemServerTimingAsync: ssm.onStartUser-0_com.android.server.camera.CameraServiceProxy took to complete: 1ms
05-23 09:26:34.568 732 732 D SystemServerTimingAsync: ssm.onStartUser-0_com.android.server.bluetooth.BluetoothService
05-23 09:26:34.573 732 820 E NativeTombstoneManager: Tombstone's UID (1002) not an app, ignoring
05-23 09:26:34.575 732 842 D CompatibilityChangeReporter: Compat change id reported: 135634846; UID 1002; state: DISABLED
05-23 09:26:34.576 957 957 D WindowManagerShell: TvPipActionsProvider: onMediaActionsChanged()
05-23 09:26:34.577 957 957 D WindowManagerShell: TvPipActionsProvider: replaceCustomActions, count: 0
05-23 09:26:34.577 957 957 D WindowManagerShell: TvPipMenuController: setDelegate(), delegate=com.android.wm.shell.pip.tv.TvPipController@4941f24
05-23 09:26:34.577 957 957 V WindowManagerShell: Adding init callback for TvPipController
05-23 09:26:34.577 957 957 V WindowManagerShell: Adding init callback for KeyguardTransitionHandler
05-23 09:26:34.590 957 957 V WindowManagerShell: Adding init callback for BackAnimationController
05-23 09:26:34.591 957 1021 V WindowManagerShell: Initializing Shell Components: 18
05-23 09:26:34.591 732 765 I ActivityManager: Start proc 1067:com.android.bluetooth/1002 for service {com.android.bluetooth/com.android.bluetooth.btservice.AdapterService}
05-23 09:26:34.592 732 820 E NativeTombstoneManager: Tombstone's UID (1002) not an app, ignoring
05-23 09:26:34.593 957 1021 V WindowManagerShell: DisplayChangeController init took 2ms
05-23 09:26:34.595 732 820 E NativeTombstoneManager: Tombstone's UID (1002) not an app, ignoring
05-23 09:26:34.595 957 1021 V WindowManagerShell: DisplayController init took 2ms
05-23 09:26:34.607 732 820 E NativeTombstoneManager: Tombstone's UID (1002) not an app, ignoring
05-23 09:26:34.610 732 820 E NativeTombstoneManager: Tombstone's UID (1002) not an app, ignoring
05-23 09:26:34.633 957 1021 V WindowManagerShell: DisplayInsetsController init took 37ms
05-23 09:26:34.633 957 1021 V WindowManagerShell: DisplayImeController init took 0ms
05-23 09:26:34.633 957 1021 V WindowManagerShell: Adding dump callback for ShellController
05-23 09:26:34.633 957 1021 V WindowManagerShell: ShellController init took 0ms
05-23 09:26:34.633 957 1021 V WindowManagerShell: Adding external interface from DragAndDropController with key extra_shell_drag_and_drop
05-23 09:26:34.634 957 1021 V WindowManagerShell: Adding dump callback for DragAndDropController
05-23 09:26:34.634 957 1021 V WindowManagerShell: DragAndDropController init took 1ms
05-23 09:26:34.634 957 1021 V WindowManagerShell: Adding command class compatui for CompatUIShellCommandHandler
05-23 09:26:34.634 957 1021 V WindowManagerShell: CompatUIController init took 0ms
05-23 09:26:34.634 957 1021 V WindowManagerShell: Adding dump callback for ShellTaskOrganizer
05-23 09:26:34.634 732 746 D GameManagerService: User ID '0' does not have a Game Mode selected for package: 'com.android.bluetooth'
05-23 09:26:34.635 732 746 D CompatibilityChangeReporter: Compat change id reported: 168419799; UID 1002; state: DISABLED
05-23 09:26:34.635 732 746 D CompatibilityChangeReporter: Compat change id reported: 273564678; UID 1002; state: DISABLED
05-23 09:26:34.637 732 732 W SystemServiceManager: Service com.android.server.bluetooth.BluetoothService took 69 ms in onStartUser-0
05-23 09:26:34.637 732 732 V SystemServerTimingAsync: ssm.onStartUser-0_com.android.server.bluetooth.BluetoothService took to complete: 70ms
05-23 09:26:34.637 732 732 D SystemServerTimingAsync: ssm.onStartUser-0_com.android.server.connectivity.IpConnectivityMetrics
05-23 09:26:34.637 732 732 V SystemServerTimingAsync: ssm.onStartUser-0_com.android.server.connectivity.IpConnectivityMetrics took to complete: 0ms
05-23 09:26:34.637 732 732 D SystemServerTimingAsync: ssm.onStartUser-0_com.android.server.net.watchlist.NetworkWatchlistService$Lifecycle
05-23 09:26:34.638 732 732 V SystemServerTimingAsync: ssm.onStartUser-0_com.android.server.net.watchlist.NetworkWatchlistService$Lifecycle took to complete: 0ms
05-23 09:26:34.638 732 732 D SystemServerTimingAsync: ssm.onStartUser-0_com.android.server.PinnerService
05-23 09:26:34.638 732 732 V SystemServerTimingAsync: ssm.onStartUser-0_com.android.server.PinnerService took to complete: 0ms
05-23 09:26:34.638 732 732 D SystemServerTimingAsync: ssm.onStartUser-0_com.android.server.integrity.AppIntegrityManagerService
05-23 09:26:34.638 732 732 V SystemServerTimingAsync: ssm.onStartUser-0_com.android.server.integrity.AppIntegrityManagerService took to complete: 0ms
05-23 09:26:34.638 732 732 D SystemServerTimingAsync: ssm.onStartUser-0_com.android.server.logcat.LogcatManagerService
05-23 09:26:34.638 732 732 V SystemServerTimingAsync: ssm.onStartUser-0_com.android.server.logcat.LogcatManagerService took to complete: 0ms
05-23 09:26:34.638 732 732 D SystemServerTimingAsync: ssm.onStartUser-0_com.android.server.inputmethod.InputMethodManagerService$Lifecycle
05-23 09:26:34.638 732 732 V SystemServerTimingAsync: ssm.onStartUser-0_com.android.server.inputmethod.InputMethodManagerService$Lifecycle took to complete: 0ms
05-23 09:26:34.638 732 732 D SystemServerTimingAsync: ssm.onStartUser-0_com.android.server.accessibility.AccessibilityManagerService$Lifecycle
05-23 09:26:34.638 732 732 V SystemServerTimingAsync: ssm.onStartUser-0_com.android.server.accessibility.AccessibilityManagerService$Lifecycle took to complete: 0ms
05-23 09:26:34.638 732 732 D SystemServerTimingAsync: ssm.onStartUser-0_com.android.server.StorageManagerService$Lifecycle
05-23 09:26:34.641 732 732 V StorageManagerService: Package com.dangbei.lerad.leradwatcher has legacy storage
05-23 09:26:34.641 732 732 V StorageManagerService: Package com.android.cts.priv.ctsshim does not have legacy storage
05-23 09:26:34.642 957 1021 V WindowManagerShell: ShellTaskOrganizer init took 9ms
05-23 09:26:34.646 732 815 D CompatibilityChangeReporter: Compat change id reported: 265195908; UID 1002; state: ENABLED
05-23 09:26:34.655 732 732 V StorageManagerService: Package com.android.uwb.resources does not have legacy storage
05-23 09:26:34.656 732 732 V StorageManagerService: Package com.android.adservices.api does not have legacy storage
05-23 09:26:34.656 732 732 V StorageManagerService: Package com.android.dynsystem does not have legacy storage
05-23 09:26:34.656 732 732 V StorageManagerService: Package com.dangbei.lerad.rocky does not have legacy storage
05-23 09:26:34.656 732 732 V StorageManagerService: Package com.android.healthconnect.controller does not have legacy storage
05-23 09:26:34.656 732 732 V StorageManagerService: Package com.android.providers.calendar does not have legacy storage
05-23 09:26:34.656 732 732 V StorageManagerService: Package com.android.tv.settings does not have legacy storage
05-23 09:26:34.656 732 732 V StorageManagerService: Package com.android.providers.media does not have legacy storage
05-23 09:26:34.656 732 732 V StorageManagerService: Package com.android.health.connect.backuprestore does not have legacy storage
05-23 09:26:34.656 732 732 V StorageManagerService: Package com.android.virtualmachine.res does not have legacy storage
05-23 09:26:34.656 732 732 V StorageManagerService: Package com.dangbei.zhushou.os does not have legacy storage
05-23 09:26:34.656 732 732 V StorageManagerService: Package com.sohu.inputmethod.sogou.tv has legacy storage
05-23 09:26:34.657 732 732 V StorageManagerService: Package com.droidlogic.tvprovider.overlay does not have legacy storage
05-23 09:26:34.657 732 732 V StorageManagerService: Package com.android.externalstorage does not have legacy storage
05-23 09:26:34.657 732 732 V StorageManagerService: Package com.android.htmlviewer does not have legacy storage
05-23 09:26:34.657 732 732 V StorageManagerService: Package com.android.companiondevicemanager does not have legacy storage
05-23 09:26:34.657 732 732 V StorageManagerService: Package com.android.providers.downloads does not have legacy storage
05-23 09:26:34.657 732 732 V StorageManagerService: Package com.android.providers.tv does not have legacy storage
05-23 09:26:34.657 732 732 V StorageManagerService: Package com.droidlogic.mediacenter does not have legacy storage
05-23 09:26:34.657 732 732 V StorageManagerService: Package com.android.federatedcompute.services does not have legacy storage
05-23 09:26:34.657 732 732 V StorageManagerService: Package com.droidlogic does not have legacy storage
05-23 09:26:34.657 732 732 V StorageManagerService: Package com.droidlogic.tv.settings does not have legacy storage
05-23 09:26:34.657 732 732 V StorageManagerService: Package com.oranth.ledstatus does not have legacy storage
05-23 09:26:34.662 732 732 V StorageManagerService: Package com.android.tv.overlay.lps.disabled does not have legacy storage
05-23 09:26:34.662 732 732 V StorageManagerService: Package com.ktcp.video has legacy storage
05-23 09:26:34.662 732 732 V StorageManagerService: Package com.dangbei.lerad.videoposter has legacy storage
05-23 09:26:34.662 732 732 V StorageManagerService: Package com.android.tv.overlay.settingsprovider does not have legacy storage
05-23 09:26:34.662 732 732 V StorageManagerService: Package com.android.safetycenter.resources does not have legacy storage
05-23 09:26:34.662 732 732 V StorageManagerService: Package com.android.pacprocessor does not have legacy storage
05-23 09:26:34.662 732 732 V StorageManagerService: Package com.android.networkstack does not have legacy storage
05-23 09:26:34.662 732 732 V StorageManagerService: Package com.android.connectivity.resources does not have legacy storage
05-23 09:26:34.663 732 732 V StorageManagerService: Package com.android.modulemetadata does not have legacy storage
05-23 09:26:34.663 732 732 V StorageManagerService: Package com.android.certinstaller does not have legacy storage
05-23 09:26:34.663 732 732 V StorageManagerService: Package com.android.wifi.dialog does not have legacy storage
05-23 09:26:34.663 732 732 V StorageManagerService: Package android does not have legacy storage
05-23 09:26:34.663 732 732 V StorageManagerService: Package com.android.camera2 does not have legacy storage
05-23 09:26:34.663 732 732 V StorageManagerService: Package com.android.mtp does not have legacy storage
05-23 09:26:34.663 732 732 V StorageManagerService: Package com.android.backupconfirm does not have legacy storage
05-23 09:26:34.663 732 732 V StorageManagerService: Package com.android.systemui.auto_generated_rro_vendor__ does not have legacy storage
05-23 09:26:34.663 732 732 V StorageManagerService: Package com.android.tv.overlay.networkstack does not have legacy storage
05-23 09:26:34.663 732 732 V StorageManagerService: Package com.android.statementservice does not have legacy storage
05-23 09:26:34.663 732 732 V StorageManagerService: Package com.dangbei.screencast has legacy storage
05-23 09:26:34.663 732 732 V StorageManagerService: Package com.android.settings.intelligence does not have legacy storage
05-23 09:26:34.663 732 732 V StorageManagerService: Package com.bestv.ott.baseservices.gw has legacy storage
05-23 09:26:34.663 732 732 V StorageManagerService: Package com.dangbei.leard.leradlauncher does not have legacy storage
05-23 09:26:34.664 732 732 V StorageManagerService: Package com.android.providers.settings does not have legacy storage
05-23 09:26:34.664 732 732 V StorageManagerService: Package com.android.sharedstoragebackup does not have legacy storage
05-23 09:26:34.664 732 732 V StorageManagerService: Package com.android.printspooler does not have legacy storage
05-23 09:26:34.664 732 732 V StorageManagerService: Package com.android.dreams.basic does not have legacy storage
05-23 09:26:34.664 732 732 V StorageManagerService: Package com.android.webview does not have legacy storage
05-23 09:26:34.664 732 732 V StorageManagerService: Package com.android.se does not have legacy storage
05-23 09:26:34.664 732 732 V StorageManagerService: Package com.android.inputdevices does not have legacy storage
05-23 09:26:34.664 732 732 V StorageManagerService: Package com.android.rkpdapp does not have legacy storage
05-23 09:26:34.664 732 732 V StorageManagerService: Package com.android.tv.overlay.wifi.resources does not have legacy storage
05-23 09:26:34.664 732 732 V StorageManagerService: Package com.oranth.inputmacsn does not have legacy storage
05-23 09:26:34.664 732 732 V StorageManagerService: Package com.android.musicfx does not have legacy storage
05-23 09:26:34.664 732 732 V StorageManagerService: Package com.dangbei.hqguide does not have legacy storage
05-23 09:26:34.665 732 732 V StorageManagerService: Package com.dangbei.hqmedia does not have legacy storage
05-23 09:26:34.665 732 732 V StorageManagerService: Package com.droidlogic.systemui.overlay does not have legacy storage
05-23 09:26:34.665 732 732 V StorageManagerService: Package android.ext.shared does not have legacy storage
05-23 09:26:34.665 732 732 V StorageManagerService: Package com.android.keychain does not have legacy storage
05-23 09:26:34.666 957 1021 V WindowManagerShell: DefaultTransitionHandler init took 23ms
05-23 09:26:34.666 732 732 V StorageManagerService: Package com.dlg.framework.overlay does not have legacy storage
05-23 09:26:34.666 732 732 V StorageManagerService: Package android.ext.services does not have legacy storage
05-23 09:26:34.666 732 732 V StorageManagerService: Package com.android.wifi.resources does not have legacy storage
05-23 09:26:34.666 732 732 V StorageManagerService: Package com.android.cameraextensions does not have legacy storage
05-23 09:26:34.666 732 732 V StorageManagerService: Package com.android.localtransport does not have legacy storage
05-23 09:26:34.666 732 732 V StorageManagerService: Package com.android.networkstack.tethering.droidlogic does not have legacy storage
05-23 09:26:34.666 732 732 V StorageManagerService: Package com.droidlogic.mictoggle does not have legacy storage
05-23 09:26:34.666 732 732 V StorageManagerService: Package com.android.packageinstaller does not have legacy storage
05-23 09:26:34.666 732 732 V StorageManagerService: Package com.cskj.factorytest does not have legacy storage
05-23 09:26:34.666 732 732 V StorageManagerService: Package com.android.proxyhandler does not have legacy storage
05-23 09:26:34.666 732 732 V StorageManagerService: Package com.android.intentresolver does not have legacy storage
05-23 09:26:34.666 732 732 V StorageManagerService: Package com.android.nearby.halfsheet does not have legacy storage
05-23 09:26:34.666 957 1021 V WindowManagerShell: Adding external interface from Transitions with key extra_shell_shell_transitions
05-23 09:26:34.666 732 732 V StorageManagerService: Package com.android.managedprovisioning does not have legacy storage
05-23 09:26:34.666 732 732 V StorageManagerService: Package com.oranth.usbopenft does not have legacy storage
05-23 09:26:34.666 732 732 V StorageManagerService: Package com.android.networkstack.tethering does not have legacy storage
05-23 09:26:34.667 732 732 V StorageManagerService: Package com.android.soundpicker does not have legacy storage
05-23 09:26:34.667 732 732 V StorageManagerService: Package com.dangbei.lerad.etna.haqu does not have legacy storage
05-23 09:26:34.667 732 732 V StorageManagerService: Package com.droidlogic.miracast does not have legacy storage
05-23 09:26:34.667 732 732 V StorageManagerService: Package com.amlogic.tv.overlay.matchcontent does not have legacy storage
05-23 09:26:34.667 732 732 V StorageManagerService: Package com.droidlogic.wifitetheringoverlay does not have legacy storage
05-23 09:26:34.667 732 732 V StorageManagerService: Package com.tv.filemanager.os has legacy storage
05-23 09:26:34.667 732 732 V StorageManagerService: Package com.oranth.powerwindow does not have legacy storage
05-23 09:26:34.667 732 732 V StorageManagerService: Package com.android.cts.ctsshim does not have legacy storage
05-23 09:26:34.667 732 732 V StorageManagerService: Package com.dangbei.lerad.screensaver does not have legacy storage
05-23 09:26:34.667 732 732 V StorageManagerService: Package com.droidlogic.wifion does not have legacy storage
05-23 09:26:34.667 732 732 V StorageManagerService: Package com.android.vpndialogs does not have legacy storage
05-23 09:26:34.668 732 732 V StorageManagerService: Package com.android.music does not have legacy storage
05-23 09:26:34.668 732 732 V StorageManagerService: Package com.android.shell does not have legacy storage
05-23 09:26:34.668 732 732 V StorageManagerService: Package com.android.sdksandbox does not have legacy storage
05-23 09:26:34.668 732 732 V StorageManagerService: Package com.android.wallpaperbackup does not have legacy storage
05-23 09:26:34.668 732 732 V StorageManagerService: Package com.android.providers.userdictionary does not have legacy storage
05-23 09:26:34.668 732 732 V StorageManagerService: Package com.android.providers.media.module does not have legacy storage
05-23 09:26:34.668 732 732 V StorageManagerService: Package com.oranth.storage does not have legacy storage
05-23 09:26:34.669 732 732 V StorageManagerService: Package com.android.hotspot2.osulogin does not have legacy storage
05-23 09:26:34.669 732 732 V StorageManagerService: Package com.android.location.fused does not have legacy storage
05-23 09:26:34.669 732 732 V StorageManagerService: Package com.android.deskclock does not have legacy storage
05-23 09:26:34.669 732 732 V StorageManagerService: Package com.android.systemui does not have legacy storage
05-23 09:26:34.669 732 732 V StorageManagerService: Package com.dangbei.haqusetting does not have legacy storage
05-23 09:26:34.669 732 732 V StorageManagerService: Package com.android.tv.overlay.framework does not have legacy storage
05-23 09:26:34.670 732 732 V StorageManagerService: Package com.android.permissioncontroller does not have legacy storage
05-23 09:26:34.670 732 732 V StorageManagerService: Package com.droidlogic.appinstall does not have legacy storage
05-23 09:26:34.670 732 732 V StorageManagerService: Package com.android.ondevicepersonalization.services does not have legacy storage
05-23 09:26:34.670 732 732 V StorageManagerService: Package com.android.bluetooth does not have legacy storage
05-23 09:26:34.670 732 732 V StorageManagerService: Package com.android.providers.contacts does not have legacy storage
05-23 09:26:34.671 732 732 V StorageManagerService: Package com.android.captiveportallogin does not have legacy storage
05-23 09:26:34.671 732 732 V StorageManagerService: Package com.droidlogic.overlay does not have legacy storage
05-23 09:26:34.671 732 732 V StorageManagerService: Package com.android.devicelockcontroller does not have legacy storage
05-23 09:26:34.671 732 732 V StorageManagerService: Package com.android.ext.adservices.api does not have legacy storage
05-23 09:26:34.671 732 732 V StorageManagerService: Package android.auto_generated_rro_vendor__ does not have legacy storage
05-23 09:26:34.672 732 732 V SystemServerTimingAsync: ssm.onStartUser-0_com.android.server.StorageManagerService$Lifecycle took to complete: 35ms
05-23 09:26:34.673 732 732 D SystemServerTimingAsync: ssm.onStartUser-0_com.android.server.usage.StorageStatsService$Lifecycle
05-23 09:26:34.673 732 732 V SystemServerTimingAsync: ssm.onStartUser-0_com.android.server.usage.StorageStatsService$Lifecycle took to complete: 0ms
05-23 09:26:34.673 732 732 D SystemServerTimingAsync: ssm.onStartUser-0_com.android.server.UiModeManagerService
05-23 09:26:34.673 732 732 V SystemServerTimingAsync: ssm.onStartUser-0_com.android.server.UiModeManagerService took to complete: 0ms
05-23 09:26:34.673 732 732 D SystemServerTimingAsync: ssm.onStartUser-0_com.android.server.locales.LocaleManagerService
05-23 09:26:34.673 732 732 V SystemServerTimingAsync: ssm.onStartUser-0_com.android.server.locales.LocaleManagerService took to complete: 0ms
05-23 09:26:34.673 732 732 D SystemServerTimingAsync: ssm.onStartUser-0_com.android.server.grammaticalinflection.GrammaticalInflectionService
05-23 09:26:34.673 732 732 V SystemServerTimingAsync: ssm.onStartUser-0_com.android.server.grammaticalinflection.GrammaticalInflectionService took to complete: 0ms
05-23 09:26:34.673 732 732 D SystemServerTimingAsync: ssm.onStartUser-0_com.android.server.apphibernation.AppHibernationService
05-23 09:26:34.673 732 732 V SystemServerTimingAsync: ssm.onStartUser-0_com.android.server.apphibernation.AppHibernationService took to complete: 0ms
05-23 09:26:34.673 732 732 D SystemServerTimingAsync: ssm.onStartUser-0_com.android.server.locksettings.LockSettingsService$Lifecycle
05-23 09:26:34.673 732 732 V SystemServerTimingAsync: ssm.onStartUser-0_com.android.server.locksettings.LockSettingsService$Lifecycle took to complete: 0ms
05-23 09:26:34.673 732 732 D SystemServerTimingAsync: ssm.onStartUser-0_com.android.server.PersistentDataBlockService
05-23 09:26:34.673 732 732 V SystemServerTimingAsync: ssm.onStartUser-0_com.android.server.PersistentDataBlockService took to complete: 0ms
05-23 09:26:34.673 732 732 D SystemServerTimingAsync: ssm.onStartUser-0_com.android.server.testharness.TestHarnessModeService
05-23 09:26:34.673 732 732 V SystemServerTimingAsync: ssm.onStartUser-0_com.android.server.testharness.TestHarnessModeService took to complete: 0ms
05-23 09:26:34.673 732 732 D SystemServerTimingAsync: ssm.onStartUser-0_com.android.server.oemlock.OemLockService
05-23 09:26:34.673 732 732 V SystemServerTimingAsync: ssm.onStartUser-0_com.android.server.oemlock.OemLockService took to complete: 0ms
05-23 09:26:34.673 732 732 D SystemServerTimingAsync: ssm.onStartUser-0_com.android.server.DeviceIdleController
05-23 09:26:34.673 732 732 V SystemServerTimingAsync: ssm.onStartUser-0_com.android.server.DeviceIdleController took to complete: 0ms
05-23 09:26:34.673 732 732 D SystemServerTimingAsync: ssm.onStartUser-0_com.android.server.devicepolicy.DevicePolicyManagerService$Lifecycle
05-23 09:26:34.674 957 1021 V WindowManagerShell: Adding command class transitions for Transitions
05-23 09:26:34.674 957 1021 V WindowManagerShell: Transitions init took 8ms
05-23 09:26:34.674 957 1021 V WindowManagerShell: FullscreenTaskListener init took 0ms
05-23 09:26:34.674 957 1021 V WindowManagerShell: addHandler: ActivityEmbeddingController
05-23 09:26:34.674 957 1021 V WindowManagerShell: ActivityEmbeddingController init took 0ms
05-23 09:26:34.674 957 1021 V WindowManagerShell: Adding external interface from StartingWindowController with key extra_shell_starting_window
05-23 09:26:34.674 957 1021 V WindowManagerShell: StartingWindowController init took 0ms
05-23 09:26:34.674 957 1021 V WindowManagerShell: Adding command class protolog for ProtoLogController
05-23 09:26:34.674 957 1021 V WindowManagerShell: ProtoLogController init took 0ms
05-23 09:26:34.674 957 1021 V WindowManagerShell: addHandler: TvPipTransition
05-23 09:26:34.674 957 1021 V WindowManagerShell: TvPipTransition init took 0ms
05-23 09:26:34.682 957 1021 V WindowManagerShell: TvPipController init took 7ms
05-23 09:26:34.682 957 1021 V WindowManagerShell: addHandler: KeyguardTransitionHandler
05-23 09:26:34.682 957 1021 V WindowManagerShell: KeyguardTransitionHandler init took 0ms
05-23 09:26:34.685 957 1021 D ShellBackPreview: Back animation enabled=false
05-23 09:26:34.689 732 732 V SystemServerTimingAsync: ssm.onStartUser-0_com.android.server.devicepolicy.DevicePolicyManagerService$Lifecycle took to complete: 16ms
05-23 09:26:34.689 732 732 D SystemServerTimingAsync: ssm.onStartUser-0_com.android.server.texttospeech.TextToSpeechManagerService
05-23 09:26:34.689 732 732 V SystemServerTimingAsync: ssm.onStartUser-0_com.android.server.texttospeech.TextToSpeechManagerService took to complete: 0ms
05-23 09:26:34.689 732 732 D SystemServerTimingAsync: ssm.onStartUser-0_com.android.server.ambientcontext.AmbientContextManagerService
05-23 09:26:34.689 732 732 V SystemServerTimingAsync: ssm.onStartUser-0_com.android.server.ambientcontext.AmbientContextManagerService took to complete: 0ms
05-23 09:26:34.689 732 732 D SystemServerTimingAsync: ssm.onStartUser-0_com.android.server.wearable.WearableSensingManagerService
05-23 09:26:34.689 732 732 V SystemServerTimingAsync: ssm.onStartUser-0_com.android.server.wearable.WearableSensingManagerService took to complete: 0ms
05-23 09:26:34.689 732 732 D SystemServerTimingAsync: ssm.onStartUser-0_com.android.server.speech.SpeechRecognitionManagerService
05-23 09:26:34.689 732 732 V SystemServerTimingAsync: ssm.onStartUser-0_com.android.server.speech.SpeechRecognitionManagerService took to complete: 0ms
05-23 09:26:34.689 732 732 D SystemServerTimingAsync: ssm.onStartUser-0_com.android.server.searchui.SearchUiManagerService
05-23 09:26:34.689 732 732 V SystemServerTimingAsync: ssm.onStartUser-0_com.android.server.searchui.SearchUiManagerService took to complete: 0ms
05-23 09:26:34.689 732 732 D SystemServerTimingAsync: ssm.onStartUser-0_com.android.server.smartspace.SmartspaceManagerService
05-23 09:26:34.689 732 732 V SystemServerTimingAsync: ssm.onStartUser-0_com.android.server.smartspace.SmartspaceManagerService took to complete: 0ms
05-23 09:26:34.689 732 732 D SystemServerTimingAsync: ssm.onStartUser-0_com.android.server.graphics.fonts.FontManagerService$Lifecycle
05-23 09:26:34.689 732 732 V SystemServerTimingAsync: ssm.onStartUser-0_com.android.server.graphics.fonts.FontManagerService$Lifecycle took to complete: 0ms
05-23 09:26:34.689 732 732 D SystemServerTimingAsync: ssm.onStartUser-0_com.android.server.textservices.TextServicesManagerService$Lifecycle
05-23 09:26:34.689 957 1021 V WindowManagerShell: Adding external interface from BackAnimationController with key extra_shell_back_animation
05-23 09:26:34.689 732 732 V SystemServerTimingAsync: ssm.onStartUser-0_com.android.server.textservices.TextServicesManagerService$Lifecycle took to complete: 0ms
05-23 09:26:34.689 732 732 D SystemServerTimingAsync: ssm.onStartUser-0_com.android.server.textclassifier.TextClassificationManagerService$Lifecycle
05-23 09:26:34.692 732 732 V SystemServerTimingAsync: ssm.onStartUser-0_com.android.server.textclassifier.TextClassificationManagerService$Lifecycle took to complete: 2ms
