01-01 08:01:06.068 0 0 I : [1 T358 ..] [drm] am_meson_crtc_atomic_enable-[0]: enable mode smpte60hz final vmode 0
01-01 08:01:06.070 0 0 I [1 T358 ..] [hdmitx: ] set21_s7d_htxpll_clk_out[96] htxpll vco 3712500 div 1
01-01 08:01:06.070 0 0 I [1 T358 ..] [hdmitx: ] pll_od0 = 0, pll_od2 = 0, pll_od1 = 1
01-01 08:01:06.071 0 0 I [1 T358 ..] [hdmitx: ] clocks_set_vid_clk_div_for_hdmi[402] div = 8
01-01 08:01:06.072 0 0 I [1 T358 ..] [hdmitx: ] configure venc
01-01 08:01:06.072 0 0 I [1 T358 ..] [hdmitx: ] config_tv_enc_calc[63] vic = 102
01-01 08:01:06.073 0 0 I [1 T358 ..] [hdmitx: ] hdmitx_soft_reset[1261]
01-01 08:01:06.074 0 0 I [1 T358 ..] [hdmitx: ] config hdmitx IP vic = 102 cd:5 cs: 3
01-01 08:01:06.075 0 0 I [1 T358 ..] [hdmitx: ] configure hdmitx21
05-23 16:12:49.305 492 505 D hdmicecd: [CEC]:printCecMessage, [4 -> 4] len: 0, body:, result:no ack
05-23 16:12:49.308 551 1589 I AudioFlinger: openOutput() this 0xe8340cd0, module 10 Device AUDIO_DEVICE_OUT_HDMI, @:, SamplingRate 32000, Format 0x000001, Channels 0x1, flags 0x41
05-23 16:12:49.308 483 2749 D audio_hw_hal_primary: [adev_open_output_stream_new:7868] enter: dev=0xea4c14a0 handle=cd devices=0x400/'HDMI,' flags=0x41/'DIRECT,HW_AV_SYNC,' config=(rt=32000 ch_mask=0x1 fmt=0x1) address=''
05-23 16:12:49.309 483 2749 D audio_hw_hal_primary: adev_open_output_stream_new: enter
05-23 16:12:49.309 483 2749 I audio_hw_hal_primary: [adev_open_output_stream:3285] io 205: out:0xea405650 dev:OUT_HDMI(0x400) addr:
05-23 16:12:49.309 483 2749 I audio_hw_hal_primary: [adev_open_output_stream:3287] ch_mask:0x1 rate:32000 format:PCM_16_BIT(0x1) flags:0x41
05-23 16:12:49.309 483 2749 D audio_hw_hal_primary: [adev_open_output_stream:3573] format=PCM_16_BIT rate=32000
05-23 16:12:49.309 483 2749 I audio_hw_hal_primary: init resampler from 32000 to 48000!
05-23 16:12:49.309 483 2749 D audio_hw_utils_resampler: resampler_init, Init Resampler: input_sr = 32000, output_sr = 48000
05-23 16:12:49.309 483 2749 I audio_hw_hal_primary: [adev_open_output_stream:3610] result profile ch_mask:0x1 rate:32000 format:PCM_16_BIT(0x1) usecase:PCM_HWSYNC
05-23 16:12:49.309 483 2749 D audio_hw_hal_timer: func:audio_timer_create create timer.1 success.
05-23 16:12:49.309 483 2749 D audio_hw_hal_timer: func:audio_timer_create create timer.2 success.
05-23 16:12:49.310 483 2749 D audio_hw_hal_primary: [adev_open_output_stream_new:7980] timer_id:1
05-23 16:12:49.310 483 2749 I audio_hw_hal_utils: aml_get_stream_dump_file_name line 2929 file_name /data/vendor/audiohal/stream_pid483_tid2749.pcm
05-23 16:12:49.310 483 2749 I audio_hw_hal_primary: [adev_open_output_stream_new:8037] io 205: out: 0xea405650 card:0 alsa devices:0 exit ------
05-23 16:12:49.311 483 2749 I audio_hw_hal_primary: [out_get_buffer_size:552] out:0xea405650 config.rate=32000, format:PCM_16_BIT(0x1), stream format:PCM_16_BIT(0x1)
05-23 16:12:49.311 551 1589 I AudioFlinger: HAL output buffer size 2068 frames, normal sink buffer size 2068 frames
05-23 16:12:49.311 483 2749 I audio_hw_hal_primary: [audiohal_get_latency:1333] io 205: out:0xea405650 frames:1152 rate:32000 whole_latency:36 alsa_latency:36
05-23 16:12:49.311 483 2749 I audio_hw_hal_primary: [out_set_event_callback:3158] io 205: out:0xea405650, callback:0xec24c91d cookie:0xecc40430
05-23 16:12:49.312 483 2749 I audio_hw_hal_primary: [audiohal_get_latency:1333] io 205: out:0xea405650 frames:1152 rate:32000 whole_latency:36 alsa_latency:36
05-23 16:12:49.312 483 2749 I audio_hw_hal_primary: [audiohal_get_latency:1333] io 205: out:0xea405650 frames:1152 rate:32000 whole_latency:36 alsa_latency:36
05-23 16:12:49.313 551 2756 I AudioFlinger: AudioFlinger's thread 0xe26a85b0 tid=2756 ready to run
05-23 16:12:49.314 551 2756 D AudioFlinger: ro.audio.silent is ignored since no output device is set
05-23 16:12:49.315 483 2749 D audio_hw_hal_primary: [out_standby_new:5767] io 205: out:0xea405650 usecase:PCM_HWSYNC
05-23 16:12:49.315 483 2749 I audio_hw_hal_primary: already standby, do nothing
01-01 08:01:06.081 0 0 E [1 T358 ..] [hdmitx: ] *HDMITX_ERROR* hdmitx21_poll_reg addr:0x8 exp_data:0x0 rd_data:0x10 poll time-out!
01-01 08:01:06.082 0 0 I [1 T358 ..] [hdmitx: ] hdmitx_set_dispmode[1527] frl_rate 0 htotal 4400 cs 3 cd 5 h_unstable 0
05-23 16:12:49.317 551 2756 D AudioFlinger: ro.audio.silent is ignored since no output device is set
05-23 16:12:49.318 275 275 E Scheduler: trackPendingFrame: Invalid present fence
05-23 16:12:49.319 551 2756 D AudioFlinger: ro.audio.silent is ignored since no output device is set
05-23 16:12:49.323 551 2756 D AudioFlinger: ro.audio.silent is ignored since no output device is set
05-23 16:12:49.324 551 2756 D AudioFlinger: ro.audio.silent is ignored since no output device is set
05-23 16:12:49.325 551 2756 D AudioFlinger: ro.audio.silent is ignored since no output device is set
05-23 16:12:49.326 551 2756 D AudioFlinger: ro.audio.silent is ignored since no output device is set
05-23 16:12:49.329 551 2756 D AudioFlinger: ro.audio.silent is ignored since no output device is set
05-23 16:12:49.330 551 2756 D AudioFlinger: ro.audio.silent is ignored since no output device is set
05-23 16:12:49.331 551 2756 D AudioFlinger: ro.audio.silent is ignored since no output device is set
05-23 16:12:49.332 551 1589 I AudioFlinger: openOutput() this 0xe8340cd0, module 10 Device AUDIO_DEVICE_OUT_HDMI, @:, SamplingRate 0, Format 00000000, Channels 0, flags 0x41
05-23 16:12:49.332 483 2749 D audio_hw_hal_primary: [adev_open_output_stream_new:7868] enter: dev=0xea4c14a0 handle=d5 devices=0x400/'HDMI,' flags=0x41/'DIRECT,HW_AV_SYNC,' config=(rt=0 ch_mask=0x0 fmt=0x0) address=''
05-23 16:12:49.332 483 2749 D audio_hw_hal_primary: adev_open_output_stream_new: enter
05-23 16:12:49.332 483 2749 I audio_hw_hal_primary: [adev_open_output_stream:3285] io 213: out:0xea402400 dev:OUT_HDMI(0x400) addr:
05-23 16:12:49.332 483 2749 I audio_hw_hal_primary: [adev_open_output_stream:3287] ch_mask:0 rate:0 format:DEFAULT(0) flags:0x41
05-23 16:12:49.332 483 2749 D audio_hw_hal_primary: [adev_open_output_stream:3573] format=PCM_16_BIT rate=48000
05-23 16:12:49.332 483 2749 I audio_hw_hal_primary: [adev_open_output_stream:3610] result profile ch_mask:0x3 rate:48000 format:PCM_16_BIT(0x1) usecase:PCM_HWSYNC
05-23 16:12:49.333 483 2749 D audio_hw_hal_timer: func:audio_timer_create create timer.3 success.
05-23 16:12:49.333 483 2749 D audio_hw_hal_timer: func:audio_timer_create create timer.4 success.
05-23 16:12:49.333 483 2749 D audio_hw_hal_primary: [adev_open_output_stream_new:7980] timer_id:3
05-23 16:12:49.333 483 2749 I audio_hw_hal_utils: aml_get_stream_dump_file_name line 2929 file_name /data/vendor/audiohal/stream_pid483_tid2749.pcm
05-23 16:12:49.333 483 2749 I audio_hw_hal_primary: [adev_open_output_stream_new:8037] io 213: out: 0xea402400 card:0 alsa devices:0 exit ------
05-23 16:12:49.335 275 275 E Scheduler: trackPendingFrame: Invalid present fence
05-23 16:12:49.339 483 2749 I audio_hw_hal_primary: [out_get_buffer_size:552] out:0xea402400 config.rate=48000, format:PCM_16_BIT(0x1), stream format:PCM_16_BIT(0x1)
05-23 16:12:49.339 551 1589 I AudioFlinger: HAL output buffer size 2058 frames, normal sink buffer size 2058 frames
05-23 16:12:49.339 483 2749 I audio_hw_hal_primary: [audiohal_get_latency:1333] io 213: out:0xea402400 frames:1152 rate:48000 whole_latency:24 alsa_latency:24
05-23 16:12:49.339 483 2749 I audio_hw_hal_primary: [out_set_event_callback:3158] io 213: out:0xea402400, callback:0xec24c91d cookie:0xecc40bb0
05-23 16:12:49.340 551 2760 I AudioFlinger: AudioFlinger's thread 0xe26942e0 tid=2760 ready to run
05-23 16:12:49.340 483 2749 I audio_hw_hal_primary: [audiohal_get_latency:1333] io 213: out:0xea402400 frames:1024 rate:48000 whole_latency:21 alsa_latency:21
05-23 16:12:49.340 483 2749 I audio_hw_hal_primary: [audiohal_get_latency:1333] io 213: out:0xea402400 frames:1024 rate:48000 whole_latency:21 alsa_latency:21
05-23 16:12:49.341 551 2760 D AudioFlinger: ro.audio.silent is ignored since no output device is set
05-23 16:12:49.341 483 2749 I audio_hw_hal_profile: [out_get_parameters:2085] out:0xea402400 query audio format. ++++++++++ hal_format:PCM_16_BIT
05-23 16:12:49.341 483 2749 D audio_hw_hal_profile: get_hdmi_sink_cap_new is running...
05-23 16:12:49.341 483 2749 D audio_hw_hal_profile: query hdmi format...
05-23 16:12:49.342 483 2749 D audio_hw_hal_profile: get_hdmi_sink_cap_new ddp is supported; ddp-joc(atmos) is unsupported;
05-23 16:12:49.342 483 2749 I audio_hw_hal_profile: get_hdmi_sink_cap_new dts-hd vendor special byte3:0x1
05-23 16:12:49.342 483 2749 I audio_hw_hal_profile: PCM cap Max channel =2
05-23 16:12:49.342 483 2749 I audio_hw_hal_profile: [out_get_parameters:2165] sup_formats=AUDIO_FORMAT_PCM_16_BIT|AUDIO_FORMAT_IEC61937|AUDIO_FORMAT_E_AC3|AUDIO_FORMAT_AC3|AUDIO_FORMAT_DTS
05-23 16:12:49.342 551 1589 D APM_AudioPolicyManager: modifySurroundFormats: forced use = 0
05-23 16:12:49.342 483 2749 D audio_hw_hal_primary: [out_standby_new:5767] io 213: out:0xea402400 usecase:PCM_HWSYNC
05-23 16:12:49.342 483 2749 I audio_hw_hal_primary: already standby, do nothing
05-23 16:12:49.342 483 2749 I audio_hw_hal_profile: [out_get_parameters:2089] out:0xea402400 query sample rate. Format:PCM_16_BIT(0x1) ++++++++++ hal_format:PCM_16_BIT
05-23 16:12:49.343 483 2749 D audio_hw_hal_profile: get_hdmi_sink_cap_new is running...
05-23 16:12:49.343 483 2749 D audio_hw_hal_profile: [get_hdmi_sink_cap_new:960] query hdmi sample_rate... format: PCM_16_BIT(0x1)
05-23 16:12:49.343 483 2749 I audio_hw_hal_profile: get_hdmi_sink_cap_new format =0x1 support rate =sup_sampling_rates=32000|44100|48000
05-23 16:12:49.343 483 2749 I audio_hw_hal_profile: [out_get_parameters:2165] sup_sampling_rates=32000|44100|48000
05-23 16:12:49.343 2569 2570 D uninstall: isAllowStart last_delay 0, current_time 1747987969
05-23 16:12:49.343 2569 2570 I uninstall: enable_service com.ktcp.video/com.tencent.qqlivetv.keeplive.proc.DaemonService com.ktcp.video/(null)
05-23 16:12:49.343 483 708 I audio_hw_hal_profile: [out_get_parameters:2092] out:0xea402400 query channels. Format:PCM_16_BIT(0x1) ++++++++++ hal_format:PCM_16_BIT
05-23 16:12:49.343 483 708 D audio_hw_hal_profile: get_hdmi_sink_cap_new is running...
05-23 16:12:49.344 483 708 D audio_hw_hal_profile: [get_hdmi_sink_cap_new:887] query hdmi channels... format: PCM_16_BIT(0x1)
05-23 16:12:49.344 483 708 I audio_hw_hal_profile: [out_get_parameters:2165] sup_channels=AUDIO_CHANNEL_OUT_STEREO
05-23 16:12:49.344 2569 2570 D uninstall: enable_service waitpid
05-23 16:12:49.344 2761 2761 D uninstall: enable_service pid == 0
05-23 16:12:49.344 2761 2761 D uninstall: enable_service version >= 17 || version == 0 version == 34
05-23 16:12:49.344 483 708 I audio_hw_hal_profile: [out_get_parameters:2089] out:0xea402400 query sample rate. Format:AC3(0x9000000) ++++++++++ hal_format:PCM_16_BIT
05-23 16:12:49.344 483 708 D audio_hw_hal_profile: get_hdmi_sink_cap_new is running...
05-23 16:12:49.344 483 708 D audio_hw_hal_profile: [get_hdmi_sink_cap_new:960] query hdmi sample_rate... format: AC3(0x9000000)
05-23 16:12:49.344 483 708 I audio_hw_hal_profile: get_hdmi_sink_cap_new format =0x9000000 support rate =sup_sampling_rates=32000|44100|48000
05-23 16:12:49.344 483 708 I audio_hw_hal_profile: [out_get_parameters:2165] sup_sampling_rates=32000|44100|48000
05-23 16:12:49.345 483 2749 I audio_hw_hal_profile: [out_get_parameters:2092] out:0xea402400 query channels. Format:AC3(0x9000000) ++++++++++ hal_format:PCM_16_BIT
05-23 16:12:49.345 483 2749 D audio_hw_hal_profile: get_hdmi_sink_cap_new is running...
05-23 16:12:49.345 483 2749 D audio_hw_hal_profile: [get_hdmi_sink_cap_new:887] query hdmi channels... format: AC3(0x9000000)
05-23 16:12:49.345 483 2749 I audio_hw_hal_profile: [out_get_parameters:2165] sup_channels=AUDIO_CHANNEL_OUT_MONO|AUDIO_CHANNEL_OUT_STEREO|AUDIO_CHANNEL_OUT_TRI|AUDIO_CHANNEL_OUT_TRI_BACK|AUDIO_CHANNEL_OUT_3POINT1|AUDIO_CHANNEL_OUT_QUAD|AUDIO_CHANNEL_OUT_SURROUND|AUDIO_CHANNEL_OUT_PENTA|AUDIO_CHANNEL_OUT_5POINT1
05-23 16:12:49.346 483 2749 I audio_hw_hal_profile: [out_get_parameters:2089] out:0xea402400 query sample rate. Format:E_AC3(0xa000000) ++++++++++ hal_format:PCM_16_BIT
05-23 16:12:49.346 483 2749 D audio_hw_hal_profile: get_hdmi_sink_cap_new is running...
05-23 16:12:49.346 483 2749 D audio_hw_hal_profile: [get_hdmi_sink_cap_new:960] query hdmi sample_rate... format: E_AC3(0xa000000)
05-23 16:12:49.346 483 2749 I audio_hw_hal_profile: get_hdmi_sink_cap_new format =0xa000000 support rate =sup_sampling_rates=32000|44100|48000
05-23 16:12:49.346 483 2749 I audio_hw_hal_profile: [out_get_parameters:2165] sup_sampling_rates=32000|44100|48000
05-23 16:12:49.346 483 2749 I audio_hw_hal_profile: [out_get_parameters:2092] out:0xea402400 query channels. Format:E_AC3(0xa000000) ++++++++++ hal_format:PCM_16_BIT
05-23 16:12:49.346 483 2749 D audio_hw_hal_profile: get_hdmi_sink_cap_new is running...
05-23 16:12:49.347 483 2749 D audio_hw_hal_profile: [get_hdmi_sink_cap_new:887] query hdmi channels... format: E_AC3(0xa000000)
05-23 16:12:49.347 483 2749 I audio_hw_hal_profile: [out_get_parameters:2165] sup_channels=AUDIO_CHANNEL_OUT_MONO|AUDIO_CHANNEL_OUT_STEREO|AUDIO_CHANNEL_OUT_TRI|AUDIO_CHANNEL_OUT_TRI_BACK|AUDIO_CHANNEL_OUT_3POINT1|AUDIO_CHANNEL_OUT_QUAD|AUDIO_CHANNEL_OUT_SURROUND|AUDIO_CHANNEL_OUT_PENTA|AUDIO_CHANNEL_OUT_5POINT1|AUDIO_CHANNEL_OUT_6POINT1|AUDIO_CHANNEL_OUT_7POINT1
05-23 16:12:49.347 483 2749 I audio_hw_hal_profile: [out_get_parameters:2089] out:0xea402400 query sample rate. Format:IEC61937(0xd000000) ++++++++++ hal_format:PCM_16_BIT
05-23 16:12:49.347 483 2749 D audio_hw_hal_profile: get_hdmi_sink_cap_new is running...
05-23 16:12:49.347 483 2749 D audio_hw_hal_profile: [get_hdmi_sink_cap_new:960] query hdmi sample_rate... format: IEC61937(0xd000000)
05-23 16:12:49.347 483 2749 I audio_hw_hal_profile: [out_get_parameters:2165] sup_sampling_rates=8000|11025|16000|22050|24000|32000|44100|48000|128000|176400|192000
05-23 16:12:49.348 483 2749 I audio_hw_hal_profile: [out_get_parameters:2092] out:0xea402400 query channels. Format:IEC61937(0xd000000) ++++++++++ hal_format:PCM_16_BIT
05-23 16:12:49.348 483 2749 D audio_hw_hal_profile: get_hdmi_sink_cap_new is running...
05-23 16:12:49.348 483 2749 D audio_hw_hal_profile: [get_hdmi_sink_cap_new:887] query hdmi channels... format: IEC61937(0xd000000)
05-23 16:12:49.348 483 2749 I audio_hw_hal_profile: [out_get_parameters:2165] sup_channels=AUDIO_CHANNEL_OUT_MONO|AUDIO_CHANNEL_OUT_STEREO|AUDIO_CHANNEL_OUT_TRI|AUDIO_CHANNEL_OUT_TRI_BACK|AUDIO_CHANNEL_OUT_3POINT1|AUDIO_CHANNEL_OUT_QUAD|AUDIO_CHANNEL_OUT_SURROUND|AUDIO_CHANNEL_OUT_PENTA|AUDIO_CHANNEL_OUT_5POINT1|AUDIO_CHANNEL_OUT_7POINT1
05-23 16:12:49.349 483 2749 I audio_hw_hal_profile: [out_get_parameters:2089] out:0xea402400 query sample rate. Format:DTS(0xb000000) ++++++++++ hal_format:PCM_16_BIT
05-23 16:12:49.349 483 2749 D audio_hw_hal_profile: get_hdmi_sink_cap_new is running...
05-23 16:12:49.349 483 2749 D audio_hw_hal_profile: [get_hdmi_sink_cap_new:960] query hdmi sample_rate... format: DTS(0xb000000)
05-23 16:12:49.349 483 2749 I audio_hw_hal_profile: get_hdmi_sink_cap_new format =0xb000000 support rate =sup_sampling_rates=32000|44100|48000
05-23 16:12:49.349 483 2749 I audio_hw_hal_profile: [out_get_parameters:2165] sup_sampling_rates=32000|44100|48000
05-23 16:12:49.349 483 708 I audio_hw_hal_profile: [out_get_parameters:2092] out:0xea402400 query channels. Format:DTS(0xb000000) ++++++++++ hal_format:PCM_16_BIT
05-23 16:12:49.350 483 708 D audio_hw_hal_profile: get_hdmi_sink_cap_new is running...
05-23 16:12:49.350 483 708 D audio_hw_hal_profile: [get_hdmi_sink_cap_new:887] query hdmi channels... format: DTS(0xb000000)
05-23 16:12:49.350 483 708 I audio_hw_hal_profile: [out_get_parameters:2165] sup_channels=AUDIO_CHANNEL_OUT_MONO|AUDIO_CHANNEL_OUT_STEREO|AUDIO_CHANNEL_OUT_TRI|AUDIO_CHANNEL_OUT_TRI_BACK|AUDIO_CHANNEL_OUT_3POINT1|AUDIO_CHANNEL_OUT_QUAD|AUDIO_CHANNEL_OUT_SURROUND|AUDIO_CHANNEL_OUT_PENTA|AUDIO_CHANNEL_OUT_5POINT1
05-23 16:12:49.352 483 708 D audio_hw_hal_primary: [out_dump:848] io 213: out:0xea402400, fd:27
05-23 16:12:49.353 275 275 E Scheduler: trackPendingFrame: Invalid present fence
05-23 16:12:49.355 483 708 D audio_hw_hal_primary: [out_set_parameters:971] out:0xea402400 kvpairs:closing=true;exiting=1 out->out_device:0x400, adev->out_device:0x80002
05-23 16:12:49.355 483 708 E audio_hw_hal_primary: out_set_parameters, ret:-2, hw_sync_mode:is false
05-23 16:12:49.355 551 2760 D AudioFlinger: ro.audio.silent is ignored since no output device is set
05-23 16:12:49.356 483 708 I audio_hw_hal_primary: [out_set_event_callback:3158] io 213: out:0xea402400, callback:0xec24c91d cookie:0xecc40bb0
05-23 16:12:49.356 483 708 I audio_hw_hal_primary: [adev_close_output_stream_new:8052] io handle 213: out:0xea402400
05-23 16:12:49.356 483 708 D audio_hw_hal_primary: adev_close_output_stream_new: enter usecase = PCM_HWSYNC
05-23 16:12:49.356 483 708 D audio_hw_hal_timer: func:audio_timer_delete delete timer.3 success.
05-23 16:12:49.356 483 708 D audio_hw_hal_timer: func:audio_timer_delete delete timer.4 success.
05-23 16:12:49.356 483 708 D audio_hw_hal_primary: [adev_close_output_stream_new:8076] timer_id:3 ret:4
05-23 16:12:49.356 483 708 I audio_hw_hal_primary: [adev_close_output_stream:3695] io 213: out:0xea402400 dev:OUT_HDMI(0x400) flags:0x41, usecase:PCM_HWSYNC
05-23 16:12:49.356 483 708 D audio_hw_hal_primary: [out_standby_new:5767] io 213: out:0xea402400 usecase:PCM_HWSYNC
05-23 16:12:49.356 483 708 I audio_hw_hal_primary: already standby, do nothing
05-23 16:12:49.356 483 708 I audio_hw_hal_resourcemgr: [is_output_device_muted:710] device:0x2 port_mute:0, fade_mute:0
05-23 16:12:49.356 483 708 I audio_hw_hal_primary: [adev_close_output_stream:3863] io 213: out:0xea402400 exit ------
05-23 16:12:49.360 551 1589 I AudioFlinger: openOutput() this 0xe8340cd0, module 10 Device AUDIO_DEVICE_OUT_HDMI, @:, SamplingRate 32000, Format 0x9000000, Channels 0x1, flags 0x41
05-23 16:12:49.360 483 2749 D audio_hw_hal_primary: [adev_open_output_stream_new:7868] enter: dev=0xea4c14a0 handle=dd devices=0x400/'HDMI,' flags=0x41/'DIRECT,HW_AV_SYNC,' config=(rt=32000 ch_mask=0x1 fmt=0x9000000) address=''
05-23 16:12:49.360 483 2749 D audio_hw_hal_primary: adev_open_output_stream_new: enter
05-23 16:12:49.360 483 2749 I audio_hw_hal_primary: [adev_open_output_stream:3285] io 221: out:0xea400740 dev:OUT_HDMI(0x400) addr:
05-23 16:12:49.360 483 2749 I audio_hw_hal_primary: [adev_open_output_stream:3287] ch_mask:0x1 rate:32000 format:AC3(0x9000000) flags:0x41
05-23 16:12:49.360 483 2749 I audio_hw_hal_primary: adev_open_output_stream: for raw audio output,force alsa stereo output
05-23 16:12:49.360 483 2749 D audio_hw_hal_primary: [adev_open_output_stream:3573] format=AC3 rate=32000
05-23 16:12:49.360 483 2749 I audio_hw_hal_primary: [adev_open_output_stream:3610] result profile ch_mask:0x1 rate:32000 format:AC3(0x9000000) usecase:RAW_HWSYNC
05-23 16:12:49.360 483 2749 I audio_hw_hal_utils: aml_get_stream_dump_file_name line 2929 file_name /data/vendor/audiohal/stream_pid483_tid2749.dd
05-23 16:12:49.360 483 2749 I audio_hw_hal_primary: [adev_open_output_stream_new:8037] io 221: out: 0xea400740 card:0 alsa devices:0 exit ------
05-23 16:12:49.362 483 2749 I audio_hw_hal_primary: [out_get_buffer_size:552] out:0xea400740 config.rate=32000, format:AC3(0x9000000), stream format:AC3(0x9000000)
05-23 16:12:49.362 551 1589 I AudioFlinger: HAL output buffer size 2048 frames, normal sink buffer size 2048 frames
05-23 16:12:49.363 483 2749 I audio_hw_hal_primary: [audiohal_get_latency:1333] io 221: out:0xea400740 frames:1280 rate:32000 whole_latency:40 alsa_latency:40
05-23 16:12:49.363 483 2749 I audio_hw_hal_primary: [out_set_event_callback:3158] io 221: out:0xea400740, callback:0xec24c91d cookie:0xecc41090
05-23 16:12:49.363 551 2764 I AudioFlinger: AudioFlinger's thread 0xe26942e0 tid=2764 ready to run
05-23 16:12:49.363 483 2749 I audio_hw_hal_primary: [audiohal_get_latency:1333] io 221: out:0xea400740 frames:1152 rate:32000 whole_latency:36 alsa_latency:36
05-23 16:12:49.364 483 2749 I audio_hw_hal_primary: [audiohal_get_latency:1333] io 221: out:0xea400740 frames:1152 rate:32000 whole_latency:36 alsa_latency:36
01-01 08:01:06.130 0 0 I [3 T358 ..] [hdmitx: ] set21_phy_by_mode_s7d[188] rterm = 7
01-01 08:01:06.132 0 0 I [2 T358 ..] [hdmitx: ] Sink is HDMI device
01-01 08:01:06.132 0 0 I [2 T358 ..] [hdmitx: ] clear vsif for non-4k mode.
01-01 08:01:06.133 0 0 I [2 T358 d.] [hdmitx: ] hdmitx_set_drm_pkt: hdr.sdr pkt sent
05-23 16:12:49.365 551 2764 D AudioFlinger: ro.audio.silent is ignored since no output device is set
05-23 16:12:49.366 483 2749 D audio_hw_hal_primary: [out_standby_new:5767] io 221: out:0xea400740 usecase:RAW_HWSYNC
05-23 16:12:49.366 483 2749 I audio_hw_hal_primary: already standby, do nothing
01-01 08:01:06.134 0 0 I [2 T358 ..] [hdmitx: ] set audio
01-01 08:01:06.134 0 0 I [2 T358 ..] [hdmitx: ] audio_param->chs = 1
01-01 08:01:06.135 0 0 I [2 T358 ..] [hdmitx: ] aud_src_if = 0
05-23 16:12:49.369 551 2764 D AudioFlinger: ro.audio.silent is ignored since no output device is set
05-23 16:12:49.370 551 2764 D AudioFlinger: ro.audio.silent is ignored since no output device is set
05-23 16:12:49.370 275 275 E Scheduler: trackPendingFrame: Invalid present fence
05-23 16:12:49.369 492 505 D hdmicecd: [CEC]:printCecMessage, [4 -> 4] len: 0, body:, result:no ack
05-23 16:12:49.371 732 910 D HDMI : New logical address for device [4]: [preferred:4, assigned:4]
01-01 08:01:06.137 0 0 I [2 T358 ..] [hdmitx: ] aud_n_para = 20480
01-01 08:01:06.140 0 0 I [2 T358 ..] [hdmitx: ] vinfo: set cur_enc_ppc as 1, vpp color: 0
05-23 16:12:49.372 551 2764 D AudioFlinger: ro.audio.silent is ignored since no output device is set
05-23 16:12:49.373 483 691 I audio_hw_hal_primary: [adev_uevent_callback:9131] uevent type=0
05-23 16:12:49.373 329 338 I SystemControl: [/UEventObserver.cpp, HDMITxUenventThreadLoop, 451] HDMI TX switch_name:hdmitx_vmode_audio, switch_state: 1
05-23 16:12:49.377 551 2764 D AudioFlinger: ro.audio.silent is ignored since no output device is set
05-23 16:12:49.377 551 2764 D AudioFlinger: ro.audio.silent is ignored since no output device is set
05-23 16:12:49.377 483 688 I audio_hw_hal_alsamgr: raw to lpcm switch aml_alsa_output_write
01-01 08:01:06.145 0 0 I [3 T688 ..] [snd-soc]: aml_audio_reset, reg 0xa, shift 9, use_vadtop 0
01-01 08:01:06.145 0 0 I [3 T688 ..] [snd-soc]: aml_audio_reset, reg 0xa, shift 14, use_vadtop 0
05-23 16:12:49.380 551 2764 D AudioFlinger: ro.audio.silent is ignored since no output device is set
05-23 16:12:49.381 483 688 I audio_hw_hal_ms12v2: dolby_ms12_threadloop alsa is not running
05-23 16:12:49.381 551 2764 D AudioFlinger: ro.audio.silent is ignored since no output device is set
05-23 16:12:49.383 483 688 I audio_hw_hal_alsamgr: aml_alsa_output_write_new reset hdmitx alsa
01-01 08:01:06.149 0 0 I [0 T2763 dh] [hdmitx: ] hdmitx_set_drm_pkt: tf=16, cf=9, colormetry=0
01-01 08:01:06.150 0 0 I [2 T688 ..] [hdmitx: ] hdmitx_audio_notify_callback[804] type:1 rate:0 size:0 chs:0 i2s_ch_mask:0 aud_src_if:0
01-01 08:01:06.151 0 0 E [2 T688 ..] [hdmitx: ] *HDMITX_ERROR* audio chn setting, must be 2, 4, 6 or 8, Rst as def
01-01 08:01:06.152 0 0 I [3 T358 ..] DOLBY: vout_notify_callback: VOUT_EVENT_MODE_CHANGE
01-01 08:01:06.153 0 0 I [2 T688 ..] [hdmitx: ] aout notify format CT_PCM
01-01 08:01:06.154 0 0 I : [3 T358 ..] vsync_pts_inc 1500 1/60
01-01 08:01:06.154 0 0 I [2 T688 ..] [hdmitx: ] set audio
01-01 08:01:06.155 0 0 I [2 T688 ..] [hdmitx: ] audio_param->chs = -1
01-01 08:01:06.155 0 0 I : [3 T358 ..] [drm] meson_vout_update_mode_name: hdmitx update vout 1 name smpte60hz.
01-01 08:01:06.157 0 0 I [2 T688 ..] [hdmitx: ] aud_src_if = 0
01-01 08:01:06.157 0 0 I [2 T688 ..] [hdmitx: ] aud_n_para = 5120
01-01 08:01:06.158 0 0 I [2 T688 ..] [hdmitx: ] set audio param
01-01 08:01:06.159 0 0 I [2 T688 ..] [hdmitx: ] hdmitx_audio_notify_callback[804] type:10 rate:3 size:1 chs:2 i2s_ch_mask:1 aud_src_if:0
01-01 08:01:06.160 0 0 I [3 T688 ..] [hdmitx: ] aout notify format CT_DOLBY_D
01-01 08:01:06.161 0 0 I [2 T688 ..] [hdmitx: ] set audio
01-01 08:01:06.161 0 0 I [2 T688 ..] [hdmitx: ] audio_param->chs = 1
01-01 08:01:06.162 0 0 I [2 T688 ..] [hdmitx: ] aud_src_if = 0
01-01 08:01:06.162 0 0 I [3 T688 ..] [hdmitx: ] aud_n_para = 20480
01-01 08:01:06.163 0 0 I [2 T688 ..] [hdmitx: ] set audio param
01-01 08:01:06.164 0 0 D [2 T688 ..] [snd-soc]: aml_spdif_fifo_ctrl, bit depth:16, frddr type:1, toddr:type:1
05-23 16:12:49.384 492 505 D hdmicecd: [HdmiCecControl]:getPhysicalAddress, physical addr: 3000, last pa: 3000, ret = 0
05-23 16:12:49.387 275 275 E Scheduler: trackPendingFrame: Invalid present fence
05-23 16:12:49.395 329 338 I SystemControl: [/UEventObserver.cpp, HDMITxUenventThreadLoop, 451] HDMI TX switch_name:hdmitx_current_status, switch_state: 16
05-23 16:12:49.395 329 338 I SystemControl: [/UEventObserver.cpp, HDMITxUenventThreadLoop, 451] HDMI TX switch_name:hdmitx_current_status, switch_state: 17
05-23 16:12:49.395 329 338 I SystemControl: [/UEventObserver.cpp, HDMITxUenventThreadLoop, 451] HDMI TX switch_name:hdmitx_current_status, switch_state: 18
05-23 16:12:49.397 483 688 I audio_hw_hal_ms12v2: dolby_ms12_threadloop alsa is not running
05-23 16:12:49.397 483 688 I audio_hw_hal_ms12v2: dolby_ms12_threadloop alsa is not running
05-23 16:12:49.397 483 688 I audio_hw_hal_ms12v2: dolby_ms12_threadloop alsa is not running
05-23 16:12:49.398 483 688 I audio_hw_hal_alsamgr: aml_alsa_output_write alsa_running_status[0xea401cd0] change from 0 to 1
05-23 16:12:49.398 492 505 D hdmicecd: [HdmiCecControl]:getPhysicalAddress, physical addr: 3000, last pa: 3000, ret = 0
05-23 16:12:49.399 492 502 D hdmicecd: [HdmiCecControl]:getPhysicalAddress, physical addr: 3000, last pa: 3000, ret = 0
05-23 16:12:49.399 492 492 D hdmicecd: [HdmiCecControl]:getVendorId, vendorId: 0x1CA410
05-23 16:12:49.399 492 492 D hdmicecd: [HdmiCecControl]:getPhysicalAddress, physical addr: 3000, last pa: 3000, ret = 0
05-23 16:12:49.399 329 338 I SystemControl: [/UEventObserver.cpp, HDMITxUenventThreadLoop, 451] HDMI TX switch_name:hdmitx_current_status, switch_state: 19
05-23 16:12:49.400 732 732 D HDMI : addCecDevice new:CEC: logical_address: 0x04 device_type: 4 cec_version: 5 vendor_id: 1877008 display_name: DBBOX-A3 power_status: 0 physical_address: 0x3000 port_id: 0 old:null
05-23 16:12:49.400 492 492 I hdmicecd: [HdmiCecControl]:addr:4, allocate result:0
05-23 16:12:49.403 551 1589 I AudioFlinger: openOutput() this 0xe8340cd0, module 10 Device AUDIO_DEVICE_OUT_HDMI, @:, SamplingRate 0, Format 00000000, Channels 0, flags 0x1
05-23 16:12:49.403 483 2749 D audio_hw_hal_primary: [adev_open_output_stream_new:7868] enter: dev=0xea4c14a0 handle=e5 devices=0x400/'HDMI,' flags=0x1/'DIRECT,' config=(rt=0 ch_mask=0x0 fmt=0x0) address=''
05-23 16:12:49.403 483 2749 D audio_hw_hal_primary: adev_open_output_stream_new: enter
05-23 16:12:49.403 483 2749 I audio_hw_hal_primary: [adev_open_output_stream:3285] io 229: out:0xea402b30 dev:OUT_HDMI(0x400) addr:
05-23 16:12:49.403 483 2749 I audio_hw_hal_primary: [adev_open_output_stream:3287] ch_mask:0 rate:0 format:DEFAULT(0) flags:0x1
05-23 16:12:49.403 483 2749 I audio_hw_hal_primary: [adev_open_output_stream:3610] result profile ch_mask:0x3 rate:48000 format:PCM_16_BIT(0x1) usecase:PCM_DIRECT
05-23 16:12:49.403 483 2749 I audio_hw_hal_utils: aml_get_stream_dump_file_name line 2929 file_name /data/vendor/audiohal/stream_pid483_tid2749.pcm
05-23 16:12:49.403 483 2749 I audio_hw_hal_primary: [adev_open_output_stream_new:8037] io 229: out: 0xea402b30 card:0 alsa devices:0 exit ------
05-23 16:12:49.404 275 275 E Scheduler: trackPendingFrame: Invalid present fence
05-23 16:12:49.406 551 2764 D AudioFlinger: ro.audio.silent is ignored since no output device is set
05-23 16:12:49.408 304 358 D MesonHwc: sysfs(/sys/class/amhdmitx/amhdmitx0/frac_rate_policy) read int32_t (0)
05-23 16:12:49.408 304 358 D MesonHwc: sysfs(/sys/class/amhdmitx/amhdmitx0/frac_rate_policy) read int32_t (0)
05-23 16:12:49.409 483 688 I audio_hw_hal_alsamgr: get_spdifout_mute_count mute_count:1
05-23 16:12:49.409 304 358 D MesonHwc: setmode:crtc[63], name [smpte60hz] -modeblob[118] [4096x2160-60.00] seamless:0 enableVrr:0
05-23 16:12:49.409 483 688 I audio_hw_hal_alsamgr: alsa_handle:0xed1c01d0, spdif mute the data cnt =1
05-23 16:12:49.409 304 358 V MesonDisplayServer: GetDisplayMode:smpte60hz
05-23 16:12:49.409 304 358 I MesonHwc: getDisplayMode mode:smpte60hz
05-23 16:12:49.411 2569 2570 I uninstall: watchdaemon process_name = com.ktcp.video:daemon has gone, start it
05-23 16:12:49.412 483 2749 I audio_hw_hal_primary: [out_get_buffer_size:552] out:0xea402b30 config.rate=48000, format:PCM_16_BIT(0x1), stream format:PCM_16_BIT(0x1)
05-23 16:12:49.413 2569 2570 D uninstall: watchdaemon waitpid
05-23 16:12:49.413 2768 2768 D uninstall: watchdaemon pid == 0
05-23 16:12:49.413 2768 2768 D uninstall: watchdaemon version >= 17 || version == 0 version == 34
05-23 16:12:49.415 551 1589 I AudioFlinger: HAL output buffer size 2048 frames, normal sink buffer size 2048 frames
05-23 16:12:49.415 483 573 I audio_hw_hal_primary: [audiohal_get_latency:1333] io 229: out:0xea402b30 frames:1152 rate:48000 whole_latency:24 alsa_latency:24
05-23 16:12:49.415 492 492 D hdmicecd: [HdmiCecControl]:onAddressAllocated:4
05-23 16:12:49.416 304 358 I MesonHwc: getContentTypeSupport: game is true
05-23 16:12:49.416 483 708 I audio_hw_hal_primary: [out_set_event_callback:3158] io 229: out:0xea402b30, callback:0xec24c91d cookie:0xecc405b0
05-23 16:12:49.416 732 732 D HDMI : onAddressAllocated address:4 reason:4
05-23 16:12:49.417 492 492 D hdmicecd: [HdmiCecControl]:getPhysicalAddress, physical addr: 3000, last pa: 3000, ret = 0
05-23 16:12:49.417 483 708 I audio_hw_hal_primary: [audiohal_get_latency:1333] io 229: out:0xea402b30 frames:1024 rate:48000 whole_latency:21 alsa_latency:21
05-23 16:12:49.417 492 505 D hdmicecd: [HdmiCecControl]:getVendorId, vendorId: 0x1CA410
05-23 16:12:49.419 492 492 D hdmicecd: [HdmiCecControl]:getPhysicalAddress, physical addr: 3000, last pa: 3000, ret = 0
05-23 16:12:49.419 492 502 D hdmicecd: [HdmiCecControl]:getPhysicalAddress, physical addr: 3000, last pa: 3000, ret = 0
05-23 16:12:49.419 732 732 D HDMI : DeviceDiscoveryAction start com.android.server.hdmi.DeviceDiscoveryAction@98f425f
05-23 16:12:49.421 732 910 D HDMI : [S]: 4F:84:30:00:04
05-23 16:12:49.421 275 275 E Scheduler: trackPendingFrame: Invalid present fence
05-23 16:12:49.422 483 708 I audio_hw_hal_primary: [audiohal_get_latency:1333] io 229: out:0xea402b30 frames:1152 rate:48000 whole_latency:24 alsa_latency:24
05-23 16:12:49.422 304 358 I MesonHwc: set display-size:4096x2160
05-23 16:12:49.422 329 937 I SystemControl: [/Ubootenv.cpp, get, 336] [ubootenv] get key:4k2ksmpte_x envValue: 0
05-23 16:12:49.423 483 708 I audio_hw_hal_profile: [out_get_parameters:2085] out:0xea402b30 query audio format. ++++++++++ hal_format:PCM_16_BIT
05-23 16:12:49.423 483 708 D audio_hw_hal_profile: get_hdmi_sink_cap_new is running...
05-23 16:12:49.423 483 708 D audio_hw_hal_profile: query hdmi format...
05-23 16:12:49.423 483 708 D audio_hw_hal_profile: get_hdmi_sink_cap_new ddp is supported; ddp-joc(atmos) is unsupported;
05-23 16:12:49.423 483 708 I audio_hw_hal_profile: get_hdmi_sink_cap_new dts-hd vendor special byte3:0x1
05-23 16:12:49.423 483 708 I audio_hw_hal_profile: PCM cap Max channel =2
05-23 16:12:49.423 483 708 I audio_hw_hal_profile: [out_get_parameters:2165] sup_formats=AUDIO_FORMAT_PCM_16_BIT|AUDIO_FORMAT_IEC61937|AUDIO_FORMAT_E_AC3|AUDIO_FORMAT_AC3|AUDIO_FORMAT_DTS
05-23 16:12:49.425 329 937 I SystemControl: [/Ubootenv.cpp, get, 336] [ubootenv] get key:4k2ksmpte_y envValue: 0
05-23 16:12:49.425 329 937 I SystemControl: [/Ubootenv.cpp, get, 336] [ubootenv] get key:4k2ksmpte_w envValue: 4096
05-23 16:12:49.425 329 937 I SystemControl: [/Ubootenv.cpp, get, 336] [ubootenv] get key:4k2ksmpte_h envValue: 2160
05-23 16:12:49.426 304 358 I MesonHwc: getPosition curMode:smpte60hz position[0]:0 position[1]:0 position[2]:4096 position[3]:2160
05-23 16:12:49.426 304 358 I MesonHwc: setPosition curMode:smpte60hz left:0 top:0 width:4096 height:2160
05-23 16:12:49.426 304 358 D MesonHwc: set key:ubootenv.var.4k2ksmpte_x value:0
05-23 16:12:49.426 329 937 I SystemControl: [/Ubootenv.cpp, updateValue, 68] [ubootenv] update value name [ubootenv.var.4k2ksmpte_x]: value [0]
05-23 16:12:49.426 329 937 I SystemControl: [/Ubootenv.cpp, get, 336] [ubootenv] get key:4k2ksmpte_x envValue: 0
05-23 16:12:49.426 304 358 D MesonHwc: set key:ubootenv.var.4k2ksmpte_y value:0
05-23 16:12:49.426 329 937 I SystemControl: [/Ubootenv.cpp, updateValue, 68] [ubootenv] update value name [ubootenv.var.4k2ksmpte_y]: value [0]
05-23 16:12:49.426 329 937 I SystemControl: [/Ubootenv.cpp, get, 336] [ubootenv] get key:4k2ksmpte_y envValue: 0
05-23 16:12:49.426 304 358 D MesonHwc: set key:ubootenv.var.4k2ksmpte_w value:4096
05-23 16:12:49.426 329 937 I SystemControl: [/Ubootenv.cpp, updateValue, 68] [ubootenv] update value name [ubootenv.var.4k2ksmpte_w]: value [4096]
05-23 16:12:49.426 329 937 I SystemControl: [/Ubootenv.cpp, get, 336] [ubootenv] get key:4k2ksmpte_w envValue: 4096
05-23 16:12:49.426 304 358 D MesonHwc: set key:ubootenv.var.4k2ksmpte_h value:2160
05-23 16:12:49.427 329 937 I SystemControl: [/Ubootenv.cpp, updateValue, 68] [ubootenv] update value name [ubootenv.var.4k2ksmpte_h]: value [2160]
05-23 16:12:49.427 329 937 I SystemControl: [/Ubootenv.cpp, get, 336] [ubootenv] get key:4k2ksmpte_h envValue: 2160
05-23 16:12:49.428 304 358 V MesonDisplayServer: SetDisplay[HDMI] DisplayRect to "(0,0,4096,2160)"
05-23 16:12:49.428 304 358 D MesonHwc: Display (0) ask for refresh.
05-23 16:12:49.428 304 358 V MesonDisplayServer: SetDisplayViewPort done
05-23 16:12:49.428 551 1589 D APM_AudioPolicyManager: modifySurroundFormats: forced use = 0
05-23 16:12:49.429 483 573 I audio_hw_hal_profile: [out_get_parameters:2089] out:0xea402b30 query sample rate. Format:PCM_16_BIT(0x1) ++++++++++ hal_format:PCM_16_BIT
05-23 16:12:49.429 483 573 D audio_hw_hal_profile: get_hdmi_sink_cap_new is running...
05-23 16:12:49.429 483 573 D audio_hw_hal_profile: [get_hdmi_sink_cap_new:960] query hdmi sample_rate... format: PCM_16_BIT(0x1)
05-23 16:12:49.429 483 573 I audio_hw_hal_profile: get_hdmi_sink_cap_new format =0x1 support rate =sup_sampling_rates=32000|44100|48000
05-23 16:12:49.429 483 573 I audio_hw_hal_profile: [out_get_parameters:2165] sup_sampling_rates=32000|44100|48000
05-23 16:12:49.430 483 2749 I audio_hw_hal_profile: [out_get_parameters:2092] out:0xea402b30 query channels. Format:PCM_16_BIT(0x1) ++++++++++ hal_format:PCM_16_BIT
05-23 16:12:49.430 483 2749 D audio_hw_hal_profile: get_hdmi_sink_cap_new is running...
05-23 16:12:49.430 483 2749 D audio_hw_hal_profile: [get_hdmi_sink_cap_new:887] query hdmi channels... format: PCM_16_BIT(0x1)
05-23 16:12:49.430 483 2749 I audio_hw_hal_profile: [out_get_parameters:2165] sup_channels=AUDIO_CHANNEL_OUT_STEREO
05-23 16:12:49.431 483 573 I audio_hw_hal_profile: [out_get_parameters:2089] out:0xea402b30 query sample rate. Format:AC3(0x9000000) ++++++++++ hal_format:PCM_16_BIT
05-23 16:12:49.431 483 573 D audio_hw_hal_profile: get_hdmi_sink_cap_new is running...
05-23 16:12:49.431 483 573 D audio_hw_hal_profile: [get_hdmi_sink_cap_new:960] query hdmi sample_rate... format: AC3(0x9000000)
05-23 16:12:49.431 483 573 I audio_hw_hal_profile: get_hdmi_sink_cap_new format =0x9000000 support rate =sup_sampling_rates=32000|44100|48000
05-23 16:12:49.431 483 573 I audio_hw_hal_profile: [out_get_parameters:2165] sup_sampling_rates=32000|44100|48000
05-23 16:12:49.432 483 708 I audio_hw_hal_profile: [out_get_parameters:2092] out:0xea402b30 query channels. Format:AC3(0x9000000) ++++++++++ hal_format:PCM_16_BIT
05-23 16:12:49.432 483 708 D audio_hw_hal_profile: get_hdmi_sink_cap_new is running...
05-23 16:12:49.432 483 708 D audio_hw_hal_profile: [get_hdmi_sink_cap_new:887] query hdmi channels... format: AC3(0x9000000)
05-23 16:12:49.432 483 708 I audio_hw_hal_profile: [out_get_parameters:2165] sup_channels=AUDIO_CHANNEL_OUT_MONO|AUDIO_CHANNEL_OUT_STEREO|AUDIO_CHANNEL_OUT_TRI|AUDIO_CHANNEL_OUT_TRI_BACK|AUDIO_CHANNEL_OUT_3POINT1|AUDIO_CHANNEL_OUT_QUAD|AUDIO_CHANNEL_OUT_SURROUND|AUDIO_CHANNEL_OUT_PENTA|AUDIO_CHANNEL_OUT_5POINT1
05-23 16:12:49.433 483 483 I audio_hw_hal_profile: [out_get_parameters:2089] out:0xea402b30 query sample rate. Format:E_AC3(0xa000000) ++++++++++ hal_format:PCM_16_BIT
05-23 16:12:49.433 483 483 D audio_hw_hal_profile: get_hdmi_sink_cap_new is running...
05-23 16:12:49.433 483 483 D audio_hw_hal_profile: [get_hdmi_sink_cap_new:960] query hdmi sample_rate... format: E_AC3(0xa000000)
05-23 16:12:49.433 483 483 I audio_hw_hal_profile: get_hdmi_sink_cap_new format =0xa000000 support rate =sup_sampling_rates=32000|44100|48000
05-23 16:12:49.433 483 483 I audio_hw_hal_profile: [out_get_parameters:2165] sup_sampling_rates=32000|44100|48000
05-23 16:12:49.433 483 483 I audio_hw_hal_profile: [out_get_parameters:2092] out:0xea402b30 query channels. Format:E_AC3(0xa000000) ++++++++++ hal_format:PCM_16_BIT
05-23 16:12:49.433 483 483 D audio_hw_hal_profile: get_hdmi_sink_cap_new is running...
05-23 16:12:49.434 551 2769 I AudioFlinger: AudioFlinger's thread 0xe26a4520 tid=2769 ready to run
05-23 16:12:49.434 483 483 D audio_hw_hal_profile: [get_hdmi_sink_cap_new:887] query hdmi channels... format: E_AC3(0xa000000)
05-23 16:12:49.434 483 483 I audio_hw_hal_profile: [out_get_parameters:2165] sup_channels=AUDIO_CHANNEL_OUT_MONO|AUDIO_CHANNEL_OUT_STEREO|AUDIO_CHANNEL_OUT_TRI|AUDIO_CHANNEL_OUT_TRI_BACK|AUDIO_CHANNEL_OUT_3POINT1|AUDIO_CHANNEL_OUT_QUAD|AUDIO_CHANNEL_OUT_SURROUND|AUDIO_CHANNEL_OUT_PENTA|AUDIO_CHANNEL_OUT_5POINT1|AUDIO_CHANNEL_OUT_6POINT1|AUDIO_CHANNEL_OUT_7POINT1
05-23 16:12:49.435 551 2769 D AudioFlinger: ro.audio.silent is ignored since no output device is set
05-23 16:12:49.435 483 483 I audio_hw_hal_profile: [out_get_parameters:2089] out:0xea402b30 query sample rate. Format:IEC61937(0xd000000) ++++++++++ hal_format:PCM_16_BIT
05-23 16:12:49.435 483 483 D audio_hw_hal_profile: get_hdmi_sink_cap_new is running...
05-23 16:12:49.435 483 483 D audio_hw_hal_profile: [get_hdmi_sink_cap_new:960] query hdmi sample_rate... format: IEC61937(0xd000000)
05-23 16:12:49.435 483 483 I audio_hw_hal_profile: [out_get_parameters:2165] sup_sampling_rates=8000|11025|16000|22050|24000|32000|44100|48000|128000|176400|192000
05-23 16:12:49.436 483 2749 I audio_hw_hal_profile: [out_get_parameters:2092] out:0xea402b30 query channels. Format:IEC61937(0xd000000) ++++++++++ hal_format:PCM_16_BIT
05-23 16:12:49.436 483 2749 D audio_hw_hal_profile: get_hdmi_sink_cap_new is running...
05-23 16:12:49.436 483 2749 D audio_hw_hal_profile: [get_hdmi_sink_cap_new:887] query hdmi channels... format: IEC61937(0xd000000)
05-23 16:12:49.436 483 2749 I audio_hw_hal_profile: [out_get_parameters:2165] sup_channels=AUDIO_CHANNEL_OUT_MONO|AUDIO_CHANNEL_OUT_STEREO|AUDIO_CHANNEL_OUT_TRI|AUDIO_CHANNEL_OUT_TRI_BACK|AUDIO_CHANNEL_OUT_3POINT1|AUDIO_CHANNEL_OUT_QUAD|AUDIO_CHANNEL_OUT_SURROUND|AUDIO_CHANNEL_OUT_PENTA|AUDIO_CHANNEL_OUT_5POINT1|AUDIO_CHANNEL_OUT_7POINT1
05-23 16:12:49.438 275 275 E Scheduler: trackPendingFrame: Invalid present fence
05-23 16:12:49.439 483 483 D audio_hw_hal_primary: [out_standby_new:5767] io 229: out:0xea402b30 usecase:PCM_DIRECT
05-23 16:12:49.439 483 483 I audio_hw_hal_primary: already standby, do nothing
05-23 16:12:49.439 483 483 I audio_hw_hal_profile: [out_get_parameters:2089] out:0xea402b30 query sample rate. Format:DTS(0xb000000) ++++++++++ hal_format:PCM_16_BIT
05-23 16:12:49.439 483 483 D audio_hw_hal_profile: get_hdmi_sink_cap_new is running...
05-23 16:12:49.440 483 483 D audio_hw_hal_profile: [get_hdmi_sink_cap_new:960] query hdmi sample_rate... format: DTS(0xb000000)
05-23 16:12:49.440 483 483 I audio_hw_hal_profile: get_hdmi_sink_cap_new format =0xb000000 support rate =sup_sampling_rates=32000|44100|48000
05-23 16:12:49.440 483 483 I audio_hw_hal_profile: [out_get_parameters:2165] sup_sampling_rates=32000|44100|48000
05-23 16:12:49.440 483 2749 I audio_hw_hal_profile: [out_get_parameters:2092] out:0xea402b30 query channels. Format:DTS(0xb000000) ++++++++++ hal_format:PCM_16_BIT
05-23 16:12:49.440 483 2749 D audio_hw_hal_profile: get_hdmi_sink_cap_new is running...
05-23 16:12:49.441 483 2749 D audio_hw_hal_profile: [get_hdmi_sink_cap_new:887] query hdmi channels... format: DTS(0xb000000)
05-23 16:12:49.441 483 2749 I audio_hw_hal_profile: [out_get_parameters:2165] sup_channels=AUDIO_CHANNEL_OUT_MONO|AUDIO_CHANNEL_OUT_STEREO|AUDIO_CHANNEL_OUT_TRI|AUDIO_CHANNEL_OUT_TRI_BACK|AUDIO_CHANNEL_OUT_3POINT1|AUDIO_CHANNEL_OUT_QUAD|AUDIO_CHANNEL_OUT_SURROUND|AUDIO_CHANNEL_OUT_PENTA|AUDIO_CHANNEL_OUT_5POINT1
01-01 08:01:06.217 0 0 I [3 T358 ..] [hdmitx: ] avmute_store -1
05-23 16:12:49.442 483 483 D audio_hw_hal_primary: [out_dump:848] io 229: out:0xea402b30, fd:27
05-23 16:12:49.443 483 2749 D audio_hw_hal_primary: [out_set_parameters:971] out:0xea402b30 kvpairs:closing=true;exiting=1 out->out_device:0x400, adev->out_device:0x80002
05-23 16:12:49.443 483 2749 E audio_hw_hal_primary: out_set_parameters, ret:-2, hw_sync_mode:is false
05-23 16:12:49.444 551 2769 D AudioFlinger: ro.audio.silent is ignored since no output device is set
05-23 16:12:49.444 483 2749 I audio_hw_hal_primary: [out_set_event_callback:3158] io 229: out:0xea402b30, callback:0xec24c91d cookie:0xecc405b0
05-23 16:12:49.445 483 483 I audio_hw_hal_primary: [adev_close_output_stream_new:8052] io handle 229: out:0xea402b30
05-23 16:12:49.445 483 483 D audio_hw_hal_primary: adev_close_output_stream_new: enter usecase = PCM_DIRECT
05-23 16:12:49.445 483 483 I audio_hw_hal_primary: [adev_close_output_stream:3695] io 229: out:0xea402b30 dev:OUT_HDMI(0x400) flags:0x1, usecase:PCM_DIRECT
05-23 16:12:49.445 483 483 D audio_hw_hal_primary: [out_standby_new:5767] io 229: out:0xea402b30 usecase:PCM_DIRECT
05-23 16:12:49.445 483 483 I audio_hw_hal_primary: already standby, do nothing
05-23 16:12:49.445 483 483 I audio_hw_hal_resourcemgr: [is_output_device_muted:710] device:0x2 port_mute:0, fade_mute:0
05-23 16:12:49.445 483 483 I audio_hw_hal_primary: [adev_close_output_stream:3863] io 229: out:0xea402b30 exit ------
05-23 16:12:49.446 551 1589 I AudioFlinger: openOutput() this 0xe8340cd0, module 10 Device AUDIO_DEVICE_OUT_HDMI, @:, SamplingRate 32000, Format 0x9000000, Channels 0x1, flags 0x1
05-23 16:12:49.447 483 483 D audio_hw_hal_primary: [adev_open_output_stream_new:7868] enter: dev=0xea4c14a0 handle=ed devices=0x400/'HDMI,' flags=0x1/'DIRECT,' config=(rt=32000 ch_mask=0x1 fmt=0x9000000) address=''
05-23 16:12:49.447 483 483 D audio_hw_hal_primary: adev_open_output_stream_new: enter
05-23 16:12:49.447 483 483 I audio_hw_hal_primary: [adev_open_output_stream:3285] io 237: out:0xea402b30 dev:OUT_HDMI(0x400) addr:
05-23 16:12:49.447 483 483 I audio_hw_hal_primary: [adev_open_output_stream:3287] ch_mask:0x1 rate:32000 format:AC3(0x9000000) flags:0x1
05-23 16:12:49.447 483 483 I audio_hw_hal_primary: adev_open_output_stream: for raw audio output,force alsa stereo output
05-23 16:12:49.447 483 483 I audio_hw_hal_primary: [adev_open_output_stream:3610] result profile ch_mask:0x1 rate:32000 format:AC3(0x9000000) usecase:RAW_DIRECT
05-23 16:12:49.447 483 483 I audio_hw_hal_utils: aml_get_stream_dump_file_name line 2929 file_name /data/vendor/audiohal/stream_pid483_tid483.dd
05-23 16:12:49.447 483 483 I audio_hw_hal_primary: [adev_open_output_stream_new:8037] io 237: out: 0xea402b30 card:0 alsa devices:0 exit ------
05-23 16:12:49.449 304 358 E MesonHwc: open file [/sys/class/amhdmitx/amhdmitx0/aud_mute] error:Permission denied
05-23 16:12:49.449 304 358 E MesonHwc: open file [/sys/class/amhdmitx/amhdmitx0/aud_mute] error:Permission denied
05-23 16:12:49.449 304 358 E MesonHwc: dolby vision driver is not ready
05-23 16:12:49.449 304 358 I MesonHwc: setSysfsStr /sys/devices/virtual/amhdmitx/amhdmitx0/avmute= -1
05-23 16:12:49.450 483 2749 I audio_hw_hal_primary: [out_get_buffer_size:552] out:0xea402b30 config.rate=32000, format:AC3(0x9000000), stream format:AC3(0x9000000)
05-23 16:12:49.450 551 1589 I AudioFlinger: HAL output buffer size 2048 frames, normal sink buffer size 2048 frames
05-23 16:12:49.450 483 2749 I audio_hw_hal_primary: [audiohal_get_latency:1333] io 237: out:0xea402b30 frames:1280 rate:32000 whole_latency:40 alsa_latency:40
05-23 16:12:49.451 483 2749 I audio_hw_hal_primary: [out_set_event_callback:3158] io 237: out:0xea402b30, callback:0xec24c91d cookie:0xecc40df0
05-23 16:12:49.451 483 2749 I audio_hw_hal_primary: [audiohal_get_latency:1333] io 237: out:0xea402b30 frames:1280 rate:32000 whole_latency:40 alsa_latency:40
05-23 16:12:49.452 483 483 I audio_hw_hal_primary: [audiohal_get_latency:1333] io 237: out:0xea402b30 frames:1280 rate:32000 whole_latency:40 alsa_latency:40
05-23 16:12:49.455 275 275 E Scheduler: trackPendingFrame: Invalid present fence
05-23 16:12:49.456 304 2771 I MesonDisplay: [/HDCPTxAuth.cpp, authThread, 173] hdcp_tx thread loop entry
05-23 16:12:49.456 304 358 I MesonDisplay: [/HDCPTxAuth.cpp, start, 109] hdcp_tx, create hdcp thread id = 4072653248 done
05-23 16:12:49.456 304 2771 D MesonDisplay: read /sys/class/amhdmitx/amhdmitx0/hdcp_lstore, result length:0, val:
05-23 16:12:49.457 329 937 I SystemControl: [/Ubootenv.cpp, get, 345] [ubootenv] search end and not find env:digitaudiooutput
05-23 16:12:49.457 304 358 D MesonHwc: sc_read_bootenv val is empty
05-23 16:12:49.457 304 358 V MesonDisplayServer: GetDisplayMode:smpte60hz
05-23 16:12:49.457 304 358 I MesonHwc: getDisplayMode mode:smpte60hz
05-23 16:12:49.457 329 937 I SystemControl: [/Ubootenv.cpp, get, 336] [ubootenv] get key:hdmichecksum envValue: 0x88540000
05-23 16:12:49.457 304 358 D MesonHwc: get key:ubootenv.var.hdmichecksum value:0x88540000
05-23 16:12:49.457 304 358 D MesonDisplayServer: use connector getDisplayAttribute "HDMI Color ATTR": "420,10bit"
05-23 16:12:49.457 304 358 D MesonHwc: set key:ubootenv.var.smpte60hz_deepcolor value:420,10bit
05-23 16:12:49.457 329 937 I SystemControl: [/Ubootenv.cpp, updateValue, 68] [ubootenv] update value name [ubootenv.var.smpte60hz_deepcolor]: value [420,10bit]
05-23 16:12:49.457 329 937 I SystemControl: [/Ubootenv.cpp, get, 336] [ubootenv] get key:smpte60hz_deepcolor envValue: 420,10bit
05-23 16:12:49.457 304 358 D MesonHwc: set key:ubootenv.var.colorattribute value:420,10bit
05-23 16:12:49.457 329 937 I SystemControl: [/Ubootenv.cpp, updateValue, 68] [ubootenv] update value name [ubootenv.var.colorattribute]: value [420,10bit]
05-23 16:12:49.458 329 937 I SystemControl: [/Ubootenv.cpp, get, 336] [ubootenv] get key:colorattribute envValue: 420,10bit
05-23 16:12:49.458 304 358 D MesonHwc: set key:ubootenv.var.hdmi_colordepth value:8
05-23 16:12:49.458 329 937 I SystemControl: [/Ubootenv.cpp, updateValue, 68] [ubootenv] update value name [ubootenv.var.hdmi_colordepth]: value [8]
05-23 16:12:49.458 329 937 I SystemControl: [/Ubootenv.cpp, get, 336] [ubootenv] get key:hdmi_colordepth envValue: 8
05-23 16:12:49.458 304 358 D MesonHwc: set key:ubootenv.var.hdmi_colorspace value:auto
05-23 16:12:49.458 329 937 I SystemControl: [/Ubootenv.cpp, updateValue, 68] [ubootenv] update value name [ubootenv.var.hdmi_colorspace]: value [auto]
05-23 16:12:49.458 329 937 I SystemControl: [/Ubootenv.cpp, get, 336] [ubootenv] get key:hdmi_colorspace envValue: auto
05-23 16:12:49.458 304 358 D MesonHwc: set key:ubootenv.var.outputmode value:smpte60hz
05-23 16:12:49.458 329 937 I SystemControl: [/Ubootenv.cpp, updateValue, 68] [ubootenv] update value name [ubootenv.var.outputmode]: value [smpte60hz]
05-23 16:12:49.458 329 937 I SystemControl: [/Ubootenv.cpp, get, 336] [ubootenv] get key:outputmode envValue: smpte60hz
05-23 16:12:49.458 304 358 E MesonHwc: dolby vision driver is not ready
05-23 16:12:49.458 304 358 I MesonHwc: MBOX is not support dv, dvstatus amdv_type 0 dv_enable 0
05-23 16:12:49.458 304 358 I MesonHwc: colorattr: 420,10bit, outputMode smpte60hz, cd 8, cs auto
05-23 16:12:49.458 304 358 D MesonHwc: received Uevent: change@/devices/virtual/amhdmitx/amhdmitx0
05-23 16:12:49.458 304 358 D MesonHwc: received Uevent: ACTION=change
05-23 16:12:49.458 304 358 D MesonHwc: received Uevent: DEVPATH=/devices/virtual/amhdmitx/amhdmitx0
05-23 16:12:49.458 304 358 D MesonHwc: received Uevent: SUBSYSTEM=amhdmitx
05-23 16:12:49.458 304 358 D MesonHwc: received Uevent: hdmitx_audio=1
05-23 16:12:49.458 304 358 D MesonHwc: received Uevent: MAJOR=492
05-23 16:12:49.458 304 358 D MesonHwc: received Uevent: MINOR=0
05-23 16:12:49.458 304 358 D MesonHwc: received Uevent: DEVNAME=amhdmitx0
05-23 16:12:49.458 304 358 D MesonHwc: received Uevent: SEQNUM=3615
05-23 16:12:49.458 304 358 D MesonHwc: received Uevent: change@/devices/virtual/amhdmitx/amhdmitx0
05-23 16:12:49.458 304 358 D MesonHwc: received Uevent: ACTION=change
05-23 16:12:49.458 304 358 D MesonHwc: received Uevent: DEVPATH=/devices/virtual/amhdmitx/amhdmitx0
05-23 16:12:49.458 304 358 D MesonHwc: received Uevent: SUBSYSTEM=amhdmitx
05-23 16:12:49.458 304 358 D MesonHwc: received Uevent: hdmitx_audio=1
05-23 16:12:49.458 304 358 D MesonHwc: received Uevent: MAJOR=492
05-23 16:12:49.458 304 358 D MesonHwc: received Uevent: MINOR=0
05-23 16:12:49.458 304 358 D MesonHwc: received Uevent: DEVNAME=amhdmitx0
05-23 16:12:49.458 304 358 D MesonHwc: received Uevent: SEQNUM=3615
05-23 16:12:49.459 304 358 D MesonHwc: received Uevent: change@/devices/platform/vout
05-23 16:12:49.459 304 358 D MesonHwc: received Uevent: ACTION=change
05-23 16:12:49.459 304 358 D MesonHwc: received Uevent: DEVPATH=/devices/platform/vout
05-23 16:12:49.459 304 358 D MesonHwc: received Uevent: SUBSYSTEM=platform
