05-23 16:12:51.194 492 502 D hdmicecd: [HdmiCecControl]:getPhysicalAddress, physical addr: 3000, last pa: 3000, ret = 0
05-23 16:12:51.195 732 732 D HDMI : addCecDevice new:CEC: logical_address: 0x00 device_type: 0 cec_version: 5 vendor_id: 60426 display_name: TV power_status: -1 physical_address: 0x0000 port_id: -1 old:CEC: logical_address: 0x00 device_type: 0 cec_version: 5 vendor_id: 60426 display_name: TV power_status: -1 physical_address: 0xFFFF port_id: -1
05-23 16:12:51.196 732 732 D HdmiControlService: Switching to full volume behavior
05-23 16:12:51.196 492 502 D hdmicecd: [HdmiCecControl]:getPhysicalAddress, physical addr: 3000, last pa: 3000, ret = 0
05-23 16:12:51.450 492 505 D hdmicecd: [CEC]:printCecMessage, [4 -> 0] len: 9, body: 47 44 42 42 4f 58 2d 41 33, result:success
05-23 16:12:51.450 492 505 E IPCThreadState: binder thread pool (1 threads) starved for 651 ms
05-23 16:12:51.451 732 910 D HDMI : [S]: 4F:87:1C:A4:10
05-23 16:12:51.457 304 2771 D MesonDisplay: read /sys/class/amhdmitx/amhdmitx0/hdcp_lstore, result length:0, val:
05-23 16:12:51.603 492 505 D hdmicecd: [CEC]:printCecMessage, [4 -> f] len: 4, body: 87 1c a4 10, result:success
05-23 16:12:51.603 492 505 E IPCThreadState: binder thread pool (1 threads) starved for 152 ms
05-23 16:12:51.604 732 910 D HDMI : [S]: 40:46
05-23 16:12:51.682 492 505 D hdmicecd: [CEC]:printCecMessage, [4 -> 0] len: 1, body: 46, result:success
05-23 16:12:52.013 492 503 D hdmicecd: [CEC]:printCecMsgBuf, msg: 04 47 4d 69 54 56 2d 41 4e 53 50 30
05-23 16:12:52.014 732 732 D HDMI : [R]: 04:47
05-23 16:12:52.015 732 732 D HdmiCecNetwork: Updating device OSD name from TV to MiTV-ANSP0
05-23 16:12:52.015 492 505 D hdmicecd: [HdmiCecControl]:getPhysicalAddress, physical addr: 3000, last pa: 3000, ret = 0
05-23 16:12:52.016 732 910 D HDMI : [S]: 40:8F
05-23 16:12:52.098 492 505 D hdmicecd: [CEC]:printCecMessage, [4 -> 0] len: 1, body: 8f, result:success
05-23 16:12:52.092 1679 1679 I cling--ap-4: type=1400 audit(0.0:916): avc: denied { read } for name="address" dev="sysfs" ino=22126 scontext=u:r:untrusted_app_27:s0:c43,c256,c512,c768 tcontext=u:object_r:sysfs_net:s0 tclass=file permissive=1 app=com.dangbei.screencast
05-23 16:12:52.092 1679 1679 I cling--ap-4: type=1400 audit(0.0:917): avc: denied { open } for path="/sys/devices/virtual/net/dummy0/address" dev="sysfs" ino=22126 scontext=u:r:untrusted_app_27:s0:c43,c256,c512,c768 tcontext=u:object_r:sysfs_net:s0 tclass=file permissive=1 app=com.dangbei.screencast
05-23 16:12:52.092 1679 1679 I cling--ap-4: type=1400 audit(0.0:918): avc: denied { getattr } for path="/sys/devices/virtual/net/dummy0/address" dev="sysfs" ino=22126 scontext=u:r:untrusted_app_27:s0:c43,c256,c512,c768 tcontext=u:object_r:sysfs_net:s0 tclass=file permissive=1 app=com.dangbei.screencast
05-23 16:12:52.209 492 503 D hdmicecd: [CEC]:printCecMsgBuf, msg: 04 90 00
05-23 16:12:52.209 492 503 D hdmicecd: [HdmiCecControl]:updateActiveState received tv power status 0
05-23 16:12:52.210 732 732 D HDMI : [R]: 04:90:00
05-23 16:12:52.211 492 505 D hdmicecd: [HdmiCecControl]:getPhysicalAddress, physical addr: 3000, last pa: 3000, ret = 0
05-23 16:12:52.212 492 502 D hdmicecd: [HdmiCecControl]:getPhysicalAddress, physical addr: 3000, last pa: 3000, ret = 0
05-23 16:12:52.214 732 732 D HDMI : addCecDevice new:CEC: logical_address: 0x00 device_type: 0 cec_version: 5 vendor_id: 60426 display_name: MiTV-ANSP0 power_status: 0 physical_address: 0x0000 port_id: -1 old:CEC: logical_address: 0x00 device_type: 0 cec_version: 5 vendor_id: 60426 display_name: MiTV-ANSP0 power_status: 0 physical_address: 0x0000 port_id: -1
05-23 16:12:52.215 732 732 D HdmiControlService: Switching to full volume behavior
05-23 16:12:52.216 492 502 D hdmicecd: [HdmiCecControl]:getPhysicalAddress, physical addr: 3000, last pa: 3000, ret = 0
05-23 16:12:52.216 732 732 D HDMI : addCecDevice new:CEC: logical_address: 0x04 device_type: 4 cec_version: 5 vendor_id: 1877008 display_name: DBBOX-A3 power_status: 0 physical_address: 0x3000 port_id: 0 old:null
05-23 16:12:52.399 483 688 I audio_hw_hal_alsamgr: alsa format =0x1 delay frames =1024 total frames=2798080
05-23 16:12:52.458 304 2771 D MesonDisplay: read /sys/class/amhdmitx/amhdmitx0/hdcp_lstore, result length:0, val:
05-23 16:12:52.498 483 687 D audio_hw_hal_ms12common: func:ms12_timer_callback_handler sigv:0 ~~~~~~~~~~
05-23 16:12:52.499 483 687 D audio_hw_hal_ms12v2: set_dolby_ms12_continuous_state audio_continuous_standby_set status 1
05-23 16:12:52.499 483 687 D audio_hw_hal_continuous_standby: audio_continuous_standby_set, type 0, params 1
05-23 16:12:52.499 483 687 D audio_hw_hal_ms12common: aml_send_ms12_scheduler_state_2_ms12 adev:0xea4c14a0, sch_state:1(SCHEDULER_STANDBY)
05-23 16:12:52.906 732 815 W ProcessStats: Tracking association SourceState{1ebb351 com.ktcp.video:daemon/10077 Fgs #444} whose proc state 3 is better than process ProcessState{3283533 com.ktcp.video/10077 pkg=com.ktcp.video} proc state 10 (20 skipped)
05-23 16:12:53.458 304 2771 D MesonDisplay: read /sys/class/amhdmitx/amhdmitx0/hdcp_lstore, result length:0, val:
05-23 16:12:53.965 497 557 I WifiHAL : call wifi_get_link_stats handler
05-23 16:12:53.965 497 557 I WifiHAL : Creating message to get link statistics; iface = 16
05-23 16:12:53.965 497 557 D WifiHAL : error code -95 mapped to -3
05-23 16:12:53.966 732 873 E WifiStaIfaceAidlImpl: getLinkLayerStats failed with service-specific exception: android.os.ServiceSpecificException: (code 4)
05-23 16:12:54.458 304 2771 D MesonDisplay: read /sys/class/amhdmitx/amhdmitx0/hdcp_lstore, result length:0, val:
05-23 16:12:54.887 483 688 I audio_hw_hal_alsamgr: alsa format =0x9000000 delay frames =1792 total frames=1536000
05-23 16:12:54.887 483 688 I audio_hw_hal_alsamgr: alsa format =0xa000000 delay frames =4736 total frames=6144000
05-23 16:12:55.459 304 2771 D MesonDisplay: read /sys/class/amhdmitx/amhdmitx0/hdcp_lstore, result length:0, val:
05-23 16:12:56.459 304 2771 D MesonDisplay: read /sys/class/amhdmitx/amhdmitx0/hdcp_lstore, result length:0, val:
05-23 16:12:56.972 497 557 I WifiHAL : call wifi_get_link_stats handler
05-23 16:12:56.972 497 557 I WifiHAL : Creating message to get link statistics; iface = 16
05-23 16:12:56.973 497 557 D WifiHAL : error code -95 mapped to -3
05-23 16:12:56.973 732 873 E WifiStaIfaceAidlImpl: getLinkLayerStats failed with service-specific exception: android.os.ServiceSpecificException: (code 4)
05-23 16:12:57.460 304 2771 D MesonDisplay: read /sys/class/amhdmitx/amhdmitx0/hdcp_lstore, result length:0, val:
05-23 16:12:58.460 304 2771 D MesonDisplay: read /sys/class/amhdmitx/amhdmitx0/hdcp_lstore, result length:0, val:
05-23 16:12:59.460 304 2771 D MesonDisplay: read /sys/class/amhdmitx/amhdmitx0/hdcp_lstore, result length:0, val:
05-23 16:12:59.601 2569 2570 D uninstall: isAllowStart last_delay 0, current_time 1747987979
05-23 16:12:59.601 2569 2570 I uninstall: enable_service com.ktcp.video/com.tencent.qqlivetv.keeplive.proc.DaemonService com.ktcp.video/(null)
05-23 16:12:59.602 2569 2570 D uninstall: enable_service waitpid
05-23 16:12:59.602 2802 2802 D uninstall: enable_service pid == 0
05-23 16:12:59.602 2802 2802 D uninstall: enable_service version >= 17 || version == 0 version == 34
05-23 16:12:59.655 2569 2570 I uninstall: watchdaemon process_name = com.ktcp.video:daemon has gone, start it
05-23 16:12:59.656 2569 2570 D uninstall: watchdaemon waitpid
05-23 16:12:59.656 2806 2806 D uninstall: watchdaemon pid == 0
05-23 16:12:59.656 2806 2806 D uninstall: watchdaemon version >= 17 || version == 0 version == 34
05-23 16:12:59.977 497 557 I WifiHAL : call wifi_get_link_stats handler
05-23 16:12:59.977 497 557 I WifiHAL : Creating message to get link statistics; iface = 16
05-23 16:12:59.977 497 557 D WifiHAL : error code -95 mapped to -3
05-23 16:12:59.977 732 873 E WifiStaIfaceAidlImpl: getLinkLayerStats failed with service-specific exception: android.os.ServiceSpecificException: (code 4)
05-23 16:13:00.461 304 2771 D MesonDisplay: read /sys/class/amhdmitx/amhdmitx0/hdcp_lstore, result length:0, val:
05-23 16:13:00.461 304 2771 D MesonDisplay: read /sys/class/amhdmitx/amhdmitx0/hdcp_lstore, result length:0, val:
05-23 16:13:00.461 304 2771 I MesonDisplay: [/HDCPTxAuth.cpp, authInit, 223] hdcp_tx key:
05-23 16:13:00.626 732 763 I UsageStatsService: Time changed in by 24329 seconds
05-23 16:13:00.629 732 928 D OomAdjuster: Not killing cached processes
05-23 16:13:00.632 1942 1956 I PermissionControllerServiceImpl: Updating user sensitive for user 0
05-23 16:13:00.688 732 829 D ActivityManager: freezing 2031 com.android.providers.tv
01-01 08:01:17.849 0 0 W : [1 T948 ..] [SP FRAME RX] arp req,vif_idx:0 sender:[ee:08:6c:a8:67:93 192.168.3.184]receiver:[00:00:00:00:00:00 192.168.3.167]
01-01 08:01:17.850 0 0 W : [1 T948 ..] [SP FRAME TX] arp rsp,vif_idx:0 sender:[1c:79:2d:20:62:97 192.168.3.167]receiver:[ee:08:6c:a8:67:93 192.168.3.184]
05-23 16:13:01.515 484 1255 I android.hardware.bluetooth@1.0-impl: [HandleIncomingEvent-549]: rec adv direct packet
05-23 16:13:02.905 732 829 D ActivityManager: freezing 1606 android.process.media
05-23 16:13:02.955 732 829 D ActivityManager: freezing 2108 com.android.statementservice
05-23 16:13:02.956 732 829 D ActivityManager: freezing 2054 com.android.rkpdapp
05-23 16:13:02.984 497 557 I WifiHAL : call wifi_get_link_stats handler
05-23 16:13:02.985 497 557 I WifiHAL : Creating message to get link statistics; iface = 16
05-23 16:13:02.985 497 557 D WifiHAL : error code -95 mapped to -3
05-23 16:13:02.985 732 873 E WifiStaIfaceAidlImpl: getLinkLayerStats failed with service-specific exception: android.os.ServiceSpecificException: (code 4)
01-01 08:01:20.876 0 0 W : [2 T61 ..] [aml_send_sync_trace 4388] sync token[25235]
01-01 08:01:20.876 0 0 W : [2 T61 ..] >>> aml_send_msg()
01-01 08:01:20.877 0 0 W : [2 T947 ..] ipc_sdio_host_msgack_handler 000000008ec67ee1
01-01 08:01:20.877 0 0 W : [2 T947 ..] [aml_msgackind 2038] msg ack hostid=0xffffff807c0e5780
01-01 08:01:20.878 0 0 W : [2 T947 ..] [cmd_mgr_llind 329] cmd tkn[32] flags:0008 result: -4 cmd: 105-MM_SYNC_TRACE - reqcfm( 0-none)
01-01 08:01:20.880 0 0 W : [2 T947 ..] [cmd_complete 65] cmd tkn[32] flags:0000 result: -4 cmd: 105-MM_SYNC_TRACE - reqcfm( 0-none)
05-23 16:13:05.989 497 557 I WifiHAL : call wifi_get_link_stats handler
05-23 16:13:05.989 497 557 I WifiHAL : Creating message to get link statistics; iface = 16
05-23 16:13:05.989 497 557 D WifiHAL : error code -95 mapped to -3
05-23 16:13:05.989 732 873 E WifiStaIfaceAidlImpl: getLinkLayerStats failed with service-specific exception: android.os.ServiceSpecificException: (code 4)
05-23 16:13:06.312 732 732 V HotPlugDetectionAction: Poll all devices.
05-23 16:13:06.373 492 502 D hdmicecd: [CEC]:printCecMessage, [4 -> 0] len: 0, body:, result:success
05-23 16:13:06.429 492 502 D hdmicecd: [CEC]:printCecMessage, [4 -> 1] len: 0, body:, result:no ack
05-23 16:13:06.485 492 502 D hdmicecd: [CEC]:printCecMessage, [4 -> 3] len: 0, body:, result:no ack
05-23 16:13:06.541 492 502 D hdmicecd: [CEC]:printCecMessage, [4 -> 5] len: 0, body:, result:no ack
05-23 16:13:06.597 492 502 D hdmicecd: [CEC]:printCecMessage, [4 -> 8] len: 0, body:, result:no ack
05-23 16:13:06.657 492 502 D hdmicecd: [CEC]:printCecMessage, [4 -> b] len: 0, body:, result:no ack
05-23 16:13:06.711 732 764 D OomAdjuster: Not killing cached processes
05-23 16:13:06.713 492 502 D hdmicecd: [CEC]:printCecMessage, [4 -> e] len: 0, body:, result:no ack
05-23 16:13:06.714 732 764 W ProcessStats: Tracking association SourceState{1ebb351 com.ktcp.video:daemon/10077 Fgs #453} whose proc state 3 is better than process ProcessState{3283533 com.ktcp.video/10077 pkg=com.ktcp.video} proc state 10 (5 skipped)
05-23 16:13:06.714 732 732 D HdmiCecController: [P]:AllocatedAddress=[0]
01-01 08:01:24.016 0 0 W : [3 T948 ..] [SP FRAME RX] DHCP[1 0], vif_idx:0
05-23 16:13:07.251 1023 1165 D DhcpClient: Received packet: 32:08:ae:4d:23:4b ACK: your new IP /192.168.3.154, netmask /255.255.254.0, gateways [/192.168.3.1] DNS servers: /202.96.134.133 /202.96.128.166 , lease time 3600
05-23 16:13:07.426 732 975 W BatteryExternalStatsWorker: error reading Bluetooth stats: 11
05-23 16:13:08.995 497 557 I WifiHAL : call wifi_get_link_stats handler
05-23 16:13:08.996 497 557 I WifiHAL : Creating message to get link statistics; iface = 16
05-23 16:13:08.996 497 557 D WifiHAL : error code -95 mapped to -3
05-23 16:13:08.996 732 873 E WifiStaIfaceAidlImpl: getLinkLayerStats failed with service-specific exception: android.os.ServiceSpecificException: (code 4)
05-23 16:13:09.347 1679 1825 I efs.base: lt=event`ev_ct=efs_core`ev_ac=req_succ_rate`tm=2025-05-23 16:13:05`dn=58e2f914-936a-498c-881a-c510f75c9440`ps=com.dangbei.screencast`um_os=android`stime=1747963599202`pid=1679`fr=android`pkg=com.dangbei.screencast`vcode=20830`dsp_w=1920`path=https://errlog.umeng.com/apm_cc`uid=58e2f914-936a-498c-881a-c510f75c9440`rom=14`wid=58e2f914-936a-498c-881a-c510f75c9440`um_app_carrier=`um_access=unknow`um_app_channel=os`um_crash_sdk_version=1.4.0`ctime=1747987989`model=dbbox-a3`lang=zh`net=wifi`brand=amlogic`dsp_h=1080`um_network_type=0`ver=v2.8.3`cnt=1`rep_code=200`px_code=0`build_model=DBBOX-A3`w_tm=1747987989`appid=5fc60c21094d637f3130af19`um_umid_header=ai7e8b08707ab0bdb10ad7055c78a87961`sdk=34`tzone=Asia/Shanghai`sdk_ver=1.3.6.umeng
05-23 16:13:09.478 471 2823 I resolv : GetAddrInfoHandler::run: {100 100 100 983140 10043 0}
05-23 16:13:09.479 471 2824 I resolv : res_nmkquery: (QUERY, IN, A)
05-23 16:13:09.547 471 2824 I resolv : res_nsend: used send_dg 488 terrno: 0
05-23 16:13:09.547 471 2824 I resolv : doQuery: rcode=0, ancount=6, return value=488
05-23 16:13:09.548 1679 1829 D TrafficStats: tagSocket(142) with statsTag=0xffffffff, statsUid=-1
05-23 16:13:09.727 732 956 I ActivityManager: Background started FGS: Allowed [callingPackage: com.dangbei.screencast; callingUid: 10043; uidState: FGS ; uidBFSL: [BFSL]; intent: Intent { cmp=com.dangbei.screencast/.startup.GuardService }; code:PROC_STATE_FGS; tempAllowListReason:; targetSdkVersion:28; callerTargetSdkVersion:28; startForegroundCount:0; bindFromPackage:null: isBindService:false]
05-23 16:13:09.729 732 956 D CompatibilityChangeReporter: Compat change id reported: 135634846; UID 10043; state: DISABLED
05-23 16:13:09.731 732 765 D CompatibilityChangeReporter: Compat change id reported: 143937733; UID 10043; state: DISABLED
05-23 16:13:09.737 1679 2581 W System.err: java.net.SocketException: Socket closed
05-23 16:13:09.737 1679 2581 W System.err: at java.net.PlainSocketImpl.socketAccept(PlainSocketImpl.java:213)
05-23 16:13:09.737 1679 2581 W System.err: at java.net.AbstractPlainSocketImpl.accept(AbstractPlainSocketImpl.java:451)
05-23 16:13:09.737 1679 2581 W System.err: at java.net.ServerSocket.implAccept(ServerSocket.java:569)
05-23 16:13:09.737 1679 2581 W System.err: at java.net.ServerSocket.accept(ServerSocket.java:537)
05-23 16:13:09.737 1679 2581 W System.err: at b.f.f.t.f.run(Unknown Source:40)
05-23 16:13:09.737 1679 2581 W System.err: at java.lang.Thread.run(Thread.java:1012)
05-23 16:13:09.738 732 884 I serviceDiscovery: [MdnsAdvertiser] Removing service with ID 8
05-23 16:13:09.738 732 884 I serviceDiscovery: [MdnsAdvertiser] Removing service with ID 7
05-23 16:13:09.739 1679 2827 W UpnpServiceImpl: >>> Shutting down UPnP service...
05-23 16:13:09.740 732 884 I serviceDiscovery: [MdnsAdvertiser] Removing service with ID 6
05-23 16:13:09.745 1679 2594 W AbstractChannel: Can't invoke task later as EventLoop rejected it
05-23 16:13:09.745 1679 2594 W AbstractChannel: java.util.concurrent.RejectedExecutionException: event executor terminated
05-23 16:13:09.745 1679 2594 W AbstractChannel: at io.netty.util.concurrent.SingleThreadEventExecutor.reject(Unknown Source:4)
05-23 16:13:09.745 1679 2594 W AbstractChannel: at io.netty.util.concurrent.SingleThreadEventExecutor.offerTask(Unknown Source:6)
05-23 16:13:09.745 1679 2594 W AbstractChannel: at io.netty.util.concurrent.SingleThreadEventExecutor.addTask(Unknown Source:5)
05-23 16:13:09.745 1679 2594 W AbstractChannel: at io.netty.util.concurrent.SingleThreadEventExecutor.execute(Unknown Source:4)
05-23 16:13:09.745 1679 2594 W AbstractChannel: at io.netty.util.concurrent.SingleThreadEventExecutor.execute(Unknown Source:18)
05-23 16:13:09.745 1679 2594 W AbstractChannel: at io.netty.channel.AbstractChannel$AbstractUnsafe.invokeLater(Unknown Source:6)
05-23 16:13:09.745 1679 2594 W AbstractChannel: at io.netty.channel.AbstractChannel$AbstractUnsafe.deregister(Unknown Source:24)
05-23 16:13:09.745 1679 2594 W AbstractChannel: at io.netty.channel.AbstractChannel$AbstractUnsafe.fireChannelInactiveAndDeregister(Unknown Source:17)
05-23 16:13:09.745 1679 2594 W AbstractChannel: at io.netty.channel.AbstractChannel$AbstractUnsafe.close(Unknown Source:112)
05-23 16:13:09.745 1679 2594 W AbstractChannel: at io.netty.channel.AbstractChannel$AbstractUnsafe.close(Unknown Source:12)
05-23 16:13:09.745 1679 2594 W AbstractChannel: at io.netty.channel.nio.NioEventLoop.closeAll(Unknown Source:86)
05-23 16:13:09.745 1679 2594 W AbstractChannel: at io.netty.channel.nio.NioEventLoop.run(Unknown Source:202)
05-23 16:13:09.745 1679 2594 W AbstractChannel: at io.netty.util.concurrent.SingleThreadEventExecutor$4.run(Unknown Source:41)
05-23 16:13:09.745 1679 2594 W AbstractChannel: at io.netty.util.internal.ThreadExecutorMap$2.run(Unknown Source:8)
05-23 16:13:09.745 1679 2594 W AbstractChannel: at io.netty.util.concurrent.FastThreadLocalRunnable.run(Unknown Source:2)
05-23 16:13:09.745 1679 2594 W AbstractChannel: at java.lang.Thread.run(Thread.java:1012)
05-23 16:13:09.746 472 472 D Zygote : Forked child process 2839
05-23 16:13:09.747 732 765 I ActivityManager: Start proc 2839:com.dangbei.screencast:bg_guard/u0a43 for service {com.dangbei.screencast/com.dangbei.screencast.startup.GuardService}
05-23 16:13:09.751 1679 1814 E raop : httpd_stop running 1 joined 0
05-23 16:13:09.751 1679 1814 E raop : httpd_stop connection->socket_fd=0
05-23 16:13:09.751 1679 1814 E raop : httpd_stop connection->socket_fd=0
05-23 16:13:09.751 1679 1814 E raop : httpd_stop connection->socket_fd=0
05-23 16:13:09.751 1679 1814 E raop : httpd_stop connection->socket_fd=0
05-23 16:13:09.751 1679 1814 E raop : httpd_stop connection->socket_fd=0
05-23 16:13:09.751 1679 1814 E raop : httpd_stop connection->socket_fd=0
05-23 16:13:09.751 1679 1814 E raop : httpd_stop connection->socket_fd=0
05-23 16:13:09.751 1679 1814 E raop : httpd_stop connection->socket_fd=0
05-23 16:13:09.751 1679 1814 E raop : httpd_stop connection->socket_fd=0
05-23 16:13:09.751 1679 1814 E raop : httpd_stop connection->socket_fd=0
05-23 16:13:09.753 2839 2839 I Zygote : seccomp disabled by setenforce 0
05-23 16:13:09.753 2569 2570 D uninstall: isAllowStart last_delay 0, current_time 1747987989
05-23 16:13:09.753 2569 2570 I uninstall: enable_service com.ktcp.video/com.tencent.qqlivetv.keeplive.proc.DaemonService com.ktcp.video/(null)
05-23 16:13:09.754 2569 2570 D uninstall: enable_service waitpid
05-23 16:13:09.754 2850 2850 D uninstall: enable_service pid == 0
05-23 16:13:09.754 2850 2850 D uninstall: enable_service version >= 17 || version == 0 version == 34
05-23 16:13:09.760 2839 2839 I encast:bg_guard: Using CollectorTypeCC GC.
05-23 16:13:09.766 2839 2839 E encast:bg_guard: Not starting debugger since process cannot load the jdwp agent.
05-23 16:13:09.776 732 956 D CompatibilityChangeReporter: Compat change id reported: 168419799; UID 10043; state: DISABLED
05-23 16:13:09.777 732 956 D CompatibilityChangeReporter: Compat change id reported: 273564678; UID 10043; state: DISABLED
05-23 16:13:09.772 2267 2267 I rainbow_flow: type=1400 audit(0.0:919): avc: denied { ioctl } for path="/dev/spidev1.0" dev="tmpfs" ino=545 ioctlcmd=0x6b00 scontext=u:r:init:s0 tcontext=u:object_r:device:s0 tclass=chr_file permissive=1
05-23 16:13:09.795 2569 2570 I uninstall: watchdaemon process_name = com.ktcp.video:daemon has gone, start it
05-23 16:13:09.796 2569 2570 D uninstall: watchdaemon waitpid
05-23 16:13:09.796 2867 2867 D uninstall: watchdaemon pid == 0
05-23 16:13:09.796 2867 2867 D uninstall: watchdaemon version >= 17 || version == 0 version == 34
05-23 16:13:09.809 2839 2839 D CompatibilityChangeReporter: Compat change id reported: 171979766; UID 10043; state: DISABLED
05-23 16:13:09.809 2839 2839 D CompatibilityChangeReporter: Compat change id reported: 242716250; UID 10043; state: DISABLED
05-23 16:13:09.813 732 956 D CompatibilityChangeReporter: Compat change id reported: 170503758; UID 10043; state: DISABLED
05-23 16:13:09.816 2839 2839 D ApplicationLoaders: Returning zygote-cached class loader: /system/framework/android.test.base.jar
05-23 16:13:09.816 2839 2839 D ApplicationLoaders: Returning zygote-cached class loader: /system/framework/android.hidl.manager-V1.0-java.jar
05-23 16:13:09.816 2839 2839 D ApplicationLoaders: Returning zygote-cached class loader: /system/framework/android.hidl.base-V1.0-java.jar
01-01 08:01:26.583 0 0 W : [3 T948 ..] [SP FRAME RX] arp req,vif_idx:0 sender:[ce:be:1f:00:3d:16 192.168.3.211]receiver:[00:00:00:00:00:00 192.168.3.167]
01-01 08:01:26.584 0 0 W : [3 T948 ..] [SP FRAME TX] arp rsp,vif_idx:0 sender:[1c:79:2d:20:62:97 192.168.3.167]receiver:[ce:be:1f:00:3d:16 192.168.3.211]
05-23 16:13:09.837 2839 2839 D nativeloader: Configuring clns-shared-4 for other apk /system/app/dangbei-screencast/dangbei-screencast.apk. target_sdk_version=28, uses_libraries=, library_path=/system/app/dangbei-screencast/lib/arm:/system/app/dangbei-screencast/dangbei-screencast.apk!/lib/armeabi-v7a:/system/lib:/system_ext/lib, permitted_path=/data:/mnt/expand:/data/user/0/com.dangbei.screencast:/system/app/dangbei-screencast:/system/lib:/system_ext/lib
05-23 16:13:09.849 2839 2839 V GraphicsEnvironment: Currently set values for:
05-23 16:13:09.849 2839 2839 V GraphicsEnvironment: angle_gl_driver_selection_pkgs=[]
05-23 16:13:09.849 2839 2839 V GraphicsEnvironment: angle_gl_driver_selection_values=[]
05-23 16:13:09.849 2839 2839 V GraphicsEnvironment: ANGLE GameManagerService for com.dangbei.screencast: false
05-23 16:13:09.850 2839 2839 V GraphicsEnvironment: com.dangbei.screencast is not listed in per-application setting
05-23 16:13:09.850 2839 2839 V GraphicsEnvironment: Neither updatable production driver nor prerelease driver is supported.
05-23 16:13:09.854 2839 2839 I MultiDex: VM with version 2.1.0 has multidex support
05-23 16:13:09.854 2839 2839 I MultiDex: Installing application
05-23 16:13:09.854 2839 2839 I MultiDex: VM has multidex support, MultiDex support library is disabled.
05-23 16:13:09.855 2839 2839 D CompatibilityChangeReporter: Compat change id reported: 247079863; UID 10043; state: DISABLED
05-23 16:13:09.862 732 956 D CompatibilityChangeReporter: Compat change id reported: 161145287; UID 10043; state: DISABLED
05-23 16:13:09.889 2839 2877 I crashsdk: version unique build id: 6230cced
05-23 16:13:09.884 2839 2839 I encast:bg_guard: type=1400 audit(0.0:920): avc: denied { read } for name="address" dev="sysfs" ino=22126 scontext=u:r:untrusted_app_27:s0:c43,c256,c512,c768 tcontext=u:object_r:sysfs_net:s0 tclass=file permissive=1 app=com.dangbei.screencast
01-01 08:01:26.658 0 0 W [3 T2877 ..] audit: audit_lost=153 audit_rate_limit=5 audit_backlog_limit=64
05-23 16:13:09.884 2839 2839 I encast:bg_guard: type=1400 audit(0.0:921): avc: denied { open } for path="/sys/devices/virtual/net/dummy0/address" dev="sysfs" ino=22126 scontext=u:r:untrusted_app_27:s0:c43,c256,c512,c768 tcontext=u:object_r:sysfs_net:s0 tclass=file permissive=1 app=com.dangbei.screencast
01-01 08:01:26.662 0 0 E [3 T2877 ..] audit: rate limit exceeded
05-23 16:13:09.897 2839 2877 I crashsdk: begin hack android.os.Process
05-23 16:13:09.897 2839 2877 I crashsdk: end hack android.os.Process
05-23 16:13:09.884 2839 2839 I encast:bg_guard: type=1400 audit(0.0:922): avc: denied { getattr } for path="/sys/devices/virtual/net/dummy0/address" dev="sysfs" ino=22126 scontext=u:r:untrusted_app_27:s0:c43,c256,c512,c768 tcontext=u:object_r:sysfs_net:s0 tclass=file permissive=1 app=com.dangbei.screencast
05-23 16:13:09.903 2839 2884 D crashsdk: Native log stat thread 2884 setup, waiting
05-23 16:13:09.888 2839 2839 I Thread-3: type=1400 audit(0.0:923): avc: denied { read } for name="version" dev="proc" ino=4026532005 scontext=u:r:untrusted_app_27:s0:c43,c256,c512,c768 tcontext=u:object_r:proc_version:s0 tclass=file permissive=1 app=com.dangbei.screencast
05-23 16:13:09.888 2839 2839 I Thread-3: type=1400 audit(0.0:924): avc: denied { open } for path="/proc/version" dev="proc" ino=4026532005 scontext=u:r:untrusted_app_27:s0:c43,c256,c512,c768 tcontext=u:object_r:proc_version:s0 tclass=file permissive=1 app=com.dangbei.screencast
05-23 16:13:09.919 2839 2839 I TDLog : setReportUncaughtExceptions: true
05-23 16:13:09.920 2839 2839 E Application: onCreate:Version:v2.8.3/20830/883432e
05-23 16:13:09.930 2839 2877 I Matrix.AnrTracer: anrTrace, final mAnrBeatTime:400, mAnrBeatRate:400
05-23 16:13:09.932 2839 2878 I TDLog : TalkingData SDK init...
05-23 16:13:09.932 2839 2878 I TDLog : SDK_VERSION is: Android+TD+V5.0.7 gp Type:Native Build_Num:2141
05-23 16:13:09.932 2839 2878 I TDLog : App ID is: B9D7815EC975466AB1332111FCE62DF5
05-23 16:13:09.932 2839 2878 I TDLog : App Channel is: os
05-23 16:13:09.932 2839 2878 I TDLog : App Custom is:
05-23 16:13:09.932 2839 2878 I TDLog : SDK_OVC is: TDOVC+a3bb7754719798526508b6caad480dd7+SaaS
05-23 16:13:09.944 2839 2896 D TrafficStats: tagSocket(128) with statsTag=0xffffffff, statsUid=-1
05-23 16:13:09.944 2839 2839 I crashsdk: Catcher mask: 5000, 20480
05-23 16:13:09.945 2839 2839 I crashsdk: Catcher thread 2855
05-23 16:13:09.945 2839 2839 D crashsdk: Register ANR handler ...
05-23 16:13:09.945 2839 2877 E LaunchManager: Non main process !
05-23 16:13:09.945 2839 2877 W System.err: java.lang.NullPointerException: Attempt to invoke virtual method 'boolean com.efs.sdk.launch.LaunchConfigManager.enableTracer()' on a null object reference
05-23 16:13:09.945 2839 2877 W System.err: at com.umeng.umcrash.UMCrash.init(Unknown Source:403)
05-23 16:13:09.945 2839 2877 W System.err: at java.lang.reflect.Method.invoke(Native Method)
05-23 16:13:09.945 2839 2877 W System.err: at com.umeng.commonsdk.UMConfigure.init(Unknown Source:811)
05-23 16:13:09.945 2839 2877 W System.err: at b.f.f.b.a(:4)
05-23 16:13:09.945 2839 2877 W System.err: at h.o.a.run(Unknown Source:2)
01-01 08:01:26.713 0 0 W : [1 T2896 ..] [SP FRAME TX] arp req,vif_idx:0 sender:[1c:79:2d:20:62:97 192.168.3.167]receiver:[00:00:00:00:00:00 192.168.3.2]
01-01 08:01:26.714 0 0 W : [1 T2896 ..] [SP FRAME TX] arp req,vif_idx:0 sender:[1c:79:2d:20:62:97 192.168.3.167]receiver:[00:00:00:00:00:00 192.168.3.3]
01-01 08:01:26.716 0 0 W : [1 T2896 ..] [SP FRAME TX] arp req,vif_idx:0 sender:[1c:79:2d:20:62:97 192.168.3.167]receiver:[00:00:00:00:00:00 192.168.3.4]
05-23 16:13:09.950 2839 2887 W efs.send_log: tryFileLock start!
01-01 08:01:26.718 0 0 W : [1 T2896 ..] [SP FRAME TX] arp req,vif_idx:0 sender:[1c:79:2d:20:62:97 192.168.3.167]receiver:[00:00:00:00:00:00 192.168.3.6]
05-23 16:13:09.952 732 956 D CompatibilityChangeReporter: Compat change id reported: 170668199; UID 10043; state: DISABLED
05-23 16:13:09.952 732 956 W ActivityManager: Foreground service started from background can not have location/camera/microphone access: service com.dangbei.screencast/.startup.GuardService
05-23 16:13:09.952 732 956 D CompatibilityChangeReporter: Compat change id reported: 255038118; UID 10043; state: DISABLED
05-23 16:13:09.953 732 956 D CompatibilityChangeReporter: Compat change id reported: 255042465; UID 10043; state: DISABLED
05-23 16:13:09.953 732 956 W ForegroundServiceTypeLoggerModule: Foreground service start for UID: 10043 does not have any types
01-01 08:01:26.720 0 0 W : [0 T2896 ..] [SP FRAME TX] arp req,vif_idx:0 sender:[1c:79:2d:20:62:97 192.168.3.167]receiver:[00:00:00:00:00:00 192.168.3.7]
05-23 16:13:09.968 2839 2839 E GuardService: onStartCommand:
05-23 16:13:09.968 2839 2839 E GuardService: onStartCommand: cmd:1
05-23 16:13:09.968 2839 2839 E GuardService: result:2
05-23 16:13:09.971 2839 2887 I efs.config: --->>> 删除旧的配置文件 false
05-23 16:13:09.971 2839 2904 I efs.base: lt=event`ev_ct=efs_core`ev_ac=pvuv`tm=2025-05-23 16:13:96`dn=58e2f914-936a-498c-881a-c510f75c9440`ps=com.dangbei.screencast:bg_guard`um_os=android`stime=1747987989774`pid=2839`fr=android`pkg=com.dangbei.screencast`vcode=20830`dsp_w=1920`uid=58e2f914-936a-498c-881a-c510f75c9440`rom=14`wid=58e2f914-936a-498c-881a-c510f75c9440`um_app_carrier=`um_access=wifi`um_app_channel=os`um_crash_sdk_version=1.4.0`ctime=1747987989`model=dbbox-a3`lang=zh`net=wifi`brand=amlogic`dsp_h=1080`um_network_type=0`ver=v2.8.3`build_model=DBBOX-A3`w_tm=1747987989`appid=5fc60c21094d637f3130af19`um_umid_header=ai7e8b08707ab0bdb10ad7055c78a87961`sdk=34`tzone=Asia/Shanghai`sdk_ver=1.3.6.umeng
01-01 08:01:26.736 0 0 W : [2 T2896 ..] [SP FRAME TX] arp req,vif_idx:0 sender:[1c:79:2d:20:62:97 192.168.3.167]receiver:[00:00:00:00:00:00 192.168.3.10]
01-01 08:01:26.739 0 0 W : [1 T2896 ..] [SP FRAME TX] arp req,vif_idx:0 sender:[1c:79:2d:20:62:97 192.168.3.167]receiver:[00:00:00:00:00:00 192.168.3.14]
05-23 16:13:09.973 2839 2887 I efs.config: current config version (-1) is older than another (1735614866)
05-23 16:13:09.973 2839 2887 I efs.config: load config from storage and notify observer
01-01 08:01:26.741 0 0 W : [1 T2896 ..] [SP FRAME TX] arp req,vif_idx:0 sender:[1c:79:2d:20:62:97 192.168.3.167]receiver:[00:00:00:00:00:00 192.168.3.17]
01-01 08:01:26.743 0 0 W : [1 T2896 ..] [SP FRAME TX] arp req,vif_idx:0 sender:[1c:79:2d:20:62:97 192.168.3.167]receiver:[00:00:00:00:00:00 192.168.3.21]
01-01 08:01:26.745 0 0 W : [1 T2896 ..] [SP FRAME TX] arp req,vif_idx:0 sender:[1c:79:2d:20:62:97 192.168.3.167]receiver:[00:00:00:00:00:00 192.168.3.23]
01-01 08:01:26.746 0 0 W : [1 T2896 ..] [SP FRAME TX] arp req,vif_idx:0 sender:[1c:79:2d:20:62:97 192.168.3.167]receiver:[00:00:00:00:00:00 192.168.3.24]
01-01 08:01:26.748 0 0 W : [1 T2896 ..] [SP FRAME TX] arp req,vif_idx:0 sender:[1c:79:2d:20:62:97 192.168.3.167]receiver:[00:00:00:00:00:00 192.168.3.26]
01-01 08:01:26.749 0 0 W : [1 T2896 ..] [SP FRAME TX] arp req,vif_idx:0 sender:[1c:79:2d:20:62:97 192.168.3.167]receiver:[00:00:00:00:00:00 192.168.3.28]
01-01 08:01:26.751 0 0 W : [1 T2896 ..] [SP FRAME TX] arp req,vif_idx:0 sender:[1c:79:2d:20:62:97 192.168.3.167]receiver:[00:00:00:00:00:00 192.168.3.29]
01-01 08:01:26.752 0 0 W : [1 T2896 ..] [SP FRAME TX] arp req,vif_idx:0 sender:[1c:79:2d:20:62:97 192.168.3.167]receiver:[00:00:00:00:00:00 192.168.3.30]
01-01 08:01:26.754 0 0 W : [1 T2896 ..] [SP FRAME TX] arp req,vif_idx:0 sender:[1c:79:2d:20:62:97 192.168.3.167]receiver:[00:00:00:00:00:00 192.168.3.33]
01-01 08:01:26.756 0 0 W : [1 T2896 ..] [SP FRAME TX] arp req,vif_idx:0 sender:[1c:79:2d:20:62:97 192.168.3.167]receiver:[00:00:00:00:00:00 192.168.3.34]
01-01 08:01:26.757 0 0 W : [1 T2896 ..] [SP FRAME TX] arp req,vif_idx:0 sender:[1c:79:2d:20:62:97 192.168.3.167]receiver:[00:00:00:00:00:00 192.168.3.35]
01-01 08:01:26.758 0 0 W : [1 T2896 ..] [SP FRAME TX] arp req,vif_idx:0 sender:[1c:79:2d:20:62:97 192.168.3.167]receiver:[00:00:00:00:00:00 192.168.3.36]
05-23 16:13:09.992 471 2907 I resolv : GetAddrInfoHandler::run: {100 100 100 983140 10043 0}
05-23 16:13:09.993 471 2908 I resolv : res_nmkquery: (QUERY, IN, A)
01-01 08:01:26.760 0 0 W : [1 T2896 ..] [SP FRAME TX] arp req,vif_idx:0 sender:[1c:79:2d:20:62:97 192.168.3.167]receiver:[00:00:00:00:00:00 192.168.3.38]
01-01 08:01:26.762 0 0 W : [1 T2896 ..] [SP FRAME TX] arp req,vif_idx:0 sender:[1c:79:2d:20:62:97 192.168.3.167]receiver:[00:00:00:00:00:00 192.168.3.49]
01-01 08:01:26.764 0 0 W : [1 T2896 ..] [SP FRAME TX] arp req,vif_idx:0 sender:[1c:79:2d:20:62:97 192.168.3.167]receiver:[00:00:00:00:00:00 192.168.3.51]
01-01 08:01:26.765 0 0 W : [1 T2896 ..] [SP FRAME TX] arp req,vif_idx:0 sender:[1c:79:2d:20:62:97 192.168.3.167]receiver:[00:00:00:00:00:00 192.168.3.54]
01-01 08:01:26.767 0 0 W : [1 T2896 ..] [SP FRAME TX] arp req,vif_idx:0 sender:[1c:79:2d:20:62:97 192.168.3.167]receiver:[00:00:00:00:00:00 192.168.3.55]
01-01 08:01:26.769 0 0 W : [1 T2896 ..] [SP FRAME TX] arp req,vif_idx:0 sender:[1c:79:2d:20:62:97 192.168.3.167]receiver:[00:00:00:00:00:00 192.168.3.61]
01-01 08:01:26.770 0 0 W : [1 T2896 ..] [SP FRAME TX] arp req,vif_idx:0 sender:[1c:79:2d:20:62:97 192.168.3.167]receiver:[00:00:00:00:00:00 192.168.3.64]
01-01 08:01:26.772 0 0 W : [1 T2896 ..] [SP FRAME TX] arp req,vif_idx:0 sender:[1c:79:2d:20:62:97 192.168.3.167]receiver:[00:00:00:00:00:00 192.168.3.67]
01-01 08:01:26.773 0 0 W : [1 T2896 ..] [SP FRAME TX] arp req,vif_idx:0 sender:[1c:79:2d:20:62:97 192.168.3.167]receiver:[00:00:00:00:00:00 192.168.3.70]
01-01 08:01:26.775 0 0 W : [1 T2896 ..] [SP FRAME TX] arp req,vif_idx:0 sender:[1c:79:2d:20:62:97 192.168.3.167]receiver:[00:00:00:00:00:00 192.168.3.71]
01-01 08:01:26.776 0 0 W : [1 T2896 ..] [SP FRAME TX] arp req,vif_idx:0 sender:[1c:79:2d:20:62:97 192.168.3.167]receiver:[00:00:00:00:00:00 192.168.3.72]
01-01 08:01:26.778 0 0 W : [1 T2896 ..] [SP FRAME TX] arp req,vif_idx:0 sender:[1c:79:2d:20:62:97 192.168.3.167]receiver:[00:00:00:00:00:00 192.168.3.80]
01-01 08:01:26.779 0 0 W : [1 T2896 ..] [SP FRAME TX] arp req,vif_idx:0 sender:[1c:79:2d:20:62:97 192.168.3.167]receiver:[00:00:00:00:00:00 192.168.3.81]
01-01 08:01:26.782 0 0 W : [1 T2896 ..] [SP FRAME TX] arp req,vif_idx:0 sender:[1c:79:2d:20:62:97 192.168.3.167]receiver:[00:00:00:00:00:00 192.168.3.89]
01-01 08:01:26.783 0 0 W : [1 T2896 ..] [SP FRAME TX] arp req,vif_idx:0 sender:[1c:79:2d:20:62:97 192.168.3.167]receiver:[00:00:00:00:00:00 192.168.3.92]
01-01 08:01:26.784 0 0 W : [1 T2896 ..] [SP FRAME TX] arp req,vif_idx:0 sender:[1c:79:2d:20:62:97 192.168.3.167]receiver:[00:00:00:00:00:00 192.168.3.93]
01-01 08:01:26.786 0 0 W : [1 T2896 ..] [SP FRAME TX] arp req,vif_idx:0 sender:[1c:79:2d:20:62:97 192.168.3.167]receiver:[00:00:00:00:00:00 192.168.3.96]
01-01 08:01:26.787 0 0 W : [1 T2896 ..] [SP FRAME TX] arp req,vif_idx:0 sender:[1c:79:2d:20:62:97 192.168.3.167]receiver:[00:00:00:00:00:00 192.168.3.97]
01-01 08:01:26.789 0 0 W : [1 T2896 ..] [SP FRAME TX] arp req,vif_idx:0 sender:[1c:79:2d:20:62:97 192.168.3.167]receiver:[00:00:00:00:00:00 192.168.3.102]
01-01 08:01:26.791 0 0 W : [1 T2896 ..] [SP FRAME TX] arp req,vif_idx:0 sender:[1c:79:2d:20:62:97 192.168.3.167]receiver:[00:00:00:00:00:00 192.168.3.107]
01-01 08:01:26.793 0 0 W : [1 T2896 ..] [SP FRAME TX] arp req,vif_idx:0 sender:[1c:79:2d:20:62:97 192.168.3.167]receiver:[00:00:00:00:00:00 192.168.3.114]
01-01 08:01:26.794 0 0 W : [1 T2896 ..] [SP FRAME TX] arp req,vif_idx:0 sender:[1c:79:2d:20:62:97 192.168.3.167]receiver:[00:00:00:00:00:00 192.168.3.119]
05-23 16:13:10.028 2839 2896 D TrafficStats: tagSocket(128) with statsTag=0xffffffff, statsUid=-1
01-01 08:01:26.797 0 0 W : [1 T2896 ..] [SP FRAME TX] arp req,vif_idx:0 sender:[1c:79:2d:20:62:97 192.168.3.167]receiver:[00:00:00:00:00:00 192.168.3.127]
01-01 08:01:26.798 0 0 W : [1 T2896 ..] [SP FRAME TX] arp req,vif_idx:0 sender:[1c:79:2d:20:62:97 192.168.3.167]receiver:[00:00:00:00:00:00 192.168.3.129]
01-01 08:01:26.799 0 0 W : [1 T2896 ..] [SP FRAME TX] arp req,vif_idx:0 sender:[1c:79:2d:20:62:97 192.168.3.167]receiver:[00:00:00:00:00:00 192.168.3.132]
01-01 08:01:26.801 0 0 W : [1 T2896 ..] [SP FRAME TX] arp req,vif_idx:0 sender:[1c:79:2d:20:62:97 192.168.3.167]receiver:[00:00:00:00:00:00 192.168.3.133]
01-01 08:01:26.803 0 0 W : [1 T2896 ..] [SP FRAME TX] arp req,vif_idx:0 sender:[1c:79:2d:20:62:97 192.168.3.167]receiver:[00:00:00:00:00:00 192.168.3.138]
01-01 08:01:26.804 0 0 W : [1 T2896 ..] [SP FRAME TX] arp req,vif_idx:0 sender:[1c:79:2d:20:62:97 192.168.3.167]receiver:[00:00:00:00:00:00 192.168.3.141]
01-01 08:01:26.805 0 0 W : [1 T2896 ..] [SP FRAME TX] arp req,vif_idx:0 sender:[1c:79:2d:20:62:97 192.168.3.167]receiver:[00:00:00:00:00:00 192.168.3.143]
01-01 08:01:26.807 0 0 W : [1 T2896 ..] [SP FRAME TX] arp req,vif_idx:0 sender:[1c:79:2d:20:62:97 192.168.3.167]receiver:[00:00:00:00:00:00 192.168.3.144]
01-01 08:01:26.809 0 0 W : [1 T2896 ..] [SP FRAME TX] arp req,vif_idx:0 sender:[1c:79:2d:20:62:97 192.168.3.167]receiver:[00:00:00:00:00:00 192.168.3.146]
01-01 08:01:26.810 0 0 W : [1 T2896 ..] [SP FRAME TX] arp req,vif_idx:0 sender:[1c:79:2d:20:62:97 192.168.3.167]receiver:[00:00:00:00:00:00 192.168.3.149]
01-01 08:01:26.812 0 0 W : [1 T2896 ..] [SP FRAME TX] arp req,vif_idx:0 sender:[1c:79:2d:20:62:97 192.168.3.167]receiver:[00:00:00:00:00:00 192.168.3.152]
01-01 08:01:26.813 0 0 W : [1 T2896 ..] [SP FRAME TX] arp req,vif_idx:0 sender:[1c:79:2d:20:62:97 192.168.3.167]receiver:[00:00:00:00:00:00 192.168.3.156]
01-01 08:01:26.815 0 0 W : [1 T2896 ..] [SP FRAME TX] arp req,vif_idx:0 sender:[1c:79:2d:20:62:97 192.168.3.167]receiver:[00:00:00:00:00:00 192.168.3.158]
01-01 08:01:26.817 0 0 W : [1 T2896 ..] [SP FRAME TX] arp req,vif_idx:0 sender:[1c:79:2d:20:62:97 192.168.3.167]receiver:[00:00:00:00:00:00 192.168.3.163]
01-01 08:01:26.818 0 0 W : [1 T2896 ..] [SP FRAME TX] arp req,vif_idx:0 sender:[1c:79:2d:20:62:97 192.168.3.167]receiver:[00:00:00:00:00:00 192.168.3.164]
01-01 08:01:26.820 0 0 W : [1 T2896 ..] [SP FRAME TX] arp req,vif_idx:0 sender:[1c:79:2d:20:62:97 192.168.3.167]receiver:[00:00:00:00:00:00 192.168.3.165]
01-01 08:01:26.821 0 0 W : [1 T2896 ..] [SP FRAME TX] arp req,vif_idx:0 sender:[1c:79:2d:20:62:97 192.168.3.167]receiver:[00:00:00:00:00:00 192.168.3.168]
01-01 08:01:26.823 0 0 W : [1 T2896 ..] [SP FRAME TX] arp req,vif_idx:0 sender:[1c:79:2d:20:62:97 192.168.3.167]receiver:[00:00:00:00:00:00 192.168.3.169]
01-01 08:01:26.824 0 0 W : [1 T2896 ..] [SP FRAME TX] arp req,vif_idx:0 sender:[1c:79:2d:20:62:97 192.168.3.167]receiver:[00:00:00:00:00:00 192.168.3.171]
01-01 08:01:26.826 0 0 W : [1 T2896 ..] [SP FRAME TX] arp req,vif_idx:0 sender:[1c:79:2d:20:62:97 192.168.3.167]receiver:[00:00:00:00:00:00 192.168.3.174]
01-01 08:01:26.827 0 0 W : [1 T2896 ..] [SP FRAME TX] arp req,vif_idx:0 sender:[1c:79:2d:20:62:97 192.168.3.167]receiver:[00:00:00:00:00:00 192.168.3.175]
01-01 08:01:26.829 0 0 W : [1 T2896 ..] [SP FRAME TX] arp req,vif_idx:0 sender:[1c:79:2d:20:62:97 192.168.3.167]receiver:[00:00:00:00:00:00 192.168.3.178]
01-01 08:01:26.830 0 0 W : [1 T2896 ..] [SP FRAME TX] arp req,vif_idx:0 sender:[1c:79:2d:20:62:97 192.168.3.167]receiver:[00:00:00:00:00:00 192.168.3.180]
05-23 16:13:10.065 1679 2827 W Router : disable lock:org.fourthline.cling.android.AndroidRouter@378e2e2_java.util.concurrent.locks.ReentrantReadWriteLock$WriteLock@c65a673[Unlocked]
05-23 16:13:10.065 1679 2827 I Router : WiFi multicast lock released
05-23 16:13:10.065 732 808 I WifiService: releaseMulticastLock uid=10043
05-23 16:13:10.068 1679 2827 I Router : WiFi lock released
05-23 16:13:10.068 732 956 I WifiService: releaseWifiLock uid=10043
01-01 08:01:26.832 0 0 W : [1 T2896 ..] [SP FRAME TX] arp req,vif_idx:0 sender:[1c:79:2d:20:62:97 192.168.3.167]receiver:[00:00:00:00:00:00 192.168.3.181]
01-01 08:01:26.834 0 0 W : [1 T2896 ..] [SP FRAME TX] arp req,vif_idx:0 sender:[1c:79:2d:20:62:97 192.168.3.167]receiver:[00:00:00:00:00:00 192.168.3.182]
01-01 08:01:26.836 0 0 W : [1 T2896 ..] [SP FRAME TX] arp req,vif_idx:0 sender:[1c:79:2d:20:62:97 192.168.3.167]receiver:[00:00:00:00:00:00 192.168.3.185]
05-23 16:13:10.069 497 557 D WifiHAL : Setting APF program, halHandle = 0xf4002170
05-23 16:13:10.069 497 557 I WifiHAL : createRequest: APF set program request
05-23 16:13:10.070 1023 1165 D IpClient.wlan0: set max DTIM multiplier to 9
05-23 16:13:10.070 497 557 D WifiHAL : error code -95 mapped to -3
05-23 16:13:10.070 497 557 I WifiHAL : Request Response failed for APF, result = -3
05-23 16:13:10.070 732 873 E WifiStaIfaceAidlImpl: installApfPacketFilter failed with service-specific exception: android.os.ServiceSpecificException: (code 4)
01-01 08:01:26.837 0 0 W : [1 T2896 ..] [SP FRAME TX] arp req,vif_idx:0 sender:[1c:79:2d:20:62:97 192.168.3.167]receiver:[00:00:00:00:00:00 192.168.3.186]
01-01 08:01:26.839 0 0 W : [1 T2896 ..] [SP FRAME TX] arp req,vif_idx:0 sender:[1c:79:2d:20:62:97 192.168.3.167]receiver:[00:00:00:00:00:00 192.168.3.188]
05-23 16:13:10.073 497 557 I WifiHAL : wifi_set_latency_mode set to 0
01-01 08:01:26.840 0 0 W : [1 T2896 ..] [SP FRAME TX] arp req,vif_idx:0 sender:[1c:79:2d:20:62:97 192.168.3.167]receiver:[00:00:00:00:00:00 192.168.3.192]
01-01 08:01:26.842 0 0 W : [1 T2896 ..] [SP FRAME TX] arp req,vif_idx:0 sender:[1c:79:2d:20:62:97 192.168.3.167]receiver:[00:00:00:00:00:00 192.168.3.193]
01-01 08:01:26.842 0 0 W : [3 T1016 ..] >>> aml_cfg80211_set_power_mgmt()
01-01 08:01:26.842 0 0 W : [1 T2896 ..] [SP FRAME TX] arp req,vif_idx:0 sender:[1c:79:2d:20:62:97 192.168.3.167]receiver:[00:00:00:00:00:00 192.168.3.196]
01-01 08:01:26.843 0 0 W : [3 T1016 ..] [aml_send_me_set_ps_mode 2111] set power save mode:0
01-01 08:01:26.844 0 0 W : [1 T2896 ..] [SP FRAME TX] arp req,vif_idx:0 sender:[1c:79:2d:20:62:97 192.168.3.167]receiver:[00:00:00:00:00:00 192.168.3.199]
01-01 08:01:26.845 0 0 W : [3 T1016 ..] >>> aml_send_msg()
01-01 08:01:26.847 0 0 W : [1 T2896 ..] [SP FRAME TX] arp req,vif_idx:0 sender:[1c:79:2d:20:62:97 192.168.3.167]receiver:[00:00:00:00:00:00 192.168.3.200]
01-01 08:01:26.848 0 0 W : [2 T947 ..] ipc_sdio_host_msgack_handler 000000000e08e10a
01-01 08:01:26.850 0 0 W : [2 T947 ..] [aml_msgackind 2038] msg ack hostid=0xffffff80794f2000
01-01 08:01:26.851 0 0 W : [1 T2896 ..] [SP FRAME TX] arp req,vif_idx:0 sender:[1c:79:2d:20:62:97 192.168.3.167]receiver:[00:00:00:00:00:00 192.168.3.203]
01-01 08:01:26.851 0 0 W : [2 T947 ..] [cmd_mgr_llind 329] cmd tkn[33] flags:001a result: -4 cmd:5139-ME_SET_PS_MODE_REQ - reqcfm(5140-ME_SET_PS_MODE_CFM)
01-01 08:01:26.854 0 0 W : [1 T2896 ..] [SP FRAME TX] arp req,vif_idx:0 sender:[1c:79:2d:20:62:97 192.168.3.167]receiver:[00:00:00:00:00:00 192.168.3.204]
01-01 08:01:26.855 0 0 W : [2 T947 ..] [cmd_mgr_msgind 409] cmd tkn[33] flags:0012 result: -4 cmd:5139-ME_SET_PS_MODE_REQ - reqcfm(5140-ME_SET_PS_MODE_CFM)
01-01 08:01:26.857 0 0 W : [1 T2896 ..] [SP FRAME TX] arp req,vif_idx:0 sender:[1c:79:2d:20:62:97 192.168.3.167]receiver:[00:00:00:00:00:00 192.168.3.206]
01-01 08:01:26.858 0 0 W : [2 T947 ..] [cmd_complete 65] cmd tkn[33] flags:0002 result: -4 cmd:5139-ME_SET_PS_MODE_REQ - reqcfm(5140-ME_SET_PS_MODE_CFM)
01-01 08:01:26.860 0 0 W : [1 T2896 ..] [SP FRAME TX] arp req,vif_idx:0 sender:[1c:79:2d:20:62:97 192.168.3.167]receiver:[00:00:00:00:00:00 192.168.3.208]
05-23 16:13:10.095 497 557 D WifiHAL : Setting DTIM config , halHandle = 0xf4002170 Multiplier = 9
05-23 16:13:10.095 497 557 I WifiHAL : Successfully configured dtim multiplier 9
05-23 16:13:10.095 497 557 D WifiHAL : error code -95 mapped to -3
05-23 16:13:10.095 732 873 E WifiStaIfaceAidlImpl: setDtimMultiplier failed with service-specific exception: android.os.ServiceSpecificException: (code 4)
01-01 08:01:26.863 0 0 W : [1 T2896 ..] [SP FRAME TX] arp req,vif_idx:0 sender:[1c:79:2d:20:62:97 192.168.3.167]receiver:[00:00:00:00:00:00 192.168.3.209]
01-01 08:01:26.865 0 0 W : [1 T2896 ..] [SP FRAME TX] arp req,vif_idx:0 sender:[1c:79:2d:20:62:97 192.168.3.167]receiver:[00:00:00:00:00:00 192.168.3.214]
01-01 08:01:26.867 0 0 W : [1 T2896 ..] [SP FRAME TX] arp req,vif_idx:0 sender:[1c:79:2d:20:62:97 192.168.3.167]receiver:[00:00:00:00:00:00 192.168.3.216]
01-01 08:01:26.869 0 0 W : [1 T2896 ..] [SP FRAME TX] arp req,vif_idx:0 sender:[1c:79:2d:20:62:97 192.168.3.167]receiver:[00:00:00:00:00:00 192.168.3.218]
01-01 08:01:26.870 0 0 W : [1 T2896 ..] [SP FRAME TX] arp req,vif_idx:0 sender:[1c:79:2d:20:62:97 192.168.3.167]receiver:[00:00:00:00:00:00 192.168.3.219]
01-01 08:01:26.872 0 0 W : [1 T2896 ..] [SP FRAME TX] arp req,vif_idx:0 sender:[1c:79:2d:20:62:97 192.168.3.167]receiver:[00:00:00:00:00:00 192.168.3.227]
01-01 08:01:26.873 0 0 W : [1 T2896 ..] [SP FRAME TX] arp req,vif_idx:0 sender:[1c:79:2d:20:62:97 192.168.3.167]receiver:[00:00:00:00:00:00 192.168.3.228]
05-23 16:13:10.107 1679 2827 I JettyServletContainer: No more connectors, stopping Jetty server
05-23 16:13:10.108 1679 2827 I JettyServletContainer: Stopping Jetty server...
05-23 16:13:10.108 1679 2827 W System.err: 2025-05-23 16:13:10.108:INFO:lcaf.p:Graceful shutdown l.c.a.g.d{/upnp,null}
05-23 16:13:10.109 1679 2603 E JettyServletContainer: error:java.net.SocketException: Socket closed
05-23 16:13:10.109 1679 2603 W System.err: java.net.SocketException: Socket closed
05-23 16:13:10.109 1679 2603 W System.err: at java.net.PlainSocketImpl.socketAccept(PlainSocketImpl.java:213)
05-23 16:13:10.109 1679 2603 W System.err: at java.net.AbstractPlainSocketImpl.accept(AbstractPlainSocketImpl.java:451)
05-23 16:13:10.110 1679 2603 W System.err: at java.net.ServerSocket.implAccept(ServerSocket.java:569)
05-23 16:13:10.110 1679 2603 W System.err: at java.net.ServerSocket.accept(ServerSocket.java:537)
05-23 16:13:10.110 1679 2603 W System.err: at l.c.a.f.w.a.accept(Unknown Source:2)
05-23 16:13:10.110 1679 2603 W System.err: at org.fourthline.cling.transport.impl.jetty.JettyServletContainer$2.accept(Unknown Source:1)
05-23 16:13:10.110 1679 2603 W System.err: at l.c.a.f.a$a.run(Unknown Source:113)
05-23 16:13:10.110 1679 2603 W System.err: at java.util.concurrent.ThreadPoolExecutor.runWorker(ThreadPoolExecutor.java:1145)
05-23 16:13:10.110 1679 2603 W System.err: at java.util.concurrent.ThreadPoolExecutor$Worker.run(ThreadPoolExecutor.java:644)
05-23 16:13:10.110 1679 2603 W System.err: at java.lang.Thread.run(Thread.java:1012)
01-01 08:01:26.875 0 0 W : [1 T2896 ..] [SP FRAME TX] arp req,vif_idx:0 sender:[1c:79:2d:20:62:97 192.168.3.167]receiver:[00:00:00:00:00:00 192.168.3.229]
01-01 08:01:26.878 0 0 W : [1 T2896 ..] [SP FRAME TX] arp req,vif_idx:0 sender:[1c:79:2d:20:62:97 192.168.3.167]receiver:[00:00:00:00:00:00 192.168.3.231]
01-01 08:01:26.879 0 0 W : [1 T2896 ..] [SP FRAME TX] arp req,vif_idx:0 sender:[1c:79:2d:20:62:97 192.168.3.167]receiver:[00:00:00:00:00:00 192.168.3.232]
01-01 08:01:26.881 0 0 W : [1 T2896 ..] [SP FRAME TX] arp req,vif_idx:0 sender:[1c:79:2d:20:62:97 192.168.3.167]receiver:[00:00:00:00:00:00 192.168.3.235]
01-01 08:01:26.882 0 0 W : [1 T2896 ..] [SP FRAME TX] arp req,vif_idx:0 sender:[1c:79:2d:20:62:97 192.168.3.167]receiver:[00:00:00:00:00:00 192.168.3.238]
01-01 08:01:26.884 0 0 W : [1 T2896 ..] [SP FRAME TX] arp req,vif_idx:0 sender:[1c:79:2d:20:62:97 192.168.3.167]receiver:[00:00:00:00:00:00 192.168.3.241]
01-01 08:01:26.885 0 0 W : [1 T2896 ..] [SP FRAME TX] arp req,vif_idx:0 sender:[1c:79:2d:20:62:97 192.168.3.167]receiver:[00:00:00:00:00:00 192.168.3.242]
01-01 08:01:26.887 0 0 W : [1 T2896 ..] [SP FRAME TX] arp req,vif_idx:0 sender:[1c:79:2d:20:62:97 192.168.3.167]receiver:[00:00:00:00:00:00 192.168.3.251]
05-23 16:13:10.162 732 771 W BatteryExternalStatsWorker: error reading modem stats:ERROR_PHONE_NOT_AVAILABLE
05-23 16:13:10.163 732 808 W BatteryExternalStatsWorker: error reading Bluetooth stats: 11
05-23 16:13:10.197 471 2908 I resolv : res_nsend: used send_dg 436 terrno: 0
05-23 16:13:10.198 471 2908 I resolv : doQuery: rcode=0, ancount=3, return value=436
05-23 16:13:10.199 2839 2901 D TrafficStats: tagSocket(128) with statsTag=0xffffffff, statsUid=-1
05-23 16:13:10.199 1679 1829 I efs.base: wa upload succ, HttpResponse {succ=true, code=200, data='暂不支持该服务', extra={req_url=https://errlog.umeng.com/api/crashsdk/logcollect}}
05-23 16:13:10.204 1679 1825 D TrafficStats: tagSocket(6) with statsTag=0xffffffff, statsUid=-1
05-23 16:13:10.301 1679 1814 E raop : httpd_stop running 0 joined 1
05-23 16:13:10.389 2839 2904 W efs.info.manager: network change: wifi
05-23 16:13:10.545 484 1255 I android.hardware.bluetooth@1.0-impl: [HandleIncomingEvent-549]: rec adv direct packet
05-23 16:13:10.772 1679 1825 I efs.base: wa upload succ, HttpResponse {succ=true, code=200, data='暂不支持该服务', extra={req_url=https://errlog.umeng.com/api/crashsdk/logcollect}}
01-01 08:01:27.720 0 0 W : [1 T0 .s] [SP FRAME TX] arp req,vif_idx:0 sender:[1c:79:2d:20:62:97 192.168.3.167]receiver:[00:00:00:00:00:00 192.168.3.6]
01-01 08:01:27.721 0 0 W : [1 T0 .s] [SP FRAME TX] arp req,vif_idx:0 sender:[1c:79:2d:20:62:97 192.168.3.167]receiver:[00:00:00:00:00:00 192.168.3.4]
01-01 08:01:27.722 0 0 W : [1 T0 .s] [SP FRAME TX] arp req,vif_idx:0 sender:[1c:79:2d:20:62:97 192.168.3.167]receiver:[00:00:00:00:00:00 192.168.3.3]
01-01 08:01:27.724 0 0 W : [1 T0 .s] [SP FRAME TX] arp req,vif_idx:0 sender:[1c:79:2d:20:62:97 192.168.3.167]receiver:[00:00:00:00:00:00 192.168.3.2]
01-01 08:01:27.752 0 0 W : [0 T85 .s] [SP FRAME TX] arp req,vif_idx:0 sender:[1c:79:2d:20:62:97 192.168.3.167]receiver:[00:00:00:00:00:00 192.168.3.7]
01-01 08:01:27.753 0 0 W : [0 T85 .s] [SP FRAME TX] arp req,vif_idx:0 sender:[1c:79:2d:20:62:97 192.168.3.167]receiver:[00:00:00:00:00:00 192.168.3.29]
01-01 08:01:27.754 0 0 W : [0 T85 .s] [SP FRAME TX] arp req,vif_idx:0 sender:[1c:79:2d:20:62:97 192.168.3.167]receiver:[00:00:00:00:00:00 192.168.3.10]
01-01 08:01:27.756 0 0 W : [0 T85 .s] [SP FRAME TX] arp req,vif_idx:0 sender:[1c:79:2d:20:62:97 192.168.3.167]receiver:[00:00:00:00:00:00 192.168.3.28]
01-01 08:01:27.758 0 0 W : [0 T85 .s] [SP FRAME TX] arp req,vif_idx:0 sender:[1c:79:2d:20:62:97 192.168.3.167]receiver:[00:00:00:00:00:00 192.168.3.26]
01-01 08:01:27.759 0 0 W : [0 T85 .s] [SP FRAME TX] arp req,vif_idx:0 sender:[1c:79:2d:20:62:97 192.168.3.167]receiver:[00:00:00:00:00:00 192.168.3.24]
01-01 08:01:27.761 0 0 W : [0 T85 .s] [SP FRAME TX] arp req,vif_idx:0 sender:[1c:79:2d:20:62:97 192.168.3.167]receiver:[00:00:00:00:00:00 192.168.3.23]
01-01 08:01:27.762 0 0 W : [0 T85 .s] [SP FRAME TX] arp req,vif_idx:0 sender:[1c:79:2d:20:62:97 192.168.3.167]receiver:[00:00:00:00:00:00 192.168.3.21]
