01-01 08:01:27.764 0 0 W : [0 T85 .s] [SP FRAME TX] arp req,vif_idx:0 sender:[1c:79:2d:20:62:97 192.168.3.167]receiver:[00:00:00:00:00:00 192.168.3.17]
01-01 08:01:27.765 0 0 W : [0 T85 .s] [SP FRAME TX] arp req,vif_idx:0 sender:[1c:79:2d:20:62:97 192.168.3.167]receiver:[00:00:00:00:00:00 192.168.3.14]
01-01 08:01:27.784 0 0 W : [1 T1200 .s] [SP FRAME TX] arp req,vif_idx:0 sender:[1c:79:2d:20:62:97 192.168.3.167]receiver:[00:00:00:00:00:00 192.168.3.53]
01-01 08:01:27.785 0 0 W : [1 T1200 .s] [SP FRAME TX] arp req,vif_idx:0 sender:[1c:79:2d:20:62:97 192.168.3.167]receiver:[00:00:00:00:00:00 192.168.3.92]
01-01 08:01:27.786 0 0 W : [1 T1200 .s] [SP FRAME TX] arp req,vif_idx:0 sender:[1c:79:2d:20:62:97 192.168.3.167]receiver:[00:00:00:00:00:00 192.168.3.89]
01-01 08:01:27.788 0 0 W : [1 T1200 .s] [SP FRAME TX] arp req,vif_idx:0 sender:[1c:79:2d:20:62:97 192.168.3.167]receiver:[00:00:00:00:00:00 192.168.3.81]
01-01 08:01:27.790 0 0 W : [1 T1200 .s] [SP FRAME TX] arp req,vif_idx:0 sender:[1c:79:2d:20:62:97 192.168.3.167]receiver:[00:00:00:00:00:00 192.168.3.80]
01-01 08:01:27.791 0 0 W : [1 T1200 .s] [SP FRAME TX] arp req,vif_idx:0 sender:[1c:79:2d:20:62:97 192.168.3.167]receiver:[00:00:00:00:00:00 192.168.3.72]
01-01 08:01:27.793 0 0 W : [1 T1200 .s] [SP FRAME TX] arp req,vif_idx:0 sender:[1c:79:2d:20:62:97 192.168.3.167]receiver:[00:00:00:00:00:00 192.168.3.71]
01-01 08:01:27.794 0 0 W : [1 T1200 .s] [SP FRAME TX] arp req,vif_idx:0 sender:[1c:79:2d:20:62:97 192.168.3.167]receiver:[00:00:00:00:00:00 192.168.3.70]
01-01 08:01:27.796 0 0 W : [1 T1200 .s] [SP FRAME TX] arp req,vif_idx:0 sender:[1c:79:2d:20:62:97 192.168.3.167]receiver:[00:00:00:00:00:00 192.168.3.67]
01-01 08:01:27.797 0 0 W : [1 T1200 .s] [SP FRAME TX] arp req,vif_idx:0 sender:[1c:79:2d:20:62:97 192.168.3.167]receiver:[00:00:00:00:00:00 192.168.3.64]
01-01 08:01:27.799 0 0 W : [1 T1200 .s] [SP FRAME TX] arp req,vif_idx:0 sender:[1c:79:2d:20:62:97 192.168.3.167]receiver:[00:00:00:00:00:00 192.168.3.61]
01-01 08:01:27.800 0 0 W : [1 T1200 .s] [SP FRAME TX] arp req,vif_idx:0 sender:[1c:79:2d:20:62:97 192.168.3.167]receiver:[00:00:00:00:00:00 192.168.3.55]
01-01 08:01:27.802 0 0 W : [1 T1200 .s] [SP FRAME TX] arp req,vif_idx:0 sender:[1c:79:2d:20:62:97 192.168.3.167]receiver:[00:00:00:00:00:00 192.168.3.54]
01-01 08:01:27.803 0 0 W : [1 T1200 .s] [SP FRAME TX] arp req,vif_idx:0 sender:[1c:79:2d:20:62:97 192.168.3.167]receiver:[00:00:00:00:00:00 192.168.3.51]
01-01 08:01:27.805 0 0 W : [1 T1200 .s] [SP FRAME TX] arp req,vif_idx:0 sender:[1c:79:2d:20:62:97 192.168.3.167]receiver:[00:00:00:00:00:00 192.168.3.49]
01-01 08:01:27.807 0 0 W : [1 T1200 .s] [SP FRAME TX] arp req,vif_idx:0 sender:[1c:79:2d:20:62:97 192.168.3.167]receiver:[00:00:00:00:00:00 192.168.3.38]
01-01 08:01:27.808 0 0 W : [1 T1200 .s] [SP FRAME TX] arp req,vif_idx:0 sender:[1c:79:2d:20:62:97 192.168.3.167]receiver:[00:00:00:00:00:00 192.168.3.36]
01-01 08:01:27.810 0 0 W : [1 T1200 .s] [SP FRAME TX] arp req,vif_idx:0 sender:[1c:79:2d:20:62:97 192.168.3.167]receiver:[00:00:00:00:00:00 192.168.3.35]
01-01 08:01:27.811 0 0 W : [1 T1200 .s] [SP FRAME TX] arp req,vif_idx:0 sender:[1c:79:2d:20:62:97 192.168.3.167]receiver:[00:00:00:00:00:00 192.168.3.34]
01-01 08:01:27.813 0 0 W : [1 T1200 .s] [SP FRAME TX] arp req,vif_idx:0 sender:[1c:79:2d:20:62:97 192.168.3.167]receiver:[00:00:00:00:00:00 192.168.3.33]
01-01 08:01:27.814 0 0 W : [1 T1200 .s] [SP FRAME TX] arp req,vif_idx:0 sender:[1c:79:2d:20:62:97 192.168.3.167]receiver:[00:00:00:00:00:00 192.168.3.30]
01-01 08:01:27.816 0 0 W : [1 T951 .s] [SP FRAME TX] arp req,vif_idx:0 sender:[1c:79:2d:20:62:97 192.168.3.167]receiver:[00:00:00:00:00:00 192.168.3.158]
01-01 08:01:27.817 0 0 W : [1 T951 .s] [SP FRAME TX] arp req,vif_idx:0 sender:[1c:79:2d:20:62:97 192.168.3.167]receiver:[00:00:00:00:00:00 192.168.3.156]
01-01 08:01:27.819 0 0 W : [1 T951 .s] [SP FRAME TX] arp req,vif_idx:0 sender:[1c:79:2d:20:62:97 192.168.3.167]receiver:[00:00:00:00:00:00 192.168.3.152]
01-01 08:01:27.820 0 0 W : [1 T951 .s] [SP FRAME TX] arp req,vif_idx:0 sender:[1c:79:2d:20:62:97 192.168.3.167]receiver:[00:00:00:00:00:00 192.168.3.149]
01-01 08:01:27.822 0 0 W : [1 T951 .s] [SP FRAME TX] arp req,vif_idx:0 sender:[1c:79:2d:20:62:97 192.168.3.167]receiver:[00:00:00:00:00:00 192.168.3.146]
01-01 08:01:27.824 0 0 W : [1 T951 .s] [SP FRAME TX] arp req,vif_idx:0 sender:[1c:79:2d:20:62:97 192.168.3.167]receiver:[00:00:00:00:00:00 192.168.3.144]
01-01 08:01:27.825 0 0 W : [1 T951 .s] [SP FRAME TX] arp req,vif_idx:0 sender:[1c:79:2d:20:62:97 192.168.3.167]receiver:[00:00:00:00:00:00 192.168.3.143]
01-01 08:01:27.827 0 0 W : [1 T951 .s] [SP FRAME TX] arp req,vif_idx:0 sender:[1c:79:2d:20:62:97 192.168.3.167]receiver:[00:00:00:00:00:00 192.168.3.141]
01-01 08:01:27.828 0 0 W : [1 T951 .s] [SP FRAME TX] arp req,vif_idx:0 sender:[1c:79:2d:20:62:97 192.168.3.167]receiver:[00:00:00:00:00:00 192.168.3.138]
01-01 08:01:27.830 0 0 W : [1 T951 .s] [SP FRAME TX] arp req,vif_idx:0 sender:[1c:79:2d:20:62:97 192.168.3.167]receiver:[00:00:00:00:00:00 192.168.3.133]
01-01 08:01:27.831 0 0 W : [1 T951 .s] [SP FRAME TX] arp req,vif_idx:0 sender:[1c:79:2d:20:62:97 192.168.3.167]receiver:[00:00:00:00:00:00 192.168.3.132]
01-01 08:01:27.833 0 0 W : [1 T951 .s] [SP FRAME TX] arp req,vif_idx:0 sender:[1c:79:2d:20:62:97 192.168.3.167]receiver:[00:00:00:00:00:00 192.168.3.129]
01-01 08:01:27.835 0 0 W : [1 T951 .s] [SP FRAME TX] arp req,vif_idx:0 sender:[1c:79:2d:20:62:97 192.168.3.167]receiver:[00:00:00:00:00:00 192.168.3.127]
01-01 08:01:27.836 0 0 W : [1 T951 .s] [SP FRAME TX] arp req,vif_idx:0 sender:[1c:79:2d:20:62:97 192.168.3.167]receiver:[00:00:00:00:00:00 192.168.3.119]
01-01 08:01:27.838 0 0 W : [1 T951 .s] [SP FRAME TX] arp req,vif_idx:0 sender:[1c:79:2d:20:62:97 192.168.3.167]receiver:[00:00:00:00:00:00 192.168.3.114]
01-01 08:01:27.839 0 0 W : [1 T951 .s] [SP FRAME TX] arp req,vif_idx:0 sender:[1c:79:2d:20:62:97 192.168.3.167]receiver:[00:00:00:00:00:00 192.168.3.107]
01-01 08:01:27.841 0 0 W : [1 T951 .s] [SP FRAME TX] arp req,vif_idx:0 sender:[1c:79:2d:20:62:97 192.168.3.167]receiver:[00:00:00:00:00:00 192.168.3.102]
01-01 08:01:27.842 0 0 W : [1 T951 .s] [SP FRAME TX] arp req,vif_idx:0 sender:[1c:79:2d:20:62:97 192.168.3.167]receiver:[00:00:00:00:00:00 192.168.3.97]
01-01 08:01:27.844 0 0 W : [1 T951 .s] [SP FRAME TX] arp req,vif_idx:0 sender:[1c:79:2d:20:62:97 192.168.3.167]receiver:[00:00:00:00:00:00 192.168.3.96]
01-01 08:01:27.845 0 0 W : [1 T951 .s] [SP FRAME TX] arp req,vif_idx:0 sender:[1c:79:2d:20:62:97 192.168.3.167]receiver:[00:00:00:00:00:00 192.168.3.93]
01-01 08:01:27.848 0 0 W : [1 T0 .s] [SP FRAME TX] arp req,vif_idx:0 sender:[1c:79:2d:20:62:97 192.168.3.167]receiver:[00:00:00:00:00:00 192.168.3.200]
01-01 08:01:27.849 0 0 W : [1 T0 .s] [SP FRAME TX] arp req,vif_idx:0 sender:[1c:79:2d:20:62:97 192.168.3.167]receiver:[00:00:00:00:00:00 192.168.3.199]
01-01 08:01:27.850 0 0 W : [1 T0 .s] [SP FRAME TX] arp req,vif_idx:0 sender:[1c:79:2d:20:62:97 192.168.3.167]receiver:[00:00:00:00:00:00 192.168.3.196]
01-01 08:01:27.852 0 0 W : [1 T0 .s] [SP FRAME TX] arp req,vif_idx:0 sender:[1c:79:2d:20:62:97 192.168.3.167]receiver:[00:00:00:00:00:00 192.168.3.193]
01-01 08:01:27.853 0 0 W : [1 T0 .s] [SP FRAME TX] arp req,vif_idx:0 sender:[1c:79:2d:20:62:97 192.168.3.167]receiver:[00:00:00:00:00:00 192.168.3.192]
01-01 08:01:27.855 0 0 W : [1 T0 .s] [SP FRAME TX] arp req,vif_idx:0 sender:[1c:79:2d:20:62:97 192.168.3.167]receiver:[00:00:00:00:00:00 192.168.3.188]
01-01 08:01:27.857 0 0 W : [1 T0 .s] [SP FRAME TX] arp req,vif_idx:0 sender:[1c:79:2d:20:62:97 192.168.3.167]receiver:[00:00:00:00:00:00 192.168.3.186]
01-01 08:01:27.858 0 0 W : [1 T0 .s] [SP FRAME TX] arp req,vif_idx:0 sender:[1c:79:2d:20:62:97 192.168.3.167]receiver:[00:00:00:00:00:00 192.168.3.185]
01-01 08:01:27.860 0 0 W : [1 T0 .s] [SP FRAME TX] arp req,vif_idx:0 sender:[1c:79:2d:20:62:97 192.168.3.167]receiver:[00:00:00:00:00:00 192.168.3.182]
01-01 08:01:27.861 0 0 W : [1 T0 .s] [SP FRAME TX] arp req,vif_idx:0 sender:[1c:79:2d:20:62:97 192.168.3.167]receiver:[00:00:00:00:00:00 192.168.3.181]
01-01 08:01:27.863 0 0 W : [1 T0 .s] [SP FRAME TX] arp req,vif_idx:0 sender:[1c:79:2d:20:62:97 192.168.3.167]receiver:[00:00:00:00:00:00 192.168.3.180]
01-01 08:01:27.864 0 0 W : [1 T0 .s] [SP FRAME TX] arp req,vif_idx:0 sender:[1c:79:2d:20:62:97 192.168.3.167]receiver:[00:00:00:00:00:00 192.168.3.178]
01-01 08:01:27.866 0 0 W : [1 T0 .s] [SP FRAME TX] arp req,vif_idx:0 sender:[1c:79:2d:20:62:97 192.168.3.167]receiver:[00:00:00:00:00:00 192.168.3.175]
01-01 08:01:27.867 0 0 W : [1 T0 .s] [SP FRAME TX] arp req,vif_idx:0 sender:[1c:79:2d:20:62:97 192.168.3.167]receiver:[00:00:00:00:00:00 192.168.3.174]
01-01 08:01:27.869 0 0 W : [1 T0 .s] [SP FRAME TX] arp req,vif_idx:0 sender:[1c:79:2d:20:62:97 192.168.3.167]receiver:[00:00:00:00:00:00 192.168.3.171]
01-01 08:01:27.871 0 0 W : [1 T0 .s] [SP FRAME TX] arp req,vif_idx:0 sender:[1c:79:2d:20:62:97 192.168.3.167]receiver:[00:00:00:00:00:00 192.168.3.169]
01-01 08:01:27.872 0 0 W : [1 T0 .s] [SP FRAME TX] arp req,vif_idx:0 sender:[1c:79:2d:20:62:97 192.168.3.167]receiver:[00:00:00:00:00:00 192.168.3.168]
01-01 08:01:27.874 0 0 W : [1 T0 .s] [SP FRAME TX] arp req,vif_idx:0 sender:[1c:79:2d:20:62:97 192.168.3.167]receiver:[00:00:00:00:00:00 192.168.3.165]
01-01 08:01:27.875 0 0 W : [1 T0 .s] [SP FRAME TX] arp req,vif_idx:0 sender:[1c:79:2d:20:62:97 192.168.3.167]receiver:[00:00:00:00:00:00 192.168.3.164]
05-23 16:13:11.109 1679 2827 W System.err: 2025-05-23 16:13:11.109:INFO:lcafx.c:stopped l.c.a.g.d{/upnp,null}
05-23 16:13:11.110 1679 2827 W Router : disable unlock:org.fourthline.cling.android.AndroidRouter@378e2e2
05-23 16:13:11.111 1679 2827 W UpnpServiceImpl: <<< UPnP service shutdown completed
01-01 08:01:27.877 0 0 W : [1 T0 .s] [SP FRAME TX] arp req,vif_idx:0 sender:[1c:79:2d:20:62:97 192.168.3.167]receiver:[00:00:00:00:00:00 192.168.3.163]
01-01 08:01:27.880 0 0 W : [1 T0 .s] [SP FRAME TX] arp req,vif_idx:0 sender:[1c:79:2d:20:62:97 192.168.3.167]receiver:[00:00:00:00:00:00 192.168.3.232]
01-01 08:01:27.881 0 0 W : [1 T0 .s] [SP FRAME TX] arp req,vif_idx:0 sender:[1c:79:2d:20:62:97 192.168.3.167]receiver:[00:00:00:00:00:00 192.168.3.231]
01-01 08:01:27.882 0 0 W : [1 T0 .s] [SP FRAME TX] arp req,vif_idx:0 sender:[1c:79:2d:20:62:97 192.168.3.167]receiver:[00:00:00:00:00:00 192.168.3.229]
01-01 08:01:27.884 0 0 W : [1 T0 .s] [SP FRAME TX] arp req,vif_idx:0 sender:[1c:79:2d:20:62:97 192.168.3.167]receiver:[00:00:00:00:00:00 192.168.3.228]
01-01 08:01:27.885 0 0 W : [1 T0 .s] [SP FRAME TX] arp req,vif_idx:0 sender:[1c:79:2d:20:62:97 192.168.3.167]receiver:[00:00:00:00:00:00 192.168.3.227]
01-01 08:01:27.887 0 0 W : [1 T0 .s] [SP FRAME TX] arp req,vif_idx:0 sender:[1c:79:2d:20:62:97 192.168.3.167]receiver:[00:00:00:00:00:00 192.168.3.219]
01-01 08:01:27.889 0 0 W : [1 T0 .s] [SP FRAME TX] arp req,vif_idx:0 sender:[1c:79:2d:20:62:97 192.168.3.167]receiver:[00:00:00:00:00:00 192.168.3.218]
01-01 08:01:27.890 0 0 W : [1 T0 .s] [SP FRAME TX] arp req,vif_idx:0 sender:[1c:79:2d:20:62:97 192.168.3.167]receiver:[00:00:00:00:00:00 192.168.3.216]
01-01 08:01:27.892 0 0 W : [1 T0 .s] [SP FRAME TX] arp req,vif_idx:0 sender:[1c:79:2d:20:62:97 192.168.3.167]receiver:[00:00:00:00:00:00 192.168.3.214]
01-01 08:01:27.893 0 0 W : [1 T0 .s] [SP FRAME TX] arp req,vif_idx:0 sender:[1c:79:2d:20:62:97 192.168.3.167]receiver:[00:00:00:00:00:00 192.168.3.209]
01-01 08:01:27.895 0 0 W : [1 T0 .s] [SP FRAME TX] arp req,vif_idx:0 sender:[1c:79:2d:20:62:97 192.168.3.167]receiver:[00:00:00:00:00:00 192.168.3.208]
01-01 08:01:27.896 0 0 W : [1 T0 .s] [SP FRAME TX] arp req,vif_idx:0 sender:[1c:79:2d:20:62:97 192.168.3.167]receiver:[00:00:00:00:00:00 192.168.3.206]
01-01 08:01:27.898 0 0 W : [1 T0 .s] [SP FRAME TX] arp req,vif_idx:0 sender:[1c:79:2d:20:62:97 192.168.3.167]receiver:[00:00:00:00:00:00 192.168.3.204]
01-01 08:01:27.900 0 0 W : [1 T0 .s] [SP FRAME TX] arp req,vif_idx:0 sender:[1c:79:2d:20:62:97 192.168.3.167]receiver:[00:00:00:00:00:00 192.168.3.203]
01-01 08:01:27.912 0 0 W : [1 T884 .s] [SP FRAME TX] arp req,vif_idx:0 sender:[1c:79:2d:20:62:97 192.168.3.167]receiver:[00:00:00:00:00:00 192.168.3.251]
01-01 08:01:27.913 0 0 W : [1 T884 .s] [SP FRAME TX] arp req,vif_idx:0 sender:[1c:79:2d:20:62:97 192.168.3.167]receiver:[00:00:00:00:00:00 192.168.3.242]
01-01 08:01:27.914 0 0 W : [1 T884 .s] [SP FRAME TX] arp req,vif_idx:0 sender:[1c:79:2d:20:62:97 192.168.3.167]receiver:[00:00:00:00:00:00 192.168.3.241]
01-01 08:01:27.916 0 0 W : [1 T884 .s] [SP FRAME TX] arp req,vif_idx:0 sender:[1c:79:2d:20:62:97 192.168.3.167]receiver:[00:00:00:00:00:00 192.168.3.238]
01-01 08:01:27.917 0 0 W : [1 T884 .s] [SP FRAME TX] arp req,vif_idx:0 sender:[1c:79:2d:20:62:97 192.168.3.167]receiver:[00:00:00:00:00:00 192.168.3.235]
05-23 16:13:11.738 1679 1679 I crashsdk: android_os_Process_sendSignal. PID: 1679 SIG: 9
05-23 16:13:11.738 1679 1679 I crashsdk: onKillProcess. SIG: 9
05-23 16:13:11.740 1679 1679 I crashsdk: Kill PID: 1679 (com.dangbei.screencast) by pid: 1679 (com.dangbei.screencast) tid: 1679 (main)
05-23 16:13:11.740 1679 1679 I crashsdk: SIG: 9, fg: false, exiting: false, main process: true, time: 20250523161311
05-23 16:13:11.740 1679 1679 I crashsdk: State in disk: 'b'
05-23 16:13:11.740 1679 1679 I crashsdk: at android.os.Process.sendSignal(Native Method)
05-23 16:13:11.740 1679 1679 I crashsdk: at android.os.Process.killProcess(Process.java:1315)
05-23 16:13:11.740 1679 1679 I crashsdk: at com.dangbei.screencast.startup.JumpService$i.run(:2)
05-23 16:13:11.740 1679 1679 I crashsdk: at android.os.Handler.handleCallback(Handler.java:958)
05-23 16:13:11.740 1679 1679 I crashsdk: at android.os.Handler.dispatchMessage(Handler.java:99)
05-23 16:13:11.740 1679 1679 I crashsdk: at android.os.Looper.loopOnce(Looper.java:205)
05-23 16:13:11.740 1679 1679 I crashsdk: at android.os.Looper.loop(Looper.java:294)
05-23 16:13:11.740 1679 1679 I crashsdk: at android.app.ActivityThread.main(ActivityThread.java:8255)
05-23 16:13:11.740 1679 1679 I crashsdk: at java.lang.reflect.Method.invoke(Native Method)
05-23 16:13:11.740 1679 1679 I crashsdk: at com.android.internal.os.RuntimeInit$MethodAndArgsCaller.run(RuntimeInit.java:552)
05-23 16:13:11.740 1679 1679 I crashsdk: at com.android.internal.os.ZygoteInit.main(ZygoteInit.java:978)
05-23 16:13:11.740 1679 1679 I Process : Sending signal. PID: 1679 SIG: 9
05-23 16:13:11.776 1962 1962 I xm_hidread: type=1400 audit(0.0:926): avc: denied { read } for scontext=u:r:init:s0 tcontext=u:r:init:s0 tclass=netlink_kobject_uevent_socket permissive=1
05-23 16:13:11.784 2442 2482 W efs.send_log: tryFileLock sendlock sucess! processname: com.huawei.connection
05-23 16:13:11.797 732 808 I ActivityManager: Process com.dangbei.screencast (pid 1679) has died: prcp FGS
05-23 16:13:11.799 732 808 D CompatibilityChangeReporter: Compat change id reported: 261072174; UID 10043; state: DISABLED
05-23 16:13:11.800 2442 2442 D NearFieldManagerService: onDestroy, enter.
05-23 16:13:11.800 732 808 W ActivityManager: Scheduling restart of crashed service com.dangbei.screencast/.huaweicast.service.HuaweiCastService in 1000ms for start-requested
05-23 16:13:11.800 2442 2442 I NearFieldManagerService: killCurrentProcess.
05-23 16:13:11.800 2442 2442 I crashsdk: android_os_Process_sendSignal. PID: 2442 SIG: 9
05-23 16:13:11.800 2442 2442 I crashsdk: onKillProcess. SIG: 9
05-23 16:13:11.800 732 808 W ActivityManager: Scheduling restart of crashed service com.dangbei.screencast/.startup.StartupService in 10999ms for start-requested
05-23 16:13:11.801 732 808 D OomAdjuster: Not killing cached processes
05-23 16:13:11.801 472 472 I Zygote : Process 1679 exited due to signal 9 (Killed)
05-23 16:13:11.803 732 766 I libprocessgroup: Successfully killed process cgroup uid 10043 pid 1679 in 0ms
05-23 16:13:11.805 2442 2442 I crashsdk: Kill PID: 2442 (com.huawei.connection) by pid: 2442 (com.huawei.connection) tid: 2442 (main)
05-23 16:13:11.805 2442 2442 I crashsdk: SIG: 9, fg: false, exiting: false, main process: false, time: 20250523161311
05-23 16:13:11.805 2442 2442 I crashsdk: State in disk: 'b'
05-23 16:13:11.805 2442 2442 I crashsdk: at android.os.Process.sendSignal(Native Method)
05-23 16:13:11.805 2442 2442 I crashsdk: at android.os.Process.killProcess(Process.java:1315)
05-23 16:13:11.805 2442 2442 I crashsdk: at com.huawei.connection.service.NearFieldManagerService.c(Unknown Source:11)
05-23 16:13:11.805 2442 2442 I crashsdk: at com.huawei.connection.service.NearFieldManagerService.onDestroy(Unknown Source:10)
05-23 16:13:11.805 2442 2442 I crashsdk: at android.app.ActivityThread.handleStopService(ActivityThread.java:4896)
05-23 16:13:11.805 2442 2442 I crashsdk: at android.app.ActivityThread.-$$Nest$mhandleStopService(Unknown Source:0)
05-23 16:13:11.805 2442 2442 I crashsdk: at android.app.ActivityThread$H.handleMessage(ActivityThread.java:2326)
05-23 16:13:11.805 2442 2442 I crashsdk: at android.os.Handler.dispatchMessage(Handler.java:106)
05-23 16:13:11.805 2442 2442 I crashsdk: at android.os.Looper.loopOnce(Looper.java:205)
05-23 16:13:11.805 2442 2442 I crashsdk: at android.os.Looper.loop(Looper.java:294)
05-23 16:13:11.805 2442 2442 I crashsdk: at android.app.ActivityThread.main(ActivityThread.java:8255)
05-23 16:13:11.805 2442 2442 I crashsdk: at java.lang.reflect.Method.invoke(Native Method)
05-23 16:13:11.805 2442 2442 I crashsdk: at com.android.internal.os.RuntimeInit$MethodAndArgsCaller.run(RuntimeInit.java:552)
05-23 16:13:11.805 2442 2442 I crashsdk: at com.android.internal.os.ZygoteInit.main(ZygoteInit.java:978)
05-23 16:13:11.805 2442 2442 I Process : Sending signal. PID: 2442 SIG: 9
05-23 16:13:11.835 2839 2900 W efs.send_log: tryFileLock sendlock sucess! processname: com.dangbei.screencast:bg_guard
05-23 16:13:11.836 732 2913 I ActivityManager: Process com.huawei.connection (pid 2442) has died: fg SVC
05-23 16:13:11.837 732 766 I libprocessgroup: Successfully killed process cgroup uid 10043 pid 2442 in 0ms
05-23 16:13:11.838 472 472 I Zygote : Process 2442 exited due to signal 9 (Killed)
01-01 08:01:28.744 0 0 W : [1 T2902 .s] [SP FRAME TX] arp req,vif_idx:0 sender:[1c:79:2d:20:62:97 192.168.3.167]receiver:[00:00:00:00:00:00 192.168.3.2]
01-01 08:01:28.745 0 0 W : [1 T2902 .s] [SP FRAME TX] arp req,vif_idx:0 sender:[1c:79:2d:20:62:97 192.168.3.167]receiver:[00:00:00:00:00:00 192.168.3.3]
01-01 08:01:28.746 0 0 W : [1 T2902 .s] [SP FRAME TX] arp req,vif_idx:0 sender:[1c:79:2d:20:62:97 192.168.3.167]receiver:[00:00:00:00:00:00 192.168.3.4]
01-01 08:01:28.748 0 0 W : [1 T2902 .s] [SP FRAME TX] arp req,vif_idx:0 sender:[1c:79:2d:20:62:97 192.168.3.167]receiver:[00:00:00:00:00:00 192.168.3.6]
05-23 16:13:12.001 497 557 I WifiHAL : call wifi_get_link_stats handler
05-23 16:13:12.001 497 557 I WifiHAL : Creating message to get link statistics; iface = 16
05-23 16:13:12.001 497 557 D WifiHAL : error code -95 mapped to -3
05-23 16:13:12.001 732 873 E WifiStaIfaceAidlImpl: getLinkLayerStats failed with service-specific exception: android.os.ServiceSpecificException: (code 4)
01-01 08:01:28.776 0 0 W : [2 T0 .s] [SP FRAME TX] arp req,vif_idx:0 sender:[1c:79:2d:20:62:97 192.168.3.167]receiver:[00:00:00:00:00:00 192.168.3.10]
01-01 08:01:28.777 0 0 W : [2 T0 .s] [SP FRAME TX] arp req,vif_idx:0 sender:[1c:79:2d:20:62:97 192.168.3.167]receiver:[00:00:00:00:00:00 192.168.3.7]
01-01 08:01:28.778 0 0 W : [2 T0 .s] [SP FRAME TX] arp req,vif_idx:0 sender:[1c:79:2d:20:62:97 192.168.3.167]receiver:[00:00:00:00:00:00 192.168.3.14]
01-01 08:01:28.780 0 0 W : [2 T0 .s] [SP FRAME TX] arp req,vif_idx:0 sender:[1c:79:2d:20:62:97 192.168.3.167]receiver:[00:00:00:00:00:00 192.168.3.17]
01-01 08:01:28.781 0 0 W : [2 T0 .s] [SP FRAME TX] arp req,vif_idx:0 sender:[1c:79:2d:20:62:97 192.168.3.167]receiver:[00:00:00:00:00:00 192.168.3.21]
01-01 08:01:28.783 0 0 W : [2 T0 .s] [SP FRAME TX] arp req,vif_idx:0 sender:[1c:79:2d:20:62:97 192.168.3.167]receiver:[00:00:00:00:00:00 192.168.3.23]
01-01 08:01:28.785 0 0 W : [2 T0 .s] [SP FRAME TX] arp req,vif_idx:0 sender:[1c:79:2d:20:62:97 192.168.3.167]receiver:[00:00:00:00:00:00 192.168.3.24]
01-01 08:01:28.786 0 0 W : [2 T0 .s] [SP FRAME TX] arp req,vif_idx:0 sender:[1c:79:2d:20:62:97 192.168.3.167]receiver:[00:00:00:00:00:00 192.168.3.26]
01-01 08:01:28.788 0 0 W : [2 T0 .s] [SP FRAME TX] arp req,vif_idx:0 sender:[1c:79:2d:20:62:97 192.168.3.167]receiver:[00:00:00:00:00:00 192.168.3.28]
01-01 08:01:28.789 0 0 W : [2 T0 .s] [SP FRAME TX] arp req,vif_idx:0 sender:[1c:79:2d:20:62:97 192.168.3.167]receiver:[00:00:00:00:00:00 192.168.3.29]
01-01 08:01:28.808 0 0 W : [1 T0 .s] [SP FRAME TX] arp req,vif_idx:0 sender:[1c:79:2d:20:62:97 192.168.3.167]receiver:[00:00:00:00:00:00 192.168.3.38]
01-01 08:01:28.809 0 0 W : [1 T0 .s] [SP FRAME TX] arp req,vif_idx:0 sender:[1c:79:2d:20:62:97 192.168.3.167]receiver:[00:00:00:00:00:00 192.168.3.49]
01-01 08:01:28.810 0 0 W : [1 T0 .s] [SP FRAME TX] arp req,vif_idx:0 sender:[1c:79:2d:20:62:97 192.168.3.167]receiver:[00:00:00:00:00:00 192.168.3.51]
01-01 08:01:28.812 0 0 W : [1 T0 .s] [SP FRAME TX] arp req,vif_idx:0 sender:[1c:79:2d:20:62:97 192.168.3.167]receiver:[00:00:00:00:00:00 192.168.3.54]
01-01 08:01:28.814 0 0 W : [1 T0 .s] [SP FRAME TX] arp req,vif_idx:0 sender:[1c:79:2d:20:62:97 192.168.3.167]receiver:[00:00:00:00:00:00 192.168.3.55]
01-01 08:01:28.815 0 0 W : [1 T0 .s] [SP FRAME TX] arp req,vif_idx:0 sender:[1c:79:2d:20:62:97 192.168.3.167]receiver:[00:00:00:00:00:00 192.168.3.61]
01-01 08:01:28.817 0 0 W : [1 T0 .s] [SP FRAME TX] arp req,vif_idx:0 sender:[1c:79:2d:20:62:97 192.168.3.167]receiver:[00:00:00:00:00:00 192.168.3.64]
01-01 08:01:28.818 0 0 W : [1 T0 .s] [SP FRAME TX] arp req,vif_idx:0 sender:[1c:79:2d:20:62:97 192.168.3.167]receiver:[00:00:00:00:00:00 192.168.3.67]
01-01 08:01:28.820 0 0 W : [1 T0 .s] [SP FRAME TX] arp req,vif_idx:0 sender:[1c:79:2d:20:62:97 192.168.3.167]receiver:[00:00:00:00:00:00 192.168.3.70]
01-01 08:01:28.821 0 0 W : [1 T0 .s] [SP FRAME TX] arp req,vif_idx:0 sender:[1c:79:2d:20:62:97 192.168.3.167]receiver:[00:00:00:00:00:00 192.168.3.71]
01-01 08:01:28.823 0 0 W : [1 T0 .s] [SP FRAME TX] arp req,vif_idx:0 sender:[1c:79:2d:20:62:97 192.168.3.167]receiver:[00:00:00:00:00:00 192.168.3.72]
01-01 08:01:28.824 0 0 W : [1 T0 .s] [SP FRAME TX] arp req,vif_idx:0 sender:[1c:79:2d:20:62:97 192.168.3.167]receiver:[00:00:00:00:00:00 192.168.3.80]
01-01 08:01:28.826 0 0 W : [1 T0 .s] [SP FRAME TX] arp req,vif_idx:0 sender:[1c:79:2d:20:62:97 192.168.3.167]receiver:[00:00:00:00:00:00 192.168.3.81]
01-01 08:01:28.827 0 0 W : [1 T0 .s] [SP FRAME TX] arp req,vif_idx:0 sender:[1c:79:2d:20:62:97 192.168.3.167]receiver:[00:00:00:00:00:00 192.168.3.89]
01-01 08:01:28.829 0 0 W : [1 T0 .s] [SP FRAME TX] arp req,vif_idx:0 sender:[1c:79:2d:20:62:97 192.168.3.167]receiver:[00:00:00:00:00:00 192.168.3.92]
01-01 08:01:28.831 0 0 W : [1 T0 .s] [SP FRAME TX] arp req,vif_idx:0 sender:[1c:79:2d:20:62:97 192.168.3.167]receiver:[00:00:00:00:00:00 192.168.3.53]
01-01 08:01:28.840 0 0 W : [1 T0 .s] [SP FRAME TX] arp req,vif_idx:0 sender:[1c:79:2d:20:62:97 192.168.3.167]receiver:[00:00:00:00:00:00 192.168.3.107]
01-01 08:01:28.841 0 0 W : [1 T0 .s] [SP FRAME TX] arp req,vif_idx:0 sender:[1c:79:2d:20:62:97 192.168.3.167]receiver:[00:00:00:00:00:00 192.168.3.114]
01-01 08:01:28.842 0 0 W : [1 T0 .s] [SP FRAME TX] arp req,vif_idx:0 sender:[1c:79:2d:20:62:97 192.168.3.167]receiver:[00:00:00:00:00:00 192.168.3.119]
01-01 08:01:28.844 0 0 W : [1 T0 .s] [SP FRAME TX] arp req,vif_idx:0 sender:[1c:79:2d:20:62:97 192.168.3.167]receiver:[00:00:00:00:00:00 192.168.3.127]
01-01 08:01:28.846 0 0 W : [1 T0 .s] [SP FRAME TX] arp req,vif_idx:0 sender:[1c:79:2d:20:62:97 192.168.3.167]receiver:[00:00:00:00:00:00 192.168.3.129]
01-01 08:01:28.847 0 0 W : [1 T0 .s] [SP FRAME TX] arp req,vif_idx:0 sender:[1c:79:2d:20:62:97 192.168.3.167]receiver:[00:00:00:00:00:00 192.168.3.132]
01-01 08:01:28.849 0 0 W : [1 T0 .s] [SP FRAME TX] arp req,vif_idx:0 sender:[1c:79:2d:20:62:97 192.168.3.167]receiver:[00:00:00:00:00:00 192.168.3.133]
01-01 08:01:28.850 0 0 W : [1 T0 .s] [SP FRAME TX] arp req,vif_idx:0 sender:[1c:79:2d:20:62:97 192.168.3.167]receiver:[00:00:00:00:00:00 192.168.3.138]
01-01 08:01:28.852 0 0 W : [1 T0 .s] [SP FRAME TX] arp req,vif_idx:0 sender:[1c:79:2d:20:62:97 192.168.3.167]receiver:[00:00:00:00:00:00 192.168.3.141]
01-01 08:01:28.853 0 0 W : [1 T0 .s] [SP FRAME TX] arp req,vif_idx:0 sender:[1c:79:2d:20:62:97 192.168.3.167]receiver:[00:00:00:00:00:00 192.168.3.143]
01-01 08:01:28.855 0 0 W : [1 T0 .s] [SP FRAME TX] arp req,vif_idx:0 sender:[1c:79:2d:20:62:97 192.168.3.167]receiver:[00:00:00:00:00:00 192.168.3.144]
01-01 08:01:28.856 0 0 W : [1 T0 .s] [SP FRAME TX] arp req,vif_idx:0 sender:[1c:79:2d:20:62:97 192.168.3.167]receiver:[00:00:00:00:00:00 192.168.3.146]
01-01 08:01:28.858 0 0 W : [1 T0 .s] [SP FRAME TX] arp req,vif_idx:0 sender:[1c:79:2d:20:62:97 192.168.3.167]receiver:[00:00:00:00:00:00 192.168.3.149]
01-01 08:01:28.860 0 0 W : [1 T0 .s] [SP FRAME TX] arp req,vif_idx:0 sender:[1c:79:2d:20:62:97 192.168.3.167]receiver:[00:00:00:00:00:00 192.168.3.152]
01-01 08:01:28.861 0 0 W : [1 T0 .s] [SP FRAME TX] arp req,vif_idx:0 sender:[1c:79:2d:20:62:97 192.168.3.167]receiver:[00:00:00:00:00:00 192.168.3.156]
01-01 08:01:28.863 0 0 W : [1 T0 .s] [SP FRAME TX] arp req,vif_idx:0 sender:[1c:79:2d:20:62:97 192.168.3.167]receiver:[00:00:00:00:00:00 192.168.3.158]
01-01 08:01:28.864 0 0 W : [1 T0 .s] [SP FRAME TX] arp req,vif_idx:0 sender:[1c:79:2d:20:62:97 192.168.3.167]receiver:[00:00:00:00:00:00 192.168.3.30]
01-01 08:01:28.866 0 0 W : [1 T0 .s] [SP FRAME TX] arp req,vif_idx:0 sender:[1c:79:2d:20:62:97 192.168.3.167]receiver:[00:00:00:00:00:00 192.168.3.33]
01-01 08:01:28.867 0 0 W : [1 T0 .s] [SP FRAME TX] arp req,vif_idx:0 sender:[1c:79:2d:20:62:97 192.168.3.167]receiver:[00:00:00:00:00:00 192.168.3.34]
01-01 08:01:28.869 0 0 W : [1 T0 .s] [SP FRAME TX] arp req,vif_idx:0 sender:[1c:79:2d:20:62:97 192.168.3.167]receiver:[00:00:00:00:00:00 192.168.3.35]
01-01 08:01:28.870 0 0 W : [1 T0 .s] [SP FRAME TX] arp req,vif_idx:0 sender:[1c:79:2d:20:62:97 192.168.3.167]receiver:[00:00:00:00:00:00 192.168.3.36]
01-01 08:01:28.872 0 0 W : [1 T0 .s] [SP FRAME TX] arp req,vif_idx:0 sender:[1c:79:2d:20:62:97 192.168.3.167]receiver:[00:00:00:00:00:00 192.168.3.169]
01-01 08:01:28.874 0 0 W : [1 T0 .s] [SP FRAME TX] arp req,vif_idx:0 sender:[1c:79:2d:20:62:97 192.168.3.167]receiver:[00:00:00:00:00:00 192.168.3.171]
01-01 08:01:28.875 0 0 W : [1 T0 .s] [SP FRAME TX] arp req,vif_idx:0 sender:[1c:79:2d:20:62:97 192.168.3.167]receiver:[00:00:00:00:00:00 192.168.3.174]
01-01 08:01:28.877 0 0 W : [1 T0 .s] [SP FRAME TX] arp req,vif_idx:0 sender:[1c:79:2d:20:62:97 192.168.3.167]receiver:[00:00:00:00:00:00 192.168.3.175]
01-01 08:01:28.878 0 0 W : [1 T0 .s] [SP FRAME TX] arp req,vif_idx:0 sender:[1c:79:2d:20:62:97 192.168.3.167]receiver:[00:00:00:00:00:00 192.168.3.178]
01-01 08:01:28.880 0 0 W : [1 T0 .s] [SP FRAME TX] arp req,vif_idx:0 sender:[1c:79:2d:20:62:97 192.168.3.167]receiver:[00:00:00:00:00:00 192.168.3.180]
01-01 08:01:28.881 0 0 W : [1 T0 .s] [SP FRAME TX] arp req,vif_idx:0 sender:[1c:79:2d:20:62:97 192.168.3.167]receiver:[00:00:00:00:00:00 192.168.3.181]
01-01 08:01:28.883 0 0 W : [1 T0 .s] [SP FRAME TX] arp req,vif_idx:0 sender:[1c:79:2d:20:62:97 192.168.3.167]receiver:[00:00:00:00:00:00 192.168.3.182]
01-01 08:01:28.884 0 0 W : [1 T0 .s] [SP FRAME TX] arp req,vif_idx:0 sender:[1c:79:2d:20:62:97 192.168.3.167]receiver:[00:00:00:00:00:00 192.168.3.185]
01-01 08:01:28.886 0 0 W : [1 T0 .s] [SP FRAME TX] arp req,vif_idx:0 sender:[1c:79:2d:20:62:97 192.168.3.167]receiver:[00:00:00:00:00:00 192.168.3.186]
01-01 08:01:28.888 0 0 W : [1 T0 .s] [SP FRAME TX] arp req,vif_idx:0 sender:[1c:79:2d:20:62:97 192.168.3.167]receiver:[00:00:00:00:00:00 192.168.3.188]
01-01 08:01:28.889 0 0 W : [1 T0 .s] [SP FRAME TX] arp req,vif_idx:0 sender:[1c:79:2d:20:62:97 192.168.3.167]receiver:[00:00:00:00:00:00 192.168.3.192]
01-01 08:01:28.891 0 0 W : [1 T0 .s] [SP FRAME TX] arp req,vif_idx:0 sender:[1c:79:2d:20:62:97 192.168.3.167]receiver:[00:00:00:00:00:00 192.168.3.193]
01-01 08:01:28.892 0 0 W : [1 T0 .s] [SP FRAME TX] arp req,vif_idx:0 sender:[1c:79:2d:20:62:97 192.168.3.167]receiver:[00:00:00:00:00:00 192.168.3.196]
01-01 08:01:28.894 0 0 W : [1 T0 .s] [SP FRAME TX] arp req,vif_idx:0 sender:[1c:79:2d:20:62:97 192.168.3.167]receiver:[00:00:00:00:00:00 192.168.3.199]
01-01 08:01:28.895 0 0 W : [1 T0 .s] [SP FRAME TX] arp req,vif_idx:0 sender:[1c:79:2d:20:62:97 192.168.3.167]receiver:[00:00:00:00:00:00 192.168.3.200]
01-01 08:01:28.897 0 0 W : [1 T0 .s] [SP FRAME TX] arp req,vif_idx:0 sender:[1c:79:2d:20:62:97 192.168.3.167]receiver:[00:00:00:00:00:00 192.168.3.93]
01-01 08:01:28.899 0 0 W : [1 T0 .s] [SP FRAME TX] arp req,vif_idx:0 sender:[1c:79:2d:20:62:97 192.168.3.167]receiver:[00:00:00:00:00:00 192.168.3.96]
01-01 08:01:28.900 0 0 W : [1 T0 .s] [SP FRAME TX] arp req,vif_idx:0 sender:[1c:79:2d:20:62:97 192.168.3.167]receiver:[00:00:00:00:00:00 192.168.3.97]
01-01 08:01:28.902 0 0 W : [1 T0 .s] [SP FRAME TX] arp req,vif_idx:0 sender:[1c:79:2d:20:62:97 192.168.3.167]receiver:[00:00:00:00:00:00 192.168.3.102]
01-01 08:01:28.904 0 0 W : [1 T1165 .s] [SP FRAME TX] arp req,vif_idx:0 sender:[1c:79:2d:20:62:97 192.168.3.167]receiver:[00:00:00:00:00:00 192.168.3.203]
01-01 08:01:28.905 0 0 W : [1 T1165 .s] [SP FRAME TX] arp req,vif_idx:0 sender:[1c:79:2d:20:62:97 192.168.3.167]receiver:[00:00:00:00:00:00 192.168.3.204]
01-01 08:01:28.906 0 0 W : [1 T1165 .s] [SP FRAME TX] arp req,vif_idx:0 sender:[1c:79:2d:20:62:97 192.168.3.167]receiver:[00:00:00:00:00:00 192.168.3.206]
01-01 08:01:28.908 0 0 W : [1 T1165 .s] [SP FRAME TX] arp req,vif_idx:0 sender:[1c:79:2d:20:62:97 192.168.3.167]receiver:[00:00:00:00:00:00 192.168.3.208]
01-01 08:01:28.909 0 0 W : [1 T1165 .s] [SP FRAME TX] arp req,vif_idx:0 sender:[1c:79:2d:20:62:97 192.168.3.167]receiver:[00:00:00:00:00:00 192.168.3.209]
01-01 08:01:28.911 0 0 W : [1 T1165 .s] [SP FRAME TX] arp req,vif_idx:0 sender:[1c:79:2d:20:62:97 192.168.3.167]receiver:[00:00:00:00:00:00 192.168.3.214]
01-01 08:01:28.913 0 0 W : [1 T1165 .s] [SP FRAME TX] arp req,vif_idx:0 sender:[1c:79:2d:20:62:97 192.168.3.167]receiver:[00:00:00:00:00:00 192.168.3.216]
01-01 08:01:28.914 0 0 W : [1 T1165 .s] [SP FRAME TX] arp req,vif_idx:0 sender:[1c:79:2d:20:62:97 192.168.3.167]receiver:[00:00:00:00:00:00 192.168.3.218]
01-01 08:01:28.916 0 0 W : [1 T1165 .s] [SP FRAME TX] arp req,vif_idx:0 sender:[1c:79:2d:20:62:97 192.168.3.167]receiver:[00:00:00:00:00:00 192.168.3.219]
01-01 08:01:28.917 0 0 W : [1 T1165 .s] [SP FRAME TX] arp req,vif_idx:0 sender:[1c:79:2d:20:62:97 192.168.3.167]receiver:[00:00:00:00:00:00 192.168.3.227]
01-01 08:01:28.919 0 0 W : [1 T1165 .s] [SP FRAME TX] arp req,vif_idx:0 sender:[1c:79:2d:20:62:97 192.168.3.167]receiver:[00:00:00:00:00:00 192.168.3.228]
01-01 08:01:28.920 0 0 W : [1 T1165 .s] [SP FRAME TX] arp req,vif_idx:0 sender:[1c:79:2d:20:62:97 192.168.3.167]receiver:[00:00:00:00:00:00 192.168.3.229]
01-01 08:01:28.922 0 0 W : [1 T1165 .s] [SP FRAME TX] arp req,vif_idx:0 sender:[1c:79:2d:20:62:97 192.168.3.167]receiver:[00:00:00:00:00:00 192.168.3.231]
01-01 08:01:28.923 0 0 W : [1 T1165 .s] [SP FRAME TX] arp req,vif_idx:0 sender:[1c:79:2d:20:62:97 192.168.3.167]receiver:[00:00:00:00:00:00 192.168.3.232]
01-01 08:01:28.925 0 0 W : [1 T1165 .s] [SP FRAME TX] arp req,vif_idx:0 sender:[1c:79:2d:20:62:97 192.168.3.167]receiver:[00:00:00:00:00:00 192.168.3.163]
01-01 08:01:28.927 0 0 W : [1 T1165 .s] [SP FRAME TX] arp req,vif_idx:0 sender:[1c:79:2d:20:62:97 192.168.3.167]receiver:[00:00:00:00:00:00 192.168.3.164]
01-01 08:01:28.928 0 0 W : [1 T1165 .s] [SP FRAME TX] arp req,vif_idx:0 sender:[1c:79:2d:20:62:97 192.168.3.167]receiver:[00:00:00:00:00:00 192.168.3.165]
01-01 08:01:28.930 0 0 W : [1 T1165 .s] [SP FRAME TX] arp req,vif_idx:0 sender:[1c:79:2d:20:62:97 192.168.3.167]receiver:[00:00:00:00:00:00 192.168.3.168]
01-01 08:01:28.936 0 0 W : [1 T544 .s] [SP FRAME TX] arp req,vif_idx:0 sender:[1c:79:2d:20:62:97 192.168.3.167]receiver:[00:00:00:00:00:00 192.168.3.235]
01-01 08:01:28.937 0 0 W : [1 T544 .s] [SP FRAME TX] arp req,vif_idx:0 sender:[1c:79:2d:20:62:97 192.168.3.167]receiver:[00:00:00:00:00:00 192.168.3.238]
01-01 08:01:28.938 0 0 W : [1 T544 .s] [SP FRAME TX] arp req,vif_idx:0 sender:[1c:79:2d:20:62:97 192.168.3.167]receiver:[00:00:00:00:00:00 192.168.3.241]
01-01 08:01:28.940 0 0 W : [1 T544 .s] [SP FRAME TX] arp req,vif_idx:0 sender:[1c:79:2d:20:62:97 192.168.3.167]receiver:[00:00:00:00:00:00 192.168.3.242]
01-01 08:01:28.941 0 0 W : [1 T544 .s] [SP FRAME TX] arp req,vif_idx:0 sender:[1c:79:2d:20:62:97 192.168.3.167]receiver:[00:00:00:00:00:00 192.168.3.251]
05-23 16:13:12.351 484 1255 I android.hardware.bluetooth@1.0-impl: [HandleIncomingEvent-549]: rec adv direct packet
05-23 16:13:12.802 732 764 D CompatibilityChangeReporter: Compat change id reported: 135634846; UID 10043; state: DISABLED
05-23 16:13:12.803 732 765 D CompatibilityChangeReporter: Compat change id reported: 143937733; UID 10043; state: DISABLED
05-23 16:13:12.819 472 472 D Zygote : Forked child process 2915
05-23 16:13:12.821 732 765 I ActivityManager: Start proc 2915:com.dangbei.screencast/u0a43 for service {com.dangbei.screencast/com.dangbei.screencast.huaweicast.service.HuaweiCastService}
05-23 16:13:12.827 2915 2915 I Zygote : seccomp disabled by setenforce 0
05-23 16:13:12.835 2915 2915 I gbei.screencast: Using CollectorTypeCC GC.
05-23 16:13:12.842 2915 2915 E gbei.screencast: Not starting debugger since process cannot load the jdwp agent.
05-23 16:13:12.877 2915 2915 D CompatibilityChangeReporter: Compat change id reported: 171979766; UID 10043; state: DISABLED
05-23 16:13:12.878 2915 2915 D CompatibilityChangeReporter: Compat change id reported: 242716250; UID 10043; state: DISABLED
05-23 16:13:12.883 2915 2915 D ApplicationLoaders: Returning zygote-cached class loader: /system/framework/android.test.base.jar
05-23 16:13:12.883 2915 2915 D ApplicationLoaders: Returning zygote-cached class loader: /system/framework/android.hidl.manager-V1.0-java.jar
05-23 16:13:12.883 2915 2915 D ApplicationLoaders: Returning zygote-cached class loader: /system/framework/android.hidl.base-V1.0-java.jar
05-23 16:13:12.899 2915 2915 D nativeloader: Configuring clns-shared-4 for other apk /system/app/dangbei-screencast/dangbei-screencast.apk. target_sdk_version=28, uses_libraries=, library_path=/system/app/dangbei-screencast/lib/arm:/system/app/dangbei-screencast/dangbei-screencast.apk!/lib/armeabi-v7a:/system/lib:/system_ext/lib, permitted_path=/data:/mnt/expand:/data/user/0/com.dangbei.screencast:/system/app/dangbei-screencast:/system/lib:/system_ext/lib
05-23 16:13:12.900 471 2932 I resolv : GetAddrInfoHandler::run: {100 100 100 983140 10043 0}
05-23 16:13:12.901 471 2933 I resolv : res_nmkquery: (QUERY, IN, A)
05-23 16:13:12.901 471 2933 I resolv : resolv_cache_lookup: FOUND IN CACHE entry=0xf3cc70f0
05-23 16:13:12.901 471 2933 I resolv : doQuery: rcode=0, ancount=6, return value=488
05-23 16:13:12.903 2839 2882 D TrafficStats: tagSocket(143) with statsTag=0xffffffff, statsUid=-1
05-23 16:13:12.911 2915 2915 V GraphicsEnvironment: Currently set values for:
05-23 16:13:12.911 2915 2915 V GraphicsEnvironment: angle_gl_driver_selection_pkgs=[]
05-23 16:13:12.911 2915 2915 V GraphicsEnvironment: angle_gl_driver_selection_values=[]
05-23 16:13:12.912 2915 2915 V GraphicsEnvironment: ANGLE GameManagerService for com.dangbei.screencast: false
05-23 16:13:12.912 2915 2915 V GraphicsEnvironment: com.dangbei.screencast is not listed in per-application setting
05-23 16:13:12.912 2915 2915 V GraphicsEnvironment: Neither updatable production driver nor prerelease driver is supported.
05-23 16:13:12.916 2915 2915 I MultiDex: VM with version 2.1.0 has multidex support
05-23 16:13:12.916 2915 2915 I MultiDex: Installing application
05-23 16:13:12.916 2915 2915 I MultiDex: VM has multidex support, MultiDex support library is disabled.
05-23 16:13:12.916 2915 2915 E PartsInfoProvider: onCreate:
05-23 16:13:12.918 2915 2915 E ServiceUtils: start main service
05-23 16:13:12.920 2915 2915 E ServiceUtils: start main service
05-23 16:13:12.927 2915 2915 D AndroidAutoSize: designWidthInDp = 1920, designHeightInDp = 1080, screenWidth = 1920, screenHeight = 1080
05-23 16:13:12.927 2915 2915 D AndroidAutoSize: initDensity = 1.5, initScaledDensity = 1.5
05-23 16:13:12.938 2915 2915 D CompatibilityChangeReporter: Compat change id reported: 247079863; UID 10043; state: DISABLED
05-23 16:13:12.956 2915 2915 I gbei.screencast: type=1400 audit(0.0:927): avc: denied { search } for name="net" dev="sysfs" ino=12344 scontext=u:r:untrusted_app_27:s0:c43,c256,c512,c768 tcontext=u:object_r:sysfs_net:s0 tclass=dir permissive=1 app=com.dangbei.screencast
05-23 16:13:12.963 2915 2939 I crashsdk: version unique build id: 6230cced
05-23 16:13:12.963 2915 2945 I crashsdk: version unique build id: 6230cced
05-23 16:13:12.960 2915 2915 I Thread-4: type=1400 audit(0.0:928): avc: denied { read } for name="version" dev="proc" ino=4026532005 scontext=u:r:untrusted_app_27:s0:c43,c256,c512,c768 tcontext=u:object_r:proc_version:s0 tclass=file permissive=1 app=com.dangbei.screencast
05-23 16:13:12.964 2915 2946 D crashsdk: Native log stat thread 2946 setup, waiting
05-23 16:13:12.967 2915 2939 I crashsdk: begin hack android.os.Process
05-23 16:13:12.967 2915 2939 I crashsdk: end hack android.os.Process
05-23 16:13:12.960 2915 2915 I Thread-4: type=1400 audit(0.0:929): avc: denied { open } for path="/proc/version" dev="proc" ino=4026532005 scontext=u:r:untrusted_app_27:s0:c43,c256,c512,c768 tcontext=u:object_r:proc_version:s0 tclass=file permissive=1 app=com.dangbei.screencast
05-23 16:13:12.960 2915 2915 I Thread-4: type=1400 audit(0.0:930): avc: denied { getattr } for path="/proc/version" dev="proc" ino=4026532005 scontext=u:r:untrusted_app_27:s0:c43,c256,c512,c768 tcontext=u:object_r:proc_version:s0 tclass=file permissive=1 app=com.dangbei.screencast
05-23 16:13:12.977 2915 2949 W efs.send_log: tryFileLock start!
05-23 16:13:12.979 2915 2939 I Matrix.AnrTracer: anrTrace, final mAnrBeatTime:400, mAnrBeatRate:400
05-23 16:13:12.981 2915 2939 D LaunchConfigManager: check in allready
05-23 16:13:12.981 2915 2949 I efs.config: --->>> 删除旧的配置文件 false
05-23 16:13:12.981 2915 2956 I efs.base: lt=event`ev_ct=efs_core`ev_ac=pvuv`tm=2025-05-23 16:13:98`dn=58e2f914-936a-498c-881a-c510f75c9440`ps=com.dangbei.screencast`um_os=android`stime=1747987992836`pid=2915`fr=android`pkg=com.dangbei.screencast`vcode=20830`dsp_w=1920`uid=58e2f914-936a-498c-881a-c510f75c9440`rom=14`wid=58e2f914-936a-498c-881a-c510f75c9440`um_app_carrier=`um_access=wifi`um_app_channel=os`um_crash_sdk_version=1.4.0`ctime=1747987992`model=dbbox-a3`lang=zh`net=wifi`brand=amlogic`dsp_h=1080`um_network_type=0`ver=v2.8.3`build_model=DBBOX-A3`w_tm=1747987992`appid=5fc60c21094d637f3130af19`um_umid_header=ai7e8b08707ab0bdb10ad7055c78a87961`sdk=34`tzone=Asia/Shanghai`sdk_ver=1.3.6.umeng
05-23 16:13:12.983 2915 2915 I TDLog : setReportUncaughtExceptions: true
05-23 16:13:12.983 2915 2949 I efs.config: current config version (-1) is older than another (1735614866)
05-23 16:13:12.983 2915 2957 I LaunchTrace: begin sendLaunchCache
05-23 16:13:12.984 2915 2915 E Application: onCreate:Version:v2.8.3/20830/883432e
05-23 16:13:12.984 2915 2949 I efs.config: load config from storage and notify observer
05-23 16:13:13.004 2915 2940 I TDLog : TalkingData SDK init...
05-23 16:13:13.004 2915 2940 I TDLog : SDK_VERSION is: Android+TD+V5.0.7 gp Type:Native Build_Num:2141
05-23 16:13:13.004 2915 2940 I TDLog : App ID is: B9D7815EC975466AB1332111FCE62DF5
05-23 16:13:13.004 2915 2940 I TDLog : App Channel is: os
05-23 16:13:13.004 2915 2940 I TDLog : App Custom is:
05-23 16:13:13.004 2915 2940 I TDLog : SDK_OVC is: TDOVC+a3bb7754719798526508b6caad480dd7+SaaS
05-23 16:13:13.009 2915 2915 I crashsdk: Catcher mask: 5000, 20480
05-23 16:13:13.010 2915 2915 I crashsdk: Catcher thread 2920
05-23 16:13:13.010 2915 2915 D crashsdk: Register ANR handler ...
05-23 16:13:13.012 2915 2915 E HuaweiCastService: onCreate called().
05-23 16:13:13.016 2915 2915 E PlayerClient: registerCallback com.dangbei.screencast.huaweicast.service.HuaweiCastService$a@707522f
05-23 16:13:13.016 2915 2915 D PlayerClient: registerCallback true
05-23 16:13:13.016 2915 2915 D PlayerClient: init.
05-23 16:13:13.017 2915 2915 W KIT_FWK_a: KitFwk is not installed, pls do not use related interfaces.
05-23 16:13:13.018 2915 2915 W KIT_FWK_a: KitFwk is not installed, pls do not use related interfaces.
05-23 16:13:13.018 2915 2915 E PlayerClient: bind player service by aar.
05-23 16:13:13.029 2915 2915 D PlayerClient: bind player sink service true
05-23 16:13:13.033 732 1458 W ActivityManager: Foreground service started from background can not have location/camera/microphone access: service com.dangbei.screencast/.huaweicast.service.HuaweiCastService
05-23 16:13:13.034 2915 2915 E HuaweiCastService: startForeground!
05-23 16:13:13.041 732 2913 W ActivityManager: Foreground service started from background can not have location/camera/microphone access: service com.dangbei.screencast/.startup.StartupService
05-23 16:13:13.041 732 2913 I ActivityManager: Background started FGS: Allowed [callingPackage: com.dangbei.screencast; callingUid: 10043; uidState: FGS ; uidBFSL: [BFSL]; intent: Intent { act=com.dangbei.screencast.STARTUP pkg=com.dangbei.screencast }; code:PROC_STATE_FGS; tempAllowListReason:; targetSdkVersion:28; callerTargetSdkVersion:28; startForegroundCount:1; bindFromPackage:null: isBindService:true]
05-23 16:13:13.050 2915 2915 E raop : *********************AirplayBroadcastServer+++++++++
05-23 16:13:13.052 2915 2915 D CompatibilityChangeReporter: Compat change id reported: 270306772; UID 10043; state: DISABLED
05-23 16:13:13.053 2915 2915 D CompatibilityChangeReporter: Compat change id reported: 235355681; UID 10043; state: DISABLED
05-23 16:13:13.058 471 2978 I resolv : GetAddrInfoHandler::run: {100 100 100 983140 10043 0}
05-23 16:13:13.059 471 2979 I resolv : res_nmkquery: (QUERY, IN, A)
05-23 16:13:13.059 471 2979 I resolv : resolv_cache_lookup: FOUND IN CACHE entry=0xf5400220
05-23 16:13:13.059 471 2979 I resolv : doQuery: rcode=0, ancount=3, return value=436
05-23 16:13:13.062 2915 2969 D TrafficStats: tagSocket(147) with statsTag=0xffffffff, statsUid=-1
05-23 16:13:13.068 2915 2915 E H264FrameQueue: H264FrameQueue: mFullQueueCount:200
01-01 08:01:29.832 0 0 W : [1 T2913 .s] [SP FRAME TX] arp req,vif_idx:0 sender:[1c:79:2d:20:62:97 192.168.3.167]receiver:[00:00:00:00:00:00 192.168.3.53]
05-23 16:13:13.073 1483 1800 D wenhc : getScreenInfo uri = content://com.dangbei.screencast.parts.info/screen_cast
05-23 16:13:13.072 2915 2915 I gbei.screencast: type=1400 audit(0.0:931): avc: denied { read } for name="address" dev="sysfs" ino=22126 scontext=u:r:untrusted_app_27:s0:c43,c256,c512,c768 tcontext=u:object_r:sysfs_net:s0 tclass=file permissive=1 app=com.dangbei.screencast
05-23 16:13:13.072 2915 2915 I gbei.screencast: type=1400 audit(0.0:932): avc: denied { open } for path="/sys/devices/virtual/net/dummy0/address" dev="sysfs" ino=22126 scontext=u:r:untrusted_app_27:s0:c43,c256,c512,c768 tcontext=u:object_r:sysfs_net:s0 tclass=file permissive=1 app=com.dangbei.screencast
05-23 16:13:13.072 2915 2915 I gbei.screencast: type=1400 audit(0.0:933): avc: denied { getattr } for path="/sys/devices/virtual/net/dummy0/address" dev="sysfs" ino=22126 scontext=u:r:untrusted_app_27:s0:c43,c256,c512,c768 tcontext=u:object_r:sysfs_net:s0 tclass=file permissive=1 app=com.dangbei.screencast
05-23 16:13:13.076 2915 2915 W System.err: java.lang.NullPointerException: Attempt to invoke virtual method 'byte[] java.net.NetworkInterface.getHardwareAddress()' on a null object reference
05-23 16:13:13.077 2915 2915 W System.err: at b.f.f.y.g.b(Unknown Source:11)
05-23 16:13:13.077 2915 2915 W System.err: at b.d.a.a.p.c0(Unknown Source:2)
05-23 16:13:13.077 2915 2915 W System.err: at com.dangbei.screencast.startup.StartupService.onCreate(:5)
05-23 16:13:13.077 2915 2915 W System.err: at android.app.ActivityThread.handleCreateService(ActivityThread.java:4696)
05-23 16:13:13.077 2915 2915 W System.err: at android.app.ActivityThread.-$$Nest$mhandleCreateService(Unknown Source:0)
05-23 16:13:13.077 2915 2915 W System.err: at android.app.ActivityThread$H.handleMessage(ActivityThread.java:2293)
05-23 16:13:13.077 2915 2915 W System.err: at android.os.Handler.dispatchMessage(Handler.java:106)
05-23 16:13:13.077 2915 2915 W System.err: at android.os.Looper.loopOnce(Looper.java:205)
05-23 16:13:13.077 2915 2915 W System.err: at android.os.Looper.loop(Looper.java:294)
05-23 16:13:13.077 2915 2915 W System.err: at android.app.ActivityThread.main(ActivityThread.java:8255)
05-23 16:13:13.077 2915 2915 W System.err: at java.lang.reflect.Method.invoke(Native Method)
05-23 16:13:13.077 2915 2915 W System.err: at com.android.internal.os.RuntimeInit$MethodAndArgsCaller.run(RuntimeInit.java:552)
05-23 16:13:13.077 2915 2915 W System.err: at com.android.internal.os.ZygoteInit.main(ZygoteInit.java:978)
05-23 16:13:13.083 2915 2915 D HiSight-SinkService: onCreate.
05-23 16:13:13.084 2915 2915 D HiSight-ConnectionManager: start ConnectionManager
05-23 16:13:13.085 2915 2915 D HiSight-SinkService: onBind.
05-23 16:13:13.086 471 2985 I resolv : GetAddrInfoHandler::run: {100 100 100 983140 10043 0}
05-23 16:13:13.087 471 2986 I resolv : res_nmkquery: (QUERY, IN, A)
05-23 16:13:13.088 2915 2915 E HuaweiCastService: onStartCommand in 0
05-23 16:13:13.090 2915 2915 D PlayerClient: service connected.
05-23 16:13:13.090 2915 2915 D HiSight-SinkService: ITaskBinder registerCallback: true
05-23 16:13:13.091 2915 2915 D HiSight-HiSightManager: ITaskBinder registerCallback.
05-23 16:13:13.091 2915 2915 D HiSight-CallbackManager: addNewCallback. com.dangbei.screencast.huaweicast.service.HuaweiCastService$a@707522f
05-23 16:13:13.091 2915 2915 E HuaweiCastService: eventId: 4001
05-23 16:13:13.091 2915 2915 E HuaweiCastService: mPlayerClient is null.
05-23 16:13:13.091 2915 2915 D HiSight-HiSightManager: check capability vbr range not setting, using default value
05-23 16:13:13.091 2915 2915 E HuaweiCastService: mPlayerClient is null.
05-23 16:13:13.091 2915 2915 D HiSight-SinkService: setAuthMode
05-23 16:13:13.091 732 2913 I WifiService: acquireMulticastLock uid=10043
05-23 16:13:13.091 2915 2915 W HiSight-ConnectionManager: mSinkId is empty
05-23 16:13:13.092 732 807 I WifiService: acquireMulticastLock uid=10043
05-23 16:13:13.094 1023 1165 D IpClient.wlan0: set max DTIM multiplier to 1
05-23 16:13:13.095 497 557 D WifiHAL : Setting APF program, halHandle = 0xf4002170
05-23 16:13:13.095 497 557 I WifiHAL : createRequest: APF set program request
05-23 16:13:13.095 497 557 D WifiHAL : error code -95 mapped to -3
05-23 16:13:13.095 497 557 I WifiHAL : Request Response failed for APF, result = -3
05-23 16:13:13.096 732 873 E WifiStaIfaceAidlImpl: installApfPacketFilter failed with service-specific exception: android.os.ServiceSpecificException: (code 4)
05-23 16:13:13.092 2915 2915 W sd_thread: type=1400 audit(0.0:934): avc: granted { write } for name="mdnsd" dev="tmpfs" ino=907 scontext=u:r:untrusted_app_27:s0:c43,c256,c512,c768 tcontext=u:object_r:mdnsd_socket:s0 tclass=sock_file app=com.dangbei.screencast
05-23 16:13:13.092 2915 2915 W sd_thread: type=1400 audit(0.0:935): avc: granted { connectto } for path="/dev/socket/mdnsd" scontext=u:r:untrusted_app_27:s0:c43,c256,c512,c768 tcontext=u:r:mdnsd:s0 tclass=unix_stream_socket app=com.dangbei.screencast
05-23 16:13:13.097 471 2986 I resolv : res_nsend: used send_dg 344 terrno: 0
01-01 08:01:29.863 0 0 W [1 T2988 ..] audit: audit_lost=154 audit_rate_limit=5 audit_backlog_limit=64
05-23 16:13:13.097 471 2986 I resolv : doQuery: rcode=0, ancount=1, return value=344
01-01 08:01:29.865 0 0 E [1 T2988 ..] audit: rate limit exceeded
05-23 16:13:13.097 497 557 D WifiHAL : Setting DTIM config , halHandle = 0xf4002170 Multiplier = 1
05-23 16:13:13.097 497 557 I WifiHAL : Successfully configured dtim multiplier 1
05-23 16:13:13.097 497 557 D WifiHAL : error code -95 mapped to -3
05-23 16:13:13.097 732 873 E WifiStaIfaceAidlImpl: setDtimMultiplier failed with service-specific exception: android.os.ServiceSpecificException: (code 4)
05-23 16:13:13.104 2915 2981 D TrafficStats: tagSocket(159) with statsTag=0xffffffff, statsUid=-1
05-23 16:13:13.122 2915 2961 I MobclickAgent: module init:azioc
05-23 16:13:13.164 732 2913 W TelephonyPermissions: reportAccessDeniedToReadIdentifiers:com.dangbei.screencast:getSerial:-1
05-23 16:13:13.236 2131 2161 W XLOGReport: OtherSize: 30734, MainSize: 2829
05-23 16:13:13.242 471 2999 I resolv : GetAddrInfoHandler::run: {100 262244 100 983140 10077 0}
05-23 16:13:13.249 2131 2998 D TrafficStats: tagSocket(250) with statsTag=0xffffffff, statsUid=-1
05-23 16:13:13.252 471 3000 I resolv : res_nmkquery: (QUERY, IN, A)
05-23 16:13:13.253 471 3003 I resolv : GetAddrInfoHandler::run: {100 262244 100 983140 10077 0}
05-23 16:13:13.253 2131 3002 D TrafficStats: tagSocket(252) with statsTag=0xffffffff, statsUid=-1
05-23 16:13:13.254 471 3004 I resolv : res_nmkquery: (QUERY, IN, A)
05-23 16:13:13.289 471 3000 I resolv : res_nsend: used send_dg 497 terrno: 0
05-23 16:13:13.289 471 3000 I resolv : doQuery: rcode=0, ancount=3, return value=497
05-23 16:13:13.289 471 3004 I resolv : res_nsend: used send_dg 500 terrno: 0
05-23 16:13:13.292 2131 2996 D TrafficStats: tagSocket(248) with statsTag=0xffffffff, statsUid=-1
05-23 16:13:13.292 471 3004 I resolv : doQuery: rcode=0, ancount=3, return value=500
05-23 16:13:13.294 2131 3001 D TrafficStats: tagSocket(251) with statsTag=0xffffffff, statsUid=-1
05-23 16:13:13.464 2915 2915 E StartupService: onConnected:
