01-01 08:01:32.290 0 0 W : [3 T948 ..] [SP FRAME RX] arp rsp,vif_idx:0 sender:[c8:5e:a9:79:2b:6f 192.168.3.60]receiver:[1c:79:2d:20:62:97 192.168.3.167]
01-01 08:01:32.292 0 0 W : [3 T948 ..] [SP FRAME RX] arp rsp,vif_idx:0 sender:[f0:a6:54:27:e3:f1 192.168.3.77]receiver:[1c:79:2d:20:62:97 192.168.3.167]
01-01 08:01:32.293 0 0 W : [3 T948 ..] [SP FRAME RX] arp rsp,vif_idx:0 sender:[c8:5e:a9:75:e2:f2 192.168.3.39]receiver:[1c:79:2d:20:62:97 192.168.3.167]
01-01 08:01:32.295 0 0 W : [3 T948 ..] [SP FRAME RX] arp rsp,vif_idx:0 sender:[b0:be:83:7e:54:6d 192.168.3.65]receiver:[1c:79:2d:20:62:97 192.168.3.167]
01-01 08:01:32.296 0 0 W : [3 T948 ..] [SP FRAME RX] arp rsp,vif_idx:0 sender:[10:91:d1:cb:3e:be 192.168.3.31]receiver:[1c:79:2d:20:62:97 192.168.3.167]
01-01 08:01:32.298 0 0 W : [3 T948 ..] [SP FRAME RX] arp rsp,vif_idx:0 sender:[4c:6b:b8:99:ce:34 192.168.3.68]receiver:[1c:79:2d:20:62:97 192.168.3.167]
01-01 08:01:32.299 0 0 W : [3 T948 ..] [SP FRAME RX] arp rsp,vif_idx:0 sender:[0a:5b:8b:eb:41:ed 192.168.3.63]receiver:[1c:79:2d:20:62:97 192.168.3.167]
01-01 08:01:32.301 0 0 W : [3 T948 ..] [SP FRAME RX] arp rsp,vif_idx:0 sender:[b2:22:60:60:20:0c 192.168.3.52]receiver:[1c:79:2d:20:62:97 192.168.3.167]
01-01 08:01:32.303 0 0 W : [3 T948 ..] [SP FRAME RX] arp rsp,vif_idx:0 sender:[26:3b:39:2a:ea:db 192.168.3.69]receiver:[1c:79:2d:20:62:97 192.168.3.167]
01-01 08:01:32.304 0 0 W : [3 T948 ..] [SP FRAME RX] arp rsp,vif_idx:0 sender:[38:d5:7a:df:34:e7 192.168.3.22]receiver:[1c:79:2d:20:62:97 192.168.3.167]
01-01 08:01:32.306 0 0 W : [3 T948 ..] [SP FRAME RX] arp rsp,vif_idx:0 sender:[ac:74:b1:0c:ff:f8 192.168.3.41]receiver:[1c:79:2d:20:62:97 192.168.3.167]
01-01 08:01:32.307 0 0 W : [3 T948 ..] [SP FRAME RX] arp rsp,vif_idx:0 sender:[b0:dc:ef:33:76:83 192.168.3.59]receiver:[1c:79:2d:20:62:97 192.168.3.167]
01-01 08:01:32.309 0 0 W : [3 T948 ..] [SP FRAME RX] arp rsp,vif_idx:0 sender:[b6:b0:0e:25:f7:84 192.168.3.82]receiver:[1c:79:2d:20:62:97 192.168.3.167]
01-01 08:01:32.310 0 0 W : [3 T948 ..] [SP FRAME RX] arp rsp,vif_idx:0 sender:[1a:8c:ec:ac:60:cb 192.168.3.43]receiver:[1c:79:2d:20:62:97 192.168.3.167]
01-01 08:01:32.312 0 0 W : [3 T948 ..] [SP FRAME RX] arp rsp,vif_idx:0 sender:[e0:2b:e9:8a:0e:17 192.168.3.75]receiver:[1c:79:2d:20:62:97 192.168.3.167]
01-01 08:01:32.313 0 0 W : [3 T948 ..] [SP FRAME RX] arp rsp,vif_idx:0 sender:[b0:dc:ef:00:ef:38 192.168.3.220]receiver:[1c:79:2d:20:62:97 192.168.3.167]
01-01 08:01:32.315 0 0 W : [3 T948 ..] [SP FRAME RX] arp rsp,vif_idx:0 sender:[78:46:5c:63:f5:35 192.168.3.42]receiver:[1c:79:2d:20:62:97 192.168.3.167]
01-01 08:01:32.317 0 0 W : [3 T948 ..] [SP FRAME RX] arp rsp,vif_idx:0 sender:[7c:2c:67:8b:02:64 192.168.3.78]receiver:[1c:79:2d:20:62:97 192.168.3.167]
01-01 08:01:32.318 0 0 W : [3 T948 ..] [SP FRAME RX] arp rsp,vif_idx:0 sender:[54:92:09:3f:ed:bb 192.168.3.172]receiver:[1c:79:2d:20:62:97 192.168.3.167]
01-01 08:01:32.320 0 0 W : [3 T948 ..] [SP FRAME RX] arp rsp,vif_idx:0 sender:[26:7e:a7:05:94:03 192.168.3.100]receiver:[1c:79:2d:20:62:97 192.168.3.167]
01-01 08:01:32.321 0 0 W : [3 T948 ..] [SP FRAME RX] arp rsp,vif_idx:0 sender:[98:f1:12:30:b3:31 192.168.3.126]receiver:[1c:79:2d:20:62:97 192.168.3.167]
01-01 08:01:32.323 0 0 W : [3 T948 ..] [SP FRAME RX] arp rsp,vif_idx:0 sender:[80:38:fb:64:b6:30 192.168.3.56]receiver:[1c:79:2d:20:62:97 192.168.3.167]
01-01 08:01:32.324 0 0 W : [3 T948 ..] [SP FRAME RX] arp rsp,vif_idx:0 sender:[a4:cf:99:78:f4:bf 192.168.3.73]receiver:[1c:79:2d:20:62:97 192.168.3.167]
01-01 08:01:32.326 0 0 W : [3 T948 ..] [SP FRAME RX] arp rsp,vif_idx:0 sender:[12:79:fa:50:96:be 192.168.3.87]receiver:[1c:79:2d:20:62:97 192.168.3.167]
01-01 08:01:32.327 0 0 W : [3 T948 ..] [SP FRAME RX] arp rsp,vif_idx:0 sender:[a8:59:5f:1a:94:92 192.168.3.46]receiver:[1c:79:2d:20:62:97 192.168.3.167]
01-01 08:01:32.329 0 0 W : [3 T948 ..] [SP FRAME RX] arp req,vif_idx:0 sender:[6a:97:3d:42:60:a4 192.168.3.115]receiver:[00:00:00:00:00:00 192.168.3.167]
01-01 08:01:32.331 0 0 W : [3 T948 ..] [SP FRAME TX] arp rsp,vif_idx:0 sender:[1c:79:2d:20:62:97 192.168.3.167]receiver:[6a:97:3d:42:60:a4 192.168.3.115]
01-01 08:01:32.332 0 0 W : [3 T948 ..] [SP FRAME RX] arp rsp,vif_idx:0 sender:[32:08:ae:4d:23:4b 192.168.3.154]receiver:[1c:79:2d:20:62:97 192.168.3.167]
01-01 08:01:32.334 0 0 W : [3 T948 ..] [SP FRAME RX] arp rsp,vif_idx:0 sender:[08:9d:f4:3f:50:de 192.168.3.85]receiver:[1c:79:2d:20:62:97 192.168.3.167]
01-01 08:01:32.335 0 0 W : [3 T948 ..] [SP FRAME RX] arp rsp,vif_idx:0 sender:[4e:86:42:b2:61:af 192.168.3.177]receiver:[1c:79:2d:20:62:97 192.168.3.167]
01-01 08:01:32.337 0 0 W : [3 T948 ..] [SP FRAME RX] arp rsp,vif_idx:0 sender:[e0:ba:ad:3a:be:9a 192.168.3.66]receiver:[1c:79:2d:20:62:97 192.168.3.167]
01-01 08:01:32.339 0 0 W : [3 T948 ..] [SP FRAME RX] arp rsp,vif_idx:0 sender:[06:ec:75:2b:af:95 192.168.3.113]receiver:[1c:79:2d:20:62:97 192.168.3.167]
01-01 08:01:32.340 0 0 W : [3 T948 ..] [SP FRAME RX] arp rsp,vif_idx:0 sender:[42:82:27:7d:bd:b5 192.168.3.47]receiver:[1c:79:2d:20:62:97 192.168.3.167]
01-01 08:01:32.341 0 0 W : [3 T948 ..] [SP FRAME RX] arp rsp,vif_idx:0 sender:[66:23:07:61:21:45 192.168.3.40]receiver:[1c:79:2d:20:62:97 192.168.3.167]
01-01 08:01:32.343 0 0 W : [3 T948 ..] [SP FRAME RX] arp req,vif_idx:0 sender:[98:f1:12:30:b3:31 192.168.3.126]receiver:[00:00:00:00:00:00 192.168.3.167]
01-01 08:01:32.345 0 0 W : [3 T948 ..] [SP FRAME TX] arp rsp,vif_idx:0 sender:[1c:79:2d:20:62:97 192.168.3.167]receiver:[98:f1:12:30:b3:31 192.168.3.126]
01-01 08:01:32.346 0 0 W : [3 T948 ..] [SP FRAME RX] arp rsp,vif_idx:0 sender:[54:d6:0d:ac:40:f5 192.168.3.83]receiver:[1c:79:2d:20:62:97 192.168.3.167]
01-01 08:01:32.348 0 0 W : [3 T948 ..] [SP FRAME RX] arp rsp,vif_idx:0 sender:[1e:f5:81:2b:fe:f8 192.168.3.27]receiver:[1c:79:2d:20:62:97 192.168.3.167]
01-01 08:01:32.349 0 0 W : [3 T948 ..] [SP FRAME RX] arp rsp,vif_idx:0 sender:[a6:b5:32:b5:93:dc 192.168.3.84]receiver:[1c:79:2d:20:62:97 192.168.3.167]
01-01 08:01:32.351 0 0 W : [3 T948 ..] [SP FRAME RX] arp rsp,vif_idx:0 sender:[8a:01:82:2c:28:ed 192.168.3.20]receiver:[1c:79:2d:20:62:97 192.168.3.167]
01-01 08:01:32.352 0 0 W : [3 T948 ..] [SP FRAME RX] arp req,vif_idx:0 sender:[a6:8b:d2:cd:fe:9a 192.168.3.162]receiver:[00:00:00:00:00:00 192.168.3.167]
01-01 08:01:32.354 0 0 W : [3 T948 ..] [SP FRAME TX] arp rsp,vif_idx:0 sender:[1c:79:2d:20:62:97 192.168.3.167]receiver:[a6:8b:d2:cd:fe:9a 192.168.3.162]
01-01 08:01:32.355 0 0 W : [3 T948 ..] [SP FRAME RX] arp req,vif_idx:0 sender:[4c:6b:b8:99:cd:e4 192.168.3.205]receiver:[00:00:00:00:00:00 192.168.3.167]
01-01 08:01:32.357 0 0 W : [3 T948 ..] [SP FRAME TX] arp rsp,vif_idx:0 sender:[1c:79:2d:20:62:97 192.168.3.167]receiver:[4c:6b:b8:99:cd:e4 192.168.3.205]
01-01 08:01:32.358 0 0 W : [3 T948 ..] [SP FRAME RX] arp req,vif_idx:0 sender:[26:3b:39:2a:ea:db 192.168.3.69]receiver:[00:00:00:00:00:00 192.168.3.167]
01-01 08:01:32.360 0 0 W : [3 T948 ..] [SP FRAME TX] arp rsp,vif_idx:0 sender:[1c:79:2d:20:62:97 192.168.3.167]receiver:[26:3b:39:2a:ea:db 192.168.3.69]
01-01 08:01:32.362 0 0 W : [3 T948 ..] [SP FRAME RX] arp rsp,vif_idx:0 sender:[ee:08:6c:a8:67:93 192.168.3.184]receiver:[1c:79:2d:20:62:97 192.168.3.167]
01-01 08:01:32.363 0 0 W : [3 T948 ..] [SP FRAME RX] arp rsp,vif_idx:0 sender:[ce:be:1f:00:3d:16 192.168.3.211]receiver:[1c:79:2d:20:62:97 192.168.3.167]
01-01 08:01:32.365 0 0 W : [3 T948 ..] [SP FRAME RX] arp req,vif_idx:0 sender:[0c:91:60:12:cd:da 192.168.3.221]receiver:[00:00:00:00:00:00 192.168.3.167]
01-01 08:01:32.366 0 0 W : [3 T948 ..] [SP FRAME TX] arp rsp,vif_idx:0 sender:[1c:79:2d:20:62:97 192.168.3.167]receiver:[0c:91:60:12:cd:da 192.168.3.221]
01-01 08:01:32.368 0 0 W : [3 T948 ..] [SP FRAME RX] arp rsp,vif_idx:0 sender:[b0:dc:ef:37:9e:ed 192.168.3.123]receiver:[1c:79:2d:20:62:97 192.168.3.167]
01-01 08:01:32.369 0 0 W : [3 T948 ..] [SP FRAME RX] arp rsp,vif_idx:0 sender:[ca:0f:e5:bf:3b:95 192.168.3.173]receiver:[1c:79:2d:20:62:97 192.168.3.167]
01-01 08:01:32.371 0 0 W : [3 T948 ..] [SP FRAME RX] arp rsp,vif_idx:0 sender:[16:d0:ac:cd:07:4e 192.168.3.103]receiver:[1c:79:2d:20:62:97 192.168.3.167]
01-01 08:01:32.373 0 0 W : [3 T948 ..] [SP FRAME RX] arp rsp,vif_idx:0 sender:[b0:c9:52:89:2f:af 192.168.3.32]receiver:[1c:79:2d:20:62:97 192.168.3.167]
01-01 08:01:32.374 0 0 W : [3 T948 ..] [SP FRAME RX] arp req,vif_idx:0 sender:[c0:e3:50:10:d6:46 192.168.3.183]receiver:[00:00:00:00:00:00 192.168.3.167]
01-01 08:01:32.376 0 0 W : [3 T948 ..] [SP FRAME TX] arp rsp,vif_idx:0 sender:[1c:79:2d:20:62:97 192.168.3.167]receiver:[c0:e3:50:10:d6:46 192.168.3.183]
01-01 08:01:32.377 0 0 W : [3 T948 ..] [SP FRAME RX] arp req,vif_idx:0 sender:[fa:ff:42:eb:c0:04 192.168.3.9]receiver:[00:00:00:00:00:00 192.168.3.167]
01-01 08:01:32.379 0 0 W : [3 T948 ..] [SP FRAME TX] arp rsp,vif_idx:0 sender:[1c:79:2d:20:62:97 192.168.3.167]receiver:[fa:ff:42:eb:c0:04 192.168.3.9]
01-01 08:01:32.380 0 0 W : [3 T948 ..] [SP FRAME RX] arp rsp,vif_idx:0 sender:[3a:fd:3d:ee:5f:54 192.168.3.118]receiver:[1c:79:2d:20:62:97 192.168.3.167]
05-23 16:13:15.616 471 3029 I resolv : res_nsend: used send_dg 507 terrno: 0
05-23 16:13:15.616 471 3029 I resolv : doQuery: rcode=0, ancount=27, return value=507
01-01 08:01:32.382 0 0 W : [3 T948 ..] [SP FRAME RX] arp rsp,vif_idx:0 sender:[14:75:5b:3d:38:c1 192.168.3.198]receiver:[1c:79:2d:20:62:97 192.168.3.167]
01-01 08:01:32.383 0 0 W : [3 T948 ..] [SP FRAME RX] arp rsp,vif_idx:0 sender:[44:37:0b:0d:07:cd 192.168.3.234]receiver:[1c:79:2d:20:62:97 192.168.3.167]
01-01 08:01:32.385 0 0 W : [3 T948 ..] [SP FRAME RX] arp rsp,vif_idx:0 sender:[28:7b:11:70:64:f1 192.168.3.240]receiver:[1c:79:2d:20:62:97 192.168.3.167]
05-23 16:13:15.621 2839 2890 D TrafficStats: tagSocket(153) with statsTag=0xffffffff, statsUid=-1
01-01 08:01:32.387 0 0 W : [3 T948 ..] [SP FRAME RX] arp rsp,vif_idx:0 sender:[b4:2f:03:15:e9:0b 192.168.3.11]receiver:[1c:79:2d:20:62:97 192.168.3.167]
01-01 08:01:32.388 0 0 W : [3 T948 ..] [SP FRAME RX] arp rsp,vif_idx:0 sender:[c6:d5:80:1c:a2:0f 192.168.3.237]receiver:[1c:79:2d:20:62:97 192.168.3.167]
01-01 08:01:32.390 0 0 W : [3 T948 ..] [SP FRAME RX] arp rsp,vif_idx:0 sender:[08:71:90:3f:8c:20 192.168.3.245]receiver:[1c:79:2d:20:62:97 192.168.3.167]
01-01 08:01:32.391 0 0 W : [3 T948 ..] [SP FRAME RX] arp rsp,vif_idx:0 sender:[ec:8e:77:4b:2d:7d 192.168.3.233]receiver:[1c:79:2d:20:62:97 192.168.3.167]
01-01 08:01:32.393 0 0 W : [3 T948 ..] [SP FRAME RX] arp rsp,vif_idx:0 sender:[e8:bf:b8:f2:16:ba 192.168.3.8]receiver:[1c:79:2d:20:62:97 192.168.3.167]
01-01 08:01:32.394 0 0 W : [3 T948 ..] [SP FRAME RX] arp rsp,vif_idx:0 sender:[de:90:cb:50:92:8f 192.168.3.252]receiver:[1c:79:2d:20:62:97 192.168.3.167]
01-01 08:01:32.396 0 0 W : [3 T948 ..] [SP FRAME RX] arp rsp,vif_idx:0 sender:[76:4b:54:58:65:26 192.168.3.13]receiver:[1c:79:2d:20:62:97 192.168.3.167]
01-01 08:01:32.397 0 0 W : [3 T948 ..] [SP FRAME RX] arp rsp,vif_idx:0 sender:[2e:6a:3b:b3:ad:e6 192.168.3.15]receiver:[1c:79:2d:20:62:97 192.168.3.167]
01-01 08:01:32.399 0 0 W : [3 T948 ..] [SP FRAME RX] arp rsp,vif_idx:0 sender:[9c:2f:9d:b7:47:a3 192.168.3.250]receiver:[1c:79:2d:20:62:97 192.168.3.167]
01-01 08:01:32.401 0 0 W : [3 T948 ..] [SP FRAME RX] arp rsp,vif_idx:0 sender:[ea:e6:74:53:1a:30 192.168.3.48]receiver:[1c:79:2d:20:62:97 192.168.3.167]
01-01 08:01:32.402 0 0 W : [3 T948 ..] [SP FRAME RX] arp rsp,vif_idx:0 sender:[0a:a9:d1:af:4b:d9 192.168.3.247]receiver:[1c:79:2d:20:62:97 192.168.3.167]
01-01 08:01:32.404 0 0 W : [3 T948 ..] [SP FRAME RX] arp rsp,vif_idx:0 sender:[d4:f0:ea:14:10:93 192.168.3.249]receiver:[1c:79:2d:20:62:97 192.168.3.167]
01-01 08:01:32.405 0 0 W : [3 T948 ..] [SP FRAME RX] arp rsp,vif_idx:0 sender:[c8:5e:a9:73:7c:ce 192.168.3.187]receiver:[1c:79:2d:20:62:97 192.168.3.167]
01-01 08:01:32.407 0 0 W : [3 T948 ..] [SP FRAME RX] arp rsp,vif_idx:0 sender:[fe:dd:69:2a:75:df 192.168.3.166]receiver:[1c:79:2d:20:62:97 192.168.3.167]
01-01 08:01:32.408 0 0 W : [3 T948 ..] [SP FRAME RX] arp req,vif_idx:0 sender:[2e:6a:3b:b3:ad:e6 192.168.3.15]receiver:[00:00:00:00:00:00 192.168.3.167]
01-01 08:01:32.410 0 0 W : [3 T948 ..] [SP FRAME TX] arp rsp,vif_idx:0 sender:[1c:79:2d:20:62:97 192.168.3.167]receiver:[2e:6a:3b:b3:ad:e6 192.168.3.15]
01-01 08:01:32.411 0 0 W : [3 T948 ..] [SP FRAME RX] arp rsp,vif_idx:0 sender:[6c:2f:80:46:5a:8c 192.168.3.195]receiver:[1c:79:2d:20:62:97 192.168.3.167]
01-01 08:01:32.413 0 0 W : [3 T948 ..] [SP FRAME RX] arp rsp,vif_idx:0 sender:[1a:01:08:c1:b7:a5 192.168.3.225]receiver:[1c:79:2d:20:62:97 192.168.3.167]
01-01 08:01:32.414 0 0 W : [3 T948 ..] [SP FRAME RX] arp rsp,vif_idx:0 sender:[20:57:9e:67:7f:db 192.168.3.248]receiver:[1c:79:2d:20:62:97 192.168.3.167]
01-01 08:01:32.435 0 0 W : [3 T948 ..] [SP FRAME RX] arp rsp,vif_idx:0 sender:[b0:dc:ef:39:56:8e 192.168.3.5]receiver:[1c:79:2d:20:62:97 192.168.3.167]
01-01 08:01:32.436 0 0 W : [3 T948 ..] [SP FRAME RX] arp rsp,vif_idx:0 sender:[52:7f:c8:01:a6:83 192.168.3.190]receiver:[1c:79:2d:20:62:97 192.168.3.167]
01-01 08:01:32.438 0 0 W : [3 T948 ..] [SP FRAME RX] arp req,vif_idx:0 sender:[54:d6:0d:ac:40:f5 192.168.3.83]receiver:[00:00:00:00:00:00 192.168.3.167]
01-01 08:01:32.439 0 0 W : [3 T948 ..] [SP FRAME TX] arp rsp,vif_idx:0 sender:[1c:79:2d:20:62:97 192.168.3.167]receiver:[54:d6:0d:ac:40:f5 192.168.3.83]
01-01 08:01:32.440 0 0 W : [3 T948 ..] [SP FRAME RX] arp req,vif_idx:0 sender:[16:8e:6e:17:dc:41 192.168.3.176]receiver:[00:00:00:00:00:00 192.168.3.167]
01-01 08:01:32.442 0 0 W : [3 T948 ..] [SP FRAME TX] arp rsp,vif_idx:0 sender:[1c:79:2d:20:62:97 192.168.3.167]receiver:[16:8e:6e:17:dc:41 192.168.3.176]
01-01 08:01:32.443 0 0 W : [3 T948 ..] [SP FRAME RX] arp rsp,vif_idx:0 sender:[4e:20:74:a0:16:5d 192.168.3.244]receiver:[1c:79:2d:20:62:97 192.168.3.167]
01-01 08:01:32.445 0 0 W : [3 T948 ..] [SP FRAME RX] arp rsp,vif_idx:0 sender:[64:6c:80:34:4c:fd 192.168.3.12]receiver:[1c:79:2d:20:62:97 192.168.3.167]
01-01 08:01:32.447 0 0 W : [3 T948 ..] [SP FRAME RX] arp rsp,vif_idx:0 sender:[56:c2:36:ea:4a:c8 192.168.3.37]receiver:[1c:79:2d:20:62:97 192.168.3.167]
01-01 08:01:32.448 0 0 W : [3 T948 ..] [SP FRAME RX] arp rsp,vif_idx:0 sender:[42:ce:b4:af:a6:d3 192.168.3.79]receiver:[1c:79:2d:20:62:97 192.168.3.167]
01-01 08:01:32.450 0 0 W : [3 T948 ..] [SP FRAME RX] arp rsp,vif_idx:0 sender:[04:cf:4b:ce:ed:9d 192.168.3.236]receiver:[1c:79:2d:20:62:97 192.168.3.167]
01-01 08:01:32.517 0 0 W : [3 T948 ..] [SP FRAME RX] arp rsp,vif_idx:0 sender:[2a:7f:53:39:7b:19 192.168.3.88]receiver:[1c:79:2d:20:62:97 192.168.3.167]
01-01 08:01:32.518 0 0 W : [3 T948 ..] [SP FRAME RX] arp rsp,vif_idx:0 sender:[84:ab:1a:61:b7:d4 192.168.3.212]receiver:[1c:79:2d:20:62:97 192.168.3.167]
01-01 08:01:32.521 0 0 W : [3 T948 ..] [SP FRAME RX] arp req,vif_idx:0 sender:[c2:07:3d:a6:ee:3e 192.168.3.116]receiver:[00:00:00:00:00:00 192.168.3.167]
01-01 08:01:32.522 0 0 W : [3 T948 ..] [SP FRAME TX] arp rsp,vif_idx:0 sender:[1c:79:2d:20:62:97 192.168.3.167]receiver:[c2:07:3d:a6:ee:3e 192.168.3.116]
01-01 08:01:32.524 0 0 W : [3 T948 ..] [SP FRAME RX] arp req,vif_idx:0 sender:[4c:6b:b8:99:ce:34 192.168.3.68]receiver:[00:00:00:00:00:00 192.168.3.167]
01-01 08:01:32.525 0 0 W : [3 T948 ..] [SP FRAME TX] arp rsp,vif_idx:0 sender:[1c:79:2d:20:62:97 192.168.3.167]receiver:[4c:6b:b8:99:ce:34 192.168.3.68]
01-01 08:01:32.527 0 0 W : [3 T948 ..] [SP FRAME RX] arp req,vif_idx:0 sender:[4e:df:ee:48:4b:63 192.168.3.151]receiver:[00:00:00:00:00:00 192.168.3.167]
01-01 08:01:32.528 0 0 W : [3 T948 ..] [SP FRAME TX] arp rsp,vif_idx:0 sender:[1c:79:2d:20:62:97 192.168.3.167]receiver:[4e:df:ee:48:4b:63 192.168.3.151]
01-01 08:01:32.538 0 0 W : [3 T948 ..] [SP FRAME RX] arp rsp,vif_idx:0 sender:[ee:78:83:8f:63:7e 192.168.3.58]receiver:[1c:79:2d:20:62:97 192.168.3.167]
01-01 08:01:32.586 0 0 W : [3 T948 ..] [SP FRAME RX] arp rsp,vif_idx:0 sender:[62:e6:cb:ad:3a:47 192.168.3.25]receiver:[1c:79:2d:20:62:97 192.168.3.167]
01-01 08:01:32.598 0 0 W : [3 T948 ..] [SP FRAME RX] arp req,vif_idx:0 sender:[16:d0:ac:cd:07:4e 192.168.3.103]receiver:[00:00:00:00:00:00 192.168.3.167]
01-01 08:01:32.599 0 0 W : [3 T948 ..] [SP FRAME TX] arp rsp,vif_idx:0 sender:[1c:79:2d:20:62:97 192.168.3.167]receiver:[16:d0:ac:cd:07:4e 192.168.3.103]
01-01 08:01:32.605 0 0 W : [3 T948 ..] [SP FRAME RX] arp req,vif_idx:0 sender:[2e:18:a1:71:f0:39 192.168.3.86]receiver:[00:00:00:00:00:00 192.168.3.167]
01-01 08:01:32.606 0 0 W : [3 T948 ..] [SP FRAME TX] arp rsp,vif_idx:0 sender:[1c:79:2d:20:62:97 192.168.3.167]receiver:[2e:18:a1:71:f0:39 192.168.3.86]
05-23 16:13:15.840 2839 2887 I efs.config: config request succ, config is:
05-23 16:13:15.840 2839 2887 I efs.config: {"msg":"成功","code":0,"cip":"127.0.0.1","config":{"common":{"updateInteval":480,"gate_way_https":true},"sign":"f3NTXgVEcV9fa1wQBA==","app_configs":[{"conditions":[{"val":"0.0.0.0","opc":">=","fld":"ver"}],"actions":[{"opt":"apm_netperf_state","set":100},{"opt":"apm_netperf_day_limit","set":100},{"opt":"apm_netperf_res_bd_state","set":100},{"opt":"apm_oom_state","set":0},{"opt":"apm_netperf_data_rate","set":10},{"opt":"apm_native_h5perf_sampling_rate","set":5},{"opt":"apm_netperf_req_hd_state","set":100},{"opt":"apm_netperf_sampling_rate","set":1},{"opt":"flutter_dart_exception_max_count","set":20},{"opt":"flutter_pv_sampling_rate","set":5},{"opt":"apm_netperf_res_hd_state","set":100},{"opt":"flutter_page_state","set":100},{"opt":"flutter_page_rate","set":5},{"opt":"apm_memperf_sampling_rate","set":0},{"opt":"apm_crash_user_upload_type","set":1},{"opt":"apm_memperf_collect_max_period_sec","set":600},{"opt":"apm_crash_user_max_count","set":20},{"opt":"apm_netperf_bd_state","set":100},{"opt":"apm_native_h5_state","set":0},{"opt":"apm_mem_state","set":0},{"opt":"flutter_dart_exception_state","set":100},{"opt":"flutter_pv_max_count","set":200},{"opt":"apm_memperf_collect_interval","set":5},{"opt":"apm_flutter_state","set":100},{"opt":"apm_patrace_switch_rate","set":5},{"opt":"record_accumulation_time","set":60},{"opt":"apm_net_state","set":0},{"opt":"apm_startperf_sampling_rate","set":5},{"opt":"apm_oom_sampling_rate","set":5}]}]},"stm":1747987995,"cver":1735614866}
05-23 16:13:15.840 2839 2905 I efs.base: lt=event`ev_ct=efs_core`ev_ac=config_coverage`tm=2025-05-23 16:13:84`dn=58e2f914-936a-498c-881a-c510f75c9440`ps=com.dangbei.screencast:bg_guard`um_os=android`stime=1747987989774`pid=2839`fr=android`pkg=com.dangbei.screencast`cver=1735614866`vcode=20830`dsp_w=1920`uid=58e2f914-936a-498c-881a-c510f75c9440`rom=14`wid=58e2f914-936a-498c-881a-c510f75c9440`um_app_carrier=`um_access=wifi`um_app_channel=os`um_crash_sdk_version=1.4.0`ctime=1747987995`model=dbbox-a3`lang=zh`net=wifi`brand=amlogic`dsp_h=1080`um_network_type=0`ver=v2.8.3`build_model=DBBOX-A3`w_tm=1747987995`appid=5fc60c21094d637f3130af19`um_umid_header=ai7e8b08707ab0bdb10ad7055c78a87961`sdk=34`tzone=Asia/Shanghai`sdk_ver=1.3.6.umeng
05-23 16:13:15.840 2839 2887 I efs.config: efs config is {"msg":"成功","code":0,"cip":"127.0.0.1","config":{"common":{"updateInteval":480,"gate_way_https":true},"sign":"f3NTXgVEcV9fa1wQBA==","app_configs":[{"conditions":[{"val":"0.0.0.0","opc":">=","fld":"ver"}],"actions":[{"opt":"apm_netperf_state","set":100},{"opt":"apm_netperf_day_limit","set":100},{"opt":"apm_netperf_res_bd_state","set":100},{"opt":"apm_oom_state","set":0},{"opt":"apm_netperf_data_rate","set":10},{"opt":"apm_native_h5perf_sampling_rate","set":5},{"opt":"apm_netperf_req_hd_state","set":100},{"opt":"apm_netperf_sampling_rate","set":1},{"opt":"flutter_dart_exception_max_count","set":20},{"opt":"flutter_pv_sampling_rate","set":5},{"opt":"apm_netperf_res_hd_state","set":100},{"opt":"flutter_page_state","set":100},{"opt":"flutter_page_rate","set":5},{"opt":"apm_memperf_sampling_rate","set":0},{"opt":"apm_crash_user_upload_type","set":1},{"opt":"apm_memperf_collect_max_period_sec","set":600},{"opt":"apm_crash_user_max_count","set":20},{"opt":"apm_netperf_bd_state","set":100},{"opt":"apm_native_h5_state","set":0},{"opt":"apm_mem_state","set":0},{"opt":"flutter_dart_exception_state","set":100},{"opt":"flutter_pv_max_count","set":200},{"opt":"apm_memperf_collect_interval","set":5},{"opt":"apm_flutter_state","set":100},{"opt":"apm_patrace_switch_rate","set":5},{"opt":"record_accumulation_time","set":60},{"opt":"apm_net_state","set":0},{"opt":"apm_startperf_sampling_rate","set":5},{"opt":"apm_oom_sampling_rate","set":5}]}]},"stm":1747987995,"cver":1735614866}
05-23 16:13:15.842 2839 2887 E efs.config: updateConfigCond error
05-23 16:13:15.842 2839 2887 E efs.config: java.lang.NumberFormatException: For input string: "v2"
05-23 16:13:15.842 2839 2887 E efs.config: at java.lang.Integer.parseInt(Integer.java:797)
05-23 16:13:15.842 2839 2887 E efs.config: at java.lang.Integer.parseInt(Integer.java:915)
05-23 16:13:15.842 2839 2887 E efs.config: at com.efs.sdk.base.core.config.a.d.a(Unknown Source:33)
05-23 16:13:15.842 2839 2887 E efs.config: at com.efs.sdk.base.core.config.a.d.a(Unknown Source:8)
05-23 16:13:15.842 2839 2887 E efs.config: at com.efs.sdk.base.core.config.a.d.a(Unknown Source:404)
05-23 16:13:15.842 2839 2887 E efs.config: at com.efs.sdk.base.core.config.a.d.a(Unknown Source:129)
05-23 16:13:15.842 2839 2887 E efs.config: at com.efs.sdk.base.core.config.a.c.a(Unknown Source:4)
05-23 16:13:15.842 2839 2887 E efs.config: at com.efs.sdk.base.core.config.a.c.e(Unknown Source:53)
05-23 16:13:15.842 2839 2887 E efs.config: at com.efs.sdk.base.core.config.a.c.handleMessage(Unknown Source:105)
05-23 16:13:15.842 2839 2887 E efs.config: at android.os.Handler.dispatchMessage(Handler.java:102)
05-23 16:13:15.842 2839 2887 E efs.config: at android.os.Looper.loopOnce(Looper.java:205)
05-23 16:13:15.842 2839 2887 E efs.config: at android.os.Looper.loop(Looper.java:294)
05-23 16:13:15.842 2839 2887 E efs.config: at android.os.HandlerThread.run(HandlerThread.java:67)
01-01 08:01:32.613 0 0 W : [3 T948 ..] [SP FRAME RX] arp req,vif_idx:0 sender:[28:7b:11:70:64:f1 192.168.3.240]receiver:[00:00:00:00:00:00 192.168.3.167]
01-01 08:01:32.614 0 0 W : [3 T948 ..] [SP FRAME TX] arp rsp,vif_idx:0 sender:[1c:79:2d:20:62:97 192.168.3.167]receiver:[28:7b:11:70:64:f1 192.168.3.240]
01-01 08:01:32.615 0 0 W : [3 T948 ..] [SP FRAME RX] arp rsp,vif_idx:0 sender:[d4:f0:ea:74:c0:e6 192.168.3.179]receiver:[1c:79:2d:20:62:97 192.168.3.167]
01-01 08:01:32.619 0 0 W : [3 T948 ..] [SP FRAME RX] arp rsp,vif_idx:0 sender:[2e:18:a1:71:f0:39 192.168.3.86]receiver:[1c:79:2d:20:62:97 192.168.3.167]
01-01 08:01:32.633 0 0 W : [3 T948 ..] [SP FRAME RX] arp req,vif_idx:0 sender:[42:87:91:b7:6d:20 192.168.3.226]receiver:[00:00:00:00:00:00 192.168.3.167]
01-01 08:01:32.634 0 0 W : [3 T948 ..] [SP FRAME TX] arp rsp,vif_idx:0 sender:[1c:79:2d:20:62:97 192.168.3.167]receiver:[42:87:91:b7:6d:20 192.168.3.226]
05-23 16:13:15.973 471 3031 I resolv : GetAddrInfoHandler::run: {100 100 100 983140 10043 0}
05-23 16:13:15.974 471 3032 I resolv : res_nmkquery: (QUERY, IN, A)
05-23 16:13:15.974 471 3032 I resolv : resolv_cache_lookup: FOUND IN CACHE entry=0xf3cc70f0
05-23 16:13:15.974 471 3032 I resolv : doQuery: rcode=0, ancount=6, return value=488
05-23 16:13:15.976 2915 2944 D TrafficStats: tagSocket(158) with statsTag=0xffffffff, statsUid=-1
01-01 08:01:32.755 0 0 W : [3 T948 ..] [SP FRAME RX] arp rsp,vif_idx:0 sender:[98:bd:80:19:9b:14 192.168.3.136]receiver:[1c:79:2d:20:62:97 192.168.3.167]
01-01 08:01:32.756 0 0 W : [3 T948 ..] [SP FRAME RX] arp rsp,vif_idx:0 sender:[a2:e3:8f:e4:ff:46 192.168.3.99]receiver:[1c:79:2d:20:62:97 192.168.3.167]
01-01 08:01:32.770 0 0 W : [3 T948 ..] [SP FRAME RX] arp rsp,vif_idx:0 sender:[a2:e3:8f:e4:ff:46 192.168.3.99]receiver:[1c:79:2d:20:62:97 192.168.3.167]
01-01 08:01:32.771 0 0 W : [3 T948 ..] [SP FRAME RX] arp req,vif_idx:0 sender:[b2:33:fc:c9:ef:d5 192.168.3.223]receiver:[00:00:00:00:00:00 192.168.3.167]
01-01 08:01:32.773 0 0 W : [3 T948 ..] [SP FRAME TX] arp rsp,vif_idx:0 sender:[1c:79:2d:20:62:97 192.168.3.167]receiver:[b2:33:fc:c9:ef:d5 192.168.3.223]
01-01 08:01:32.824 0 0 W : [3 T948 ..] [SP FRAME RX] arp rsp,vif_idx:0 sender:[7a:fb:15:bf:d0:04 192.168.3.170]receiver:[1c:79:2d:20:62:97 192.168.3.167]
01-01 08:01:32.891 0 0 W : [3 T948 ..] [SP FRAME RX] arp rsp,vif_idx:0 sender:[7e:4e:0f:66:15:58 192.168.3.95]receiver:[1c:79:2d:20:62:97 192.168.3.167]
01-01 08:01:32.904 0 0 W : [1 T0 .s] [SP FRAME TX] arp req,vif_idx:0 sender:[1c:79:2d:20:62:97 192.168.3.167]receiver:[00:00:00:00:00:00 192.168.3.53]
01-01 08:01:32.905 0 0 W : [1 T0 .s] [SP FRAME TX] arp req,vif_idx:0 sender:[1c:79:2d:20:62:97 192.168.3.167]receiver:[00:00:00:00:00:00 192.168.3.16]
01-01 08:01:32.906 0 0 W : [1 T0 .s] [SP FRAME TX] arp req,vif_idx:0 sender:[1c:79:2d:20:62:97 192.168.3.167]receiver:[00:00:00:00:00:00 192.168.3.18]
01-01 08:01:32.908 0 0 W : [1 T0 .s] [SP FRAME TX] arp req,vif_idx:0 sender:[1c:79:2d:20:62:97 192.168.3.167]receiver:[00:00:00:00:00:00 192.168.3.19]
01-01 08:01:32.910 0 0 W : [1 T0 .s] [SP FRAME TX] arp req,vif_idx:0 sender:[1c:79:2d:20:62:97 192.168.3.167]receiver:[00:00:00:00:00:00 192.168.3.44]
01-01 08:01:32.911 0 0 W : [1 T0 .s] [SP FRAME TX] arp req,vif_idx:0 sender:[1c:79:2d:20:62:97 192.168.3.167]receiver:[00:00:00:00:00:00 192.168.3.45]
01-01 08:01:32.913 0 0 W : [1 T0 .s] [SP FRAME TX] arp req,vif_idx:0 sender:[1c:79:2d:20:62:97 192.168.3.167]receiver:[00:00:00:00:00:00 192.168.3.50]
01-01 08:01:32.914 0 0 W : [1 T0 .s] [SP FRAME TX] arp req,vif_idx:0 sender:[1c:79:2d:20:62:97 192.168.3.167]receiver:[00:00:00:00:00:00 192.168.3.57]
01-01 08:01:32.916 0 0 W : [1 T0 .s] [SP FRAME TX] arp req,vif_idx:0 sender:[1c:79:2d:20:62:97 192.168.3.167]receiver:[00:00:00:00:00:00 192.168.3.62]
01-01 08:01:32.917 0 0 W : [1 T0 .s] [SP FRAME TX] arp req,vif_idx:0 sender:[1c:79:2d:20:62:97 192.168.3.167]receiver:[00:00:00:00:00:00 192.168.3.74]
01-01 08:01:32.919 0 0 W : [1 T0 .s] [SP FRAME TX] arp req,vif_idx:0 sender:[1c:79:2d:20:62:97 192.168.3.167]receiver:[00:00:00:00:00:00 192.168.3.76]
01-01 08:01:32.920 0 0 W : [1 T0 .s] [SP FRAME TX] arp req,vif_idx:0 sender:[1c:79:2d:20:62:97 192.168.3.167]receiver:[00:00:00:00:00:00 192.168.3.104]
01-01 08:01:32.922 0 0 W : [1 T0 .s] [SP FRAME TX] arp req,vif_idx:0 sender:[1c:79:2d:20:62:97 192.168.3.167]receiver:[00:00:00:00:00:00 192.168.3.108]
01-01 08:01:32.923 0 0 W : [1 T0 .s] [SP FRAME TX] arp req,vif_idx:0 sender:[1c:79:2d:20:62:97 192.168.3.167]receiver:[00:00:00:00:00:00 192.168.3.111]
01-01 08:01:32.925 0 0 W : [1 T0 .s] [SP FRAME TX] arp req,vif_idx:0 sender:[1c:79:2d:20:62:97 192.168.3.167]receiver:[00:00:00:00:00:00 192.168.3.117]
01-01 08:01:32.927 0 0 W : [1 T0 .s] [SP FRAME TX] arp req,vif_idx:0 sender:[1c:79:2d:20:62:97 192.168.3.167]receiver:[00:00:00:00:00:00 192.168.3.122]
01-01 08:01:32.928 0 0 W : [1 T0 .s] [SP FRAME TX] arp req,vif_idx:0 sender:[1c:79:2d:20:62:97 192.168.3.167]receiver:[00:00:00:00:00:00 192.168.3.139]
01-01 08:01:32.930 0 0 W : [1 T0 .s] [SP FRAME TX] arp req,vif_idx:0 sender:[1c:79:2d:20:62:97 192.168.3.167]receiver:[00:00:00:00:00:00 192.168.3.142]
01-01 08:01:32.931 0 0 W : [1 T0 .s] [SP FRAME TX] arp req,vif_idx:0 sender:[1c:79:2d:20:62:97 192.168.3.167]receiver:[00:00:00:00:00:00 192.168.3.145]
01-01 08:01:32.933 0 0 W : [1 T0 .s] [SP FRAME TX] arp req,vif_idx:0 sender:[1c:79:2d:20:62:97 192.168.3.167]receiver:[00:00:00:00:00:00 192.168.3.155]
01-01 08:01:32.934 0 0 W : [1 T0 .s] [SP FRAME TX] arp req,vif_idx:0 sender:[1c:79:2d:20:62:97 192.168.3.167]receiver:[00:00:00:00:00:00 192.168.3.159]
01-01 08:01:32.936 0 0 W : [1 T0 .s] [SP FRAME TX] arp req,vif_idx:0 sender:[1c:79:2d:20:62:97 192.168.3.167]receiver:[00:00:00:00:00:00 192.168.3.160]
01-01 08:01:32.937 0 0 W : [1 T0 .s] [SP FRAME TX] arp req,vif_idx:0 sender:[1c:79:2d:20:62:97 192.168.3.167]receiver:[00:00:00:00:00:00 192.168.3.197]
01-01 08:01:32.939 0 0 W : [1 T0 .s] [SP FRAME TX] arp req,vif_idx:0 sender:[1c:79:2d:20:62:97 192.168.3.167]receiver:[00:00:00:00:00:00 192.168.3.202]
01-01 08:01:32.941 0 0 W : [1 T0 .s] [SP FRAME TX] arp req,vif_idx:0 sender:[1c:79:2d:20:62:97 192.168.3.167]receiver:[00:00:00:00:00:00 192.168.3.210]
01-01 08:01:32.942 0 0 W : [1 T0 .s] [SP FRAME TX] arp req,vif_idx:0 sender:[1c:79:2d:20:62:97 192.168.3.167]receiver:[00:00:00:00:00:00 192.168.3.213]
01-01 08:01:32.944 0 0 W : [1 T0 .s] [SP FRAME TX] arp req,vif_idx:0 sender:[1c:79:2d:20:62:97 192.168.3.167]receiver:[00:00:00:00:00:00 192.168.3.217]
01-01 08:01:32.945 0 0 W : [1 T0 .s] [SP FRAME TX] arp req,vif_idx:0 sender:[1c:79:2d:20:62:97 192.168.3.167]receiver:[00:00:00:00:00:00 192.168.3.222]
01-01 08:01:32.947 0 0 W : [1 T0 .s] [SP FRAME TX] arp req,vif_idx:0 sender:[1c:79:2d:20:62:97 192.168.3.167]receiver:[00:00:00:00:00:00 192.168.3.224]
01-01 08:01:32.949 0 0 W : [3 T948 ..] [SP FRAME RX] arp rsp,vif_idx:0 sender:[de:5e:e1:c0:9b:62 192.168.3.18]receiver:[1c:79:2d:20:62:97 192.168.3.167]
01-01 08:01:32.950 0 0 W : [3 T948 ..] [SP FRAME RX] arp rsp,vif_idx:0 sender:[de:5e:e1:c0:9b:62 192.168.3.18]receiver:[1c:79:2d:20:62:97 192.168.3.167]
01-01 08:01:32.951 0 0 W : [3 T948 ..] [SP FRAME RX] arp rsp,vif_idx:0 sender:[74:3a:f4:ec:bc:b5 192.168.3.57]receiver:[1c:79:2d:20:62:97 192.168.3.167]
01-01 08:01:32.953 0 0 W : [3 T948 ..] [SP FRAME RX] arp rsp,vif_idx:0 sender:[74:3a:f4:ec:bc:b5 192.168.3.57]receiver:[1c:79:2d:20:62:97 192.168.3.167]
01-01 08:01:33.012 0 0 W : [3 T948 ..] [SP FRAME RX] arp rsp,vif_idx:0 sender:[dc:46:28:e4:ed:9b 192.168.3.254]receiver:[1c:79:2d:20:62:97 192.168.3.167]
01-01 08:01:33.013 0 0 W : [3 T948 ..] [SP FRAME RX] arp rsp,vif_idx:0 sender:[e2:03:00:92:54:eb 192.168.3.45]receiver:[1c:79:2d:20:62:97 192.168.3.167]
01-01 08:01:33.032 0 0 W : [3 T948 ..] [SP FRAME RX] arp rsp,vif_idx:0 sender:[e2:03:00:92:54:eb 192.168.3.45]receiver:[1c:79:2d:20:62:97 192.168.3.167]
01-01 08:01:33.033 0 0 W : [3 T948 ..] [SP FRAME RX] arp rsp,vif_idx:0 sender:[0a:42:c7:d0:ed:1d 192.168.3.239]receiver:[1c:79:2d:20:62:97 192.168.3.167]
01-01 08:01:33.045 0 0 W : [3 T948 ..] [SP FRAME RX] arp req,vif_idx:0 sender:[54:92:09:3f:ed:bb 192.168.3.172]receiver:[00:00:00:00:00:00 192.168.3.167]
01-01 08:01:33.046 0 0 W : [3 T948 ..] [SP FRAME TX] arp rsp,vif_idx:0 sender:[1c:79:2d:20:62:97 192.168.3.167]receiver:[54:92:09:3f:ed:bb 192.168.3.172]
01-01 08:01:33.073 0 0 W : [3 T948 ..] [SP FRAME RX] arp rsp,vif_idx:0 sender:[02:18:5d:1c:ad:fa 192.168.3.19]receiver:[1c:79:2d:20:62:97 192.168.3.167]
01-01 08:01:33.074 0 0 W : [3 T948 ..] [SP FRAME RX] arp rsp,vif_idx:0 sender:[02:18:5d:1c:ad:fa 192.168.3.19]receiver:[1c:79:2d:20:62:97 192.168.3.167]
01-01 08:01:33.121 0 0 W : [3 T948 ..] [SP FRAME RX] arp rsp,vif_idx:0 sender:[64:9e:31:12:3b:4e 192.168.3.202]receiver:[1c:79:2d:20:62:97 192.168.3.167]
01-01 08:01:33.160 0 0 W : [1 T0 .s] [SP FRAME TX] arp req,vif_idx:0 sender:[1c:79:2d:20:62:97 192.168.3.167]receiver:[00:00:00:00:00:00 192.168.3.243]
01-01 08:01:33.161 0 0 W : [1 T0 .s] [SP FRAME TX] arp req,vif_idx:0 sender:[1c:79:2d:20:62:97 192.168.3.167]receiver:[00:00:00:00:00:00 192.168.3.246]
01-01 08:01:33.162 0 0 W : [1 T0 .s] [SP FRAME TX] arp req,vif_idx:0 sender:[1c:79:2d:20:62:97 192.168.3.167]receiver:[00:00:00:00:00:00 192.168.3.253]
01-01 08:01:33.231 0 0 W : [3 T948 ..] [SP FRAME RX] arp rsp,vif_idx:0 sender:[5e:ea:b1:3e:4e:ca 192.168.3.243]receiver:[1c:79:2d:20:62:97 192.168.3.167]
01-01 08:01:33.232 0 0 W : [3 T948 ..] [SP FRAME RX] arp rsp,vif_idx:0 sender:[5e:ea:b1:3e:4e:ca 192.168.3.243]receiver:[1c:79:2d:20:62:97 192.168.3.167]
05-23 16:13:16.718 732 815 W ProcessStats: Tracking association SourceState{1ebb351 com.ktcp.video:daemon/10077 Fgs #485} whose proc state 3 is better than process ProcessState{3283533 com.ktcp.video/10077 pkg=com.ktcp.video} proc state 10 (3 skipped)
05-23 16:13:16.761 732 829 D ActivityManager: freezing 1984 com.android.providers.calendar
01-01 08:01:33.561 0 0 W : [3 T948 ..] [SP FRAME RX] arp rsp,vif_idx:0 sender:[a0:29:42:9a:49:08 192.168.3.197]receiver:[1c:79:2d:20:62:97 192.168.3.167]
01-01 08:01:33.661 0 0 W : [3 T948 ..] [SP FRAME RX] arp rsp,vif_idx:0 sender:[9e:71:f2:26:9c:db 192.168.3.222]receiver:[1c:79:2d:20:62:97 192.168.3.167]
01-01 08:01:33.662 0 0 W : [3 T948 ..] [SP FRAME RX] arp rsp,vif_idx:0 sender:[9e:71:f2:26:9c:db 192.168.3.222]receiver:[1c:79:2d:20:62:97 192.168.3.167]
01-01 08:01:33.682 0 0 W : [3 T948 ..] [SP FRAME RX] arp req,vif_idx:0 sender:[4e:20:74:a0:16:5d 192.168.3.244]receiver:[00:00:00:00:00:00 192.168.3.167]
01-01 08:01:33.683 0 0 W : [3 T948 ..] [SP FRAME TX] arp rsp,vif_idx:0 sender:[1c:79:2d:20:62:97 192.168.3.167]receiver:[4e:20:74:a0:16:5d 192.168.3.244]
05-23 16:13:16.969 2839 2839 E GuardService: startMainRunnable:
05-23 16:13:16.971 732 2913 D OomAdjuster: Not killing cached processes
01-01 08:01:33.743 0 0 W : [3 T948 ..] [SP FRAME RX] arp rsp,vif_idx:0 sender:[96:48:53:52:1f:54 192.168.3.142]receiver:[1c:79:2d:20:62:97 192.168.3.167]
01-01 08:01:33.744 0 0 W : [3 T948 ..] [SP FRAME RX] arp rsp,vif_idx:0 sender:[96:48:53:52:1f:54 192.168.3.142]receiver:[1c:79:2d:20:62:97 192.168.3.167]
01-01 08:01:33.928 0 0 W : [1 T0 .s] [SP FRAME TX] arp req,vif_idx:0 sender:[1c:79:2d:20:62:97 192.168.3.167]receiver:[00:00:00:00:00:00 192.168.3.122]
01-01 08:01:33.929 0 0 W : [1 T0 .s] [SP FRAME TX] arp req,vif_idx:0 sender:[1c:79:2d:20:62:97 192.168.3.167]receiver:[00:00:00:00:00:00 192.168.3.117]
01-01 08:01:33.930 0 0 W : [1 T0 .s] [SP FRAME TX] arp req,vif_idx:0 sender:[1c:79:2d:20:62:97 192.168.3.167]receiver:[00:00:00:00:00:00 192.168.3.111]
01-01 08:01:33.932 0 0 W : [1 T0 .s] [SP FRAME TX] arp req,vif_idx:0 sender:[1c:79:2d:20:62:97 192.168.3.167]receiver:[00:00:00:00:00:00 192.168.3.108]
01-01 08:01:33.934 0 0 W : [1 T0 .s] [SP FRAME TX] arp req,vif_idx:0 sender:[1c:79:2d:20:62:97 192.168.3.167]receiver:[00:00:00:00:00:00 192.168.3.104]
01-01 08:01:33.935 0 0 W : [1 T0 .s] [SP FRAME TX] arp req,vif_idx:0 sender:[1c:79:2d:20:62:97 192.168.3.167]receiver:[00:00:00:00:00:00 192.168.3.76]
01-01 08:01:33.937 0 0 W : [1 T0 .s] [SP FRAME TX] arp req,vif_idx:0 sender:[1c:79:2d:20:62:97 192.168.3.167]receiver:[00:00:00:00:00:00 192.168.3.74]
01-01 08:01:33.938 0 0 W : [1 T0 .s] [SP FRAME TX] arp req,vif_idx:0 sender:[1c:79:2d:20:62:97 192.168.3.167]receiver:[00:00:00:00:00:00 192.168.3.62]
01-01 08:01:33.940 0 0 W : [1 T0 .s] [SP FRAME TX] arp req,vif_idx:0 sender:[1c:79:2d:20:62:97 192.168.3.167]receiver:[00:00:00:00:00:00 192.168.3.50]
01-01 08:01:33.941 0 0 W : [1 T0 .s] [SP FRAME TX] arp req,vif_idx:0 sender:[1c:79:2d:20:62:97 192.168.3.167]receiver:[00:00:00:00:00:00 192.168.3.44]
01-01 08:01:33.943 0 0 W : [1 T0 .s] [SP FRAME TX] arp req,vif_idx:0 sender:[1c:79:2d:20:62:97 192.168.3.167]receiver:[00:00:00:00:00:00 192.168.3.16]
01-01 08:01:33.944 0 0 W : [1 T0 .s] [SP FRAME TX] arp req,vif_idx:0 sender:[1c:79:2d:20:62:97 192.168.3.167]receiver:[00:00:00:00:00:00 192.168.3.53]
01-01 08:01:33.960 0 0 W : [1 T0 .s] [SP FRAME TX] arp req,vif_idx:0 sender:[1c:79:2d:20:62:97 192.168.3.167]receiver:[00:00:00:00:00:00 192.168.3.224]
01-01 08:01:33.961 0 0 W : [1 T0 .s] [SP FRAME TX] arp req,vif_idx:0 sender:[1c:79:2d:20:62:97 192.168.3.167]receiver:[00:00:00:00:00:00 192.168.3.217]
01-01 08:01:33.962 0 0 W : [1 T0 .s] [SP FRAME TX] arp req,vif_idx:0 sender:[1c:79:2d:20:62:97 192.168.3.167]receiver:[00:00:00:00:00:00 192.168.3.213]
01-01 08:01:33.964 0 0 W : [1 T0 .s] [SP FRAME TX] arp req,vif_idx:0 sender:[1c:79:2d:20:62:97 192.168.3.167]receiver:[00:00:00:00:00:00 192.168.3.210]
01-01 08:01:33.965 0 0 W : [1 T0 .s] [SP FRAME TX] arp req,vif_idx:0 sender:[1c:79:2d:20:62:97 192.168.3.167]receiver:[00:00:00:00:00:00 192.168.3.160]
01-01 08:01:33.967 0 0 W : [1 T0 .s] [SP FRAME TX] arp req,vif_idx:0 sender:[1c:79:2d:20:62:97 192.168.3.167]receiver:[00:00:00:00:00:00 192.168.3.159]
01-01 08:01:33.969 0 0 W : [1 T0 .s] [SP FRAME TX] arp req,vif_idx:0 sender:[1c:79:2d:20:62:97 192.168.3.167]receiver:[00:00:00:00:00:00 192.168.3.155]
01-01 08:01:33.970 0 0 W : [1 T0 .s] [SP FRAME TX] arp req,vif_idx:0 sender:[1c:79:2d:20:62:97 192.168.3.167]receiver:[00:00:00:00:00:00 192.168.3.145]
01-01 08:01:33.972 0 0 W : [1 T0 .s] [SP FRAME TX] arp req,vif_idx:0 sender:[1c:79:2d:20:62:97 192.168.3.167]receiver:[00:00:00:00:00:00 192.168.3.139]
01-01 08:01:34.184 0 0 W : [1 T0 .s] [SP FRAME TX] arp req,vif_idx:0 sender:[1c:79:2d:20:62:97 192.168.3.167]receiver:[00:00:00:00:00:00 192.168.3.253]
01-01 08:01:34.185 0 0 W : [1 T0 .s] [SP FRAME TX] arp req,vif_idx:0 sender:[1c:79:2d:20:62:97 192.168.3.167]receiver:[00:00:00:00:00:00 192.168.3.246]
01-01 08:01:34.261 0 0 W : [2 T948 ..] [SP FRAME RX] arp rsp,vif_idx:0 sender:[fa:75:02:63:13:18 192.168.3.213]receiver:[1c:79:2d:20:62:97 192.168.3.167]
01-01 08:01:34.328 0 0 W : [2 T948 ..] [SP FRAME RX] arp rsp,vif_idx:0 sender:[12:2c:8d:45:1c:5f 192.168.3.104]receiver:[1c:79:2d:20:62:97 192.168.3.167]
05-23 16:13:17.763 484 1255 I android.hardware.bluetooth@1.0-impl: [HandleIncomingEvent-549]: rec adv direct packet
05-23 16:13:18.013 497 557 I WifiHAL : call wifi_get_link_stats handler
05-23 16:13:18.013 497 557 I WifiHAL : Creating message to get link statistics; iface = 16
05-23 16:13:18.013 497 557 D WifiHAL : error code -95 mapped to -3
05-23 16:13:18.013 732 873 E WifiStaIfaceAidlImpl: getLinkLayerStats failed with service-specific exception: android.os.ServiceSpecificException: (code 4)
05-23 16:13:18.026 732 2913 W TelephonyPermissions: reportAccessDeniedToReadIdentifiers:com.dangbei.screencast:getSerial:-1
05-23 16:13:18.058 732 2913 I WifiService: releaseMulticastLock uid=10043
05-23 16:13:18.059 732 2913 I WifiService: releaseMulticastLock uid=10043
05-23 16:13:18.062 1023 1165 D IpClient.wlan0: set max DTIM multiplier to 9
05-23 16:13:18.062 497 557 D WifiHAL : Setting APF program, halHandle = 0xf4002170
05-23 16:13:18.062 497 557 I WifiHAL : createRequest: APF set program request
05-23 16:13:18.062 497 557 D WifiHAL : error code -95 mapped to -3
05-23 16:13:18.062 497 557 I WifiHAL : Request Response failed for APF, result = -3
05-23 16:13:18.063 732 873 E WifiStaIfaceAidlImpl: installApfPacketFilter failed with service-specific exception: android.os.ServiceSpecificException: (code 4)
05-23 16:13:18.063 497 557 D WifiHAL : Setting DTIM config , halHandle = 0xf4002170 Multiplier = 9
05-23 16:13:18.063 497 557 I WifiHAL : Successfully configured dtim multiplier 9
05-23 16:13:18.063 497 557 D WifiHAL : error code -95 mapped to -3
05-23 16:13:18.064 732 873 E WifiStaIfaceAidlImpl: setDtimMultiplier failed with service-specific exception: android.os.ServiceSpecificException: (code 4)
05-23 16:13:18.056 2915 2915 I gbei.screencast: type=1400 audit(0.0:946): avc: denied { write } for name="property_service" dev="tmpfs" ino=412 scontext=u:r:untrusted_app_27:s0:c43,c256,c512,c768 tcontext=u:object_r:property_socket:s0 tclass=sock_file permissive=1 app=com.dangbei.screencast
05-23 16:13:18.056 2915 2915 I gbei.screencast: type=1400 audit(0.0:947): avc: denied { connectto } for path="/dev/socket/property_service" scontext=u:r:untrusted_app_27:s0:c43,c256,c512,c768 tcontext=u:r:init:s0 tclass=unix_stream_socket permissive=1 app=com.dangbei.screencast
05-23 16:13:18.079 2915 2965 V NFC : this device does not have NFC support
05-23 16:13:18.083 2915 2915 D HiSight-SinkService: setDiscoverable true
05-23 16:13:18.083 1483 1800 D wenhc : getScreenInfo uri = content://com.dangbei.screencast.parts.info/screen_cast
05-23 16:13:18.085 2915 2915 D NearFieldManager: init.
05-23 16:13:18.085 2915 2915 D NearFieldManager: try check dmsdp
05-23 16:13:18.097 2915 2915 D NearFieldManager: package not exist
05-23 16:13:18.100 732 1458 D CompatibilityChangeReporter: Compat change id reported: 135634846; UID 10043; state: DISABLED
05-23 16:13:18.101 732 765 D CompatibilityChangeReporter: Compat change id reported: 143937733; UID 10043; state: DISABLED
05-23 16:13:18.102 2915 2915 D NearFieldManager: bind nearfield service true
05-23 16:13:18.103 2915 2915 D NearFieldManager: registerCallback true
05-23 16:13:18.103 2915 2915 D HiSight-Discovery: set deviceInfo type:46
05-23 16:13:18.103 2915 2915 D HiSight-Discovery: startAdvertise 1
05-23 16:13:18.115 472 472 D Zygote : Forked child process 3039
05-23 16:13:18.116 732 765 I ActivityManager: Start proc 3039:com.huawei.connection/u0a43 for service {com.dangbei.screencast/com.huawei.connection.service.NearFieldManagerService}
05-23 16:13:18.121 3039 3039 I Zygote : seccomp disabled by setenforce 0
05-23 16:13:18.127 3039 3039 I awei.connection: Using CollectorTypeCC GC.
05-23 16:13:18.134 3039 3039 E awei.connection: Not starting debugger since process cannot load the jdwp agent.
05-23 16:13:18.162 3039 3039 D CompatibilityChangeReporter: Compat change id reported: 171979766; UID 10043; state: DISABLED
05-23 16:13:18.162 3039 3039 D CompatibilityChangeReporter: Compat change id reported: 242716250; UID 10043; state: DISABLED
05-23 16:13:18.167 3039 3039 D ApplicationLoaders: Returning zygote-cached class loader: /system/framework/android.test.base.jar
05-23 16:13:18.168 3039 3039 D ApplicationLoaders: Returning zygote-cached class loader: /system/framework/android.hidl.manager-V1.0-java.jar
05-23 16:13:18.168 3039 3039 D ApplicationLoaders: Returning zygote-cached class loader: /system/framework/android.hidl.base-V1.0-java.jar
05-23 16:13:18.187 3039 3039 D nativeloader: Configuring clns-shared-4 for other apk /system/app/dangbei-screencast/dangbei-screencast.apk. target_sdk_version=28, uses_libraries=, library_path=/system/app/dangbei-screencast/lib/arm:/system/app/dangbei-screencast/dangbei-screencast.apk!/lib/armeabi-v7a:/system/lib:/system_ext/lib, permitted_path=/data:/mnt/expand:/data/user/0/com.dangbei.screencast:/system/app/dangbei-screencast:/system/lib:/system_ext/lib
05-23 16:13:18.197 3039 3039 V GraphicsEnvironment: Currently set values for:
05-23 16:13:18.197 3039 3039 V GraphicsEnvironment: angle_gl_driver_selection_pkgs=[]
05-23 16:13:18.197 3039 3039 V GraphicsEnvironment: angle_gl_driver_selection_values=[]
01-01 08:01:34.952 0 0 W : [1 T1458 .s] [SP FRAME TX] arp req,vif_idx:0 sender:[1c:79:2d:20:62:97 192.168.3.167]receiver:[00:00:00:00:00:00 192.168.3.53]
01-01 08:01:34.953 0 0 W : [1 T1458 .s] [SP FRAME TX] arp req,vif_idx:0 sender:[1c:79:2d:20:62:97 192.168.3.167]receiver:[00:00:00:00:00:00 192.168.3.16]
01-01 08:01:34.954 0 0 W : [1 T1458 .s] [SP FRAME TX] arp req,vif_idx:0 sender:[1c:79:2d:20:62:97 192.168.3.167]receiver:[00:00:00:00:00:00 192.168.3.44]
01-01 08:01:34.956 0 0 W : [1 T1458 .s] [SP FRAME TX] arp req,vif_idx:0 sender:[1c:79:2d:20:62:97 192.168.3.167]receiver:[00:00:00:00:00:00 192.168.3.50]
01-01 08:01:34.957 0 0 W : [1 T1458 .s] [SP FRAME TX] arp req,vif_idx:0 sender:[1c:79:2d:20:62:97 192.168.3.167]receiver:[00:00:00:00:00:00 192.168.3.62]
01-01 08:01:34.959 0 0 W : [1 T1458 .s] [SP FRAME TX] arp req,vif_idx:0 sender:[1c:79:2d:20:62:97 192.168.3.167]receiver:[00:00:00:00:00:00 192.168.3.74]
01-01 08:01:34.961 0 0 W : [1 T1458 .s] [SP FRAME TX] arp req,vif_idx:0 sender:[1c:79:2d:20:62:97 192.168.3.167]receiver:[00:00:00:00:00:00 192.168.3.76]
01-01 08:01:34.962 0 0 W : [1 T1458 .s] [SP FRAME TX] arp req,vif_idx:0 sender:[1c:79:2d:20:62:97 192.168.3.167]receiver:[00:00:00:00:00:00 192.168.3.108]
01-01 08:01:34.964 0 0 W : [1 T1458 .s] [SP FRAME TX] arp req,vif_idx:0 sender:[1c:79:2d:20:62:97 192.168.3.167]receiver:[00:00:00:00:00:00 192.168.3.111]
01-01 08:01:34.965 0 0 W : [1 T1458 .s] [SP FRAME TX] arp req,vif_idx:0 sender:[1c:79:2d:20:62:97 192.168.3.167]receiver:[00:00:00:00:00:00 192.168.3.117]
01-01 08:01:34.967 0 0 W : [1 T1458 .s] [SP FRAME TX] arp req,vif_idx:0 sender:[1c:79:2d:20:62:97 192.168.3.167]receiver:[00:00:00:00:00:00 192.168.3.122]
05-23 16:13:18.198 3039 3039 V GraphicsEnvironment: ANGLE GameManagerService for com.dangbei.screencast: false
05-23 16:13:18.198 3039 3039 V GraphicsEnvironment: com.dangbei.screencast is not listed in per-application setting
05-23 16:13:18.198 3039 3039 V GraphicsEnvironment: Neither updatable production driver nor prerelease driver is supported.
05-23 16:13:18.203 3039 3039 I MultiDex: VM with version 2.1.0 has multidex support
05-23 16:13:18.203 3039 3039 I MultiDex: Installing application
05-23 16:13:18.203 3039 3039 I MultiDex: VM has multidex support, MultiDex support library is disabled.
05-23 16:13:18.203 3039 3039 D CompatibilityChangeReporter: Compat change id reported: 247079863; UID 10043; state: DISABLED
01-01 08:01:34.984 0 0 W : [1 T0 .s] [SP FRAME TX] arp req,vif_idx:0 sender:[1c:79:2d:20:62:97 192.168.3.167]receiver:[00:00:00:00:00:00 192.168.3.139]
01-01 08:01:34.985 0 0 W : [1 T0 .s] [SP FRAME TX] arp req,vif_idx:0 sender:[1c:79:2d:20:62:97 192.168.3.167]receiver:[00:00:00:00:00:00 192.168.3.145]
01-01 08:01:34.986 0 0 W : [1 T0 .s] [SP FRAME TX] arp req,vif_idx:0 sender:[1c:79:2d:20:62:97 192.168.3.167]receiver:[00:00:00:00:00:00 192.168.3.155]
01-01 08:01:34.988 0 0 W : [1 T0 .s] [SP FRAME TX] arp req,vif_idx:0 sender:[1c:79:2d:20:62:97 192.168.3.167]receiver:[00:00:00:00:00:00 192.168.3.159]
01-01 08:01:34.989 0 0 W : [1 T0 .s] [SP FRAME TX] arp req,vif_idx:0 sender:[1c:79:2d:20:62:97 192.168.3.167]receiver:[00:00:00:00:00:00 192.168.3.160]
01-01 08:01:34.991 0 0 W : [1 T0 .s] [SP FRAME TX] arp req,vif_idx:0 sender:[1c:79:2d:20:62:97 192.168.3.167]receiver:[00:00:00:00:00:00 192.168.3.210]
01-01 08:01:34.993 0 0 W : [1 T0 .s] [SP FRAME TX] arp req,vif_idx:0 sender:[1c:79:2d:20:62:97 192.168.3.167]receiver:[00:00:00:00:00:00 192.168.3.217]
01-01 08:01:34.994 0 0 W : [1 T0 .s] [SP FRAME TX] arp req,vif_idx:0 sender:[1c:79:2d:20:62:97 192.168.3.167]receiver:[00:00:00:00:00:00 192.168.3.224]
05-23 16:13:18.231 3039 3063 I crashsdk: version unique build id: 6230cced
05-23 16:13:18.235 3039 3059 I crashsdk: begin hack android.os.Process
05-23 16:13:18.236 3039 3059 I crashsdk: end hack android.os.Process
05-23 16:13:18.232 3039 3039 I Thread-3: type=1400 audit(0.0:948): avc: denied { read } for name="version" dev="proc" ino=4026532005 scontext=u:r:untrusted_app_27:s0:c43,c256,c512,c768 tcontext=u:object_r:proc_version:s0 tclass=file permissive=1 app=com.dangbei.screencast
05-23 16:13:18.232 3039 3039 I Thread-3: type=1400 audit(0.0:949): avc: denied { open } for path="/proc/version" dev="proc" ino=4026532005 scontext=u:r:untrusted_app_27:s0:c43,c256,c512,c768 tcontext=u:object_r:proc_version:s0 tclass=file permissive=1 app=com.dangbei.screencast
05-23 16:13:18.232 3039 3039 I Thread-3: type=1400 audit(0.0:950): avc: denied { getattr } for path="/proc/version" dev="proc" ino=4026532005 scontext=u:r:untrusted_app_27:s0:c43,c256,c512,c768 tcontext=u:object_r:proc_version:s0 tclass=file permissive=1 app=com.dangbei.screencast
05-23 16:13:18.244 3039 3066 D crashsdk: Native log stat thread 3066 setup, waiting
01-01 08:01:35.011 0 0 W : [2 T948 ..] [SP FRAME RX] arp rsp,vif_idx:0 sender:[52:f1:78:5e:2c:3c 192.168.3.117]receiver:[1c:79:2d:20:62:97 192.168.3.167]
05-23 16:13:18.255 3039 3069 W efs.send_log: tryFileLock start!
05-23 16:13:18.256 3039 3059 I Matrix.AnrTracer: anrTrace, final mAnrBeatTime:400, mAnrBeatRate:400
05-23 16:13:18.258 3039 3059 E LaunchManager: Non main process !
05-23 16:13:18.258 3039 3059 W System.err: java.lang.NullPointerException: Attempt to invoke virtual method 'boolean com.efs.sdk.launch.LaunchConfigManager.enableTracer()' on a null object reference
05-23 16:13:18.258 3039 3059 W System.err: at com.umeng.umcrash.UMCrash.init(Unknown Source:403)
05-23 16:13:18.258 3039 3059 W System.err: at java.lang.reflect.Method.invoke(Native Method)
05-23 16:13:18.258 3039 3059 W System.err: at com.umeng.commonsdk.UMConfigure.init(Unknown Source:811)
05-23 16:13:18.258 3039 3059 W System.err: at b.f.f.b.a(:4)
05-23 16:13:18.258 3039 3059 W System.err: at h.o.a.run(Unknown Source:2)
05-23 16:13:18.261 3039 3039 I TDLog : setReportUncaughtExceptions: true
05-23 16:13:18.261 3039 3039 E Application: onCreate:Version:v2.8.3/20830/883432e
05-23 16:13:18.262 3039 3069 I efs.config: --->>> 删除旧的配置文件 false
05-23 16:13:18.264 3039 3078 I efs.base: lt=event`ev_ct=efs_core`ev_ac=pvuv`tm=2025-05-23 16:13:25`dn=58e2f914-936a-498c-881a-c510f75c9440`ps=com.huawei.connection`um_os=android`stime=1747987998123`pid=3039`fr=android`pkg=com.dangbei.screencast`vcode=20830`dsp_w=1920`uid=58e2f914-936a-498c-881a-c510f75c9440`rom=14`wid=58e2f914-936a-498c-881a-c510f75c9440`um_app_carrier=`um_access=wifi`um_app_channel=os`um_crash_sdk_version=1.4.0`ctime=1747987998`model=dbbox-a3`lang=zh`net=wifi`brand=amlogic`dsp_h=1080`um_network_type=0`ver=v2.8.3`build_model=DBBOX-A3`w_tm=1747987998`appid=5fc60c21094d637f3130af19`um_umid_header=ai7e8b08707ab0bdb10ad7055c78a87961`sdk=34`tzone=Asia/Shanghai`sdk_ver=1.3.6.umeng
05-23 16:13:18.283 3039 3069 I efs.config: current config version (-1) is older than another (1735614866)
05-23 16:13:18.283 3039 3069 I efs.config: load config from storage and notify observer
05-23 16:13:18.299 3039 3039 I crashsdk: Catcher mask: 5000, 20480
05-23 16:13:18.300 3039 3039 I crashsdk: Catcher thread 3044
05-23 16:13:18.300 3039 3039 D crashsdk: Register ANR handler ...
05-23 16:13:18.302 3039 3039 D NearFieldManagerService: NearFieldManagerService.
05-23 16:13:18.303 3039 3039 D NearFieldManagerService: onCreate, enter.
05-23 16:13:18.303 3039 3039 I NearFieldManagerService: onBind, enter.
05-23 16:13:18.303 3039 3039 D NearFieldManagerService: initService
05-23 16:13:18.303 3039 3039 D NearFieldManagerService: NearField starting...
05-23 16:13:18.304 3039 3039 D NearFieldUtils: checkSystemProperty in
05-23 16:13:18.304 3039 3039 D NearFieldUtils: checkSystemProperty: systemProperties:
05-23 16:13:18.304 3039 3039 E NearFieldUtils: validProperty: priority is null
05-23 16:13:18.305 3039 3060 I TDLog : TalkingData SDK init...
05-23 16:13:18.305 3039 3060 I TDLog : SDK_VERSION is: Android+TD+V5.0.7 gp Type:Native Build_Num:2141
05-23 16:13:18.305 3039 3060 I TDLog : App ID is: B9D7815EC975466AB1332111FCE62DF5
05-23 16:13:18.305 3039 3060 I TDLog : App Channel is: os
