05-23 16:12:49.163 304 358 D MesonHwc: add fraction display mode (2160p24hz)
05-23 16:12:49.163 304 358 I MesonHwc: add display mode (2160p24hz-2160p24hz-128, 3840x2160, 24.000000) dpi(79947,79513), hskew(1)
05-23 16:12:49.163 304 358 D MesonHwc: add fraction display mode (1080i60hz)
05-23 16:12:49.163 304 358 I MesonHwc: add display mode (1080i60hz-1080i60hz-129, 1920x1080, 60.000000) dpi(39973,39756), hskew(1)
05-23 16:12:49.163 304 358 I MesonHwc: add display mode (1080p50hz-1080p50hz-130, 1920x1080, 50.000000) dpi(39973,39756), hskew(1)
05-23 16:12:49.163 304 358 I MesonHwc: add display mode (1080i50hz-1080i50hz-131, 1920x1080, 50.000000) dpi(39973,39756), hskew(1)
05-23 16:12:49.164 304 358 D MesonHwc: add fraction display mode (720p60hz)
05-23 16:12:49.164 304 358 I MesonHwc: add display mode (720p60hz-720p60hz-132, 1280x720, 60.000000) dpi(26649,26504), hskew(1)
05-23 16:12:49.164 304 358 I MesonHwc: add display mode (720p50hz-720p50hz-133, 1280x720, 50.000000) dpi(26649,26504), hskew(1)
05-23 16:12:49.164 304 358 I MesonHwc: add display mode (576p50hz-576p50hz-134, 720x576, 50.000000) dpi(14990,21203), hskew(1)
05-23 16:12:49.164 304 358 I MesonHwc: add display mode (576i50hz-576i50hz-135, 720x576, 50.000000) dpi(14990,21203), hskew(1)
05-23 16:12:49.164 304 358 D MesonHwc: add fraction display mode (480p60hz)
05-23 16:12:49.164 304 358 I MesonHwc: add display mode (480p60hz-480p60hz-136, 720x480, 60.000000) dpi(14990,17669), hskew(1)
05-23 16:12:49.164 304 358 D MesonHwc: add fraction display mode (480i60hz)
05-23 16:12:49.164 304 358 I MesonHwc: add display mode (480i60hz-480i60hz-137, 720x480, 60.000000) dpi(14990,17669), hskew(1)
05-23 16:12:49.164 304 358 I MesonHwc: loadDisplayModes (31) end
05-23 16:12:49.164 304 358 D MesonHwc: HwcDisplayPipe::updatePipe 0.
05-23 16:12:49.164 329 937 I SystemControl: [/Ubootenv.cpp, get, 345] [ubootenv] search end and not find env:connector_type
05-23 16:12:49.164 304 351 E MesonHwc: getCrtc by id(0) failed.
05-23 16:12:49.164 304 351 V MesonDisplayServer: GetDisplayMode:
05-23 16:12:49.164 329 338 I SystemControl: [/DisplayMode.cpp, getDisplayMode, 2331] getDisplayMode mode:
05-23 16:12:49.164 329 338 I SystemControl: [/Ubootenv.cpp, get, 336] [ubootenv] get key:hdmimode envValue: smpte60hz
05-23 16:12:49.164 329 338 I SystemControl: [/Ubootenv.cpp, get, 336] [ubootenv] get key:cvbsmode envValue: 576cvbs
05-23 16:12:49.164 329 338 I SystemControl: [/DisplayMode.cpp, getCommonData, 1542] hdmi_current_mode:, ubootenv hdmimode:smpte60hz cvbsmode:576cvbs
05-23 16:12:49.165 304 351 E MesonHwc: getCrtc by id(0) failed.
05-23 16:12:49.165 304 351 D MesonDisplayServer: use connector getDisplayAttribute "HDMI Color ATTR": "420,10bit"
05-23 16:12:49.166 329 338 I SystemControl: [/Ubootenv.cpp, get, 345] [ubootenv] search end and not find env:user_colorattribute
05-23 16:12:49.166 329 338 I SystemControl: [/DisplayMode.cpp, getCommonData, 1554] hdmi_current_attr:420,10bit, ubootenv_colorattribute:none
05-23 16:12:49.166 329 338 I SystemControl: [/Ubootenv.cpp, get, 345] [ubootenv] search end and not find env:dv_enable
05-23 16:12:49.166 329 338 I SystemControl: [/DisplayMode.cpp, getCommonData, 1567] dv_enable:0
05-23 16:12:49.166 329 338 I SystemControl: [/Ubootenv.cpp, get, 345] [ubootenv] search end and not find env:user_prefer_dv_type
05-23 16:12:49.166 329 338 I SystemControl: [/DisplayMode.cpp, getCommonData, 1578] ubootenv_dv_type:0
05-23 16:12:49.166 329 338 I SystemControl: [/DisplayMode.cpp, getHdmiData, 1721] display sink type:1 [0:none, 1:sink, 2:repeater]
05-23 16:12:49.167 329 338 I SystemControl: [/DisplayMode.cpp, filterHdmiDispcap, 1398] before filtered HdmiDispcap: 480p60hz
05-23 16:12:49.167 329 338 I SystemControl: 720p60hz
05-23 16:12:49.167 329 338 I SystemControl: 1080i60hz
05-23 16:12:49.167 329 338 I SystemControl: 480i60hz
05-23 16:12:49.167 329 338 I SystemControl: 1080p60hz
05-23 16:12:49.167 329 338 I SystemControl: 576p50hz
05-23 16:12:49.167 329 338 I SystemControl: 720p50hz
05-23 16:12:49.167 329 338 I SystemControl: 1080i50hz
05-23 16:12:49.167 329 338 I SystemControl: 576i50hz
05-23 16:12:49.167 329 338 I SystemControl: 1080p50hz
05-23 16:12:49.167 329 338 I SystemControl: 2160p24hz
05-23 16:12:49.167 329 338 I SystemControl: 2160p25hz
05-23 16:12:49.167 329 338 I SystemControl: 2160p30hz
05-23 16:12:49.167 329 338 I SystemControl: 2160p50hz
05-23 16:12:49.167 329 338 I SystemControl: 2160p60hz
05-23 16:12:49.167 329 338 I SystemControl: smpte24hz
05-23 16:12:49.167 329 338 I SystemControl: smpte25hz
05-23 16:12:49.167 329 338 I SystemControl: smpte30hz
05-23 16:12:49.167 329 338 I SystemControl: smpte50hz
05-23 16:12:49.167 329 338 I SystemControl: smpte60hz
05-23 16:12:49.167 329 338 I SystemControl:
05-23 16:12:49.167 329 338 I SystemControl: [/DisplayMode.cpp, filterHdmiDispcap, 1427] after filtered HdmiDispcap: 480p60hz
05-23 16:12:49.167 329 338 I SystemControl: 720p60hz
05-23 16:12:49.167 329 338 I SystemControl: 1080i60hz
05-23 16:12:49.167 329 338 I SystemControl: 480i60hz
05-23 16:12:49.167 329 338 I SystemControl: 1080p60hz
05-23 16:12:49.167 329 338 I SystemControl: 576p50hz
05-23 16:12:49.167 329 338 I SystemControl: 720p50hz
05-23 16:12:49.167 329 338 I SystemControl: 1080i50hz
05-23 16:12:49.167 329 338 I SystemControl: 576i50hz
05-23 16:12:49.167 329 338 I SystemControl: 1080p50hz
05-23 16:12:49.167 329 338 I SystemControl: 2160p24hz
05-23 16:12:49.167 329 338 I SystemControl: 2160p25hz
05-23 16:12:49.167 329 338 I SystemControl: 2160p30hz
05-23 16:12:49.167 329 338 I SystemControl: 2160p50hz
05-23 16:12:49.167 329 338 I SystemControl: 2160p60hz
05-23 16:12:49.167 329 338 I SystemControl: smpte24hz
05-23 16:12:49.167 329 338 I SystemControl: smpte25hz
05-23 16:12:49.167 329 338 I SystemControl: smpte30hz
05-23 16:12:49.167 329 338 I SystemControl: smpte50hz
05-23 16:12:49.167 329 338 I SystemControl: smpte60hz
05-23 16:12:49.167 329 338 I SystemControl:
05-23 16:12:49.168 304 351 E MesonHwc: getCrtc by id(0) failed.
05-23 16:12:49.168 304 351 D MesonDisplayServer: getDisplayAttribute "Dolby Vision CAP2": "The Rx don't support DolbyVision"
05-23 16:12:49.169 329 338 E SystemControl: [/DisplayMode.cpp, getHdmiDvCap, 1618] TV isn't support dolby vision: The Rx don't support DolbyVision
05-23 16:12:49.170 329 338 I SystemControl: [/DisplayMode.cpp, onTxEvent, 3294] onTxEvent boot config enable do nothing, just return
05-23 16:12:49.171 329 338 I SystemControl: [/UEventObserver.cpp, HDMITxUenventThreadLoop, 451] HDMI TX switch_name:hdmitx_audio, switch_state: 1
05-23 16:12:49.171 329 338 I SystemControl: [/DisplayMode.cpp, onTxEvent, 3267] onTxEvent switchName:hdmitx_audio hpdstate:1 state: 1
05-23 16:12:49.171 329 338 I SystemControl: [/SysWrite.cpp, getKernelReleaseVersion, 701] getKernelReleaseVersion: 5.15
05-23 16:12:49.171 329 338 I SystemControl: [/SystemControlHal.cpp, onEvent, 72] onEvent event:5, client size:5
05-23 16:12:49.171 491 509 I SystemControlClient: notifyCallback event type:5
05-23 16:12:49.171 491 509 I SystemControlClient: notifyCallback: listener is NULL.
05-23 16:12:49.171 490 545 I SystemControlClient: notifyCallback event type:5
05-23 16:12:49.171 490 545 I SystemControlClient: notifyCallback: listener is NULL.
05-23 16:12:49.171 304 358 D MesonHwc: sc_read_bootenv val is empty
05-23 16:12:49.171 304 358 D MesonHwc: getConnectorType, get ubootenv.var.connector_type from uboot env, return (null)
05-23 16:12:49.171 304 358 D MesonHwc: getConnectorType-0 get connector type hdmi--65536
05-23 16:12:49.171 255 824 I SystemControlClient: notifyCallback event type:5
05-23 16:12:49.171 304 358 D MesonHwc: getConnectorCfg: get display 0, connector 11
05-23 16:12:49.171 255 824 I SystemControlClient: notifyCallback: listener is NULL.
05-23 16:12:49.171 304 358 E MesonHwc: FixedDisplayPipe::getConnectorCfg 11
05-23 16:12:49.171 304 358 D MesonHwc: HwcDisplayPipe::updatePipe (0) [CHANGED], crtc (0) connector (11)
05-23 16:12:49.171 304 358 D MesonHwc: HwcDisplayPipe::updatePipe 0 changed
05-23 16:12:49.171 304 358 D MesonHwc: ERR: PLEASE FIX NON-IMPLEMENT FUN(update).
05-23 16:12:49.172 1093 1170 I SystemControlEvent: system control callback event: 5
05-23 16:12:49.172 489 1084 I SystemControlClient: notifyCallback event type:5
05-23 16:12:49.172 489 1084 I SystemControlClient: notifyCallback: listener is NULL.
05-23 16:12:49.172 304 358 D MesonHwc: DrmProperty: EDID (1), value [138]
05-23 16:12:49.172 304 358 D MesonHwc: DrmProperty: content type (77), value [0]
05-23 16:12:49.172 304 358 D MesonHwc: DrmProperty: vrr_capable (78), value [0]
05-23 16:12:49.172 304 358 D MesonHwc: DrmProperty: UPDATE (79), value [0]
05-23 16:12:49.172 304 358 D MesonHwc: DrmProperty: color_depth (80), value [10]
05-23 16:12:49.172 304 358 D MesonHwc: DrmProperty: color_space (81), value [3]
05-23 16:12:49.172 304 358 D MesonHwc: DrmProperty: MESON_DRM_HDMITX_PROP_AVMUTE (82), value [0]
05-23 16:12:49.172 304 358 D MesonHwc: DrmProperty: hdmi_hdr_status (83), value [6]
05-23 16:12:49.172 304 358 D MesonHwc: DrmProperty: dv_cap (85), value [0]
05-23 16:12:49.172 304 358 D MesonHwc: DrmProperty: contenttype_cap (89), value [31]
05-23 16:12:49.172 304 358 D MesonHwc: DrmProperty: hdr_priority (91), value [268435472]
05-23 16:12:49.172 304 358 D MesonHwc: DrmProperty: ready (92), value [0]
05-23 16:12:49.172 304 358 D MesonHwc: DrmProperty: allm_cap (95), value [0]
05-23 16:12:49.172 304 358 D MesonHwc: DrmProperty: dc_cap (96), value [1023]
05-23 16:12:49.172 304 358 E MesonHwc: dolby vision driver is not ready
05-23 16:12:49.173 304 358 I MesonHwc: hdr_preference (dolby_vision)
05-23 16:12:49.173 304 358 E MesonHwc: dolby vision driver is not ready
05-23 16:12:49.173 304 358 D MesonHwc: dolby version:0, dv3:0, hlg:0, hdr10:1, hdr10+:0 max:0, avg:0, min:0
05-23 16:12:49.173 304 358 D MesonHwc: dolby version 4k30:0
05-23 16:12:49.173 304 358 D MesonHwc: Connector HDMI-A loadDisplayModes get 20 modes
05-23 16:12:49.173 304 358 D MesonHwc: add fraction display mode (1080p60hz)
05-23 16:12:49.173 304 358 I MesonHwc: add display mode (1080p60hz-1080p60hz-111, 1920x1080, 60.000000) dpi(39973,39756), hskew(1)
05-23 16:12:49.173 304 358 D MesonHwc: add fraction display mode (smpte60hz)
05-23 16:12:49.173 304 358 I MesonHwc: add display mode (smpte60hz-smpte60hz-118, 4096x2160, 60.000000) dpi(85277,79513), hskew(1)
05-23 16:12:49.173 304 358 I MesonHwc: add display mode (smpte50hz-smpte50hz-119, 4096x2160, 50.000000) dpi(85277,79513), hskew(1)
05-23 16:12:49.173 304 358 D MesonHwc: add fraction display mode (smpte30hz)
05-23 16:12:49.173 304 358 I MesonHwc: add display mode (smpte30hz-smpte30hz-120, 4096x2160, 30.000000) dpi(85277,79513), hskew(1)
05-23 16:12:49.173 304 358 I MesonHwc: add display mode (smpte25hz-smpte25hz-121, 4096x2160, 25.000000) dpi(85277,79513), hskew(1)
05-23 16:12:49.173 304 358 D MesonHwc: add fraction display mode (smpte24hz)
05-23 16:12:49.173 304 358 I MesonHwc: add display mode (smpte24hz-smpte24hz-122, 4096x2160, 24.000000) dpi(85277,79513), hskew(1)
05-23 16:12:49.173 304 358 D MesonHwc: add fraction display mode (2160p60hz)
05-23 16:12:49.173 304 358 I MesonHwc: add display mode (2160p60hz-2160p60hz-123, 3840x2160, 60.000000) dpi(79947,79513), hskew(1)
05-23 16:12:49.173 304 358 I MesonHwc: add display mode (2160p50hz-2160p50hz-124, 3840x2160, 50.000000) dpi(79947,79513), hskew(1)
05-23 16:12:49.173 304 358 D MesonHwc: add fraction display mode (2160p30hz)
05-23 16:12:49.173 304 358 I MesonHwc: add display mode (2160p30hz-2160p30hz-125, 3840x2160, 30.000000) dpi(79947,79513), hskew(1)
05-23 16:12:49.173 304 358 I MesonHwc: add display mode (2160p25hz-2160p25hz-126, 3840x2160, 25.000000) dpi(79947,79513), hskew(1)
05-23 16:12:49.174 304 358 D MesonHwc: add fraction display mode (2160p24hz)
05-23 16:12:49.174 304 358 I MesonHwc: add display mode (2160p24hz-2160p24hz-127, 3840x2160, 24.000000) dpi(79947,79513), hskew(1)
05-23 16:12:49.174 304 358 D MesonHwc: add fraction display mode (1080i60hz)
05-23 16:12:49.174 304 358 I MesonHwc: add display mode (1080i60hz-1080i60hz-128, 1920x1080, 60.000000) dpi(39973,39756), hskew(1)
05-23 16:12:49.174 304 358 I MesonHwc: add display mode (1080p50hz-1080p50hz-129, 1920x1080, 50.000000) dpi(39973,39756), hskew(1)
05-23 16:12:49.174 304 358 I MesonHwc: add display mode (1080i50hz-1080i50hz-130, 1920x1080, 50.000000) dpi(39973,39756), hskew(1)
05-23 16:12:49.174 304 358 D MesonHwc: add fraction display mode (720p60hz)
05-23 16:12:49.174 304 358 I MesonHwc: add display mode (720p60hz-720p60hz-131, 1280x720, 60.000000) dpi(26649,26504), hskew(1)
05-23 16:12:49.174 304 358 I MesonHwc: add display mode (720p50hz-720p50hz-132, 1280x720, 50.000000) dpi(26649,26504), hskew(1)
05-23 16:12:49.174 304 358 I MesonHwc: add display mode (576p50hz-576p50hz-133, 720x576, 50.000000) dpi(14990,21203), hskew(1)
05-23 16:12:49.174 304 358 I MesonHwc: add display mode (576i50hz-576i50hz-134, 720x576, 50.000000) dpi(14990,21203), hskew(1)
05-23 16:12:49.174 304 358 D MesonHwc: add fraction display mode (480p60hz)
05-23 16:12:49.174 304 358 I MesonHwc: add display mode (480p60hz-480p60hz-135, 720x480, 60.000000) dpi(14990,17669), hskew(1)
05-23 16:12:49.174 304 358 D MesonHwc: add fraction display mode (480i60hz)
05-23 16:12:49.174 304 358 I MesonHwc: add display mode (480i60hz-480i60hz-136, 720x480, 60.000000) dpi(14990,17669), hskew(1)
05-23 16:12:49.174 304 358 I MesonHwc: loadDisplayModes (31) end
05-23 16:12:49.174 304 358 D MesonHwc: unbind pipe (0)
05-23 16:12:49.174 304 358 D MesonHwc: bind pipe (0),crtc(63)connector(75)
05-23 16:12:49.174 304 358 D MesonHwc: RealModeMgr::update: nextModeId:53
05-23 16:12:49.174 304 358 D MesonHwc: RealModeMgr::update use previous mode (4096x2160-60.00)
05-23 16:12:49.174 304 358 D MesonHwc: updatePipe connector:HDMI-A, connected:1
05-23 16:12:49.174 304 358 D MesonHwc: Update period 1107a76->fe502a
05-23 16:12:49.174 304 358 D MesonHwc: Update period 1107a76->fe502a
05-23 16:12:49.180 304 358 D MesonHwc: Update period 1107a76->fe502a
05-23 16:12:49.180 304 358 I MesonHwc: HwcConfig::default frame buffer size (1920 x 1080)
05-23 16:12:49.180 304 358 D MesonHwc: [setConnectorStatus]: power mode 1
05-23 16:12:49.181 304 358 D MesonHwc: Update composition MultiplanesWithDiComposition -> MultiplanesWithDiComposition
05-23 16:12:49.181 304 358 D MesonHwc: getSupportedContentTypes: DrmConnector HDMI-A get supported content type 1
05-23 16:12:49.181 304 358 D MesonHwc: getSupportedContentTypes: DrmConnector HDMI-A get supported content type 2
05-23 16:12:49.181 304 358 D MesonHwc: getSupportedContentTypes: DrmConnector HDMI-A get supported content type 3
05-23 16:12:49.181 304 358 D MesonHwc: getSupportedContentTypes: DrmConnector HDMI-A get supported content type 4
05-23 16:12:49.181 304 358 D MesonHwc: [setPendingMode] pending modes vector empty
05-23 16:12:49.181 304 358 D MesonHwc: displayID:0, On hot plug: [Plug in]
05-23 16:12:49.181 304 358 D MesonHwc: ModePolicy handle hotplug:1
05-23 16:12:49.181 304 358 V MesonDisplayServer: GetDisplayMode:dummy_l
05-23 16:12:49.181 304 358 I MesonHwc: getDisplayMode mode:dummy_l
01-01 08:01:05.947 0 0 I [1 T358 ..] vc: [0]get capability: min 64 64; max 4096 2160
01-01 08:01:05.948 0 0 I [1 T358 ..] vc: [1]get capability: min 64 64; max 2048 1080
05-23 16:12:49.182 494 494 D hdmiconnection: port id:0 physical:3000
05-23 16:12:49.182 329 937 I SystemControl: [/Ubootenv.cpp, get, 336] [ubootenv] get key:hdr_preferred_policy envValue: 0
05-23 16:12:49.183 304 358 D MesonHwc: get key:ubootenv.var.hdr_preferred_policy value:0
05-23 16:12:49.183 304 358 I MesonHwc: getPreferredHdrStrategy is 0
05-23 16:12:49.183 329 937 I SystemControl: [/Ubootenv.cpp, get, 336] [ubootenv] get key:user_hdr_type envValue: 3
05-23 16:12:49.183 304 358 D MesonHwc: get key:ubootenv.var.user_hdr_type value:3
05-23 16:12:49.183 304 358 D MesonHwc: allowedHdrType 0x3
05-23 16:12:49.183 304 358 D MesonDisplayServer: getDisplayAttribute "Dolby Vision CAP2": "The Rx don't support DolbyVision"
05-23 16:12:49.183 304 358 D MesonHwc: hdr_policy:follow sink hdr_priority:HDR10_HLG priority outHdrConversionType:2
05-23 16:12:49.183 304 358 D MesonHwc: set key:ubootenv.var.hdr_policy value:0
05-23 16:12:49.183 329 937 I SystemControl: [/Ubootenv.cpp, updateValue, 68] [ubootenv] update value name [ubootenv.var.hdr_policy]: value [0]
05-23 16:12:49.183 329 937 I SystemControl: [/Ubootenv.cpp, get, 336] [ubootenv] get key:hdr_policy envValue: 0
05-23 16:12:49.186 732 732 D HDMI : initPortInfo port info:port_id: 0, type: HDMI_OUT, address: 0x3000, cec: true, arc: true, mhl: false, earc: false
05-23 16:12:49.187 492 505 I hdmicecd: [HdmiCecControl]:clearLogicaladdress
05-23 16:12:49.188 304 358 D MesonHwc: set key:ubootenv.var.hdr_priority value:268435472
05-23 16:12:49.190 732 732 I AS.AudioDeviceInventory: not sending NOISY: state=1
05-23 16:12:49.193 732 891 D AudioService: setWiredDeviceConnectionState( type:400 state:DEVICE_STATE_AVAILABLE addr: name:) from android
05-23 16:12:49.194 732 891 I AS.AudioDeviceInventory: handleDeviceConnection(true dev:400 address: name:)
05-23 16:12:49.194 732 891 I AS.AudioDeviceInventory: deviceKey:0x400:
05-23 16:12:49.194 732 891 I AS.AudioDeviceInventory: deviceInfo:null is(already)Connected:false
05-23 16:12:49.195 329 937 I SystemControl: [/Ubootenv.cpp, updateValue, 68] [ubootenv] update value name [ubootenv.var.hdr_priority]: value [268435472]
05-23 16:12:49.195 329 937 I SystemControl: [/Ubootenv.cpp, get, 336] [ubootenv] get key:hdr_priority envValue: 268435472
05-23 16:12:49.196 329 937 I SystemControl: [/Ubootenv.cpp, get, 345] [ubootenv] search end and not find env:user_colorattribute
05-23 16:12:49.197 304 358 D MesonHwc: sc_read_bootenv val is empty
05-23 16:12:49.197 304 358 I MesonHwc: isbestColorspace:1
05-23 16:12:49.197 304 358 V MesonDisplayServer: GetDisplayMode:dummy_l
05-23 16:12:49.197 304 358 I MesonHwc: getDisplayMode mode:dummy_l
05-23 16:12:49.198 329 937 I SystemControl: [/Ubootenv.cpp, get, 336] [ubootenv] get key:hdmimode envValue: smpte60hz
05-23 16:12:49.199 304 358 D MesonHwc: get key:ubootenv.var.hdmimode value:smpte60hz
05-23 16:12:49.199 483 483 I audio_hw_hal_primary: [adev_set_parameters:4123] dev:0xea4c14a0, kv: set_ARC_hdmi=updated_sad
05-23 16:12:49.199 483 483 D audio_hw_hal_hfp: [audio_extn_hfp_set_parameters:739] audio_extn_hfp_set_parameters
05-23 16:12:49.202 483 573 I audio_hw_hal_primary: [adev_set_device_connected_state_v7:9037] connected address:, num_descriptors:0, num_profiles:0
05-23 16:12:49.202 483 573 I audio_hw_hal_primary: [set_device_connect_state:4044] state:1, dev:OUT_HDMI(0x400), pre_out:0x80002, pre_in:0x4
05-23 16:12:49.202 483 573 D audio_hw_hal_resourcemgr: [set_output_device_avail:353] device:0x400 avail_out_devices:402 routed_out_devices:0x2
05-23 16:12:49.202 483 573 D audio_hw_hal_stream: update_sink_format_after_hotplug() active stream 0xea403990
05-23 16:12:49.202 483 573 D audio_hw_hal_profile: get_hdmi_sink_cap_new is running...
05-23 16:12:49.202 483 573 D audio_hw_hal_profile: query hdmi format...
05-23 16:12:49.202 483 573 D audio_hw_hal_profile: get_hdmi_sink_cap_new ddp is supported; ddp-joc(atmos) is unsupported;
05-23 16:12:49.202 483 573 I audio_hw_hal_profile: get_hdmi_sink_cap_new dts-hd vendor special byte3:0x1
05-23 16:12:49.202 483 573 I audio_hw_hal_profile: PCM cap Max channel =2
05-23 16:12:49.202 483 573 I audio_hw_hal_stream: get_sink_capability mbox+dvb case sink_capability = 0xa000000
05-23 16:12:49.202 483 573 I audio_hw_hal_stream: force ddp out =0
05-23 16:12:49.202 483 573 D audio_hw_hal_profile: get_hdmi_sink_cap_new is running...
05-23 16:12:49.203 483 573 D audio_hw_hal_profile: query hdmi format...
05-23 16:12:49.203 483 573 D audio_hw_hal_profile: get_hdmi_sink_cap_new ddp is supported; ddp-joc(atmos) is unsupported;
05-23 16:12:49.203 483 573 I audio_hw_hal_profile: get_hdmi_sink_cap_new dts-hd vendor special byte3:0x1
05-23 16:12:49.203 483 573 I audio_hw_hal_profile: PCM cap Max channel =2
05-23 16:12:49.203 483 573 I audio_hw_hal_stream: [get_sink_dts_capability:212] mbox+dvb case sink_capability: DTS(0xb000000)
05-23 16:12:49.203 483 573 D audio_hw_hal_profile: get_hdmi_sink_cap_new is running...
05-23 16:12:49.203 483 573 D audio_hw_hal_profile: query hdmi format...
05-23 16:12:49.203 483 573 D audio_hw_hal_profile: get_hdmi_sink_cap_new ddp is supported; ddp-joc(atmos) is unsupported;
05-23 16:12:49.203 483 573 I audio_hw_hal_profile: get_hdmi_sink_cap_new dts-hd vendor special byte3:0x1
05-23 16:12:49.203 483 573 I audio_hw_hal_profile: PCM cap Max channel =2
05-23 16:12:49.203 483 573 I audio_hw_hal_stream: [get_sink_mpegh_capability:245] mbox+dvb case sink_capability: PCM_16_BIT(0x1)
05-23 16:12:49.203 483 573 D audio_hw_hal_profile: get_hdmi_sink_cap_new is running...
05-23 16:12:49.203 483 573 D audio_hw_hal_profile: [get_hdmi_sink_cap_new:960] query hdmi sample_rate... format: PCM_16_BIT(0x1)
05-23 16:12:49.203 483 573 I audio_hw_hal_profile: get_hdmi_sink_cap_new format =0x1 support rate =sup_sampling_rates=32000|44100|48000
05-23 16:12:49.203 483 573 I audio_hw_hal_stream: pcm_fmt support sample_rate_mask:0x7
05-23 16:12:49.203 483 573 I audio_hw_hal_stream: get_sink_dv_capability : /sys/class/amhdmitx/amhdmitx0/hdmi_hdr_status = SDR
05-23 16:12:49.203 483 573 I audio_hw_hal_stream: get_sink_dv_capability : dv enable 0
05-23 16:12:49.203 483 573 I audio_hw_hal_stream: [get_sink_format:446] out:0xea403990 out devices:0x80002 cur_out_devices:0x2 format:PCM_16_BIT(0x1) digital_mode(AUTO) sink cap:E_AC3(0xa000000)
05-23 16:12:49.203 483 573 I audio_hw_hal_stream: get_sink_format() HDMI ARC or mbox + dvb case
05-23 16:12:49.203 483 573 I audio_hw_hal_stream: [get_sink_format:645] sink_format:E_AC3(0xa000000) max channel:8 optical_format:E_AC3(0xa000000) dual_output 0
05-23 16:12:49.203 483 573 I audio_hw_hal_ms12common: audiohal_send_msg_2_ms12 mesg_type:MS12_MESG_TYPE_RESET_MS12_ENCODER entry
05-23 16:12:49.203 483 573 I audio_hw_hal_ms12common: audiohal_send_msg_2_ms12 mesg_type:MS12_MESG_TYPE_RESET_MS12_ENCODER exit
05-23 16:12:49.203 483 573 D audio_hw_hal_ms12v2: set_dolby_ms12_continuous_state audio_continuous_standby_set status 0
05-23 16:12:49.203 483 573 D audio_hw_hal_continuous_standby: audio_continuous_standby_set, type 0, params 0
05-23 16:12:49.203 483 573 I audio_hw_hal_ms12common: aml_set_ms12_scheduler_state ms12_scheduler_state:0, sch_state:0 SCHEDULER_RUNNING is sent to ms12
05-23 16:12:49.203 483 686 D audio_hw_hal_ms12common: ms12_message_threadloop(), msg type: MS12_MESG_TYPE_RESET_MS12_ENCODER
05-23 16:12:49.203 483 686 I audio_hw_hal_ms12v2: +dolby_ms12_encoder_reconfig()
05-23 16:12:49.203 483 686 D libdolbyms12: mch_enable 0
05-23 16:12:49.203 483 686 D audio_hw_hal_continuous_standby: audio_continuous_standby_set, type 1, params 11
05-23 16:12:49.203 483 686 D audio_hw_hal_ms12common: ms12_message_threadloop mesg_list is empty, loop waiting......
05-23 16:12:49.204 483 688 I libdolbyms12: file_reader_set_param App Sound Reader Node : id 17, acmod 2
05-23 16:12:49.204 483 688 I libdolbyms12: file_reader_set_param App Sound Reader Node : id 18, b_lfe 0
05-23 16:12:49.204 483 688 I libdolbyms12: file_reader_set_param System Sound Reader Node : id 16, b_lfe 0
05-23 16:12:49.204 483 688 D libdolbyms12: set runtime mch_enable 0
05-23 16:12:49.204 483 688 D libdolbyms12: Continuous Main Resume
05-23 16:12:49.205 483 708 W DeviceHAL: Error from HAL Device in function get_audio_port_v7: Function not implemented
05-23 16:12:49.206 551 1589 I AudioFlinger: openOutput() this 0xe8340cd0, module 10 Device AUDIO_DEVICE_OUT_HDMI, @:, SamplingRate 0, Format 00000000, Channels 0, flags 0x4001
05-23 16:12:49.207 483 708 D audio_hw_hal_primary: [adev_open_output_stream_new:7868] enter: dev=0xea4c14a0 handle=a5 devices=0x400/'HDMI,' flags=0x4001/'DIRECT,MMAP_NOIRQ,' config=(rt=0 ch_mask=0x0 fmt=0x0) address=''
05-23 16:12:49.207 483 708 D audio_hw_hal_primary: adev_open_output_stream_new: enter
05-23 16:12:49.207 483 708 I audio_hw_hal_primary: [adev_open_output_stream:3285] io 165: out:0xea406be0 dev:OUT_HDMI(0x400) addr:
05-23 16:12:49.207 483 708 I audio_hw_hal_primary: [adev_open_output_stream:3287] ch_mask:0 rate:0 format:DEFAULT(0) flags:0x4001
05-23 16:12:49.207 483 708 I audio_hw_hal_primary: when open aaudio stream, send RUNNING msg to submix & ms12
05-23 16:12:49.207 483 708 W audio_hw_hal_ms12common: aml_set_ms12_scheduler_state sch_state:0 SCHEDULER_RUNNING, ms12 scheduler state not changed.
05-23 16:12:49.207 483 708 I audio_hw_hal_mmap: [outMmapInit:680] stream:0xea406be0
05-23 16:12:49.207 483 708 I audio_hw_hal_mmap: [dma_buffer_allocate:639] enter
05-23 16:12:49.207 483 708 I DMABUFHEAPS: Using DMA-BUF heap named: system-uncached
05-23 16:12:49.207 483 708 I audio_hw_hal_mmap: [dma_buffer_allocate:673] s32DmaFd:25, pu8MmapAddr:0xee0c1000
05-23 16:12:49.207 483 708 I audio_hw_hal_mmap: [mmap_audio_register_client:927] OK ! stream 0xea406be0, client id 0
05-23 16:12:49.207 483 708 I audio_hw_hal_primary: [adev_open_output_stream:3540] vendor.media.llp 0
05-23 16:12:49.207 483 708 I audio_hw_hal_primary: [adev_open_output_stream:3610] result profile ch_mask:0x3 rate:48000 format:PCM_16_BIT(0x1) usecase:PCM_MMAP
05-23 16:12:49.207 483 708 I audio_hw_hal_utils: aml_get_stream_dump_file_name line 2929 file_name /data/vendor/audiohal/stream_pid483_tid708.pcm
05-23 16:12:49.207 483 708 I audio_hw_hal_primary: [adev_open_output_stream_new:8037] io 165: out: 0xea406be0 card:0 alsa devices:0 exit ------
05-23 16:12:49.208 329 937 I SystemControl: [/Ubootenv.cpp, get, 336] [ubootenv] get key:cvbsmode envValue: 576cvbs
05-23 16:12:49.208 304 358 D MesonHwc: get key:ubootenv.var.cvbsmode value:576cvbs
05-23 16:12:49.208 304 358 I MesonHwc: hdmi_current_mode:dummy_l, ubootenv hdmimode:smpte60hz cvbsmode:576cvbs
05-23 16:12:49.208 329 937 I SystemControl: [/Ubootenv.cpp, get, 345] [ubootenv] search end and not find env:user_colorattribute
05-23 16:12:49.208 304 358 D MesonHwc: sc_read_bootenv val is empty
05-23 16:12:49.208 304 358 I MesonHwc: ubootenv_colorattribute:none
05-23 16:12:49.208 329 937 I SystemControl: [/Ubootenv.cpp, get, 345] [ubootenv] search end and not find env:dv_enable
05-23 16:12:49.209 304 358 D MesonHwc: sc_read_bootenv val is empty
05-23 16:12:49.209 483 573 I audio_hw_hal_primary: [out_get_buffer_size:552] out:0xea406be0 config.rate=48000, format:PCM_16_BIT(0x1), stream format:PCM_16_BIT(0x1)
05-23 16:12:49.210 551 2747 I AudioFlinger: AudioFlinger's thread 0xe24c24a0 tid=2747 ready to run
05-23 16:12:49.210 483 708 I audio_hw_hal_profile: [out_get_parameters:2092] out:0xea406be0 query channels. Format:PCM_16_BIT(0x1) ++++++++++ hal_format:PCM_16_BIT
05-23 16:12:49.210 483 708 D audio_hw_hal_profile: get_hdmi_sink_cap_new is running...
05-23 16:12:49.211 483 708 D audio_hw_hal_profile: [get_hdmi_sink_cap_new:887] query hdmi channels... format: PCM_16_BIT(0x1)
05-23 16:12:49.211 483 708 I audio_hw_hal_profile: [out_get_parameters:2165] sup_channels=AUDIO_CHANNEL_OUT_STEREO
05-23 16:12:49.211 551 1589 D AudioFlinger: closing mmapThread 0xe24c24a0
05-23 16:12:49.212 551 1589 D AudioFlinger: mmapThread exit()
05-23 16:12:49.212 483 708 I audio_hw_hal_primary: [adev_close_output_stream_new:8052] io handle 165: out:0xea406be0
05-23 16:12:49.212 483 708 D audio_hw_hal_primary: adev_close_output_stream_new: enter usecase = PCM_MMAP
05-23 16:12:49.212 483 708 I audio_hw_hal_primary: [adev_close_output_stream:3695] io 165: out:0xea406be0 dev:OUT_HDMI(0x400) flags:0x4001, usecase:PCM_MMAP
05-23 16:12:49.212 483 708 D audio_hw_hal_primary: [out_standby_new:5767] io 165: out:0xea406be0 usecase:PCM_MMAP
05-23 16:12:49.212 483 708 I audio_hw_hal_primary: already standby, do nothing
05-23 16:12:49.212 483 708 I audio_hw_hal_mmap: [outMmapDeInit:743] stream:0xea406be0
05-23 16:12:49.212 483 708 I audio_hw_hal_mmap: [mmap_audio_unregister_client:955] OK ! stream 0xea406be0, client id 0
05-23 16:12:49.213 483 708 I audio_hw_hal_primary: when close aaudio stream, send STANDBY msg to submix & ms12
05-23 16:12:49.213 483 708 I audio_hw_hal_ms12common: aml_set_ms12_scheduler_state ms12_scheduler_state:1, sch_state:1 SCHEDULER_STANDBY is sent to ms12
05-23 16:12:49.213 483 708 I audio_hw_hal_resourcemgr: [is_output_device_muted:710] device:0x2 port_mute:0, fade_mute:0
05-23 16:12:49.213 483 708 I audio_hw_hal_primary: [adev_close_output_stream:3863] io 165: out:0xea406be0 exit ------
05-23 16:12:49.213 483 688 D libdolbyms12: continuous underrun 0
05-23 16:12:49.214 551 1589 I AudioFlinger: openOutput() this 0xe8340cd0, module 10 Device AUDIO_DEVICE_OUT_HDMI, @:, SamplingRate 48000, Format 0x000001, Channels 0x3, flags 0x4001
05-23 16:12:49.214 483 483 D audio_hw_hal_primary: [adev_open_output_stream_new:7868] enter: dev=0xea4c14a0 handle=ad devices=0x400/'HDMI,' flags=0x4001/'DIRECT,MMAP_NOIRQ,' config=(rt=48000 ch_mask=0x3 fmt=0x1) address=''
05-23 16:12:49.214 483 483 D audio_hw_hal_primary: adev_open_output_stream_new: enter
05-23 16:12:49.209 304 358 E MesonHwc: dolby vision driver is not ready
05-23 16:12:49.215 483 483 I audio_hw_hal_primary: [adev_open_output_stream:3285] io 173: out:0xea4040c0 dev:OUT_HDMI(0x400) addr:
05-23 16:12:49.215 483 483 I audio_hw_hal_primary: [adev_open_output_stream:3287] ch_mask:0x3 rate:48000 format:PCM_16_BIT(0x1) flags:0x4001
05-23 16:12:49.215 483 483 I audio_hw_hal_primary: when open aaudio stream, send RUNNING msg to submix & ms12
05-23 16:12:49.215 483 483 D audio_hw_hal_ms12v2: set_dolby_ms12_continuous_state audio_continuous_standby_set status 0
05-23 16:12:49.215 483 483 D audio_hw_hal_continuous_standby: audio_continuous_standby_set, type 0, params 0
05-23 16:12:49.215 483 483 I audio_hw_hal_ms12common: aml_set_ms12_scheduler_state ms12_scheduler_state:0, sch_state:0 SCHEDULER_RUNNING is sent to ms12
05-23 16:12:49.215 483 483 I audio_hw_hal_mmap: [outMmapInit:680] stream:0xea4040c0
05-23 16:12:49.215 483 483 I audio_hw_hal_mmap: [dma_buffer_allocate:639] enter
05-23 16:12:49.217 483 483 I DMABUFHEAPS: Using DMA-BUF heap named: system-uncached
05-23 16:12:49.217 304 358 I MesonHwc: dv_enable:0
05-23 16:12:49.217 483 483 I audio_hw_hal_mmap: [dma_buffer_allocate:673] s32DmaFd:25, pu8MmapAddr:0xee0c1000
05-23 16:12:49.217 483 483 I audio_hw_hal_mmap: [mmap_audio_register_client:927] OK ! stream 0xea4040c0, client id 0
05-23 16:12:49.217 483 483 I audio_hw_hal_primary: [adev_open_output_stream:3540] vendor.media.llp 0
05-23 16:12:49.217 483 483 I audio_hw_hal_primary: [adev_open_output_stream:3610] result profile ch_mask:0x3 rate:48000 format:PCM_16_BIT(0x1) usecase:PCM_MMAP
05-23 16:12:49.217 483 483 I audio_hw_hal_utils: aml_get_stream_dump_file_name line 2929 file_name /data/vendor/audiohal/stream_pid483_tid483.pcm
05-23 16:12:49.217 483 483 I audio_hw_hal_primary: [adev_open_output_stream_new:8037] io 173: out: 0xea4040c0 card:0 alsa devices:0 exit ------
05-23 16:12:49.218 329 937 I SystemControl: [/Ubootenv.cpp, get, 345] [ubootenv] search end and not find env:user_prefer_dv_type
05-23 16:12:49.218 304 358 D MesonHwc: sc_read_bootenv val is empty
05-23 16:12:49.219 304 358 E MesonHwc: dolby vision driver is not ready
05-23 16:12:49.219 304 358 I MesonHwc: ubootenv_dv_type:0
05-23 16:12:49.219 304 358 D MesonDisplayServer: getDisplayAttribute "Dolby Vision CAP2": "The Rx don't support DolbyVision"
05-23 16:12:49.219 304 358 E MesonHwc: TV isn't support dv: The Rx don't support DolbyVision
05-23 16:12:49.220 329 937 I SystemControl: [/Ubootenv.cpp, get, 345] [ubootenv] search end and not find env:hdr_force_mode
05-23 16:12:49.220 304 358 D MesonHwc: sc_read_bootenv val is empty
05-23 16:12:49.220 304 358 I MesonHwc: get hdr force mode is [2]
05-23 16:12:49.221 483 708 I audio_hw_hal_primary: [out_get_buffer_size:552] out:0xea4040c0 config.rate=48000, format:PCM_16_BIT(0x1), stream format:PCM_16_BIT(0x1)
05-23 16:12:49.221 329 937 I SystemControl: [/Ubootenv.cpp, get, 336] [ubootenv] get key:hdr_policy envValue: 0
05-23 16:12:49.222 304 358 D MesonHwc: get key:ubootenv.var.hdr_policy value:0
05-23 16:12:49.222 304 358 I MesonHwc: get uboot HdrStrategy is [0]
05-23 16:12:49.222 329 937 I SystemControl: [/Ubootenv.cpp, get, 336] [ubootenv] get key:hdr_priority envValue: 268435472
05-23 16:12:49.222 304 358 D MesonHwc: get key:ubootenv.var.hdr_priority value:268435472
05-23 16:12:49.222 304 358 I MesonHwc: getHdrPriority is [HDR10_HLG priority]
05-23 16:12:49.222 304 358 I MesonHwc: get uboot HdrPriority is [HDR10_HLG priority]
05-23 16:12:49.222 304 358 I MesonHwc: hdr_policy:follow sink, hdr_priority :HDR10_HLG priority, hdr_force_mode:2
05-23 16:12:49.222 304 358 E MesonHwc: dolby vision driver is not ready
05-23 16:12:49.222 304 358 D MesonDisplayServer: getDisplayAttribute "Dolby Vision CAP2": "The Rx don't support DolbyVision"
05-23 16:12:49.222 329 937 I SystemControl: [/Ubootenv.cpp, get, 345] [ubootenv] search end and not find env:hdr_resolution_priority
05-23 16:12:49.222 304 358 D MesonHwc: sc_read_bootenv val is empty
05-23 16:12:49.223 329 937 I SystemControl: [/Ubootenv.cpp, get, 345] [ubootenv] search end and not find env:user_prefer_dv_type
05-23 16:12:49.223 304 358 D MesonHwc: sc_read_bootenv val is empty
05-23 16:12:49.223 304 358 E MesonHwc: dolby vision driver is not ready
05-23 16:12:49.223 304 358 I MesonHwc: ubootenv_dv_type:0
05-23 16:12:49.223 304 358 I MesonHwc: display sink type:1 [0:none, 1:sink, 2:repeater]
05-23 16:12:49.223 304 358 D MesonHwc: hdmi get mDcCap 420,12bit
05-23 16:12:49.223 304 358 D MesonHwc: 420,10bit
05-23 16:12:49.223 304 358 D MesonHwc: 420,8bit
05-23 16:12:49.223 304 358 D MesonHwc: 444,12bit
05-23 16:12:49.223 304 358 D MesonHwc: 444,10bit
05-23 16:12:49.223 304 358 D MesonHwc: 444,8bit
05-23 16:12:49.223 304 358 D MesonHwc: 422,12bit
05-23 16:12:49.223 304 358 D MesonHwc: rgb,12bit
05-23 16:12:49.223 304 358 D MesonHwc: rgb,10bit
05-23 16:12:49.223 304 358 D MesonHwc: rgb,8bit
05-23 16:12:49.223 304 358 V MesonDisplayServer: GetDisplayMode:dummy_l
05-23 16:12:49.223 304 358 I MesonHwc: getDisplayMode mode:dummy_l
05-23 16:12:49.226 551 2750 I AudioFlinger: AudioFlinger's thread 0xe24c24a0 tid=2750 ready to run
05-23 16:12:49.227 329 937 I SystemControl: [/Ubootenv.cpp, get, 345] [ubootenv] search end and not find env:framerate_priority
05-23 16:12:49.227 304 358 D MesonHwc: sc_read_bootenv val is empty
05-23 16:12:49.228 483 2749 I audio_hw_hal_primary: [out_set_volume:1406] out:0xea4040c0 left:1.000000 continuous:1 internal_format:PCM_16_BIT dolby:0 direct pcm:1 mmap_pcm:1
05-23 16:12:49.229 329 937 I SystemControl: [/Ubootenv.cpp, get, 336] [ubootenv] get key:hdmimode envValue: smpte60hz
05-23 16:12:49.232 304 358 D MesonHwc: get key:ubootenv.var.hdmimode value:smpte60hz
05-23 16:12:49.234 329 937 I SystemControl: [/Ubootenv.cpp, get, 336] [ubootenv] get key:is.bestmode envValue: false
05-23 16:12:49.235 304 358 D MesonHwc: get key:ubootenv.var.is.bestmode value:false
05-23 16:12:49.235 304 358 I MesonDisplay: [/mode_policy.c, meson_mode_set_policy, 1177] connector:0 to policy:8
05-23 16:12:49.235 304 358 I MesonDisplay: [/mode_policy.c, is_dv_prefer, 66] not prefer dv, hdr_priority:10000010
05-23 16:12:49.235 304 358 I MesonDisplay: [/mode_policy.c, is_dv_prefer, 66] not prefer dv, hdr_priority:10000010
05-23 16:12:49.235 304 358 I MesonDisplay: [/mode_policy.c, hdr_scene_process, 724] policy:8 is_bestcolorspace:1 state:1
05-23 16:12:49.235 304 358 I MesonDisplay: [/mode_policy_parser.c, is_support_hdmimode, 110] is_support_hdmimode mode: smpte60hz
05-23 16:12:49.235 304 358 D MesonDisplay: meson_write /sys/class/amhdmitx/amhdmitx0/valid_mode, outputmode:smpte60hz420,10bit
05-23 16:12:49.235 551 1589 I AudioFlinger: openOutput() this 0xe8340cd0, module 10 Device AUDIO_DEVICE_OUT_HDMI, @:, SamplingRate 44100, Format 0xe000000, Channels 0x1, flags 0x11
05-23 16:12:49.235 304 358 D MesonDisplay: valid mode is true!
05-23 16:12:49.235 304 358 I MesonDisplay: [/mode_policy.c, hdr_scene_process, 860] hdr_scene_process mode:[smpte60hz], color format:[420,10bit]
05-23 16:12:49.235 304 358 I MesonDisplay: [/mode_policy.c, meson_mode_get_policy_output, 1289] final_displaymode:smpte60hz, final_deepcolor:420,10bit, amdv_type:0
05-23 16:12:49.236 329 937 I SystemControl: [/Ubootenv.cpp, get, 336] [ubootenv] get key:hdr_preferred_policy envValue: 0
05-23 16:12:49.236 304 358 D MesonHwc: get key:ubootenv.var.hdr_preferred_policy value:0
05-23 16:12:49.236 304 358 I MesonHwc: getPreferredHdrStrategy is 0
05-23 16:12:49.236 304 358 I MesonHwc: check_hdr_mode mode:smpte60hz outHdrConversionType:HDR10 support:1
05-23 16:12:49.236 304 358 I MesonHwc: quiescent_mode is 0
05-23 16:12:49.236 329 937 I SystemControl: [/Ubootenv.cpp, get, 336] [ubootenv] get key:frac_rate_policy envValue: 0
05-23 16:12:49.236 304 358 D MesonHwc: get key:ubootenv.var.frac_rate_policy value:0
05-23 16:12:49.236 304 358 I MesonHwc: get uenv frc policy is 0 and current value is 0
05-23 16:12:49.236 304 358 I MesonHwc: cur frac_rate_policy is equals
05-23 16:12:49.236 304 358 D MesonDisplayServer: use connector getDisplayAttribute "HDMI Color ATTR": "420,10bit"
05-23 16:12:49.236 304 358 I MesonHwc: curDeepcolor[420,10bit] final_deepcolor[420,10bit]
05-23 16:12:49.236 304 358 I MesonHwc: cur deepcolor is equals
05-23 16:12:49.236 304 358 D MesonDisplayServer: getDisplayAttribute "HDR Policy": "0"
05-23 16:12:49.236 304 358 I MesonHwc: cur hdr policy:0
05-23 16:12:49.236 304 358 D MesonDisplayServer: getDisplayAttribute "FORCE HDR Mode": "0"
05-23 16:12:49.236 304 358 I MesonHwc: cur hdr force mode:0
05-23 16:12:49.236 304 358 D MesonDisplayServer: getDisplayAttribute "Dolby Vision Mode": "usage: echo mode > /sys/class/amdolby_vision/dv_mode AMDV_OUTPUT_MODE_BYPASS 0 AMDV_OUTPUT_MODE_IPT 1 AMDV_OUTPUT_MODE_IPT_TUNNEL 2 AMDV_OUTPUT_MODE_HDR10 3 AMDV_OUTPUT_MODE_SDR10 4 AMDV_OUTPUT_MODE_SDR8 5current dv_mode = off"
05-23 16:12:49.237 304 358 D MesonDisplayServer: getDisplayAttribute "Dolby Vision Policy": "0"
05-23 16:12:49.237 304 358 I MesonHwc: cur dv policy:0
05-23 16:12:49.237 483 2749 D audio_hw_hal_primary: [adev_open_output_stream_new:7868] enter: dev=0xea4c14a0 handle=b5 devices=0x400/'HDMI,' flags=0x11/'DIRECT,COMPRESS_OFFLOAD,' config=(rt=44100 ch_mask=0x1 fmt=0xe000000) address=''
05-23 16:12:49.237 483 2749 D audio_hw_hal_primary: adev_open_output_stream_new: enter
05-23 16:12:49.237 483 2749 I audio_hw_hal_primary: [adev_open_output_stream:3285] io 181: out:0xea403260 dev:OUT_HDMI(0x400) addr:
05-23 16:12:49.237 483 2749 I audio_hw_hal_primary: [adev_open_output_stream:3287] ch_mask:0x1 rate:44100 format:DOLBY_TRUEHD(0xe000000) flags:0x11
05-23 16:12:49.237 483 2749 I audio_hw_hal_primary: adev_open_output_stream: for raw audio output,force alsa stereo output
05-23 16:12:49.237 483 2749 I audio_hw_hal_primary: [adev_open_output_stream:3610] result profile ch_mask:0x1 rate:44100 format:DOLBY_TRUEHD(0xe000000) usecase:RAW_DIRECT
05-23 16:12:49.237 483 2749 I audio_hw_hal_utils: aml_get_stream_dump_file_name line 2929 file_name /data/vendor/audiohal/stream_pid483_tid2749.mlp
05-23 16:12:49.237 483 2749 I audio_hw_hal_primary: [adev_open_output_stream_new:8037] io 181: out: 0xea403260 card:0 alsa devices:0 exit ------
05-23 16:12:49.238 329 937 I SystemControl: [/Ubootenv.cpp, get, 345] [ubootenv] search end and not find env:hdr_force_mode
05-23 16:12:49.239 304 358 D MesonHwc: sc_read_bootenv val is empty
05-23 16:12:49.239 304 358 I MesonHwc: get hdr force mode is [2]
05-23 16:12:49.239 483 708 I audio_hw_hal_primary: [out_get_buffer_size:552] out:0xea403260 config.rate=44100, format:DOLBY_TRUEHD(0xe000000), stream format:DOLBY_TRUEHD(0xe000000)
05-23 16:12:49.239 329 937 I SystemControl: [/Ubootenv.cpp, get, 336] [ubootenv] get key:hdr_policy envValue: 0
05-23 16:12:49.239 304 358 D MesonHwc: get key:ubootenv.var.hdr_policy value:0
05-23 16:12:49.239 551 1589 I AudioFlinger: HAL output buffer size 16384 frames, normal sink buffer size 16384 frames
05-23 16:12:49.239 304 358 I MesonHwc: get uboot HdrStrategy is [0]
05-23 16:12:49.239 304 358 E MesonHwc: dolby vision driver is not ready
05-23 16:12:49.240 304 358 D MesonDisplayServer: use connector getDisplayAttribute "HDR Priority": "268435472"
05-23 16:12:49.240 304 358 I MesonHwc: getCurrentHdrPriority is [HDR10_HLG priority]
05-23 16:12:49.240 329 937 I SystemControl: [/Ubootenv.cpp, get, 336] [ubootenv] get key:hdr_priority envValue: 268435472
05-23 16:12:49.240 304 358 D MesonHwc: get key:ubootenv.var.hdr_priority value:268435472
05-23 16:12:49.240 304 358 I MesonHwc: getHdrPriority is [HDR10_HLG priority]
05-23 16:12:49.240 304 358 I MesonHwc: get uboot HdrPriority is [HDR10_HLG priority]
05-23 16:12:49.240 483 708 I audio_hw_hal_primary: [audiohal_get_latency:1333] io 181: out:0xea403260 frames:1280 rate:44100 whole_latency:29 alsa_latency:29
05-23 16:12:49.240 304 358 D MesonDisplayServer: getDisplayAttribute "Dolby Vision Enable": "N"
05-23 16:12:49.240 304 358 D MesonDisplayServer: getDisplayAttribute "Dolby Vision LL Policy": "0"
05-23 16:12:49.240 304 358 I MesonHwc: curDvMode 0, want DvMode 0
05-23 16:12:49.240 304 358 E MesonHwc: dolby vision driver is not ready
05-23 16:12:49.240 304 358 I MesonHwc: cur DvMode is equals
05-23 16:12:49.240 304 358 V MesonDisplayServer: GetDisplayMode:dummy_l
05-23 16:12:49.240 304 358 I MesonHwc: getDisplayMode mode:dummy_l
05-23 16:12:49.240 304 358 I MesonHwc: curMode:[dummy_l] ,final_displaymode[smpte60hz]
05-23 16:12:49.240 304 358 I MesonHwc: curmode:dummy_l, tmpMode:dummy_l, outputmode:smpte60hz
05-23 16:12:49.240 483 708 I audio_hw_hal_primary: [out_set_event_callback:3158] io 181: out:0xea403260, callback:0xec24c91d cookie:0xecc41810
05-23 16:12:49.240 304 358 I MesonHwc: connector not ready
05-23 16:12:49.241 304 358 I MesonHwc: setSysfsStr /sys/devices/virtual/amhdmitx/amhdmitx0/avmute= 1
05-23 16:12:49.241 304 358 I MesonDisplay: [/HDCPTxAuth.cpp, stopVerAll, 344] hdcp_tx 2.2 & 1.4 stop hdcp pwr
05-23 16:12:49.241 304 358 E MesonDisplay: open /sys/class/amhdmitx/amhdmitx0/hdcp_pwr fail. Error info [No such file or directory]
05-23 16:12:49.241 483 708 I audio_hw_hal_primary: [audiohal_get_latency:1333] io 181: out:0xea403260 frames:1152 rate:44100 whole_latency:26 alsa_latency:26
05-23 16:12:49.242 551 2751 I AudioFlinger: AudioFlinger's thread 0xe269c400 tid=2751 ready to run
05-23 16:12:49.242 483 708 I audio_hw_hal_primary: [audiohal_get_latency:1333] io 181: out:0xea403260 frames:1152 rate:44100 whole_latency:26 alsa_latency:26
05-23 16:12:49.243 551 2751 D AudioFlinger: ro.audio.silent is ignored since no output device is set
01-01 08:01:06.008 0 0 I [3 T358 ..] [hdmitx: ] avmute_store 1
05-23 16:12:49.244 551 2751 D AudioFlinger: ro.audio.silent is ignored since no output device is set
05-23 16:12:49.249 492 505 D hdmicecd: [CEC]:printCecMessage, [4 -> 4] len: 0, body:, result:no ack
05-23 16:12:49.259 551 1589 I AudioFlinger: openOutput() this 0xe8340cd0, module 10 Device AUDIO_DEVICE_OUT_HDMI, @:, SamplingRate 32000, Format 0x9000000, Channels 0x1, flags 0x51
05-23 16:12:49.260 483 708 D audio_hw_hal_primary: [adev_open_output_stream_new:7868] enter: dev=0xea4c14a0 handle=bd devices=0x400/'HDMI,' flags=0x51/'DIRECT,COMPRESS_OFFLOAD,HW_AV_SYNC,' config=(rt=32000 ch_mask=0x1 fmt=0x9000000) address=''
05-23 16:12:49.260 483 708 D audio_hw_hal_primary: adev_open_output_stream_new: enter
05-23 16:12:49.260 483 708 I audio_hw_hal_primary: [adev_open_output_stream:3285] io 189: out:0xea406be0 dev:OUT_HDMI(0x400) addr:
05-23 16:12:49.260 483 708 I audio_hw_hal_primary: [adev_open_output_stream:3287] ch_mask:0x1 rate:32000 format:AC3(0x9000000) flags:0x51
05-23 16:12:49.260 483 708 I audio_hw_hal_primary: adev_open_output_stream: for raw audio output,force alsa stereo output
05-23 16:12:49.260 483 708 D audio_hw_hal_primary: [adev_open_output_stream:3573] format=AC3 rate=32000
05-23 16:12:49.260 483 708 I audio_hw_hal_primary: [adev_open_output_stream:3610] result profile ch_mask:0x1 rate:32000 format:AC3(0x9000000) usecase:RAW_HWSYNC
05-23 16:12:49.260 483 708 I audio_hw_hal_utils: aml_get_stream_dump_file_name line 2929 file_name /data/vendor/audiohal/stream_pid483_tid708.dd
05-23 16:12:49.260 483 708 I audio_hw_hal_primary: [adev_open_output_stream_new:8037] io 189: out: 0xea406be0 card:0 alsa devices:0 exit ------
05-23 16:12:49.262 483 2749 I audio_hw_hal_primary: [out_get_buffer_size:552] out:0xea406be0 config.rate=32000, format:AC3(0x9000000), stream format:AC3(0x9000000)
05-23 16:12:49.263 551 1589 I AudioFlinger: HAL output buffer size 2048 frames, normal sink buffer size 2048 frames
05-23 16:12:49.263 483 2749 I audio_hw_hal_primary: [audiohal_get_latency:1333] io 189: out:0xea406be0 frames:1152 rate:32000 whole_latency:36 alsa_latency:36
05-23 16:12:49.263 483 2749 I audio_hw_hal_primary: [out_set_event_callback:3158] io 189: out:0xea406be0, callback:0xec24c91d cookie:0xecc418d0
05-23 16:12:49.264 551 2752 I AudioFlinger: AudioFlinger's thread 0xe26ac640 tid=2752 ready to run
05-23 16:12:49.264 483 2749 I audio_hw_hal_primary: [audiohal_get_latency:1333] io 189: out:0xea406be0 frames:1152 rate:32000 whole_latency:36 alsa_latency:36
05-23 16:12:49.264 483 708 I audio_hw_hal_primary: [audiohal_get_latency:1333] io 189: out:0xea406be0 frames:1152 rate:32000 whole_latency:36 alsa_latency:36
05-23 16:12:49.265 551 2752 D AudioFlinger: ro.audio.silent is ignored since no output device is set
05-23 16:12:49.269 551 2752 D AudioFlinger: ro.audio.silent is ignored since no output device is set
05-23 16:12:49.278 551 1589 I AudioFlinger: openOutput() this 0xe8340cd0, module 10 Device AUDIO_DEVICE_OUT_HDMI, @:, SamplingRate 32000, Format 0x9000000, Channels 0x1, flags 0x1
05-23 16:12:49.278 483 708 D audio_hw_hal_primary: [adev_open_output_stream_new:7868] enter: dev=0xea4c14a0 handle=c5 devices=0x400/'HDMI,' flags=0x1/'DIRECT,' config=(rt=32000 ch_mask=0x1 fmt=0x9000000) address=''
05-23 16:12:49.278 483 708 D audio_hw_hal_primary: adev_open_output_stream_new: enter
05-23 16:12:49.278 483 708 I audio_hw_hal_primary: [adev_open_output_stream:3285] io 197: out:0xea4015a0 dev:OUT_HDMI(0x400) addr:
05-23 16:12:49.278 483 708 I audio_hw_hal_primary: [adev_open_output_stream:3287] ch_mask:0x1 rate:32000 format:AC3(0x9000000) flags:0x1
05-23 16:12:49.278 483 708 I audio_hw_hal_primary: adev_open_output_stream: for raw audio output,force alsa stereo output
05-23 16:12:49.278 483 708 I audio_hw_hal_primary: [adev_open_output_stream:3610] result profile ch_mask:0x1 rate:32000 format:AC3(0x9000000) usecase:RAW_DIRECT
05-23 16:12:49.278 483 708 I audio_hw_hal_utils: aml_get_stream_dump_file_name line 2929 file_name /data/vendor/audiohal/stream_pid483_tid708.dd
05-23 16:12:49.278 483 708 I audio_hw_hal_primary: [adev_open_output_stream_new:8037] io 197: out: 0xea4015a0 card:0 alsa devices:0 exit ------
05-23 16:12:49.281 483 2749 I audio_hw_hal_primary: [out_get_buffer_size:552] out:0xea4015a0 config.rate=32000, format:AC3(0x9000000), stream format:AC3(0x9000000)
05-23 16:12:49.281 551 1589 I AudioFlinger: HAL output buffer size 2048 frames, normal sink buffer size 2048 frames
05-23 16:12:49.282 483 708 I audio_hw_hal_primary: [audiohal_get_latency:1333] io 197: out:0xea4015a0 frames:1024 rate:32000 whole_latency:32 alsa_latency:32
05-23 16:12:49.282 304 358 E MesonDisplay: open /sys/class/amhdmitx/amhdmitx0/hdcp_pwr fail. Error info [No such file or directory]
05-23 16:12:49.282 304 358 E MesonDisplay: open /sys/class/amhdmitx/amhdmitx0/hdcp_ctrl fail. Error info [No such file or directory]
05-23 16:12:49.283 304 358 E MesonDisplay: open /sys/class/amhdmitx/amhdmitx0/hdcp_ctrl fail. Error info [No such file or directory]
05-23 16:12:49.283 483 2749 I audio_hw_hal_primary: [out_set_event_callback:3158] io 197: out:0xea4015a0, callback:0xec24c91d cookie:0xecc40af0
05-23 16:12:49.285 304 358 I MesonDisplay: [/HDCPTxAuth.cpp, stop, 137] hdcp_tx pthread exit id = 4072653248, (null) done
05-23 16:12:49.285 304 358 I MesonHwc: setDisplayMode mode:smpte60hz
05-23 16:12:49.285 304 358 D MesonDisplayServer: SetDisplay[HDMI] Mode to "smpte60hz"
05-23 16:12:49.285 304 358 D MesonHwc: blankDisplay connectorType:11
05-23 16:12:49.285 304 358 D MesonHwc: [setConnectorStatus]: power mode 2
05-23 16:12:49.285 304 358 D MesonHwc: displayId:0, blank all display planes
05-23 16:12:49.285 483 2749 I audio_hw_hal_primary: [audiohal_get_latency:1333] io 197: out:0xea4015a0 frames:1152 rate:32000 whole_latency:36 alsa_latency:36
05-23 16:12:49.286 483 708 I audio_hw_hal_primary: [audiohal_get_latency:1333] io 197: out:0xea4015a0 frames:1024 rate:32000 whole_latency:32 alsa_latency:32
05-23 16:12:49.293 551 2753 I AudioFlinger: AudioFlinger's thread 0xe26a0490 tid=2753 ready to run
05-23 16:12:49.294 551 2753 D AudioFlinger: ro.audio.silent is ignored since no output device is set
05-23 16:12:49.295 483 2749 D audio_hw_hal_primary: [out_standby_new:5767] io 197: out:0xea4015a0 usecase:RAW_DIRECT
05-23 16:12:49.295 483 2749 I audio_hw_hal_primary: already standby, do nothing
05-23 16:12:49.298 551 2753 D AudioFlinger: ro.audio.silent is ignored since no output device is set
05-23 16:12:49.298 304 359 E MesonHwc: waitVBlank failed crtc[63]ret[-1]
05-23 16:12:49.298 304 359 E MesonHwc: wait for hw vsync error:-1
05-23 16:12:49.298 275 289 W HWComposer: Ignoring duplicate VSYNC event from HWC for display 4625716335649126413 (t=66052678000)
01-01 08:01:06.065 0 0 I : [0 T358 ..] [drm] build_hdmitx_attr_str:420,10bit = 3+10
01-01 08:01:06.065 0 0 I : [0 T358 ..] [drm] am_meson_crtc_atomic_disable-[0]:in
01-01 08:01:06.067 0 0 I : [1 T358 ..] dummy_encl_disable finished
01-01 08:01:06.067 0 0 I : [1 T358 ..] [drm] am_meson_crtc_atomic_enable-[0] in: new[smpte60hz], old[dummy_l], vmode[4-4], uboot[0]
