05-23 09:26:33.420 732 820 E NativeTombstoneManager: Tombstone's UID (1002) not an app, ignoring
05-23 09:26:33.445 732 753 W Looper : Slow delivery took 289ms android.fg h=android.os.Handler c=com.android.server.power.hint.HintManagerService$MyUidObserver$$ExternalSyntheticLambda0@230c260 m=0
05-23 09:26:33.451 732 732 V SystemServerTiming: MakeConnectivityServiceReady took to complete: 408ms
05-23 09:26:33.451 732 732 D SystemServerTiming: MakeVpnManagerServiceReady
05-23 09:26:33.477 732 732 V SystemServerTiming: MakeVpnManagerServiceReady took to complete: 25ms
05-23 09:26:33.477 732 732 D SystemServerTiming: MakeVcnManagementServiceReady
05-23 09:26:33.490 732 871 W NetworkPolicy: setRestrictBackgroundUL: already false
05-23 09:26:33.555 732 871 D CompatibilityChangeReporter: Compat change id reported: 218533173; UID 10045; state: ENABLED
05-23 09:26:33.571 732 871 D CompatibilityChangeReporter: Compat change id reported: 262645982; UID 10045; state: ENABLED
05-23 09:26:33.595 732 871 D CompatibilityChangeReporter: Compat change id reported: 218533173; UID 10050; state: DISABLED
05-23 09:26:33.597 732 871 D CompatibilityChangeReporter: Compat change id reported: 262645982; UID 10050; state: DISABLED
05-23 09:26:33.622 732 871 D CompatibilityChangeReporter: Compat change id reported: 171306433; UID 10050; state: DISABLED
05-23 09:26:33.623 732 871 D CompatibilityChangeReporter: Compat change id reported: 218533173; UID 10048; state: ENABLED
05-23 09:26:33.623 732 871 D CompatibilityChangeReporter: Compat change id reported: 262645982; UID 10048; state: ENABLED
05-23 09:26:33.625 732 732 V SystemServerTiming: MakeVcnManagementServiceReady took to complete: 148ms
05-23 09:26:33.625 732 732 D SystemServerTiming: MakeNetworkPolicyServiceReady
05-23 09:26:33.636 497 557 E android.hardware.wifi-service.droidlogic: Failed to get SupportedRadioCombinations matrix from legacy HAL: NOT_SUPPORTED
05-23 09:26:33.646 732 871 D CompatibilityChangeReporter: Compat change id reported: 218533173; UID 10040; state: DISABLED
05-23 09:26:33.652 732 871 D CompatibilityChangeReporter: Compat change id reported: 262645982; UID 10040; state: DISABLED
05-23 09:26:33.755 732 732 V SystemServerTiming: MakeNetworkPolicyServiceReady took to complete: 130ms
05-23 09:26:33.755 732 732 D SystemServerTiming: PhaseThirdPartyAppsCanStart
05-23 09:26:33.755 732 732 I SystemServiceManager: Starting phase 600
05-23 09:26:33.755 732 732 D SystemServerTiming: OnBootPhase_600
05-23 09:26:33.755 732 732 D SystemServerTiming: OnBootPhase_600_com.android.server.security.FileIntegrityService
05-23 09:26:33.755 732 732 V SystemServerTiming: OnBootPhase_600_com.android.server.security.FileIntegrityService took to complete: 0ms
05-23 09:26:33.755 732 732 D SystemServerTiming: OnBootPhase_600_com.android.server.pm.Installer
05-23 09:26:33.755 732 732 V SystemServerTiming: OnBootPhase_600_com.android.server.pm.Installer took to complete: 0ms
05-23 09:26:33.755 732 732 D SystemServerTiming: OnBootPhase_600_com.android.server.os.DeviceIdentifiersPolicyService
05-23 09:26:33.755 732 732 V SystemServerTiming: OnBootPhase_600_com.android.server.os.DeviceIdentifiersPolicyService took to complete: 0ms
05-23 09:26:33.755 732 732 D SystemServerTiming: OnBootPhase_600_com.android.server.flags.FeatureFlagsService
05-23 09:26:33.755 732 732 V SystemServerTiming: OnBootPhase_600_com.android.server.flags.FeatureFlagsService took to complete: 0ms
05-23 09:26:33.755 732 732 D SystemServerTiming: OnBootPhase_600_com.android.server.uri.UriGrantsManagerService$Lifecycle
05-23 09:26:33.755 732 732 V SystemServerTiming: OnBootPhase_600_com.android.server.uri.UriGrantsManagerService$Lifecycle took to complete: 0ms
05-23 09:26:33.755 732 732 D SystemServerTiming: OnBootPhase_600_com.android.server.powerstats.PowerStatsService
05-23 09:26:33.755 732 732 V SystemServerTiming: OnBootPhase_600_com.android.server.powerstats.PowerStatsService took to complete: 0ms
05-23 09:26:33.755 732 732 D SystemServerTiming: OnBootPhase_600_com.android.server.permission.access.AccessCheckingService
05-23 09:26:33.755 732 732 V SystemServerTiming: OnBootPhase_600_com.android.server.permission.access.AccessCheckingService took to complete: 0ms
05-23 09:26:33.755 732 732 D SystemServerTiming: OnBootPhase_600_com.android.server.wm.ActivityTaskManagerService$Lifecycle
05-23 09:26:33.755 732 732 V SystemServerTiming: OnBootPhase_600_com.android.server.wm.ActivityTaskManagerService$Lifecycle took to complete: 0ms
05-23 09:26:33.755 732 732 D SystemServerTiming: OnBootPhase_600_com.android.server.am.ActivityManagerService$Lifecycle
05-23 09:26:33.757 732 732 I ExplicitHealthCheckController: Explicit health checks enabled.
05-23 09:26:33.757 732 732 I PackageWatchdog: Syncing state, reason: health check state enabled
05-23 09:26:33.758 732 732 V SystemServerTiming: OnBootPhase_600_com.android.server.am.ActivityManagerService$Lifecycle took to complete: 1ms
05-23 09:26:33.758 732 732 D SystemServerTiming: OnBootPhase_600_com.android.server.pm.DataLoaderManagerService
05-23 09:26:33.758 732 732 V SystemServerTiming: OnBootPhase_600_com.android.server.pm.DataLoaderManagerService took to complete: 0ms
05-23 09:26:33.758 732 732 D SystemServerTiming: OnBootPhase_600_com.android.server.power.PowerManagerService
05-23 09:26:33.760 732 732 V SystemServerTiming: OnBootPhase_600_com.android.server.power.PowerManagerService took to complete: 1ms
05-23 09:26:33.760 732 732 D SystemServerTiming: OnBootPhase_600_com.android.server.power.ThermalManagerService
05-23 09:26:33.760 732 732 V SystemServerTiming: OnBootPhase_600_com.android.server.power.ThermalManagerService took to complete: 0ms
05-23 09:26:33.760 732 732 D SystemServerTiming: OnBootPhase_600_com.android.server.power.hint.HintManagerService
05-23 09:26:33.760 732 732 V SystemServerTiming: OnBootPhase_600_com.android.server.power.hint.HintManagerService took to complete: 0ms
05-23 09:26:33.760 732 732 D SystemServerTiming: OnBootPhase_600_com.android.server.recoverysystem.RecoverySystemService$Lifecycle
05-23 09:26:33.760 732 732 V SystemServerTiming: OnBootPhase_600_com.android.server.recoverysystem.RecoverySystemService$Lifecycle took to complete: 0ms
05-23 09:26:33.760 732 732 D SystemServerTiming: OnBootPhase_600_com.android.server.lights.LightsService
05-23 09:26:33.760 732 732 V SystemServerTiming: OnBootPhase_600_com.android.server.lights.LightsService took to complete: 0ms
05-23 09:26:33.760 732 732 D SystemServerTiming: OnBootPhase_600_com.android.server.display.DisplayManagerService
05-23 09:26:33.760 732 732 V SystemServerTiming: OnBootPhase_600_com.android.server.display.DisplayManagerService took to complete: 0ms
05-23 09:26:33.760 732 732 D SystemServerTiming: OnBootPhase_600_com.android.server.pm.verify.domain.DomainVerificationService
05-23 09:26:33.760 732 732 V SystemServerTiming: OnBootPhase_600_com.android.server.pm.verify.domain.DomainVerificationService took to complete: 0ms
05-23 09:26:33.760 732 732 D SystemServerTiming: OnBootPhase_600_com.android.server.pm.PackageInstallerService$Lifecycle
05-23 09:26:33.760 732 732 V SystemServerTiming: OnBootPhase_600_com.android.server.pm.PackageInstallerService$Lifecycle took to complete: 0ms
05-23 09:26:33.760 732 732 D SystemServerTiming: OnBootPhase_600_com.android.server.pm.UserManagerService$LifeCycle
05-23 09:26:33.760 732 732 V SystemServerTiming: OnBootPhase_600_com.android.server.pm.UserManagerService$LifeCycle took to complete: 0ms
05-23 09:26:33.760 732 732 D SystemServerTiming: OnBootPhase_600_com.android.server.om.OverlayManagerService
05-23 09:26:33.760 732 732 V SystemServerTiming: OnBootPhase_600_com.android.server.om.OverlayManagerService took to complete: 0ms
05-23 09:26:33.760 732 732 D SystemServerTiming: OnBootPhase_600_com.android.server.resources.ResourcesManagerService
05-23 09:26:33.760 732 732 V SystemServerTiming: OnBootPhase_600_com.android.server.resources.ResourcesManagerService took to complete: 0ms
05-23 09:26:33.760 732 732 D SystemServerTiming: OnBootPhase_600_com.android.server.sensorprivacy.SensorPrivacyService
05-23 09:26:33.760 732 732 V SystemServerTiming: OnBootPhase_600_com.android.server.sensorprivacy.SensorPrivacyService took to complete: 0ms
05-23 09:26:33.760 732 732 D SystemServerTiming: OnBootPhase_600_com.android.server.sensors.SensorService
05-23 09:26:33.760 732 732 V SystemServerTiming: OnBootPhase_600_com.android.server.sensors.SensorService took to complete: 0ms
05-23 09:26:33.760 732 732 D SystemServerTiming: OnBootPhase_600_com.android.server.SystemConfigService
05-23 09:26:33.760 732 732 V SystemServerTiming: OnBootPhase_600_com.android.server.SystemConfigService took to complete: 0ms
05-23 09:26:33.760 732 732 D SystemServerTiming: OnBootPhase_600_com.android.server.BatteryService
05-23 09:26:33.760 732 732 V SystemServerTiming: OnBootPhase_600_com.android.server.BatteryService took to complete: 0ms
05-23 09:26:33.760 732 732 D SystemServerTiming: OnBootPhase_600_com.android.server.usage.UsageStatsService
05-23 09:26:33.760 732 732 V SystemServerTiming: OnBootPhase_600_com.android.server.usage.UsageStatsService took to complete: 0ms
05-23 09:26:33.760 732 732 D SystemServerTiming: OnBootPhase_600_com.android.server.webkit.WebViewUpdateService
05-23 09:26:33.760 732 732 V SystemServerTiming: OnBootPhase_600_com.android.server.webkit.WebViewUpdateService took to complete: 0ms
05-23 09:26:33.760 732 732 D SystemServerTiming: OnBootPhase_600_com.android.server.CachedDeviceStateService
05-23 09:26:33.760 732 732 V SystemServerTiming: OnBootPhase_600_com.android.server.CachedDeviceStateService took to complete: 0ms
05-23 09:26:33.760 732 732 D SystemServerTiming: OnBootPhase_600_com.android.server.BinderCallsStatsService$LifeCycle
05-23 09:26:33.760 732 732 V SystemServerTiming: OnBootPhase_600_com.android.server.BinderCallsStatsService$LifeCycle took to complete: 0ms
05-23 09:26:33.760 732 732 D SystemServerTiming: OnBootPhase_600_com.android.server.LooperStatsService$Lifecycle
05-23 09:26:33.760 732 732 V SystemServerTiming: OnBootPhase_600_com.android.server.LooperStatsService$Lifecycle took to complete: 0ms
05-23 09:26:33.760 732 732 D SystemServerTiming: OnBootPhase_600_com.android.server.rollback.RollbackManagerService
05-23 09:26:33.760 732 732 V SystemServerTiming: OnBootPhase_600_com.android.server.rollback.RollbackManagerService took to complete: 0ms
05-23 09:26:33.760 732 732 D SystemServerTiming: OnBootPhase_600_com.android.server.os.NativeTombstoneManagerService
05-23 09:26:33.760 732 732 V SystemServerTiming: OnBootPhase_600_com.android.server.os.NativeTombstoneManagerService took to complete: 0ms
05-23 09:26:33.760 732 732 D SystemServerTiming: OnBootPhase_600_com.android.server.os.BugreportManagerService
05-23 09:26:33.760 732 732 V SystemServerTiming: OnBootPhase_600_com.android.server.os.BugreportManagerService took to complete: 0ms
05-23 09:26:33.760 732 732 D SystemServerTiming: OnBootPhase_600_com.android.server.gpu.GpuService
05-23 09:26:33.760 732 732 V SystemServerTiming: OnBootPhase_600_com.android.server.gpu.GpuService took to complete: 0ms
05-23 09:26:33.760 732 732 D SystemServerTiming: OnBootPhase_600_com.android.server.security.rkp.RemoteProvisioningService
05-23 09:26:33.761 732 732 V SystemServerTiming: OnBootPhase_600_com.android.server.security.rkp.RemoteProvisioningService took to complete: 0ms
05-23 09:26:33.761 732 732 D SystemServerTiming: OnBootPhase_600_com.android.server.cpu.CpuMonitorService
05-23 09:26:33.761 732 732 V SystemServerTiming: OnBootPhase_600_com.android.server.cpu.CpuMonitorService took to complete: 0ms
05-23 09:26:33.761 732 732 D SystemServerTiming: OnBootPhase_600_com.android.server.security.KeyChainSystemService
05-23 09:26:33.761 732 732 V SystemServerTiming: OnBootPhase_600_com.android.server.security.KeyChainSystemService took to complete: 0ms
05-23 09:26:33.761 732 732 D SystemServerTiming: OnBootPhase_600_com.android.server.BinaryTransparencyService
05-23 09:26:33.761 732 732 V SystemServerTiming: OnBootPhase_600_com.android.server.BinaryTransparencyService took to complete: 0ms
05-23 09:26:33.761 732 732 D SystemServerTiming: OnBootPhase_600_com.android.server.accounts.AccountManagerService$Lifecycle
05-23 09:26:33.761 732 732 V SystemServerTiming: OnBootPhase_600_com.android.server.accounts.AccountManagerService$Lifecycle took to complete: 0ms
05-23 09:26:33.761 732 732 D SystemServerTiming: OnBootPhase_600_com.android.server.content.ContentService$Lifecycle
05-23 09:26:33.761 732 732 V SystemServerTiming: OnBootPhase_600_com.android.server.content.ContentService$Lifecycle took to complete: 0ms
05-23 09:26:33.761 732 732 D SystemServerTiming: OnBootPhase_600_com.android.server.deviceconfig.DeviceConfigInit$Lifecycle
05-23 09:26:33.761 732 732 V SystemServerTiming: OnBootPhase_600_com.android.server.deviceconfig.DeviceConfigInit$Lifecycle took to complete: 0ms
05-23 09:26:33.761 732 732 D SystemServerTiming: OnBootPhase_600_com.android.server.DropBoxManagerService
05-23 09:26:33.761 732 732 V SystemServerTiming: OnBootPhase_600_com.android.server.DropBoxManagerService took to complete: 0ms
05-23 09:26:33.761 732 732 D SystemServerTiming: OnBootPhase_600_com.android.role.RoleService
05-23 09:26:33.761 732 732 V SystemServerTiming: OnBootPhase_600_com.android.role.RoleService took to complete: 0ms
05-23 09:26:33.761 732 732 D SystemServerTiming: OnBootPhase_600_com.android.server.vibrator.VibratorManagerService$Lifecycle
05-23 09:26:33.761 732 732 V SystemServerTiming: OnBootPhase_600_com.android.server.vibrator.VibratorManagerService$Lifecycle took to complete: 0ms
05-23 09:26:33.761 732 732 D SystemServerTiming: OnBootPhase_600_com.android.server.tare.InternalResourceService
05-23 09:26:33.761 732 732 V SystemServerTiming: OnBootPhase_600_com.android.server.tare.InternalResourceService took to complete: 0ms
05-23 09:26:33.761 732 732 D SystemServerTiming: OnBootPhase_600_com.android.server.alarm.AlarmManagerService
05-23 09:26:33.761 732 732 V SystemServerTiming: OnBootPhase_600_com.android.server.alarm.AlarmManagerService took to complete: 0ms
05-23 09:26:33.761 732 732 D SystemServerTiming: OnBootPhase_600_com.android.server.devicestate.DeviceStateManagerService
05-23 09:26:33.761 732 732 V SystemServerTiming: OnBootPhase_600_com.android.server.devicestate.DeviceStateManagerService took to complete: 0ms
05-23 09:26:33.761 732 732 D SystemServerTiming: OnBootPhase_600_com.android.server.camera.CameraServiceProxy
05-23 09:26:33.761 732 732 V SystemServerTiming: OnBootPhase_600_com.android.server.camera.CameraServiceProxy took to complete: 0ms
05-23 09:26:33.761 732 732 D SystemServerTiming: OnBootPhase_600_com.android.server.bluetooth.BluetoothService
05-23 09:26:33.761 732 732 V SystemServerTiming: OnBootPhase_600_com.android.server.bluetooth.BluetoothService took to complete: 0ms
05-23 09:26:33.761 732 732 D SystemServerTiming: OnBootPhase_600_com.android.server.connectivity.IpConnectivityMetrics
05-23 09:26:33.761 732 732 V SystemServerTiming: OnBootPhase_600_com.android.server.connectivity.IpConnectivityMetrics took to complete: 0ms
05-23 09:26:33.761 732 732 D SystemServerTiming: OnBootPhase_600_com.android.server.net.watchlist.NetworkWatchlistService$Lifecycle
05-23 09:26:33.761 732 732 V SystemServerTiming: OnBootPhase_600_com.android.server.net.watchlist.NetworkWatchlistService$Lifecycle took to complete: 0ms
05-23 09:26:33.761 732 732 D SystemServerTiming: OnBootPhase_600_com.android.server.PinnerService
05-23 09:26:33.761 732 732 V SystemServerTiming: OnBootPhase_600_com.android.server.PinnerService took to complete: 0ms
05-23 09:26:33.761 732 732 D SystemServerTiming: OnBootPhase_600_com.android.server.integrity.AppIntegrityManagerService
05-23 09:26:33.761 732 732 V SystemServerTiming: OnBootPhase_600_com.android.server.integrity.AppIntegrityManagerService took to complete: 0ms
05-23 09:26:33.761 732 732 D SystemServerTiming: OnBootPhase_600_com.android.server.logcat.LogcatManagerService
05-23 09:26:33.761 732 732 V SystemServerTiming: OnBootPhase_600_com.android.server.logcat.LogcatManagerService took to complete: 0ms
05-23 09:26:33.761 732 732 D SystemServerTiming: OnBootPhase_600_com.android.server.inputmethod.InputMethodManagerService$Lifecycle
05-23 09:26:33.761 732 732 V SystemServerTiming: OnBootPhase_600_com.android.server.inputmethod.InputMethodManagerService$Lifecycle took to complete: 0ms
05-23 09:26:33.761 732 732 D SystemServerTiming: OnBootPhase_600_com.android.server.accessibility.AccessibilityManagerService$Lifecycle
05-23 09:26:33.764 732 732 V SystemServerTiming: OnBootPhase_600_com.android.server.accessibility.AccessibilityManagerService$Lifecycle took to complete: 2ms
05-23 09:26:33.765 732 732 D SystemServerTiming: OnBootPhase_600_com.android.server.StorageManagerService$Lifecycle
05-23 09:26:33.765 732 732 V SystemServerTiming: OnBootPhase_600_com.android.server.StorageManagerService$Lifecycle took to complete: 0ms
05-23 09:26:33.765 732 732 D SystemServerTiming: OnBootPhase_600_com.android.server.usage.StorageStatsService$Lifecycle
05-23 09:26:33.765 732 732 V SystemServerTiming: OnBootPhase_600_com.android.server.usage.StorageStatsService$Lifecycle took to complete: 0ms
05-23 09:26:33.765 732 732 D SystemServerTiming: OnBootPhase_600_com.android.server.UiModeManagerService
05-23 09:26:33.765 732 732 V SystemServerTiming: OnBootPhase_600_com.android.server.UiModeManagerService took to complete: 0ms
05-23 09:26:33.765 732 732 D SystemServerTiming: OnBootPhase_600_com.android.server.locales.LocaleManagerService
05-23 09:26:33.765 732 732 V SystemServerTiming: OnBootPhase_600_com.android.server.locales.LocaleManagerService took to complete: 0ms
05-23 09:26:33.765 732 732 D SystemServerTiming: OnBootPhase_600_com.android.server.grammaticalinflection.GrammaticalInflectionService
05-23 09:26:33.765 732 732 V SystemServerTiming: OnBootPhase_600_com.android.server.grammaticalinflection.GrammaticalInflectionService took to complete: 0ms
05-23 09:26:33.765 732 732 D SystemServerTiming: OnBootPhase_600_com.android.server.apphibernation.AppHibernationService
05-23 09:26:33.765 732 732 V SystemServerTiming: OnBootPhase_600_com.android.server.apphibernation.AppHibernationService took to complete: 0ms
05-23 09:26:33.765 732 732 D SystemServerTiming: OnBootPhase_600_com.android.server.locksettings.LockSettingsService$Lifecycle
05-23 09:26:33.765 732 732 V SystemServerTiming: OnBootPhase_600_com.android.server.locksettings.LockSettingsService$Lifecycle took to complete: 0ms
05-23 09:26:33.765 732 732 D SystemServerTiming: OnBootPhase_600_com.android.server.PersistentDataBlockService
05-23 09:26:33.765 732 732 V SystemServerTiming: OnBootPhase_600_com.android.server.PersistentDataBlockService took to complete: 0ms
05-23 09:26:33.765 732 732 D SystemServerTiming: OnBootPhase_600_com.android.server.testharness.TestHarnessModeService
05-23 09:26:33.765 732 732 V SystemServerTiming: OnBootPhase_600_com.android.server.testharness.TestHarnessModeService took to complete: 0ms
05-23 09:26:33.765 732 732 D SystemServerTiming: OnBootPhase_600_com.android.server.oemlock.OemLockService
05-23 09:26:33.765 732 732 V SystemServerTiming: OnBootPhase_600_com.android.server.oemlock.OemLockService took to complete: 0ms
05-23 09:26:33.765 732 732 D SystemServerTiming: OnBootPhase_600_com.android.server.DeviceIdleController
05-23 09:26:33.765 732 732 V SystemServerTiming: OnBootPhase_600_com.android.server.DeviceIdleController took to complete: 0ms
05-23 09:26:33.765 732 732 D SystemServerTiming: OnBootPhase_600_com.android.server.devicepolicy.DevicePolicyManagerService$Lifecycle
05-23 09:26:33.765 732 732 V SystemServerTiming: OnBootPhase_600_com.android.server.devicepolicy.DevicePolicyManagerService$Lifecycle took to complete: 0ms
05-23 09:26:33.765 732 732 D SystemServerTiming: OnBootPhase_600_com.android.server.texttospeech.TextToSpeechManagerService
05-23 09:26:33.766 732 732 V SystemServerTiming: OnBootPhase_600_com.android.server.texttospeech.TextToSpeechManagerService took to complete: 1ms
05-23 09:26:33.766 732 732 D SystemServerTiming: OnBootPhase_600_com.android.server.ambientcontext.AmbientContextManagerService
05-23 09:26:33.766 732 732 V SystemServerTiming: OnBootPhase_600_com.android.server.ambientcontext.AmbientContextManagerService took to complete: 0ms
05-23 09:26:33.766 732 732 D SystemServerTiming: OnBootPhase_600_com.android.server.wearable.WearableSensingManagerService
05-23 09:26:33.766 732 732 V SystemServerTiming: OnBootPhase_600_com.android.server.wearable.WearableSensingManagerService took to complete: 0ms
05-23 09:26:33.766 732 732 D SystemServerTiming: OnBootPhase_600_com.android.server.speech.SpeechRecognitionManagerService
05-23 09:26:33.766 732 732 V SystemServerTiming: OnBootPhase_600_com.android.server.speech.SpeechRecognitionManagerService took to complete: 1ms
05-23 09:26:33.766 732 732 D SystemServerTiming: OnBootPhase_600_com.android.server.searchui.SearchUiManagerService
05-23 09:26:33.766 732 732 V SystemServerTiming: OnBootPhase_600_com.android.server.searchui.SearchUiManagerService took to complete: 0ms
05-23 09:26:33.767 732 732 D SystemServerTiming: OnBootPhase_600_com.android.server.smartspace.SmartspaceManagerService
05-23 09:26:33.767 732 732 V SystemServerTiming: OnBootPhase_600_com.android.server.smartspace.SmartspaceManagerService took to complete: 0ms
05-23 09:26:33.767 732 732 D SystemServerTiming: OnBootPhase_600_com.android.server.graphics.fonts.FontManagerService$Lifecycle
05-23 09:26:33.767 732 732 V SystemServerTiming: OnBootPhase_600_com.android.server.graphics.fonts.FontManagerService$Lifecycle took to complete: 0ms
05-23 09:26:33.767 732 732 D SystemServerTiming: OnBootPhase_600_com.android.server.textservices.TextServicesManagerService$Lifecycle
05-23 09:26:33.767 732 732 V SystemServerTiming: OnBootPhase_600_com.android.server.textservices.TextServicesManagerService$Lifecycle took to complete: 0ms
05-23 09:26:33.767 732 732 D SystemServerTiming: OnBootPhase_600_com.android.server.textclassifier.TextClassificationManagerService$Lifecycle
05-23 09:26:33.767 732 732 V SystemServerTiming: OnBootPhase_600_com.android.server.textclassifier.TextClassificationManagerService$Lifecycle took to complete: 0ms
05-23 09:26:33.767 732 732 D SystemServerTiming: OnBootPhase_600_com.android.server.NetworkScoreService$Lifecycle
05-23 09:26:33.767 732 732 V SystemServerTiming: OnBootPhase_600_com.android.server.NetworkScoreService$Lifecycle took to complete: 0ms
05-23 09:26:33.767 732 732 D SystemServerTiming: OnBootPhase_600_com.android.server.NetworkStatsServiceInitializer
05-23 09:26:33.767 732 732 V SystemServerTiming: OnBootPhase_600_com.android.server.NetworkStatsServiceInitializer took to complete: 0ms
05-23 09:26:33.767 732 732 D SystemServerTiming: OnBootPhase_600_com.android.server.wifi.WifiService
05-23 09:26:33.767 732 732 V SystemServerTiming: OnBootPhase_600_com.android.server.wifi.WifiService took to complete: 0ms
05-23 09:26:33.767 732 732 D SystemServerTiming: OnBootPhase_600_com.android.server.wifi.scanner.WifiScanningService
05-23 09:26:33.767 732 732 V SystemServerTiming: OnBootPhase_600_com.android.server.wifi.scanner.WifiScanningService took to complete: 0ms
05-23 09:26:33.767 732 732 D SystemServerTiming: OnBootPhase_600_com.android.server.wifi.p2p.WifiP2pService
05-23 09:26:33.767 732 732 V SystemServerTiming: OnBootPhase_600_com.android.server.wifi.p2p.WifiP2pService took to complete: 0ms
05-23 09:26:33.767 732 732 D SystemServerTiming: OnBootPhase_600_com.android.server.ConnectivityServiceInitializer
05-23 09:26:33.771 732 732 V SystemServerTiming: OnBootPhase_600_com.android.server.ConnectivityServiceInitializer took to complete: 4ms
05-23 09:26:33.771 732 732 D SystemServerTiming: OnBootPhase_600_com.android.server.notification.NotificationManagerService
05-23 09:26:33.777 732 732 V SystemServerTiming: OnBootPhase_600_com.android.server.notification.NotificationManagerService took to complete: 6ms
05-23 09:26:33.777 732 732 D SystemServerTiming: OnBootPhase_600_com.android.server.storage.DeviceStorageMonitorService
05-23 09:26:33.777 732 732 V SystemServerTiming: OnBootPhase_600_com.android.server.storage.DeviceStorageMonitorService took to complete: 0ms
05-23 09:26:33.777 732 732 D SystemServerTiming: OnBootPhase_600_com.android.server.timedetector.TimeDetectorService$Lifecycle
05-23 09:26:33.777 732 732 V SystemServerTiming: OnBootPhase_600_com.android.server.timedetector.TimeDetectorService$Lifecycle took to complete: 0ms
05-23 09:26:33.777 732 732 D SystemServerTiming: OnBootPhase_600_com.android.server.location.LocationManagerService$Lifecycle
05-23 09:26:33.787 732 753 D CompatibilityChangeReporter: Compat change id reported: 261072174; UID 1000; state: ENABLED
05-23 09:26:33.788 732 753 W Looper : Drained
01-01 08:00:20.368 0 0 I [2 T242 ..] servicemanager: Could not find android.hardware.gnss.IGnss/default in the VINTF manifest.
05-23 09:26:33.795 732 820 I BootReceiver: Copying /data/tombstones/tombstone_04 to DropBox (SYSTEM_TOMBSTONE)
05-23 09:26:33.815 732 820 I DropBoxManagerService: add tag=SYSTEM_TOMBSTONE isTagEnabled=true flags=0x6
01-01 08:00:20.401 0 0 I [3 T242 ..] servicemanager: Found android.hardware.wifi.IWifi/default in device VINTF manifest.
01-01 08:00:20.402 0 0 I [3 T242 ..] servicemanager: Found android.hardware.wifi.supplicant.ISupplicant/default in device VINTF manifest.
01-01 08:00:20.406 0 0 I [3 T242 ..] servicemanager: Found android.hardware.wifi.supplicant.ISupplicant/default in device VINTF manifest.
01-01 08:00:20.408 0 0 I [3 T242 ..] servicemanager: Since 'android.hardware.wifi.supplicant.ISupplicant/default' could not be found, trying to start it as a lazy AIDL service. (if it's not configured to be a lazy service, it may be stuck starting or still starting).
05-23 09:26:33.871 732 763 I PackageWatchdog: Saving observer state to file
05-23 09:26:33.872 732 732 W SystemServiceManager: Service com.android.server.location.LocationManagerService$Lifecycle took 95 ms in onBootPhase
05-23 09:26:33.876 732 732 V SystemServerTiming: OnBootPhase_600_com.android.server.location.LocationManagerService$Lifecycle took to complete: 100ms
05-23 09:26:33.876 732 732 D SystemServerTiming: OnBootPhase_600_com.android.server.timezonedetector.TimeZoneDetectorService$Lifecycle
05-23 09:26:33.876 732 732 V SystemServerTiming: OnBootPhase_600_com.android.server.timezonedetector.TimeZoneDetectorService$Lifecycle took to complete: 0ms
05-23 09:26:33.876 732 732 D SystemServerTiming: OnBootPhase_600_com.android.server.location.altitude.AltitudeService$Lifecycle
05-23 09:26:33.876 732 732 V SystemServerTiming: OnBootPhase_600_com.android.server.location.altitude.AltitudeService$Lifecycle took to complete: 0ms
05-23 09:26:33.876 732 732 D SystemServerTiming: OnBootPhase_600_com.android.server.timezonedetector.location.LocationTimeZoneManagerService$Lifecycle
05-23 09:26:33.877 732 732 V SystemServerTiming: OnBootPhase_600_com.android.server.timezonedetector.location.LocationTimeZoneManagerService$Lifecycle took to complete: 0ms
05-23 09:26:33.877 732 732 D SystemServerTiming: OnBootPhase_600_com.android.server.search.SearchManagerService$Lifecycle
05-23 09:26:33.877 732 732 V SystemServerTiming: OnBootPhase_600_com.android.server.search.SearchManagerService$Lifecycle took to complete: 0ms
05-23 09:26:33.877 732 732 D SystemServerTiming: OnBootPhase_600_com.android.server.wallpaper.WallpaperManagerService$Lifecycle
05-23 09:26:33.877 732 732 D WallpaperManagerService: Wallpaper_switch-user-0
05-23 09:26:33.877 732 869 W BroadcastLoopers: Found previously unknown looper Thread[NetworkStats,5,main]
05-23 09:26:33.885 732 732 V WallpaperManagerService: bindWallpaperComponentLocked: componentName=ComponentInfo{com.android.systemui/com.android.systemui.wallpapers.ImageWallpaper}
05-23 09:26:33.886 732 732 D WallpaperManagerService: WPMS.bindWallpaperComponentLocked-ComponentInfo{com.android.systemui/com.android.systemui.wallpapers.ImageWallpaper}
05-23 09:26:33.887 732 732 V WallpaperManagerService: WPMS.bindWallpaperComponentLocked-ComponentInfo{com.android.systemui/com.android.systemui.wallpapers.ImageWallpaper} took to complete: 2ms
05-23 09:26:33.888 732 732 V WallpaperManagerService: Wallpaper_switch-user-0 took to complete: 11ms
05-23 09:26:33.888 732 732 V SystemServerTiming: OnBootPhase_600_com.android.server.wallpaper.WallpaperManagerService$Lifecycle took to complete: 11ms
05-23 09:26:33.888 732 732 D SystemServerTiming: OnBootPhase_600_com.android.server.wallpapereffectsgeneration.WallpaperEffectsGenerationManagerService
05-23 09:26:33.888 732 732 V SystemServerTiming: OnBootPhase_600_com.android.server.wallpapereffectsgeneration.WallpaperEffectsGenerationManagerService took to complete: 0ms
05-23 09:26:33.888 732 732 D SystemServerTiming: OnBootPhase_600_com.android.server.audio.AudioService$Lifecycle
05-23 09:26:33.888 732 732 V SystemServerTiming: OnBootPhase_600_com.android.server.audio.AudioService$Lifecycle took to complete: 0ms
05-23 09:26:33.888 732 732 D SystemServerTiming: OnBootPhase_600_com.android.server.soundtrigger_middleware.SoundTriggerMiddlewareService$Lifecycle
05-23 09:26:33.888 732 732 V SystemServerTiming: OnBootPhase_600_com.android.server.soundtrigger_middleware.SoundTriggerMiddlewareService$Lifecycle took to complete: 0ms
05-23 09:26:33.888 732 732 D SystemServerTiming: OnBootPhase_600_com.android.server.adb.AdbService$Lifecycle
05-23 09:26:33.888 732 732 V SystemServerTiming: OnBootPhase_600_com.android.server.adb.AdbService$Lifecycle took to complete: 0ms
05-23 09:26:33.888 732 732 D SystemServerTiming: OnBootPhase_600_com.android.server.usb.UsbService$Lifecycle
05-23 09:26:33.888 732 732 V SystemServerTiming: OnBootPhase_600_com.android.server.usb.UsbService$Lifecycle took to complete: 0ms
05-23 09:26:33.888 732 732 D SystemServerTiming: OnBootPhase_600_com.android.server.twilight.TwilightService
05-23 09:26:33.888 732 732 V SystemServerTiming: OnBootPhase_600_com.android.server.twilight.TwilightService took to complete: 0ms
05-23 09:26:33.888 732 732 D SystemServerTiming: OnBootPhase_600_com.android.server.display.color.ColorDisplayService
05-23 09:26:33.888 732 732 V SystemServerTiming: OnBootPhase_600_com.android.server.display.color.ColorDisplayService took to complete: 0ms
05-23 09:26:33.888 732 732 D SystemServerTiming: OnBootPhase_600_com.android.server.job.JobSchedulerService
05-23 09:26:33.892 732 820 E NativeTombstoneManager: Tombstone's UID (1002) not an app, ignoring
05-23 09:26:33.905 732 732 V SystemServerTiming: OnBootPhase_600_com.android.server.job.JobSchedulerService took to complete: 12ms
05-23 09:26:33.905 732 732 D SystemServerTiming: OnBootPhase_600_com.android.server.soundtrigger.SoundTriggerService
05-23 09:26:33.906 732 732 D SoundTriggerService: onBootPhase: 600 : false
05-23 09:26:33.912 732 732 V SystemServerTiming: OnBootPhase_600_com.android.server.soundtrigger.SoundTriggerService took to complete: 7ms
05-23 09:26:33.912 732 732 D SystemServerTiming: OnBootPhase_600_com.android.server.trust.TrustManagerService
01-01 08:00:20.490 0 0 I [3 T242 ..] servicemanager: Found android.hardware.graphics.allocator.IAllocator/default in device VINTF manifest.
01-01 08:00:20.493 0 0 I [0 T242 ..] servicemanager: Found android.hardware.graphics.allocator.IAllocator/default in device VINTF manifest.
05-23 09:26:33.917 296 296 I keystore2: system/security/keystore2/src/authorization.rs:143 - on_lock_screen_event(r#UNLOCK, user_id=0, password.is_some()=false, unlocking_sids=Some([]))
05-23 09:26:33.918 732 732 V SystemServerTiming: OnBootPhase_600_com.android.server.trust.TrustManagerService took to complete: 5ms
05-23 09:26:33.918 732 732 D SystemServerTiming: OnBootPhase_600_com.android.server.backup.BackupManagerService$Lifecycle
05-23 09:26:33.918 732 732 V SystemServerTiming: OnBootPhase_600_com.android.server.backup.BackupManagerService$Lifecycle took to complete: 0ms
05-23 09:26:33.918 732 732 D SystemServerTiming: OnBootPhase_600_com.android.server.appwidget.AppWidgetService
05-23 09:26:33.918 732 732 V SystemServerTiming: OnBootPhase_600_com.android.server.appwidget.AppWidgetService took to complete: 0ms
05-23 09:26:33.918 732 732 D SystemServerTiming: OnBootPhase_600_com.android.server.voiceinteraction.VoiceInteractionManagerService
05-23 09:26:33.920 732 732 V SystemServerTiming: OnBootPhase_600_com.android.server.voiceinteraction.VoiceInteractionManagerService took to complete: 3ms
05-23 09:26:33.920 732 732 D SystemServerTiming: OnBootPhase_600_com.android.server.GestureLauncherService
05-23 09:26:33.923 732 745 W PackageManager: Invalid dex load report. loadingPackageName=null, uid=1037
05-23 09:26:33.926 732 732 V SystemServerTiming: OnBootPhase_600_com.android.server.GestureLauncherService took to complete: 6ms
05-23 09:26:33.927 732 732 D SystemServerTiming: OnBootPhase_600_com.android.server.SensorNotificationService
05-23 09:26:33.928 732 732 V SystemServerTiming: OnBootPhase_600_com.android.server.SensorNotificationService took to complete: 1ms
05-23 09:26:33.928 732 732 D SystemServerTiming: OnBootPhase_600_com.android.server.emergency.EmergencyAffordanceService
05-23 09:26:33.928 732 732 V SystemServerTiming: OnBootPhase_600_com.android.server.emergency.EmergencyAffordanceService took to complete: 0ms
05-23 09:26:33.928 732 732 D SystemServerTiming: OnBootPhase_600_com.android.server.blob.BlobStoreManagerService
01-01 08:00:20.551 0 0 I [3 T1016 ..] capability: warning: `wpa_supplicant' uses 32-bit capabilities (legacy support in use)
01-01 08:00:20.564 0 0 I [0 T242 ..] servicemanager: Found android.hardware.wifi.supplicant.ISupplicant/default in device VINTF manifest.
05-23 09:26:33.993 732 732 W SystemServiceManager: Service com.android.server.blob.BlobStoreManagerService took 65 ms in onBootPhase
05-23 09:26:33.993 732 732 V SystemServerTiming: OnBootPhase_600_com.android.server.blob.BlobStoreManagerService took to complete: 65ms
05-23 09:26:33.993 732 732 D SystemServerTiming: OnBootPhase_600_com.android.server.dreams.DreamManagerService
05-23 09:26:33.996 732 732 V SystemServerTiming: OnBootPhase_600_com.android.server.dreams.DreamManagerService took to complete: 4ms
05-23 09:26:33.997 732 732 D SystemServerTiming: OnBootPhase_600_com.android.server.security.AttestationVerificationManagerService
05-23 09:26:33.997 732 732 V SystemServerTiming: OnBootPhase_600_com.android.server.security.AttestationVerificationManagerService took to complete: 0ms
05-23 09:26:33.997 732 732 D SystemServerTiming: OnBootPhase_600_com.android.server.restrictions.RestrictionsManagerService
05-23 09:26:33.997 732 732 V SystemServerTiming: OnBootPhase_600_com.android.server.restrictions.RestrictionsManagerService took to complete: 0ms
05-23 09:26:33.997 732 732 D SystemServerTiming: OnBootPhase_600_com.android.server.media.MediaSessionService
05-23 09:26:33.997 732 732 V SystemServerTiming: OnBootPhase_600_com.android.server.media.MediaSessionService took to complete: 0ms
05-23 09:26:33.997 732 732 D SystemServerTiming: OnBootPhase_600_com.android.server.hdmi.HdmiControlService
05-23 09:26:33.997 732 732 V SystemServerTiming: OnBootPhase_600_com.android.server.hdmi.HdmiControlService took to complete: 0ms
05-23 09:26:33.997 732 732 D SystemServerTiming: OnBootPhase_600_com.android.server.tv.interactive.TvInteractiveAppManagerService
01-01 08:00:20.574 0 0 I [2 T242 ..] BpBinder: onLastStrongRef automatically unlinking death recipients:
05-23 09:26:34.008 732 732 V SystemServerTiming: OnBootPhase_600_com.android.server.tv.interactive.TvInteractiveAppManagerService took to complete: 11ms
05-23 09:26:34.008 732 732 D SystemServerTiming: OnBootPhase_600_com.android.server.tv.TvInputManagerService
05-23 09:26:34.008 732 732 V SystemServerTiming: OnBootPhase_600_com.android.server.tv.TvInputManagerService took to complete: 0ms
05-23 09:26:34.008 732 732 D SystemServerTiming: OnBootPhase_600_com.android.server.media.MediaResourceMonitorService
05-23 09:26:34.008 732 732 V SystemServerTiming: OnBootPhase_600_com.android.server.media.MediaResourceMonitorService took to complete: 0ms
05-23 09:26:34.009 732 732 D SystemServerTiming: OnBootPhase_600_com.android.server.tv.TvRemoteService
05-23 09:26:34.009 732 732 V SystemServerTiming: OnBootPhase_600_com.android.server.tv.TvRemoteService took to complete: 0ms
05-23 09:26:34.013 732 732 D SystemServerTiming: OnBootPhase_600_com.android.server.biometrics.BiometricService
05-23 09:26:34.013 732 732 V SystemServerTiming: OnBootPhase_600_com.android.server.biometrics.BiometricService took to complete: 0ms
05-23 09:26:34.013 732 732 D SystemServerTiming: OnBootPhase_600_com.android.server.biometrics.AuthService
05-23 09:26:34.013 732 732 V SystemServerTiming: OnBootPhase_600_com.android.server.biometrics.AuthService took to complete: 0ms
05-23 09:26:34.013 732 732 D SystemServerTiming: OnBootPhase_600_com.android.server.pm.ShortcutService$Lifecycle
05-23 09:26:34.013 732 732 V SystemServerTiming: OnBootPhase_600_com.android.server.pm.ShortcutService$Lifecycle took to complete: 0ms
05-23 09:26:34.013 732 732 D SystemServerTiming: OnBootPhase_600_com.android.server.pm.LauncherAppsService
05-23 09:26:34.013 732 732 V SystemServerTiming: OnBootPhase_600_com.android.server.pm.LauncherAppsService took to complete: 0ms
05-23 09:26:34.013 732 732 D SystemServerTiming: OnBootPhase_600_com.android.server.pm.CrossProfileAppsService
05-23 09:26:34.013 732 732 V SystemServerTiming: OnBootPhase_600_com.android.server.pm.CrossProfileAppsService took to complete: 0ms
05-23 09:26:34.013 732 732 D SystemServerTiming: OnBootPhase_600_com.android.server.people.PeopleService
05-23 09:26:34.013 732 732 V SystemServerTiming: OnBootPhase_600_com.android.server.people.PeopleService took to complete: 0ms
05-23 09:26:34.013 732 732 D SystemServerTiming: OnBootPhase_600_com.android.server.media.metrics.MediaMetricsManagerService
05-23 09:26:34.013 732 732 V SystemServerTiming: OnBootPhase_600_com.android.server.media.metrics.MediaMetricsManagerService took to complete: 0ms
05-23 09:26:34.013 732 732 D SystemServerTiming: OnBootPhase_600_com.android.server.pm.BackgroundInstallControlService
05-23 09:26:34.013 732 732 V SystemServerTiming: OnBootPhase_600_com.android.server.pm.BackgroundInstallControlService took to complete: 0ms
05-23 09:26:34.013 732 732 D SystemServerTiming: OnBootPhase_600_com.android.server.media.projection.MediaProjectionManagerService
05-23 09:26:34.013 732 732 V SystemServerTiming: OnBootPhase_600_com.android.server.media.projection.MediaProjectionManagerService took to complete: 0ms
05-23 09:26:34.013 732 732 D SystemServerTiming: OnBootPhase_600_com.android.server.slice.SliceManagerService$Lifecycle
05-23 09:26:34.013 732 732 V SystemServerTiming: OnBootPhase_600_com.android.server.slice.SliceManagerService$Lifecycle took to complete: 0ms
05-23 09:26:34.013 732 732 D SystemServerTiming: OnBootPhase_600_com.android.server.stats.StatsCompanion$Lifecycle
01-01 08:00:20.606 0 0 I [2 T242 ..] servicemanager: Found android.hardware.wifi.IWifi/default in device VINTF manifest.
05-23 09:26:34.059 732 820 I DropBoxManagerService: add tag=SYSTEM_TOMBSTONE_PROTO_WITH_HEADERS isTagEnabled=true flags=0x4
05-23 09:26:34.110 732 732 W SystemServiceManager: Service com.android.server.stats.StatsCompanion$Lifecycle took 97 ms in onBootPhase
05-23 09:26:34.110 732 732 V SystemServerTiming: OnBootPhase_600_com.android.server.stats.StatsCompanion$Lifecycle took to complete: 97ms
05-23 09:26:34.110 732 732 D SystemServerTiming: OnBootPhase_600_com.android.server.scheduling.RebootReadinessManagerService$Lifecycle
05-23 09:26:34.110 732 732 V SystemServerTiming: OnBootPhase_600_com.android.server.scheduling.RebootReadinessManagerService$Lifecycle took to complete: 0ms
05-23 09:26:34.110 732 732 D SystemServerTiming: OnBootPhase_600_com.android.server.stats.pull.StatsPullAtomService
05-23 09:26:34.110 732 732 V SystemServerTiming: OnBootPhase_600_com.android.server.stats.pull.StatsPullAtomService took to complete: 1ms
05-23 09:26:34.110 732 732 D SystemServerTiming: OnBootPhase_600_com.android.server.stats.bootstrap.StatsBootstrapAtomService$Lifecycle
05-23 09:26:34.110 732 732 V SystemServerTiming: OnBootPhase_600_com.android.server.stats.bootstrap.StatsBootstrapAtomService$Lifecycle took to complete: 0ms
05-23 09:26:34.110 732 732 D SystemServerTiming: OnBootPhase_600_com.android.server.incident.IncidentCompanionService
05-23 09:26:34.110 732 732 V SystemServerTiming: OnBootPhase_600_com.android.server.incident.IncidentCompanionService took to complete: 0ms
05-23 09:26:34.110 732 732 D SystemServerTiming: OnBootPhase_600_com.android.server.sdksandbox.SdkSandboxManagerService$Lifecycle
05-23 09:26:34.110 732 732 V SystemServerTiming: OnBootPhase_600_com.android.server.sdksandbox.SdkSandboxManagerService$Lifecycle took to complete: 0ms
05-23 09:26:34.110 732 732 D SystemServerTiming: OnBootPhase_600_com.android.server.adservices.AdServicesManagerService$Lifecycle
05-23 09:26:34.110 732 732 V SystemServerTiming: OnBootPhase_600_com.android.server.adservices.AdServicesManagerService$Lifecycle took to complete: 0ms
05-23 09:26:34.110 732 732 D SystemServerTiming: OnBootPhase_600_com.android.server.ondevicepersonalization.OnDevicePersonalizationSystemService$Lifecycle
05-23 09:26:34.110 732 732 V SystemServerTiming: OnBootPhase_600_com.android.server.ondevicepersonalization.OnDevicePersonalizationSystemService$Lifecycle took to complete: 0ms
05-23 09:26:34.110 732 732 D SystemServerTiming: OnBootPhase_600_com.android.server.autofill.AutofillManagerService
05-23 09:26:34.111 732 732 V SystemServerTiming: OnBootPhase_600_com.android.server.autofill.AutofillManagerService took to complete: 1ms
05-23 09:26:34.111 732 732 D SystemServerTiming: OnBootPhase_600_com.android.server.clipboard.ClipboardService
05-23 09:26:34.111 732 732 V SystemServerTiming: OnBootPhase_600_com.android.server.clipboard.ClipboardService took to complete: 0ms
05-23 09:26:34.111 732 732 D SystemServerTiming: OnBootPhase_600_com.android.server.appbinding.AppBindingService$Lifecycle
05-23 09:26:34.112 732 732 V SystemServerTiming: OnBootPhase_600_com.android.server.appbinding.AppBindingService$Lifecycle took to complete: 0ms
05-23 09:26:34.112 732 732 D SystemServerTiming: OnBootPhase_600_com.android.server.tracing.TracingServiceProxy
05-23 09:26:34.112 732 732 V SystemServerTiming: OnBootPhase_600_com.android.server.tracing.TracingServiceProxy took to complete: 0ms
05-23 09:26:34.112 732 732 D SystemServerTiming: OnBootPhase_600_com.android.server.policy.PermissionPolicyService
05-23 09:26:34.112 732 732 V SystemServerTiming: OnBootPhase_600_com.android.server.policy.PermissionPolicyService took to complete: 0ms
05-23 09:26:34.112 732 732 D SystemServerTiming: OnBootPhase_600_com.android.server.pm.StagingManager$Lifecycle
05-23 09:26:34.112 732 732 V SystemServerTiming: OnBootPhase_600_com.android.server.pm.StagingManager$Lifecycle took to complete: 0ms
05-23 09:26:34.112 732 732 D SystemServerTiming: OnBootPhase_600_com.android.server.app.GameManagerService$Lifecycle
05-23 09:26:34.112 732 732 V SystemServerTiming: OnBootPhase_600_com.android.server.app.GameManagerService$Lifecycle took to complete: 0ms
05-23 09:26:34.112 732 732 D SystemServerTiming: OnBootPhase_600_com.android.safetycenter.SafetyCenterService
05-23 09:26:34.112 732 732 V SystemServerTiming: OnBootPhase_600_com.android.safetycenter.SafetyCenterService took to complete: 0ms
05-23 09:26:34.112 732 732 D SystemServerTiming: OnBootPhase_600_com.android.server.appsearch.AppSearchModule$Lifecycle
05-23 09:26:34.112 732 732 V SystemServerTiming: OnBootPhase_600_com.android.server.appsearch.AppSearchModule$Lifecycle took to complete: 0ms
05-23 09:26:34.112 732 732 D SystemServerTiming: OnBootPhase_600_com.android.server.media.MediaCommunicationService
05-23 09:26:34.112 732 732 V SystemServerTiming: OnBootPhase_600_com.android.server.media.MediaCommunicationService took to complete: 0ms
05-23 09:26:34.112 732 732 D SystemServerTiming: OnBootPhase_600_com.android.server.compat.overrides.AppCompatOverridesService$Lifecycle
05-23 09:26:34.112 732 732 V SystemServerTiming: OnBootPhase_600_com.android.server.compat.overrides.AppCompatOverridesService$Lifecycle took to complete: 0ms
05-23 09:26:34.112 732 732 D SystemServerTiming: OnBootPhase_600_com.android.server.healthconnect.HealthConnectManagerService
05-23 09:26:34.112 732 732 V SystemServerTiming: OnBootPhase_600_com.android.server.healthconnect.HealthConnectManagerService took to complete: 0ms
05-23 09:26:34.112 732 732 D SystemServerTiming: OnBootPhase_600_com.android.server.devicelock.DeviceLockService
05-23 09:26:34.112 732 732 D DeviceLockService: onBootPhase: 600
05-23 09:26:34.112 732 732 V SystemServerTiming: OnBootPhase_600_com.android.server.devicelock.DeviceLockService took to complete: 0ms
05-23 09:26:34.112 732 732 V SystemServerTiming: OnBootPhase_600 took to complete: 357ms
05-23 09:26:34.112 732 732 V SystemServerTiming: PhaseThirdPartyAppsCanStart took to complete: 357ms
05-23 09:26:34.112 732 732 D SystemServerTiming: StartNetworkStack
05-23 09:26:34.113 732 763 D StatsPullAtomService: Registering NetworkStats pullers with statsd
05-23 09:26:34.140 732 732 D CompatibilityChangeReporter: Compat change id reported: 135634846; UID 1073; state: DISABLED
05-23 09:26:34.144 732 732 V SystemServerTiming: StartNetworkStack took to complete: 32ms
05-23 09:26:34.144 732 732 D SystemServerTiming: StartTethering
05-23 09:26:34.147 732 732 V SystemServerTiming: StartTethering took to complete: 3ms
05-23 09:26:34.147 732 732 D SystemServerTiming: MakeCountryDetectionServiceReady
05-23 09:26:34.147 732 732 V SystemServerTiming: MakeCountryDetectionServiceReady took to complete: 0ms
05-23 09:26:34.147 732 732 D SystemServerTiming: MakeNetworkTimeUpdateReady
05-23 09:26:34.149 732 732 V SystemServerTiming: MakeNetworkTimeUpdateReady took to complete: 2ms
05-23 09:26:34.150 732 732 D SystemServerTiming: MakeInputManagerServiceReady
05-23 09:26:34.159 732 732 V SystemServerTiming: MakeInputManagerServiceReady took to complete: 10ms
05-23 09:26:34.159 732 732 D SystemServerTiming: MakeTelephonyRegistryReady
05-23 09:26:34.160 732 732 V SystemServerTiming: MakeTelephonyRegistryReady took to complete: 0ms
05-23 09:26:34.160 732 732 D SystemServerTiming: MakeMediaRouterServiceReady
05-23 09:26:34.160 732 732 I MR2ServiceImpl: switchUser | user: 0
05-23 09:26:34.160 732 732 V SystemServerTiming: MakeMediaRouterServiceReady took to complete: 1ms
05-23 09:26:34.161 732 732 D SystemServerTiming: IncidentDaemonReady
05-23 09:26:34.162 732 732 V SystemServerTiming: IncidentDaemonReady took to complete: 1ms
05-23 09:26:34.162 732 732 D SystemServerTiming: MakeIncrementalServiceReady
05-23 09:26:34.162 732 732 V SystemServerTiming: MakeIncrementalServiceReady took to complete: 0ms
05-23 09:26:34.162 732 732 D SystemServerTiming: OdsignStatsLogger
05-23 09:26:34.163 732 732 V SystemServerTiming: OdsignStatsLogger took to complete: 0ms
05-23 09:26:34.163 732 732 D SystemServerTiming: getCurrentUser
05-23 09:26:34.163 732 732 I ActivityManager: Current user:0
05-23 09:26:34.163 732 732 V SystemServerTiming: getCurrentUser took to complete: 0ms
05-23 09:26:34.163 732 732 D SystemServerTiming: ActivityManagerStartApps
05-23 09:26:34.163 732 732 D SystemServerTimingAsync: ssm.StartUser-0
05-23 09:26:34.163 732 732 I SystemServiceManager: Calling onStartUser 0
05-23 09:26:34.163 732 732 D SystemServerTimingAsync: ssm.onStartUser-0_com.android.server.security.FileIntegrityService
05-23 09:26:34.163 732 732 V SystemServerTimingAsync: ssm.onStartUser-0_com.android.server.security.FileIntegrityService took to complete: 0ms
05-23 09:26:34.163 732 732 D SystemServerTimingAsync: ssm.onStartUser-0_com.android.server.pm.Installer
05-23 09:26:34.163 732 732 V SystemServerTimingAsync: ssm.onStartUser-0_com.android.server.pm.Installer took to complete: 0ms
05-23 09:26:34.163 732 732 D SystemServerTimingAsync: ssm.onStartUser-0_com.android.server.os.DeviceIdentifiersPolicyService
05-23 09:26:34.163 732 732 V SystemServerTimingAsync: ssm.onStartUser-0_com.android.server.os.DeviceIdentifiersPolicyService took to complete: 0ms
05-23 09:26:34.163 732 732 D SystemServerTimingAsync: ssm.onStartUser-0_com.android.server.flags.FeatureFlagsService
05-23 09:26:34.164 732 732 V SystemServerTimingAsync: ssm.onStartUser-0_com.android.server.flags.FeatureFlagsService took to complete: 0ms
05-23 09:26:34.164 732 732 D SystemServerTimingAsync: ssm.onStartUser-0_com.android.server.uri.UriGrantsManagerService$Lifecycle
05-23 09:26:34.164 732 732 V SystemServerTimingAsync: ssm.onStartUser-0_com.android.server.uri.UriGrantsManagerService$Lifecycle took to complete: 0ms
05-23 09:26:34.164 732 732 D SystemServerTimingAsync: ssm.onStartUser-0_com.android.server.powerstats.PowerStatsService
05-23 09:26:34.164 732 732 V SystemServerTimingAsync: ssm.onStartUser-0_com.android.server.powerstats.PowerStatsService took to complete: 0ms
05-23 09:26:34.164 732 732 D SystemServerTimingAsync: ssm.onStartUser-0_com.android.server.permission.access.AccessCheckingService
05-23 09:26:34.164 732 732 V SystemServerTimingAsync: ssm.onStartUser-0_com.android.server.permission.access.AccessCheckingService took to complete: 0ms
05-23 09:26:34.164 732 732 D SystemServerTimingAsync: ssm.onStartUser-0_com.android.server.wm.ActivityTaskManagerService$Lifecycle
05-23 09:26:34.164 732 732 V SystemServerTimingAsync: ssm.onStartUser-0_com.android.server.wm.ActivityTaskManagerService$Lifecycle took to complete: 0ms
05-23 09:26:34.164 732 732 D SystemServerTimingAsync: ssm.onStartUser-0_com.android.server.am.ActivityManagerService$Lifecycle
