01-01 08:00:01.161 0 0 D [1 T1 ..] [usb]: call amlogic_crg_drd_usb2_drv_init() success
01-01 08:00:01.161 0 0 E : [1 T1 ..] amlogic-crg-drd-usb3 fe358080.usbphy30: This phy has no usb port
01-01 08:00:01.161 0 0 I : [1 T1 ..] amlogic-crg-drd-usb3 fe358080.usbphy30: USB3 phy probe:phy_mem:0xfe358080, iomap phy_base:0xffffffc00afbd080
01-01 08:00:01.163 0 0 E : [1 T1 ..] amlogic-crg-drd-usb3 fe348080.usbphy31: This phy has no usb port
01-01 08:00:01.164 0 0 I : [1 T1 ..] amlogic-crg-drd-usb3 fe348080.usbphy31: USB3 phy probe:phy_mem:0xfe348080, iomap phy_base:0xffffffc00afc3080
01-01 08:00:01.165 0 0 D [1 T1 ..] [usb]: call amlogic_crg_drd_usb3_drv_init() success
01-01 08:00:01.166 0 0 E [1 T1 ..] [usb]: amlogic_crg_drd_usb2_set_usb_vbus_power 1.
01-01 08:00:01.166 0 0 I : [1 T1 ..] amlogic-crg-drd-usb2 fe348000.usbphy21: phy trim value= 0x000000ff
01-01 08:00:01.167 0 0 I : [1 T1 ..] amlogic-crg-drd-usb2 fe348000.usbphy21: usb2 pll init done, val: 0x8f549540
01-01 08:00:01.168 0 0 E : [1 T1 ..] crg_drd fe340000.crg: IRQ host not found
01-01 08:00:01.169 0 0 E : [1 T1 ..] crg_drd fe340000.crg: IRQ crg_usb3 not found
01-01 08:00:01.170 0 0 I : [1 T1 ..] xhci-hcd-meson xhci-hcd-meson.0.auto: meson-quirks=0x90006---
01-01 08:00:01.171 0 0 E [1 T1 ..] [usb]: amlogic_crg_drd_usb2_set_usb_vbus_power 1.
01-01 08:00:01.172 0 0 I : [1 T1 ..] amlogic-crg-drd-usb2 fe348000.usbphy21: phy trim value= 0x000000ff
01-01 08:00:01.173 0 0 I : [1 T1 ..] amlogic-crg-drd-usb2 fe348000.usbphy21: usb2 pll init done, val: 0x8f549540
01-01 08:00:01.174 0 0 I : [1 T1 ..] xhci-hcd-meson xhci-hcd-meson.0.auto: xHCI Host Controller
01-01 08:00:01.175 0 0 I : [1 T1 ..] xhci-hcd-meson xhci-hcd-meson.0.auto: new USB bus registered, assigned bus number 1
01-01 08:00:01.176 0 0 I : [1 T1 ..] xhci-hcd-meson xhci-hcd-meson.0.auto: hcc params 0x08000f80 hci version 0x110 quirks 0x0000200020810090
01-01 08:00:01.178 0 0 I : [1 T1 ..] xhci-hcd-meson xhci-hcd-meson.0.auto: irq 28, io mem 0xfe340000
01-01 08:00:01.179 0 0 I : [1 T1 ..] xhci-hcd-meson xhci-hcd-meson.0.auto: xHCI Host Controller
01-01 08:00:01.179 0 0 I : [1 T1 ..] xhci-hcd-meson xhci-hcd-meson.0.auto: new USB bus registered, assigned bus number 2
01-01 08:00:01.181 0 0 I : [1 T1 ..] xhci-hcd-meson xhci-hcd-meson.0.auto: Host supports USB 3.0 SuperSpeed
01-01 08:00:01.182 0 0 I : [1 T1 ..] usb usb1: New USB device found, idVendor=1d6b, idProduct=0002, bcdDevice= 5.15
01-01 08:00:01.183 0 0 I : [1 T1 ..] usb usb1: New USB device strings: Mfr=3, Product=2, SerialNumber=1
01-01 08:00:01.184 0 0 I : [1 T1 ..] usb usb1: Product: xHCI Host Controller
01-01 08:00:01.185 0 0 I : [1 T1 ..] usb usb1: Manufacturer: Linux 5.15.170-android14-11-gce7825878084-dirty xhci-hcd
01-01 08:00:01.186 0 0 I : [1 T1 ..] usb usb1: SerialNumber: xhci-hcd-meson.0.auto
01-01 08:00:01.187 0 0 D [1 T1 ..] [usb]: xHCI aml_xhci_add_endpoint called for root hub
01-01 08:00:01.187 0 0 D [1 T1 ..] [usb]: xHCI aml_xhci_check_bandwidth called for root hub
01-01 08:00:01.187 0 0 I : [1 T1 ..] hub 1-0:1.0: USB hub found
01-01 08:00:01.187 0 0 I : [1 T1 ..] hub 1-0:1.0: 1 port detected
01-01 08:00:01.188 0 0 I : [1 T1 ..] usb usb2: We don't know the algorithms for LPM for this host, disabling LPM.
01-01 08:00:01.189 0 0 I : [1 T1 ..] usb usb2: New USB device found, idVendor=1d6b, idProduct=0003, bcdDevice= 5.15
01-01 08:00:01.190 0 0 I : [1 T1 ..] usb usb2: New USB device strings: Mfr=3, Product=2, SerialNumber=1
01-01 08:00:01.191 0 0 I : [1 T1 ..] usb usb2: Product: xHCI Host Controller
01-01 08:00:01.192 0 0 I : [1 T1 ..] usb usb2: Manufacturer: Linux 5.15.170-android14-11-gce7825878084-dirty xhci-hcd
01-01 08:00:01.193 0 0 I : [1 T1 ..] usb usb2: SerialNumber: xhci-hcd-meson.0.auto
01-01 08:00:01.194 0 0 D [1 T1 ..] [usb]: xHCI aml_xhci_add_endpoint called for root hub
01-01 08:00:01.194 0 0 D [1 T1 ..] [usb]: xHCI aml_xhci_check_bandwidth called for root hub
01-01 08:00:01.194 0 0 I : [1 T1 ..] hub 2-0:1.0: USB hub found
01-01 08:00:01.195 0 0 E : [1 T1 ..] hub 2-0:1.0: config failed, hub doesn't have any ports! (err -19)
01-01 08:00:01.196 0 0 D [1 T1 ..] [usb]: call amlogic_crg_host_driver_init() success
01-01 08:00:01.196 0 0 I : [1 T1 ..] amlogic-crg-otg soc:crgotg@fe358000: controller_type is 1
01-01 08:00:01.197 0 0 I : [1 T1 ..] amlogic-crg-otg soc:crgotg@fe358000: crg_force_device_mode is 0
01-01 08:00:01.198 0 0 I : [1 T1 ..] amlogic-crg-otg soc:crgotg@fe358000: otg is 0
01-01 08:00:01.198 0 0 I : [1 T1 ..] amlogic-crg-otg soc:crgotg@fe358000: udc_name: 0xfe350000.crgudc
01-01 08:00:01.199 0 0 I : [1 T1 ..] amlogic-crg-otg soc:crgotg@fe358000: phy2_mem:0xfe358000, iomap phy2_base:0xffffffc00afdd000
01-01 08:00:01.201 0 0 I : [1 T1 ..] amlogic-crg-otg soc:crgotg@fe358000: phy3_mem:0xfe358080, iomap phy3_base:0xffffffc00afe9080
01-01 08:00:01.203 0 0 I : [1 T1 ..] amlogic-crg-drd-usb2 fe358000.usbphy20: phy trim value= 0x000000ff
01-01 08:00:01.204 0 0 I : [1 T1 ..] amlogic-crg-drd-usb2 fe358000.usbphy20: usb2 pll init done, val: 0x8f549540
01-01 08:00:01.205 0 0 E : [1 T1 ..] crg_drd_otg fe350000.crgdrd: IRQ host not found
01-01 08:00:01.206 0 0 E : [1 T1 ..] crg_drd_otg fe350000.crgdrd: IRQ crg_usb3 not found
01-01 08:00:01.207 0 0 I : [1 T1 ..] xhci-hcd-meson xhci-hcd-meson.1.auto: meson-quirks=0x90006---
01-01 08:00:01.208 0 0 I : [1 T1 ..] amlogic-crg-drd-usb2 fe358000.usbphy20: phy trim value= 0x000000ff
01-01 08:00:01.209 0 0 I : [1 T1 ..] amlogic-crg-drd-usb2 fe358000.usbphy20: usb2 pll init done, val: 0x8f549540
01-01 08:00:01.210 0 0 I : [1 T1 ..] xhci-hcd-meson xhci-hcd-meson.1.auto: xHCI Host Controller
01-01 08:00:01.211 0 0 I : [1 T1 ..] xhci-hcd-meson xhci-hcd-meson.1.auto: new USB bus registered, assigned bus number 3
01-01 08:00:01.212 0 0 I : [1 T1 ..] xhci-hcd-meson xhci-hcd-meson.1.auto: hcc params 0x08000f80 hci version 0x110 quirks 0x0000200020810090
01-01 08:00:01.213 0 0 I : [1 T1 ..] xhci-hcd-meson xhci-hcd-meson.1.auto: irq 27, io mem 0xfe350000
01-01 08:00:01.214 0 0 I : [1 T1 ..] xhci-hcd-meson xhci-hcd-meson.1.auto: xHCI Host Controller
01-01 08:00:01.215 0 0 I : [1 T1 ..] xhci-hcd-meson xhci-hcd-meson.1.auto: new USB bus registered, assigned bus number 4
01-01 08:00:01.217 0 0 I : [1 T1 ..] xhci-hcd-meson xhci-hcd-meson.1.auto: Host supports USB 3.0 SuperSpeed
01-01 08:00:01.218 0 0 I : [1 T1 ..] usb usb3: New USB device found, idVendor=1d6b, idProduct=0002, bcdDevice= 5.15
01-01 08:00:01.219 0 0 I : [1 T1 ..] usb usb3: New USB device strings: Mfr=3, Product=2, SerialNumber=1
01-01 08:00:01.220 0 0 I : [1 T1 ..] usb usb3: Product: xHCI Host Controller
01-01 08:00:01.220 0 0 I : [1 T1 ..] usb usb3: Manufacturer: Linux 5.15.170-android14-11-gce7825878084-dirty xhci-hcd
01-01 08:00:01.222 0 0 I : [1 T1 ..] usb usb3: SerialNumber: xhci-hcd-meson.1.auto
01-01 08:00:01.223 0 0 D [1 T1 ..] [usb]: xHCI aml_xhci_add_endpoint called for root hub
01-01 08:00:01.223 0 0 D [1 T1 ..] [usb]: xHCI aml_xhci_check_bandwidth called for root hub
01-01 08:00:01.223 0 0 I : [1 T1 ..] hub 3-0:1.0: USB hub found
01-01 08:00:01.223 0 0 I : [1 T1 ..] hub 3-0:1.0: 1 port detected
01-01 08:00:01.224 0 0 I : [1 T1 ..] usb usb4: We don't know the algorithms for LPM for this host, disabling LPM.
01-01 08:00:01.225 0 0 I : [1 T1 ..] usb usb4: New USB device found, idVendor=1d6b, idProduct=0003, bcdDevice= 5.15
01-01 08:00:01.226 0 0 I : [1 T1 ..] usb usb4: New USB device strings: Mfr=3, Product=2, SerialNumber=1
01-01 08:00:01.227 0 0 I : [1 T1 ..] usb usb4: Product: xHCI Host Controller
01-01 08:00:01.228 0 0 I : [1 T1 ..] usb usb4: Manufacturer: Linux 5.15.170-android14-11-gce7825878084-dirty xhci-hcd
01-01 08:00:01.229 0 0 I : [1 T1 ..] usb usb4: SerialNumber: xhci-hcd-meson.1.auto
01-01 08:00:01.230 0 0 D [1 T1 ..] [usb]: xHCI aml_xhci_add_endpoint called for root hub
01-01 08:00:01.230 0 0 D [1 T1 ..] [usb]: xHCI aml_xhci_check_bandwidth called for root hub
01-01 08:00:01.230 0 0 I : [1 T1 ..] hub 4-0:1.0: USB hub found
01-01 08:00:01.230 0 0 E : [1 T1 ..] hub 4-0:1.0: config failed, hub doesn't have any ports! (err -19)
01-01 08:00:01.232 0 0 D [1 T1 ..] [usb]: call crg_otg_init() success
01-01 08:00:01.232 0 0 D [1 T1 ..] [usb]: call crg_otg_v2_init() success
01-01 08:00:01.232 0 0 D [1 T1 ..] [usb]: ### usb_main_init() end
01-01 08:00:01.246 0 0 E [1 T1 ..] [drm: meson_of_init [aml_drm]] *ERROR* osd_axi_sel parser failed and set default 0
01-01 08:00:01.246 0 0 I : [1 T1 ..] [drm] meson_video_parse_config:vfm_mode = 1
01-01 08:00:01.247 0 0 I [1 T1 ..] register_osd_status_cb: SBTM register osd enable status func
01-01 08:00:01.248 0 0 I : [1 T1 ..] register osd enable status func
01-01 08:00:01.249 0 0 I : [1 T1 ..] [drm] osd plane 0 create done, occupied-0 crtc_mask-0 type-1 osd_reverse-0
01-01 08:00:01.250 0 0 I : [1 T1 ..] [drm] osd plane 1 create done, occupied-0 crtc_mask-0 type-0 osd_reverse-0
01-01 08:00:01.251 0 0 I : [1 T1 ..] [drm] video plane 0 create done
01-01 08:00:01.252 0 0 I : [1 T1 ..] [drm] video plane 1 create done
01-01 08:00:01.253 0 0 I : [2 T1 ..] [drm] meson_vpu_reg_handle_register, vpp0-5
01-01 08:00:01.253 0 0 I : [2 T1 ..] [drm] skip gamma init
01-01 08:00:01.254 0 0 I : [2 T1 ..] secure_register module=0 ok
01-01 08:00:01.254 0 0 I : [2 T1 ..] secure_register module=0 ok
01-01 08:00:01.255 0 0 I : [2 T1 ..] [drm] video_hw_init:vfm_mode = 1
01-01 08:00:01.256 0 0 I : [2 T1 ..] [drm] video_hw_init:vfm_mode = 1
01-01 08:00:01.256 0 0 I : [2 T1 ..] meson drm-subsystem: bound ff900000.drm-vpu (ops am_meson_vpu_component_ops [aml_drm])
01-01 08:00:01.258 0 0 I [2 T1 ..] [hdmitx: ] meson_hdmitx_bind hdmi [0]
01-01 08:00:01.258 0 0 I : [2 T1 ..] meson drm-subsystem: bound ff000000.amhdmitx (ops meson_hdmitx_bind_ops [aml_media])
01-01 08:00:01.261 0 0 I [2 T1 ..] cvbsout: meson_cvbs_bind cvbs [0]
01-01 08:00:01.262 0 0 I : [2 T1 ..] meson drm-subsystem: bound drm-amcvbsout (ops meson_cvbs_bind_ops [aml_media])
01-01 08:00:01.265 0 0 I : [2 T1 ..] [drm] [meson_dummyl_dev_bind]-[190] called
01-01 08:00:01.265 0 0 E : [2 T1 ..] meson_dummyl_bind dummyl[0]
01-01 08:00:01.266 0 0 I : [2 T1 ..] meson drm-subsystem: bound dummy_venc (ops meson_dummyl_bind_ops [aml_media])
01-01 08:00:01.269 0 0 I : [1 T1 ..] [drm] logo_skip = 0
01-01 08:00:01.269 0 0 I : [1 T1 ..] [drm] allocate reserved mem
01-01 08:00:01.270 0 0 I : [1 T1 ..] [drm] of read reservememsize=0x800000--0x1f800000
01-01 08:00:01.271 0 0 I : [1 T1 ..] [drm] logo0 width=1920,height=1080,start_addr=0x0x000000001f800000,size=8388608
01-01 08:00:01.272 0 0 I : [1 T1 ..] [drm] Found Connector[13] mode[576cvbs]
01-01 08:00:01.273 0 0 I : [1 T1 ..] [drm] am_meson_crtc_atomic_enable-[0] in: new[576cvbs], old[], vmode[0-4], uboot[1]
01-01 08:00:01.274 0 0 I : [1 T1 ..] [drm] am_meson_crtc_atomic_enable-[0]: enable mode 576cvbs final vmode 1
01-01 08:00:01.275 0 0 I [1 T1 ..] cvbsout: mode is 1,sync_duration_den=1,sync_duration_num=50
01-01 08:00:01.276 0 0 I [1 T1 ..] cvbsout: clk_gate is already on
01-01 08:00:01.277 0 0 I : [1 T1 ..]
01-01 08:00:01.277 0 0 I [1 T1 ..] vdac_enable: 1, module_sel:0x8, private_flag:0x8
01-01 08:00:01.278 0 0 I [1 T1 ..] cvbsout: cvbs_vdac_output: 1
01-01 08:00:01.279 0 0 I [1 T1 ..] cvbsout: already display in uboot
01-01 08:00:01.279 0 0 I [1 T1 ..] DOLBY: vout_notify_callback: VOUT_EVENT_MODE_CHANGE
01-01 08:00:01.280 0 0 I : [1 T1 ..] vsync_pts_inc 1800 1/50
01-01 08:00:01.281 0 0 I : [1 T1 ..] [drm] meson_vout_update_mode_name: cvbs update vout 1 name 576cvbs.
01-01 08:00:01.295 0 0 I : [3 T1 ..] [drm] Initialized meson 2.0.0 20220603 for drm-subsystem on minor 0
01-01 08:00:01.297 0 0 I : [3 T1 ..] amfc_probe, socs:55, coherent:0, garbage page:1edc6, bounce:ffffffc00b1c4000, c:ffffff801eda3b80, d:ffffff801eda3980
01-01 08:00:01.298 0 0 I : [3 T1 ..] AMFC VLSI version:100, feature:1, clk:666666656
01-01 08:00:01.474 0 0 I [3 T1 ..] fsck.f2fs: executing /system/bin/fsck.f2fs failed: Permission denied
01-01 08:00:01.474 0 0 I [3 T1 ..] fsck.f2fs: fsck.f2fs terminated by exit(255)
01-01 08:00:01.474 0 0 I : [3 T1 ..]
01-01 08:00:01.509 0 0 I : [1 T1 ..] F2FS-fs (mmcblk0p24): Mounted with checkpoint version = 50fa7544
01-01 08:00:01.536 0 0 I [3 T1 ..] device-mapper: verity: sha256 using implementation "sha256-ce"
01-01 08:00:01.541 0 0 I [1 T1 ..] erofs: (device dm-16): mounted with root inode @ nid 59.
01-01 08:00:01.546 0 0 I [2 T1 ..] device-mapper: verity: sha256 using implementation "sha256-ce"
01-01 08:00:01.550 0 0 I [3 T1 ..] erofs: (device dm-17): mounted with root inode @ nid 39.
01-01 08:00:01.553 0 0 I [3 T1 ..] device-mapper: verity: sha256 using implementation "sha256-ce"
01-01 08:00:01.555 0 0 I [3 T1 ..] erofs: (device dm-18): mounted with root inode @ nid 38.
01-01 08:00:01.557 0 0 I [3 T1 ..] device-mapper: verity: sha256 using implementation "sha256-ce"
01-01 08:00:01.561 0 0 I [2 T1 ..] erofs: (device dm-19): mounted with root inode @ nid 46.
01-01 08:00:01.563 0 0 I [3 T1 ..] device-mapper: verity: sha256 using implementation "sha256-ce"
01-01 08:00:01.567 0 0 I [3 T1 ..] erofs: (device dm-20): mounted with root inode @ nid 39.
01-01 08:00:01.569 0 0 I [2 T1 ..] device-mapper: verity: sha256 using implementation "sha256-ce"
01-01 08:00:01.570 0 0 I : [0 T83 ..] max high: 39
01-01 08:00:01.573 0 0 I [3 T1 ..] erofs: (device dm-21): mounted with root inode @ nid 40.
01-01 08:00:01.575 0 0 I [0 T1 ..] device-mapper: verity: sha256 using implementation "sha256-ce"
01-01 08:00:01.579 0 0 I [3 T1 ..] erofs: (device dm-22): mounted with root inode @ nid 40.
01-01 08:00:01.580 0 0 I [0 T1 ..] device-mapper: verity: sha256 using implementation "sha256-ce"
01-01 08:00:01.582 0 0 I [2 T1 ..] erofs: (device dm-23): mounted with root inode @ nid 38.
01-01 08:00:01.584 0 0 I [0 T1 ..] device-mapper: verity: sha256 using implementation "sha256-ce"
01-01 08:00:01.589 0 0 I : [1 T1 ..] EXT4-fs (dm-24): mounted filesystem with ordered data mode. Opts: barrier=1. Quota mode: none.
01-01 08:00:01.591 0 0 W : [1 T1 ..] EXT4-fs (mmcblk0p17): Ignoring removed nomblk_io_submit option
01-01 08:00:01.593 0 0 I : [0 T1 ..] EXT4-fs (mmcblk0p17): mounted filesystem with ordered data mode. Opts: nodelalloc,nomblk_io_submit,errors=panic. Quota mode: none.
01-01 08:00:01.625 0 0 W [3 T1 ..] printk: init: 152 output lines suppressed due to ratelimiting
01-01 08:00:01.727 0 0 I [2 T1 ..] init: Opening SELinux policy
01-01 08:00:01.728 0 0 I [2 T1 ..] init: Falling back to standard signature check. TODO implement support for fsverity SEPolicy.
01-01 08:00:01.729 0 0 I [2 T1 ..] init: Error: Apex SEPolicy failed signature check
01-01 08:00:01.730 0 0 I [2 T1 ..] init: Loading APEX Sepolicy from /system/etc/selinux/apex/SEPolicy.zip
01-01 08:00:01.731 0 0 E [2 T1 ..] init: Failed to open package /system/etc/selinux/apex/SEPolicy.zip: No such file or directory
01-01 08:00:01.740 0 0 I [0 T1 ..] init: Loading SELinux policy
01-01 08:00:01.760 0 0 I [0 T1 ..] SELinux: Permission bpf in class capability2 not defined in policy.
01-01 08:00:01.760 0 0 I [0 T1 ..] SELinux: Permission checkpoint_restore in class capability2 not defined in policy.
01-01 08:00:01.761 0 0 I [0 T1 ..] SELinux: Permission bpf in class cap2_userns not defined in policy.
01-01 08:00:01.762 0 0 I [0 T1 ..] SELinux: Permission checkpoint_restore in class cap2_userns not defined in policy.
01-01 08:00:01.764 0 0 I [0 T1 ..] SELinux: Class mctp_socket not defined in policy.
01-01 08:00:01.764 0 0 I [0 T1 ..] SELinux: the above unknown classes and permissions will be denied
01-01 08:00:01.770 0 0 I [0 T1 ..] SELinux: policy capability network_peer_controls=1
01-01 08:00:01.770 0 0 I [0 T1 ..] SELinux: policy capability open_perms=1
01-01 08:00:01.771 0 0 I [0 T1 ..] SELinux: policy capability extended_socket_class=1
01-01 08:00:01.772 0 0 I [0 T1 ..] SELinux: policy capability always_check_network=0
01-01 08:00:01.773 0 0 I [0 T1 ..] SELinux: policy capability cgroup_seclabel=0
01-01 08:00:01.773 0 0 I [0 T1 ..] SELinux: policy capability nnp_nosuid_transition=1
01-01 08:00:01.775 0 0 I [0 T1 ..] SELinux: policy capability genfs_seclabel_symlinks=0
01-01 08:00:01.775 0 0 I [0 T1 ..] SELinux: policy capability ioctl_skip_cloexec=0
01-01 08:00:01.890 0 0 I [3 T1 ..] selinux: SELinux: Loaded file context from:
01-01 08:00:01.890 0 0 I [3 T1 ..] selinux: /system/etc/selinux/plat_file_contexts
01-01 08:00:01.891 0 0 I [3 T1 ..] selinux: /system_ext/etc/selinux/system_ext_file_contexts
01-01 08:00:01.892 0 0 I [3 T1 ..] selinux: /product/etc/selinux/product_file_contexts
01-01 08:00:01.898 0 0 W [3 T1 ..] printk: init: 2 output lines suppressed due to ratelimiting
01-01 08:00:01.912 0 0 I [3 T1 ..] init: init second stage started!
01-01 08:00:01.938 0 0 I [1 T1 ..] selinux: SELinux: Loaded file context from:
01-01 08:00:01.938 0 0 I [1 T1 ..] selinux: /system/etc/selinux/plat_file_contexts
01-01 08:00:01.939 0 0 I [1 T1 ..] selinux: /system_ext/etc/selinux/system_ext_file_contexts
01-01 08:00:01.940 0 0 I [1 T1 ..] selinux: /product/etc/selinux/product_file_contexts
01-01 08:00:01.941 0 0 I [1 T1 ..] selinux: /vendor/etc/selinux/vendor_file_contexts
01-01 08:00:01.961 0 0 I [1 T1 ..] init: Using Android DT directory /proc/device-tree/firmware/android/
01-01 08:00:01.965 0 0 E [1 T1 ..] init: Do not have permissions to set 'persist.bluetooth.btsnooplogmode' to 'disable' in property file '/system/build.prop': Property type check failed, value doesn't match expected type 'enum empty disabled filtered full'
01-01 08:00:01.974 0 0 W [2 T1 ..] init: Overriding previous property 'ro.sf.lcd_density':'320' with new value '240'
01-01 08:00:01.976 0 0 W [2 T1 ..] init: Overriding previous property 'tombstoned.max_tombstone_count':'50' with new value '10'
01-01 08:00:02.123 0 0 I [0 T171 ..] ueventd: ueventd started!
01-01 08:00:02.127 0 0 I [0 T171 ..] selinux: SELinux: Loaded file context from:
01-01 08:00:02.127 0 0 I [0 T171 ..] selinux: /system/etc/selinux/plat_file_contexts
01-01 08:00:02.128 0 0 I [0 T171 ..] selinux: /system_ext/etc/selinux/system_ext_file_contexts
01-01 08:00:02.129 0 0 I [0 T171 ..] selinux: /product/etc/selinux/product_file_contexts
01-01 08:00:02.130 0 0 I [0 T171 ..] selinux: /vendor/etc/selinux/vendor_file_contexts
01-01 08:00:02.132 0 0 I [1 T171 ..] ueventd: Parsing file /system/etc/ueventd.rc...
01-01 08:00:02.132 0 0 I [1 T171 ..] ueventd: Added '/vendor/etc/ueventd.rc' to import list
01-01 08:00:02.133 0 0 I [1 T171 ..] ueventd: Added '/odm/etc/ueventd.rc' to import list
01-01 08:00:02.135 0 0 I [2 T171 ..] ueventd: Parsing file /vendor/etc/ueventd.rc...
01-01 08:00:02.146 0 0 I [3 T172 ..] apexd: Bootstrap subcommand detected
01-01 08:00:02.146 0 0 E [3 T172 ..] cutils-trace: Error opening trace file: No such file or directory (2)
01-01 08:00:02.147 0 0 I [3 T172 ..] apexd-bootstrap: Scanning /system/apex for pre-installed ApexFiles
01-01 08:00:02.149 0 0 I [3 T172 ..] apexd-bootstrap: Found pre-installed APEX /system/apex/com.amlogic.mediaextractor.apex
01-01 08:00:02.152 0 0 I [3 T172 ..] apexd-bootstrap: Found pre-installed APEX /system/apex/com.android.adbd.capex
01-01 08:00:02.155 0 0 I [3 T172 ..] apexd-bootstrap: Found pre-installed APEX /system/apex/com.android.adservices.capex
01-01 08:00:02.158 0 0 I [2 T172 ..] apexd-bootstrap: Found pre-installed APEX /system/apex/com.android.apex.cts.shim.apex
01-01 08:00:02.161 0 0 I [3 T172 ..] apexd-bootstrap: Found pre-installed APEX /system/apex/com.android.appsearch.capex
01-01 08:00:02.163 0 0 I [2 T172 ..] apexd-bootstrap: Found pre-installed APEX /system/apex/com.android.art.capex
01-01 08:00:02.167 0 0 I [3 T172 ..] apexd-bootstrap: Found pre-installed APEX /system/apex/com.android.btservices.apex
01-01 08:00:03.181 0 0 I [1 T211 ..] loop0: detected capacity change from 0 to 34880
01-01 08:00:03.184 0 0 I [1 T213 ..] loop1: detected capacity change from 0 to 1616
01-01 08:00:03.187 0 0 I [1 T210 ..] loop2: detected capacity change from 0 to 7024
01-01 08:00:03.192 0 0 I [1 T212 ..] loop3: detected capacity change from 0 to 68064
01-01 08:00:03.215 0 0 I : [0 T213 ..] EXT4-fs (loop1): mounted filesystem without journal. Opts: (null). Quota mode: none.
01-01 08:00:03.221 0 0 I : [2 T211 ..] EXT4-fs (loop0): mounted filesystem without journal. Opts: (null). Quota mode: none.
01-01 08:00:03.226 0 0 I : [1 T210 ..] EXT4-fs (loop2): mounted filesystem without journal. Opts: (null). Quota mode: none.
01-01 08:00:03.238 0 0 I : [0 T212 ..] EXT4-fs (loop3): mounted filesystem without journal. Opts: (null). Quota mode: none.
01-01 08:00:03.250 0 0 W [1 T172 ..] printk: apexd: 49 output lines suppressed due to ratelimiting
01-01 08:00:03.316 0 0 W [1 T170 ..] protected_memory_allocator: loading out-of-tree module taints kernel.
01-01 08:00:03.318 0 0 E [1 T170 ..] [tee]: tee_pta_invoke_cmd invoke func failed, cmd = 0, ret= 0, res = 0xffff0006, origin = 0x4
01-01 08:00:03.318 0 0 E : [1 T170 ..] simple_protected_memory_allocator protected-memory-allocator: tee protect protected_memory fail!
01-01 08:00:03.320 0 0 I : [1 T170 ..] simple_protected_memory_allocator protected-memory-allocator: Protected memory allocator probed successfully
01-01 08:00:03.321 0 0 I : [1 T170 ..] simple_protected_memory_allocator protected-memory-allocator: Protected memory region: base=e5800000 num pages=0
01-01 08:00:03.331 0 0 W [0 T170 ..] amlogic_fbc_lib: module license 'Copyright (C) 2015 Amlogic, Inc. All rights reserved.' taints kernel.
01-01 08:00:03.332 0 0 W : [0 T170 ..] Disabling lock debugging due to kernel taint
01-01 08:00:03.333 0 0 W : [0 T170 ..] Kernel module BTF mismatch detected, BTF debug info may be unavailable for some modules
01-01 08:00:03.339 0 0 E : [0 T170 ..] register_amlogic_afbc_dec_fun
01-01 08:00:03.428 0 0 I : [1 T170 ..] cuva alg: 2024-01-17 V-0.3, cuvahdr2sdr proc with sdr path when >200nit init ok
01-01 08:00:03.431 0 0 I [1 T170 ..] hdr10_tmo_alg: hdr10_tmo_alg_driver_init insmod ok. v1.0_2023-2-14
01-01 08:00:03.461 0 0 I : [0 T226 ..] aml_crypto_dev fe440400.aml_dma:crypto: Aml crypto device (irq)
01-01 08:00:03.478 0 0 I [0 T226 ..] [wireless]: [wifi_dev_probe] wifi_pwm_tee = 0
01-01 08:00:03.478 0 0 I [0 T226 ..] [wireless]: [wifi_dev_probe] use double channel
01-01 08:00:03.479 0 0 I [0 T226 ..] [wireless]: [wifi_dev_probe] buf_level is :0
01-01 08:00:03.480 0 0 E [0 T226 ..] [wireless]: [dhd] STATIC-MSG) bcmdhd_init_wlan_mem : 101.10.361.31 (wlan=r892223-20230427-1)
01-01 08:00:03.481 0 0 E [0 T226 ..] [wireless]: [dhd] STATIC-MSG) dhd_init_wlan_mem : prealloc ok for index 0: 1583104(1546K)
01-01 08:00:03.488 0 0 I [1 T226 ..] [wireless]: amlogic rfkill init
01-01 08:00:03.489 0 0 I [2 T8 ..] input: input_btrcu as /devices/platform/aml_bt/input/input6
01-01 08:00:03.536 0 0 I [0 T226 ..] zram: Added device: zram0
01-01 08:00:03.570 0 0 I [0 T226 ..] usbcore: registered new interface driver rtl8150
01-01 08:00:03.577 0 0 I [0 T226 ..] usbcore: registered new device driver r8152-cfgselector
01-01 08:00:03.577 0 0 I [0 T226 ..] usbcore: registered new interface driver r8152
01-01 08:00:03.588 0 0 I [0 T226 ..] usbcore: registered new interface driver asix
01-01 08:00:03.593 0 0 I [2 T226 ..] usbcore: registered new interface driver ax88179_178a
01-01 08:00:03.596 0 0 I [0 T226 ..] usbcore: registered new interface driver cdc_ether
01-01 08:00:03.600 0 0 I [1 T226 ..] usbcore: registered new interface driver cdc_eem
01-01 08:00:03.604 0 0 I [1 T226 ..] usbcore: registered new interface driver cdc_ncm
01-01 08:00:03.608 0 0 I [3 T226 ..] usbcore: registered new interface driver aqc111
01-01 08:00:03.613 0 0 I [1 T226 ..] usbcore: registered new interface driver r8153_ecm
01-01 08:00:03.617 0 0 I [0 T226 ..] i2c_dev: i2c /dev entries driver
01-01 08:00:03.626 0 0 W [0 T226 ..] leds-gpio: probe of gpio_leds failed with error -2
01-01 08:00:03.636 0 0 W : [3 T226 ..] aml dvb init
01-01 08:00:03.660 0 0 I : [3 T226 ..] meson-vrtc fe010288.rtc: registered as rtc0
01-01 08:00:03.660 0 0 I : [3 T226 ..] meson-vrtc fe010288.rtc: setting system clock to 1970-01-01T00:00:03 UTC (3)
01-01 08:00:03.687 0 0 F : [3 T226 ..] Virtual kernel memory layout:
01-01 08:00:03.687 0 0 F [3 T226 ..] modules: 0xffffffc000000000 - 0xffffffc008000000 ( 128 MB)
01-01 08:00:03.688 0 0 F [3 T226 ..] vmalloc: 0xffffffc008000000 - 0xfffffffdf0000000 ( 247 GB)
01-01 08:00:03.689 0 0 F [3 T226 ..] fixed: 0xfffffffdfdbf9000 - 0xfffffffdfe000000 ( 4124 KB)
01-01 08:00:03.690 0 0 F : [3 T226 ..] PCI I/O : 0xfffffffdfe800000 - 0xfffffffdff800000 ( 16 MB)
01-01 08:00:03.691 0 0 F [3 T226 ..] vmemmap: 0xfffffffe00000000 - 0xffffffff00000000 ( 4 GB maximum)
01-01 08:00:03.705 0 0 I : [3 T226 ..] request usb_ctl pin: 472 ok !!
01-01 08:00:03.705 0 0 I : [3 T226 ..] load gpio drv ok !
01-01 08:00:03.706 0 0 I : [3 T226 ..] Shutdown notifier registered successfully
01-01 08:00:03.708 0 0 I : [3 T226 ..] [AML_WATERMARK] [ERROR] [Func: aml_watermark_driver_init, Line: 475] vxwm and ngwm both are disabled
01-01 08:00:03.731 0 0 I [1 T226 ..] [led]: aml_ledlight_init!
01-01 08:00:03.731 0 0 F [1 T226 ..] FD650: fd650_driver_init: FD650 Driver init.
01-01 08:00:03.732 0 0 F [1 T226 ..] FD655: fd655_driver_init: FD655 Driver init.
01-01 08:00:03.780 0 0 I [3 T234 ..] aml_init_mm: ffffffc00a4e9f68
01-01 08:00:03.787 0 0 I : [0 T226 ..] meson8b-dwmac fe368000.ethernet: IRQ eth_wake_irq not found
01-01 08:00:03.788 0 0 I : [0 T226 ..] meson8b-dwmac fe368000.ethernet: IRQ eth_lpi not found
01-01 08:00:03.789 0 0 I : [0 T226 ..] meson8b-dwmac fe368000.ethernet: PTP uses main clock
01-01 08:00:03.792 0 0 I : [0 T226 ..] meson8b-dwmac fe368000.ethernet: User ID: 0x50, Synopsys ID: 0x53
01-01 08:00:03.792 0 0 I : [0 T226 ..] meson8b-dwmac fe368000.ethernet: DWMAC4/5
01-01 08:00:03.793 0 0 I : [0 T226 ..] meson8b-dwmac fe368000.ethernet: DMA HW capability register supported
01-01 08:00:03.794 0 0 I : [0 T226 ..] meson8b-dwmac fe368000.ethernet: RX Checksum Offload Engine supported
01-01 08:00:03.795 0 0 I : [0 T226 ..] meson8b-dwmac fe368000.ethernet: TX Checksum insertion supported
01-01 08:00:03.796 0 0 I : [0 T226 ..] meson8b-dwmac fe368000.ethernet: Wake-Up On Lan supported
01-01 08:00:03.797 0 0 I : [0 T226 ..] meson8b-dwmac fe368000.ethernet: TSO supported
01-01 08:00:03.798 0 0 I : [0 T226 ..] meson8b-dwmac fe368000.ethernet: Enable RX Mitigation via HW Watchdog Timer
01-01 08:00:03.799 0 0 I : [0 T226 ..] meson8b-dwmac fe368000.ethernet: device MAC address 20:02:fe:19:c2:3e
01-01 08:00:03.800 0 0 I : [0 T226 ..] meson8b-dwmac fe368000.ethernet: Enabled L3L4 Flow TC (entries=1)
01-01 08:00:03.801 0 0 I : [0 T226 ..] meson8b-dwmac fe368000.ethernet: Enabled RFS Flow TC (entries=8)
01-01 08:00:03.802 0 0 I : [0 T226 ..] meson8b-dwmac fe368000.ethernet: Using 32 bits DMA width
01-01 08:00:03.804 0 0 I : [0 T226 ..] aml_cust_setting
01-01 08:00:03.804 0 0 I : [0 T226 ..] cover mc_val as 0x1621
01-01 08:00:03.804 0 0 I : [0 T226 ..] gpio 1
01-01 08:00:03.805 0 0 I [0 T226 ..] input: input_ethrcu as /devices/platform/soc/fe368000.ethernet/input/input7
01-01 08:00:03.916 0 0 I : [1 T86 ..] lcd vlock_en=0, vlock_mode=0x8 i=101
01-01 08:00:03.944 0 0 I [1 T226 ..] usbcore: registered new interface driver aml_usbcam
01-01 08:00:04.069 0 0 I : [3 T226 ..] audio-ddr-manager fe330000.audiobus:ddr_manager: 0, irqs frddr 37
01-01 08:00:04.069 0 0 I : [3 T226 ..] audio-ddr-manager fe330000.audiobus:ddr_manager: 1, irqs frddr 38
01-01 08:00:04.070 0 0 I : [3 T226 ..] audio-ddr-manager fe330000.audiobus:ddr_manager: 2, irqs frddr 39
01-01 08:00:04.071 0 0 I : [3 T226 ..] audio-ddr-manager fe330000.audiobus:ddr_manager: 3, irqs frddr 40
01-01 08:00:04.074 0 0 I [3 T226 ..] [snd-soc]: extn_platform_probe, register soc platform
01-01 08:00:04.075 0 0 W : [3 T226 ..] snd_pdm fe330000.audiobus:pdm: Can't get pdm pinmux
01-01 08:00:04.075 0 0 I : [3 T226 ..] snd_pdm fe330000.audiobus:pdm: Can't retrieve xtal_clk clock
01-01 08:00:04.076 0 0 W : [3 T226 ..] snd_pdm fe330000.audiobus:pdm: no clk_src_cd clock for 44k case
01-01 08:00:04.078 0 0 W [3 T226 ..] [snd-soc]: failed to get data_lb_ratec
01-01 08:00:04.079 0 0 D [3 T226 ..] [snd-soc]: resample_platform_probe
01-01 08:00:04.079 0 0 D [3 T226 ..] [snd-soc]: resample_platform_probe sys-src clk rate from dts:491520000
01-01 08:00:04.079 0 0 W : [3 T226 ..] audioresample fe330000.audiobus:resample@0: no clk_src_cd clock for hifi1 case
01-01 08:00:04.079 0 0 I [3 T226 ..] [snd-soc]: new_resample_init: Start init new resample 0 parameters!
01-01 08:00:04.080 0 0 E : [3 T226 ..] Codec io: No support bus type 2 to write.
01-01 08:00:04.082 0 0 I [3 T226 ..] [snd-soc]: resample_clk_set:set hifi pll
01-01 08:00:04.082 0 0 I [3 T226 ..] [snd-soc]: resample_clk_set, resample_pll:491520000, sclk:12288000, clk:12288000
01-01 08:00:04.083 0 0 I [3 T226 ..] [snd-soc]: new_resample_set_ratio(), id = 0, phase_step = 0x10000000, input_sr = 48000, output_sr = 48000
01-01 08:00:04.083 0 0 I [3 T226 ..] [snd-soc]: resample id = 0, new resample = 2, resample_module = 8
01-01 08:00:04.100 0 0 I [3 T226 ..] [snd-soc]: Channel_Mask: lane_ss = 0
01-01 08:00:04.101 0 0 I [3 T226 ..] input: vad_keypad as /devices/platform/soc/fe330000.audiobus/fe330000.audiobus:vad/input/input8
01-01 08:00:04.124 0 0 E : [1 T226 ..] asoc-aml-card auge_sound: aml_card_dai_link_of, error dai-link idx:2, error getting codec dai, ret -517
01-01 08:00:04.125 0 0 E [1 T226 ..] [snd-soc]: aml_card_probe error ret:-517
01-01 08:00:04.146 0 0 E : [2 T10 ..] asoc-aml-card auge_sound: aml_card_dai_link_of, error dai-link idx:2, error getting codec dai, ret -517
01-01 08:00:04.147 0 0 E [2 T10 ..] [snd-soc]: aml_card_probe error ret:-517
01-01 08:00:04.148 0 0 E : [2 T10 ..] asoc-aml-card auge_sound: aml_card_dai_link_of, error dai-link idx:2, error getting codec dai, ret -517
01-01 08:00:04.149 0 0 E [2 T10 ..] [snd-soc]: aml_card_probe error ret:-517
01-01 08:00:04.153 0 0 I : [3 T226 ..] aml_codec_T9015 fe01a000.t9015: aml_T9015_audio_codec_probe
01-01 08:00:04.154 0 0 I [3 T226 ..] [snd-codec-t9015]: T9015 acodec tdmout index:2
01-01 08:00:04.155 0 0 E : [1 T10 ..] asoc-aml-card auge_sound: IRQ audio_exception64 not found
01-01 08:00:04.156 0 0 I [1 T10 ..] [snd-codec-t9015]: no call standard reset interface
01-01 08:00:04.221 0 0 W : [0 T226 ..] es8156_modinit enter
01-01 08:00:04.221 0 0 W : [0 T226 ..] es8156_i2c_probe start
01-01 08:00:04.221 0 0 E : [0 T226 ..] es8156 2-0008: failed to read i2c at addr 8
01-01 08:00:04.427 0 0 D [2 T10 ..] [snd-soc]: spdifout_play_with_zerodata_free, spdif id:0
01-01 08:00:04.427 0 0 D [2 T10 ..] [snd-soc]: spdifout_play_with_zerodata_free, spdif id:1
01-01 08:00:04.427 0 0 I [2 T10 ..] [snd-soc]:
01-01 08:00:04.427 0 0 I : [2 T10 ..] loopback_dai_set_sysclk, 0, 12288000, 0
01-01 08:00:04.427 0 0 I [2 T10 ..] [snd-soc]: asoc loopback_dai_set_fmt, 0x4010, 000000000cae471c
01-01 08:00:04.456 0 0 W [1 T10 ..] [snd-soc]: no node audio_effect for eq/drc info!
01-01 08:00:04.458 0 0 I [1 T242 ..] servicemanager: Starting sm instance on /dev/binder
01-01 08:00:04.463 0 0 W [1 T242 ..] SELinux: Multiple same specifications for tv_remote.
01-01 08:00:04.465 0 0 I [1 T242 ..] SELinux: SELinux: Loaded service context from:
01-01 08:00:04.465 0 0 I [1 T242 ..] SELinux: /system/etc/selinux/plat_service_contexts
01-01 08:00:04.466 0 0 I [1 T242 ..] SELinux: /system_ext/etc/selinux/system_ext_service_contexts
01-01 08:00:04.467 0 0 I [1 T242 ..] SELinux: /product/etc/selinux/product_service_contexts
01-01 08:00:04.468 0 0 I [1 T242 ..] SELinux: /vendor/etc/selinux/vendor_service_contexts
01-01 08:00:04.507 0 0 I [3 T240 ..] logd.auditd: start
01-01 08:00:04.520 0 0 I [0 T240 ..] logd: Loaded bug_map file: /system_ext/etc/selinux/bug_map
01-01 08:00:04.526 0 0 I [0 T240 ..] logd: Loaded bug_map file: /vendor/etc/selinux/selinux_denial_metadata
01-01 08:00:04.527 0 0 I [0 T240 ..] logd: Loaded bug_map file: /system/etc/selinux/bug_map
01-01 08:00:04.548 0 0 I [2 T170 ..] [efuse-unifykey]: already inited!
01-01 08:00:04.592 0 0 I : [1 T10 ..] mali fd000000.valhall: Kernel DDK version r44p1-01eac0
01-01 08:00:04.592 0 0 I : [1 T10 ..] mali fd000000.valhall: GPU metrics tracepoint support enabled
01-01 08:00:04.595 0 0 I : [1 T10 ..] mali fd000000.valhall: r0p0 status 1 not found in HW issues table;
01-01 08:00:04.595 0 0 I : [1 T10 ..] mali fd000000.valhall: falling back to closest match: r0p0 status 0
01-01 08:00:04.596 0 0 I : [1 T10 ..] mali fd000000.valhall: Execution proceeding normally with fallback match
01-01 08:00:04.597 0 0 I : [1 T10 ..] mali fd000000.valhall: GPU identified as 0x4 arch 10.12.7 r0p0 status 1
01-01 08:00:04.598 0 0 I : [1 T10 ..] mali fd000000.valhall: No priority control manager is configured
01-01 08:00:04.604 0 0 I : [1 T10 ..] mali fd000000.valhall: No memory group manager is configured
01-01 08:00:04.604 0 0 I : [1 T10 ..] mali fd000000.valhall: Protected memory allocator not available
01-01 08:00:04.605 0 0 I : [1 T10 ..] mali fd000000.valhall: Using coherency mode 31 set from dtb
01-01 08:00:04.620 0 0 I : [1 T10 ..] mali fd000000.valhall: Probed as mali0
01-01 08:00:04.628 0 0 I [0 T170 ..] init: wait for '/odm/lib/ms12' took 0ms
01-01 08:00:04.756 0 0 I [2 T170 ..] init: wait for '/dev/audio_utils' took 0ms
01-01 08:00:04.757 0 0 I [2 T170 ..] init: wait for '/dev/dolby_fw' took 0ms
01-01 08:00:04.759 0 0 E [2 T242 ..] cutils-trace: Error opening trace file: Permission denied (13)
01-01 08:00:04.825 0 0 I [3 T170 ..] [media_clock]: dos_register_probe, res start fe320000, end fe32ffff, iomap: ffffffc00c040000
01-01 08:00:04.826 0 0 I [3 T170 ..] [media_clock]: dos_register_probe, res start fe036000, end fe037fff, iomap: ffffffc00bd98000
01-01 08:00:04.827 0 0 E [3 T170 ..] [media_clock]: of_address_to_resource failed
01-01 08:00:04.828 0 0 I [3 T170 ..] [media_clock]: initial_dos_device end, chip 71(0)
01-01 08:00:04.829 0 0 D [3 T170 ..] [media_clock]: set_clock_gate get hevc_mux_str
01-01 08:00:04.829 0 0 D [3 T170 ..] [media_clock]: set_clock_gate get hcodec mux
01-01 08:00:04.829 0 0 D [3 T170 ..] [media_clock]: set_clock_gate get vdec mux
01-01 08:00:04.835 0 0 I [1 T170 ..] [firmware]: read format in dts failed, ret = -22
01-01 08:00:04.872 0 0 E : [0 T170 ..] vdec vdec: Get pwrc-vdec-2 failed, pm-domain: 0
01-01 08:00:04.872 0 0 E : [0 T170 ..] vdec vdec: Get pwrc-hevcb failed, pm-domain: 0
01-01 08:00:04.873 0 0 E : [0 T170 ..] vdec vdec: Get pwrc-wave failed, pm-domain: 0
01-01 08:00:04.875 0 0 I : [1 T10 ..] [TEE] E/TC:? 00 tee_rpmb_verify_key_sync_counter:1008 Verify key returning 0xffff0008
01-01 08:00:04.875 0 0 I : [1 T10 ..] [TEE] E/TA: MM-module-name:VDEC TA,Version:1.0.21-g006fb97(build:6823) --------- beginning of system
01-01 08:00:04.867 258 258 I vold : Vold 3.0 (the awakening) firing up
01-01 08:00:04.867 258 258 D vold : Detected support for: ext4 f2fs vfat
01-01 08:00:04.877 0 0 I : [1 T10 ..] [TEE] M/TA: support scs verify chip. 71
01-01 08:00:04.878 258 258 D vold : VoldNativeService::start() completed OK
01-01 08:00:04.989 0 0 E : [1 T170 ..] Amlogic A/V streaming port init
01-01 08:00:05.141 0 0 I [1 T1 ..] tune2fs: tune2fs 1.46.6 (1-Feb-2023)
01-01 08:00:05.154 0 0 I [1 T1 ..] tune2fs: Warning: The journal is dirty. You may wish to replay the journal like:
01-01 08:00:05.155 0 0 I [1 T1 ..] tune2fs:
01-01 08:00:05.155 0 0 I [1 T1 ..] tune2fs: e2fsck -E journal_only /dev/block/by-name/param
01-01 08:00:05.156 0 0 I [1 T1 ..] tune2fs:
01-01 08:00:05.156 0 0 I [1 T1 ..] tune2fs: then rerun this command. Otherwise, any changes made may be overwritten
01-01 08:00:05.158 0 0 I [1 T1 ..] tune2fs: by journal recovery.
01-01 08:00:05.158 0 0 I [1 T1 ..] tune2fs: Cannot enable project quota; inode size too small.
01-01 08:00:05.159 0 0 I [1 T1 ..] tune2fs: tune2fs terminated by exit(1)
01-01 08:00:05.159 0 0 I : [1 T1 ..]
01-01 08:00:05.173 0 0 W : [3 T1 ..] EXT4-fs (mmcblk0p15): Ignoring removed nomblk_io_submit option
01-01 08:00:05.185 0 0 I [0 T242 ..] servicemanager: getDeviceHalManifest: Reading VINTF information.
01-01 08:00:05.191 0 0 I [0 T242 ..] servicemanager: getDeviceHalManifest: Successfully processed VINTF information
01-01 08:00:05.232 0 0 I : [0 T1 ..] EXT4-fs (mmcblk0p15): recovery complete
01-01 08:00:05.232 0 0 I : [2 T1 ..] EXT4-fs (mmcblk0p15): mounted filesystem with ordered data mode. Opts: errors=remount-ro,nomblk_io_submit. Quota mode: none.
01-01 08:00:05.303 0 0 I [3 T1 ..] e2fsck: e2fsck 1.46.6 (1-Feb-2023)
01-01 08:00:05.323 0 0 W : [2 T1 ..] EXT4-fs (mmcblk0p15): Ignoring removed nomblk_io_submit option
01-01 08:00:05.325 0 0 I : [2 T1 ..] EXT4-fs (mmcblk0p15): mounted filesystem with ordered data mode. Opts: nodelalloc,nomblk_io_submit,errors=panic. Quota mode: none.
01-01 08:00:05.328 0 0 W : [0 T1 ..] EXT4-fs (mmcblk0p9): Ignoring removed nomblk_io_submit option
01-01 08:00:05.340 0 0 I : [3 T1 ..] EXT4-fs (mmcblk0p9): recovery complete
01-01 08:00:05.341 0 0 I : [2 T1 ..] EXT4-fs (mmcblk0p9): mounted filesystem with ordered data mode. Opts: errors=remount-ro,nomblk_io_submit. Quota mode: none.
01-01 08:00:05.415 0 0 W : [1 T1 ..] EXT4-fs (mmcblk0p9): Ignoring removed nomblk_io_submit option
01-01 08:00:05.423 0 0 I : [2 T1 ..] EXT4-fs (mmcblk0p9): mounted filesystem with ordered data mode. Opts: nodelalloc,nomblk_io_submit,errors=panic. Quota mode: none.
01-01 08:00:05.433 0 0 W : [2 T1 ..] FAT-fs (mmcblk0p4): Volume was not properly unmounted. Some data may be corrupt. Please run fsck.
01-01 08:00:05.797 0 0 I : [1 T292 ..] mali fd000000.valhall: Loading Mali firmware 0x1010000
01-01 08:00:05.800 0 0 E : [1 T292 ..] mali fd000000.valhall: Protected memory allocator not found, Firmware protected mode entry will not be supported
01-01 08:00:05.801 0 0 I : [1 T292 ..] mali fd000000.valhall: Mali firmware git_sha: 7f8e423cba190d559c9c79e71e47d07beb193793
01-01 08:00:05.815 0 0 I [2 T297 ..] android.hardware.boot-service: boot_ctrl.roll_flag =
01-01 08:00:05.818 0 0 I [0 T297 ..] android.hardware.boot-service: IBootControl AIDL service running...
01-01 08:00:05.828 0 0 D [3 T309 ..] vdc: Waited 0ms for vold
01-01 08:00:05.820 258 258 I vold : Using AIDL version of IBootControl
01-01 08:00:05.834 0 0 I [0 T297 ..] android.hardware.boot-service: sys.boot_completed:
01-01 08:00:05.860 0 0 D [3 T313 ..] vdc: Waited 0ms for vold
01-01 08:00:05.848 258 258 D vold : fscrypt_mount_metadata_encrypted: /data encrypt: 0 format: 0 with null block device: /dev/block/by-name/userdata and zoned device:
01-01 08:00:05.848 258 258 D vold : metadata_key_dir/key: /metadata/vold/metadata_encryption/key
01-01 08:00:05.850 258 258 D vold : Key exists, using: /metadata/vold/metadata_encryption/key
01-01 08:00:05.857 296 296 I keystore2: system/security/keystore2/src/keystore2_main.rs:61 - Keystore2 is starting.
01-01 08:00:05.857 296 296 I keystore2: system/security/keystore2/src/keystore2_main.rs:67 - Setting up sqlite logging for keystore2
01-01 08:00:05.861 296 296 W keystore2: system/security/keystore2/src/metrics_store.rs:577 - In update_keystore_crash_sysprop: Failed to read the existing system property due to: system/security/keystore2/src/metrics_store.rs:608: Property not set..Therefore, keystore crashes will not be logged.
01-01 08:00:05.864 296 296 I keystore2: system/security/keystore2/src/keystore2_main.rs:97 - Starting thread pool now.
01-01 08:00:05.866 296 296 I keystore2: system/security/keystore2/src/globals.rs:256 - KeyMint device is current version (Some(300)) for security level: r#TRUSTED_ENVIRONMENT
01-01 08:00:05.876 296 316 I keystore2: system/security/keystore2/src/shared_secret_negotiation.rs:47 - Shared secret negotiation concluded successfully.
01-01 08:00:05.877 296 296 I keystore2: system/security/keystore2/src/keystore2_main.rs:152 - Successfully registered Keystore 2.0 service.
01-01 08:00:05.877 296 296 I keystore2: system/security/keystore2/src/keystore2_main.rs:154 - Joining thread pool now.
01-01 08:00:05.879 296 316 I keystore2: system/security/keystore2/src/shared_secret_negotiation.rs:294 - No StrongBox Keymint available, so no RoT transfer
01-01 08:00:05.881 258 258 D vold : Mounting metadata-encrypted filesystem:/data
01-01 08:00:05.883 258 258 I vold : [libfs_mgr] Running /system/bin/fsck.f2fs -a -c 10000 --debug-cache /dev/block/dm-58
01-01 08:00:05.897 0 0 I : [0 T10 ..] [TEE] E/TA: fw_check_pack_version:301 the package has 17 fws totally.
01-01 08:00:05.897 0 0 I : [0 T10 ..] [TEE] E/TA: fw_check_pack_version:318 The TA ver is v1.0
01-01 08:00:05.898 0 0 I : [0 T10 ..] [TEE] E/TA: fw_check_pack_version:319 The fw ver is v0.4
01-01 08:00:05.899 0 0 I : [0 T10 ..] [TEE] E/TA: fw_data_insert:403 the fw with 372 KB will be loaded.
01-01 08:00:05.900 0 0 I : [0 T10 ..] [TEE] M/TA: TEE_Video_Load_FW success
01-01 08:00:05.912 0 0 I [3 T258 ..] fsck.f2fs: Info: Fix the reported corruption.
01-01 08:00:05.912 0 0 I [3 T258 ..] fsck.f2fs: Info: not exist /proc/version!
01-01 08:00:05.913 0 0 I [3 T258 ..] fsck.f2fs: Info: MKFS version
01-01 08:00:05.913 0 0 I [3 T258 ..] fsck.f2fs: "5.15.170-android14-11-gce7825878084-dirty"
01-01 08:00:05.914 0 0 I [3 T258 ..] fsck.f2fs: Info: FSCK version
01-01 08:00:05.915 0 0 I [3 T258 ..] fsck.f2fs: from "5.15.170-android14-11-gce7825878084-dirty"
01-01 08:00:05.916 0 0 I [3 T258 ..] fsck.f2fs: to "5.15.170-android14-11-gce7825878084-dirty"
01-01 08:00:05.917 0 0 I [3 T258 ..] fsck.f2fs: Info: superblock features = 1499 : encrypt verity extra_attr project_quota quota_ino casefold
01-01 08:00:05.918 0 0 I [3 T258 ..] fsck.f2fs: Info: superblock encrypt level = 0, salt = 00000000000000000000000000000000
01-01 08:00:05.920 0 0 I [3 T258 ..] fsck.f2fs: Info: Segments per section = 1
01-01 08:00:06.015 0 0 I : [3 T258 ..] F2FS-fs (dm-58): Using encoding defined by superblock: utf8-12.1.0 with flags 0x0
01-01 08:00:06.104 0 0 I : [0 T258 ..] F2FS-fs (dm-58): recover_inode: ino = 6e77, name = , inline = 21
01-01 08:00:06.106 0 0 I : [2 T258 ..] F2FS-fs (dm-58): recover_dentry: ino = 6e77, name = , dir = 4b3, err = 0
01-01 08:00:06.106 0 0 I : [2 T258 ..] F2FS-fs (dm-58): recover_data: ino = 6e77 (i_size: recover) recovered = 1, err = 0
01-01 08:00:06.107 0 0 I : [2 T258 ..] F2FS-fs (dm-58): recover_inode: ino = 6e78, name = , inline = 21
01-01 08:00:06.109 0 0 I : [2 T258 ..] F2FS-fs (dm-58): recover_dentry: ino = 6e78, name = , dir = 4b3, err = 0
01-01 08:00:06.110 0 0 I : [2 T258 ..] F2FS-fs (dm-58): recover_data: ino = 6e78 (i_size: recover) recovered = 2, err = 0
01-01 08:00:06.111 0 0 I : [2 T258 ..] F2FS-fs (dm-58): recover_inode: ino = 6e79, name = , inline = 21
01-01 08:00:06.112 0 0 I : [2 T258 ..] F2FS-fs (dm-58): recover_dentry: ino = 6e79, name = , dir = 4b3, err = 0
01-01 08:00:06.113 0 0 I : [2 T258 ..] F2FS-fs (dm-58): recover_data: ino = 6e79 (i_size: recover) recovered = 1, err = 0
01-01 08:00:06.117 0 0 I : [2 T258 ..] F2FS-fs (dm-58): checkpoint: version = 648eb13e
01-01 08:00:06.117 0 0 I : [2 T258 ..] F2FS-fs (dm-58): Mounted with checkpoint version = 648eb13e
01-01 08:00:06.110 258 258 I vold : [libfs_mgr] __mount(source=/dev/block/dm-58,target=/data,type=f2fs)=0: Success
01-01 08:00:06.111 258 258 D vold : Mounted /data
01-01 08:00:06.144 0 0 I [2 T1 ..] zram0: detected capacity change from 0 to 2485320
01-01 08:00:06.165 0 0 I : [0 T1 ..] Adding 1242656k swap on /dev/block/zram0. Priority:-2 extents:1 across:1242656k SS
01-01 08:00:06.177 258 258 I Checkpoint: cp_prepareCheckpoint called
01-01 08:00:06.200 258 258 I vold : fscrypt_initialize_systemwide_keys
01-01 08:00:06.201 258 258 D vold : Key exists, using: /data/unencrypted/key
01-01 08:00:06.212 0 0 D [2 T332 ..] vdc: Waited 0ms for vold
01-01 08:00:06.206 258 258 D vold : Installed fscrypt key with ref 1e35160762330ca49da63d1a4fcc10ca to /data
01-01 08:00:06.206 258 258 D vold : Added fscrypt-provisioning key for 1e35160762330ca49da63d1a4fcc10ca to session keyring
01-01 08:00:06.208 258 258 I vold : Wrote system DE key reference to:/data/unencrypted/ref
01-01 08:00:06.208 258 258 D vold : Generating standard storage key
01-01 08:00:06.208 258 258 D vold : Installed fscrypt key with ref f879be972b032dbc38992db631e05ac7 to /data
01-01 08:00:06.208 258 258 D vold : Added fscrypt-provisioning key for f879be972b032dbc38992db631e05ac7 to session keyring
01-01 08:00:06.209 258 258 I vold : Wrote per boot key reference to:/data/unencrypted/per_boot_ref
01-01 08:00:06.224 0 0 I [3 T1 ..] fscrypt: AES-256-CTS-CBC using implementation "cts-cbc-aes-ce"
01-01 08:00:06.226 0 0 I [2 T1 ..] fscrypt: AES-256-XTS using blk-crypto-fallback
01-01 08:00:06.258 0 0 I : [2 T329 ..] vt session 329-0 create
01-01 08:00:06.251 258 258 I incfs : Initial API level of the device: 34
01-01 08:00:06.251 258 258 I incfs : ro.incremental.enable: yes
01-01 08:00:06.252 258 258 I incfs : isFsAvailable: true
01-01 08:00:06.252 258 258 I incfs : isFsAvailable: true
01-01 08:00:06.252 258 258 I incfs : IncFs_Features: v2
01-01 08:00:06.254 296 296 I keystore2: system/security/keystore2/src/maintenance.rs:206 - In early_boot_ended.
01-01 08:00:06.266 0 0 I : [2 T329 ..] [DV] module not install
01-01 08:00:06.265 296 296 I keystore2: system/security/keystore2/src/globals.rs:66 - Touching Keystore 2.0 database for this first time since boot.
01-01 08:00:06.265 296 296 I keystore2: system/security/keystore2/src/globals.rs:68 - Calling cleanup leftovers.
01-01 08:00:06.265 296 296 I keystore2: system/security/keystore2/src/boot_level_keys.rs:57 - ro.keystore.boot_level_key.strategy not set, inferring from installed KM instances
01-01 08:00:06.265 296 296 I keystore2: system/security/keystore2/src/boot_level_keys.rs:115 - In get_level_zero_key: security_level=r#SOFTWARE, deny_later_strategy=EarlyBootOnly
01-01 08:00:06.270 296 296 I keystore2: system/security/keystore2/src/super_key.rs:293 - Starting boot level watcher.
01-01 08:00:06.271 296 296 I keystore2: system/security/keystore2/src/maintenance.rs:187 - Call to earlyBootEnded succeeded for security level TRUSTED_ENVIRONMENT.
01-01 08:00:06.271 296 340 I keystore2: system/security/keystore2/src/super_key.rs:325 - Read keystore.boot_level value 30
01-01 08:00:06.271 296 340 I keystore2: system/security/keystore2/src/super_key.rs:325 - Read keystore.boot_level value 30
01-01 08:00:06.273 296 296 E keystore2: system/security/keystore2/src/maintenance.rs:192 - Call to earlyBootEnded failed for security level STRONGBOX: system/security/keystore2/src/maintenance.rs:167: getting keymint device.
01-01 08:00:06.273 296 296 E keystore2: system/security/keystore2/src/error.rs:180 - system/security/keystore2/src/maintenance.rs:167: getting keymint device
01-01 08:00:06.273 296 296 E keystore2:
01-01 08:00:06.273 296 296 E keystore2: Caused by:
01-01 08:00:06.273 296 296 E keystore2: 0: system/security/keystore2/src/globals.rs:335: Cannot connect to Keymint
01-01 08:00:06.273 296 296 E keystore2: 1: system/security/keystore2/src/globals.rs:246: Trying to get Legacy wrapper.
01-01 08:00:06.273 296 296 E keystore2: 2: Error::Km(r#HARDWARE_TYPE_UNAVAILABLE)
01-01 08:00:06.273 258 258 E vold : keystore2 Keystore earlyBootEnded returned service specific error: -68
01-01 08:00:06.286 0 0 E [1 T258 ..] vold: keystore2 Keystore earlyBootEnded returned service specific error: -68
01-01 08:00:06.330 0 0 I [3 T346 ..] apexd: Scanning /system/apex for pre-installed ApexFiles
01-01 08:00:06.331 0 0 I [3 T346 ..] apexd: Found pre-installed APEX /system/apex/com.amlogic.mediaextractor.apex
01-01 08:00:06.332 0 0 I [3 T346 ..] apexd: Found pre-installed APEX /system/apex/com.android.adbd.capex
01-01 08:00:06.333 0 0 I [3 T346 ..] apexd: Found pre-installed APEX /system/apex/com.android.adservices.capex
01-01 08:00:06.334 0 0 I [3 T346 ..] apexd: Found pre-installed APEX /system/apex/com.android.apex.cts.shim.apex
01-01 08:00:06.335 0 0 I [3 T346 ..] apexd: Found pre-installed APEX /system/apex/com.android.appsearch.capex
01-01 08:00:06.337 0 0 I [3 T346 ..] apexd: Found pre-installed APEX /system/apex/com.android.art.capex
01-01 08:00:06.338 0 0 I [3 T346 ..] apexd: Found pre-installed APEX /system/apex/com.android.btservices.apex
01-01 08:00:06.339 0 0 I [3 T346 ..] apexd: Found pre-installed APEX /system/apex/com.android.configinfrastructure.capex
01-01 08:00:06.340 0 0 I [3 T346 ..] apexd: Found pre-installed APEX /system/apex/com.android.conscrypt.capex
01-01 08:00:06.381 0 0 I : [2 T304 ..] video_composer_open iminor(inode) =0
01-01 08:00:06.381 0 0 I [2 T304 ..] vc: [0]vd_render_index_get: render_index is 0.
01-01 08:00:06.382 0 0 I [2 T304 ..] vc: [0]get capability: min 64 64; max 4096 2160
01-01 08:00:06.382 0 0 I : [2 T304 ..] video_composer_open iminor(inode) =1
01-01 08:00:06.383 0 0 I [2 T304 ..] vc: [1]vd_render_index_get: render_index is 1.
01-01 08:00:06.386 0 0 I [2 T304 ..] vc: [1]get capability: min 64 64; max 2048 1080
01-01 08:00:06.389 0 0 I [2 T304 ..] vc: [0]get capability: min 64 64; max 4096 2160
01-01 08:00:06.389 0 0 I [2 T304 ..] vc: [1]get capability: min 64 64; max 2048 1080
01-01 08:00:06.475 0 0 I [2 T376 ..] loop4: detected capacity change from 0 to 536
01-01 08:00:06.477 0 0 I [0 T377 ..] loop5: detected capacity change from 0 to 10392
01-01 08:00:06.477 0 0 I [3 T379 ..] loop6: detected capacity change from 0 to 25264
01-01 08:00:06.478 0 0 I [2 T378 ..] loop7: detected capacity change from 0 to 20400
01-01 08:00:06.496 0 0 I : [3 T379 ..] EXT4-fs (loop6): mounted filesystem without journal. Opts: (null). Quota mode: none.
01-01 08:00:06.498 0 0 I [3 T379 ..] loop8: detected capacity change from 0 to 576
01-01 08:00:06.498 0 0 I [1 T377 ..] loop9: detected capacity change from 0 to 38408
01-01 08:00:06.504 0 0 I : [2 T376 ..] EXT4-fs (loop4): mounted filesystem without journal. Opts: (null). Quota mode: none.
01-01 08:00:06.507 0 0 I : [3 T378 ..] EXT4-fs (loop7): mounted filesystem without journal. Opts: (null). Quota mode: none.
01-01 08:00:06.509 0 0 I [3 T376 ..] loop10: detected capacity change from 0 to 2224
