01-01 08:00:39.561 0 0 I [1 T405 ..] [hdmitx: ] plugin sequence id: 4294902184
01-01 08:00:39.598 0 0 I [2 T405 ..] cec: [hdmitx_notify_callback] unsupported notify:3
01-01 08:00:39.598 0 0 W : [2 T405 ..] [RX]-up_phy_addr = 3
01-01 08:00:39.599 0 0 I [2 T405 ..] [hdmitx: ] edid: blk0 raw data
01-01 08:00:39.600 0 0 I [2 T405 ..] [hdmitx: ] 00ffffffffffff0061a44a00010000000d1d0103807a45780acf74a3574cb02309484c2108008180454061409500010101010101010108e80030f2705a80b058
01-01 08:00:39.600 0 0 I : [2 T405 ..] 8a00c48e2100001e023a801871382d40582c4500c48e2100001e000000fc004d692054560a20202020202020000000fd003b461f8c3c000a2020202020200188
01-01 08:00:39.603 0 0 I [2 T405 ..] [hdmitx: ] edid: blk1 raw data
01-01 08:00:39.604 0 0 I [2 T405 ..] [hdmitx: ] 02035df25901020384050607901112131415161f5d5e5f606162636465662f0907051507503d07c05707005f7e01830100006e030c003000b83c2f0080010203
01-01 08:00:39.604 0 0 I : [2 T405 ..] 0467d85dc401788803e305c301e50f00008c01e3060501e5018b8490018c0ad08a20e02d10103e9600c48e210000180000000000000000000000000000000054
05-23 09:26:53.030 732 839 V WindowManager: app ------------- force_land :0
05-23 09:26:53.039 732 732 D HDMI : Hotplug event:[port:0, connected:true]
01-01 08:00:39.608 0 0 I : [2 T405 ..] [drm] drm hdmitx hpd notify
01-01 08:00:39.625 0 0 I [0 T358 ..] vc: [0]get capability: min 64 64; max 4096 2160
01-01 08:00:39.625 0 0 I [0 T358 ..] vc: [1]get capability: min 64 64; max 2048 1080
01-01 08:00:39.642 0 0 W [2 T338 ..] audit: audit_lost=145 audit_rate_limit=5 audit_backlog_limit=64
01-01 08:00:39.642 0 0 E [2 T338 ..] audit: rate limit exceeded
05-23 09:26:53.057 732 732 D HDMI : initPortInfo port info:port_id: 0, type: HDMI_OUT, address: 0x3000, cec: true, arc: true, mhl: false, earc: false
05-23 09:26:53.063 732 891 D AudioService: setWiredDeviceConnectionState( type:400 state:DEVICE_STATE_AVAILABLE addr: name:) from android
05-23 09:26:53.064 732 891 I AS.AudioDeviceInventory: handleDeviceConnection(true dev:400 address: name:)
05-23 09:26:53.064 732 891 I AS.AudioDeviceInventory: deviceKey:0x400:
05-23 09:26:53.064 732 891 I AS.AudioDeviceInventory: deviceInfo:null is(already)Connected:false
01-01 08:00:39.651 0 0 I [2 T688 ..] audio_ddr_mngr: frddrs[1] released by device fe330000.audiobus:spdif@0
01-01 08:00:39.652 0 0 D [2 T688 ..] [snd-soc]: spdif_a is set to disable
01-01 08:00:39.652 0 0 I [2 T688 ..] [snd-soc]: aml_audio_reset, reg 0xa, shift 9, use_vadtop 0
01-01 08:00:39.653 0 0 I [2 T688 ..] [snd-soc]: aml_audio_reset, reg 0xa, shift 14, use_vadtop 0
01-01 08:00:39.654 0 0 I [2 T688 ..] [snd-soc]: hdmitx src switch to spdif 0
01-01 08:00:39.654 0 0 I [2 T688 ..] [snd-soc]: sharebuffer_spdifout_prepare get_hdmitx_audio_src(rtd->card):0 spdif_id:0
01-01 08:00:39.656 0 0 I [2 T688 ..] [hdmitx: ] hdmitx_audio_notify_callback[804] type:1 rate:0 size:0 chs:0 i2s_ch_mask:0 aud_src_if:0
01-01 08:00:39.657 0 0 E [2 T688 ..] [hdmitx: ] *HDMITX_ERROR* audio chn setting, must be 2, 4, 6 or 8, Rst as def
01-01 08:00:39.658 0 0 I [2 T688 ..] [hdmitx: ] aout notify format CT_PCM
01-01 08:00:39.659 0 0 I [2 T688 ..] [hdmitx: ] set audio
01-01 08:00:39.659 0 0 I [2 T688 ..] [hdmitx: ] audio_param->chs = -1
01-01 08:00:39.660 0 0 I [2 T688 ..] [hdmitx: ] aud_src_if = 0
01-01 08:00:39.661 0 0 I [2 T688 ..] [hdmitx: ] set audio param
01-01 08:00:39.661 0 0 D [2 T688 ..] [snd-soc]: spdif_a fifo ctrl, frddr:0 type:1, 16 bits, chmask 0x3, swap 0x10
01-01 08:00:39.661 0 0 I [2 T688 ..] [hdmitx: ] hdmitx_audio_notify_callback[804] type:1 rate:3 size:1 chs:2 i2s_ch_mask:1 aud_src_if:0
01-01 08:00:39.663 0 0 I [2 T688 ..] [hdmitx: ] aout notify format CT_PCM
01-01 08:00:39.663 0 0 I [2 T688 ..] [hdmitx: ] set audio
01-01 08:00:39.664 0 0 I [2 T688 ..] [hdmitx: ] audio_param->chs = 1
01-01 08:00:39.665 0 0 I [2 T688 ..] [hdmitx: ] aud_src_if = 0
01-01 08:00:39.665 0 0 I [2 T688 ..] [hdmitx: ] set audio param
01-01 08:00:39.669 0 0 D [2 T688 ..] [snd-soc]: spdif_a is set to enable --------- beginning of main
05-23 09:26:53.105 329 937 I SystemControl: [/Ubootenv.cpp, get, 345] [ubootenv] search end and not find env:hdr_resolution_priority
05-23 09:26:53.106 304 358 D MesonHwc: sc_read_bootenv val is empty
05-23 09:26:53.106 329 937 I SystemControl: [/Ubootenv.cpp, get, 345] [ubootenv] search end and not find env:user_prefer_dv_type
05-23 09:26:53.106 304 358 D MesonHwc: sc_read_bootenv val is empty
05-23 09:26:53.106 304 358 E MesonHwc: dolby vision driver is not ready
05-23 09:26:53.106 304 358 I MesonHwc: ubootenv_dv_type:0
05-23 09:26:53.106 304 358 I MesonHwc: display sink type:1 [0:none, 1:sink, 2:repeater]
05-23 09:26:53.106 304 358 D MesonHwc: hdmi get mDcCap 420,12bit
05-23 09:26:53.106 304 358 D MesonHwc: 420,10bit
05-23 09:26:53.106 304 358 D MesonHwc: 420,8bit
05-23 09:26:53.106 304 358 D MesonHwc: 444,12bit
05-23 09:26:53.106 304 358 D MesonHwc: 444,10bit
05-23 09:26:53.106 304 358 D MesonHwc: 444,8bit
05-23 09:26:53.106 304 358 D MesonHwc: 422,12bit
05-23 09:26:53.106 304 358 D MesonHwc: rgb,12bit
05-23 09:26:53.106 304 358 D MesonHwc: rgb,10bit
05-23 09:26:53.106 304 358 D MesonHwc: rgb,8bit
05-23 09:26:53.107 304 358 V MesonDisplayServer: GetDisplayMode:576cvbs
05-23 09:26:53.107 304 358 I MesonHwc: getDisplayMode mode:576cvbs
05-23 09:26:53.107 329 937 I SystemControl: [/Ubootenv.cpp, get, 345] [ubootenv] search end and not find env:framerate_priority
05-23 09:26:53.107 304 358 D MesonHwc: sc_read_bootenv val is empty
05-23 09:26:53.107 483 708 I audio_hw_hal_primary: [out_set_volume:1406] out:0xea402b30 left:1.000000 continuous:1 internal_format:PCM_16_BIT dolby:0 direct pcm:1 mmap_pcm:1
05-23 09:26:53.107 329 937 I SystemControl: [/Ubootenv.cpp, get, 336] [ubootenv] get key:hdmimode envValue: smpte60hz
05-23 09:26:53.108 304 358 D MesonHwc: get key:ubootenv.var.hdmimode value:smpte60hz
05-23 09:26:53.108 329 937 I SystemControl: [/Ubootenv.cpp, get, 336] [ubootenv] get key:is.bestmode envValue: false
05-23 09:26:53.108 304 358 D MesonHwc: get key:ubootenv.var.is.bestmode value:false
05-23 09:26:53.108 304 358 I MesonDisplay: [/mode_policy.c, meson_mode_set_policy, 1177] connector:0 to policy:8
05-23 09:26:53.108 304 358 I MesonDisplay: [/mode_policy.c, is_dv_prefer, 66] not prefer dv, hdr_priority:10000010
05-23 09:26:53.108 304 358 I MesonDisplay: [/mode_policy.c, is_dv_prefer, 66] not prefer dv, hdr_priority:10000010
05-23 09:26:53.108 304 358 I MesonDisplay: [/mode_policy.c, hdr_scene_process, 724] policy:8 is_bestcolorspace:1 state:1
05-23 09:26:53.108 304 358 I MesonDisplay: [/mode_policy_parser.c, is_support_hdmimode, 110] is_support_hdmimode mode: smpte60hz
05-23 09:26:53.108 304 358 D MesonDisplay: meson_write /sys/class/amhdmitx/amhdmitx0/valid_mode, outputmode:smpte60hz420,10bit
05-23 09:26:53.108 304 358 D MesonDisplay: valid mode is true!
05-23 09:26:53.108 304 358 I MesonDisplay: [/mode_policy.c, hdr_scene_process, 860] hdr_scene_process mode:[smpte60hz], color format:[420,10bit]
05-23 09:26:53.108 304 358 I MesonDisplay: [/mode_policy.c, meson_mode_get_policy_output, 1289] final_displaymode:smpte60hz, final_deepcolor:420,10bit, amdv_type:0
05-23 09:26:53.109 329 937 I SystemControl: [/Ubootenv.cpp, get, 336] [ubootenv] get key:hdr_preferred_policy envValue: 0
05-23 09:26:53.109 304 358 D MesonHwc: get key:ubootenv.var.hdr_preferred_policy value:0
05-23 09:26:53.109 304 358 I MesonHwc: getPreferredHdrStrategy is 0
05-23 09:26:53.109 304 358 I MesonHwc: check_hdr_mode mode:smpte60hz outHdrConversionType:HDR10 support:1
05-23 09:26:53.109 304 358 I MesonHwc: quiescent_mode is 0
05-23 09:26:53.109 329 937 I SystemControl: [/Ubootenv.cpp, get, 336] [ubootenv] get key:frac_rate_policy envValue: 0
05-23 09:26:53.109 304 358 D MesonHwc: get key:ubootenv.var.frac_rate_policy value:0
05-23 09:26:53.109 304 358 I MesonHwc: get uenv frc policy is 0 and current value is 0
05-23 09:26:53.109 304 358 I MesonHwc: cur frac_rate_policy is equals
05-23 09:26:53.109 304 358 D MesonDisplayServer: use connector getDisplayAttribute "HDMI Color ATTR": "rgb,8bit"
05-23 09:26:53.109 304 358 I MesonHwc: curDeepcolor[rgb,8bit] final_deepcolor[420,10bit]
05-23 09:26:53.109 304 358 I MesonHwc: set color space from:rgb,8bit to 420,10bit
05-23 09:26:53.109 304 358 D MesonDisplayServer: SetDisplay[HDMI Color ATTR] attr to "420,10bit"
05-23 09:26:53.109 304 358 D MesonHwc: setColorAttribute hdmiColorAttr: 420,10bit
05-23 09:26:53.110 304 358 D MesonDisplayServer: getDisplayAttribute "HDR Policy": "0"
05-23 09:26:53.110 304 358 I MesonHwc: cur hdr policy:0
05-23 09:26:53.110 304 358 D MesonDisplayServer: getDisplayAttribute "FORCE HDR Mode": "0"
05-23 09:26:53.110 304 358 I MesonHwc: cur hdr force mode:0
05-23 09:26:53.110 304 358 D MesonDisplayServer: getDisplayAttribute "Dolby Vision Mode": "usage: echo mode > /sys/class/amdolby_vision/dv_mode AMDV_OUTPUT_MODE_BYPASS 0 AMDV_OUTPUT_MODE_IPT 1 AMDV_OUTPUT_MODE_IPT_TUNNEL 2 AMDV_OUTPUT_MODE_HDR10 3 AMDV_OUTPUT_MODE_SDR10 4 AMDV_OUTPUT_MODE_SDR8 5current dv_mode = off"
05-23 09:26:53.110 304 358 D MesonDisplayServer: getDisplayAttribute "Dolby Vision Policy": "0"
05-23 09:26:53.110 304 358 I MesonHwc: cur dv policy:0
05-23 09:26:53.110 329 937 I SystemControl: [/Ubootenv.cpp, get, 345] [ubootenv] search end and not find env:hdr_force_mode
05-23 09:26:53.110 304 358 D MesonHwc: sc_read_bootenv val is empty
05-23 09:26:53.110 304 358 I MesonHwc: get hdr force mode is [2]
05-23 09:26:53.110 329 937 I SystemControl: [/Ubootenv.cpp, get, 336] [ubootenv] get key:hdr_policy envValue: 0
05-23 09:26:53.110 304 358 D MesonHwc: get key:ubootenv.var.hdr_policy value:0
05-23 09:26:53.110 304 358 I MesonHwc: get uboot HdrStrategy is [0]
05-23 09:26:53.110 304 358 E MesonHwc: dolby vision driver is not ready
05-23 09:26:53.111 304 358 D MesonDisplayServer: use connector getDisplayAttribute "HDR Priority": "0"
05-23 09:26:53.111 304 358 I MesonHwc: getCurrentHdrPriority is [DV Priority]
05-23 09:26:53.111 329 937 I SystemControl: [/Ubootenv.cpp, get, 336] [ubootenv] get key:hdr_priority envValue: 268435472
05-23 09:26:53.112 304 358 D MesonHwc: get key:ubootenv.var.hdr_priority value:268435472
05-23 09:26:53.112 304 358 I MesonHwc: getHdrPriority is [HDR10_HLG priority]
05-23 09:26:53.112 304 358 I MesonHwc: get uboot HdrPriority is [HDR10_HLG priority]
05-23 09:26:53.112 304 358 I MesonHwc: [/ModePolicy.cpp, applyDisplaySetting, 2199] set hdr priority from:DV Priority to HDR10_HLG priority
05-23 09:26:53.112 304 358 D MesonDisplayServer: getDisplayAttribute "Dolby Vision Enable": "N"
05-23 09:26:53.112 304 358 D MesonDisplayServer: getDisplayAttribute "Dolby Vision LL Policy": "0"
05-23 09:26:53.112 304 358 I MesonHwc: curDvMode 0, want DvMode 0
05-23 09:26:53.112 304 358 E MesonHwc: dolby vision driver is not ready
05-23 09:26:53.112 304 358 I MesonHwc: cur DvMode is equals
05-23 09:26:53.112 304 358 V MesonDisplayServer: GetDisplayMode:576cvbs
05-23 09:26:53.112 304 358 I MesonHwc: getDisplayMode mode:576cvbs
05-23 09:26:53.112 304 358 I MesonHwc: curMode:[576cvbs] ,final_displaymode[smpte60hz]
05-23 09:26:53.112 304 358 I MesonHwc: curmode:576cvbs, tmpMode:576cvbs, outputmode:smpte60hz
05-23 09:26:53.112 304 358 I MesonHwc: connector not ready
05-23 09:26:53.112 304 358 I MesonHwc: setSysfsStr /sys/devices/virtual/amhdmitx/amhdmitx0/avmute= 1
05-23 09:26:53.112 304 358 I MesonDisplay: [/HDCPTxAuth.cpp, stopVerAll, 344] hdcp_tx 2.2 & 1.4 stop hdcp pwr
05-23 09:26:53.112 304 358 E MesonDisplay: open /sys/class/amhdmitx/amhdmitx0/hdcp_pwr fail. Error info [No such file or directory]
05-23 09:26:53.113 551 608 I AudioFlinger: openOutput() this 0xe8340cd0, module 10 Device AUDIO_DEVICE_OUT_HDMI, @:, SamplingRate 44100, Format 0xe000000, Channels 0x1, flags 0x11
05-23 09:26:53.113 483 708 D audio_hw_hal_primary: [adev_open_output_stream_new:7868] enter: dev=0xea4c14a0 handle=65 devices=0x400/'HDMI,' flags=0x11/'DIRECT,COMPRESS_OFFLOAD,' config=(rt=44100 ch_mask=0x1 fmt=0xe000000) address=''
05-23 09:26:53.113 483 708 D audio_hw_hal_primary: adev_open_output_stream_new: enter
05-23 09:26:53.113 483 708 I audio_hw_hal_primary: [adev_open_output_stream:3285] io 101: out:0xea400740 dev:OUT_HDMI(0x400) addr:
05-23 09:26:53.113 483 708 I audio_hw_hal_primary: [adev_open_output_stream:3287] ch_mask:0x1 rate:44100 format:DOLBY_TRUEHD(0xe000000) flags:0x11
05-23 09:26:53.113 483 708 I audio_hw_hal_primary: adev_open_output_stream: for raw audio output,force alsa stereo output
05-23 09:26:53.113 483 708 I audio_hw_hal_primary: [adev_open_output_stream:3610] result profile ch_mask:0x1 rate:44100 format:DOLBY_TRUEHD(0xe000000) usecase:RAW_DIRECT
05-23 09:26:53.114 483 708 I audio_hw_hal_utils: aml_get_stream_dump_file_name line 2929 file_name /data/vendor/audiohal/stream_pid483_tid708.mlp
05-23 09:26:53.114 483 708 I audio_hw_hal_primary: [adev_open_output_stream_new:8037] io 101: out: 0xea400740 card:0 alsa devices:0 exit ------
01-01 08:00:39.691 0 0 I [0 T358 ..] [hdmitx: ] avmute_store 1
05-23 09:26:53.115 483 573 I audio_hw_hal_primary: [out_get_buffer_size:552] out:0xea400740 config.rate=44100, format:DOLBY_TRUEHD(0xe000000), stream format:DOLBY_TRUEHD(0xe000000)
05-23 09:26:53.115 551 608 I AudioFlinger: HAL output buffer size 16384 frames, normal sink buffer size 16384 frames
05-23 09:26:53.115 483 573 I audio_hw_hal_primary: [audiohal_get_latency:1333] io 101: out:0xea400740 frames:384 rate:44100 whole_latency:8 alsa_latency:8
05-23 09:26:53.115 483 573 I audio_hw_hal_primary: [out_set_event_callback:3158] io 101: out:0xea400740, callback:0xec24c91d cookie:0xecc41090
05-23 09:26:53.116 483 573 I audio_hw_hal_primary: [audiohal_get_latency:1333] io 101: out:0xea400740 frames:384 rate:44100 whole_latency:8 alsa_latency:8
05-23 09:26:53.116 483 708 I audio_hw_hal_primary: [audiohal_get_latency:1333] io 101: out:0xea400740 frames:384 rate:44100 whole_latency:8 alsa_latency:8
05-23 09:26:53.117 551 2611 I AudioFlinger: AudioFlinger's thread 0xe269c400 tid=2611 ready to run
05-23 09:26:53.118 551 2611 D AudioFlinger: ro.audio.silent is ignored since no output device is set
05-23 09:26:53.118 492 492 D hdmicecd: [CEC]:printCecMessage, [4 -> 4] len: 0, body:, result:no ack
05-23 09:26:53.121 551 2611 D AudioFlinger: ro.audio.silent is ignored since no output device is set
05-23 09:26:53.122 483 688 I audio_hw_utils_tinyalsa: pcm_open(): card=0 device=5 flag=0x0 cfg=(fmt=0 rt=48000 ch=2 period=8192*4 thr=8192-0-0 sil_sz=0 avail_min=0) fd=18
01-01 08:00:39.700 0 0 I [2 T688 ..] audio_ddr_mngr: frddrs[1] registered by device fe330000.audiobus:spdif@1
01-01 08:00:39.701 0 0 I [2 T688 ..] [hdmitx: ] hdmitx_audio_notify_callback[804] type:1 rate:0 size:0 chs:0 i2s_ch_mask:0 aud_src_if:0
01-01 08:00:39.702 0 0 E [2 T688 ..] [hdmitx: ] *HDMITX_ERROR* audio chn setting, must be 2, 4, 6 or 8, Rst as def
01-01 08:00:39.703 0 0 I [2 T688 ..] [hdmitx: ] aout notify format CT_PCM
01-01 08:00:39.704 0 0 I [2 T688 ..] [hdmitx: ] set audio
05-23 09:26:53.128 483 688 I audio_hw_hal_spdifout: dev alsa handle device id=4 alsa_handle=0xed1c01d0
05-23 09:26:53.128 483 688 I audio_hw_hal_spdifout: aml_audio_spdifout_open success ret=0 spdifout_handle:0xecc40190 format =0xa000000
05-23 09:26:53.128 483 688 I audio_hw_hal_ms12v2: is ms12 bypass =0
05-23 09:26:53.128 483 688 I audio_hw_hal_alsamgr: get_spdifout_mute_count mute_count:1
05-23 09:26:53.128 483 688 I audio_hw_hal_alsamgr: alsa_handle:0xed1c01d0, spdif mute the data cnt =1
01-01 08:00:39.705 0 0 I [2 T688 ..] [hdmitx: ] audio_param->chs = -1
01-01 08:00:39.705 0 0 I [2 T688 ..] [hdmitx: ] aud_src_if = 0
01-01 08:00:39.706 0 0 I [2 T688 ..] [hdmitx: ] set audio param
01-01 08:00:39.707 0 0 I [2 T688 ..] [hdmitx: ] hdmitx_audio_notify_callback[804] type:1 rate:0 size:0 chs:0 i2s_ch_mask:0 aud_src_if:0
01-01 08:00:39.708 0 0 E [2 T688 ..] [hdmitx: ] *HDMITX_ERROR* audio chn setting, must be 2, 4, 6 or 8, Rst as def
01-01 08:00:39.709 0 0 I [2 T688 ..] [hdmitx: ] aout notify format CT_PCM
01-01 08:00:39.710 0 0 I [2 T688 ..] [hdmitx: ] set audio
01-01 08:00:39.710 0 0 I [2 T688 ..] [hdmitx: ] audio_param->chs = -1
01-01 08:00:39.711 0 0 I [2 T688 ..] [hdmitx: ] aud_src_if = 0
01-01 08:00:39.711 0 0 D [0 T693 ..] [snd-soc]: spdif_a is set to disable
01-01 08:00:39.712 0 0 I [2 T688 ..] [hdmitx: ] set audio param
01-01 08:00:39.712 0 0 I [2 T688 ..] [hdmitx: ] hdmitx_audio_notify_callback[804] type:10 rate:3 size:1 chs:2 i2s_ch_mask:1 aud_src_if:0
01-01 08:00:39.713 0 0 I [2 T688 ..] [hdmitx: ] aout notify format CT_DOLBY_D
01-01 08:00:39.714 0 0 I [2 T688 ..] [hdmitx: ] set audio
01-01 08:00:39.715 0 0 I [2 T688 ..] [hdmitx: ] audio_param->chs = 1
01-01 08:00:39.715 0 0 I [2 T688 ..] [hdmitx: ] aud_src_if = 0
01-01 08:00:39.716 0 0 I [2 T688 ..] [hdmitx: ] set audio param
05-23 09:26:53.139 483 688 I AudioSPDIF: SPDIFEncoder: mBurstBufferSizeBytes = 24576, littleEndian = 1
05-23 09:26:53.139 483 688 I audio_hw_utils_spidfenc: SPDIFEncoderAD() format 0x9000000 outBuf 0xe8e9f000 outBufSize 393216
05-23 09:26:53.139 483 688 I audio_hw_utils_spidfenc: init SPDIFEncoderAD done
05-23 09:26:53.139 483 688 I audio_hw_hal_spdifencoder: aml_spdif_encoder_open handle =0xee2d3000
05-23 09:26:53.139 483 688 I audio_hw_hal_spdifout: select_digital_device dual_spdif_support:1
05-23 09:26:53.139 483 688 I audio_hw_hal_spdifout: select_digital_device return device_id:1, audio_format:0x9000000
05-23 09:26:53.139 483 688 I audio_hw_hal_spdifout: aml_audio_spdifout_open device_id:1 device_config.device_port:1
05-23 09:26:53.139 483 688 I audio_hw_hal_spdifout: aml_audio_spdifout_open channel =0x3 spdif format =0x2 spdif_port=0x1
05-23 09:26:53.139 483 688 I audio_hw_hal_spdifout: aml_audio_spdifout_open set spdif format 0x2
05-23 09:26:53.139 483 688 I audio_hw_hal_spdifout: optical =0xa000000 sink =0xa000000
05-23 09:26:53.139 483 688 I audio_hw_hal_cfgpara: get_hardware_config_parameters()
05-23 09:26:53.139 483 688 I audio_hw_hal_cfgpara: get_hardware_config_parameters() channels 2 format 0 period_count 8 period_size 1024 rate 48000
05-23 09:26:53.139 483 688 E audio_hw_hal_alsamgr: [convert_audio_format_2_alsa_format:1473] invalid format:0x9000000, return 16bit format.
05-23 09:26:53.139 483 688 D audio_hw_utils_alsaparser: auge sound card, pAdd=0xebdc0330 fix alsaPORT:1 to :4
05-23 09:26:53.139 483 688 I audio_hw_hal_alsamgr: In pcm open ch=2 rate=48000
05-23 09:26:53.139 483 688 I audio_hw_hal_alsamgr: aml_alsa_output_open_new, audio open card(0), device(4)
05-23 09:26:53.139 483 688 I audio_hw_hal_alsamgr: ALSA open configs: channels 2 format 0 period_count 8 period_size 1024 rate 48000
05-23 09:26:53.139 483 688 I audio_hw_hal_alsamgr: ALSA open configs: threshold start 2048 stop 0 silence 0 silence_size 0 avail_min 0
01-01 08:00:39.717 0 0 D [2 T688 ..] [snd-soc]: aml_spdif_fifo_ctrl, bit depth:16, frddr type:1, toddr:type:1
01-01 08:00:39.718 0 0 I [2 T688 ..] [snd-soc]: release_spdif_same_src(), 1039 src sel 3
01-01 08:00:39.718 0 0 I [2 T688 ..] [snd-soc]: ss_free() samesrc 3, lvl 1
01-01 08:00:39.719 0 0 I [2 T688 ..] audio_ddr_mngr: frddrs[2] registered by device fe330000.audiobus:spdif@0
05-23 09:26:53.141 483 688 I audio_hw_utils_tinyalsa: pcm_open(): card=0 device=4 flag=0x0 cfg=(fmt=0 rt=48000 ch=2 period=1024*8 thr=2048-0-0 sil_sz=0 avail_min=0) fd=26
05-23 09:26:53.142 483 688 I audio_hw_hal_spdifout: dev alsa handle device id=1 alsa_handle=0xed1c0390
05-23 09:26:53.142 483 688 I audio_hw_hal_spdifout: aml_audio_spdifout_open success ret=0 spdifout_handle:0xecc400d0 format =0x9000000
05-23 09:26:53.142 483 688 I audio_hw_hal_ms12v2: is ms12 bypass =0
05-23 09:26:53.142 483 688 I AudioSPDIF: AC3 frame rate = 48000 * 1, size = 2560, audioBlocksPerSyncFrame = 6
05-23 09:26:53.142 483 688 I audio_hw_hal_alsamgr: get_spdifout_mute_count mute_count:1
05-23 09:26:53.142 483 688 I audio_hw_hal_alsamgr: alsa_handle:0xed1c0390, spdif mute the data cnt =1
05-23 09:26:53.144 483 688 E audio_hw_hal_alsamgr: aml_alsa_output_get_delayframe:824, pcm_ioctl fail, ret:0xffffffff, error info:Broken pipe
05-23 09:26:53.144 483 688 I audio_hw_hal_alsamgr: aml_alsa_output_write alsa_running_status[0xea401cd0] change from 1 to 0
05-23 09:26:53.144 483 688 W audio_hw_hal_alsamgr: [aml_alsa_output_write:616] alsa underrun
01-01 08:00:39.720 0 0 D [2 T688 ..] [snd-soc]: aml_spdif_fifo_ctrl, bit depth:16, frddr type:1, toddr:type:1
01-01 08:00:39.723 0 0 I [2 T688 ..] [snd-soc]: aml_audio_reset, reg 0xa, shift 9, use_vadtop 0
01-01 08:00:39.723 0 0 I [2 T688 ..] [snd-soc]: aml_audio_reset, reg 0xa, shift 14, use_vadtop 0
05-23 09:26:53.146 483 688 I audio_hw_hal_ms12v2: dolby_ms12_threadloop alsa is not running
05-23 09:26:53.146 483 688 I audio_hw_hal_ms12v2: dolby_ms12_threadloop alsa is not running
05-23 09:26:53.146 483 688 I audio_hw_hal_ms12v2: dolby_ms12_threadloop alsa is not running
05-23 09:26:53.147 483 688 I audio_hw_hal_ms12v2: dolby_ms12_threadloop alsa is not running
05-23 09:26:53.147 483 688 I audio_hw_hal_alsamgr: aml_alsa_output_write alsa_running_status[0xea401cd0] change from 0 to 1
05-23 09:26:53.148 483 688 I audio_hw_hal_alsamgr: get_spdifout_mute_count mute_count:1
05-23 09:26:53.149 483 688 I audio_hw_hal_alsamgr: alsa_handle:0xed1c01d0, spdif mute the data cnt =1
05-23 09:26:53.149 483 688 I audio_hw_hal_alsamgr: get_spdifout_mute_count mute_count:1
05-23 09:26:53.149 483 688 I audio_hw_hal_alsamgr: alsa_handle:0xed1c0390, spdif mute the data cnt =1
05-23 09:26:53.153 551 608 I AudioFlinger: openOutput() this 0xe8340cd0, module 10 Device AUDIO_DEVICE_OUT_HDMI, @:, SamplingRate 32000, Format 0x9000000, Channels 0x1, flags 0x51
05-23 09:26:53.153 483 708 D audio_hw_hal_primary: [adev_open_output_stream_new:7868] enter: dev=0xea4c14a0 handle=6d devices=0x400/'HDMI,' flags=0x51/'DIRECT,COMPRESS_OFFLOAD,HW_AV_SYNC,' config=(rt=32000 ch_mask=0x1 fmt=0x9000000) address=''
05-23 09:26:53.153 483 708 D audio_hw_hal_primary: adev_open_output_stream_new: enter
05-23 09:26:53.153 483 708 I audio_hw_hal_primary: [adev_open_output_stream:3285] io 109: out:0xea402400 dev:OUT_HDMI(0x400) addr:
05-23 09:26:53.153 483 708 I audio_hw_hal_primary: [adev_open_output_stream:3287] ch_mask:0x1 rate:32000 format:AC3(0x9000000) flags:0x51
05-23 09:26:53.153 483 708 I audio_hw_hal_primary: adev_open_output_stream: for raw audio output,force alsa stereo output
05-23 09:26:53.153 483 708 D audio_hw_hal_primary: [adev_open_output_stream:3573] format=AC3 rate=32000
05-23 09:26:53.153 483 708 I audio_hw_hal_primary: [adev_open_output_stream:3610] result profile ch_mask:0x1 rate:32000 format:AC3(0x9000000) usecase:RAW_HWSYNC
05-23 09:26:53.153 483 708 I audio_hw_hal_utils: aml_get_stream_dump_file_name line 2929 file_name /data/vendor/audiohal/stream_pid483_tid708.dd
05-23 09:26:53.153 483 708 I audio_hw_hal_primary: [adev_open_output_stream_new:8037] io 109: out: 0xea402400 card:0 alsa devices:0 exit ------
05-23 09:26:53.154 732 764 I ActivityManager: Skip zero pid ANR, process=WebViewLoader-armeabi-v7a
05-23 09:26:53.155 483 708 I audio_hw_hal_primary: [out_get_buffer_size:552] out:0xea402400 config.rate=32000, format:AC3(0x9000000), stream format:AC3(0x9000000)
05-23 09:26:53.156 551 608 I AudioFlinger: HAL output buffer size 2048 frames, normal sink buffer size 2048 frames
05-23 09:26:53.156 483 708 I audio_hw_hal_primary: [audiohal_get_latency:1333] io 109: out:0xea402400 frames:1024 rate:32000 whole_latency:32 alsa_latency:32
05-23 09:26:53.156 483 708 I audio_hw_hal_primary: [out_set_event_callback:3158] io 109: out:0xea402400, callback:0xec24c91d cookie:0xecc40bb0
05-23 09:26:53.157 551 2614 I AudioFlinger: AudioFlinger's thread 0xe26942e0 tid=2614 ready to run
05-23 09:26:53.157 483 708 I audio_hw_hal_primary: [audiohal_get_latency:1333] io 109: out:0xea402400 frames:1280 rate:32000 whole_latency:40 alsa_latency:40
05-23 09:26:53.157 483 708 I audio_hw_hal_primary: [audiohal_get_latency:1333] io 109: out:0xea402400 frames:1280 rate:32000 whole_latency:40 alsa_latency:40
05-23 09:26:53.158 551 2614 D AudioFlinger: ro.audio.silent is ignored since no output device is set
05-23 09:26:53.158 304 358 E MesonDisplay: open /sys/class/amhdmitx/amhdmitx0/hdcp_pwr fail. Error info [No such file or directory]
05-23 09:26:53.158 304 358 E MesonDisplay: open /sys/class/amhdmitx/amhdmitx0/hdcp_ctrl fail. Error info [No such file or directory]
05-23 09:26:53.159 304 358 E MesonDisplay: open /sys/class/amhdmitx/amhdmitx0/hdcp_ctrl fail. Error info [No such file or directory]
05-23 09:26:53.159 551 2614 D AudioFlinger: ro.audio.silent is ignored since no output device is set
05-23 09:26:53.161 304 358 D MesonDisplayServer: SetDisplay[HDR Priority] attr to "268435472"
05-23 09:26:53.161 304 358 D MesonHwc: setHdrPriority value 268435472
05-23 09:26:53.161 304 358 I MesonHwc: setDisplayMode mode:smpte60hz
05-23 09:26:53.161 304 358 D MesonDisplayServer: SetDisplay[HDMI] Mode to "smpte60hz"
05-23 09:26:53.161 304 358 D MesonHwc: blankDisplay connectorType:11
05-23 09:26:53.161 304 358 D MesonHwc: [setConnectorStatus]: power mode 2
05-23 09:26:53.161 304 358 D MesonHwc: displayId:0, blank all display planes
05-23 09:26:53.168 551 608 I AudioFlinger: openOutput() this 0xe8340cd0, module 10 Device AUDIO_DEVICE_OUT_HDMI, @:, SamplingRate 32000, Format 0x9000000, Channels 0x1, flags 0x1
05-23 09:26:53.168 483 708 D audio_hw_hal_primary: [adev_open_output_stream_new:7868] enter: dev=0xea4c14a0 handle=75 devices=0x400/'HDMI,' flags=0x1/'DIRECT,' config=(rt=32000 ch_mask=0x1 fmt=0x9000000) address=''
05-23 09:26:53.169 483 708 D audio_hw_hal_primary: adev_open_output_stream_new: enter
05-23 09:26:53.169 483 708 I audio_hw_hal_primary: [adev_open_output_stream:3285] io 117: out:0xea406be0 dev:OUT_HDMI(0x400) addr:
05-23 09:26:53.169 483 708 I audio_hw_hal_primary: [adev_open_output_stream:3287] ch_mask:0x1 rate:32000 format:AC3(0x9000000) flags:0x1
05-23 09:26:53.169 483 708 I audio_hw_hal_primary: adev_open_output_stream: for raw audio output,force alsa stereo output
05-23 09:26:53.169 483 708 I audio_hw_hal_primary: [adev_open_output_stream:3610] result profile ch_mask:0x1 rate:32000 format:AC3(0x9000000) usecase:RAW_DIRECT
05-23 09:26:53.169 483 708 I audio_hw_hal_utils: aml_get_stream_dump_file_name line 2929 file_name /data/vendor/audiohal/stream_pid483_tid708.dd
05-23 09:26:53.169 483 708 I audio_hw_hal_primary: [adev_open_output_stream_new:8037] io 117: out: 0xea406be0 card:0 alsa devices:0 exit ------
05-23 09:26:53.170 483 708 I audio_hw_hal_primary: [out_get_buffer_size:552] out:0xea406be0 config.rate=32000, format:AC3(0x9000000), stream format:AC3(0x9000000)
05-23 09:26:53.170 551 608 I AudioFlinger: HAL output buffer size 2048 frames, normal sink buffer size 2048 frames
05-23 09:26:53.170 483 708 I audio_hw_hal_primary: [audiohal_get_latency:1333] io 117: out:0xea406be0 frames:1152 rate:32000 whole_latency:36 alsa_latency:36
05-23 09:26:53.170 483 708 I audio_hw_hal_primary: [out_set_event_callback:3158] io 117: out:0xea406be0, callback:0xec24c91d cookie:0xecc407f0
05-23 09:26:53.171 483 708 I audio_hw_hal_primary: [audiohal_get_latency:1333] io 117: out:0xea406be0 frames:1152 rate:32000 whole_latency:36 alsa_latency:36
05-23 09:26:53.171 551 2615 I AudioFlinger: AudioFlinger's thread 0xe26a0490 tid=2615 ready to run
05-23 09:26:53.171 483 708 I audio_hw_hal_primary: [audiohal_get_latency:1333] io 117: out:0xea406be0 frames:1152 rate:32000 whole_latency:36 alsa_latency:36
05-23 09:26:53.172 551 2615 D AudioFlinger: ro.audio.silent is ignored since no output device is set
05-23 09:26:53.172 483 708 D audio_hw_hal_primary: [out_standby_new:5767] io 117: out:0xea406be0 usecase:RAW_DIRECT
05-23 09:26:53.172 483 708 I audio_hw_hal_primary: already standby, do nothing
05-23 09:26:53.173 551 2615 D AudioFlinger: ro.audio.silent is ignored since no output device is set
05-23 09:26:53.174 492 492 D hdmicecd: [CEC]:printCecMessage, [4 -> 4] len: 0, body:, result:no ack
01-01 08:00:39.754 0 0 I : [3 T358 ..] [drm] build_hdmitx_attr_str:420,10bit = 3+10
01-01 08:00:39.755 0 0 I : [3 T358 ..] [drm] am_meson_crtc_atomic_disable-[0]:in
01-01 08:00:39.755 0 0 I : [3 T358 ..]
01-01 08:00:39.755 0 0 I [3 T358 ..] vdac_enable: 0, module_sel:0x8, private_flag:0x8
01-01 08:00:39.756 0 0 I [3 T358 ..] cvbsout: cvbs_vdac_output: 0
01-01 08:00:39.757 0 0 I : [3 T358 ..] [drm] am_meson_crtc_atomic_enable-[0] in: new[smpte60hz], old[576cvbs], vmode[4-4], uboot[0]
01-01 08:00:39.758 0 0 I : [3 T358 ..] [drm] am_meson_crtc_atomic_enable-[0]: enable mode smpte60hz final vmode 0
05-23 09:26:53.183 551 608 I AudioFlinger: openOutput() this 0xe8340cd0, module 10 Device AUDIO_DEVICE_OUT_HDMI, @:, SamplingRate 32000, Format 0x000001, Channels 0x1, flags 0x41
05-23 09:26:53.183 483 708 D audio_hw_hal_primary: [adev_open_output_stream_new:7868] enter: dev=0xea4c14a0 handle=7d devices=0x400/'HDMI,' flags=0x41/'DIRECT,HW_AV_SYNC,' config=(rt=32000 ch_mask=0x1 fmt=0x1) address=''
05-23 09:26:53.183 483 708 D audio_hw_hal_primary: adev_open_output_stream_new: enter
05-23 09:26:53.183 483 708 I audio_hw_hal_primary: [adev_open_output_stream:3285] io 125: out:0xea405650 dev:OUT_HDMI(0x400) addr:
05-23 09:26:53.183 483 708 I audio_hw_hal_primary: [adev_open_output_stream:3287] ch_mask:0x1 rate:32000 format:PCM_16_BIT(0x1) flags:0x41
05-23 09:26:53.183 483 708 D audio_hw_hal_primary: [adev_open_output_stream:3573] format=PCM_16_BIT rate=32000
05-23 09:26:53.183 483 708 I audio_hw_hal_primary: init resampler from 32000 to 48000!
05-23 09:26:53.183 483 708 D audio_hw_utils_resampler: resampler_init, Init Resampler: input_sr = 32000, output_sr = 48000
05-23 09:26:53.183 483 708 I audio_hw_hal_primary: [adev_open_output_stream:3610] result profile ch_mask:0x1 rate:32000 format:PCM_16_BIT(0x1) usecase:PCM_HWSYNC
05-23 09:26:53.184 483 708 D audio_hw_hal_timer: func:audio_timer_create create timer.1 success.
05-23 09:26:53.184 483 708 D audio_hw_hal_timer: func:audio_timer_create create timer.2 success.
05-23 09:26:53.184 483 708 D audio_hw_hal_primary: [adev_open_output_stream_new:7980] timer_id:1
05-23 09:26:53.184 483 708 I audio_hw_hal_utils: aml_get_stream_dump_file_name line 2929 file_name /data/vendor/audiohal/stream_pid483_tid708.pcm
05-23 09:26:53.184 483 708 I audio_hw_hal_primary: [adev_open_output_stream_new:8037] io 125: out: 0xea405650 card:0 alsa devices:0 exit ------
01-01 08:00:39.761 0 0 I [1 T358 ..] [hdmitx: ] set21_s7d_htxpll_clk_out[96] htxpll vco 3712500 div 1
01-01 08:00:39.761 0 0 I [1 T358 ..] [hdmitx: ] pll_od0 = 0, pll_od2 = 0, pll_od1 = 1
01-01 08:00:39.762 0 0 I [1 T358 ..] [hdmitx: ] clocks_set_vid_clk_div_for_hdmi[402] div = 8
01-01 08:00:39.763 0 0 I [1 T358 ..] [hdmitx: ] configure venc
01-01 08:00:39.763 0 0 I [1 T358 ..] [hdmitx: ] config_tv_enc_calc[63] vic = 102
01-01 08:00:39.764 0 0 I [1 T358 ..] [hdmitx: ] hdmitx_soft_reset[1261]
05-23 09:26:53.186 483 708 I audio_hw_hal_primary: [out_get_buffer_size:552] out:0xea405650 config.rate=32000, format:PCM_16_BIT(0x1), stream format:PCM_16_BIT(0x1)
05-23 09:26:53.186 551 608 I AudioFlinger: HAL output buffer size 2068 frames, normal sink buffer size 2068 frames
05-23 09:26:53.186 483 708 I audio_hw_hal_primary: [audiohal_get_latency:1333] io 125: out:0xea405650 frames:1152 rate:32000 whole_latency:36 alsa_latency:36
05-23 09:26:53.186 483 708 I audio_hw_hal_primary: [out_set_event_callback:3158] io 125: out:0xea405650, callback:0xec24c91d cookie:0xecc40430
05-23 09:26:53.187 483 708 I audio_hw_hal_primary: [audiohal_get_latency:1333] io 125: out:0xea405650 frames:1152 rate:32000 whole_latency:36 alsa_latency:36
05-23 09:26:53.187 551 2618 I AudioFlinger: AudioFlinger's thread 0xe26ac640 tid=2618 ready to run
05-23 09:26:53.187 483 708 I audio_hw_hal_primary: [audiohal_get_latency:1333] io 125: out:0xea405650 frames:1152 rate:32000 whole_latency:36 alsa_latency:36
05-23 09:26:53.188 551 2618 D AudioFlinger: ro.audio.silent is ignored since no output device is set
05-23 09:26:53.189 483 708 D audio_hw_hal_primary: [out_standby_new:5767] io 125: out:0xea405650 usecase:PCM_HWSYNC
01-01 08:00:39.765 0 0 I [1 T358 ..] [hdmitx: ] config hdmitx IP vic = 102 cd:5 cs: 3
05-23 09:26:53.189 483 708 I audio_hw_hal_primary: already standby, do nothing
01-01 08:00:39.766 0 0 I [1 T358 ..] [hdmitx: ] configure hdmitx21
05-23 09:26:53.190 551 2618 D AudioFlinger: ro.audio.silent is ignored since no output device is set
05-23 09:26:53.191 551 2618 D AudioFlinger: ro.audio.silent is ignored since no output device is set
05-23 09:26:53.191 551 2618 D AudioFlinger: ro.audio.silent is ignored since no output device is set
05-23 09:26:53.192 551 2618 D AudioFlinger: ro.audio.silent is ignored since no output device is set
05-23 09:26:53.193 551 2618 D AudioFlinger: ro.audio.silent is ignored since no output device is set
01-01 08:00:39.769 0 0 I [0 T358 dh] [hdmitx: ] hdmitx_set_drm_pkt: tf=1, cf=1, colormetry=0
01-01 08:00:39.769 0 0 I [0 T358 dh] [hdmitx: ] hdmitx_set_drm_pkt: hdr.sdr pkt sent
01-01 08:00:39.770 0 0 I [0 T358 ..] [hdmitx: ] hdmitx_set_dispmode[1527] frl_rate 0 htotal 4400 cs 3 cd 5 h_unstable 0
05-23 09:26:53.194 551 2618 D AudioFlinger: ro.audio.silent is ignored since no output device is set
05-23 09:26:53.195 551 2618 D AudioFlinger: ro.audio.silent is ignored since no output device is set
05-23 09:26:53.195 551 2618 D AudioFlinger: ro.audio.silent is ignored since no output device is set
05-23 09:26:53.197 551 2618 D AudioFlinger: ro.audio.silent is ignored since no output device is set
05-23 09:26:53.198 551 2618 D AudioFlinger: ro.audio.silent is ignored since no output device is set
05-23 09:26:53.199 551 2618 D AudioFlinger: ro.audio.silent is ignored since no output device is set
05-23 09:26:53.200 551 608 I AudioFlinger: openOutput() this 0xe8340cd0, module 10 Device AUDIO_DEVICE_OUT_HDMI, @:, SamplingRate 0, Format 00000000, Channels 0, flags 0x41
05-23 09:26:53.200 483 708 D audio_hw_hal_primary: [adev_open_output_stream_new:7868] enter: dev=0xea4c14a0 handle=85 devices=0x400/'HDMI,' flags=0x41/'DIRECT,HW_AV_SYNC,' config=(rt=0 ch_mask=0x0 fmt=0x0) address=''
05-23 09:26:53.200 483 708 D audio_hw_hal_primary: adev_open_output_stream_new: enter
05-23 09:26:53.200 483 708 I audio_hw_hal_primary: [adev_open_output_stream:3285] io 133: out:0xea4047f0 dev:OUT_HDMI(0x400) addr:
05-23 09:26:53.200 483 708 I audio_hw_hal_primary: [adev_open_output_stream:3287] ch_mask:0 rate:0 format:DEFAULT(0) flags:0x41
05-23 09:26:53.200 483 708 D audio_hw_hal_primary: [adev_open_output_stream:3573] format=PCM_16_BIT rate=48000
05-23 09:26:53.200 483 708 I audio_hw_hal_primary: [adev_open_output_stream:3610] result profile ch_mask:0x3 rate:48000 format:PCM_16_BIT(0x1) usecase:PCM_HWSYNC
05-23 09:26:53.201 483 708 D audio_hw_hal_timer: func:audio_timer_create create timer.3 success.
05-23 09:26:53.201 483 708 D audio_hw_hal_timer: func:audio_timer_create create timer.4 success.
05-23 09:26:53.201 483 708 D audio_hw_hal_primary: [adev_open_output_stream_new:7980] timer_id:3
05-23 09:26:53.201 483 708 I audio_hw_hal_utils: aml_get_stream_dump_file_name line 2929 file_name /data/vendor/audiohal/stream_pid483_tid708.pcm
05-23 09:26:53.201 483 708 I audio_hw_hal_primary: [adev_open_output_stream_new:8037] io 133: out: 0xea4047f0 card:0 alsa devices:0 exit ------
05-23 09:26:53.202 483 708 I audio_hw_hal_primary: [out_get_buffer_size:552] out:0xea4047f0 config.rate=48000, format:PCM_16_BIT(0x1), stream format:PCM_16_BIT(0x1)
05-23 09:26:53.203 551 608 I AudioFlinger: HAL output buffer size 2058 frames, normal sink buffer size 2058 frames
05-23 09:26:53.203 483 708 I audio_hw_hal_primary: [audiohal_get_latency:1333] io 133: out:0xea4047f0 frames:1152 rate:48000 whole_latency:24 alsa_latency:24
05-23 09:26:53.204 483 708 I audio_hw_hal_primary: [out_set_event_callback:3158] io 133: out:0xea4047f0, callback:0xec24c91d cookie:0xecc41390
05-23 09:26:53.204 551 2621 I AudioFlinger: AudioFlinger's thread 0xe26a4520 tid=2621 ready to run
05-23 09:26:53.204 483 708 I audio_hw_hal_primary: [audiohal_get_latency:1333] io 133: out:0xea4047f0 frames:1024 rate:48000 whole_latency:21 alsa_latency:21
05-23 09:26:53.204 483 708 I audio_hw_hal_primary: [audiohal_get_latency:1333] io 133: out:0xea4047f0 frames:1024 rate:48000 whole_latency:21 alsa_latency:21
05-23 09:26:53.205 551 2621 D AudioFlinger: ro.audio.silent is ignored since no output device is set
05-23 09:26:53.205 483 708 I audio_hw_hal_profile: [out_get_parameters:2085] out:0xea4047f0 query audio format. ++++++++++ hal_format:PCM_16_BIT
05-23 09:26:53.205 483 708 D audio_hw_hal_profile: get_hdmi_sink_cap_new is running...
05-23 09:26:53.205 483 708 D audio_hw_hal_profile: query hdmi format...
05-23 09:26:53.205 483 708 D audio_hw_hal_profile: get_hdmi_sink_cap_new ddp is supported; ddp-joc(atmos) is unsupported;
05-23 09:26:53.205 483 708 I audio_hw_hal_profile: get_hdmi_sink_cap_new dts-hd vendor special byte3:0x1
05-23 09:26:53.205 483 708 I audio_hw_hal_profile: PCM cap Max channel =2
05-23 09:26:53.206 483 708 I audio_hw_hal_profile: [out_get_parameters:2165] sup_formats=AUDIO_FORMAT_PCM_16_BIT|AUDIO_FORMAT_IEC61937|AUDIO_FORMAT_E_AC3|AUDIO_FORMAT_AC3|AUDIO_FORMAT_DTS
05-23 09:26:53.206 551 608 D APM_AudioPolicyManager: modifySurroundFormats: forced use = 0
05-23 09:26:53.206 483 708 I audio_hw_hal_profile: [out_get_parameters:2089] out:0xea4047f0 query sample rate. Format:PCM_16_BIT(0x1) ++++++++++ hal_format:PCM_16_BIT
05-23 09:26:53.206 483 708 D audio_hw_hal_profile: get_hdmi_sink_cap_new is running...
05-23 09:26:53.207 483 708 D audio_hw_hal_profile: [get_hdmi_sink_cap_new:960] query hdmi sample_rate... format: PCM_16_BIT(0x1)
05-23 09:26:53.207 483 708 I audio_hw_hal_profile: get_hdmi_sink_cap_new format =0x1 support rate =sup_sampling_rates=32000|44100|48000
05-23 09:26:53.207 483 708 I audio_hw_hal_profile: [out_get_parameters:2165] sup_sampling_rates=32000|44100|48000
05-23 09:26:53.207 483 708 D audio_hw_hal_primary: [out_standby_new:5767] io 133: out:0xea4047f0 usecase:PCM_HWSYNC
05-23 09:26:53.207 483 708 I audio_hw_hal_primary: already standby, do nothing
05-23 09:26:53.207 483 708 I audio_hw_hal_profile: [out_get_parameters:2092] out:0xea4047f0 query channels. Format:PCM_16_BIT(0x1) ++++++++++ hal_format:PCM_16_BIT
05-23 09:26:53.208 483 708 D audio_hw_hal_profile: get_hdmi_sink_cap_new is running...
05-23 09:26:53.208 483 708 D audio_hw_hal_profile: [get_hdmi_sink_cap_new:887] query hdmi channels... format: PCM_16_BIT(0x1)
05-23 09:26:53.208 483 708 I audio_hw_hal_profile: [out_get_parameters:2165] sup_channels=AUDIO_CHANNEL_OUT_STEREO
05-23 09:26:53.208 483 708 I audio_hw_hal_profile: [out_get_parameters:2089] out:0xea4047f0 query sample rate. Format:AC3(0x9000000) ++++++++++ hal_format:PCM_16_BIT
05-23 09:26:53.208 483 708 D audio_hw_hal_profile: get_hdmi_sink_cap_new is running...
05-23 09:26:53.208 483 708 D audio_hw_hal_profile: [get_hdmi_sink_cap_new:960] query hdmi sample_rate... format: AC3(0x9000000)
05-23 09:26:53.208 483 708 I audio_hw_hal_profile: get_hdmi_sink_cap_new format =0x9000000 support rate =sup_sampling_rates=32000|44100|48000
05-23 09:26:53.208 483 708 I audio_hw_hal_profile: [out_get_parameters:2165] sup_sampling_rates=32000|44100|48000
05-23 09:26:53.209 483 708 I audio_hw_hal_profile: [out_get_parameters:2092] out:0xea4047f0 query channels. Format:AC3(0x9000000) ++++++++++ hal_format:PCM_16_BIT
05-23 09:26:53.209 483 708 D audio_hw_hal_profile: get_hdmi_sink_cap_new is running...
05-23 09:26:53.209 483 708 D audio_hw_hal_profile: [get_hdmi_sink_cap_new:887] query hdmi channels... format: AC3(0x9000000)
05-23 09:26:53.209 483 708 I audio_hw_hal_profile: [out_get_parameters:2165] sup_channels=AUDIO_CHANNEL_OUT_MONO|AUDIO_CHANNEL_OUT_STEREO|AUDIO_CHANNEL_OUT_TRI|AUDIO_CHANNEL_OUT_TRI_BACK|AUDIO_CHANNEL_OUT_3POINT1|AUDIO_CHANNEL_OUT_QUAD|AUDIO_CHANNEL_OUT_SURROUND|AUDIO_CHANNEL_OUT_PENTA|AUDIO_CHANNEL_OUT_5POINT1
05-23 09:26:53.209 483 708 I audio_hw_hal_profile: [out_get_parameters:2089] out:0xea4047f0 query sample rate. Format:E_AC3(0xa000000) ++++++++++ hal_format:PCM_16_BIT
05-23 09:26:53.210 483 708 D audio_hw_hal_profile: get_hdmi_sink_cap_new is running...
05-23 09:26:53.210 483 708 D audio_hw_hal_profile: [get_hdmi_sink_cap_new:960] query hdmi sample_rate... format: E_AC3(0xa000000)
05-23 09:26:53.210 483 708 I audio_hw_hal_profile: get_hdmi_sink_cap_new format =0xa000000 support rate =sup_sampling_rates=32000|44100|48000
05-23 09:26:53.210 483 708 I audio_hw_hal_profile: [out_get_parameters:2165] sup_sampling_rates=32000|44100|48000
05-23 09:26:53.210 483 708 I audio_hw_hal_profile: [out_get_parameters:2092] out:0xea4047f0 query channels. Format:E_AC3(0xa000000) ++++++++++ hal_format:PCM_16_BIT
05-23 09:26:53.210 483 708 D audio_hw_hal_profile: get_hdmi_sink_cap_new is running...
05-23 09:26:53.210 483 708 D audio_hw_hal_profile: [get_hdmi_sink_cap_new:887] query hdmi channels... format: E_AC3(0xa000000)
05-23 09:26:53.210 483 708 I audio_hw_hal_profile: [out_get_parameters:2165] sup_channels=AUDIO_CHANNEL_OUT_MONO|AUDIO_CHANNEL_OUT_STEREO|AUDIO_CHANNEL_OUT_TRI|AUDIO_CHANNEL_OUT_TRI_BACK|AUDIO_CHANNEL_OUT_3POINT1|AUDIO_CHANNEL_OUT_QUAD|AUDIO_CHANNEL_OUT_SURROUND|AUDIO_CHANNEL_OUT_PENTA|AUDIO_CHANNEL_OUT_5POINT1|AUDIO_CHANNEL_OUT_6POINT1|AUDIO_CHANNEL_OUT_7POINT1
05-23 09:26:53.211 483 708 I audio_hw_hal_profile: [out_get_parameters:2089] out:0xea4047f0 query sample rate. Format:IEC61937(0xd000000) ++++++++++ hal_format:PCM_16_BIT
05-23 09:26:53.211 483 708 D audio_hw_hal_profile: get_hdmi_sink_cap_new is running...
05-23 09:26:53.211 483 708 D audio_hw_hal_profile: [get_hdmi_sink_cap_new:960] query hdmi sample_rate... format: IEC61937(0xd000000)
05-23 09:26:53.211 483 708 I audio_hw_hal_profile: [out_get_parameters:2165] sup_sampling_rates=8000|11025|16000|22050|24000|32000|44100|48000|128000|176400|192000
05-23 09:26:53.212 483 708 I audio_hw_hal_profile: [out_get_parameters:2092] out:0xea4047f0 query channels. Format:IEC61937(0xd000000) ++++++++++ hal_format:PCM_16_BIT
05-23 09:26:53.212 483 708 D audio_hw_hal_profile: get_hdmi_sink_cap_new is running...
05-23 09:26:53.212 483 708 D audio_hw_hal_profile: [get_hdmi_sink_cap_new:887] query hdmi channels... format: IEC61937(0xd000000)
05-23 09:26:53.212 483 708 I audio_hw_hal_profile: [out_get_parameters:2165] sup_channels=AUDIO_CHANNEL_OUT_MONO|AUDIO_CHANNEL_OUT_STEREO|AUDIO_CHANNEL_OUT_TRI|AUDIO_CHANNEL_OUT_TRI_BACK|AUDIO_CHANNEL_OUT_3POINT1|AUDIO_CHANNEL_OUT_QUAD|AUDIO_CHANNEL_OUT_SURROUND|AUDIO_CHANNEL_OUT_PENTA|AUDIO_CHANNEL_OUT_5POINT1|AUDIO_CHANNEL_OUT_7POINT1
05-23 09:26:53.213 483 708 I audio_hw_hal_profile: [out_get_parameters:2089] out:0xea4047f0 query sample rate. Format:DTS(0xb000000) ++++++++++ hal_format:PCM_16_BIT
05-23 09:26:53.213 483 708 D audio_hw_hal_profile: get_hdmi_sink_cap_new is running...
05-23 09:26:53.213 483 708 D audio_hw_hal_profile: [get_hdmi_sink_cap_new:960] query hdmi sample_rate... format: DTS(0xb000000)
05-23 09:26:53.213 483 708 I audio_hw_hal_profile: get_hdmi_sink_cap_new format =0xb000000 support rate =sup_sampling_rates=32000|44100|48000
05-23 09:26:53.213 483 708 I audio_hw_hal_profile: [out_get_parameters:2165] sup_sampling_rates=32000|44100|48000
05-23 09:26:53.214 483 708 I audio_hw_hal_profile: [out_get_parameters:2092] out:0xea4047f0 query channels. Format:DTS(0xb000000) ++++++++++ hal_format:PCM_16_BIT
05-23 09:26:53.214 483 708 D audio_hw_hal_profile: get_hdmi_sink_cap_new is running...
05-23 09:26:53.214 483 708 D audio_hw_hal_profile: [get_hdmi_sink_cap_new:887] query hdmi channels... format: DTS(0xb000000)
05-23 09:26:53.214 483 708 I audio_hw_hal_profile: [out_get_parameters:2165] sup_channels=AUDIO_CHANNEL_OUT_MONO|AUDIO_CHANNEL_OUT_STEREO|AUDIO_CHANNEL_OUT_TRI|AUDIO_CHANNEL_OUT_TRI_BACK|AUDIO_CHANNEL_OUT_3POINT1|AUDIO_CHANNEL_OUT_QUAD|AUDIO_CHANNEL_OUT_SURROUND|AUDIO_CHANNEL_OUT_PENTA|AUDIO_CHANNEL_OUT_5POINT1
05-23 09:26:53.215 483 708 D audio_hw_hal_primary: [out_dump:848] io 133: out:0xea4047f0, fd:27
05-23 09:26:53.216 483 708 D audio_hw_hal_primary: [out_set_parameters:971] out:0xea4047f0 kvpairs:closing=true;exiting=1 out->out_device:0x400, adev->out_device:0x80002
05-23 09:26:53.216 483 708 E audio_hw_hal_primary: out_set_parameters, ret:-2, hw_sync_mode:is false
05-23 09:26:53.216 551 2621 D AudioFlinger: ro.audio.silent is ignored since no output device is set
05-23 09:26:53.217 483 708 I audio_hw_hal_primary: [out_set_event_callback:3158] io 133: out:0xea4047f0, callback:0xec24c91d cookie:0xecc41390
05-23 09:26:53.217 483 708 I audio_hw_hal_primary: [adev_close_output_stream_new:8052] io handle 133: out:0xea4047f0
05-23 09:26:53.217 483 708 D audio_hw_hal_primary: adev_close_output_stream_new: enter usecase = PCM_HWSYNC
05-23 09:26:53.217 483 708 D audio_hw_hal_timer: func:audio_timer_delete delete timer.3 success.
05-23 09:26:53.217 483 708 D audio_hw_hal_timer: func:audio_timer_delete delete timer.4 success.
05-23 09:26:53.217 483 708 D audio_hw_hal_primary: [adev_close_output_stream_new:8076] timer_id:3 ret:4
05-23 09:26:53.217 483 708 I audio_hw_hal_primary: [adev_close_output_stream:3695] io 133: out:0xea4047f0 dev:OUT_HDMI(0x400) flags:0x41, usecase:PCM_HWSYNC
05-23 09:26:53.217 483 708 D audio_hw_hal_primary: [out_standby_new:5767] io 133: out:0xea4047f0 usecase:PCM_HWSYNC
05-23 09:26:53.217 483 708 I audio_hw_hal_primary: already standby, do nothing
05-23 09:26:53.217 483 708 I audio_hw_hal_resourcemgr: [is_output_device_muted:710] device:0x2 port_mute:0, fade_mute:0
05-23 09:26:53.217 483 708 I audio_hw_hal_primary: [adev_close_output_stream:3863] io 133: out:0xea4047f0 exit ------
05-23 09:26:53.218 551 608 I AudioFlinger: openOutput() this 0xe8340cd0, module 10 Device AUDIO_DEVICE_OUT_HDMI, @:, SamplingRate 32000, Format 0x9000000, Channels 0x1, flags 0x41
05-23 09:26:53.218 483 573 D audio_hw_hal_primary: [adev_open_output_stream_new:7868] enter: dev=0xea4c14a0 handle=8d devices=0x400/'HDMI,' flags=0x41/'DIRECT,HW_AV_SYNC,' config=(rt=32000 ch_mask=0x1 fmt=0x9000000) address=''
05-23 09:26:53.218 483 573 D audio_hw_hal_primary: adev_open_output_stream_new: enter
05-23 09:26:53.218 483 573 I audio_hw_hal_primary: [adev_open_output_stream:3285] io 141: out:0xea403260 dev:OUT_HDMI(0x400) addr:
05-23 09:26:53.218 483 573 I audio_hw_hal_primary: [adev_open_output_stream:3287] ch_mask:0x1 rate:32000 format:AC3(0x9000000) flags:0x41
05-23 09:26:53.218 483 573 I audio_hw_hal_primary: adev_open_output_stream: for raw audio output,force alsa stereo output
05-23 09:26:53.218 483 573 D audio_hw_hal_primary: [adev_open_output_stream:3573] format=AC3 rate=32000
05-23 09:26:53.218 483 573 I audio_hw_hal_primary: [adev_open_output_stream:3610] result profile ch_mask:0x1 rate:32000 format:AC3(0x9000000) usecase:RAW_HWSYNC
05-23 09:26:53.218 483 573 I audio_hw_hal_utils: aml_get_stream_dump_file_name line 2929 file_name /data/vendor/audiohal/stream_pid483_tid573.dd
05-23 09:26:53.218 483 573 I audio_hw_hal_primary: [adev_open_output_stream_new:8037] io 141: out: 0xea403260 card:0 alsa devices:0 exit ------
05-23 09:26:53.219 483 573 I audio_hw_hal_primary: [out_get_buffer_size:552] out:0xea403260 config.rate=32000, format:AC3(0x9000000), stream format:AC3(0x9000000)
05-23 09:26:53.219 551 608 I AudioFlinger: HAL output buffer size 2048 frames, normal sink buffer size 2048 frames
05-23 09:26:53.219 483 573 I audio_hw_hal_primary: [audiohal_get_latency:1333] io 141: out:0xea403260 frames:1152 rate:32000 whole_latency:36 alsa_latency:36
05-23 09:26:53.219 483 573 I audio_hw_hal_primary: [out_set_event_callback:3158] io 141: out:0xea403260, callback:0xec24c91d cookie:0xecc41810
05-23 09:26:53.220 483 573 I audio_hw_hal_primary: [audiohal_get_latency:1333] io 141: out:0xea403260 frames:1024 rate:32000 whole_latency:32 alsa_latency:32
05-23 09:26:53.220 551 2623 I AudioFlinger: AudioFlinger's thread 0xe26a4520 tid=2623 ready to run
05-23 09:26:53.220 483 573 I audio_hw_hal_primary: [audiohal_get_latency:1333] io 141: out:0xea403260 frames:1024 rate:32000 whole_latency:32 alsa_latency:32
05-23 09:26:53.221 551 2623 D AudioFlinger: ro.audio.silent is ignored since no output device is set
05-23 09:26:53.221 483 573 D audio_hw_hal_primary: [out_standby_new:5767] io 141: out:0xea403260 usecase:RAW_HWSYNC
05-23 09:26:53.221 483 573 I audio_hw_hal_primary: already standby, do nothing
05-23 09:26:53.223 551 2623 D AudioFlinger: ro.audio.silent is ignored since no output device is set
05-23 09:26:53.224 551 2623 D AudioFlinger: ro.audio.silent is ignored since no output device is set
05-23 09:26:53.225 551 2623 D AudioFlinger: ro.audio.silent is ignored since no output device is set
05-23 09:26:53.225 551 2623 D AudioFlinger: ro.audio.silent is ignored since no output device is set
05-23 09:26:53.226 551 2623 D AudioFlinger: ro.audio.silent is ignored since no output device is set
05-23 09:26:53.227 551 2623 D AudioFlinger: ro.audio.silent is ignored since no output device is set
05-23 09:26:53.228 551 2623 D AudioFlinger: ro.audio.silent is ignored since no output device is set
05-23 09:26:53.229 551 2623 D AudioFlinger: ro.audio.silent is ignored since no output device is set
05-23 09:26:53.230 551 2623 D AudioFlinger: ro.audio.silent is ignored since no output device is set
05-23 09:26:53.230 551 2623 D AudioFlinger: ro.audio.silent is ignored since no output device is set
05-23 09:26:53.230 492 492 D hdmicecd: [CEC]:printCecMessage, [4 -> 4] len: 0, body:, result:no ack
05-23 09:26:53.231 732 910 D HDMI : New logical address for device [4]: [preferred:4, assigned:4]
05-23 09:26:53.232 551 608 I AudioFlinger: openOutput() this 0xe8340cd0, module 10 Device AUDIO_DEVICE_OUT_HDMI, @:, SamplingRate 0, Format 00000000, Channels 0, flags 0x1
05-23 09:26:53.232 483 573 D audio_hw_hal_primary: [adev_open_output_stream_new:7868] enter: dev=0xea4c14a0 handle=95 devices=0x400/'HDMI,' flags=0x1/'DIRECT,' config=(rt=0 ch_mask=0x0 fmt=0x0) address=''
