05-23 09:26:56.199 732 732 D HDMI : addCecDevice new:CEC: logical_address: 0x00 device_type: 0 cec_version: 5 vendor_id: 60426 display_name: MiTV-ANSP0 power_status: 0 physical_address: 0x0000 port_id: -1 old:CEC: logical_address: 0x00 device_type: 0 cec_version: 5 vendor_id: 60426 display_name: MiTV-ANSP0 power_status: 0 physical_address: 0x0000 port_id: -1
05-23 09:26:56.200 732 732 D HdmiControlService: Switching to full volume behavior
05-23 09:26:56.200 492 502 D hdmicecd: [HdmiCecControl]:getPhysicalAddress, physical addr: 3000, last pa: 3000, ret = 0
05-23 09:26:56.201 732 732 D HDMI : addCecDevice new:CEC: logical_address: 0x04 device_type: 4 cec_version: 5 vendor_id: 1877008 display_name: DBBOX-A3 power_status: 0 physical_address: 0x3000 port_id: 0 old:null
05-23 09:26:56.293 483 687 D audio_hw_hal_ms12common: func:ms12_timer_callback_handler sigv:0 ~~~~~~~~~~
05-23 09:26:56.293 483 687 D audio_hw_hal_ms12v2: set_dolby_ms12_continuous_state audio_continuous_standby_set status 1
05-23 09:26:56.293 483 687 D audio_hw_hal_continuous_standby: audio_continuous_standby_set, type 0, params 1
05-23 09:26:56.293 483 687 D audio_hw_hal_ms12common: aml_send_ms12_scheduler_state_2_ms12 adev:0xea4c14a0, sch_state:1(SCHEDULER_STANDBY)
05-23 09:26:56.307 492 503 D hdmicecd: [CEC]:printCecMsgBuf, msg: 04 46
05-23 09:26:56.308 492 503 D hdmicecd: [CMsgQueue]:sendmsg now = 42874 msg[0] when = 43874
05-23 09:26:56.308 732 732 D HDMI : [R]: 04:46
05-23 09:26:56.309 732 910 D HDMI : [S]: 40:47
05-23 09:26:56.310 492 504 D hdmicecd: [CMsgQueue]:msg size is 0, break
05-23 09:26:56.312 304 2631 D MesonDisplay: read /sys/class/amhdmitx/amhdmitx0/hdcp_lstore, result length:0, val:
05-23 09:26:56.435 2442 2497 D nStackXCoAP: IsInSameNetwork:[276] :IsInSameNetwork exec
05-23 09:26:56.435 2442 2497 I nStackXDFinder: GetLocalInterfaceDetail:[461] :GetLocalInterfaceDetail in
05-23 09:26:56.435 2442 2497 E nStackXCoAP: IsInSameNetwork:[281] :IsInSameNetwork: not priority process
05-23 09:26:56.435 2442 2497 D nStackXCoAP: ParseServiceDiscover:[330] :new device join
05-23 09:26:56.435 2442 2497 I nStackXDFinder: NotifyDeviceListChanged:[540] :notify callback: device list changed callback is null
05-23 09:26:56.435 2442 2497 E nStackXDFinder: GetLocalIp:[401] :GetLocalIp exec
05-23 09:26:56.437 2442 2497 D nStackXCoAP: IsInSameNetwork:[276] :IsInSameNetwork exec
05-23 09:26:56.437 2442 2497 I nStackXDFinder: GetLocalInterfaceDetail:[461] :GetLocalInterfaceDetail in
05-23 09:26:56.437 2442 2497 E nStackXCoAP: IsInSameNetwork:[281] :IsInSameNetwork: not priority process
05-23 09:26:56.437 2442 2497 D nStackXCoAP: ParseServiceDiscover:[330] :new device join
05-23 09:26:56.437 2442 2497 E nStackXDFinder: GetLocalIp:[401] :GetLocalIp exec
05-23 09:26:56.586 492 502 D hdmicecd: [CEC]:printCecMessage, [4 -> 0] len: 9, body: 47 44 42 42 4f 58 2d 41 33, result:success
05-23 09:26:56.586 492 502 E IPCThreadState: binder thread pool (1 threads) starved for 277 ms
05-23 09:26:56.641 2442 2497 D nStackXCoAP: IsInSameNetwork:[276] :IsInSameNetwork exec
05-23 09:26:56.641 2442 2497 I nStackXDFinder: GetLocalInterfaceDetail:[461] :GetLocalInterfaceDetail in
05-23 09:26:56.641 2442 2497 E nStackXCoAP: IsInSameNetwork:[281] :IsInSameNetwork: not priority process
05-23 09:26:56.641 2442 2497 D nStackXCoAP: ParseServiceDiscover:[330] :new device join
05-23 09:26:56.641 2442 2497 E nStackXDFinder: GetLocalIp:[401] :GetLocalIp exec
05-23 09:26:56.672 492 503 D hdmicecd: [CEC]:printCecMsgBuf, msg: 04 8c
05-23 09:26:56.672 732 732 D HDMI : [R]: 04:8C
05-23 09:26:56.673 492 502 D hdmicecd: [HdmiCecControl]:getVendorId, vendorId: 0x1CA410
05-23 09:26:56.674 732 910 D HDMI : [S]: 4F:87:1C:A4:10
05-23 09:26:56.832 492 492 D hdmicecd: [CEC]:printCecMessage, [4 -> f] len: 4, body: 87 1c a4 10, result:success
05-23 09:26:56.832 492 492 E IPCThreadState: binder thread pool (1 threads) starved for 158 ms
05-23 09:26:56.843 2442 2497 D nStackXCoAP: IsInSameNetwork:[276] :IsInSameNetwork exec
05-23 09:26:56.843 2442 2497 I nStackXDFinder: GetLocalInterfaceDetail:[461] :GetLocalInterfaceDetail in
05-23 09:26:56.843 2442 2497 E nStackXCoAP: IsInSameNetwork:[281] :IsInSameNetwork: not priority process
05-23 09:26:56.843 2442 2497 D nStackXCoAP: ParseServiceDiscover:[330] :new device join
05-23 09:26:56.843 2442 2497 E nStackXDFinder: GetLocalIp:[401] :GetLocalIp exec
05-23 09:26:56.916 492 503 D hdmicecd: [CEC]:printCecMsgBuf, msg: 04 8f
05-23 09:26:56.917 732 732 D HDMI : [R]: 04:8F
05-23 09:26:56.918 732 910 D HDMI : [S]: 40:90:00
05-23 09:26:57.023 492 492 D hdmicecd: [CEC]:printCecMessage, [4 -> 0] len: 2, body: 90 00, result:success
05-23 09:26:57.024 492 492 E IPCThreadState: binder thread pool (1 threads) starved for 106 ms
05-23 09:26:57.099 497 557 I WifiHAL : call wifi_get_link_stats handler
05-23 09:26:57.099 497 557 I WifiHAL : Creating message to get link statistics; iface = 16
05-23 09:26:57.099 497 557 D WifiHAL : error code -95 mapped to -3
05-23 09:26:57.100 732 873 E WifiStaIfaceAidlImpl: getLinkLayerStats failed with service-specific exception: android.os.ServiceSpecificException: (code 4)
05-23 09:26:57.313 304 2631 D MesonDisplay: read /sys/class/amhdmitx/amhdmitx0/hdcp_lstore, result length:0, val:
05-23 09:26:57.348 2442 2497 D nStackXCoAP: IsInSameNetwork:[276] :IsInSameNetwork exec
05-23 09:26:57.349 2442 2497 I nStackXDFinder: GetLocalInterfaceDetail:[461] :GetLocalInterfaceDetail in
05-23 09:26:57.349 2442 2497 E nStackXCoAP: IsInSameNetwork:[281] :IsInSameNetwork: not priority process
05-23 09:26:57.349 2442 2497 D nStackXCoAP: ParseServiceDiscover:[330] :new device join
05-23 09:26:57.349 2442 2497 E nStackXDFinder: GetLocalIp:[401] :GetLocalIp exec
05-23 09:26:57.411 484 1255 I android.hardware.bluetooth@1.0-impl: [HandleIncomingEvent-549]: rec adv direct packet
05-23 09:26:57.542 732 915 I SdkSandboxManager: Reconciling sdk data package directories for 0
05-23 09:26:57.600 732 905 D SntpClient: request time failed: java.net.SocketTimeoutException: Poll timed out
05-23 09:26:57.600 732 905 D TrafficStats: tagSocket(433) with statsTag=0xffffff41, statsUid=-1
05-23 09:26:57.870 2442 2497 D nStackXCoAP: IsInSameNetwork:[276] :IsInSameNetwork exec
05-23 09:26:57.870 2442 2497 I nStackXDFinder: GetLocalInterfaceDetail:[461] :GetLocalInterfaceDetail in
05-23 09:26:57.870 2442 2497 E nStackXCoAP: IsInSameNetwork:[281] :IsInSameNetwork: not priority process
05-23 09:26:57.870 2442 2497 D nStackXCoAP: ParseServiceDiscover:[330] :new device join
05-23 09:26:57.870 2442 2497 E nStackXDFinder: GetLocalIp:[401] :GetLocalIp exec
05-23 09:26:58.207 1278 1287 W oid.tv.settings: Cleared Reference was only reachable from finalizer (only reported once)
05-23 09:26:58.313 304 2631 D MesonDisplay: read /sys/class/amhdmitx/amhdmitx0/hdcp_lstore, result length:0, val:
05-23 09:26:58.404 2442 2497 D nStackXCoAP: IsInSameNetwork:[276] :IsInSameNetwork exec
05-23 09:26:58.405 2442 2497 I nStackXDFinder: GetLocalInterfaceDetail:[461] :GetLocalInterfaceDetail in
05-23 09:26:58.405 2442 2497 E nStackXCoAP: IsInSameNetwork:[281] :IsInSameNetwork: not priority process
05-23 09:26:58.405 2442 2497 D nStackXCoAP: ParseServiceDiscover:[330] :new device join
05-23 09:26:58.405 2442 2497 E nStackXDFinder: GetLocalIp:[401] :GetLocalIp exec
05-23 09:26:58.618 2131 2684 D TrafficStats: tagSocket(244) with statsTag=0xffffffff, statsUid=-1
05-23 09:26:58.810 732 815 D OomAdjuster: Not killing cached processes
05-23 09:26:58.816 732 815 W ProcessStats: Tracking association SourceState{1ebb351 com.ktcp.video:daemon/10077 Fgs #403} whose proc state 3 is better than process ProcessState{3283533 com.ktcp.video/10077 pkg=com.ktcp.video} proc state 10 (17 skipped)
05-23 09:26:58.998 2442 2497 D nStackXCoAP: IsInSameNetwork:[276] :IsInSameNetwork exec
05-23 09:26:58.998 2442 2497 I nStackXDFinder: GetLocalInterfaceDetail:[461] :GetLocalInterfaceDetail in
05-23 09:26:58.998 2442 2497 E nStackXCoAP: IsInSameNetwork:[281] :IsInSameNetwork: not priority process
05-23 09:26:58.998 2442 2497 D nStackXCoAP: ParseServiceDiscover:[330] :new device join
05-23 09:26:58.998 2442 2497 E nStackXDFinder: GetLocalIp:[401] :GetLocalIp exec
05-23 09:26:59.204 732 764 I ActivityManager: Waited long enough for: ServiceRecord{694114 u0 com.ktcp.video/.service.DaemonLiveService}
05-23 09:26:59.214 484 1255 I android.hardware.bluetooth@1.0-impl: [HandleIncomingEvent-549]: rec adv direct packet
05-23 09:26:59.270 2569 2570 D uninstall: isAllowStart last_delay 0, current_time 1747963619
05-23 09:26:59.270 2569 2570 I uninstall: enable_service com.ktcp.video/com.tencent.qqlivetv.keeplive.proc.DaemonService com.ktcp.video/(null)
05-23 09:26:59.271 2569 2570 D uninstall: enable_service waitpid
05-23 09:26:59.271 2685 2685 D uninstall: enable_service pid == 0
05-23 09:26:59.271 2685 2685 D uninstall: enable_service version >= 17 || version == 0 version == 34
05-23 09:26:59.294 2442 2497 D nStackXCoAP: IsInSameNetwork:[276] :IsInSameNetwork exec
05-23 09:26:59.294 2442 2497 I nStackXDFinder: GetLocalInterfaceDetail:[461] :GetLocalInterfaceDetail in
05-23 09:26:59.294 2442 2497 E nStackXCoAP: IsInSameNetwork:[281] :IsInSameNetwork: not priority process
05-23 09:26:59.294 2442 2497 D nStackXCoAP: ParseServiceDiscover:[330] :new device join
05-23 09:26:59.294 2442 2497 I nStackXDFinder: NotifyDeviceListChanged:[540] :notify callback: device list changed callback is null
05-23 09:26:59.294 2442 2497 E nStackXDFinder: GetLocalIp:[401] :GetLocalIp exec
05-23 09:26:59.296 2442 2497 D nStackXCoAP: IsInSameNetwork:[276] :IsInSameNetwork exec
05-23 09:26:59.296 2442 2497 I nStackXDFinder: GetLocalInterfaceDetail:[461] :GetLocalInterfaceDetail in
05-23 09:26:59.296 2442 2497 E nStackXCoAP: IsInSameNetwork:[281] :IsInSameNetwork: not priority process
05-23 09:26:59.296 2442 2497 D nStackXCoAP: ParseServiceDiscover:[330] :new device join
05-23 09:26:59.296 2442 2497 E nStackXDFinder: GetLocalIp:[401] :GetLocalIp exec
05-23 09:26:59.306 2442 2497 D nStackXCoAP: IsInSameNetwork:[276] :IsInSameNetwork exec
05-23 09:26:59.306 2442 2497 I nStackXDFinder: GetLocalInterfaceDetail:[461] :GetLocalInterfaceDetail in
05-23 09:26:59.307 2442 2497 E nStackXCoAP: IsInSameNetwork:[281] :IsInSameNetwork: not priority process
05-23 09:26:59.307 2442 2497 D nStackXCoAP: ParseServiceDiscover:[330] :new device join
05-23 09:26:59.307 2442 2497 E nStackXDFinder: GetLocalIp:[401] :GetLocalIp exec
05-23 09:26:59.313 304 2631 D MesonDisplay: read /sys/class/amhdmitx/amhdmitx0/hdcp_lstore, result length:0, val:
05-23 09:26:59.313 2442 2497 D nStackXCoAP: IsInSameNetwork:[276] :IsInSameNetwork exec
05-23 09:26:59.313 2442 2497 I nStackXDFinder: GetLocalInterfaceDetail:[461] :GetLocalInterfaceDetail in
05-23 09:26:59.314 2442 2497 E nStackXCoAP: IsInSameNetwork:[281] :IsInSameNetwork: not priority process
05-23 09:26:59.314 2442 2497 D nStackXCoAP: ParseServiceDiscover:[330] :new device join
05-23 09:26:59.314 2442 2497 E nStackXDFinder: GetLocalIp:[401] :GetLocalIp exec
05-23 09:26:59.324 2569 2570 I uninstall: watchdaemon process_name = com.ktcp.video:daemon has gone, start it
05-23 09:26:59.325 2569 2570 D uninstall: watchdaemon waitpid
05-23 09:26:59.325 2689 2689 D uninstall: watchdaemon pid == 0
05-23 09:26:59.325 2689 2689 D uninstall: watchdaemon version >= 17 || version == 0 version == 34
01-01 08:00:46.012 0 0 W : [2 T948 ..] [SP FRAME RX] arp req,vif_idx:0 sender:[c2:09:a1:aa:11:60 192.168.3.194]receiver:[00:00:00:00:00:00 192.168.3.167]
01-01 08:00:46.013 0 0 W : [2 T948 ..] [SP FRAME TX] arp rsp,vif_idx:0 sender:[1c:79:2d:20:62:97 192.168.3.167]receiver:[c2:09:a1:aa:11:60 192.168.3.194]
05-23 09:26:59.504 2442 2497 D nStackXCoAP: IsInSameNetwork:[276] :IsInSameNetwork exec
05-23 09:26:59.504 2442 2497 I nStackXDFinder: GetLocalInterfaceDetail:[461] :GetLocalInterfaceDetail in
05-23 09:26:59.504 2442 2497 E nStackXCoAP: IsInSameNetwork:[281] :IsInSameNetwork: not priority process
05-23 09:26:59.504 2442 2497 D nStackXCoAP: ParseServiceDiscover:[330] :new device join
05-23 09:26:59.504 2442 2497 E nStackXDFinder: GetLocalIp:[401] :GetLocalIp exec
05-23 09:26:59.651 2442 2497 D nStackXCoAP: CoapMessageHandler:[133] :2.01
05-23 09:26:59.715 2442 2497 D nStackXCoAP: IsInSameNetwork:[276] :IsInSameNetwork exec
05-23 09:26:59.715 2442 2497 I nStackXDFinder: GetLocalInterfaceDetail:[461] :GetLocalInterfaceDetail in
05-23 09:26:59.715 2442 2497 E nStackXCoAP: IsInSameNetwork:[281] :IsInSameNetwork: not priority process
05-23 09:26:59.715 2442 2497 D nStackXCoAP: ParseServiceDiscover:[330] :new device join
05-23 09:26:59.715 2442 2497 E nStackXDFinder: GetLocalIp:[401] :GetLocalIp exec
05-23 09:26:59.784 2442 2497 D nStackXCoAP: CoapMessageHandler:[133] :2.01
05-23 09:26:59.912 2442 2497 D nStackXCoAP: IsInSameNetwork:[276] :IsInSameNetwork exec
05-23 09:26:59.912 2442 2497 I nStackXDFinder: GetLocalInterfaceDetail:[461] :GetLocalInterfaceDetail in
05-23 09:26:59.912 2442 2497 E nStackXCoAP: IsInSameNetwork:[281] :IsInSameNetwork: not priority process
05-23 09:26:59.912 2442 2497 D nStackXCoAP: ParseServiceDiscover:[330] :new device join
05-23 09:26:59.912 2442 2497 E nStackXDFinder: GetLocalIp:[401] :GetLocalIp exec
05-23 09:27:00.103 497 557 I WifiHAL : call wifi_get_link_stats handler
05-23 09:27:00.104 497 557 I WifiHAL : Creating message to get link statistics; iface = 16
05-23 09:27:00.104 497 557 D WifiHAL : error code -95 mapped to -3
05-23 09:27:00.104 732 873 E WifiStaIfaceAidlImpl: getLinkLayerStats failed with service-specific exception: android.os.ServiceSpecificException: (code 4)
05-23 09:27:00.314 304 2631 D MesonDisplay: read /sys/class/amhdmitx/amhdmitx0/hdcp_lstore, result length:0, val:
05-23 09:27:00.421 2442 2497 D nStackXCoAP: IsInSameNetwork:[276] :IsInSameNetwork exec
05-23 09:27:00.421 2442 2497 I nStackXDFinder: GetLocalInterfaceDetail:[461] :GetLocalInterfaceDetail in
05-23 09:27:00.421 2442 2497 E nStackXCoAP: IsInSameNetwork:[281] :IsInSameNetwork: not priority process
05-23 09:27:00.421 2442 2497 D nStackXCoAP: ParseServiceDiscover:[330] :new device join
05-23 09:27:00.421 2442 2497 E nStackXDFinder: GetLocalIp:[401] :GetLocalIp exec
05-23 09:27:00.423 2442 2497 D nStackXCoAP: IsInSameNetwork:[276] :IsInSameNetwork exec
05-23 09:27:00.423 2442 2497 I nStackXDFinder: GetLocalInterfaceDetail:[461] :GetLocalInterfaceDetail in
05-23 09:27:00.423 2442 2497 E nStackXCoAP: IsInSameNetwork:[281] :IsInSameNetwork: not priority process
05-23 09:27:00.423 2442 2497 D nStackXCoAP: ParseServiceDiscover:[330] :new device join
05-23 09:27:00.423 2442 2497 E nStackXDFinder: GetLocalIp:[401] :GetLocalIp exec
05-23 09:27:00.528 1659 1671 W bei.lerad.rocky: ApkAssets: Deleting an ApkAssets object ' and /system/app/dangbei-feedback/dangbei-feedback.apk' with 1 weak references
05-23 09:27:00.528 1659 1671 W bei.lerad.rocky: ApkAssets: Deleting an ApkAssets object ' and /apex/com.android.uwb/priv-app/ServiceUwbResources@UD2A.240505.001.W1/ServiceUwbResources.apk' with 1 weak references
05-23 09:27:00.528 1659 1671 W bei.lerad.rocky: ApkAssets: Deleting an ApkAssets object ' and /apex/com.android.adservices/priv-app/AdServicesApk@UD2A.240505.001.W1/AdServicesApk.apk' with 1 weak references
05-23 09:27:00.529 1659 1671 W bei.lerad.rocky: ApkAssets: Deleting an ApkAssets object ' and /system/priv-app/DynamicSystemInstallationService/DynamicSystemInstallationService.apk' with 1 weak references
05-23 09:27:00.530 1659 1671 W bei.lerad.rocky: ApkAssets: Deleting an ApkAssets object ' and /apex/com.android.healthfitness/priv-app/HealthConnectController@UD2A.240505.001.W1/HealthConnectController.apk' with 1 weak references
05-23 09:27:00.530 1659 1671 W bei.lerad.rocky: ApkAssets: Deleting an ApkAssets object ' and /system/priv-app/CalendarProvider/CalendarProvider.apk' with 1 weak references
05-23 09:27:00.531 1659 1671 W bei.lerad.rocky: ApkAssets: Deleting an ApkAssets object ' and /system_ext/priv-app/TvSettings/TvSettings.apk' with 1 weak references
05-23 09:27:00.532 1659 1671 W bei.lerad.rocky: ApkAssets: Deleting an ApkAssets object ' and /system/app/dangbei-steward/dangbei-steward.apk' with 1 weak references
05-23 09:27:00.532 1659 1671 W bei.lerad.rocky: ApkAssets: Deleting an ApkAssets object ' and /system/app/com.sohu.inputmethod.sogou.tv/com.sohu.inputmethod.sogou.tv.apk' with 1 weak references
05-23 09:27:00.532 1659 1671 W bei.lerad.rocky: ApkAssets: Deleting an ApkAssets object ' and /system/priv-app/ExternalStorageProvider/ExternalStorageProvider.apk' with 1 weak references
05-23 09:27:00.533 1659 1671 W bei.lerad.rocky: ApkAssets: Deleting an ApkAssets object ' and /system/app/HTMLViewer/HTMLViewer.apk' with 1 weak references
05-23 09:27:00.533 1659 1671 W bei.lerad.rocky: ApkAssets: Deleting an ApkAssets object ' and /system/app/CompanionDeviceManager/CompanionDeviceManager.apk' with 1 weak references
05-23 09:27:00.533 1659 1671 W bei.lerad.rocky: ApkAssets: Deleting an ApkAssets object ' and /system/priv-app/DownloadProvider/DownloadProvider.apk' with 1 weak references
05-23 09:27:00.534 1659 1671 W bei.lerad.rocky: ApkAssets: Deleting an ApkAssets object ' and /system/priv-app/TvProvider/TvProvider.apk' with 1 weak references
05-23 09:27:00.534 1659 1671 W bei.lerad.rocky: ApkAssets: Deleting an ApkAssets object '/product/overlay/TvProviderOverlay.apk' with 1 weak references
05-23 09:27:00.534 1659 1671 W bei.lerad.rocky: ApkAssets: Deleting an ApkAssets object ' and /product/app/DLNA/DLNA.apk' with 1 weak references
05-23 09:27:00.534 1659 1671 W bei.lerad.rocky: ApkAssets: Deleting an ApkAssets object ' and /system_ext/priv-app/droidlogic-res/droidlogic-res.apk' with 1 weak references
05-23 09:27:00.535 1659 1671 W bei.lerad.rocky: ApkAssets: Deleting an ApkAssets object ' and /system_ext/priv-app/DroidTvSettings/DroidTvSettings.apk' with 1 weak references
05-23 09:27:00.535 1659 1671 W bei.lerad.rocky: ApkAssets: Deleting an ApkAssets object ' and /system/app/LedCtrl/LedCtrl.apk' with 1 weak references
05-23 09:27:00.535 1659 1671 W bei.lerad.rocky: ApkAssets: Deleting an ApkAssets object ' and /data/app/~~0_533PBtZpcdkFBEmVisig==/com.ktcp.video-7S_TWmOirdW2lQNIyvX8iQ==/base.apk' with 1 weak references
05-23 09:27:00.536 1659 1671 W bei.lerad.rocky: ApkAssets: Deleting an ApkAssets object ' and /system/app/dangbei-media-player/dangbei-media-player.apk' with 1 weak references
05-23 09:27:00.536 1659 1671 W bei.lerad.rocky: ApkAssets: Deleting an ApkAssets object ' and /apex/com.android.permission/priv-app/SafetyCenterResources@UD2A.240505.001.W1/SafetyCenterResources.apk' with 1 weak references
05-23 09:27:00.536 1659 1671 W bei.lerad.rocky: ApkAssets: Deleting an ApkAssets object ' and /system/app/PacProcessor/PacProcessor.apk' with 1 weak references
05-23 09:27:00.536 1659 1671 W bei.lerad.rocky: ApkAssets: Deleting an ApkAssets object ' and /system/priv-app/NetworkStackNext/NetworkStackNext.apk' with 1 weak references
05-23 09:27:00.536 1659 1671 W bei.lerad.rocky: ApkAssets: Deleting an ApkAssets object '/product/overlay/TvNetworkStackOverlay.apk' with 1 weak references
05-23 09:27:00.536 1659 1671 W bei.lerad.rocky: ApkAssets: Deleting an ApkAssets object ' and /apex/com.android.tethering/priv-app/ServiceConnectivityResources@UD2A.240505.001.W1/ServiceConnectivityResources.apk' with 1 weak references
05-23 09:27:00.536 1659 1671 W bei.lerad.rocky: ApkAssets: Deleting an ApkAssets object ' and /product/app/ModuleMetadata/ModuleMetadata.apk' with 1 weak references
05-23 09:27:00.536 1659 1671 W bei.lerad.rocky: ApkAssets: Deleting an ApkAssets object ' and /system/app/CertInstaller/CertInstaller.apk' with 1 weak references
05-23 09:27:00.537 1659 1671 W bei.lerad.rocky: ApkAssets: Deleting an ApkAssets object ' and /system/framework/framework-res.apk' with 1 weak references
05-23 09:27:00.537 1659 1671 W bei.lerad.rocky: ApkAssets: Deleting an ApkAssets object ' and /product/app/Camera2/Camera2.apk' with 1 weak references
05-23 09:27:00.538 1659 1671 W bei.lerad.rocky: ApkAssets: Deleting an ApkAssets object ' and /system/priv-app/MtpService/MtpService.apk' with 1 weak references
05-23 09:27:00.538 1659 1671 W bei.lerad.rocky: ApkAssets: Deleting an ApkAssets object ' and /system/priv-app/StatementService/StatementService.apk' with 1 weak references
05-23 09:27:00.538 1659 1671 W bei.lerad.rocky: ApkAssets: Deleting an ApkAssets object ' and /system/app/dangbei-screencast/dangbei-screencast.apk' with 1 weak references
05-23 09:27:00.538 1659 1671 W bei.lerad.rocky: ApkAssets: Deleting an ApkAssets object ' and /product/priv-app/SettingsIntelligence/SettingsIntelligence.apk' with 1 weak references
05-23 09:27:00.538 1659 1671 W bei.lerad.rocky: ApkAssets: Deleting an ApkAssets object ' and /data/app/~~uzoX9lvRvjd78oNmtLKSPA==/com.bestv.ott.baseservices.gw-fYQeNFAk2fVkn_tpTtfJuw==/base.apk' with 1 weak references
05-23 09:27:00.539 1659 1671 W bei.lerad.rocky: ApkAssets: Deleting an ApkAssets object ' and /system/app/dangbei-launcher/dangbei-launcher.apk' with 1 weak references
05-23 09:27:00.539 1659 1671 W bei.lerad.rocky: ApkAssets: Deleting an ApkAssets object ' and /system/app/PrintSpooler/PrintSpooler.apk' with 1 weak references
05-23 09:27:00.539 1659 1671 W bei.lerad.rocky: ApkAssets: Deleting an ApkAssets object ' and /system/app/BasicDreams/BasicDreams.apk' with 1 weak references
05-23 09:27:00.540 1659 1671 W bei.lerad.rocky: ApkAssets: Deleting an ApkAssets object ' and /system/priv-app/InputDevices/InputDevices.apk' with 1 weak references
05-23 09:27:00.540 1659 1671 W bei.lerad.rocky: ApkAssets: Deleting an ApkAssets object ' and /apex/com.android.rkpd/priv-app/rkpdapp@UD2A.240505.001.W1/rkpdapp.apk' with 1 weak references
05-23 09:27:00.540 1659 1671 W bei.lerad.rocky: ApkAssets: Deleting an ApkAssets object ' and /system/priv-app/MusicFX/MusicFX.apk' with 1 weak references
05-23 09:27:00.540 1659 1671 W bei.lerad.rocky: ApkAssets: Deleting an ApkAssets object ' and /system/app/InputMacSn/InputMacSn.apk' with 1 weak references
05-23 09:27:00.541 1659 1671 W bei.lerad.rocky: ApkAssets: Deleting an ApkAssets object ' and /system/priv-app/dangbei-boot-guide/dangbei-boot-guide.apk' with 1 weak references
05-23 09:27:00.541 1659 1671 W bei.lerad.rocky: ApkAssets: Deleting an ApkAssets object ' and /data/app/~~8-FgpDUwWAS68w6qltoOEA==/com.dangbei.hqmedia-hn_DemS9jnOtIlL9fwdEUw==/base.apk' with 1 weak references
05-23 09:27:00.542 1659 1671 W bei.lerad.rocky: ApkAssets: Deleting an ApkAssets object ' and /system/app/ExtShared/ExtShared.apk' with 1 weak references
05-23 09:27:00.542 1659 1671 W bei.lerad.rocky: ApkAssets: Deleting an ApkAssets object ' and /system/app/KeyChain/KeyChain.apk' with 1 weak references
05-23 09:27:00.542 1659 1671 W bei.lerad.rocky: ApkAssets: Deleting an ApkAssets object ' and /apex/com.android.extservices/priv-app/ExtServices@UD2A.240505.001.W1/ExtServices.apk' with 1 weak references
05-23 09:27:00.542 1659 1671 W bei.lerad.rocky: ApkAssets: Deleting an ApkAssets object ' and /apex/com.android.wifi/priv-app/ServiceWifiResources@UD2A.240505.001.W1/ServiceWifiResources.apk' with 1 weak references
05-23 09:27:00.542 1659 1671 W bei.lerad.rocky: ApkAssets: Deleting an ApkAssets object '/product/overlay/TvWifiOverlay.apk' with 1 weak references
05-23 09:27:00.543 1659 1671 W bei.lerad.rocky: ApkAssets: Deleting an ApkAssets object '/product/overlay/WiFiTetheringOverlay.apk' with 1 weak references
05-23 09:27:00.543 1659 1671 W bei.lerad.rocky: ApkAssets: Deleting an ApkAssets object ' and /system/app/CameraExtensionsProxy/CameraExtensionsProxy.apk' with 1 weak references
05-23 09:27:00.543 1659 1671 W bei.lerad.rocky: ApkAssets: Deleting an ApkAssets object ' and /system_ext/priv-app/MicToggleProvider/MicToggleProvider.apk' with 1 weak references
05-23 09:27:00.543 1659 1671 W bei.lerad.rocky: ApkAssets: Deleting an ApkAssets object ' and /system/priv-app/PackageInstaller_tv/PackageInstaller_tv.apk' with 1 weak references
05-23 09:27:00.543 1659 1671 W bei.lerad.rocky: ApkAssets: Deleting an ApkAssets object ' and /system/app/FactoryTest_oranth/FactoryTest_oranth.apk' with 1 weak references
05-23 09:27:00.543 1659 1671 W bei.lerad.rocky: ApkAssets: Deleting an ApkAssets object ' and /system/priv-app/ProxyHandler/ProxyHandler.apk' with 1 weak references
05-23 09:27:00.544 1659 1671 W bei.lerad.rocky: ApkAssets: Deleting an ApkAssets object ' and /system/priv-app/IntentResolver/IntentResolver.apk' with 1 weak references
05-23 09:27:00.544 1659 1671 W bei.lerad.rocky: ApkAssets: Deleting an ApkAssets object ' and /system/priv-app/ManagedProvisioning/ManagedProvisioning.apk' with 1 weak references
05-23 09:27:00.544 1659 1671 W bei.lerad.rocky: ApkAssets: Deleting an ApkAssets object ' and /system/app/UsbOpenFT/UsbOpenFT.apk' with 1 weak references
05-23 09:27:00.544 1659 1671 W bei.lerad.rocky: ApkAssets: Deleting an ApkAssets object ' and /system/priv-app/SoundPicker/SoundPicker.apk' with 1 weak references
05-23 09:27:00.544 1659 1671 W bei.lerad.rocky: ApkAssets: Deleting an ApkAssets object ' and /system/app/dangbei-etna-service/dangbei-etna-service.apk' with 1 weak references
05-23 09:27:00.544 1659 1671 W bei.lerad.rocky: ApkAssets: Deleting an ApkAssets object ' and /product/app/Miracast/Miracast.apk' with 1 weak references
05-23 09:27:00.545 1659 1671 W bei.lerad.rocky: ApkAssets: Deleting an ApkAssets object ' and /system/app/dangbei-file-manager/dangbei-file-manager.apk' with 1 weak references
05-23 09:27:00.545 1659 1671 W bei.lerad.rocky: ApkAssets: Deleting an ApkAssets object ' and /system/app/PowerUI/PowerUI.apk' with 1 weak references
05-23 09:27:00.545 1659 1671 W bei.lerad.rocky: ApkAssets: Deleting an ApkAssets object ' and /system/app/dangbei-screensaver/dangbei-screensaver.apk' with 1 weak references
05-23 09:27:00.545 1659 1671 W bei.lerad.rocky: ApkAssets: Deleting an ApkAssets object ' and /product/app/Music/Music.apk' with 1 weak references
05-23 09:27:00.546 1659 1671 W bei.lerad.rocky: ApkAssets: Deleting an ApkAssets object ' and /system/priv-app/Shell/Shell.apk' with 1 weak references
05-23 09:27:00.546 1659 1671 W bei.lerad.rocky: ApkAssets: Deleting an ApkAssets object ' and /system/priv-app/UserDictionaryProvider/UserDictionaryProvider.apk' with 1 weak references
05-23 09:27:00.546 1659 1671 W bei.lerad.rocky: ApkAssets: Deleting an ApkAssets object ' and /apex/com.android.mediaprovider/priv-app/MediaProvider@UD2A.240505.001.W1/MediaProvider.apk' with 1 weak references
05-23 09:27:00.546 1659 1671 W bei.lerad.rocky: ApkAssets: Deleting an ApkAssets object ' and /system/app/Low_storage_dialog/Low_storage_dialog.apk' with 1 weak references
05-23 09:27:00.547 1659 1671 W bei.lerad.rocky: ApkAssets: Deleting an ApkAssets object ' and /apex/com.android.wifi/app/OsuLogin@UD2A.240505.001.W1/OsuLogin.apk' with 1 weak references
05-23 09:27:00.547 1659 1671 W bei.lerad.rocky: ApkAssets: Deleting an ApkAssets object ' and /system/priv-app/FusedLocation/FusedLocation.apk' with 1 weak references
05-23 09:27:00.547 1659 1671 W bei.lerad.rocky: ApkAssets: Deleting an ApkAssets object ' and /product/app/DeskClock/DeskClock.apk' with 1 weak references
05-23 09:27:00.547 1659 1671 W bei.lerad.rocky: ApkAssets: Deleting an ApkAssets object ' and /system_ext/priv-app/TvSystemUI/TvSystemUI.apk' with 1 weak references
05-23 09:27:00.548 1659 1671 W bei.lerad.rocky: ApkAssets: Deleting an ApkAssets object '/vendor/overlay/TvSystemUI__auto_generated_rro_vendor.apk' with 1 weak references
05-23 09:27:00.548 1659 1671 W bei.lerad.rocky: ApkAssets: Deleting an ApkAssets object '/product/overlay/SystemUIOverlay.apk' with 1 weak references
05-23 09:27:00.548 1659 1671 W bei.lerad.rocky: ApkAssets: Deleting an ApkAssets object ' and /system/app/dangbei-setting/dangbei-setting.apk' with 1 weak references
05-23 09:27:00.548 1659 1671 W bei.lerad.rocky: ApkAssets: Deleting an ApkAssets object ' and /apex/com.android.permission/priv-app/PermissionController@UD2A.240505.001.W1/PermissionController.apk' with 1 weak references
05-23 09:27:00.549 1659 1671 W bei.lerad.rocky: ApkAssets: Deleting an ApkAssets object ' and /vendor/priv-app/AppInstaller/AppInstaller.apk' with 1 weak references
05-23 09:27:00.550 1659 1671 W bei.lerad.rocky: ApkAssets: Deleting an ApkAssets object ' and /apex/com.android.btservices/app/Bluetooth@UD2A.240505.001.W1/Bluetooth.apk' with 1 weak references
05-23 09:27:00.550 1659 1671 W bei.lerad.rocky: ApkAssets: Deleting an ApkAssets object ' and /system/priv-app/ContactsProvider/ContactsProvider.apk' with 1 weak references
05-23 09:27:00.550 1659 1671 W bei.lerad.rocky: ApkAssets: Deleting an ApkAssets object ' and /system/app/CaptivePortalLogin/CaptivePortalLogin.apk' with 1 weak references
05-23 09:27:00.550 1659 1671 W bei.lerad.rocky: ApkAssets: Deleting an ApkAssets object ' and /apex/com.android.devicelock/priv-app/DeviceLockController@UD2A.240505.001.W1/DeviceLockController.apk' with 1 weak references
05-23 09:27:00.550 1659 1671 W bei.lerad.rocky: ApkAssets: Deleting an ApkAssets object ' and /apex/com.android.extservices/priv-app/AdExtServicesApk@UD2A.240505.001.W1/AdExtServicesApk.apk' with 1 weak references
05-23 09:27:00.732 2442 2497 D nStackXCoAP: IsInSameNetwork:[276] :IsInSameNetwork exec
05-23 09:27:00.732 2442 2497 I nStackXDFinder: GetLocalInterfaceDetail:[461] :GetLocalInterfaceDetail in
05-23 09:27:00.732 2442 2497 E nStackXCoAP: IsInSameNetwork:[281] :IsInSameNetwork: not priority process
05-23 09:27:00.732 2442 2497 D nStackXCoAP: ParseServiceDiscover:[330] :new device join
05-23 09:27:00.733 2442 2497 E nStackXDFinder: GetLocalIp:[401] :GetLocalIp exec
05-23 09:27:01.315 304 2631 D MesonDisplay: read /sys/class/amhdmitx/amhdmitx0/hdcp_lstore, result length:0, val:
05-23 09:27:01.342 2442 2497 D nStackXCoAP: IsInSameNetwork:[276] :IsInSameNetwork exec
05-23 09:27:01.342 2442 2497 I nStackXDFinder: GetLocalInterfaceDetail:[461] :GetLocalInterfaceDetail in
05-23 09:27:01.342 2442 2497 E nStackXCoAP: IsInSameNetwork:[281] :IsInSameNetwork: not priority process
05-23 09:27:01.342 2442 2497 D nStackXCoAP: ParseServiceDiscover:[330] :new device join
05-23 09:27:01.343 2442 2497 E nStackXDFinder: GetLocalIp:[401] :GetLocalIp exec
01-01 08:00:48.135 0 0 I [2 T948 ..] nf_conntrack: default automatic helper assignment has been turned off for security reasons and CT-based firewall rule not found. Use the iptables CT target to attach helpers instead.
05-23 09:27:01.608 1131 1142 W id.ext.services: ApkAssets: Deleting an ApkAssets object ' and /data/app/~~0_533PBtZpcdkFBEmVisig==/com.ktcp.video-7S_TWmOirdW2lQNIyvX8iQ==/base.apk' with 1 weak references
05-23 09:27:01.608 1131 1142 W id.ext.services: ApkAssets: Deleting an ApkAssets object ' and /system/app/dangbei-screencast/dangbei-screencast.apk' with 1 weak references
05-23 09:27:02.270 2442 2497 D nStackXCoAP: IsInSameNetwork:[276] :IsInSameNetwork exec
05-23 09:27:02.270 2442 2497 I nStackXDFinder: GetLocalInterfaceDetail:[461] :GetLocalInterfaceDetail in
05-23 09:27:02.270 2442 2497 E nStackXCoAP: IsInSameNetwork:[281] :IsInSameNetwork: not priority process
05-23 09:27:02.270 2442 2497 D nStackXCoAP: ParseServiceDiscover:[330] :new device join
05-23 09:27:02.270 2442 2497 E nStackXDFinder: GetLocalIp:[401] :GetLocalIp exec
05-23 09:27:02.315 304 2631 D MesonDisplay: read /sys/class/amhdmitx/amhdmitx0/hdcp_lstore, result length:0, val:
05-23 09:27:02.589 2442 2497 D nStackXCoAP: IsInSameNetwork:[276] :IsInSameNetwork exec
05-23 09:27:02.589 2442 2497 I nStackXDFinder: GetLocalInterfaceDetail:[461] :GetLocalInterfaceDetail in
05-23 09:27:02.589 2442 2497 E nStackXCoAP: IsInSameNetwork:[281] :IsInSameNetwork: not priority process
05-23 09:27:02.589 2442 2497 D nStackXCoAP: ParseServiceDiscover:[330] :new device join
05-23 09:27:02.589 2442 2497 E nStackXDFinder: GetLocalIp:[401] :GetLocalIp exec
05-23 09:27:02.606 732 905 D SntpClient: request time failed: java.net.SocketTimeoutException: Poll timed out
05-23 09:27:02.606 732 905 D SntpClient: request time failed
05-23 09:27:02.607 471 2700 I resolv : GetAddrInfoHandler::run: {100 983140 100 983140 1000 1}
05-23 09:27:02.609 471 2701 I resolv : res_nmkquery: (QUERY, IN, A)
05-23 09:27:02.639 471 2701 I resolv : res_nsend: used send_dg 458 terrno: 0
05-23 09:27:02.639 471 2701 I resolv : doQuery: rcode=0, ancount=4, return value=458
05-23 09:27:02.641 732 905 D TrafficStats: tagSocket(433) with statsTag=0xffffff41, statsUid=-1
05-23 09:27:02.748 2442 2497 D nStackXCoAP: CoapMessageHandler:[133] :2.01
05-23 09:27:02.823 484 1255 I android.hardware.bluetooth@1.0-impl: [HandleIncomingEvent-549]: rec adv direct packet
05-23 09:27:03.026 732 905 D SntpClient: round trip: 382ms, clock offset: 24329810ms
05-23 09:27:03.029 732 753 D SystemClockTime: Setting time of day to sec=1747987952
05-23 16:12:32.840 732 833 E LazyAlarmStore: Removed TIME_TICK alarm
05-23 16:12:32.846 732 732 I JobScheduler: RTC now valid; recalculating persisted job windows
05-23 16:12:32.907 732 732 W SyncManager: Clock is valid now.
05-23 16:12:32.908 732 732 D ConditionProviders.SCP: onReceive android.intent.action.TIME_SET
05-23 16:12:32.909 732 732 D ConditionProviders.SCP: evaluateSubscriptionLocked cal=ScheduleCalendar[mDays={1, 2, 3, 4, 5, 6, 7}, mSchedule=ScheduleInfo{days=[1, 2, 3, 4, 5, 6, 7], startHour=22, startMinute=0, endHour=7, endMinute=0, exitAtAlarm=true, nextAlarm=Thu Jan 01 08:00:00 GMT+08:00 1970 (0)}], now=Fri May 23 16:12:32 GMT+08:00 2025 (1747987952908), nextUserAlarmTime=Thu Jan 01 08:00:00 GMT+08:00 1970 (0)
05-23 16:12:32.909 1556 1556 D bbb : onStartCommand begin !!!!!!! data分区剩余 53794MB
05-23 16:12:32.909 732 732 D ConditionProviders.SCP: notifyCondition condition://android/schedule?days=1.2.3.4.5.6.7&start=22.0&end=7.0&exitAtAlarm=true STATE_FALSE reason=!meetsSchedule
05-23 16:12:32.910 732 732 D ConditionProviders.SCP: Scheduling evaluate for Fri May 23 22:00:00 GMT+08:00 2025 (1748008800000), in +5h47m27s92ms, now=Fri May 23 16:12:32 GMT+08:00 2025 (1747987952908)
05-23 16:12:32.910 732 732 D CompatibilityChangeReporter: Compat change id reported: 171306433; UID 1000; state: ENABLED
05-23 16:12:32.911 732 732 D CompatibilityChangeReporter: Compat change id reported: 218533173; UID 1000; state: ENABLED
05-23 16:12:32.921 497 557 I WifiHAL : call wifi_get_link_stats handler
05-23 16:12:32.921 497 557 I WifiHAL : Creating message to get link statistics; iface = 16
05-23 16:12:32.921 497 557 D WifiHAL : error code -95 mapped to -3
05-23 16:12:32.922 732 873 E WifiStaIfaceAidlImpl: getLinkLayerStats failed with service-specific exception: android.os.ServiceSpecificException: (code 4)
05-23 16:12:32.927 732 889 D CompatibilityChangeReporter: Compat change id reported: 143231523; UID 1000; state: DISABLED
05-23 16:12:32.938 1942 1942 D PermissionStorageTimeChangeReceiver: Time changed by 24329 seconds
05-23 16:12:32.943 1942 1942 D PermissionStorageTimeChangeReceiver: systemTimeSnapshot set to 1747987952937
05-23 16:12:32.943 1942 1942 D PermissionStorageTimeChangeReceiver: realtimeSnapshot set to 49693
05-23 16:12:32.947 732 763 I UsageStatsService: User[0] Time changed in by 24329 seconds
05-23 16:12:32.947 732 763 I UsageStatsService: User[0] Flushing usage stats to disk
05-23 16:12:32.962 732 763 I UsageStatsDatabase: Time changed by +6h45m29s810ms. files deleted: 0 files moved: 4
05-23 16:12:32.967 732 763 I UsageStatsService: User[0] Rollover scheduled @ 2025-05-24 16:12:08(1748074328337)
05-23 16:12:32.973 732 815 D CompatibilityChangeReporter: Compat change id reported: 218533173; UID 10019; state: ENABLED
05-23 16:12:32.973 732 815 D CompatibilityChangeReporter: Compat change id reported: 262645982; UID 10019; state: ENABLED
05-23 16:12:32.974 732 815 D CompatibilityChangeReporter: Compat change id reported: 218533173; UID 10026; state: ENABLED
05-23 16:12:32.974 732 815 D CompatibilityChangeReporter: Compat change id reported: 262645982; UID 10026; state: ENABLED
05-23 16:12:32.975 732 815 D CompatibilityChangeReporter: Compat change id reported: 218533173; UID 10077; state: DISABLED
05-23 16:12:32.975 732 815 D CompatibilityChangeReporter: Compat change id reported: 262645982; UID 10077; state: DISABLED
05-23 16:12:32.978 732 815 D CompatibilityChangeReporter: Compat change id reported: 218533173; UID 10028; state: DISABLED
05-23 16:12:32.978 732 815 D CompatibilityChangeReporter: Compat change id reported: 262645982; UID 10028; state: DISABLED
05-23 16:12:32.979 732 815 D CompatibilityChangeReporter: Compat change id reported: 218533173; UID 10043; state: DISABLED
05-23 16:12:32.979 732 815 D CompatibilityChangeReporter: Compat change id reported: 262645982; UID 10043; state: DISABLED
05-23 16:12:32.980 732 815 D CompatibilityChangeReporter: Compat change id reported: 218533173; UID 10061; state: ENABLED
05-23 16:12:32.981 732 815 D CompatibilityChangeReporter: Compat change id reported: 262645982; UID 10061; state: ENABLED
05-23 16:12:32.982 732 815 D CompatibilityChangeReporter: Compat change id reported: 218533173; UID 10025; state: ENABLED
05-23 16:12:32.983 732 815 D CompatibilityChangeReporter: Compat change id reported: 262645982; UID 10025; state: ENABLED
05-23 16:12:32.983 732 815 D CompatibilityChangeReporter: Compat change id reported: 218533173; UID 10021; state: ENABLED
05-23 16:12:32.983 732 815 D CompatibilityChangeReporter: Compat change id reported: 262645982; UID 10021; state: ENABLED
05-23 16:12:32.984 732 815 D CompatibilityChangeReporter: Compat change id reported: 218533173; UID 10041; state: DISABLED
05-23 16:12:32.984 732 815 D CompatibilityChangeReporter: Compat change id reported: 262645982; UID 10041; state: DISABLED
05-23 16:12:32.986 732 815 D CompatibilityChangeReporter: Compat change id reported: 218533173; UID 10065; state: ENABLED
05-23 16:12:32.987 732 815 D CompatibilityChangeReporter: Compat change id reported: 262645982; UID 10065; state: ENABLED
01-01 08:00:49.824 0 0 W : [2 T948 ..] [SP FRAME RX] arp req,vif_idx:0 sender:[ee:78:83:8f:63:7e 192.168.3.58]receiver:[00:00:00:00:00:00 192.168.3.167]
01-01 08:00:49.825 0 0 W : [2 T948 ..] [SP FRAME TX] arp rsp,vif_idx:0 sender:[1c:79:2d:20:62:97 192.168.3.167]receiver:[ee:78:83:8f:63:7e 192.168.3.58]
05-23 16:12:33.126 304 2631 D MesonDisplay: read /sys/class/amhdmitx/amhdmitx0/hdcp_lstore, result length:0, val:
05-23 16:12:33.314 2442 2497 D nStackXCoAP: CoapMessageHandler:[133] :2.01
05-23 16:12:33.374 2442 2497 D nStackXCoAP: CoapMessageHandler:[133] :2.01
05-23 16:12:33.405 2442 2497 D nStackXCoAP: IsInSameNetwork:[276] :IsInSameNetwork exec
05-23 16:12:33.405 2442 2497 I nStackXDFinder: GetLocalInterfaceDetail:[461] :GetLocalInterfaceDetail in
05-23 16:12:33.405 2442 2497 E nStackXCoAP: IsInSameNetwork:[281] :IsInSameNetwork: not priority process
05-23 16:12:33.405 2442 2497 D nStackXCoAP: ParseServiceDiscover:[330] :new device join
05-23 16:12:33.406 2442 2497 E nStackXDFinder: GetLocalIp:[401] :GetLocalIp exec
05-23 16:12:33.407 2442 2497 D nStackXCoAP: IsInSameNetwork:[276] :IsInSameNetwork exec
05-23 16:12:33.407 2442 2497 I nStackXDFinder: GetLocalInterfaceDetail:[461] :GetLocalInterfaceDetail in
05-23 16:12:33.407 2442 2497 E nStackXCoAP: IsInSameNetwork:[281] :IsInSameNetwork: not priority process
05-23 16:12:33.407 2442 2497 D nStackXCoAP: ParseServiceDiscover:[330] :new device join
05-23 16:12:33.407 2442 2497 E nStackXDFinder: GetLocalIp:[401] :GetLocalIp exec
05-23 16:12:33.464 2442 2497 D nStackXCoAP: CoapMessageHandler:[133] :2.01
05-23 16:12:33.468 2442 2497 D nStackXCoAP: CoapMessageHandler:[133] :2.01
05-23 16:12:33.484 2442 2497 D nStackXCoAP: CoapMessageHandler:[133] :2.01
05-23 16:12:34.097 2442 2497 D nStackXCoAP: CoapMessageHandler:[133] :2.01
05-23 16:12:34.126 304 2631 D MesonDisplay: read /sys/class/amhdmitx/amhdmitx0/hdcp_lstore, result length:0, val:
05-23 16:12:34.127 304 2631 D MesonDisplay: read /sys/class/amhdmitx/amhdmitx0/hdcp_lstore, result length:0, val:
05-23 16:12:34.127 304 2631 I MesonDisplay: [/HDCPTxAuth.cpp, authInit, 223] hdcp_tx key:
05-23 16:12:35.929 497 557 I WifiHAL : call wifi_get_link_stats handler
05-23 16:12:35.929 497 557 I WifiHAL : Creating message to get link statistics; iface = 16
05-23 16:12:35.930 497 557 D WifiHAL : error code -95 mapped to -3
05-23 16:12:35.930 732 873 E WifiStaIfaceAidlImpl: getLinkLayerStats failed with service-specific exception: android.os.ServiceSpecificException: (code 4)
05-23 16:12:36.346 2442 2497 D nStackXCoAP: CoapMessageHandler:[133] :2.01
05-23 16:12:36.386 483 688 I audio_hw_hal_alsamgr: alsa format =0x1 delay frames =768 total frames=2030080
01-01 08:00:53.209 0 0 W : [2 T947 ..] traffic idle!!
05-23 16:12:37.918 732 764 D OomAdjuster: Not killing cached processes
05-23 16:12:37.926 732 975 D CompatibilityChangeReporter: Compat change id reported: 261072174; UID 1000; state: ENABLED
05-23 16:12:38.053 484 1255 I android.hardware.bluetooth@1.0-impl: [HandleIncomingEvent-549]: rec adv direct packet
01-01 08:00:55.272 0 0 W : [3 T0 .s] [SP FRAME TX] arp req,vif_idx:0 sender:[1c:79:2d:20:62:97 192.168.3.167]receiver:[00:00:00:00:00:00 192.168.3.53]
05-23 16:12:38.937 497 557 I WifiHAL : call wifi_get_link_stats handler
05-23 16:12:38.937 497 557 I WifiHAL : Creating message to get link statistics; iface = 16
05-23 16:12:38.937 497 557 D WifiHAL : error code -95 mapped to -3
05-23 16:12:38.938 732 873 E WifiStaIfaceAidlImpl: getLinkLayerStats failed with service-specific exception: android.os.ServiceSpecificException: (code 4)
05-23 16:12:39.194 2569 2570 D uninstall: isAllowStart last_delay 0, current_time 1747987959
05-23 16:12:39.194 2569 2570 I uninstall: enable_service com.ktcp.video/com.tencent.qqlivetv.keeplive.proc.DaemonService com.ktcp.video/(null)
05-23 16:12:39.195 2569 2570 D uninstall: enable_service waitpid
05-23 16:12:39.195 2714 2714 D uninstall: enable_service pid == 0
05-23 16:12:39.195 2714 2714 D uninstall: enable_service version >= 17 || version == 0 version == 34
05-23 16:12:39.245 2569 2570 I uninstall: watchdaemon process_name = com.ktcp.video:daemon has gone, start it
05-23 16:12:39.246 2569 2570 D uninstall: watchdaemon waitpid
05-23 16:12:39.246 2718 2718 D uninstall: watchdaemon pid == 0
05-23 16:12:39.246 2718 2718 D uninstall: watchdaemon version >= 17 || version == 0 version == 34
01-01 08:00:56.296 0 0 W : [3 T0 .s] [SP FRAME TX] arp req,vif_idx:0 sender:[1c:79:2d:20:62:97 192.168.3.167]receiver:[00:00:00:00:00:00 192.168.3.53]
05-23 16:12:40.036 2442 2497 D nStackXCoAP: CoapMessageHandler:[133] :2.01
01-01 08:00:57.320 0 0 W : [3 T0 .s] [SP FRAME TX] arp req,vif_idx:0 sender:[1c:79:2d:20:62:97 192.168.3.167]receiver:[00:00:00:00:00:00 192.168.3.53]
05-23 16:12:40.601 2131 2667 D TrafficStats: tagSocket(197) with statsTag=0xffffffff, statsUid=-1
01-01 08:00:57.663 0 0 W : [3 T948 ..] [SP FRAME RX] arp rsp,vif_idx:0 sender:[28:7b:11:70:68:8f 192.168.3.53]receiver:[1c:79:2d:20:62:97 192.168.3.167]
05-23 16:12:40.989 732 829 D ActivityManager: freezing 2031 com.android.providers.tv
05-23 16:12:41.944 497 557 I WifiHAL : call wifi_get_link_stats handler
05-23 16:12:41.944 497 557 I WifiHAL : Creating message to get link statistics; iface = 16
05-23 16:12:41.944 497 557 D WifiHAL : error code -95 mapped to -3
05-23 16:12:41.945 732 873 E WifiStaIfaceAidlImpl: getLinkLayerStats failed with service-specific exception: android.os.ServiceSpecificException: (code 4)
01-01 08:00:59.925 0 0 W : [3 T948 ..] [SP FRAME RX] arp req,vif_idx:0 sender:[b0:c9:52:89:2f:af 192.168.3.32]receiver:[00:00:00:00:00:00 192.168.3.167]
01-01 08:00:59.926 0 0 W : [3 T948 ..] [SP FRAME TX] arp rsp,vif_idx:0 sender:[1c:79:2d:20:62:97 192.168.3.167]receiver:[b0:c9:52:89:2f:af 192.168.3.32]
05-23 16:12:44.283 1344 1355 W method.sogou.tv: Cleared Reference was only reachable from finalizer (only reported once)
05-23 16:12:44.601 2131 2139 I com.ktcp.video: Background concurrent copying GC freed 133799(5327KB) AllocSpace objects, 0(0B) LOS objects, 49% free, 5958KB/11MB, paused 129us,71us total 128.215ms
05-23 16:12:44.949 497 557 I WifiHAL : call wifi_get_link_stats handler
05-23 16:12:44.949 497 557 I WifiHAL : Creating message to get link statistics; iface = 16
05-23 16:12:44.949 497 557 D WifiHAL : error code -95 mapped to -3
05-23 16:12:44.950 732 873 E WifiStaIfaceAidlImpl: getLinkLayerStats failed with service-specific exception: android.os.ServiceSpecificException: (code 4)
05-23 16:12:45.446 471 2731 I resolv : GetAddrInfoHandler::run: {100 100 100 983140 10043 0}
05-23 16:12:45.447 471 2732 I resolv : res_nmkquery: (QUERY, IN, A)
05-23 16:12:45.453 471 2732 I resolv : res_nsend: used send_dg 500 terrno: 0
05-23 16:12:45.453 471 2732 I resolv : doQuery: rcode=0, ancount=27, return value=500
05-23 16:12:45.457 1679 1765 D TrafficStats: tagSocket(223) with statsTag=0xffffffff, statsUid=-1
05-23 16:12:46.044 1679 1679 I cling--ap-4: type=1400 audit(0.0:910): avc: denied { search } for name="net" dev="sysfs" ino=12344 scontext=u:r:untrusted_app_27:s0:c43,c256,c512,c768 tcontext=u:object_r:sysfs_net:s0 tclass=dir permissive=1 app=com.dangbei.screencast
05-23 16:12:46.489 471 2169 I netd : tetherGetStats() -> {[]} <1.66ms>
05-23 16:12:46.508 471 2169 I netd : bandwidthSetGlobalAlert(2097152) <0.57ms>
01-01 08:01:03.392 0 0 I [0 T150 ..] [hdmitx: ] UTC+0 2025-05-23 08:12:46 HPD LOW
01-01 08:01:03.393 0 0 I [2 T61 ..] [hdmitx: ] system: plugout
01-01 08:01:03.393 0 0 I [2 T61 ..] resman: notify error info = {"subModule":11,"level":2,"logType":1,"errorType":6,"msg":"HDMITX_HPD_PLUGOUT"}
01-01 08:01:03.395 0 0 I [2 T61 ..] [hdmitx: ] plug out sequence id: 0
01-01 08:01:03.396 0 0 W : [2 T61 ..] [RX]-up_phy_addr = 0
01-01 08:01:03.396 0 0 I [2 T61 d.] [hdmitx: ] hdmitx_set_drm_pkt: disable drm pkt
01-01 08:01:03.397 0 0 I [2 T61 d.] [hdmitx: ] TV not support DV, clr dv_vsif
01-01 08:01:03.397 0 0 I [2 T61 d.] [hdmitx: ] DV H14b VSIF, switching signal to SDR
01-01 08:01:03.398 0 0 I [2 T61 ..] [hdmitx: ] hdmitx_set_hdr10plus_pkt: null vsif
01-01 08:01:03.399 0 0 I [2 T61 ..] [hdmitx: ] hdmitx21_video_mute_op: VID_UNMUTE path=0x4000000
05-23 16:12:46.634 732 839 V WindowManager: app ------------- force_land :0
05-23 16:12:46.634 304 358 D MesonHwc: received Uevent: change@/devices/virtual/amhdmitx/amhdmitx0
05-23 16:12:46.634 304 358 D MesonHwc: received Uevent: ACTION=change
05-23 16:12:46.634 304 358 D MesonHwc: received Uevent: DEVPATH=/devices/virtual/amhdmitx/amhdmitx0
05-23 16:12:46.634 304 358 D MesonHwc: received Uevent: SUBSYSTEM=amhdmitx
05-23 16:12:46.634 304 358 D MesonHwc: received Uevent: hdmitx_hpd=0
05-23 16:12:46.634 329 338 I SystemControl: [/UEventObserver.cpp, HDMITxUenventThreadLoop, 451] HDMI TX switch_name:hdmitx_hpd, switch_state: 0
05-23 16:12:46.634 329 338 I SystemControl: [/DisplayMode.cpp, onTxEvent, 3267] onTxEvent switchName:hdmitx_hpd hpdstate:0 state: 1
01-01 08:01:03.400 0 0 I [2 T61 ..] [hdmitx: ] set_hdcp2_topo: 0
01-01 08:01:03.400 0 0 I : [2 T61 ..] [drm] drm hdmitx hpd notify
01-01 08:01:03.402 0 0 I [0 T937 dh] [hdmitx: ] hdmitx_set_drm_pkt: tf=1, cf=1, colormetry=0
05-23 16:12:46.635 494 539 I hdmicecd: [HdmiCecControl]:Hotplug event port:0, now:0, prevStatus:1 power:1
05-23 16:12:46.636 329 937 I SystemControl: [/Ubootenv.cpp, get, 345] [ubootenv] search end and not find env:connector_type
05-23 16:12:46.636 494 539 I hdmiconnection: hot plug port id 0, is connected 0
05-23 16:12:46.636 304 358 D MesonHwc: sc_read_bootenv val is empty
05-23 16:12:46.636 304 358 D MesonHwc: getConnectorType, get ubootenv.var.connector_type from uboot env, return (null)
05-23 16:12:46.636 304 358 D MesonHwc: getConnectorType-0 get connector type hdmi--65536
05-23 16:12:46.641 732 839 I WiredAccessoryManager: MSG_NEW_DEVICE_STATE
05-23 16:12:46.641 304 358 D MesonHwc: DrmProperty: EDID (1), value [0]
05-23 16:12:46.641 304 358 D MesonHwc: DrmProperty: content type (77), value [0]
05-23 16:12:46.641 304 358 D MesonHwc: DrmProperty: vrr_capable (78), value [0]
05-23 16:12:46.642 304 358 D MesonHwc: DrmProperty: UPDATE (79), value [0]
05-23 16:12:46.642 304 358 D MesonHwc: DrmProperty: color_depth (80), value [10]
05-23 16:12:46.642 304 358 D MesonHwc: DrmProperty: color_space (81), value [3]
05-23 16:12:46.642 304 358 D MesonHwc: DrmProperty: MESON_DRM_HDMITX_PROP_AVMUTE (82), value [0]
05-23 16:12:46.642 304 358 D MesonHwc: DrmProperty: hdmi_hdr_status (83), value [6]
05-23 16:12:46.642 304 358 D MesonHwc: DrmProperty: dv_cap (85), value [0]
05-23 16:12:46.642 304 358 D MesonHwc: DrmProperty: contenttype_cap (89), value [1]
05-23 16:12:46.642 304 358 D MesonHwc: DrmProperty: hdr_priority (91), value [268435472]
05-23 16:12:46.642 304 358 D MesonHwc: DrmProperty: ready (92), value [0]
05-23 16:12:46.642 304 358 D MesonHwc: DrmProperty: allm_cap (95), value [0]
05-23 16:12:46.642 304 358 D MesonHwc: DrmProperty: dc_cap (96), value [512]
05-23 16:12:46.642 304 358 E MesonHwc: DrmConnector[HDMI-A] still DISCONNECTED.
05-23 16:12:46.642 304 358 D MesonHwc: ERR: PLEASE FIX NON-IMPLEMENT FUN(update).
05-23 16:12:46.642 329 937 I SystemControl: [/Ubootenv.cpp, get, 345] [ubootenv] search end and not find env:connector_type
05-23 16:12:46.643 304 358 D MesonHwc: sc_read_bootenv val is empty
05-23 16:12:46.643 304 358 D MesonHwc: getConnectorType, get ubootenv.var.connector_type from uboot env, return (null)
05-23 16:12:46.643 304 358 D MesonHwc: getConnectorType-0 get connector type hdmi--65536
05-23 16:12:46.643 304 358 D MesonHwc: getConnectorCfg: get display 0, connector 13
05-23 16:12:46.643 304 358 D MesonHwc: FixedDisplayPipe::isVMXCertification:0
05-23 16:12:46.643 304 358 E MesonHwc: read screen size 0x0 from vinfo
05-23 16:12:46.643 304 358 E MesonHwc: dolby vision driver is not ready
05-23 16:12:46.643 304 358 D MesonHwc: Connector VIRTUAL loadDisplayModes get 1 modes
05-23 16:12:46.643 304 358 I MesonHwc: add display mode (dummy_l-dummy_l-117, 720x480, 56.000000) dpi(0,0), hskew(0)
