01-01 08:00:18.981 0 0 W : [2 T947 ..] [cmd_complete 65] cmd tkn[9] flags:0002 result: -4 cmd: 105-MM_SUB_READ_EFUSE - reqcfm(16391-unknown)
05-23 09:26:32.402 732 732 V SystemServerTiming: OnBootPhase_550_com.android.server.location.altitude.AltitudeService$Lifecycle took to complete: 0ms
05-23 09:26:32.402 732 732 D SystemServerTiming: OnBootPhase_550_com.android.server.timezonedetector.location.LocationTimeZoneManagerService$Lifecycle
05-23 09:26:32.402 732 732 V SystemServerTiming: OnBootPhase_550_com.android.server.timezonedetector.location.LocationTimeZoneManagerService$Lifecycle took to complete: 0ms
05-23 09:26:32.402 732 732 D SystemServerTiming: OnBootPhase_550_com.android.server.search.SearchManagerService$Lifecycle
05-23 09:26:32.402 732 732 V SystemServerTiming: OnBootPhase_550_com.android.server.search.SearchManagerService$Lifecycle took to complete: 0ms
05-23 09:26:32.402 732 732 D SystemServerTiming: OnBootPhase_550_com.android.server.wallpaper.WallpaperManagerService$Lifecycle
01-01 08:00:18.982 0 0 W [1 T557 ..] read_efuse: value = 2d206297
01-01 08:00:18.982 0 0 W : [2 T947 ..] fmac efuse read: address:0x1 value:0x2D206297
01-01 08:00:18.983 0 0 W : [1 T557 ..] >>> aml_send_msg()
05-23 09:26:32.404 732 732 V WallpaperManagerService: bindWallpaperComponentLocked: componentName=ComponentInfo{com.android.systemui/com.android.systemui.wallpapers.ImageWallpaper}
05-23 09:26:32.404 732 732 D WallpaperManagerService: WPMS.bindWallpaperComponentLocked-ComponentInfo{com.android.systemui/com.android.systemui.wallpapers.ImageWallpaper}
01-01 08:00:18.984 0 0 W : [2 T947 ..] ipc_sdio_host_msgack_handler 00000000b3474579
01-01 08:00:18.985 0 0 W : [2 T947 ..] [aml_msgackind 2038] msg ack hostid=0xffffff800708f700
01-01 08:00:18.986 0 0 W : [2 T947 ..] [cmd_mgr_llind 329] cmd tkn[10] flags:001a result: -4 cmd: 105-MM_SUB_READ_EFUSE - reqcfm(16391-unknown)
01-01 08:00:18.988 0 0 W : [2 T947 ..] [cmd_mgr_msgind 409] cmd tkn[10] flags:0012 result: -4 cmd: 105-MM_SUB_READ_EFUSE - reqcfm(16391-unknown)
01-01 08:00:18.989 0 0 W : [2 T947 ..] [cmd_complete 65] cmd tkn[10] flags:0002 result: -4 cmd: 105-MM_SUB_READ_EFUSE - reqcfm(16391-unknown)
01-01 08:00:18.991 0 0 W [0 T557 ..] read_efuse: value = 1c79
01-01 08:00:18.991 0 0 W : [2 T947 ..] fmac efuse read: address:0x2 value:0x1C79
01-01 08:00:18.992 0 0 W : [0 T557 ..] [aml_cfg_to_file 273] get mac address from efuse is:1c:79:2d:20:62:97
01-01 08:00:18.992 0 0 W : [0 T557 ..] [aml_cfg_to_file 303] vif0 mac address:1c:79:2d:20:62:97, vif1 mac address: 1e:79:2d:20:62:97, vif2 mac address: 1e:79:2d:20:62:96
05-23 09:26:32.415 732 732 D CompatibilityChangeReporter: Compat change id reported: 135634846; UID 10052; state: DISABLED
05-23 09:26:32.415 732 732 D CompatibilityChangeReporter: Compat change id reported: 177438394; UID 10052; state: DISABLED
05-23 09:26:32.416 732 732 D CompatibilityChangeReporter: Compat change id reported: 135772972; UID 10052; state: DISABLED
05-23 09:26:32.416 732 732 D CompatibilityChangeReporter: Compat change id reported: 135754954; UID 10052; state: ENABLED
05-23 09:26:32.418 732 820 I DropBoxManagerService: add tag=SYSTEM_TOMBSTONE_PROTO_WITH_HEADERS isTagEnabled=true flags=0x4
01-01 08:00:18.995 0 0 W : [0 T557 ..] [aml_interface_add 1454] vif index=0, type=2
01-01 08:00:18.996 0 0 W : [0 T557 ..] set_scan_hang, flag:0, [aml_interface_add 1494]
05-23 09:26:32.419 732 732 V WallpaperManagerService: WPMS.bindWallpaperComponentLocked-ComponentInfo{com.android.systemui/com.android.systemui.wallpapers.ImageWallpaper} took to complete: 14ms
05-23 09:26:32.420 732 765 D CompatibilityChangeReporter: Compat change id reported: 143937733; UID 10052; state: ENABLED
05-23 09:26:32.422 732 732 I WallpaperDataParser: No static wallpaper imagery; defaults will be shown
01-01 08:00:19.003 0 0 W : [0 T557 ..] [aml_rps_map_set 46] set rps_cpus as [0]
01-01 08:00:19.003 0 0 W : [0 T557 ..] [aml_rps_map_set 46] set rps_cpus as [0]
01-01 08:00:19.004 0 0 W : [0 T557 ..] [aml_rps_map_set 46] set rps_cpus as [0]
01-01 08:00:19.005 0 0 W : [0 T557 ..] [aml_rps_map_set 46] set rps_cpus as [0]
01-01 08:00:19.005 0 0 I : [0 T557 ..] new interface create wlan0 success
01-01 08:00:19.006 0 0 W : [0 T557 ..] [aml_interface_add 1454] vif index=1, type=2
01-01 08:00:19.008 0 0 W : [0 T557 ..] set_scan_hang, flag:0, [aml_interface_add 1494]
05-23 09:26:32.459 732 765 I ActivityManager: Start proc 957:com.android.systemui/u0a52 for service {com.android.systemui/com.android.systemui.wallpapers.ImageWallpaper}
05-23 09:26:32.460 732 732 D WallpaperCropper: WPMS.generateCrop
05-23 09:26:32.461 732 732 W WallpaperCropper: Invalid wallpaper data
05-23 09:26:32.461 732 732 E WallpaperCropper: Unable to apply new wallpaper
05-23 09:26:32.463 732 732 V WallpaperCropper: WPMS.generateCrop took to complete: 3ms
05-23 09:26:32.466 732 732 W SystemServiceManager: Service com.android.server.wallpaper.WallpaperManagerService$Lifecycle took 64 ms in onBootPhase
05-23 09:26:32.466 732 732 V SystemServerTiming: OnBootPhase_550_com.android.server.wallpaper.WallpaperManagerService$Lifecycle took to complete: 64ms
05-23 09:26:32.467 732 732 D SystemServerTiming: OnBootPhase_550_com.android.server.wallpapereffectsgeneration.WallpaperEffectsGenerationManagerService
05-23 09:26:32.467 732 732 V SystemServerTiming: OnBootPhase_550_com.android.server.wallpapereffectsgeneration.WallpaperEffectsGenerationManagerService took to complete: 0ms
05-23 09:26:32.467 732 732 D SystemServerTiming: OnBootPhase_550_com.android.server.audio.AudioService$Lifecycle
05-23 09:26:32.467 732 732 V SystemServerTiming: OnBootPhase_550_com.android.server.audio.AudioService$Lifecycle took to complete: 0ms
05-23 09:26:32.467 732 732 D SystemServerTiming: OnBootPhase_550_com.android.server.soundtrigger_middleware.SoundTriggerMiddlewareService$Lifecycle
05-23 09:26:32.467 732 732 V SystemServerTiming: OnBootPhase_550_com.android.server.soundtrigger_middleware.SoundTriggerMiddlewareService$Lifecycle took to complete: 0ms
05-23 09:26:32.467 732 732 D SystemServerTiming: OnBootPhase_550_com.android.server.adb.AdbService$Lifecycle
05-23 09:26:32.469 732 732 V SystemServerTiming: OnBootPhase_550_com.android.server.adb.AdbService$Lifecycle took to complete: 1ms
05-23 09:26:32.469 732 732 D SystemServerTiming: OnBootPhase_550_com.android.server.usb.UsbService$Lifecycle
05-23 09:26:32.470 732 732 V SystemServerTiming: OnBootPhase_550_com.android.server.usb.UsbService$Lifecycle took to complete: 1ms
05-23 09:26:32.470 732 732 D SystemServerTiming: OnBootPhase_550_com.android.server.twilight.TwilightService
05-23 09:26:32.470 732 732 V SystemServerTiming: OnBootPhase_550_com.android.server.twilight.TwilightService took to complete: 0ms
05-23 09:26:32.470 732 732 D SystemServerTiming: OnBootPhase_550_com.android.server.display.color.ColorDisplayService
05-23 09:26:32.470 732 732 V SystemServerTiming: OnBootPhase_550_com.android.server.display.color.ColorDisplayService took to complete: 0ms
05-23 09:26:32.470 732 732 D SystemServerTiming: OnBootPhase_550_com.android.server.job.JobSchedulerService
05-23 09:26:32.470 732 732 V SystemServerTiming: OnBootPhase_550_com.android.server.job.JobSchedulerService took to complete: 0ms
05-23 09:26:32.470 732 732 D SystemServerTiming: OnBootPhase_550_com.android.server.soundtrigger.SoundTriggerService
05-23 09:26:32.470 732 732 D SoundTriggerService: onBootPhase: 550 : false
05-23 09:26:32.470 732 760 D SystemServerTimingAsync: InitThreadPoolExec:UsbService$Lifecycle#onBootPhase
05-23 09:26:32.470 732 760 D SystemServerInitThreadPool: Started executing UsbService$Lifecycle#onBootPhase
05-23 09:26:32.472 732 760 D SystemServerInitThreadPool: Finished executing UsbService$Lifecycle#onBootPhase
05-23 09:26:32.472 732 760 V SystemServerTimingAsync: InitThreadPoolExec:UsbService$Lifecycle#onBootPhase took to complete: 2ms
05-23 09:26:32.502 732 732 V SystemServerTiming: OnBootPhase_550_com.android.server.soundtrigger.SoundTriggerService took to complete: 32ms
05-23 09:26:32.502 732 732 D SystemServerTiming: OnBootPhase_550_com.android.server.trust.TrustManagerService
05-23 09:26:32.502 732 732 V SystemServerTiming: OnBootPhase_550_com.android.server.trust.TrustManagerService took to complete: 0ms
05-23 09:26:32.502 732 732 D SystemServerTiming: OnBootPhase_550_com.android.server.backup.BackupManagerService$Lifecycle
05-23 09:26:32.502 732 732 V SystemServerTiming: OnBootPhase_550_com.android.server.backup.BackupManagerService$Lifecycle took to complete: 0ms
05-23 09:26:32.502 732 732 D SystemServerTiming: OnBootPhase_550_com.android.server.appwidget.AppWidgetService
05-23 09:26:32.502 732 732 V SystemServerTiming: OnBootPhase_550_com.android.server.appwidget.AppWidgetService took to complete: 0ms
05-23 09:26:32.502 732 732 D SystemServerTiming: OnBootPhase_550_com.android.server.voiceinteraction.VoiceInteractionManagerService
05-23 09:26:32.502 732 732 V SystemServerTiming: OnBootPhase_550_com.android.server.voiceinteraction.VoiceInteractionManagerService took to complete: 0ms
05-23 09:26:32.503 732 732 D SystemServerTiming: OnBootPhase_550_com.android.server.GestureLauncherService
05-23 09:26:32.503 732 732 V SystemServerTiming: OnBootPhase_550_com.android.server.GestureLauncherService took to complete: 0ms
05-23 09:26:32.503 732 732 D SystemServerTiming: OnBootPhase_550_com.android.server.SensorNotificationService
05-23 09:26:32.503 732 732 V SystemServerTiming: OnBootPhase_550_com.android.server.SensorNotificationService took to complete: 0ms
05-23 09:26:32.503 732 732 D SystemServerTiming: OnBootPhase_550_com.android.server.emergency.EmergencyAffordanceService
05-23 09:26:32.503 732 732 V SystemServerTiming: OnBootPhase_550_com.android.server.emergency.EmergencyAffordanceService took to complete: 0ms
05-23 09:26:32.503 732 732 D SystemServerTiming: OnBootPhase_550_com.android.server.blob.BlobStoreManagerService
05-23 09:26:32.505 732 732 V SystemServerTiming: OnBootPhase_550_com.android.server.blob.BlobStoreManagerService took to complete: 2ms
05-23 09:26:32.505 732 732 D SystemServerTiming: OnBootPhase_550_com.android.server.dreams.DreamManagerService
05-23 09:26:32.505 732 732 V SystemServerTiming: OnBootPhase_550_com.android.server.dreams.DreamManagerService took to complete: 0ms
05-23 09:26:32.505 732 732 D SystemServerTiming: OnBootPhase_550_com.android.server.security.AttestationVerificationManagerService
05-23 09:26:32.505 732 732 V SystemServerTiming: OnBootPhase_550_com.android.server.security.AttestationVerificationManagerService took to complete: 0ms
05-23 09:26:32.505 732 732 D SystemServerTiming: OnBootPhase_550_com.android.server.restrictions.RestrictionsManagerService
05-23 09:26:32.505 732 732 V SystemServerTiming: OnBootPhase_550_com.android.server.restrictions.RestrictionsManagerService took to complete: 0ms
05-23 09:26:32.505 732 732 D SystemServerTiming: OnBootPhase_550_com.android.server.media.MediaSessionService
05-23 09:26:32.509 732 732 V SystemServerTiming: OnBootPhase_550_com.android.server.media.MediaSessionService took to complete: 4ms
05-23 09:26:32.509 732 732 D SystemServerTiming: OnBootPhase_550_com.android.server.hdmi.HdmiControlService
05-23 09:26:32.509 732 732 V SystemServerTiming: OnBootPhase_550_com.android.server.hdmi.HdmiControlService took to complete: 0ms
05-23 09:26:32.509 732 732 D SystemServerTiming: OnBootPhase_550_com.android.server.tv.interactive.TvInteractiveAppManagerService
05-23 09:26:32.509 732 732 V SystemServerTiming: OnBootPhase_550_com.android.server.tv.interactive.TvInteractiveAppManagerService took to complete: 0ms
05-23 09:26:32.509 732 732 D SystemServerTiming: OnBootPhase_550_com.android.server.tv.TvInputManagerService
05-23 09:26:32.509 732 732 V SystemServerTiming: OnBootPhase_550_com.android.server.tv.TvInputManagerService took to complete: 0ms
05-23 09:26:32.509 732 732 D SystemServerTiming: OnBootPhase_550_com.android.server.media.MediaResourceMonitorService
05-23 09:26:32.509 732 732 V SystemServerTiming: OnBootPhase_550_com.android.server.media.MediaResourceMonitorService took to complete: 0ms
05-23 09:26:32.509 732 732 D SystemServerTiming: OnBootPhase_550_com.android.server.tv.TvRemoteService
05-23 09:26:32.509 732 732 V SystemServerTiming: OnBootPhase_550_com.android.server.tv.TvRemoteService took to complete: 0ms
05-23 09:26:32.509 732 732 D SystemServerTiming: OnBootPhase_550_com.android.server.biometrics.BiometricService
05-23 09:26:32.509 732 732 V SystemServerTiming: OnBootPhase_550_com.android.server.biometrics.BiometricService took to complete: 0ms
05-23 09:26:32.509 732 732 D SystemServerTiming: OnBootPhase_550_com.android.server.biometrics.AuthService
05-23 09:26:32.509 732 732 V SystemServerTiming: OnBootPhase_550_com.android.server.biometrics.AuthService took to complete: 0ms
05-23 09:26:32.509 732 732 D SystemServerTiming: OnBootPhase_550_com.android.server.pm.ShortcutService$Lifecycle
05-23 09:26:32.509 732 732 V SystemServerTiming: OnBootPhase_550_com.android.server.pm.ShortcutService$Lifecycle took to complete: 0ms
05-23 09:26:32.509 732 732 D SystemServerTiming: OnBootPhase_550_com.android.server.pm.LauncherAppsService
05-23 09:26:32.509 732 732 V SystemServerTiming: OnBootPhase_550_com.android.server.pm.LauncherAppsService took to complete: 0ms
05-23 09:26:32.509 732 732 D SystemServerTiming: OnBootPhase_550_com.android.server.pm.CrossProfileAppsService
05-23 09:26:32.509 732 732 V SystemServerTiming: OnBootPhase_550_com.android.server.pm.CrossProfileAppsService took to complete: 0ms
05-23 09:26:32.509 732 732 D SystemServerTiming: OnBootPhase_550_com.android.server.people.PeopleService
05-23 09:26:32.509 732 732 V SystemServerTiming: OnBootPhase_550_com.android.server.people.PeopleService took to complete: 0ms
05-23 09:26:32.509 732 732 D SystemServerTiming: OnBootPhase_550_com.android.server.media.metrics.MediaMetricsManagerService
05-23 09:26:32.509 732 732 V SystemServerTiming: OnBootPhase_550_com.android.server.media.metrics.MediaMetricsManagerService took to complete: 0ms
05-23 09:26:32.509 732 732 D SystemServerTiming: OnBootPhase_550_com.android.server.pm.BackgroundInstallControlService
05-23 09:26:32.509 732 732 V SystemServerTiming: OnBootPhase_550_com.android.server.pm.BackgroundInstallControlService took to complete: 0ms
05-23 09:26:32.509 732 732 D SystemServerTiming: OnBootPhase_550_com.android.server.media.projection.MediaProjectionManagerService
05-23 09:26:32.510 732 732 V SystemServerTiming: OnBootPhase_550_com.android.server.media.projection.MediaProjectionManagerService took to complete: 0ms
05-23 09:26:32.510 732 732 D SystemServerTiming: OnBootPhase_550_com.android.server.slice.SliceManagerService$Lifecycle
05-23 09:26:32.510 732 732 V SystemServerTiming: OnBootPhase_550_com.android.server.slice.SliceManagerService$Lifecycle took to complete: 0ms
05-23 09:26:32.510 732 732 D SystemServerTiming: OnBootPhase_550_com.android.server.stats.StatsCompanion$Lifecycle
05-23 09:26:32.510 732 732 V SystemServerTiming: OnBootPhase_550_com.android.server.stats.StatsCompanion$Lifecycle took to complete: 0ms
05-23 09:26:32.510 732 732 D SystemServerTiming: OnBootPhase_550_com.android.server.scheduling.RebootReadinessManagerService$Lifecycle
05-23 09:26:32.510 732 732 V SystemServerTiming: OnBootPhase_550_com.android.server.scheduling.RebootReadinessManagerService$Lifecycle took to complete: 0ms
05-23 09:26:32.510 732 732 D SystemServerTiming: OnBootPhase_550_com.android.server.stats.pull.StatsPullAtomService
05-23 09:26:32.510 732 732 V SystemServerTiming: OnBootPhase_550_com.android.server.stats.pull.StatsPullAtomService took to complete: 0ms
05-23 09:26:32.510 732 732 D SystemServerTiming: OnBootPhase_550_com.android.server.stats.bootstrap.StatsBootstrapAtomService$Lifecycle
05-23 09:26:32.510 732 732 V SystemServerTiming: OnBootPhase_550_com.android.server.stats.bootstrap.StatsBootstrapAtomService$Lifecycle took to complete: 0ms
05-23 09:26:32.510 732 732 D SystemServerTiming: OnBootPhase_550_com.android.server.incident.IncidentCompanionService
05-23 09:26:32.510 732 732 V SystemServerTiming: OnBootPhase_550_com.android.server.incident.IncidentCompanionService took to complete: 0ms
05-23 09:26:32.510 732 732 D SystemServerTiming: OnBootPhase_550_com.android.server.sdksandbox.SdkSandboxManagerService$Lifecycle
05-23 09:26:32.510 732 732 V SystemServerTiming: OnBootPhase_550_com.android.server.sdksandbox.SdkSandboxManagerService$Lifecycle took to complete: 0ms
05-23 09:26:32.510 732 732 D SystemServerTiming: OnBootPhase_550_com.android.server.adservices.AdServicesManagerService$Lifecycle
05-23 09:26:32.510 732 732 V SystemServerTiming: OnBootPhase_550_com.android.server.adservices.AdServicesManagerService$Lifecycle took to complete: 0ms
05-23 09:26:32.510 732 732 D SystemServerTiming: OnBootPhase_550_com.android.server.ondevicepersonalization.OnDevicePersonalizationSystemService$Lifecycle
05-23 09:26:32.510 732 732 V SystemServerTiming: OnBootPhase_550_com.android.server.ondevicepersonalization.OnDevicePersonalizationSystemService$Lifecycle took to complete: 0ms
05-23 09:26:32.510 732 732 D SystemServerTiming: OnBootPhase_550_com.android.server.autofill.AutofillManagerService
05-23 09:26:32.510 732 732 V SystemServerTiming: OnBootPhase_550_com.android.server.autofill.AutofillManagerService took to complete: 0ms
05-23 09:26:32.510 732 732 D SystemServerTiming: OnBootPhase_550_com.android.server.clipboard.ClipboardService
05-23 09:26:32.510 732 732 V SystemServerTiming: OnBootPhase_550_com.android.server.clipboard.ClipboardService took to complete: 0ms
05-23 09:26:32.510 732 732 D SystemServerTiming: OnBootPhase_550_com.android.server.appbinding.AppBindingService$Lifecycle
05-23 09:26:32.511 732 732 I AppBindingService: Updating constants with: null
05-23 09:26:32.512 732 732 V SystemServerTiming: OnBootPhase_550_com.android.server.appbinding.AppBindingService$Lifecycle took to complete: 3ms
05-23 09:26:32.512 732 732 D SystemServerTiming: OnBootPhase_550_com.android.server.tracing.TracingServiceProxy
05-23 09:26:32.512 732 732 V SystemServerTiming: OnBootPhase_550_com.android.server.tracing.TracingServiceProxy took to complete: 0ms
05-23 09:26:32.512 732 732 D SystemServerTiming: OnBootPhase_550_com.android.server.policy.PermissionPolicyService
05-23 09:26:32.513 732 732 D SystemServerTiming: Permission_grant_default_permissions-0
05-23 09:26:32.513 732 732 V SystemServerTiming: Permission_grant_default_permissions-0 took to complete: 0ms
05-23 09:26:32.513 732 732 D SystemServerTiming: Permission_synchronize_permissions-0
05-23 09:26:32.514 732 732 D SystemServerTiming: Permission_synchronize_addPackages-0
05-23 09:26:32.529 732 820 E NativeTombstoneManager: Tombstone's UID (1002) not an app, ignoring
05-23 09:26:32.535 732 820 I BootReceiver: Copying /data/tombstones/tombstone_02 to DropBox (SYSTEM_TOMBSTONE)
05-23 09:26:32.535 732 820 I DropBoxManagerService: add tag=SYSTEM_TOMBSTONE isTagEnabled=true flags=0x6
05-23 09:26:32.547 732 820 E NativeTombstoneManager: Tombstone's UID (1002) not an app, ignoring
05-23 09:26:32.550 732 820 I DropBoxManagerService: add tag=SYSTEM_TOMBSTONE_PROTO_WITH_HEADERS isTagEnabled=true flags=0x4
05-23 09:26:32.556 732 891 W BroadcastLoopers: Found previously unknown looper Thread[AudioDeviceBroker,5,main]
05-23 09:26:32.567 732 820 E NativeTombstoneManager: Tombstone's UID (1002) not an app, ignoring
05-23 09:26:32.587 732 732 V SystemServerTiming: Permission_synchronize_addPackages-0 took to complete: 72ms
05-23 09:26:32.626 732 820 I BootReceiver: Copying /data/tombstones/tombstone_03 to DropBox (SYSTEM_TOMBSTONE)
05-23 09:26:32.626 732 820 I DropBoxManagerService: add tag=SYSTEM_TOMBSTONE isTagEnabled=true flags=0x6
05-23 09:26:32.639 732 958 I UsbPortManager: all: opID:1 successful
01-01 08:00:19.215 0 0 W : [1 T557 ..] [aml_rps_map_set 46] set rps_cpus as [0]
01-01 08:00:19.216 0 0 W : [1 T557 ..] [aml_rps_map_set 46] set rps_cpus as [0]
01-01 08:00:19.216 0 0 W : [1 T557 ..] [aml_rps_map_set 46] set rps_cpus as [0]
01-01 08:00:19.217 0 0 W : [1 T557 ..] [aml_rps_map_set 46] set rps_cpus as [0]
01-01 08:00:19.220 0 0 I : [1 T557 ..] new interface create p2p0 success
01-01 08:00:19.220 0 0 W : [1 T557 ..] [aml_interface_add 1454] vif index=2, type=2
01-01 08:00:19.221 0 0 W : [1 T557 ..] set_scan_hang, flag:0, [aml_interface_add 1494]
05-23 09:26:32.649 732 732 D SystemServerTiming: Permission_syncPackages-0
05-23 09:26:32.651 732 732 V SystemServerTiming: Permission_syncPackages-0 took to complete: 2ms
05-23 09:26:32.651 732 732 V SystemServerTiming: Permission_synchronize_permissions-0 took to complete: 139ms
05-23 09:26:32.651 732 732 D SystemServerTiming: Permission_onInitialized-0
05-23 09:26:32.652 732 732 I PermissionManager: Permission ownership changed. Updating all permissions.
05-23 09:26:32.676 732 956 D GameManagerService: User ID '0' does not have a Game Mode selected for package: 'com.android.systemui'
05-23 09:26:32.685 732 894 D HDMI : Process pid:732 is calling addHotplugEventListener
05-23 09:26:32.691 732 956 D CompatibilityChangeReporter: Compat change id reported: 168419799; UID 10052; state: DISABLED
05-23 09:26:32.692 732 956 D CompatibilityChangeReporter: Compat change id reported: 273564678; UID 10052; state: DISABLED
05-23 09:26:32.697 732 956 W ActivityManager: Slow operation: 87ms so far, now at attachApplicationLocked: immediately before bindApplication
05-23 09:26:32.723 732 732 W PermissionManager: Package com.android.adservices.api is an APK in APEX, but has permission allowlist on the system image. Please bundle the allowlist in the com.android.adservices APEX instead.
05-23 09:26:32.730 732 956 W ActivityManager: Slow operation: 120ms so far, now at attachApplicationLocked: immediately after bindApplication
05-23 09:26:32.730 732 956 W ActivityManager: Slow operation: 120ms so far, now at attachApplicationLocked: after updateLruProcessLocked
05-23 09:26:32.731 732 956 W ActivityManager: Slow operation: 121ms so far, now at attachApplicationLocked: after updateOomAdjLocked
05-23 09:26:32.754 732 815 D CompatibilityChangeReporter: Compat change id reported: 265195908; UID 10052; state: ENABLED
05-23 09:26:32.758 732 753 W Looper : Slow dispatch took 123ms android.fg h=com.android.server.DropBoxManagerService$DropBoxManagerBroadcastHandler c=null m=1
05-23 09:26:32.780 732 975 D CompatibilityChangeReporter: Compat change id reported: 170503758; UID 10052; state: ENABLED
05-23 09:26:32.810 732 820 E NativeTombstoneManager: Tombstone's UID (1002) not an app, ignoring
01-01 08:00:19.388 0 0 W : [1 T557 ..] [aml_rps_map_set 46] set rps_cpus as [0]
01-01 08:00:19.389 0 0 W : [1 T557 ..] [aml_rps_map_set 46] set rps_cpus as [0]
01-01 08:00:19.389 0 0 W : [1 T557 ..] [aml_rps_map_set 46] set rps_cpus as [0]
01-01 08:00:19.390 0 0 W : [1 T557 ..] [aml_rps_map_set 46] set rps_cpus as [0]
01-01 08:00:19.391 0 0 I : [1 T557 ..] new interface create ap0 success
01-01 08:00:19.392 0 0 W : [1 T557 ..] >>> aml_send_msg()
01-01 08:00:19.408 0 0 W : [2 T947 ..] ipc_sdio_host_msgack_handler 00000000c7298ca1
01-01 08:00:19.408 0 0 W : [2 T947 ..] [aml_msgackind 2038] msg ack hostid=0xffffff804ad63700
01-01 08:00:19.409 0 0 W : [2 T947 ..] [cmd_mgr_llind 329] cmd tkn[11] flags:0008 result: -4 cmd: 105-MM_SUB_SET_TEMP_START - reqcfm(1023-none)
01-01 08:00:19.411 0 0 W : [2 T947 ..] [cmd_complete 65] cmd tkn[11] flags:0000 result: -4 cmd: 105-MM_SUB_SET_TEMP_START - reqcfm(1023-none)
01-01 08:00:19.413 0 0 W : [0 T557 ..] [aml_log_nl_init 1183] aml trace netlink init OK!
05-23 09:26:32.837 497 557 I android.hardware.wifi-service.droidlogic: check loading wifi driver is ok...
05-23 09:26:32.837 497 557 W android.hardware.wifi-service.droidlogic: driver loaded
05-23 09:26:32.839 497 557 I android.hardware.wifi-service.droidlogic: After driver loaded, wifi_name:aml_w2_s
05-23 09:26:32.854 497 557 I android.hardware.wifi-service.droidlogic: Even /data/vendor/wifi/wpa/wpa_supplicant.conf exists, still overwrite it.
05-23 09:26:32.854 497 557 I android.hardware.wifi-service.droidlogic: Migrated conf file from /vendor/etc/wifi/unbcm_supplicant.conf to /data/vendor/wifi/wpa/wpa_supplicant.conf: Operation not permitted
05-23 09:26:32.856 732 732 W PermissionManager: Package com.android.providers.media.module is an APK in APEX, but has permission allowlist on the system image. Please bundle the allowlist in the com.android.mediaprovider APEX instead.
05-23 09:26:32.856 732 732 W PermissionManager: Package com.android.providers.media.module is an APK in APEX, but has permission allowlist on the system image. Please bundle the allowlist in the com.android.mediaprovider APEX instead.
05-23 09:26:32.856 732 732 W PermissionManager: Package com.android.providers.media.module is an APK in APEX, but has permission allowlist on the system image. Please bundle the allowlist in the com.android.mediaprovider APEX instead.
05-23 09:26:32.856 732 732 W PermissionManager: Package com.android.providers.media.module is an APK in APEX, but has permission allowlist on the system image. Please bundle the allowlist in the com.android.mediaprovider APEX instead.
05-23 09:26:32.857 732 732 W PermissionManager: Package com.android.providers.media.module is an APK in APEX, but has permission allowlist on the system image. Please bundle the allowlist in the com.android.mediaprovider APEX instead.
05-23 09:26:32.857 732 732 W PermissionManager: Package com.android.providers.media.module is an APK in APEX, but has permission allowlist on the system image. Please bundle the allowlist in the com.android.mediaprovider APEX instead.
05-23 09:26:32.857 732 732 W PermissionManager: Package com.android.providers.media.module is an APK in APEX, but has permission allowlist on the system image. Please bundle the allowlist in the com.android.mediaprovider APEX instead.
05-23 09:26:32.857 732 732 W PermissionManager: Package com.android.providers.media.module is an APK in APEX, but has permission allowlist on the system image. Please bundle the allowlist in the com.android.mediaprovider APEX instead.
05-23 09:26:32.857 732 732 W PermissionManager: Package com.android.providers.media.module is an APK in APEX, but has permission allowlist on the system image. Please bundle the allowlist in the com.android.mediaprovider APEX instead.
05-23 09:26:32.857 732 732 W PermissionManager: Package com.android.providers.media.module is an APK in APEX, but has permission allowlist on the system image. Please bundle the allowlist in the com.android.mediaprovider APEX instead.
05-23 09:26:32.857 732 732 W PermissionManager: Package com.android.providers.media.module is an APK in APEX, but has permission allowlist on the system image. Please bundle the allowlist in the com.android.mediaprovider APEX instead.
05-23 09:26:32.857 732 732 W PermissionManager: Package com.android.providers.media.module is an APK in APEX, but has permission allowlist on the system image. Please bundle the allowlist in the com.android.mediaprovider APEX instead.
05-23 09:26:32.857 732 732 W PermissionManager: Package com.android.providers.media.module is an APK in APEX, but has permission allowlist on the system image. Please bundle the allowlist in the com.android.mediaprovider APEX instead.
05-23 09:26:32.859 497 557 I android.hardware.wifi-service.droidlogic: Even /data/vendor/wifi/wpa/p2p_supplicant.conf exists, still overwrite it.
05-23 09:26:32.860 497 557 I android.hardware.wifi-service.droidlogic: Migrated conf file from /vendor/etc/wifi/p2p_supplicant.conf to /data/vendor/wifi/wpa/p2p_supplicant.conf: Read-only file system
05-23 09:26:32.860 497 557 I android.hardware.wifi-service.droidlogic: no bcm and uwe wifi ,need use p2p0 with p2p interface
05-23 09:26:32.862 497 557 I android.hardware.wifi-service.droidlogic: Wifi HAL started
05-23 09:26:32.866 732 894 D AudioService: No vibrator found
05-23 09:26:32.868 497 557 W android.hardware.wifi-service.droidlogic: No active wlan interfaces in use! Using default
05-23 09:26:32.868 497 557 E android.hardware.wifi-service.droidlogic: Unknown iface name: wlan0
05-23 09:26:32.868 497 557 E android.hardware.wifi-service.droidlogic: Unknown iface name: wlan0
05-23 09:26:32.890 497 557 W android.hardware.wifi-service.droidlogic: No active wlan interfaces in use! Using default
05-23 09:26:32.890 497 557 E android.hardware.wifi-service.droidlogic: Unknown iface name: wlan0
05-23 09:26:32.890 497 557 E android.hardware.wifi-service.droidlogic: Unknown iface name: wlan0
01-01 08:00:19.477 0 0 W : [2 T557 ..] >>> aml_open()
01-01 08:00:19.477 0 0 W : [2 T557 ..] [recy_dbg][aml_recy_flags_set 57] set flags(0x200), new flags(0x200)
01-01 08:00:19.477 0 0 W : [2 T557 ..] >>> aml_send_start()
01-01 08:00:19.481 0 0 W : [2 T557 ..] >>> aml_send_msg()
01-01 08:00:19.481 0 0 W : [2 T947 ..] ipc_sdio_host_msgack_handler 0000000089952534
01-01 08:00:19.482 0 0 W : [2 T947 ..] [aml_msgackind 2038] msg ack hostid=0xffffff8049275180
01-01 08:00:19.482 0 0 W : [2 T947 ..] [cmd_mgr_llind 329] cmd tkn[12] flags:001a result: -4 cmd: 2-MM_START_REQ - reqcfm( 3-MM_START_CFM)
01-01 08:00:19.484 0 0 W : [2 T947 ..] [cmd_mgr_msgind 409] cmd tkn[12] flags:0012 result: -4 cmd: 2-MM_START_REQ - reqcfm( 3-MM_START_CFM)
01-01 08:00:19.486 0 0 W : [2 T947 ..] [cmd_complete 65] cmd tkn[12] flags:0002 result: -4 cmd: 2-MM_START_REQ - reqcfm( 3-MM_START_CFM)
01-01 08:00:19.488 0 0 W : [2 T557 ..] >>> aml_send_add_if()
01-01 08:00:19.488 0 0 W : [2 T557 ..] >>> aml_send_msg()
01-01 08:00:19.489 0 0 W : [2 T947 ..] ipc_sdio_host_msgack_handler 0000000089952534
01-01 08:00:19.489 0 0 W : [2 T947 ..] [aml_msgackind 2038] msg ack hostid=0xffffff8049275180
01-01 08:00:19.490 0 0 W : [2 T947 ..] [cmd_mgr_llind 329] cmd tkn[13] flags:001a result: -4 cmd: 6-MM_ADD_IF_REQ - reqcfm( 7-MM_ADD_IF_CFM)
01-01 08:00:19.492 0 0 W : [2 T947 ..] [cmd_mgr_msgind 409] cmd tkn[13] flags:0012 result: -4 cmd: 6-MM_ADD_IF_REQ - reqcfm( 7-MM_ADD_IF_CFM)
01-01 08:00:19.494 0 0 W : [2 T947 ..] [cmd_complete 65] cmd tkn[13] flags:0002 result: -4 cmd: 6-MM_ADD_IF_REQ - reqcfm( 7-MM_ADD_IF_CFM)
05-23 09:26:32.914 732 732 V SystemServerTiming: Permission_onInitialized-0 took to complete: 263ms
05-23 09:26:32.915 732 732 W SystemServiceManager: Service com.android.server.policy.PermissionPolicyService took 402 ms in onBootPhase
05-23 09:26:32.915 732 732 V SystemServerTiming: OnBootPhase_550_com.android.server.policy.PermissionPolicyService took to complete: 402ms
05-23 09:26:32.915 732 732 D SystemServerTiming: OnBootPhase_550_com.android.server.pm.StagingManager$Lifecycle
05-23 09:26:32.915 732 732 V SystemServerTiming: OnBootPhase_550_com.android.server.pm.StagingManager$Lifecycle took to complete: 0ms
05-23 09:26:32.915 732 732 D SystemServerTiming: OnBootPhase_550_com.android.server.app.GameManagerService$Lifecycle
05-23 09:26:32.915 732 732 V SystemServerTiming: OnBootPhase_550_com.android.server.app.GameManagerService$Lifecycle took to complete: 0ms
05-23 09:26:32.915 732 732 D SystemServerTiming: OnBootPhase_550_com.android.safetycenter.SafetyCenterService
05-23 09:26:32.915 732 732 V SystemServerTiming: OnBootPhase_550_com.android.safetycenter.SafetyCenterService took to complete: 0ms
05-23 09:26:32.915 732 732 D SystemServerTiming: OnBootPhase_550_com.android.server.appsearch.AppSearchModule$Lifecycle
05-23 09:26:32.915 732 732 V SystemServerTiming: OnBootPhase_550_com.android.server.appsearch.AppSearchModule$Lifecycle took to complete: 0ms
05-23 09:26:32.915 732 732 D SystemServerTiming: OnBootPhase_550_com.android.server.media.MediaCommunicationService
05-23 09:26:32.915 732 732 V SystemServerTiming: OnBootPhase_550_com.android.server.media.MediaCommunicationService took to complete: 0ms
05-23 09:26:32.915 732 732 D SystemServerTiming: OnBootPhase_550_com.android.server.compat.overrides.AppCompatOverridesService$Lifecycle
05-23 09:26:32.915 732 732 V SystemServerTiming: OnBootPhase_550_com.android.server.compat.overrides.AppCompatOverridesService$Lifecycle took to complete: 0ms
05-23 09:26:32.915 732 732 D SystemServerTiming: OnBootPhase_550_com.android.server.healthconnect.HealthConnectManagerService
05-23 09:26:32.915 732 732 V SystemServerTiming: OnBootPhase_550_com.android.server.healthconnect.HealthConnectManagerService took to complete: 0ms
05-23 09:26:32.915 732 732 D SystemServerTiming: OnBootPhase_550_com.android.server.devicelock.DeviceLockService
05-23 09:26:32.915 732 732 D DeviceLockService: onBootPhase: 550
05-23 09:26:32.915 732 732 V SystemServerTiming: OnBootPhase_550_com.android.server.devicelock.DeviceLockService took to complete: 0ms
05-23 09:26:32.915 732 732 V SystemServerTiming: OnBootPhase_550 took to complete: 690ms
05-23 09:26:32.915 732 732 V SystemServerTiming: StartActivityManagerReadyPhase took to complete: 690ms
05-23 09:26:32.915 732 732 D SystemServerTiming: StartObservingNativeCrashes
01-01 08:00:19.496 0 0 W : [0 T557 ..] [aml_open 1102] vif_idx=0, type=2, name=wlan0 sta_mode=1
01-01 08:00:19.496 0 0 W : [0 T557 ..] >>> aml_send_msg()
01-01 08:00:19.497 0 0 W : [2 T947 ..] ipc_sdio_host_msgack_handler 000000005568cfdd
01-01 08:00:19.498 0 0 W : [2 T947 ..] [aml_msgackind 2038] msg ack hostid=0xffffff804a084980
01-01 08:00:19.499 0 0 W : [2 T947 ..] [cmd_mgr_llind 329] cmd tkn[14] flags:001a result: -4 cmd: 105-MM_SUB_READ_EFUSE - reqcfm(16391-unknown)
01-01 08:00:19.500 0 0 W : [2 T947 ..] [cmd_mgr_msgind 409] cmd tkn[14] flags:0012 result: -4 cmd: 105-MM_SUB_READ_EFUSE - reqcfm(16391-unknown)
01-01 08:00:19.502 0 0 W : [2 T947 ..] [cmd_complete 65] cmd tkn[14] flags:0002 result: -4 cmd: 105-MM_SUB_READ_EFUSE - reqcfm(16391-unknown)
01-01 08:00:19.504 0 0 W : [2 T947 ..] fmac efuse read: address:0x0 value:0x6401B8E
01-01 08:00:19.504 0 0 W [2 T557 ..] read_efuse: value = 6401b8e
01-01 08:00:19.505 0 0 W : [2 T557 ..] >>> aml_send_msg()
05-23 09:26:32.921 732 732 V SystemServerTiming: StartObservingNativeCrashes took to complete: 6ms
05-23 09:26:32.921 732 732 D SystemServerTiming: RegisterAppOpsPolicy
05-23 09:26:32.923 732 732 V SystemServerTiming: RegisterAppOpsPolicy took to complete: 3ms
05-23 09:26:32.924 732 732 D SystemServerTiming: MakeNetworkManagementServiceReady
05-23 09:26:32.925 732 812 D SystemServerTimingAsync: InitThreadPoolExec:WebViewFactoryPreparation
05-23 09:26:32.925 732 812 D SystemServerInitThreadPool: Started executing WebViewFactoryPreparation
05-23 09:26:32.926 732 812 I SystemServer: WebViewFactoryPreparation
05-23 09:26:32.926 732 812 D SystemServerTimingAsync: WebViewFactoryPreparation
01-01 08:00:19.506 0 0 W : [2 T947 ..] ipc_sdio_host_msgack_handler 0000000003ced8fe
01-01 08:00:19.506 0 0 W : [2 T947 ..] [aml_msgackind 2038] msg ack hostid=0xffffff8049275f00
01-01 08:00:19.507 0 0 W : [2 T947 ..] [cmd_mgr_llind 329] cmd tkn[15] flags:001a result: -4 cmd: 105-MM_SUB_READ_EFUSE - reqcfm(16391-unknown)
01-01 08:00:19.509 0 0 W : [2 T947 ..] [cmd_mgr_msgind 409] cmd tkn[15] flags:0012 result: -4 cmd: 105-MM_SUB_READ_EFUSE - reqcfm(16391-unknown)
01-01 08:00:19.511 0 0 W : [2 T947 ..] [cmd_complete 65] cmd tkn[15] flags:0002 result: -4 cmd: 105-MM_SUB_READ_EFUSE - reqcfm(16391-unknown)
01-01 08:00:19.512 0 0 W [3 T557 ..] read_efuse: value = 632
01-01 08:00:19.512 0 0 W : [2 T947 ..] fmac efuse read: address:0xF value:0x632
01-01 08:00:19.513 0 0 W : [3 T557 ..] >>> aml_send_msg()
05-23 09:26:32.929 732 812 E AppOps : Bad call made by uid 1000. Package "android" does not belong to uid 1037.
05-23 09:26:32.933 732 820 I DropBoxManagerService: add tag=SYSTEM_TOMBSTONE_PROTO_WITH_HEADERS isTagEnabled=true flags=0x4
01-01 08:00:19.516 0 0 W : [2 T947 ..] ipc_sdio_host_msgack_handler 00000000f91bb260
01-01 08:00:19.516 0 0 W : [2 T947 ..] [aml_msgackind 2038] msg ack hostid=0xffffff804a0f9100
01-01 08:00:19.517 0 0 W : [2 T947 ..] [cmd_mgr_llind 329] cmd tkn[16] flags:001a result: -4 cmd: 105-MM_SUB_READ_EFUSE - reqcfm(16391-unknown)
01-01 08:00:19.519 0 0 W : [2 T947 ..] [cmd_mgr_msgind 409] cmd tkn[16] flags:0012 result: -4 cmd: 105-MM_SUB_READ_EFUSE - reqcfm(16391-unknown)
01-01 08:00:19.520 0 0 W : [2 T947 ..] [cmd_complete 65] cmd tkn[16] flags:0002 result: -4 cmd: 105-MM_SUB_READ_EFUSE - reqcfm(16391-unknown)
01-01 08:00:19.522 0 0 W [2 T557 ..] read_efuse: value = 1ffff
01-01 08:00:19.523 0 0 W : [2 T947 ..] fmac efuse read: address:0x7 value:0x1FFFF
01-01 08:00:19.523 0 0 W : [2 T557 ..] aml_sdio mmc1:0000:7: Direct firmware load for aml_w2_rf_0640_0632.txt failed with error -2
01-01 08:00:19.525 0 0 W : [2 T557 ..] [aml_get_cali_param 5865] vendor customized aml_w2_rf_0640_0632.txt not existed, use default
01-01 08:00:19.534 0 0 W : [2 T557 ..] ======>>>>>> version = 18
01-01 08:00:19.540 0 0 W : [2 T557 ..] ======>>>>>> cali_config = 0
01-01 08:00:19.540 0 0 W : [2 T557 ..] ======>>>>>> freq_offset = 0
01-01 08:00:19.540 0 0 W : [2 T557 ..] ======>>>>>> htemp_freq_offset = 20
01-01 08:00:19.541 0 0 W : [2 T557 ..] ======>>>>>> tssi_2g_offset = 0xa
01-01 08:00:19.542 0 0 W : [2 T557 ..] ======>>>>>> tssi_5g_offset_5200 = 0xf4
01-01 08:00:19.543 0 0 W : [2 T557 ..] ======>>>>>> tssi_5g_offset_5400 = 0xf0
01-01 08:00:19.543 0 0 W : [2 T557 ..] ======>>>>>> tssi_5g_offset_5600 = 0xfc
01-01 08:00:19.544 0 0 W : [2 T557 ..] ======>>>>>> tssi_5g_offset_5800 = 0x4
01-01 08:00:19.545 0 0 W : [2 T557 ..] ======>>>>>> wf2g_spur_rmen = 0
01-01 08:00:19.545 0 0 W : [2 T557 ..] ======>>>>>> spur_freq = 24478
01-01 08:00:19.546 0 0 W : [2 T557 ..] ======>>>>>> rf_count = 2
01-01 08:00:19.547 0 0 W : [2 T557 ..] ======>>>>>> cw2mod = fe
01-01 08:00:19.547 0 0 W : [2 T557 ..] ======>>>>>> wf2g_he20_tpwr = 19
01-01 08:00:19.548 0 0 W : [2 T557 ..] ======>>>>>> wf2g_he40_tpwr = 20
01-01 08:00:19.549 0 0 W : [2 T557 ..] ======>>>>>> wf5g_he20_tpwr_h = 15
01-01 08:00:19.549 0 0 W : [2 T557 ..] ======>>>>>> wf5g_he40_tpwr_h = 15
01-01 08:00:19.550 0 0 W : [2 T557 ..] ======>>>>>> wf5g_he80_tpwr_h = 14
01-01 08:00:19.551 0 0 W : [2 T557 ..] ======>>>>>> customer_efuse_en = 0x1
01-01 08:00:19.551 0 0 W : [2 T557 ..] ======>>>>>> FT_efuse_en = 0x1
05-23 09:26:32.982 732 812 E AppOps : Cannot checkOperation
05-23 09:26:32.982 732 812 E AppOps : java.lang.SecurityException: Specified package "android" under uid 1037 but it is not
05-23 09:26:32.982 732 812 E AppOps : at com.android.server.appop.AppOpsService.verifyAndGetBypass(AppOpsService.java:3894)
05-23 09:26:32.982 732 812 E AppOps : at com.android.server.appop.AppOpsService.verifyAndGetBypass(AppOpsService.java:3754)
05-23 09:26:32.982 732 812 E AppOps : at com.android.server.appop.AppOpsService.verifyAndGetBypass(AppOpsService.java:3746)
05-23 09:26:32.982 732 812 E AppOps : at com.android.server.appop.AppOpsService.checkOperationUnchecked(AppOpsService.java:2417)
05-23 09:26:32.982 732 812 E AppOps : at com.android.server.appop.AppOpsService.checkOperationImpl(AppOpsService.java:2400)
05-23 09:26:32.982 732 812 E AppOps : at com.android.server.appop.AppOpsService.-$$Nest$mcheckOperationImpl(AppOpsService.java:0)
05-23 09:26:32.982 732 812 E AppOps : at com.android.server.appop.AppOpsService$CheckOpsDelegateDispatcher.$r8$lambda$fx57Sum-uA3sXo7NCFwrI3iq4WM(AppOpsService.java:0)
05-23 09:26:32.982 732 812 E AppOps : at com.android.server.appop.AppOpsService$CheckOpsDelegateDispatcher$$ExternalSyntheticLambda9.apply(R8$$SyntheticClass:0)
05-23 09:26:32.982 732 812 E AppOps : at com.android.server.policy.AppOpsPolicy.checkOperation(AppOpsPolicy.java:221)
05-23 09:26:32.982 732 812 E AppOps : at com.android.server.appop.AppOpsService$CheckOpsDelegateDispatcher.checkOperation(AppOpsService.java:6427)
05-23 09:26:32.982 732 812 E AppOps : at com.android.server.appop.AppOpsService.checkOperation(AppOpsService.java:2385)
05-23 09:26:32.982 732 812 E AppOps : at com.android.server.StorageManagerService$StorageManagerInternalImpl.hasExternalStorageAccess(StorageManagerService.java:4728)
05-23 09:26:32.982 732 812 E AppOps : at com.android.server.am.ProcessList.startProcessLocked(ProcessList.java:1778)
05-23 09:26:32.982 732 812 E AppOps : at com.android.server.am.ProcessList.startProcessLocked(ProcessList.java:2484)
05-23 09:26:32.982 732 812 E AppOps : at com.android.server.am.ProcessList.startProcessLocked(ProcessList.java:2629)
05-23 09:26:32.982 732 812 E AppOps : at com.android.server.am.ActivityManagerService.startIsolatedProcess(ActivityManagerService.java:2949)
05-23 09:26:32.982 732 812 E AppOps : at com.android.server.am.ActivityManagerService$LocalService.startIsolatedProcess(ActivityManagerService.java:17521)
05-23 09:26:32.982 732 812 E AppOps : at android.webkit.WebViewLibraryLoader.createRelroFile(WebViewLibraryLoader.java:126)
05-23 09:26:32.982 732 812 E AppOps : at android.webkit.WebViewLibraryLoader.createRelros(WebViewLibraryLoader.java:164)
05-23 09:26:32.982 732 812 E AppOps : at android.webkit.WebViewLibraryLoader.prepareNativeLibraries(WebViewLibraryLoader.java:152)
05-23 09:26:32.982 732 812 E AppOps : at android.webkit.WebViewFactory.onWebViewProviderChanged(WebViewFactory.java:555)
05-23 09:26:32.982 732 812 E AppOps : at com.android.server.webkit.SystemImpl.onWebViewProviderChanged(SystemImpl.java:174)
05-23 09:26:32.982 732 812 E AppOps : at com.android.server.webkit.WebViewUpdateServiceImpl.onWebViewProviderChanged(WebViewUpdateServiceImpl.java:351)
05-23 09:26:32.982 732 812 E AppOps : at com.android.server.webkit.WebViewUpdateServiceImpl.prepareWebViewInSystemServer(WebViewUpdateServiceImpl.java:182)
05-23 09:26:32.982 732 812 E AppOps : at com.android.server.webkit.WebViewUpdateService.prepareWebViewInSystemServer(WebViewUpdateService.java:129)
05-23 09:26:32.982 732 812 E AppOps : at com.android.server.SystemServer.lambda$startOtherServices$4(SystemServer.java:2939)
05-23 09:26:32.982 732 812 E AppOps : at com.android.server.SystemServer.$r8$lambda$t1R-mpe1gQ3l_T3UqaEuPqwZT88(SystemServer.java:0)
05-23 09:26:32.982 732 812 E AppOps : at com.android.server.SystemServer$$ExternalSyntheticLambda7.run(R8$$SyntheticClass:0)
05-23 09:26:32.982 732 812 E AppOps : at com.android.server.SystemServerInitThreadPool.lambda$submitTask$0(SystemServerInitThreadPool.java:107)
05-23 09:26:32.982 732 812 E AppOps : at com.android.server.SystemServerInitThreadPool.$r8$lambda$iar571g8isa6ZrPZMHj1USmyX48(SystemServerInitThreadPool.java:0)
05-23 09:26:32.982 732 812 E AppOps : at com.android.server.SystemServerInitThreadPool$$ExternalSyntheticLambda1.run(R8$$SyntheticClass:0)
05-23 09:26:32.982 732 812 E AppOps : at java.util.concurrent.Executors$RunnableAdapter.call(Executors.java:487)
05-23 09:26:32.982 732 812 E AppOps : at java.util.concurrent.FutureTask.run(FutureTask.java:264)
05-23 09:26:32.982 732 812 E AppOps : at java.util.concurrent.ThreadPoolExecutor.runWorker(ThreadPoolExecutor.java:1145)
05-23 09:26:32.982 732 812 E AppOps : at java.util.concurrent.ThreadPoolExecutor$Worker.run(ThreadPoolExecutor.java:644)
05-23 09:26:32.982 732 812 E AppOps : at com.android.internal.util.ConcurrentUtils$1$1.run(ConcurrentUtils.java:65)
05-23 09:26:32.983 732 812 I ActivityManager: android is exempt from freezer
05-23 09:26:32.983 732 812 W ActivityManager: Slow operation: 54ms so far, now at startProcess: building args
05-23 09:26:32.983 732 812 D CompatibilityChangeReporter: Compat change id reported: 135634846; UID 1000; state: DISABLED
05-23 09:26:32.983 732 812 D CompatibilityChangeReporter: Compat change id reported: 177438394; UID 1000; state: DISABLED
05-23 09:26:32.984 732 812 D CompatibilityChangeReporter: Compat change id reported: 135772972; UID 1000; state: DISABLED
05-23 09:26:32.984 732 812 D CompatibilityChangeReporter: Compat change id reported: 178038272; UID 1000; state: DISABLED
05-23 09:26:32.984 732 812 W ActivityManager: Slow operation: 57ms so far, now at startProcess: done starting proc!
05-23 09:26:32.985 732 765 W ActivityManager: Slow operation: 56ms so far, now at startProcess: asking zygote to start proc
01-01 08:00:19.568 0 0 W : [2 T557 ..] >>> aml_send_msg()
01-01 08:00:19.568 0 0 W : [2 T947 ..] ipc_sdio_host_msgack_handler 000000008c49d5c8
01-01 08:00:19.569 0 0 W : [2 T947 ..] [aml_msgackind 2038] msg ack hostid=0xffffff8049275c00
01-01 08:00:19.569 0 0 W : [2 T947 ..] [cmd_mgr_llind 329] cmd tkn[17] flags:0008 result: -4 cmd: 105-MM_SUB_SET_CALI_REQ - reqcfm( 0-none)
01-01 08:00:19.571 0 0 W : [2 T947 ..] [cmd_complete 65] cmd tkn[17] flags:0000 result: -4 cmd: 105-MM_SUB_SET_CALI_REQ - reqcfm( 0-none)
05-23 09:26:32.996 732 812 V SystemServerTimingAsync: WebViewFactoryPreparation took to complete: 70ms
05-23 09:26:32.996 732 812 D SystemServerInitThreadPool: Finished executing WebViewFactoryPreparation
05-23 09:26:32.996 732 812 V SystemServerTimingAsync: InitThreadPoolExec:WebViewFactoryPreparation took to complete: 71ms
01-01 08:00:19.573 0 0 W : [2 T557 ..] [aml_config_cali_param 5907] set calibration parameter success
01-01 08:00:19.573 0 0 W : [2 T557 ..] [recy_dbg][aml_recy_flags_clr 63] clr flags(0x200), new flags(0x0)
01-01 08:00:19.575 0 0 W : [2 T557 ..] >>> aml_cfg80211_set_power_mgmt()
01-01 08:00:19.576 0 0 W : [2 T557 ..] [aml_send_me_set_ps_mode 2111] set power save mode:0
01-01 08:00:19.576 0 0 W : [2 T557 ..] >>> aml_send_msg()
05-23 09:26:33.006 732 765 W ActivityManager: Slow operation: 77ms so far, now at startProcess: returned from zygote!
05-23 09:26:33.007 732 765 W ActivityManager: Slow operation: 78ms so far, now at startProcess: done updating battery stats
05-23 09:26:33.007 732 765 W ActivityManager: Slow operation: 78ms so far, now at startProcess: building log message
05-23 09:26:33.007 732 765 I ActivityManager: Start proc 986:WebViewLoader-armeabi-v7a/1037 [android.webkit.WebViewLibraryLoader$RelroFileCreator] for
05-23 09:26:33.007 732 765 W ActivityManager: Slow operation: 78ms so far, now at startProcess: starting to update pids map
05-23 09:26:33.007 732 765 W ActivityManager: Slow operation: 78ms so far, now at startProcess: done updating pids map
01-01 08:00:19.590 0 0 W : [2 T947 ..] ipc_sdio_host_msgack_handler 000000001208b1d2
01-01 08:00:19.590 0 0 W : [2 T947 ..] [aml_msgackind 2038] msg ack hostid=0xffffff8049275480
01-01 08:00:19.591 0 0 W : [2 T947 ..] [cmd_mgr_llind 329] cmd tkn[18] flags:001a result: -4 cmd:5139-ME_SET_PS_MODE_REQ - reqcfm(5140-ME_SET_PS_MODE_CFM)
01-01 08:00:19.593 0 0 W : [2 T947 ..] [cmd_mgr_msgind 409] cmd tkn[18] flags:0012 result: -4 cmd:5139-ME_SET_PS_MODE_REQ - reqcfm(5140-ME_SET_PS_MODE_CFM)
01-01 08:00:19.595 0 0 W : [2 T947 ..] [cmd_complete 65] cmd tkn[18] flags:0002 result: -4 cmd:5139-ME_SET_PS_MODE_REQ - reqcfm(5140-ME_SET_PS_MODE_CFM)
05-23 09:26:33.019 497 557 I android.hardware.wifi-service.droidlogic: Adding interface handle for p2p0
05-23 09:26:33.019 497 557 I android.hardware.wifi-service.droidlogic: Adding interface handle for ap0
05-23 09:26:33.019 497 557 I android.hardware.wifi-service.droidlogic: Adding interface handle for wlan0
05-23 09:26:33.019 497 557 W android.hardware.wifi-service.droidlogic: No active wlan interfaces in use! Using default
05-23 09:26:33.019 497 557 E android.hardware.wifi-service.droidlogic: Failed to register radio mode change callback
05-23 09:26:33.019 497 557 W android.hardware.wifi-service.droidlogic: No active wlan interfaces in use! Using default
05-23 09:26:33.023 497 557 E android.hardware.wifi-service.droidlogic: Failed to get SupportedIfaceCombinations matrix from legacy HAL: NOT_SUPPORTED
05-23 09:26:33.023 497 557 I android.hardware.wifi-service.droidlogic: Configured chip in mode 3
05-23 09:26:33.024 497 557 W android.hardware.wifi-service.droidlogic: No active wlan interfaces in use! Using default
05-23 09:26:33.044 497 557 W android.hardware.wifi-service.droidlogic: No active wlan interfaces in use! Using default
05-23 09:26:33.044 732 732 V SystemServerTiming: MakeNetworkManagementServiceReady took to complete: 120ms
05-23 09:26:33.044 732 732 D SystemServerTiming: MakeConnectivityServiceReady
05-23 09:26:33.101 497 557 I android.hardware.wifi-service.droidlogic: Adding interface handle for p2p0
05-23 09:26:33.101 497 557 I android.hardware.wifi-service.droidlogic: Adding interface handle for ap0
05-23 09:26:33.101 497 557 I android.hardware.wifi-service.droidlogic: Adding interface handle for wlan0
05-23 09:26:33.102 497 557 E android.hardware.wifi-service.droidlogic: Failed to set DFS flag; DFS channels may be unavailable.
05-23 09:26:33.111 732 771 W BatteryExternalStatsWorker: error reading modem stats:ERROR_PHONE_NOT_AVAILABLE
05-23 09:26:33.114 732 745 D GameManagerService: User ID '0' does not have a Game Mode selected for package: 'android'
05-23 09:26:33.145 732 745 D CompatibilityChangeReporter: Compat change id reported: 168419799; UID 1000; state: DISABLED
05-23 09:26:33.146 732 745 D CompatibilityChangeReporter: Compat change id reported: 273564678; UID 1000; state: DISABLED
05-23 09:26:33.153 732 745 W ActivityManager: Slow operation: 87ms so far, now at attachApplicationLocked: immediately before bindApplication
05-23 09:26:33.154 732 745 W ActivityManager: Slow operation: 87ms so far, now at attachApplicationLocked: immediately after bindApplication
05-23 09:26:33.154 732 745 W ActivityManager: Slow operation: 87ms so far, now at attachApplicationLocked: after updateLruProcessLocked
05-23 09:26:33.155 732 745 W ActivityManager: Slow operation: 88ms so far, now at attachApplicationLocked: after updateOomAdjLocked
05-23 09:26:33.188 497 557 E android.hardware.wifi-service.droidlogic: Failed to get chip capabilities from legacy HAL: NOT_SUPPORTED
05-23 09:26:33.219 640 640 I wificond: createClientInterface: wiphy_index 0 iface_name wlan0
05-23 09:26:33.220 640 640 I wificond: create scanner for interface with index: 16
05-23 09:26:33.220 640 640 I wificond: subscribe scan result for interface with index: 16
05-23 09:26:33.221 640 640 I wificond: add channel type 0 support at wiphy index: 0
05-23 09:26:33.222 640 640 I wificond: add channel type 1 support at wiphy index: 0
