01-01 08:01:36.184 0 0 W : [2 T0 .s] [SP FRAME TX] arp req,vif_idx:0 sender:[1c:79:2d:20:62:97 192.168.3.167]receiver:[00:00:00:00:00:00 192.168.3.102]
01-01 08:01:36.186 0 0 W : [2 T0 .s] [SP FRAME TX] arp req,vif_idx:0 sender:[1c:79:2d:20:62:97 192.168.3.167]receiver:[00:00:00:00:00:00 192.168.3.97]
01-01 08:01:36.188 0 0 W : [2 T0 .s] [SP FRAME TX] arp req,vif_idx:0 sender:[1c:79:2d:20:62:97 192.168.3.167]receiver:[00:00:00:00:00:00 192.168.3.96]
01-01 08:01:36.189 0 0 W : [2 T0 .s] [SP FRAME TX] arp req,vif_idx:0 sender:[1c:79:2d:20:62:97 192.168.3.167]receiver:[00:00:00:00:00:00 192.168.3.93]
01-01 08:01:36.191 0 0 W : [2 T0 .s] [SP FRAME TX] arp req,vif_idx:0 sender:[1c:79:2d:20:62:97 192.168.3.167]receiver:[00:00:00:00:00:00 192.168.3.92]
01-01 08:01:36.192 0 0 W : [2 T0 .s] [SP FRAME TX] arp req,vif_idx:0 sender:[1c:79:2d:20:62:97 192.168.3.167]receiver:[00:00:00:00:00:00 192.168.3.89]
01-01 08:01:36.194 0 0 W : [2 T0 .s] [SP FRAME TX] arp req,vif_idx:0 sender:[1c:79:2d:20:62:97 192.168.3.167]receiver:[00:00:00:00:00:00 192.168.3.81]
01-01 08:01:36.195 0 0 W : [2 T0 .s] [SP FRAME TX] arp req,vif_idx:0 sender:[1c:79:2d:20:62:97 192.168.3.167]receiver:[00:00:00:00:00:00 192.168.3.80]
01-01 08:01:36.197 0 0 W : [2 T0 .s] [SP FRAME TX] arp req,vif_idx:0 sender:[1c:79:2d:20:62:97 192.168.3.167]receiver:[00:00:00:00:00:00 192.168.3.72]
01-01 08:01:36.200 0 0 W : [2 T2777 .s] [SP FRAME TX] arp req,vif_idx:0 sender:[1c:79:2d:20:62:97 192.168.3.167]receiver:[00:00:00:00:00:00 192.168.3.186]
01-01 08:01:36.201 0 0 W : [2 T2777 .s] [SP FRAME TX] arp req,vif_idx:0 sender:[1c:79:2d:20:62:97 192.168.3.167]receiver:[00:00:00:00:00:00 192.168.3.185]
01-01 08:01:36.202 0 0 W : [2 T2777 .s] [SP FRAME TX] arp req,vif_idx:0 sender:[1c:79:2d:20:62:97 192.168.3.167]receiver:[00:00:00:00:00:00 192.168.3.182]
01-01 08:01:36.204 0 0 W : [2 T2777 .s] [SP FRAME TX] arp req,vif_idx:0 sender:[1c:79:2d:20:62:97 192.168.3.167]receiver:[00:00:00:00:00:00 192.168.3.181]
01-01 08:01:36.205 0 0 W : [2 T2777 .s] [SP FRAME TX] arp req,vif_idx:0 sender:[1c:79:2d:20:62:97 192.168.3.167]receiver:[00:00:00:00:00:00 192.168.3.180]
01-01 08:01:36.207 0 0 W : [2 T2777 .s] [SP FRAME TX] arp req,vif_idx:0 sender:[1c:79:2d:20:62:97 192.168.3.167]receiver:[00:00:00:00:00:00 192.168.3.178]
01-01 08:01:36.209 0 0 W : [2 T2777 .s] [SP FRAME TX] arp req,vif_idx:0 sender:[1c:79:2d:20:62:97 192.168.3.167]receiver:[00:00:00:00:00:00 192.168.3.175]
01-01 08:01:36.210 0 0 W : [2 T2777 .s] [SP FRAME TX] arp req,vif_idx:0 sender:[1c:79:2d:20:62:97 192.168.3.167]receiver:[00:00:00:00:00:00 192.168.3.174]
01-01 08:01:36.212 0 0 W : [2 T2777 .s] [SP FRAME TX] arp req,vif_idx:0 sender:[1c:79:2d:20:62:97 192.168.3.167]receiver:[00:00:00:00:00:00 192.168.3.171]
01-01 08:01:36.213 0 0 W : [2 T2777 .s] [SP FRAME TX] arp req,vif_idx:0 sender:[1c:79:2d:20:62:97 192.168.3.167]receiver:[00:00:00:00:00:00 192.168.3.169]
01-01 08:01:36.215 0 0 W : [2 T2777 .s] [SP FRAME TX] arp req,vif_idx:0 sender:[1c:79:2d:20:62:97 192.168.3.167]receiver:[00:00:00:00:00:00 192.168.3.168]
01-01 08:01:36.216 0 0 W : [2 T2777 .s] [SP FRAME TX] arp req,vif_idx:0 sender:[1c:79:2d:20:62:97 192.168.3.167]receiver:[00:00:00:00:00:00 192.168.3.165]
01-01 08:01:36.218 0 0 W : [2 T2777 .s] [SP FRAME TX] arp req,vif_idx:0 sender:[1c:79:2d:20:62:97 192.168.3.167]receiver:[00:00:00:00:00:00 192.168.3.164]
01-01 08:01:36.220 0 0 W : [2 T2777 .s] [SP FRAME TX] arp req,vif_idx:0 sender:[1c:79:2d:20:62:97 192.168.3.167]receiver:[00:00:00:00:00:00 192.168.3.163]
01-01 08:01:36.221 0 0 W : [2 T2777 .s] [SP FRAME TX] arp req,vif_idx:0 sender:[1c:79:2d:20:62:97 192.168.3.167]receiver:[00:00:00:00:00:00 192.168.3.158]
01-01 08:01:36.223 0 0 W : [2 T2777 .s] [SP FRAME TX] arp req,vif_idx:0 sender:[1c:79:2d:20:62:97 192.168.3.167]receiver:[00:00:00:00:00:00 192.168.3.156]
01-01 08:01:36.224 0 0 W : [2 T2777 .s] [SP FRAME TX] arp req,vif_idx:0 sender:[1c:79:2d:20:62:97 192.168.3.167]receiver:[00:00:00:00:00:00 192.168.3.152]
01-01 08:01:36.226 0 0 W : [2 T2777 .s] [SP FRAME TX] arp req,vif_idx:0 sender:[1c:79:2d:20:62:97 192.168.3.167]receiver:[00:00:00:00:00:00 192.168.3.149]
01-01 08:01:36.227 0 0 W : [2 T2777 .s] [SP FRAME TX] arp req,vif_idx:0 sender:[1c:79:2d:20:62:97 192.168.3.167]receiver:[00:00:00:00:00:00 192.168.3.146]
01-01 08:01:36.232 0 0 W : [2 T2777 .s] [SP FRAME TX] arp req,vif_idx:0 sender:[1c:79:2d:20:62:97 192.168.3.167]receiver:[00:00:00:00:00:00 192.168.3.229]
01-01 08:01:36.233 0 0 W : [2 T2777 .s] [SP FRAME TX] arp req,vif_idx:0 sender:[1c:79:2d:20:62:97 192.168.3.167]receiver:[00:00:00:00:00:00 192.168.3.253]
01-01 08:01:36.234 0 0 W : [2 T2777 .s] [SP FRAME TX] arp req,vif_idx:0 sender:[1c:79:2d:20:62:97 192.168.3.167]receiver:[00:00:00:00:00:00 192.168.3.246]
01-01 08:01:36.236 0 0 W : [2 T2777 .s] [SP FRAME TX] arp req,vif_idx:0 sender:[1c:79:2d:20:62:97 192.168.3.167]receiver:[00:00:00:00:00:00 192.168.3.228]
01-01 08:01:36.237 0 0 W : [2 T2777 .s] [SP FRAME TX] arp req,vif_idx:0 sender:[1c:79:2d:20:62:97 192.168.3.167]receiver:[00:00:00:00:00:00 192.168.3.227]
01-01 08:01:36.239 0 0 W : [2 T2777 .s] [SP FRAME TX] arp req,vif_idx:0 sender:[1c:79:2d:20:62:97 192.168.3.167]receiver:[00:00:00:00:00:00 192.168.3.219]
01-01 08:01:36.241 0 0 W : [2 T2777 .s] [SP FRAME TX] arp req,vif_idx:0 sender:[1c:79:2d:20:62:97 192.168.3.167]receiver:[00:00:00:00:00:00 192.168.3.218]
01-01 08:01:36.242 0 0 W : [2 T2777 .s] [SP FRAME TX] arp req,vif_idx:0 sender:[1c:79:2d:20:62:97 192.168.3.167]receiver:[00:00:00:00:00:00 192.168.3.216]
01-01 08:01:36.244 0 0 W : [2 T2777 .s] [SP FRAME TX] arp req,vif_idx:0 sender:[1c:79:2d:20:62:97 192.168.3.167]receiver:[00:00:00:00:00:00 192.168.3.214]
01-01 08:01:36.245 0 0 W : [2 T2777 .s] [SP FRAME TX] arp req,vif_idx:0 sender:[1c:79:2d:20:62:97 192.168.3.167]receiver:[00:00:00:00:00:00 192.168.3.209]
01-01 08:01:36.247 0 0 W : [2 T2777 .s] [SP FRAME TX] arp req,vif_idx:0 sender:[1c:79:2d:20:62:97 192.168.3.167]receiver:[00:00:00:00:00:00 192.168.3.208]
01-01 08:01:36.248 0 0 W : [2 T2777 .s] [SP FRAME TX] arp req,vif_idx:0 sender:[1c:79:2d:20:62:97 192.168.3.167]receiver:[00:00:00:00:00:00 192.168.3.206]
01-01 08:01:36.250 0 0 W : [2 T2777 .s] [SP FRAME TX] arp req,vif_idx:0 sender:[1c:79:2d:20:62:97 192.168.3.167]receiver:[00:00:00:00:00:00 192.168.3.204]
01-01 08:01:36.252 0 0 W : [2 T2777 .s] [SP FRAME TX] arp req,vif_idx:0 sender:[1c:79:2d:20:62:97 192.168.3.167]receiver:[00:00:00:00:00:00 192.168.3.203]
01-01 08:01:36.253 0 0 W : [2 T2777 .s] [SP FRAME TX] arp req,vif_idx:0 sender:[1c:79:2d:20:62:97 192.168.3.167]receiver:[00:00:00:00:00:00 192.168.3.200]
01-01 08:01:36.255 0 0 W : [2 T2777 .s] [SP FRAME TX] arp req,vif_idx:0 sender:[1c:79:2d:20:62:97 192.168.3.167]receiver:[00:00:00:00:00:00 192.168.3.199]
01-01 08:01:36.256 0 0 W : [2 T2777 .s] [SP FRAME TX] arp req,vif_idx:0 sender:[1c:79:2d:20:62:97 192.168.3.167]receiver:[00:00:00:00:00:00 192.168.3.196]
01-01 08:01:36.258 0 0 W : [2 T2777 .s] [SP FRAME TX] arp req,vif_idx:0 sender:[1c:79:2d:20:62:97 192.168.3.167]receiver:[00:00:00:00:00:00 192.168.3.193]
01-01 08:01:36.259 0 0 W : [2 T2777 .s] [SP FRAME TX] arp req,vif_idx:0 sender:[1c:79:2d:20:62:97 192.168.3.167]receiver:[00:00:00:00:00:00 192.168.3.192]
01-01 08:01:36.261 0 0 W : [2 T2777 .s] [SP FRAME TX] arp req,vif_idx:0 sender:[1c:79:2d:20:62:97 192.168.3.167]receiver:[00:00:00:00:00:00 192.168.3.188]
01-01 08:01:36.264 0 0 W : [2 T0 .s] [SP FRAME TX] arp req,vif_idx:0 sender:[1c:79:2d:20:62:97 192.168.3.167]receiver:[00:00:00:00:00:00 192.168.3.251]
01-01 08:01:36.265 0 0 W : [2 T0 .s] [SP FRAME TX] arp req,vif_idx:0 sender:[1c:79:2d:20:62:97 192.168.3.167]receiver:[00:00:00:00:00:00 192.168.3.242]
01-01 08:01:36.266 0 0 W : [2 T0 .s] [SP FRAME TX] arp req,vif_idx:0 sender:[1c:79:2d:20:62:97 192.168.3.167]receiver:[00:00:00:00:00:00 192.168.3.241]
01-01 08:01:36.268 0 0 W : [2 T0 .s] [SP FRAME TX] arp req,vif_idx:0 sender:[1c:79:2d:20:62:97 192.168.3.167]receiver:[00:00:00:00:00:00 192.168.3.238]
01-01 08:01:36.269 0 0 W : [2 T0 .s] [SP FRAME TX] arp req,vif_idx:0 sender:[1c:79:2d:20:62:97 192.168.3.167]receiver:[00:00:00:00:00:00 192.168.3.235]
01-01 08:01:36.271 0 0 W : [2 T0 .s] [SP FRAME TX] arp req,vif_idx:0 sender:[1c:79:2d:20:62:97 192.168.3.167]receiver:[00:00:00:00:00:00 192.168.3.232]
01-01 08:01:36.273 0 0 W : [2 T0 .s] [SP FRAME TX] arp req,vif_idx:0 sender:[1c:79:2d:20:62:97 192.168.3.167]receiver:[00:00:00:00:00:00 192.168.3.231]
05-23 16:13:19.575 2915 2975 D TrafficStats: tagSocket(174) with statsTag=0xffffffff, statsUid=-1
05-23 16:13:19.856 2569 2570 D uninstall: isAllowStart last_delay 0, current_time 1747987999
05-23 16:13:19.856 2569 2570 I uninstall: enable_service com.ktcp.video/com.tencent.qqlivetv.keeplive.proc.DaemonService com.ktcp.video/(null)
05-23 16:13:19.857 2569 2570 D uninstall: enable_service waitpid
05-23 16:13:19.857 3105 3105 D uninstall: enable_service pid == 0
05-23 16:13:19.857 3105 3105 D uninstall: enable_service version >= 17 || version == 0 version == 34
05-23 16:13:19.901 2569 2570 I uninstall: watchdaemon process_name = com.ktcp.video:daemon has gone, start it
05-23 16:13:19.901 2569 2570 D uninstall: watchdaemon waitpid
05-23 16:13:19.901 3109 3109 D uninstall: watchdaemon pid == 0
05-23 16:13:19.901 3109 3109 D uninstall: watchdaemon version >= 17 || version == 0 version == 34
01-01 08:01:36.699 0 0 W : [1 T948 ..] [SP FRAME RX] arp rsp,vif_idx:0 sender:[4c:44:5b:65:15:71 192.168.3.139]receiver:[1c:79:2d:20:62:97 192.168.3.167]
01-01 08:01:36.704 0 0 W : [1 T948 ..] [SP FRAME RX] arp rsp,vif_idx:0 sender:[e8:4a:54:20:3c:49 192.168.3.253]receiver:[1c:79:2d:20:62:97 192.168.3.167]
05-23 16:13:19.969 2839 2839 E GuardService: killMyselfRunnable:
05-23 16:13:19.970 2839 2839 I crashsdk: android_os_Process_sendSignal. PID: 2839 SIG: 9
05-23 16:13:19.970 2839 2839 I crashsdk: onKillProcess. SIG: 9
05-23 16:13:19.972 2839 2839 I crashsdk: Kill PID: 2839 (com.dangbei.screencast:bg_guard) by pid: 2839 (com.dangbei.screencast:bg_guard) tid: 2839 (main)
05-23 16:13:19.972 2839 2839 I crashsdk: SIG: 9, fg: false, exiting: false, main process: false, time: 20250523161319
05-23 16:13:19.972 2839 2839 I crashsdk: State in disk: 'b'
05-23 16:13:19.972 2839 2839 I crashsdk: at android.os.Process.sendSignal(Native Method)
05-23 16:13:19.972 2839 2839 I crashsdk: at android.os.Process.killProcess(Process.java:1315)
05-23 16:13:19.972 2839 2839 I crashsdk: at com.dangbei.screencast.startup.GuardService$a.run(:2)
05-23 16:13:19.972 2839 2839 I crashsdk: at android.os.Handler.handleCallback(Handler.java:958)
05-23 16:13:19.972 2839 2839 I crashsdk: at android.os.Handler.dispatchMessage(Handler.java:99)
05-23 16:13:19.972 2839 2839 I crashsdk: at android.os.Looper.loopOnce(Looper.java:205)
05-23 16:13:19.972 2839 2839 I crashsdk: at android.os.Looper.loop(Looper.java:294)
05-23 16:13:19.972 2839 2839 I crashsdk: at android.app.ActivityThread.main(ActivityThread.java:8255)
05-23 16:13:19.972 2839 2839 I crashsdk: at java.lang.reflect.Method.invoke(Native Method)
05-23 16:13:19.972 2839 2839 I crashsdk: at com.android.internal.os.RuntimeInit$MethodAndArgsCaller.run(RuntimeInit.java:552)
05-23 16:13:19.972 2839 2839 I crashsdk: at com.android.internal.os.ZygoteInit.main(ZygoteInit.java:978)
05-23 16:13:19.972 2839 2839 I Process : Sending signal. PID: 2839 SIG: 9
05-23 16:13:20.004 2915 2954 W efs.send_log: tryFileLock sendlock sucess! processname: com.dangbei.screencast
05-23 16:13:20.005 732 2913 I ActivityManager: Process com.dangbei.screencast:bg_guard (pid 2839) has died: prcp FGS
05-23 16:13:20.005 472 472 I Zygote : Process 2839 exited due to signal 9 (Killed)
05-23 16:13:20.006 732 766 I libprocessgroup: Successfully killed process cgroup uid 10043 pid 2839 in 0ms
05-23 16:13:20.007 732 2913 W ForegroundServiceTypeLoggerModule: FGS stop call for: 10043 has no types!
01-01 08:01:37.000 0 0 W : [1 T0 .s] [SP FRAME TX] arp req,vif_idx:0 sender:[1c:79:2d:20:62:97 192.168.3.167]receiver:[00:00:00:00:00:00 192.168.3.16]
01-01 08:01:37.001 0 0 W : [1 T0 .s] [SP FRAME TX] arp req,vif_idx:0 sender:[1c:79:2d:20:62:97 192.168.3.167]receiver:[00:00:00:00:00:00 192.168.3.44]
01-01 08:01:37.002 0 0 W : [1 T0 .s] [SP FRAME TX] arp req,vif_idx:0 sender:[1c:79:2d:20:62:97 192.168.3.167]receiver:[00:00:00:00:00:00 192.168.3.50]
01-01 08:01:37.004 0 0 W : [1 T0 .s] [SP FRAME TX] arp req,vif_idx:0 sender:[1c:79:2d:20:62:97 192.168.3.167]receiver:[00:00:00:00:00:00 192.168.3.62]
01-01 08:01:37.005 0 0 W : [1 T0 .s] [SP FRAME TX] arp req,vif_idx:0 sender:[1c:79:2d:20:62:97 192.168.3.167]receiver:[00:00:00:00:00:00 192.168.3.74]
01-01 08:01:37.007 0 0 W : [1 T0 .s] [SP FRAME TX] arp req,vif_idx:0 sender:[1c:79:2d:20:62:97 192.168.3.167]receiver:[00:00:00:00:00:00 192.168.3.76]
01-01 08:01:37.009 0 0 W : [1 T0 .s] [SP FRAME TX] arp req,vif_idx:0 sender:[1c:79:2d:20:62:97 192.168.3.167]receiver:[00:00:00:00:00:00 192.168.3.108]
01-01 08:01:37.010 0 0 W : [1 T0 .s] [SP FRAME TX] arp req,vif_idx:0 sender:[1c:79:2d:20:62:97 192.168.3.167]receiver:[00:00:00:00:00:00 192.168.3.111]
01-01 08:01:37.012 0 0 W : [1 T0 .s] [SP FRAME TX] arp req,vif_idx:0 sender:[1c:79:2d:20:62:97 192.168.3.167]receiver:[00:00:00:00:00:00 192.168.3.122]
01-01 08:01:37.032 0 0 W : [1 T0 .s] [SP FRAME TX] arp req,vif_idx:0 sender:[1c:79:2d:20:62:97 192.168.3.167]receiver:[00:00:00:00:00:00 192.168.3.145]
01-01 08:01:37.033 0 0 W : [1 T0 .s] [SP FRAME TX] arp req,vif_idx:0 sender:[1c:79:2d:20:62:97 192.168.3.167]receiver:[00:00:00:00:00:00 192.168.3.155]
01-01 08:01:37.034 0 0 W : [1 T0 .s] [SP FRAME TX] arp req,vif_idx:0 sender:[1c:79:2d:20:62:97 192.168.3.167]receiver:[00:00:00:00:00:00 192.168.3.159]
01-01 08:01:37.036 0 0 W : [1 T0 .s] [SP FRAME TX] arp req,vif_idx:0 sender:[1c:79:2d:20:62:97 192.168.3.167]receiver:[00:00:00:00:00:00 192.168.3.160]
01-01 08:01:37.037 0 0 W : [1 T0 .s] [SP FRAME TX] arp req,vif_idx:0 sender:[1c:79:2d:20:62:97 192.168.3.167]receiver:[00:00:00:00:00:00 192.168.3.210]
01-01 08:01:37.039 0 0 W : [1 T0 .s] [SP FRAME TX] arp req,vif_idx:0 sender:[1c:79:2d:20:62:97 192.168.3.167]receiver:[00:00:00:00:00:00 192.168.3.217]
01-01 08:01:37.041 0 0 W : [1 T0 .s] [SP FRAME TX] arp req,vif_idx:0 sender:[1c:79:2d:20:62:97 192.168.3.167]receiver:[00:00:00:00:00:00 192.168.3.224]
01-01 08:01:37.132 0 0 W : [2 T0 .s] [SP FRAME TX] arp req,vif_idx:0 sender:[1c:79:2d:20:62:97 192.168.3.167]receiver:[00:00:00:00:00:00 192.168.3.2]
01-01 08:01:37.133 0 0 W : [2 T0 .s] [SP FRAME TX] arp req,vif_idx:0 sender:[1c:79:2d:20:62:97 192.168.3.167]receiver:[00:00:00:00:00:00 192.168.3.3]
01-01 08:01:37.134 0 0 W : [2 T0 .s] [SP FRAME TX] arp req,vif_idx:0 sender:[1c:79:2d:20:62:97 192.168.3.167]receiver:[00:00:00:00:00:00 192.168.3.4]
01-01 08:01:37.136 0 0 W : [2 T0 .s] [SP FRAME TX] arp req,vif_idx:0 sender:[1c:79:2d:20:62:97 192.168.3.167]receiver:[00:00:00:00:00:00 192.168.3.6]
01-01 08:01:37.137 0 0 W : [2 T0 .s] [SP FRAME TX] arp req,vif_idx:0 sender:[1c:79:2d:20:62:97 192.168.3.167]receiver:[00:00:00:00:00:00 192.168.3.7]
01-01 08:01:37.139 0 0 W : [2 T0 .s] [SP FRAME TX] arp req,vif_idx:0 sender:[1c:79:2d:20:62:97 192.168.3.167]receiver:[00:00:00:00:00:00 192.168.3.10]
01-01 08:01:37.141 0 0 W : [2 T0 .s] [SP FRAME TX] arp req,vif_idx:0 sender:[1c:79:2d:20:62:97 192.168.3.167]receiver:[00:00:00:00:00:00 192.168.3.14]
01-01 08:01:37.142 0 0 W : [2 T0 .s] [SP FRAME TX] arp req,vif_idx:0 sender:[1c:79:2d:20:62:97 192.168.3.167]receiver:[00:00:00:00:00:00 192.168.3.17]
01-01 08:01:37.144 0 0 W : [2 T0 .s] [SP FRAME TX] arp req,vif_idx:0 sender:[1c:79:2d:20:62:97 192.168.3.167]receiver:[00:00:00:00:00:00 192.168.3.21]
01-01 08:01:37.145 0 0 W : [2 T0 .s] [SP FRAME TX] arp req,vif_idx:0 sender:[1c:79:2d:20:62:97 192.168.3.167]receiver:[00:00:00:00:00:00 192.168.3.23]
01-01 08:01:37.147 0 0 W : [2 T0 .s] [SP FRAME TX] arp req,vif_idx:0 sender:[1c:79:2d:20:62:97 192.168.3.167]receiver:[00:00:00:00:00:00 192.168.3.24]
01-01 08:01:37.148 0 0 W : [2 T0 .s] [SP FRAME TX] arp req,vif_idx:0 sender:[1c:79:2d:20:62:97 192.168.3.167]receiver:[00:00:00:00:00:00 192.168.3.26]
01-01 08:01:37.153 0 0 W : [1 T948 ..] [SP FRAME RX] arp rsp,vif_idx:0 sender:[4c:44:5b:65:15:71 192.168.3.139]receiver:[1c:79:2d:20:62:97 192.168.3.167]
01-01 08:01:37.160 0 0 W : [2 T0 .s] [SP FRAME TX] arp req,vif_idx:0 sender:[1c:79:2d:20:62:97 192.168.3.167]receiver:[00:00:00:00:00:00 192.168.3.29]
01-01 08:01:37.161 0 0 W : [2 T0 .s] [SP FRAME TX] arp req,vif_idx:0 sender:[1c:79:2d:20:62:97 192.168.3.167]receiver:[00:00:00:00:00:00 192.168.3.30]
01-01 08:01:37.162 0 0 W : [2 T0 .s] [SP FRAME TX] arp req,vif_idx:0 sender:[1c:79:2d:20:62:97 192.168.3.167]receiver:[00:00:00:00:00:00 192.168.3.33]
01-01 08:01:37.164 0 0 W : [2 T0 .s] [SP FRAME TX] arp req,vif_idx:0 sender:[1c:79:2d:20:62:97 192.168.3.167]receiver:[00:00:00:00:00:00 192.168.3.34]
01-01 08:01:37.165 0 0 W : [2 T0 .s] [SP FRAME TX] arp req,vif_idx:0 sender:[1c:79:2d:20:62:97 192.168.3.167]receiver:[00:00:00:00:00:00 192.168.3.35]
01-01 08:01:37.167 0 0 W : [2 T0 .s] [SP FRAME TX] arp req,vif_idx:0 sender:[1c:79:2d:20:62:97 192.168.3.167]receiver:[00:00:00:00:00:00 192.168.3.36]
01-01 08:01:37.169 0 0 W : [2 T0 .s] [SP FRAME TX] arp req,vif_idx:0 sender:[1c:79:2d:20:62:97 192.168.3.167]receiver:[00:00:00:00:00:00 192.168.3.38]
01-01 08:01:37.170 0 0 W : [2 T0 .s] [SP FRAME TX] arp req,vif_idx:0 sender:[1c:79:2d:20:62:97 192.168.3.167]receiver:[00:00:00:00:00:00 192.168.3.49]
01-01 08:01:37.172 0 0 W : [2 T0 .s] [SP FRAME TX] arp req,vif_idx:0 sender:[1c:79:2d:20:62:97 192.168.3.167]receiver:[00:00:00:00:00:00 192.168.3.51]
01-01 08:01:37.173 0 0 W : [2 T0 .s] [SP FRAME TX] arp req,vif_idx:0 sender:[1c:79:2d:20:62:97 192.168.3.167]receiver:[00:00:00:00:00:00 192.168.3.54]
01-01 08:01:37.175 0 0 W : [2 T0 .s] [SP FRAME TX] arp req,vif_idx:0 sender:[1c:79:2d:20:62:97 192.168.3.167]receiver:[00:00:00:00:00:00 192.168.3.55]
01-01 08:01:37.176 0 0 W : [2 T0 .s] [SP FRAME TX] arp req,vif_idx:0 sender:[1c:79:2d:20:62:97 192.168.3.167]receiver:[00:00:00:00:00:00 192.168.3.61]
01-01 08:01:37.178 0 0 W : [2 T0 .s] [SP FRAME TX] arp req,vif_idx:0 sender:[1c:79:2d:20:62:97 192.168.3.167]receiver:[00:00:00:00:00:00 192.168.3.64]
01-01 08:01:37.179 0 0 W : [2 T0 .s] [SP FRAME TX] arp req,vif_idx:0 sender:[1c:79:2d:20:62:97 192.168.3.167]receiver:[00:00:00:00:00:00 192.168.3.67]
01-01 08:01:37.181 0 0 W : [2 T0 .s] [SP FRAME TX] arp req,vif_idx:0 sender:[1c:79:2d:20:62:97 192.168.3.167]receiver:[00:00:00:00:00:00 192.168.3.70]
01-01 08:01:37.182 0 0 W : [2 T0 .s] [SP FRAME TX] arp req,vif_idx:0 sender:[1c:79:2d:20:62:97 192.168.3.167]receiver:[00:00:00:00:00:00 192.168.3.71]
01-01 08:01:37.192 0 0 W : [2 T0 .s] [SP FRAME TX] arp req,vif_idx:0 sender:[1c:79:2d:20:62:97 192.168.3.167]receiver:[00:00:00:00:00:00 192.168.3.92]
01-01 08:01:37.193 0 0 W : [2 T0 .s] [SP FRAME TX] arp req,vif_idx:0 sender:[1c:79:2d:20:62:97 192.168.3.167]receiver:[00:00:00:00:00:00 192.168.3.93]
01-01 08:01:37.194 0 0 W : [2 T0 .s] [SP FRAME TX] arp req,vif_idx:0 sender:[1c:79:2d:20:62:97 192.168.3.167]receiver:[00:00:00:00:00:00 192.168.3.96]
01-01 08:01:37.196 0 0 W : [2 T0 .s] [SP FRAME TX] arp req,vif_idx:0 sender:[1c:79:2d:20:62:97 192.168.3.167]receiver:[00:00:00:00:00:00 192.168.3.97]
01-01 08:01:37.197 0 0 W : [2 T0 .s] [SP FRAME TX] arp req,vif_idx:0 sender:[1c:79:2d:20:62:97 192.168.3.167]receiver:[00:00:00:00:00:00 192.168.3.102]
01-01 08:01:37.199 0 0 W : [2 T0 .s] [SP FRAME TX] arp req,vif_idx:0 sender:[1c:79:2d:20:62:97 192.168.3.167]receiver:[00:00:00:00:00:00 192.168.3.107]
01-01 08:01:37.201 0 0 W : [2 T0 .s] [SP FRAME TX] arp req,vif_idx:0 sender:[1c:79:2d:20:62:97 192.168.3.167]receiver:[00:00:00:00:00:00 192.168.3.114]
01-01 08:01:37.202 0 0 W : [2 T0 .s] [SP FRAME TX] arp req,vif_idx:0 sender:[1c:79:2d:20:62:97 192.168.3.167]receiver:[00:00:00:00:00:00 192.168.3.119]
01-01 08:01:37.204 0 0 W : [2 T0 .s] [SP FRAME TX] arp req,vif_idx:0 sender:[1c:79:2d:20:62:97 192.168.3.167]receiver:[00:00:00:00:00:00 192.168.3.127]
01-01 08:01:37.205 0 0 W : [2 T0 .s] [SP FRAME TX] arp req,vif_idx:0 sender:[1c:79:2d:20:62:97 192.168.3.167]receiver:[00:00:00:00:00:00 192.168.3.129]
01-01 08:01:37.207 0 0 W : [2 T0 .s] [SP FRAME TX] arp req,vif_idx:0 sender:[1c:79:2d:20:62:97 192.168.3.167]receiver:[00:00:00:00:00:00 192.168.3.132]
01-01 08:01:37.208 0 0 W : [2 T0 .s] [SP FRAME TX] arp req,vif_idx:0 sender:[1c:79:2d:20:62:97 192.168.3.167]receiver:[00:00:00:00:00:00 192.168.3.133]
01-01 08:01:37.210 0 0 W : [2 T0 .s] [SP FRAME TX] arp req,vif_idx:0 sender:[1c:79:2d:20:62:97 192.168.3.167]receiver:[00:00:00:00:00:00 192.168.3.138]
01-01 08:01:37.211 0 0 W : [2 T0 .s] [SP FRAME TX] arp req,vif_idx:0 sender:[1c:79:2d:20:62:97 192.168.3.167]receiver:[00:00:00:00:00:00 192.168.3.141]
01-01 08:01:37.213 0 0 W : [2 T0 .s] [SP FRAME TX] arp req,vif_idx:0 sender:[1c:79:2d:20:62:97 192.168.3.167]receiver:[00:00:00:00:00:00 192.168.3.143]
01-01 08:01:37.215 0 0 W : [2 T0 .s] [SP FRAME TX] arp req,vif_idx:0 sender:[1c:79:2d:20:62:97 192.168.3.167]receiver:[00:00:00:00:00:00 192.168.3.144]
01-01 08:01:37.216 0 0 W : [2 T0 .s] [SP FRAME TX] arp req,vif_idx:0 sender:[1c:79:2d:20:62:97 192.168.3.167]receiver:[00:00:00:00:00:00 192.168.3.28]
01-01 08:01:37.224 0 0 W : [2 T0 .s] [SP FRAME TX] arp req,vif_idx:0 sender:[1c:79:2d:20:62:97 192.168.3.167]receiver:[00:00:00:00:00:00 192.168.3.156]
01-01 08:01:37.225 0 0 W : [2 T0 .s] [SP FRAME TX] arp req,vif_idx:0 sender:[1c:79:2d:20:62:97 192.168.3.167]receiver:[00:00:00:00:00:00 192.168.3.158]
01-01 08:01:37.226 0 0 W : [2 T0 .s] [SP FRAME TX] arp req,vif_idx:0 sender:[1c:79:2d:20:62:97 192.168.3.167]receiver:[00:00:00:00:00:00 192.168.3.163]
01-01 08:01:37.228 0 0 W : [2 T0 .s] [SP FRAME TX] arp req,vif_idx:0 sender:[1c:79:2d:20:62:97 192.168.3.167]receiver:[00:00:00:00:00:00 192.168.3.164]
01-01 08:01:37.229 0 0 W : [2 T0 .s] [SP FRAME TX] arp req,vif_idx:0 sender:[1c:79:2d:20:62:97 192.168.3.167]receiver:[00:00:00:00:00:00 192.168.3.165]
01-01 08:01:37.231 0 0 W : [2 T0 .s] [SP FRAME TX] arp req,vif_idx:0 sender:[1c:79:2d:20:62:97 192.168.3.167]receiver:[00:00:00:00:00:00 192.168.3.168]
01-01 08:01:37.233 0 0 W : [2 T0 .s] [SP FRAME TX] arp req,vif_idx:0 sender:[1c:79:2d:20:62:97 192.168.3.167]receiver:[00:00:00:00:00:00 192.168.3.169]
01-01 08:01:37.234 0 0 W : [2 T0 .s] [SP FRAME TX] arp req,vif_idx:0 sender:[1c:79:2d:20:62:97 192.168.3.167]receiver:[00:00:00:00:00:00 192.168.3.171]
01-01 08:01:37.236 0 0 W : [2 T0 .s] [SP FRAME TX] arp req,vif_idx:0 sender:[1c:79:2d:20:62:97 192.168.3.167]receiver:[00:00:00:00:00:00 192.168.3.174]
01-01 08:01:37.237 0 0 W : [2 T0 .s] [SP FRAME TX] arp req,vif_idx:0 sender:[1c:79:2d:20:62:97 192.168.3.167]receiver:[00:00:00:00:00:00 192.168.3.175]
01-01 08:01:37.239 0 0 W : [2 T0 .s] [SP FRAME TX] arp req,vif_idx:0 sender:[1c:79:2d:20:62:97 192.168.3.167]receiver:[00:00:00:00:00:00 192.168.3.178]
01-01 08:01:37.240 0 0 W : [2 T0 .s] [SP FRAME TX] arp req,vif_idx:0 sender:[1c:79:2d:20:62:97 192.168.3.167]receiver:[00:00:00:00:00:00 192.168.3.180]
01-01 08:01:37.242 0 0 W : [2 T0 .s] [SP FRAME TX] arp req,vif_idx:0 sender:[1c:79:2d:20:62:97 192.168.3.167]receiver:[00:00:00:00:00:00 192.168.3.181]
01-01 08:01:37.244 0 0 W : [2 T0 .s] [SP FRAME TX] arp req,vif_idx:0 sender:[1c:79:2d:20:62:97 192.168.3.167]receiver:[00:00:00:00:00:00 192.168.3.182]
01-01 08:01:37.245 0 0 W : [2 T0 .s] [SP FRAME TX] arp req,vif_idx:0 sender:[1c:79:2d:20:62:97 192.168.3.167]receiver:[00:00:00:00:00:00 192.168.3.185]
01-01 08:01:37.247 0 0 W : [2 T0 .s] [SP FRAME TX] arp req,vif_idx:0 sender:[1c:79:2d:20:62:97 192.168.3.167]receiver:[00:00:00:00:00:00 192.168.3.186]
01-01 08:01:37.248 0 0 W : [2 T0 .s] [SP FRAME TX] arp req,vif_idx:0 sender:[1c:79:2d:20:62:97 192.168.3.167]receiver:[00:00:00:00:00:00 192.168.3.72]
01-01 08:01:37.250 0 0 W : [2 T0 .s] [SP FRAME TX] arp req,vif_idx:0 sender:[1c:79:2d:20:62:97 192.168.3.167]receiver:[00:00:00:00:00:00 192.168.3.80]
01-01 08:01:37.251 0 0 W : [2 T0 .s] [SP FRAME TX] arp req,vif_idx:0 sender:[1c:79:2d:20:62:97 192.168.3.167]receiver:[00:00:00:00:00:00 192.168.3.81]
01-01 08:01:37.253 0 0 W : [2 T0 .s] [SP FRAME TX] arp req,vif_idx:0 sender:[1c:79:2d:20:62:97 192.168.3.167]receiver:[00:00:00:00:00:00 192.168.3.89]
01-01 08:01:37.256 0 0 W : [1 T0 .s] [SP FRAME TX] arp req,vif_idx:0 sender:[1c:79:2d:20:62:97 192.168.3.167]receiver:[00:00:00:00:00:00 192.168.3.246]
01-01 08:01:37.257 0 0 W : [1 T0 .s] [SP FRAME TX] arp req,vif_idx:0 sender:[1c:79:2d:20:62:97 192.168.3.167]receiver:[00:00:00:00:00:00 192.168.3.199]
01-01 08:01:37.258 0 0 W : [1 T0 .s] [SP FRAME TX] arp req,vif_idx:0 sender:[1c:79:2d:20:62:97 192.168.3.167]receiver:[00:00:00:00:00:00 192.168.3.200]
01-01 08:01:37.260 0 0 W : [1 T0 .s] [SP FRAME TX] arp req,vif_idx:0 sender:[1c:79:2d:20:62:97 192.168.3.167]receiver:[00:00:00:00:00:00 192.168.3.203]
01-01 08:01:37.261 0 0 W : [1 T0 .s] [SP FRAME TX] arp req,vif_idx:0 sender:[1c:79:2d:20:62:97 192.168.3.167]receiver:[00:00:00:00:00:00 192.168.3.204]
01-01 08:01:37.263 0 0 W : [1 T0 .s] [SP FRAME TX] arp req,vif_idx:0 sender:[1c:79:2d:20:62:97 192.168.3.167]receiver:[00:00:00:00:00:00 192.168.3.206]
01-01 08:01:37.265 0 0 W : [1 T0 .s] [SP FRAME TX] arp req,vif_idx:0 sender:[1c:79:2d:20:62:97 192.168.3.167]receiver:[00:00:00:00:00:00 192.168.3.208]
01-01 08:01:37.266 0 0 W : [1 T0 .s] [SP FRAME TX] arp req,vif_idx:0 sender:[1c:79:2d:20:62:97 192.168.3.167]receiver:[00:00:00:00:00:00 192.168.3.209]
01-01 08:01:37.268 0 0 W : [1 T0 .s] [SP FRAME TX] arp req,vif_idx:0 sender:[1c:79:2d:20:62:97 192.168.3.167]receiver:[00:00:00:00:00:00 192.168.3.214]
01-01 08:01:37.269 0 0 W : [1 T0 .s] [SP FRAME TX] arp req,vif_idx:0 sender:[1c:79:2d:20:62:97 192.168.3.167]receiver:[00:00:00:00:00:00 192.168.3.216]
01-01 08:01:37.271 0 0 W : [1 T0 .s] [SP FRAME TX] arp req,vif_idx:0 sender:[1c:79:2d:20:62:97 192.168.3.167]receiver:[00:00:00:00:00:00 192.168.3.218]
01-01 08:01:37.272 0 0 W : [1 T0 .s] [SP FRAME TX] arp req,vif_idx:0 sender:[1c:79:2d:20:62:97 192.168.3.167]receiver:[00:00:00:00:00:00 192.168.3.219]
01-01 08:01:37.274 0 0 W : [1 T0 .s] [SP FRAME TX] arp req,vif_idx:0 sender:[1c:79:2d:20:62:97 192.168.3.167]receiver:[00:00:00:00:00:00 192.168.3.227]
01-01 08:01:37.275 0 0 W : [1 T0 .s] [SP FRAME TX] arp req,vif_idx:0 sender:[1c:79:2d:20:62:97 192.168.3.167]receiver:[00:00:00:00:00:00 192.168.3.228]
01-01 08:01:37.277 0 0 W : [1 T0 .s] [SP FRAME TX] arp req,vif_idx:0 sender:[1c:79:2d:20:62:97 192.168.3.167]receiver:[00:00:00:00:00:00 192.168.3.229]
01-01 08:01:37.279 0 0 W : [1 T0 .s] [SP FRAME TX] arp req,vif_idx:0 sender:[1c:79:2d:20:62:97 192.168.3.167]receiver:[00:00:00:00:00:00 192.168.3.146]
01-01 08:01:37.280 0 0 W : [1 T0 .s] [SP FRAME TX] arp req,vif_idx:0 sender:[1c:79:2d:20:62:97 192.168.3.167]receiver:[00:00:00:00:00:00 192.168.3.149]
01-01 08:01:37.282 0 0 W : [1 T0 .s] [SP FRAME TX] arp req,vif_idx:0 sender:[1c:79:2d:20:62:97 192.168.3.167]receiver:[00:00:00:00:00:00 192.168.3.152]
01-01 08:01:37.288 0 0 W : [2 T0 .s] [SP FRAME TX] arp req,vif_idx:0 sender:[1c:79:2d:20:62:97 192.168.3.167]receiver:[00:00:00:00:00:00 192.168.3.231]
01-01 08:01:37.289 0 0 W : [2 T0 .s] [SP FRAME TX] arp req,vif_idx:0 sender:[1c:79:2d:20:62:97 192.168.3.167]receiver:[00:00:00:00:00:00 192.168.3.232]
01-01 08:01:37.290 0 0 W : [2 T0 .s] [SP FRAME TX] arp req,vif_idx:0 sender:[1c:79:2d:20:62:97 192.168.3.167]receiver:[00:00:00:00:00:00 192.168.3.235]
01-01 08:01:37.292 0 0 W : [2 T0 .s] [SP FRAME TX] arp req,vif_idx:0 sender:[1c:79:2d:20:62:97 192.168.3.167]receiver:[00:00:00:00:00:00 192.168.3.238]
01-01 08:01:37.293 0 0 W : [2 T0 .s] [SP FRAME TX] arp req,vif_idx:0 sender:[1c:79:2d:20:62:97 192.168.3.167]receiver:[00:00:00:00:00:00 192.168.3.241]
01-01 08:01:37.295 0 0 W : [2 T0 .s] [SP FRAME TX] arp req,vif_idx:0 sender:[1c:79:2d:20:62:97 192.168.3.167]receiver:[00:00:00:00:00:00 192.168.3.242]
01-01 08:01:37.297 0 0 W : [2 T0 .s] [SP FRAME TX] arp req,vif_idx:0 sender:[1c:79:2d:20:62:97 192.168.3.167]receiver:[00:00:00:00:00:00 192.168.3.251]
01-01 08:01:37.298 0 0 W : [2 T0 .s] [SP FRAME TX] arp req,vif_idx:0 sender:[1c:79:2d:20:62:97 192.168.3.167]receiver:[00:00:00:00:00:00 192.168.3.188]
01-01 08:01:37.300 0 0 W : [2 T0 .s] [SP FRAME TX] arp req,vif_idx:0 sender:[1c:79:2d:20:62:97 192.168.3.167]receiver:[00:00:00:00:00:00 192.168.3.192]
01-01 08:01:37.301 0 0 W : [2 T0 .s] [SP FRAME TX] arp req,vif_idx:0 sender:[1c:79:2d:20:62:97 192.168.3.167]receiver:[00:00:00:00:00:00 192.168.3.193]
01-01 08:01:37.303 0 0 W : [2 T0 .s] [SP FRAME TX] arp req,vif_idx:0 sender:[1c:79:2d:20:62:97 192.168.3.167]receiver:[00:00:00:00:00:00 192.168.3.196]
01-01 08:01:37.421 0 0 W : [1 T948 ..] [SP FRAME RX] arp rsp,vif_idx:0 sender:[fc:e2:6c:07:50:41 192.168.3.108]receiver:[1c:79:2d:20:62:97 192.168.3.167]
05-23 16:13:20.852 732 829 D ActivityManager: freezing 1942 com.android.permissioncontroller
05-23 16:13:20.966 2915 2944 E crashsdk: Can not found process name start!
05-23 16:13:20.966 2915 2944 E crashsdk: Can not found process name start!
05-23 16:13:20.968 2915 2944 E crashsdk: Can not found process name start!
05-23 16:13:20.973 471 3114 I resolv : GetAddrInfoHandler::run: {100 100 100 983140 10043 0}
05-23 16:13:20.974 471 3115 I resolv : res_nmkquery: (QUERY, IN, A)
05-23 16:13:20.974 471 3115 I resolv : resolv_cache_lookup: FOUND IN CACHE entry=0xf3cc70f0
05-23 16:13:20.974 471 3115 I resolv : doQuery: rcode=0, ancount=6, return value=488
05-23 16:13:20.975 2915 2944 D TrafficStats: tagSocket(176) with statsTag=0xffffffff, statsUid=-1
05-23 16:13:21.019 497 557 I WifiHAL : call wifi_get_link_stats handler
05-23 16:13:21.019 497 557 I WifiHAL : Creating message to get link statistics; iface = 16
05-23 16:13:21.019 497 557 D WifiHAL : error code -95 mapped to -3
05-23 16:13:21.020 732 873 E WifiStaIfaceAidlImpl: getLinkLayerStats failed with service-specific exception: android.os.ServiceSpecificException: (code 4)
01-01 08:01:37.828 0 0 W : [1 T948 ..] [SP FRAME RX] arp rsp,vif_idx:0 sender:[fc:e2:6c:07:50:41 192.168.3.108]receiver:[1c:79:2d:20:62:97 192.168.3.167]
01-01 08:01:37.829 0 0 W : [1 T948 ..] [SP FRAME RX] arp rsp,vif_idx:0 sender:[fc:e2:6c:07:50:41 192.168.3.108]receiver:[1c:79:2d:20:62:97 192.168.3.167]
01-01 08:01:37.838 0 0 W : [1 T948 ..] [SP FRAME RX] arp rsp,vif_idx:0 sender:[fc:e2:6c:07:50:41 192.168.3.108]receiver:[1c:79:2d:20:62:97 192.168.3.167]
05-23 16:13:21.241 471 3117 I resolv : GetAddrInfoHandler::run: {100 100 100 983140 10043 0}
05-23 16:13:21.242 471 3118 I resolv : res_nmkquery: (QUERY, IN, A)
05-23 16:13:21.242 471 3118 I resolv : resolv_cache_lookup: FOUND IN CACHE entry=0xf3cc70f0
05-23 16:13:21.242 471 3118 I resolv : doQuery: rcode=0, ancount=6, return value=488
05-23 16:13:21.243 3039 3062 D TrafficStats: tagSocket(156) with statsTag=0xffffffff, statsUid=-1
01-01 08:01:38.024 0 0 W : [1 T0 .s] [SP FRAME TX] arp req,vif_idx:0 sender:[1c:79:2d:20:62:97 192.168.3.167]receiver:[00:00:00:00:00:00 192.168.3.122]
01-01 08:01:38.025 0 0 W : [1 T0 .s] [SP FRAME TX] arp req,vif_idx:0 sender:[1c:79:2d:20:62:97 192.168.3.167]receiver:[00:00:00:00:00:00 192.168.3.111]
01-01 08:01:38.026 0 0 W : [1 T0 .s] [SP FRAME TX] arp req,vif_idx:0 sender:[1c:79:2d:20:62:97 192.168.3.167]receiver:[00:00:00:00:00:00 192.168.3.76]
01-01 08:01:38.028 0 0 W : [1 T0 .s] [SP FRAME TX] arp req,vif_idx:0 sender:[1c:79:2d:20:62:97 192.168.3.167]receiver:[00:00:00:00:00:00 192.168.3.74]
01-01 08:01:38.029 0 0 W : [1 T0 .s] [SP FRAME TX] arp req,vif_idx:0 sender:[1c:79:2d:20:62:97 192.168.3.167]receiver:[00:00:00:00:00:00 192.168.3.62]
01-01 08:01:38.031 0 0 W : [1 T0 .s] [SP FRAME TX] arp req,vif_idx:0 sender:[1c:79:2d:20:62:97 192.168.3.167]receiver:[00:00:00:00:00:00 192.168.3.50]
01-01 08:01:38.033 0 0 W : [1 T0 .s] [SP FRAME TX] arp req,vif_idx:0 sender:[1c:79:2d:20:62:97 192.168.3.167]receiver:[00:00:00:00:00:00 192.168.3.44]
01-01 08:01:38.034 0 0 W : [1 T0 .s] [SP FRAME TX] arp req,vif_idx:0 sender:[1c:79:2d:20:62:97 192.168.3.167]receiver:[00:00:00:00:00:00 192.168.3.16]
01-01 08:01:38.056 0 0 W : [1 T0 .s] [SP FRAME TX] arp req,vif_idx:0 sender:[1c:79:2d:20:62:97 192.168.3.167]receiver:[00:00:00:00:00:00 192.168.3.224]
01-01 08:01:38.057 0 0 W : [1 T0 .s] [SP FRAME TX] arp req,vif_idx:0 sender:[1c:79:2d:20:62:97 192.168.3.167]receiver:[00:00:00:00:00:00 192.168.3.217]
01-01 08:01:38.058 0 0 W : [1 T0 .s] [SP FRAME TX] arp req,vif_idx:0 sender:[1c:79:2d:20:62:97 192.168.3.167]receiver:[00:00:00:00:00:00 192.168.3.210]
01-01 08:01:38.060 0 0 W : [1 T0 .s] [SP FRAME TX] arp req,vif_idx:0 sender:[1c:79:2d:20:62:97 192.168.3.167]receiver:[00:00:00:00:00:00 192.168.3.160]
01-01 08:01:38.062 0 0 W : [1 T0 .s] [SP FRAME TX] arp req,vif_idx:0 sender:[1c:79:2d:20:62:97 192.168.3.167]receiver:[00:00:00:00:00:00 192.168.3.159]
01-01 08:01:38.063 0 0 W : [1 T0 .s] [SP FRAME TX] arp req,vif_idx:0 sender:[1c:79:2d:20:62:97 192.168.3.167]receiver:[00:00:00:00:00:00 192.168.3.155]
01-01 08:01:38.065 0 0 W : [1 T0 .s] [SP FRAME TX] arp req,vif_idx:0 sender:[1c:79:2d:20:62:97 192.168.3.167]receiver:[00:00:00:00:00:00 192.168.3.145]
01-01 08:01:38.280 0 0 W : [1 T0 .s] [SP FRAME TX] arp req,vif_idx:0 sender:[1c:79:2d:20:62:97 192.168.3.167]receiver:[00:00:00:00:00:00 192.168.3.246]
05-23 16:13:21.575 2915 2972 D TrafficStats: tagSocket(175) with statsTag=0xffffffff, statsUid=-1
05-23 16:13:21.576 2915 2915 I MirrorHelper: type=1400 audit(0.0:952): avc: denied { read } for name="address" dev="sysfs" ino=22126 scontext=u:r:untrusted_app_27:s0:c43,c256,c512,c768 tcontext=u:object_r:sysfs_net:s0 tclass=file permissive=1 app=com.dangbei.screencast
05-23 16:13:21.576 2915 2915 I MirrorHelper: type=1400 audit(0.0:953): avc: denied { open } for path="/sys/devices/virtual/net/dummy0/address" dev="sysfs" ino=22126 scontext=u:r:untrusted_app_27:s0:c43,c256,c512,c768 tcontext=u:object_r:sysfs_net:s0 tclass=file permissive=1 app=com.dangbei.screencast
05-23 16:13:21.588 2915 2972 W System.err: java.lang.NullPointerException: Attempt to invoke virtual method 'byte[] java.net.NetworkInterface.getHardwareAddress()' on a null object reference
05-23 16:13:21.588 2915 2972 W System.err: at b.f.f.y.g.b(Unknown Source:11)
05-23 16:13:21.588 2915 2972 W System.err: at b.d.a.a.p.c0(Unknown Source:2)
05-23 16:13:21.588 2915 2972 W System.err: at b.f.f.o.f.c.a(Unknown Source:23)
05-23 16:13:21.588 2915 2972 W System.err: at b.f.f.d.b.c(:5)
05-23 16:13:21.588 2915 2972 W System.err: at b.f.f.n.d$a.handleMessage(:3)
05-23 16:13:21.588 2915 2972 W System.err: at android.os.Handler.dispatchMessage(Handler.java:106)
05-23 16:13:21.588 2915 2972 W System.err: at android.os.Looper.loopOnce(Looper.java:205)
05-23 16:13:21.588 2915 2972 W System.err: at android.os.Looper.loop(Looper.java:294)
05-23 16:13:21.588 2915 2972 W System.err: at android.os.HandlerThread.run(HandlerThread.java:67)
05-23 16:13:21.576 2915 2915 I MirrorHelper: type=1400 audit(0.0:954): avc: denied { getattr } for path="/sys/devices/virtual/net/dummy0/address" dev="sysfs" ino=22126 scontext=u:r:untrusted_app_27:s0:c43,c256,c512,c768 tcontext=u:object_r:sysfs_net:s0 tclass=file permissive=1 app=com.dangbei.screencast
05-23 16:13:21.594 483 688 I audio_hw_hal_alsamgr: alsa format =0x1 delay frames =640 total frames=4185600
05-23 16:13:21.596 2915 3119 I PlatformDependent: Your platform does not provide complete low-level API for accessing direct buffers reliably. Unless explicitly requested, heap buffer will always be preferred to avoid potential system instability.
05-23 16:13:21.611 2915 3119 D TrafficStats: tagSocket(215) with statsTag=0xffffffff, statsUid=-1
05-23 16:13:21.612 2915 2972 W AudioCapabilities: Unsupported mime audio/vnd.dts.hd;profile=lbr
05-23 16:13:21.613 2915 2972 W AudioCapabilities: Unsupported mime audio/ffmpeg
05-23 16:13:21.613 2915 2972 W AudioCapabilities: Unsupported mime audio/mpeg-L1
05-23 16:13:21.613 2915 2972 W AudioCapabilities: Unsupported mime audio/mpeg-L2
05-23 16:13:21.616 2915 2972 W VideoCapabilities: Unsupported mime video/avs
05-23 16:13:21.616 2915 2972 W VideoCapabilities: Unsupported mime video/avs2
05-23 16:13:21.618 2915 2972 W VideoCapabilities: Unsupported mime video/x-motion-jpeg
05-23 16:13:21.618 2915 2972 W VideoCapabilities: Unrecognized profile/level 0/4 for video/mpeg2
05-23 16:13:21.618 2915 2972 I VideoCapabilities: Unsupported profile 3 for video/mpeg2
05-23 16:13:21.618 2915 2972 I VideoCapabilities: Unsupported profile 4 for video/mpeg2
05-23 16:13:21.618 2915 2972 I VideoCapabilities: Unsupported profile 5 for video/mpeg2
01-01 08:01:38.385 0 0 W [3 T3119 ..] audit: audit_lost=160 audit_rate_limit=5 audit_backlog_limit=64
01-01 08:01:38.385 0 0 E [3 T3119 ..] audit: rate limit exceeded
05-23 16:13:21.618 2915 2972 W VideoCapabilities: Unrecognized profile/level 0/4 for video/mpeg2
05-23 16:13:21.618 2915 2972 I VideoCapabilities: Unsupported profile 3 for video/mpeg2
05-23 16:13:21.618 2915 2972 I VideoCapabilities: Unsupported profile 4 for video/mpeg2
05-23 16:13:21.618 2915 2972 I VideoCapabilities: Unsupported profile 5 for video/mpeg2
05-23 16:13:21.619 2915 2972 I VideoCapabilities: Unsupported profile 2 for video/mp4v-es
05-23 16:13:21.619 2915 2972 I VideoCapabilities: Unsupported profile 8 for video/mp4v-es
05-23 16:13:21.619 2915 2972 I VideoCapabilities: Unsupported profile 16 for video/mp4v-es
05-23 16:13:21.619 2915 2972 I VideoCapabilities: Unsupported profile 1024 for video/mp4v-es
05-23 16:13:21.619 2915 2972 W VideoCapabilities: Unsupported mime video/rm10
05-23 16:13:21.619 2915 2972 W VideoCapabilities: Unsupported mime video/rm20
05-23 16:13:21.619 2915 2972 W VideoCapabilities: Unsupported mime video/rm30
05-23 16:13:21.619 2915 2972 W VideoCapabilities: Unsupported mime video/rm40
05-23 16:13:21.620 2915 2972 W VideoCapabilities: Unsupported mime video/vc1
05-23 16:13:21.620 2915 2972 W VideoCapabilities: Unsupported mime video/vc1
05-23 16:13:21.620 2915 2972 W VideoCapabilities: Unsupported mime video/x-vnd.on2.vp6a
05-23 16:13:21.620 2915 2972 W VideoCapabilities: Unsupported mime video/x-vnd.on2.vp6f
05-23 16:13:21.621 2915 2972 W VideoCapabilities: Unsupported mime video/wmv1
05-23 16:13:21.616 2915 2915 I Thread-17: type=1400 audit(0.0:955): avc: denied { read } for name="somaxconn" dev="proc" ino=37950 scontext=u:r:untrusted_app_27:s0:c43,c256,c512,c768 tcontext=u:object_r:proc_net:s0 tclass=file permissive=1 app=com.dangbei.screencast
05-23 16:13:21.616 2915 2915 I Thread-17: type=1400 audit(0.0:956): avc: denied { open } for path="/proc/sys/net/core/somaxconn" dev="proc" ino=37950 scontext=u:r:untrusted_app_27:s0:c43,c256,c512,c768 tcontext=u:object_r:proc_net:s0 tclass=file permissive=1 app=com.dangbei.screencast
05-23 16:13:21.622 2915 2972 W VideoCapabilities: Unsupported mime video/wmv2
05-23 16:13:21.622 2915 2972 W VideoCapabilities: Unsupported mime video/wmv3
05-23 16:13:21.632 732 884 I serviceDiscovery: [MdnsAdvertiser] Adding service name: 当贝投屏K3, type: _airplay._tcp, hostAddresses: , port: 40145, network: null, txtRecord: srcvers=220.68features=0x527FFFF7,0x1E'pi=2e388006-13ba-4041-9a67-25dd4a43d536Cpk=b07727d6f6cd6e08b58ede525ec3cdeaa252ad9f683feb212ef8a205246554e7vv=2 flags=0x4model=AppleTV2,1deviceid=1c:79:2d:20:62:97 with ID 9 and subtype null
05-23 16:13:21.642 732 884 I serviceDiscovery: [MdnsAdvertiser] Adding service name: 1c792d206297@当贝投屏K3, type: _raop._tcp, hostAddresses: , port: 40861, network: null, txtRecord: txtvers=1 am=AppleTV2,1ch=2
05-23 16:13:21.642 732 884 I serviceDiscovery: cn=0,1,2,3da=trueet=0,3,5ft=0x527FFFF7,0x1Emd=0,1,2Cpk=b07727d6f6cd6e08b58ede525ec3cdeaa252ad9f683feb212ef8a205246554e7pw=falsesf=0x4sr=44100ss=16sv=falsetp=UDPvn=65537 vs=220.68vv=2 rhd=5.6.0.0 with ID 10 and subtype null
05-23 16:13:22.086 2915 2975 W System.err: java.lang.NullPointerException: Attempt to invoke virtual method 'byte[] java.net.NetworkInterface.getHardwareAddress()' on a null object reference
05-23 16:13:22.086 2915 2975 W System.err: at b.f.f.y.g.b(Unknown Source:11)
05-23 16:13:22.086 2915 2975 W System.err: at b.d.a.a.p.c0(Unknown Source:2)
05-23 16:13:22.086 2915 2975 W System.err: at b.f.f.o.f.c.a(Unknown Source:23)
05-23 16:13:22.086 2915 2975 W System.err: at b.f.f.t.d.c(:1)
05-23 16:13:22.086 2915 2975 W System.err: at b.f.f.n.d$a.handleMessage(:3)
05-23 16:13:22.086 2915 2975 W System.err: at android.os.Handler.dispatchMessage(Handler.java:106)
05-23 16:13:22.086 2915 2975 W System.err: at android.os.Looper.loopOnce(Looper.java:205)
05-23 16:13:22.086 2915 2975 W System.err: at android.os.Looper.loop(Looper.java:294)
05-23 16:13:22.086 2915 2975 W System.err: at android.os.HandlerThread.run(HandlerThread.java:67)
05-23 16:13:22.099 732 884 I serviceDiscovery: [MdnsAdvertiser] Adding service name: 当贝投屏K3, type: _db_cast_screen._tcp, hostAddresses: , port: 33291, network: null, txtRecord: au=1cV=20830mV=100h265=0maxR=4096-4096model=DBBOX-A3deviceid=1c:79:2d:20:62:97 with ID 11 and subtype null
05-23 16:13:22.099 732 884 E MdnsAdvertiser: Name conflict adding services that should have unique names
05-23 16:13:22.099 732 884 E MdnsAdvertiser: android.net.connectivity.com.android.server.connectivity.mdns.NameConflictException
05-23 16:13:22.099 732 884 E MdnsAdvertiser: at android.net.connectivity.com.android.server.connectivity.mdns.MdnsRecordRepository.addService(MdnsRecordRepository.java:314)
05-23 16:13:22.099 732 884 E MdnsAdvertiser: at android.net.connectivity.com.android.server.connectivity.mdns.MdnsInterfaceAdvertiser.addService(MdnsInterfaceAdvertiser.java:217)
05-23 16:13:22.099 732 884 E MdnsAdvertiser: at android.net.connectivity.com.android.server.connectivity.mdns.MdnsAdvertiser$InterfaceAdvertiserRequest.addService(MdnsAdvertiser.java:273)
05-23 16:13:22.099 732 884 E MdnsAdvertiser: at android.net.connectivity.com.android.server.connectivity.mdns.MdnsAdvertiser.addService(MdnsAdvertiser.java:488)
05-23 16:13:22.099 732 884 E MdnsAdvertiser: at android.net.connectivity.com.android.server.NsdService$NsdStateMachine$EnabledState.processMessage(NsdService.java:730)
05-23 16:13:22.099 732 884 E MdnsAdvertiser: at android.net.connectivity.com.android.internal.util.StateMachine$SmHandler.processMsg(StateMachine.java:993)
05-23 16:13:22.099 732 884 E MdnsAdvertiser: at android.net.connectivity.com.android.internal.util.StateMachine$SmHandler.handleMessage(StateMachine.java:810)
05-23 16:13:22.099 732 884 E MdnsAdvertiser: at android.os.Handler.dispatchMessage(Handler.java:106)
05-23 16:13:22.099 732 884 E MdnsAdvertiser: at android.os.Looper.loopOnce(Looper.java:205)
05-23 16:13:22.099 732 884 E MdnsAdvertiser: at android.os.Looper.loop(Looper.java:294)
05-23 16:13:22.099 732 884 E MdnsAdvertiser: at android.os.HandlerThread.run(HandlerThread.java:67)
01-01 08:01:39.048 0 0 W : [1 T0 .s] [SP FRAME TX] arp req,vif_idx:0 sender:[1c:79:2d:20:62:97 192.168.3.167]receiver:[00:00:00:00:00:00 192.168.3.16]
01-01 08:01:39.049 0 0 W : [1 T0 .s] [SP FRAME TX] arp req,vif_idx:0 sender:[1c:79:2d:20:62:97 192.168.3.167]receiver:[00:00:00:00:00:00 192.168.3.44]
01-01 08:01:39.050 0 0 W : [1 T0 .s] [SP FRAME TX] arp req,vif_idx:0 sender:[1c:79:2d:20:62:97 192.168.3.167]receiver:[00:00:00:00:00:00 192.168.3.50]
01-01 08:01:39.052 0 0 W : [1 T0 .s] [SP FRAME TX] arp req,vif_idx:0 sender:[1c:79:2d:20:62:97 192.168.3.167]receiver:[00:00:00:00:00:00 192.168.3.62]
01-01 08:01:39.053 0 0 W : [1 T0 .s] [SP FRAME TX] arp req,vif_idx:0 sender:[1c:79:2d:20:62:97 192.168.3.167]receiver:[00:00:00:00:00:00 192.168.3.74]
01-01 08:01:39.055 0 0 W : [1 T0 .s] [SP FRAME TX] arp req,vif_idx:0 sender:[1c:79:2d:20:62:97 192.168.3.167]receiver:[00:00:00:00:00:00 192.168.3.76]
01-01 08:01:39.057 0 0 W : [1 T0 .s] [SP FRAME TX] arp req,vif_idx:0 sender:[1c:79:2d:20:62:97 192.168.3.167]receiver:[00:00:00:00:00:00 192.168.3.111]
01-01 08:01:39.058 0 0 W : [1 T0 .s] [SP FRAME TX] arp req,vif_idx:0 sender:[1c:79:2d:20:62:97 192.168.3.167]receiver:[00:00:00:00:00:00 192.168.3.122]
01-01 08:01:39.080 0 0 W : [1 T0 .s] [SP FRAME TX] arp req,vif_idx:0 sender:[1c:79:2d:20:62:97 192.168.3.167]receiver:[00:00:00:00:00:00 192.168.3.145]
01-01 08:01:39.081 0 0 W : [1 T0 .s] [SP FRAME TX] arp req,vif_idx:0 sender:[1c:79:2d:20:62:97 192.168.3.167]receiver:[00:00:00:00:00:00 192.168.3.155]
01-01 08:01:39.082 0 0 W : [1 T0 .s] [SP FRAME TX] arp req,vif_idx:0 sender:[1c:79:2d:20:62:97 192.168.3.167]receiver:[00:00:00:00:00:00 192.168.3.159]
01-01 08:01:39.084 0 0 W : [1 T0 .s] [SP FRAME TX] arp req,vif_idx:0 sender:[1c:79:2d:20:62:97 192.168.3.167]receiver:[00:00:00:00:00:00 192.168.3.160]
01-01 08:01:39.086 0 0 W : [1 T0 .s] [SP FRAME TX] arp req,vif_idx:0 sender:[1c:79:2d:20:62:97 192.168.3.167]receiver:[00:00:00:00:00:00 192.168.3.210]
01-01 08:01:39.087 0 0 W : [1 T0 .s] [SP FRAME TX] arp req,vif_idx:0 sender:[1c:79:2d:20:62:97 192.168.3.167]receiver:[00:00:00:00:00:00 192.168.3.217]
01-01 08:01:39.089 0 0 W : [1 T0 .s] [SP FRAME TX] arp req,vif_idx:0 sender:[1c:79:2d:20:62:97 192.168.3.167]receiver:[00:00:00:00:00:00 192.168.3.224]
05-23 16:13:22.401 732 884 I serviceDiscovery: [MdnsAdvertiser.wlan0] Probing finished for service 9
05-23 16:13:22.479 732 884 I serviceDiscovery: [MdnsAdvertiser.wlan0] Probing finished for service 10
01-01 08:01:39.304 0 0 W : [1 T275 .s] [SP FRAME TX] arp req,vif_idx:0 sender:[1c:79:2d:20:62:97 192.168.3.167]receiver:[00:00:00:00:00:00 192.168.3.246]
05-23 16:13:22.581 2915 2976 E accept : myIp:192.168.3.167
05-23 16:13:22.581 2915 2976 D TrafficStats: tagSocket(216) with statsTag=0xffffffff, statsUid=-1
05-23 16:13:22.584 2915 2976 E accept : connect error
05-23 16:13:22.590 2915 2976 I UpnpServiceImpl: >>> Starting UPnP service...
05-23 16:13:22.590 2915 2976 I UpnpServiceImpl: Using configuration: org.fourthline.cling.android.AndroidUpnpServiceConfiguration
05-23 16:13:22.593 2915 2976 I Router : Creating Router: org.fourthline.cling.android.AndroidRouter
05-23 16:13:22.594 2915 2976 W Router : enable lock:org.fourthline.cling.android.AndroidRouter@859a331_java.util.concurrent.locks.ReentrantReadWriteLock$WriteLock@6c99a16[Unlocked]
05-23 16:13:22.600 2915 2976 W tworkAddressFactoryImpl: Network interface may not be multicast capable: dummy0
05-23 16:13:22.603 2915 2976 I MulticastReceiver: Creating wildcard socket (for receiving multicast datagrams) on port: 1900
05-23 16:13:22.603 2915 2976 D TrafficStats: tagSocket(216) with statsTag=0xffffffff, statsUid=-1
05-23 16:13:22.604 2915 2976 I MulticastReceiver: Joining multicast group: /239.255.255.250:1900 on network interface: wlan0
05-23 16:13:22.617 2915 2976 E accept : Adding connector try: 192.168.3.167/192.168.3.167:33245
05-23 16:13:22.619 2915 2976 D TrafficStats: tagSocket(221) with statsTag=0xffffffff, statsUid=-1
05-23 16:13:22.619 2915 2976 E accept : Adding connector result: 192.168.3.167/192.168.3.167:33245
05-23 16:13:22.692 2915 2976 I JettyServletContainer: Registering UPnP servlet under context path: /upnp
05-23 16:13:22.696 2915 2976 I DatagramIO: Creating bound socket (for datagram input/output) on: 192.168.3.167/192.168.3.167
05-23 16:13:22.696 2915 2976 D TrafficStats: tagSocket(222) with statsTag=0xffffffff, statsUid=-1
05-23 16:13:22.697 2915 3125 E JettyServletContainer: gogogo
05-23 16:13:22.697 2915 3125 I JettyServletContainer: Starting Jetty server...
05-23 16:13:22.698 2915 3125 W System.err: 2025-05-23 16:13:22.697:INFO:lcaf.p:jetty-8.y.z-SNAPSHOT
05-23 16:13:22.700 2915 2976 I Router : WiFi multicast lock acquired
05-23 16:13:22.701 732 2913 I WifiService: acquireMulticastLock uid=10043
05-23 16:13:22.702 2915 2976 I Router : WiFi lock acquired
05-23 16:13:22.704 732 2913 I WifiService: acquireWifiLock uid=10043 lockMode=3
05-23 16:13:22.705 1023 1165 D IpClient.wlan0: set max DTIM multiplier to 1
05-23 16:13:22.706 497 557 I WifiHAL : wifi_set_latency_mode set to 1
01-01 08:01:39.474 0 0 W : [2 T1016 ..] >>> aml_cfg80211_set_power_mgmt()
01-01 08:01:39.475 0 0 W : [2 T1016 ..] [aml_send_me_set_ps_mode 2111] set power save mode:0
01-01 08:01:39.475 0 0 W : [2 T1016 ..] >>> aml_send_msg()
01-01 08:01:39.476 0 0 W : [3 T947 ..] ipc_sdio_host_msgack_handler 00000000ddd2c840
01-01 08:01:39.477 0 0 W : [3 T947 ..] [aml_msgackind 2038] msg ack hostid=0xffffff804dd2c880
01-01 08:01:39.478 0 0 W : [3 T947 ..] [cmd_mgr_llind 329] cmd tkn[34] flags:001a result: -4 cmd:5139-ME_SET_PS_MODE_REQ - reqcfm(5140-ME_SET_PS_MODE_CFM)
01-01 08:01:39.480 0 0 W : [3 T947 ..] [cmd_mgr_msgind 409] cmd tkn[34] flags:0012 result: -4 cmd:5139-ME_SET_PS_MODE_REQ - reqcfm(5140-ME_SET_PS_MODE_CFM)
01-01 08:01:39.481 0 0 W : [3 T947 ..] [cmd_complete 65] cmd tkn[34] flags:0002 result: -4 cmd:5139-ME_SET_PS_MODE_REQ - reqcfm(5140-ME_SET_PS_MODE_CFM)
05-23 16:13:22.716 497 557 D WifiHAL : Setting APF program, halHandle = 0xf4002170
05-23 16:13:22.716 497 557 I WifiHAL : createRequest: APF set program request
05-23 16:13:22.716 2915 2976 W Router : enable unlock:org.fourthline.cling.android.AndroidRouter@859a331
05-23 16:13:22.716 497 557 D WifiHAL : error code -95 mapped to -3
05-23 16:13:22.716 497 557 I WifiHAL : Request Response failed for APF, result = -3
05-23 16:13:22.717 732 873 E WifiStaIfaceAidlImpl: installApfPacketFilter failed with service-specific exception: android.os.ServiceSpecificException: (code 4)
05-23 16:13:22.717 2915 2976 I UpnpServiceImpl: <<< UPnP service started successfully
05-23 16:13:22.717 497 557 D WifiHAL : Setting DTIM config , halHandle = 0xf4002170 Multiplier = 1
05-23 16:13:22.717 497 557 I WifiHAL : Successfully configured dtim multiplier 1
05-23 16:13:22.717 497 557 D WifiHAL : error code -95 mapped to -3
05-23 16:13:22.718 732 873 E WifiStaIfaceAidlImpl: setDtimMultiplier failed with service-specific exception: android.os.ServiceSpecificException: (code 4)
05-23 16:13:22.742 2915 3125 W System.err: 2025-05-23 16:13:22.742:INFO:lcaf.a:Started @192.168.3.167:33245
