05-23 16:13:22.778 2915 2976 E g : channel :os
05-23 16:13:22.982 2915 2923 I gbei.screencast: Background concurrent copying GC freed 216575(12MB) AllocSpace objects, 81(3264KB) LOS objects, 49% free, 5607KB/10MB, paused 164us,64us total 114.111ms
05-23 16:13:23.006 2915 2958 I efs.base: lt=event`ev_ct=efs_core`ev_ac=log_lag`tm=2025-05-23 16:13:00`dn=58e2f914-936a-498c-881a-c510f75c9440`ps=com.dangbei.screencast`um_os=android`stime=1747987992836`pid=2915`fr=android`pkg=com.dangbei.screencast`vcode=20830`dsp_w=1920`uid=58e2f914-936a-498c-881a-c510f75c9440`rom=14`wid=58e2f914-936a-498c-881a-c510f75c9440`um_app_carrier=`um_access=wifi`um_app_channel=os`um_crash_sdk_version=1.4.0`ctime=1747988003`model=dbbox-a3`lang=zh`net=wifi`brand=amlogic`dsp_h=1080`um_network_type=0`ver=v2.8.3`cnt=1`build_model=DBBOX-A3`w_tm=1747988003`appid=5fc60c21094d637f3130af19`um_umid_header=ai7e8b08707ab0bdb10ad7055c78a87961`sdk=34`tzone=Asia/Shanghai`sdk_ver=1.3.6.umeng
05-23 16:13:23.009 471 3132 I resolv : GetAddrInfoHandler::run: {100 100 100 983140 10043 0}
05-23 16:13:23.010 471 3133 I resolv : res_nmkquery: (QUERY, IN, A)
05-23 16:13:23.010 471 3133 I resolv : resolv_cache_lookup: FOUND IN CACHE entry=0xf3cc70f0
05-23 16:13:23.010 471 3133 I resolv : doQuery: rcode=0, ancount=6, return value=488
05-23 16:13:23.012 2915 2956 D TrafficStats: tagSocket(6) with statsTag=0xffffffff, statsUid=-1
01-01 08:01:40.072 0 0 W : [1 T2139 .s] [SP FRAME TX] arp req,vif_idx:0 sender:[1c:79:2d:20:62:97 192.168.3.167]receiver:[00:00:00:00:00:00 192.168.3.122]
01-01 08:01:40.073 0 0 W : [1 T2139 .s] [SP FRAME TX] arp req,vif_idx:0 sender:[1c:79:2d:20:62:97 192.168.3.167]receiver:[00:00:00:00:00:00 192.168.3.111]
01-01 08:01:40.074 0 0 W : [1 T2139 .s] [SP FRAME TX] arp req,vif_idx:0 sender:[1c:79:2d:20:62:97 192.168.3.167]receiver:[00:00:00:00:00:00 192.168.3.76]
01-01 08:01:40.076 0 0 W : [1 T2139 .s] [SP FRAME TX] arp req,vif_idx:0 sender:[1c:79:2d:20:62:97 192.168.3.167]receiver:[00:00:00:00:00:00 192.168.3.74]
01-01 08:01:40.078 0 0 W : [1 T2139 .s] [SP FRAME TX] arp req,vif_idx:0 sender:[1c:79:2d:20:62:97 192.168.3.167]receiver:[00:00:00:00:00:00 192.168.3.62]
01-01 08:01:40.079 0 0 W : [1 T2139 .s] [SP FRAME TX] arp req,vif_idx:0 sender:[1c:79:2d:20:62:97 192.168.3.167]receiver:[00:00:00:00:00:00 192.168.3.50]
01-01 08:01:40.081 0 0 W : [1 T2139 .s] [SP FRAME TX] arp req,vif_idx:0 sender:[1c:79:2d:20:62:97 192.168.3.167]receiver:[00:00:00:00:00:00 192.168.3.44]
01-01 08:01:40.082 0 0 W : [1 T2139 .s] [SP FRAME TX] arp req,vif_idx:0 sender:[1c:79:2d:20:62:97 192.168.3.167]receiver:[00:00:00:00:00:00 192.168.3.16]
05-23 16:13:23.320 732 2913 W TelephonyPermissions: reportAccessDeniedToReadIdentifiers:com.dangbei.screencast:getSerial:-1
05-23 16:13:23.320 2267 2267 I rainbow_flow: type=1400 audit(0.0:958): avc: denied { ioctl } for path="/dev/spidev1.0" dev="tmpfs" ino=545 ioctlcmd=0x6b00 scontext=u:r:init:s0 tcontext=u:object_r:device:s0 tclass=chr_file permissive=1
01-01 08:01:40.104 0 0 W : [1 T2139 .s] [SP FRAME TX] arp req,vif_idx:0 sender:[1c:79:2d:20:62:97 192.168.3.167]receiver:[00:00:00:00:00:00 192.168.3.224]
01-01 08:01:40.105 0 0 W : [1 T2139 .s] [SP FRAME TX] arp req,vif_idx:0 sender:[1c:79:2d:20:62:97 192.168.3.167]receiver:[00:00:00:00:00:00 192.168.3.217]
01-01 08:01:40.106 0 0 W : [1 T2139 .s] [SP FRAME TX] arp req,vif_idx:0 sender:[1c:79:2d:20:62:97 192.168.3.167]receiver:[00:00:00:00:00:00 192.168.3.210]
01-01 08:01:40.108 0 0 W : [1 T2139 .s] [SP FRAME TX] arp req,vif_idx:0 sender:[1c:79:2d:20:62:97 192.168.3.167]receiver:[00:00:00:00:00:00 192.168.3.160]
01-01 08:01:40.109 0 0 W : [1 T2139 .s] [SP FRAME TX] arp req,vif_idx:0 sender:[1c:79:2d:20:62:97 192.168.3.167]receiver:[00:00:00:00:00:00 192.168.3.159]
01-01 08:01:40.111 0 0 W : [1 T2139 .s] [SP FRAME TX] arp req,vif_idx:0 sender:[1c:79:2d:20:62:97 192.168.3.167]receiver:[00:00:00:00:00:00 192.168.3.155]
01-01 08:01:40.113 0 0 W : [1 T2139 .s] [SP FRAME TX] arp req,vif_idx:0 sender:[1c:79:2d:20:62:97 192.168.3.167]receiver:[00:00:00:00:00:00 192.168.3.145]
05-23 16:13:23.358 3039 3088 V NFC : this device does not have NFC support
05-23 16:13:23.470 2915 2956 I efs.base: wa upload succ, HttpResponse {succ=true, code=200, data='暂不支持该服务', extra={req_url=https://errlog.umeng.com/api/crashsdk/logcollect}}
05-23 16:13:23.496 3138 3138 I ip : type=1400 audit(0.0:959): avc: denied { bind } for scontext=u:r:untrusted_app_27:s0:c43,c256,c512,c768 tcontext=u:r:untrusted_app_27:s0:c43,c256,c512,c768 tclass=netlink_route_socket permissive=1 app=com.dangbei.screencast
05-23 16:13:23.496 3138 3138 I ip : type=1400 audit(0.0:960): avc: denied { nlmsg_readpriv } for scontext=u:r:untrusted_app_27:s0:c43,c256,c512,c768 tcontext=u:r:untrusted_app_27:s0:c43,c256,c512,c768 tclass=netlink_route_socket permissive=1 app=com.dangbei.screencast
05-23 16:13:23.500 3138 3138 W ip : type=1400 audit(0.0:961): avc: granted { nlmsg_getneigh } for scontext=u:r:untrusted_app_27:s0:c43,c256,c512,c768 tcontext=u:r:untrusted_app_27:s0:c43,c256,c512,c768 tclass=netlink_route_socket app=com.dangbei.screencast
01-01 08:01:40.328 0 0 W : [1 T0 .s] [SP FRAME TX] arp req,vif_idx:0 sender:[1c:79:2d:20:62:97 192.168.3.167]receiver:[00:00:00:00:00:00 192.168.3.246]
05-23 16:13:23.715 471 3140 I resolv : GetAddrInfoHandler::run: {100 100 100 983140 10043 0}
05-23 16:13:23.716 471 3141 I resolv : res_nmkquery: (QUERY, IN, A)
05-23 16:13:23.716 471 3141 I resolv : resolv_cache_lookup: FOUND IN CACHE entry=0xf3cc1a50
05-23 16:13:23.716 471 3141 I resolv : doQuery: rcode=0, ancount=27, return value=507
05-23 16:13:23.719 3039 3079 D TrafficStats: tagSocket(162) with statsTag=0xffffffff, statsUid=-1
05-23 16:13:24.025 497 557 I WifiHAL : call wifi_get_link_stats handler
05-23 16:13:24.025 497 557 I WifiHAL : Creating message to get link statistics; iface = 16
05-23 16:13:24.025 497 557 D WifiHAL : error code -95 mapped to -3
05-23 16:13:24.026 732 873 E WifiStaIfaceAidlImpl: getLinkLayerStats failed with service-specific exception: android.os.ServiceSpecificException: (code 4)
01-01 08:01:41.096 0 0 W : [1 T0 .s] [SP FRAME TX] arp req,vif_idx:0 sender:[1c:79:2d:20:62:97 192.168.3.167]receiver:[00:00:00:00:00:00 192.168.3.16]
01-01 08:01:41.097 0 0 W : [1 T0 .s] [SP FRAME TX] arp req,vif_idx:0 sender:[1c:79:2d:20:62:97 192.168.3.167]receiver:[00:00:00:00:00:00 192.168.3.44]
01-01 08:01:41.098 0 0 W : [1 T0 .s] [SP FRAME TX] arp req,vif_idx:0 sender:[1c:79:2d:20:62:97 192.168.3.167]receiver:[00:00:00:00:00:00 192.168.3.50]
01-01 08:01:41.100 0 0 W : [1 T0 .s] [SP FRAME TX] arp req,vif_idx:0 sender:[1c:79:2d:20:62:97 192.168.3.167]receiver:[00:00:00:00:00:00 192.168.3.62]
01-01 08:01:41.101 0 0 W : [1 T0 .s] [SP FRAME TX] arp req,vif_idx:0 sender:[1c:79:2d:20:62:97 192.168.3.167]receiver:[00:00:00:00:00:00 192.168.3.74]
01-01 08:01:41.103 0 0 W : [1 T0 .s] [SP FRAME TX] arp req,vif_idx:0 sender:[1c:79:2d:20:62:97 192.168.3.167]receiver:[00:00:00:00:00:00 192.168.3.76]
01-01 08:01:41.105 0 0 W : [1 T0 .s] [SP FRAME TX] arp req,vif_idx:0 sender:[1c:79:2d:20:62:97 192.168.3.167]receiver:[00:00:00:00:00:00 192.168.3.111]
01-01 08:01:41.106 0 0 W : [1 T0 .s] [SP FRAME TX] arp req,vif_idx:0 sender:[1c:79:2d:20:62:97 192.168.3.167]receiver:[00:00:00:00:00:00 192.168.3.122]
01-01 08:01:41.132 0 0 W : [1 T8 .s] [SP FRAME TX] arp req,vif_idx:0 sender:[1c:79:2d:20:62:97 192.168.3.167]receiver:[00:00:00:00:00:00 192.168.3.145]
01-01 08:01:41.133 0 0 W : [1 T8 .s] [SP FRAME TX] arp req,vif_idx:0 sender:[1c:79:2d:20:62:97 192.168.3.167]receiver:[00:00:00:00:00:00 192.168.3.155]
01-01 08:01:41.134 0 0 W : [1 T8 .s] [SP FRAME TX] arp req,vif_idx:0 sender:[1c:79:2d:20:62:97 192.168.3.167]receiver:[00:00:00:00:00:00 192.168.3.159]
01-01 08:01:41.136 0 0 W : [1 T8 .s] [SP FRAME TX] arp req,vif_idx:0 sender:[1c:79:2d:20:62:97 192.168.3.167]receiver:[00:00:00:00:00:00 192.168.3.160]
01-01 08:01:41.138 0 0 W : [1 T8 .s] [SP FRAME TX] arp req,vif_idx:0 sender:[1c:79:2d:20:62:97 192.168.3.167]receiver:[00:00:00:00:00:00 192.168.3.210]
01-01 08:01:41.139 0 0 W : [1 T8 .s] [SP FRAME TX] arp req,vif_idx:0 sender:[1c:79:2d:20:62:97 192.168.3.167]receiver:[00:00:00:00:00:00 192.168.3.217]
01-01 08:01:41.141 0 0 W : [1 T8 .s] [SP FRAME TX] arp req,vif_idx:0 sender:[1c:79:2d:20:62:97 192.168.3.167]receiver:[00:00:00:00:00:00 192.168.3.224]
01-01 08:01:41.160 0 0 W : [2 T948 ..] [SP FRAME RX] arp rsp,vif_idx:0 sender:[e8:4a:54:14:69:48 192.168.3.50]receiver:[1c:79:2d:20:62:97 192.168.3.167]
01-01 08:01:41.352 0 0 W : [1 T0 .s] [SP FRAME TX] arp req,vif_idx:0 sender:[1c:79:2d:20:62:97 192.168.3.167]receiver:[00:00:00:00:00:00 192.168.3.246]
01-01 08:01:42.120 0 0 W : [1 T0 .s] [SP FRAME TX] arp req,vif_idx:0 sender:[1c:79:2d:20:62:97 192.168.3.167]receiver:[00:00:00:00:00:00 192.168.3.122]
01-01 08:01:42.121 0 0 W : [1 T0 .s] [SP FRAME TX] arp req,vif_idx:0 sender:[1c:79:2d:20:62:97 192.168.3.167]receiver:[00:00:00:00:00:00 192.168.3.111]
01-01 08:01:42.122 0 0 W : [1 T0 .s] [SP FRAME TX] arp req,vif_idx:0 sender:[1c:79:2d:20:62:97 192.168.3.167]receiver:[00:00:00:00:00:00 192.168.3.76]
01-01 08:01:42.124 0 0 W : [1 T0 .s] [SP FRAME TX] arp req,vif_idx:0 sender:[1c:79:2d:20:62:97 192.168.3.167]receiver:[00:00:00:00:00:00 192.168.3.74]
01-01 08:01:42.126 0 0 W : [1 T0 .s] [SP FRAME TX] arp req,vif_idx:0 sender:[1c:79:2d:20:62:97 192.168.3.167]receiver:[00:00:00:00:00:00 192.168.3.62]
01-01 08:01:42.127 0 0 W : [1 T0 .s] [SP FRAME TX] arp req,vif_idx:0 sender:[1c:79:2d:20:62:97 192.168.3.167]receiver:[00:00:00:00:00:00 192.168.3.44]
01-01 08:01:42.129 0 0 W : [1 T0 .s] [SP FRAME TX] arp req,vif_idx:0 sender:[1c:79:2d:20:62:97 192.168.3.167]receiver:[00:00:00:00:00:00 192.168.3.16]
01-01 08:01:42.152 0 0 W : [1 T1483 .s] [SP FRAME TX] arp req,vif_idx:0 sender:[1c:79:2d:20:62:97 192.168.3.167]receiver:[00:00:00:00:00:00 192.168.3.224]
01-01 08:01:42.153 0 0 W : [1 T1483 .s] [SP FRAME TX] arp req,vif_idx:0 sender:[1c:79:2d:20:62:97 192.168.3.167]receiver:[00:00:00:00:00:00 192.168.3.217]
01-01 08:01:42.154 0 0 W : [1 T1483 .s] [SP FRAME TX] arp req,vif_idx:0 sender:[1c:79:2d:20:62:97 192.168.3.167]receiver:[00:00:00:00:00:00 192.168.3.210]
01-01 08:01:42.156 0 0 W : [1 T1483 .s] [SP FRAME TX] arp req,vif_idx:0 sender:[1c:79:2d:20:62:97 192.168.3.167]receiver:[00:00:00:00:00:00 192.168.3.160]
01-01 08:01:42.158 0 0 W : [1 T1483 .s] [SP FRAME TX] arp req,vif_idx:0 sender:[1c:79:2d:20:62:97 192.168.3.167]receiver:[00:00:00:00:00:00 192.168.3.159]
01-01 08:01:42.159 0 0 W : [1 T1483 .s] [SP FRAME TX] arp req,vif_idx:0 sender:[1c:79:2d:20:62:97 192.168.3.167]receiver:[00:00:00:00:00:00 192.168.3.155]
01-01 08:01:42.161 0 0 W : [1 T1483 .s] [SP FRAME TX] arp req,vif_idx:0 sender:[1c:79:2d:20:62:97 192.168.3.167]receiver:[00:00:00:00:00:00 192.168.3.145]
01-01 08:01:42.376 0 0 W : [1 T1699 .s] [SP FRAME TX] arp req,vif_idx:0 sender:[1c:79:2d:20:62:97 192.168.3.167]receiver:[00:00:00:00:00:00 192.168.3.246]
01-01 08:01:42.442 0 0 W : [2 T948 ..] [SP FRAME RX] arp rsp,vif_idx:0 sender:[8a:21:f9:5a:4b:26 192.168.3.217]receiver:[1c:79:2d:20:62:97 192.168.3.167]
05-23 16:13:25.766 2915 3129 D TrafficStats: tagSocket(6) with statsTag=0xffffffff, statsUid=-1
05-23 16:13:25.775 2915 3129 D TrafficStats: tagSocket(225) with statsTag=0xffffffff, statsUid=-1
05-23 16:13:25.777 2915 3129 D TrafficStats: tagSocket(226) with statsTag=0xffffffff, statsUid=-1
05-23 16:13:25.777 2915 3129 D TrafficStats: tagSocket(227) with statsTag=0xffffffff, statsUid=-1
05-23 16:13:25.779 2915 3129 D TrafficStats: tagSocket(228) with statsTag=0xffffffff, statsUid=-1
05-23 16:13:25.783 2915 3129 D TrafficStats: tagSocket(229) with statsTag=0xffffffff, statsUid=-1
05-23 16:13:25.786 2915 3129 D TrafficStats: tagSocket(230) with statsTag=0xffffffff, statsUid=-1
05-23 16:13:25.794 2915 3129 D TrafficStats: tagSocket(231) with statsTag=0xffffffff, statsUid=-1
05-23 16:13:25.797 2915 3129 D TrafficStats: tagSocket(232) with statsTag=0xffffffff, statsUid=-1
05-23 16:13:25.805 2915 3129 D TrafficStats: tagSocket(233) with statsTag=0xffffffff, statsUid=-1
05-23 16:13:25.881 2915 3129 D TrafficStats: tagSocket(234) with statsTag=0xffffffff, statsUid=-1
05-23 16:13:25.882 2915 3129 D TrafficStats: tagSocket(235) with statsTag=0xffffffff, statsUid=-1
01-01 08:01:42.660 0 0 W : [2 T948 ..] [SP FRAME RX] arp rsp,vif_idx:0 sender:[8a:21:f9:5a:4b:26 192.168.3.217]receiver:[1c:79:2d:20:62:97 192.168.3.167]
05-23 16:13:26.010 2915 3154 W ServiceDescriptorBinder: UPnP specification violation: Not producing element to be compatible with WMP12: (ActionArgument, OUT) Actions
05-23 16:13:26.193 2915 3154 W ServiceDescriptorBinder: UPnP specification violation: Not producing element to be compatible with WMP12: (ActionArgument, OUT) CurrentMute
05-23 16:13:26.193 2915 3154 W ServiceDescriptorBinder: UPnP specification violation: Not producing element to be compatible with WMP12: (ActionArgument, OUT) CurrentVolume
05-23 16:13:26.193 2915 3154 W ServiceDescriptorBinder: UPnP specification violation: Not producing element to be compatible with WMP12: (ActionArgument, OUT) CurrentPresetNameList
05-23 16:13:26.193 2915 3154 W ServiceDescriptorBinder: UPnP specification violation: Not producing element to be compatible with WMP12: (ActionArgument, OUT) CurrentLoudness
05-23 16:13:26.193 2915 3154 W ServiceDescriptorBinder: UPnP specification violation: Not producing element to be compatible with WMP12: (ActionArgument, OUT) CurrentVolume
05-23 16:13:26.353 471 2169 I netd : tetherGetStats() -> {[]} <1.86ms>
05-23 16:13:26.370 471 2169 I netd : bandwidthSetGlobalAlert(2097152) <0.53ms>
01-01 08:01:43.144 0 0 W : [1 T0 .s] [SP FRAME TX] arp req,vif_idx:0 sender:[1c:79:2d:20:62:97 192.168.3.167]receiver:[00:00:00:00:00:00 192.168.3.16]
01-01 08:01:43.145 0 0 W : [1 T0 .s] [SP FRAME TX] arp req,vif_idx:0 sender:[1c:79:2d:20:62:97 192.168.3.167]receiver:[00:00:00:00:00:00 192.168.3.44]
01-01 08:01:43.146 0 0 W : [1 T0 .s] [SP FRAME TX] arp req,vif_idx:0 sender:[1c:79:2d:20:62:97 192.168.3.167]receiver:[00:00:00:00:00:00 192.168.3.62]
01-01 08:01:43.148 0 0 W : [1 T0 .s] [SP FRAME TX] arp req,vif_idx:0 sender:[1c:79:2d:20:62:97 192.168.3.167]receiver:[00:00:00:00:00:00 192.168.3.74]
01-01 08:01:43.150 0 0 W : [1 T0 .s] [SP FRAME TX] arp req,vif_idx:0 sender:[1c:79:2d:20:62:97 192.168.3.167]receiver:[00:00:00:00:00:00 192.168.3.76]
01-01 08:01:43.151 0 0 W : [1 T0 .s] [SP FRAME TX] arp req,vif_idx:0 sender:[1c:79:2d:20:62:97 192.168.3.167]receiver:[00:00:00:00:00:00 192.168.3.111]
01-01 08:01:43.153 0 0 W : [1 T0 .s] [SP FRAME TX] arp req,vif_idx:0 sender:[1c:79:2d:20:62:97 192.168.3.167]receiver:[00:00:00:00:00:00 192.168.3.122]
01-01 08:01:43.176 0 0 W : [1 T0 .s] [SP FRAME TX] arp req,vif_idx:0 sender:[1c:79:2d:20:62:97 192.168.3.167]receiver:[00:00:00:00:00:00 192.168.3.145]
01-01 08:01:43.177 0 0 W : [1 T0 .s] [SP FRAME TX] arp req,vif_idx:0 sender:[1c:79:2d:20:62:97 192.168.3.167]receiver:[00:00:00:00:00:00 192.168.3.155]
01-01 08:01:43.178 0 0 W : [1 T0 .s] [SP FRAME TX] arp req,vif_idx:0 sender:[1c:79:2d:20:62:97 192.168.3.167]receiver:[00:00:00:00:00:00 192.168.3.159]
01-01 08:01:43.180 0 0 W : [1 T0 .s] [SP FRAME TX] arp req,vif_idx:0 sender:[1c:79:2d:20:62:97 192.168.3.167]receiver:[00:00:00:00:00:00 192.168.3.160]
01-01 08:01:43.182 0 0 W : [1 T0 .s] [SP FRAME TX] arp req,vif_idx:0 sender:[1c:79:2d:20:62:97 192.168.3.167]receiver:[00:00:00:00:00:00 192.168.3.210]
01-01 08:01:43.183 0 0 W : [1 T0 .s] [SP FRAME TX] arp req,vif_idx:0 sender:[1c:79:2d:20:62:97 192.168.3.167]receiver:[00:00:00:00:00:00 192.168.3.224]
01-01 08:01:43.400 0 0 W : [1 T0 .s] [SP FRAME TX] arp req,vif_idx:0 sender:[1c:79:2d:20:62:97 192.168.3.167]receiver:[00:00:00:00:00:00 192.168.3.246]
05-23 16:13:26.733 492 503 D hdmicecd: [CEC]:printCecMsgBuf, msg: 04 8f
05-23 16:13:26.728 1962 1962 I xm_hidread: type=1400 audit(0.0:962): avc: denied { read } for scontext=u:r:init:s0 tcontext=u:r:init:s0 tclass=netlink_kobject_uevent_socket permissive=1
05-23 16:13:26.734 732 732 D HDMI : [R]: 04:8F
05-23 16:13:26.735 732 910 D HDMI : [S]: 40:90:00
05-23 16:13:27.032 497 557 I WifiHAL : call wifi_get_link_stats handler
05-23 16:13:27.032 497 557 I WifiHAL : Creating message to get link statistics; iface = 16
05-23 16:13:27.033 497 557 D WifiHAL : error code -95 mapped to -3
05-23 16:13:27.033 732 873 E WifiStaIfaceAidlImpl: getLinkLayerStats failed with service-specific exception: android.os.ServiceSpecificException: (code 4)
05-23 16:13:27.046 492 502 D hdmicecd: [CEC]:printCecMessage, [4 -> 0] len: 2, body: 90 00, result:success
05-23 16:13:27.046 492 502 E IPCThreadState: binder thread pool (1 threads) starved for 311 ms
01-01 08:01:43.869 0 0 W : [2 T948 ..] [SP FRAME RX] arp rsp,vif_idx:0 sender:[28:48:e7:f0:76:bd 192.168.3.210]receiver:[1c:79:2d:20:62:97 192.168.3.167]
01-01 08:01:43.870 0 0 W : [2 T948 ..] [SP FRAME RX] arp rsp,vif_idx:0 sender:[28:48:e7:f0:76:bd 192.168.3.210]receiver:[1c:79:2d:20:62:97 192.168.3.167]
01-01 08:01:43.872 0 0 W : [2 T948 ..] [SP FRAME RX] arp rsp,vif_idx:0 sender:[28:48:e7:f0:76:bd 192.168.3.210]receiver:[1c:79:2d:20:62:97 192.168.3.167]
01-01 08:01:43.873 0 0 W : [2 T948 ..] [SP FRAME RX] arp req,vif_idx:0 sender:[52:f1:78:5e:2c:3c 192.168.3.117]receiver:[00:00:00:00:00:00 192.168.3.167]
01-01 08:01:43.875 0 0 W : [2 T948 ..] [SP FRAME TX] arp rsp,vif_idx:0 sender:[1c:79:2d:20:62:97 192.168.3.167]receiver:[52:f1:78:5e:2c:3c 192.168.3.117]
05-23 16:13:27.193 483 688 I audio_hw_hal_alsamgr: alsa format =0x9000000 delay frames =2432 total frames=3072000
05-23 16:13:27.193 483 688 I audio_hw_hal_alsamgr: alsa format =0xa000000 delay frames =10112 total frames=12288000
01-01 08:01:44.168 0 0 W : [1 T0 .s] [SP FRAME TX] arp req,vif_idx:0 sender:[1c:79:2d:20:62:97 192.168.3.167]receiver:[00:00:00:00:00:00 192.168.3.122]
01-01 08:01:44.169 0 0 W : [1 T0 .s] [SP FRAME TX] arp req,vif_idx:0 sender:[1c:79:2d:20:62:97 192.168.3.167]receiver:[00:00:00:00:00:00 192.168.3.111]
01-01 08:01:44.170 0 0 W : [1 T0 .s] [SP FRAME TX] arp req,vif_idx:0 sender:[1c:79:2d:20:62:97 192.168.3.167]receiver:[00:00:00:00:00:00 192.168.3.76]
01-01 08:01:44.172 0 0 W : [1 T0 .s] [SP FRAME TX] arp req,vif_idx:0 sender:[1c:79:2d:20:62:97 192.168.3.167]receiver:[00:00:00:00:00:00 192.168.3.74]
01-01 08:01:44.174 0 0 W : [1 T0 .s] [SP FRAME TX] arp req,vif_idx:0 sender:[1c:79:2d:20:62:97 192.168.3.167]receiver:[00:00:00:00:00:00 192.168.3.62]
01-01 08:01:44.175 0 0 W : [1 T0 .s] [SP FRAME TX] arp req,vif_idx:0 sender:[1c:79:2d:20:62:97 192.168.3.167]receiver:[00:00:00:00:00:00 192.168.3.44]
01-01 08:01:44.177 0 0 W : [1 T0 .s] [SP FRAME TX] arp req,vif_idx:0 sender:[1c:79:2d:20:62:97 192.168.3.167]receiver:[00:00:00:00:00:00 192.168.3.16]
01-01 08:01:44.200 0 0 W : [1 T0 .s] [SP FRAME TX] arp req,vif_idx:0 sender:[1c:79:2d:20:62:97 192.168.3.167]receiver:[00:00:00:00:00:00 192.168.3.224]
01-01 08:01:44.201 0 0 W : [1 T0 .s] [SP FRAME TX] arp req,vif_idx:0 sender:[1c:79:2d:20:62:97 192.168.3.167]receiver:[00:00:00:00:00:00 192.168.3.160]
01-01 08:01:44.202 0 0 W : [1 T0 .s] [SP FRAME TX] arp req,vif_idx:0 sender:[1c:79:2d:20:62:97 192.168.3.167]receiver:[00:00:00:00:00:00 192.168.3.159]
01-01 08:01:44.204 0 0 W : [1 T0 .s] [SP FRAME TX] arp req,vif_idx:0 sender:[1c:79:2d:20:62:97 192.168.3.167]receiver:[00:00:00:00:00:00 192.168.3.155]
01-01 08:01:44.206 0 0 W : [1 T0 .s] [SP FRAME TX] arp req,vif_idx:0 sender:[1c:79:2d:20:62:97 192.168.3.167]receiver:[00:00:00:00:00:00 192.168.3.145]
01-01 08:01:44.424 0 0 W : [1 T0 .s] [SP FRAME TX] arp req,vif_idx:0 sender:[1c:79:2d:20:62:97 192.168.3.167]receiver:[00:00:00:00:00:00 192.168.3.246]
05-23 16:13:28.061 2915 2945 I crashsdk: crashsdk uploading logs
01-01 08:01:44.897 0 0 W : [2 T948 ..] [SP FRAME RX] arp rsp,vif_idx:0 sender:[4c:44:5b:65:15:71 192.168.3.139]receiver:[1c:79:2d:20:62:97 192.168.3.167]
01-01 08:01:45.192 0 0 W : [1 T1699 .s] [SP FRAME TX] arp req,vif_idx:0 sender:[1c:79:2d:20:62:97 192.168.3.167]receiver:[00:00:00:00:00:00 192.168.3.16]
01-01 08:01:45.193 0 0 W : [1 T1699 .s] [SP FRAME TX] arp req,vif_idx:0 sender:[1c:79:2d:20:62:97 192.168.3.167]receiver:[00:00:00:00:00:00 192.168.3.44]
01-01 08:01:45.194 0 0 W : [1 T1699 .s] [SP FRAME TX] arp req,vif_idx:0 sender:[1c:79:2d:20:62:97 192.168.3.167]receiver:[00:00:00:00:00:00 192.168.3.62]
01-01 08:01:45.196 0 0 W : [1 T1699 .s] [SP FRAME TX] arp req,vif_idx:0 sender:[1c:79:2d:20:62:97 192.168.3.167]receiver:[00:00:00:00:00:00 192.168.3.74]
01-01 08:01:45.198 0 0 W : [1 T1699 .s] [SP FRAME TX] arp req,vif_idx:0 sender:[1c:79:2d:20:62:97 192.168.3.167]receiver:[00:00:00:00:00:00 192.168.3.76]
01-01 08:01:45.199 0 0 W : [1 T1699 .s] [SP FRAME TX] arp req,vif_idx:0 sender:[1c:79:2d:20:62:97 192.168.3.167]receiver:[00:00:00:00:00:00 192.168.3.111]
01-01 08:01:45.201 0 0 W : [1 T1699 .s] [SP FRAME TX] arp req,vif_idx:0 sender:[1c:79:2d:20:62:97 192.168.3.167]receiver:[00:00:00:00:00:00 192.168.3.122]
01-01 08:01:45.224 0 0 W : [1 T0 .s] [SP FRAME TX] arp req,vif_idx:0 sender:[1c:79:2d:20:62:97 192.168.3.167]receiver:[00:00:00:00:00:00 192.168.3.145]
01-01 08:01:45.225 0 0 W : [1 T0 .s] [SP FRAME TX] arp req,vif_idx:0 sender:[1c:79:2d:20:62:97 192.168.3.167]receiver:[00:00:00:00:00:00 192.168.3.155]
01-01 08:01:45.226 0 0 W : [1 T0 .s] [SP FRAME TX] arp req,vif_idx:0 sender:[1c:79:2d:20:62:97 192.168.3.167]receiver:[00:00:00:00:00:00 192.168.3.159]
01-01 08:01:45.228 0 0 W : [1 T0 .s] [SP FRAME TX] arp req,vif_idx:0 sender:[1c:79:2d:20:62:97 192.168.3.167]receiver:[00:00:00:00:00:00 192.168.3.160]
01-01 08:01:45.230 0 0 W : [1 T0 .s] [SP FRAME TX] arp req,vif_idx:0 sender:[1c:79:2d:20:62:97 192.168.3.167]receiver:[00:00:00:00:00:00 192.168.3.224]
05-23 16:13:28.590 484 1255 I android.hardware.bluetooth@1.0-impl: [HandleIncomingEvent-549]: rec adv direct packet
01-01 08:01:45.452 0 0 W : [1 T0 .s] [SP FRAME TX] arp req,vif_idx:0 sender:[1c:79:2d:20:62:97 192.168.3.167]receiver:[00:00:00:00:00:00 192.168.3.246]
01-01 08:01:45.553 0 0 W : [2 T948 ..] [SP FRAME RX] arp rsp,vif_idx:0 sender:[8a:1f:74:6a:5e:8c 192.168.3.159]receiver:[1c:79:2d:20:62:97 192.168.3.167]
05-23 16:13:28.842 296 3094 I keystore2: system/security/keystore2/src/watchdog.rs:319 - Watchdog thread idle -> terminating. Have a great day.
01-01 08:01:46.216 0 0 W : [1 T0 .s] [SP FRAME TX] arp req,vif_idx:0 sender:[1c:79:2d:20:62:97 192.168.3.167]receiver:[00:00:00:00:00:00 192.168.3.122]
01-01 08:01:46.217 0 0 W : [1 T0 .s] [SP FRAME TX] arp req,vif_idx:0 sender:[1c:79:2d:20:62:97 192.168.3.167]receiver:[00:00:00:00:00:00 192.168.3.111]
01-01 08:01:46.218 0 0 W : [1 T0 .s] [SP FRAME TX] arp req,vif_idx:0 sender:[1c:79:2d:20:62:97 192.168.3.167]receiver:[00:00:00:00:00:00 192.168.3.76]
01-01 08:01:46.220 0 0 W : [1 T0 .s] [SP FRAME TX] arp req,vif_idx:0 sender:[1c:79:2d:20:62:97 192.168.3.167]receiver:[00:00:00:00:00:00 192.168.3.74]
01-01 08:01:46.221 0 0 W : [1 T0 .s] [SP FRAME TX] arp req,vif_idx:0 sender:[1c:79:2d:20:62:97 192.168.3.167]receiver:[00:00:00:00:00:00 192.168.3.62]
01-01 08:01:46.223 0 0 W : [1 T0 .s] [SP FRAME TX] arp req,vif_idx:0 sender:[1c:79:2d:20:62:97 192.168.3.167]receiver:[00:00:00:00:00:00 192.168.3.44]
01-01 08:01:46.225 0 0 W : [1 T0 .s] [SP FRAME TX] arp req,vif_idx:0 sender:[1c:79:2d:20:62:97 192.168.3.167]receiver:[00:00:00:00:00:00 192.168.3.16]
01-01 08:01:46.248 0 0 W : [1 T0 .s] [SP FRAME TX] arp req,vif_idx:0 sender:[1c:79:2d:20:62:97 192.168.3.167]receiver:[00:00:00:00:00:00 192.168.3.224]
01-01 08:01:46.249 0 0 W : [1 T0 .s] [SP FRAME TX] arp req,vif_idx:0 sender:[1c:79:2d:20:62:97 192.168.3.167]receiver:[00:00:00:00:00:00 192.168.3.160]
01-01 08:01:46.250 0 0 W : [1 T0 .s] [SP FRAME TX] arp req,vif_idx:0 sender:[1c:79:2d:20:62:97 192.168.3.167]receiver:[00:00:00:00:00:00 192.168.3.155]
01-01 08:01:46.252 0 0 W : [1 T0 .s] [SP FRAME TX] arp req,vif_idx:0 sender:[1c:79:2d:20:62:97 192.168.3.167]receiver:[00:00:00:00:00:00 192.168.3.145]
01-01 08:01:46.476 0 0 W : [1 T0 .s] [SP FRAME TX] arp req,vif_idx:0 sender:[1c:79:2d:20:62:97 192.168.3.167]receiver:[00:00:00:00:00:00 192.168.3.246]
05-23 16:13:29.990 2569 2570 D uninstall: isAllowStart last_delay 0, current_time 1747988009
05-23 16:13:29.990 2569 2570 I uninstall: enable_service com.ktcp.video/com.tencent.qqlivetv.keeplive.proc.DaemonService com.ktcp.video/(null)
05-23 16:13:29.991 2569 2570 D uninstall: enable_service waitpid
05-23 16:13:29.991 3174 3174 D uninstall: enable_service pid == 0
05-23 16:13:29.991 3174 3174 D uninstall: enable_service version >= 17 || version == 0 version == 34
05-23 16:13:30.039 497 557 I WifiHAL : call wifi_get_link_stats handler
05-23 16:13:30.039 497 557 I WifiHAL : Creating message to get link statistics; iface = 16
05-23 16:13:30.039 497 557 D WifiHAL : error code -95 mapped to -3
05-23 16:13:30.039 732 873 E WifiStaIfaceAidlImpl: getLinkLayerStats failed with service-specific exception: android.os.ServiceSpecificException: (code 4)
05-23 16:13:30.042 2569 2570 I uninstall: watchdaemon process_name = com.ktcp.video:daemon has gone, start it
05-23 16:13:30.042 2569 2570 D uninstall: watchdaemon waitpid
05-23 16:13:30.042 3178 3178 D uninstall: watchdaemon pid == 0
05-23 16:13:30.043 3178 3178 D uninstall: watchdaemon version >= 17 || version == 0 version == 34
01-01 08:01:47.244 0 0 W : [1 T0 .s] [SP FRAME TX] arp req,vif_idx:0 sender:[1c:79:2d:20:62:97 192.168.3.167]receiver:[00:00:00:00:00:00 192.168.3.16]
01-01 08:01:47.245 0 0 W : [1 T0 .s] [SP FRAME TX] arp req,vif_idx:0 sender:[1c:79:2d:20:62:97 192.168.3.167]receiver:[00:00:00:00:00:00 192.168.3.44]
01-01 08:01:47.246 0 0 W : [1 T0 .s] [SP FRAME TX] arp req,vif_idx:0 sender:[1c:79:2d:20:62:97 192.168.3.167]receiver:[00:00:00:00:00:00 192.168.3.62]
01-01 08:01:47.248 0 0 W : [1 T0 .s] [SP FRAME TX] arp req,vif_idx:0 sender:[1c:79:2d:20:62:97 192.168.3.167]receiver:[00:00:00:00:00:00 192.168.3.74]
01-01 08:01:47.250 0 0 W : [1 T0 .s] [SP FRAME TX] arp req,vif_idx:0 sender:[1c:79:2d:20:62:97 192.168.3.167]receiver:[00:00:00:00:00:00 192.168.3.76]
01-01 08:01:47.251 0 0 W : [1 T0 .s] [SP FRAME TX] arp req,vif_idx:0 sender:[1c:79:2d:20:62:97 192.168.3.167]receiver:[00:00:00:00:00:00 192.168.3.111]
01-01 08:01:47.253 0 0 W : [1 T0 .s] [SP FRAME TX] arp req,vif_idx:0 sender:[1c:79:2d:20:62:97 192.168.3.167]receiver:[00:00:00:00:00:00 192.168.3.122]
01-01 08:01:47.253 0 0 W : [2 T948 ..] [SP FRAME RX] arp rsp,vif_idx:0 sender:[92:db:66:cf:2c:a6 192.168.3.16]receiver:[1c:79:2d:20:62:97 192.168.3.167]
01-01 08:01:47.256 0 0 W : [2 T948 ..] [SP FRAME RX] arp rsp,vif_idx:0 sender:[f2:4a:2e:d3:35:12 192.168.3.62]receiver:[1c:79:2d:20:62:97 192.168.3.167]
01-01 08:01:47.261 0 0 W : [2 T948 ..] [SP FRAME RX] arp rsp,vif_idx:0 sender:[22:37:89:bd:91:59 192.168.3.74]receiver:[1c:79:2d:20:62:97 192.168.3.167]
01-01 08:01:47.262 0 0 W : [2 T948 ..] [SP FRAME RX] arp rsp,vif_idx:0 sender:[e6:6e:3e:02:16:7f 192.168.3.76]receiver:[1c:79:2d:20:62:97 192.168.3.167]
01-01 08:01:47.264 0 0 W : [2 T948 ..] [SP FRAME RX] arp rsp,vif_idx:0 sender:[9a:da:f3:3d:bb:2f 192.168.3.111]receiver:[1c:79:2d:20:62:97 192.168.3.167]
01-01 08:01:47.265 0 0 W : [2 T948 ..] [SP FRAME RX] arp rsp,vif_idx:0 sender:[42:0a:1e:f7:73:55 192.168.3.122]receiver:[1c:79:2d:20:62:97 192.168.3.167]
01-01 08:01:47.276 0 0 W : [1 T0 .s] [SP FRAME TX] arp req,vif_idx:0 sender:[1c:79:2d:20:62:97 192.168.3.167]receiver:[00:00:00:00:00:00 192.168.3.145]
01-01 08:01:47.277 0 0 W : [1 T0 .s] [SP FRAME TX] arp req,vif_idx:0 sender:[1c:79:2d:20:62:97 192.168.3.167]receiver:[00:00:00:00:00:00 192.168.3.155]
01-01 08:01:47.278 0 0 W : [1 T0 .s] [SP FRAME TX] arp req,vif_idx:0 sender:[1c:79:2d:20:62:97 192.168.3.167]receiver:[00:00:00:00:00:00 192.168.3.160]
01-01 08:01:47.280 0 0 W : [1 T0 .s] [SP FRAME TX] arp req,vif_idx:0 sender:[1c:79:2d:20:62:97 192.168.3.167]receiver:[00:00:00:00:00:00 192.168.3.224]
01-01 08:01:47.288 0 0 W : [2 T948 ..] [SP FRAME RX] arp rsp,vif_idx:0 sender:[2a:42:6e:3a:be:da 192.168.3.145]receiver:[1c:79:2d:20:62:97 192.168.3.167]
01-01 08:01:47.289 0 0 W : [2 T948 ..] [SP FRAME RX] arp rsp,vif_idx:0 sender:[92:b7:69:04:a0:27 192.168.3.155]receiver:[1c:79:2d:20:62:97 192.168.3.167]
01-01 08:01:47.302 0 0 W : [2 T948 ..] [SP FRAME RX] arp rsp,vif_idx:0 sender:[f4:d1:08:0f:dd:13 192.168.3.160]receiver:[1c:79:2d:20:62:97 192.168.3.167]
01-01 08:01:47.303 0 0 W : [2 T948 ..] [SP FRAME RX] arp rsp,vif_idx:0 sender:[0e:cc:85:fa:1d:7c 192.168.3.224]receiver:[1c:79:2d:20:62:97 192.168.3.167]
01-01 08:01:47.496 0 0 W : [1 T0 .s] [SP FRAME TX] arp req,vif_idx:0 sender:[1c:79:2d:20:62:97 192.168.3.167]receiver:[00:00:00:00:00:00 192.168.3.246]
01-01 08:01:47.561 0 0 W : [2 T948 ..] [SP FRAME RX] arp rsp,vif_idx:0 sender:[2a:75:65:ec:7a:29 192.168.3.246]receiver:[1c:79:2d:20:62:97 192.168.3.167]
01-01 08:01:48.264 0 0 W : [1 T0 .s] [SP FRAME TX] arp req,vif_idx:0 sender:[1c:79:2d:20:62:97 192.168.3.167]receiver:[00:00:00:00:00:00 192.168.3.44]
01-01 08:01:49.288 0 0 W : [1 T0 .s] [SP FRAME TX] arp req,vif_idx:0 sender:[1c:79:2d:20:62:97 192.168.3.167]receiver:[00:00:00:00:00:00 192.168.3.44]
05-23 16:13:32.912 732 833 D OomAdjuster: Not killing cached processes
05-23 16:13:32.917 1556 1556 D bbb : onStartCommand begin !!!!!!! data分区剩余 53794MB
05-23 16:13:33.046 497 557 I WifiHAL : call wifi_get_link_stats handler
05-23 16:13:33.046 497 557 I WifiHAL : Creating message to get link statistics; iface = 16
05-23 16:13:33.046 497 557 D WifiHAL : error code -95 mapped to -3
05-23 16:13:33.047 732 873 E WifiStaIfaceAidlImpl: getLinkLayerStats failed with service-specific exception: android.os.ServiceSpecificException: (code 4)
01-01 08:01:50.139 0 0 W : [2 T948 ..] [SP FRAME RX] arp rsp,vif_idx:0 sender:[8a:1f:74:6a:5e:8c 192.168.3.159]receiver:[1c:79:2d:20:62:97 192.168.3.167]
01-01 08:01:50.277 0 0 W : [2 T948 ..] [SP FRAME RX] arp req,vif_idx:0 sender:[28:7b:11:70:68:8f 192.168.3.53]receiver:[00:00:00:00:00:00 192.168.3.167]
01-01 08:01:50.278 0 0 W : [2 T948 ..] [SP FRAME TX] arp rsp,vif_idx:0 sender:[1c:79:2d:20:62:97 192.168.3.167]receiver:[28:7b:11:70:68:8f 192.168.3.53]
01-01 08:01:50.586 0 0 W : [2 T948 ..] [SP FRAME RX] arp rsp,vif_idx:0 sender:[8a:1f:74:6a:5e:8c 192.168.3.159]receiver:[1c:79:2d:20:62:97 192.168.3.167]
05-23 16:13:34.015 484 1255 I android.hardware.bluetooth@1.0-impl: [HandleIncomingEvent-549]: rec adv direct packet
01-01 08:01:52.488 0 0 W : [2 T948 ..] [SP FRAME RX] arp req,vif_idx:0 sender:[e2:03:00:92:54:eb 192.168.3.45]receiver:[00:00:00:00:00:00 192.168.3.167]
01-01 08:01:52.489 0 0 W : [2 T948 ..] [SP FRAME TX] arp rsp,vif_idx:0 sender:[1c:79:2d:20:62:97 192.168.3.167]receiver:[e2:03:00:92:54:eb 192.168.3.45]
05-23 16:13:36.053 497 557 I WifiHAL : call wifi_get_link_stats handler
05-23 16:13:36.053 497 557 I WifiHAL : Creating message to get link statistics; iface = 16
05-23 16:13:36.053 497 557 D WifiHAL : error code -95 mapped to -3
05-23 16:13:36.054 732 873 E WifiStaIfaceAidlImpl: getLinkLayerStats failed with service-specific exception: android.os.ServiceSpecificException: (code 4)
01-01 08:01:52.985 0 0 W : [1 T948 ..] [SP FRAME RX] arp req,vif_idx:0 sender:[22:2b:f8:c2:9b:dc 192.168.3.215]receiver:[00:00:00:00:00:00 192.168.3.167]
01-01 08:01:52.986 0 0 W : [1 T948 ..] [SP FRAME TX] arp rsp,vif_idx:0 sender:[1c:79:2d:20:62:97 192.168.3.167]receiver:[22:2b:f8:c2:9b:dc 192.168.3.215]
01-01 08:01:54.114 0 0 W : [1 T948 ..] [SP FRAME RX] arp req,vif_idx:0 sender:[32:08:ae:4d:23:4b 192.168.3.154]receiver:[00:00:00:00:00:00 192.168.3.167]
01-01 08:01:54.115 0 0 W : [1 T948 ..] [SP FRAME TX] arp rsp,vif_idx:0 sender:[1c:79:2d:20:62:97 192.168.3.167]receiver:[32:08:ae:4d:23:4b 192.168.3.154]
05-23 16:13:37.643 2131 2139 I com.ktcp.video: Background concurrent copying GC freed 223219(9140KB) AllocSpace objects, 13(544KB) LOS objects, 49% free, 6041KB/11MB, paused 134us,71us total 122.751ms
05-23 16:13:39.059 497 557 I WifiHAL : call wifi_get_link_stats handler
05-23 16:13:39.059 497 557 I WifiHAL : Creating message to get link statistics; iface = 16
05-23 16:13:39.059 497 557 D WifiHAL : error code -95 mapped to -3
05-23 16:13:39.059 732 873 E WifiStaIfaceAidlImpl: getLinkLayerStats failed with service-specific exception: android.os.ServiceSpecificException: (code 4)
05-23 16:13:39.428 484 1255 I android.hardware.bluetooth@1.0-impl: [HandleIncomingEvent-549]: rec adv direct packet
01-01 08:01:56.248 0 0 W : [1 T948 ..] [SP FRAME RX] arp req,vif_idx:0 sender:[2a:7f:53:39:7b:19 192.168.3.88]receiver:[00:00:00:00:00:00 192.168.3.167]
01-01 08:01:56.249 0 0 W : [1 T948 ..] [SP FRAME TX] arp rsp,vif_idx:0 sender:[1c:79:2d:20:62:97 192.168.3.167]receiver:[2a:7f:53:39:7b:19 192.168.3.88]
05-23 16:13:39.737 732 815 D OomAdjuster: Not killing cached processes
05-23 16:13:39.738 732 815 W ProcessStats: Tracking association SourceState{1ebb351 com.ktcp.video:daemon/10077 Fgs #499} whose proc state 3 is better than process ProcessState{3283533 com.ktcp.video/10077 pkg=com.ktcp.video} proc state 10 (1 skipped)
05-23 16:13:40.091 2569 2570 D uninstall: isAllowStart last_delay 0, current_time 1747988020
05-23 16:13:40.091 2569 2570 I uninstall: enable_service com.ktcp.video/com.tencent.qqlivetv.keeplive.proc.DaemonService com.ktcp.video/(null)
05-23 16:13:40.093 2569 2570 D uninstall: enable_service waitpid
05-23 16:13:40.093 3198 3198 D uninstall: enable_service pid == 0
05-23 16:13:40.093 3198 3198 D uninstall: enable_service version >= 17 || version == 0 version == 34
05-23 16:13:40.137 2569 2570 I uninstall: watchdaemon process_name = com.ktcp.video:daemon has gone, start it
05-23 16:13:40.137 2569 2570 D uninstall: watchdaemon waitpid
05-23 16:13:40.137 3202 3202 D uninstall: watchdaemon pid == 0
05-23 16:13:40.137 3202 3202 D uninstall: watchdaemon version >= 17 || version == 0 version == 34
05-23 16:13:42.065 497 557 I WifiHAL : call wifi_get_link_stats handler
05-23 16:13:42.065 497 557 I WifiHAL : Creating message to get link statistics; iface = 16
05-23 16:13:42.065 497 557 D WifiHAL : error code -95 mapped to -3
05-23 16:13:42.065 732 873 E WifiStaIfaceAidlImpl: getLinkLayerStats failed with service-specific exception: android.os.ServiceSpecificException: (code 4)
05-23 16:13:43.046 484 1255 I android.hardware.bluetooth@1.0-impl: [HandleIncomingEvent-549]: rec adv direct packet
05-23 16:13:45.072 497 557 I WifiHAL : call wifi_get_link_stats handler
05-23 16:13:45.072 497 557 I WifiHAL : Creating message to get link statistics; iface = 16
05-23 16:13:45.072 497 557 D WifiHAL : error code -95 mapped to -3
05-23 16:13:45.072 732 873 E WifiStaIfaceAidlImpl: getLinkLayerStats failed with service-specific exception: android.os.ServiceSpecificException: (code 4)
05-23 16:13:46.641 1067 1270 I bt_btif_dm: packages/modules/Bluetooth/system/btif/src/btif_dm.cc:691 btif_update_remote_properties: cod from storage is also unclassified
05-23 16:13:46.646 732 764 D OomAdjuster: Not killing cached processes
05-23 16:13:48.077 497 557 I WifiHAL : call wifi_get_link_stats handler
05-23 16:13:48.077 497 557 I WifiHAL : Creating message to get link statistics; iface = 16
05-23 16:13:48.077 497 557 D WifiHAL : error code -95 mapped to -3
05-23 16:13:48.077 732 873 E WifiStaIfaceAidlImpl: getLinkLayerStats failed with service-specific exception: android.os.ServiceSpecificException: (code 4)
05-23 16:13:48.952 471 3218 I resolv : GetAddrInfoHandler::run: {100 100 100 983140 10043 0}
05-23 16:13:48.953 471 3219 I resolv : res_nmkquery: (QUERY, IN, A)
05-23 16:13:48.953 471 3219 I resolv : resolv_cache_lookup: FOUND IN CACHE entry=0xf3cc41b0
05-23 16:13:48.953 471 3219 I resolv : doQuery: rcode=0, ancount=27, return value=500
05-23 16:13:48.959 2915 2963 D TrafficStats: tagSocket(225) with statsTag=0xffffffff, statsUid=-1
05-23 16:13:50.231 2569 2570 D uninstall: isAllowStart last_delay 0, current_time 1747988030
05-23 16:13:50.231 2569 2570 I uninstall: enable_service com.ktcp.video/com.tencent.qqlivetv.keeplive.proc.DaemonService com.ktcp.video/(null)
05-23 16:13:50.232 2569 2570 D uninstall: enable_service waitpid
05-23 16:13:50.232 3222 3222 D uninstall: enable_service pid == 0
05-23 16:13:50.232 3222 3222 D uninstall: enable_service version >= 17 || version == 0 version == 34
05-23 16:13:50.268 484 1255 I android.hardware.bluetooth@1.0-impl: [HandleIncomingEvent-549]: rec adv direct packet
05-23 16:13:50.280 2569 2570 I uninstall: watchdaemon process_name = com.ktcp.video:daemon has gone, start it
05-23 16:13:50.280 2569 2570 D uninstall: watchdaemon waitpid
05-23 16:13:50.281 3226 3226 D uninstall: watchdaemon pid == 0
05-23 16:13:50.281 3226 3226 D uninstall: watchdaemon version >= 17 || version == 0 version == 34
05-23 16:13:51.085 497 557 I WifiHAL : call wifi_get_link_stats handler
05-23 16:13:51.085 497 557 I WifiHAL : Creating message to get link statistics; iface = 16
05-23 16:13:51.085 497 557 D WifiHAL : error code -95 mapped to -3
05-23 16:13:51.085 732 873 E WifiStaIfaceAidlImpl: getLinkLayerStats failed with service-specific exception: android.os.ServiceSpecificException: (code 4)
05-23 16:13:53.592 483 688 I audio_hw_hal_alsamgr: alsa format =0x1 delay frames =768 total frames=5721600
05-23 16:13:53.880 484 1255 I android.hardware.bluetooth@1.0-impl: [HandleIncomingEvent-549]: rec adv direct packet
05-23 16:13:54.089 497 557 I WifiHAL : call wifi_get_link_stats handler
05-23 16:13:54.089 497 557 I WifiHAL : Creating message to get link statistics; iface = 16
05-23 16:13:54.089 497 557 D WifiHAL : error code -95 mapped to -3
05-23 16:13:54.090 732 873 E WifiStaIfaceAidlImpl: getLinkLayerStats failed with service-specific exception: android.os.ServiceSpecificException: (code 4)
05-23 16:13:57.096 497 557 I WifiHAL : call wifi_get_link_stats handler
05-23 16:13:57.096 497 557 I WifiHAL : Creating message to get link statistics; iface = 16
05-23 16:13:57.096 497 557 D WifiHAL : error code -95 mapped to -3
05-23 16:13:57.097 732 873 E WifiStaIfaceAidlImpl: getLinkLayerStats failed with service-specific exception: android.os.ServiceSpecificException: (code 4)
05-23 16:13:59.192 483 688 I audio_hw_hal_alsamgr: alsa format =0x9000000 delay frames =2432 total frames=4608000
05-23 16:13:59.192 483 688 I audio_hw_hal_alsamgr: alsa format =0xa000000 delay frames =10240 total frames=18432000
05-23 16:13:59.297 484 1255 I android.hardware.bluetooth@1.0-impl: [HandleIncomingEvent-549]: rec adv direct packet
05-23 16:14:00.102 497 557 I WifiHAL : call wifi_get_link_stats handler
05-23 16:14:00.102 497 557 I WifiHAL : Creating message to get link statistics; iface = 16
05-23 16:14:00.102 497 557 D WifiHAL : error code -95 mapped to -3
05-23 16:14:00.103 732 873 E WifiStaIfaceAidlImpl: getLinkLayerStats failed with service-specific exception: android.os.ServiceSpecificException: (code 4)
05-23 16:14:00.368 2569 2570 D uninstall: isAllowStart last_delay 0, current_time 1747988040
05-23 16:14:00.368 2569 2570 I uninstall: enable_service com.ktcp.video/com.tencent.qqlivetv.keeplive.proc.DaemonService com.ktcp.video/(null)
05-23 16:14:00.369 2569 2570 D uninstall: enable_service waitpid
05-23 16:14:00.369 3243 3243 D uninstall: enable_service pid == 0
05-23 16:14:00.370 3243 3243 D uninstall: enable_service version >= 17 || version == 0 version == 34
05-23 16:14:00.417 2569 2570 I uninstall: watchdaemon process_name = com.ktcp.video:daemon has gone, start it
05-23 16:14:00.418 2569 2570 D uninstall: watchdaemon waitpid
05-23 16:14:00.418 3247 3247 D uninstall: watchdaemon pid == 0
05-23 16:14:00.419 3247 3247 D uninstall: watchdaemon version >= 17 || version == 0 version == 34
05-23 16:14:01.105 484 1255 I android.hardware.bluetooth@1.0-impl: [HandleIncomingEvent-549]: rec adv direct packet
05-23 16:14:02.906 484 1255 I android.hardware.bluetooth@1.0-impl: [HandleIncomingEvent-549]: rec adv direct packet
05-23 16:14:03.108 497 557 I WifiHAL : call wifi_get_link_stats handler
05-23 16:14:03.108 497 557 I WifiHAL : Creating message to get link statistics; iface = 16
05-23 16:14:03.108 497 557 D WifiHAL : error code -95 mapped to -3
05-23 16:14:03.110 732 873 E WifiStaIfaceAidlImpl: getLinkLayerStats failed with service-specific exception: android.os.ServiceSpecificException: (code 4)
05-23 16:14:04.715 484 1255 I android.hardware.bluetooth@1.0-impl: [HandleIncomingEvent-549]: rec adv direct packet
01-01 08:02:22.312 0 0 W : [2 T1678 ..] [aml_send_sync_trace 4388] sync token[25236]
01-01 08:02:22.312 0 0 W : [2 T1678 ..] >>> aml_send_msg()
01-01 08:02:22.313 0 0 W : [3 T947 ..] ipc_sdio_host_msgack_handler 00000000d4f1f8e1
01-01 08:02:22.313 0 0 W : [3 T947 ..] [aml_msgackind 2038] msg ack hostid=0xffffff80797eeb80
01-01 08:02:22.314 0 0 W : [3 T947 ..] [cmd_mgr_llind 329] cmd tkn[35] flags:0008 result: -4 cmd: 105-MM_SYNC_TRACE - reqcfm( 0-none)
01-01 08:02:22.316 0 0 W : [3 T947 ..] [cmd_complete 65] cmd tkn[35] flags:0000 result: -4 cmd: 105-MM_SYNC_TRACE - reqcfm( 0-none)
05-23 16:14:06.115 497 557 I WifiHAL : call wifi_get_link_stats handler
05-23 16:14:06.115 497 557 I WifiHAL : Creating message to get link statistics; iface = 16
05-23 16:14:06.115 497 557 D WifiHAL : error code -95 mapped to -3
05-23 16:14:06.116 732 873 E WifiStaIfaceAidlImpl: getLinkLayerStats failed with service-specific exception: android.os.ServiceSpecificException: (code 4)
05-23 16:14:06.313 732 732 V HotPlugDetectionAction: Poll all devices.
05-23 16:14:06.369 492 502 D hdmicecd: [CEC]:printCecMessage, [4 -> 0] len: 0, body:, result:success
05-23 16:14:06.425 492 502 D hdmicecd: [CEC]:printCecMessage, [4 -> 1] len: 0, body:, result:no ack
05-23 16:14:06.481 492 502 D hdmicecd: [CEC]:printCecMessage, [4 -> 3] len: 0, body:, result:no ack
05-23 16:14:06.517 484 1255 I android.hardware.bluetooth@1.0-impl: [HandleIncomingEvent-549]: rec adv direct packet
05-23 16:14:06.537 492 502 D hdmicecd: [CEC]:printCecMessage, [4 -> 5] len: 0, body:, result:no ack
05-23 16:14:06.597 492 502 D hdmicecd: [CEC]:printCecMessage, [4 -> 8] len: 0, body:, result:no ack
05-23 16:14:06.651 732 815 D OomAdjuster: Not killing cached processes
05-23 16:14:06.651 732 815 W ProcessStats: Tracking association SourceState{1ebb351 com.ktcp.video:daemon/10077 Fgs #502} whose proc state 3 is better than process ProcessState{3283533 com.ktcp.video/10077 pkg=com.ktcp.video} proc state 10 (2 skipped)
05-23 16:14:06.653 492 502 D hdmicecd: [CEC]:printCecMessage, [4 -> b] len: 0, body:, result:no ack
05-23 16:14:06.709 492 502 D hdmicecd: [CEC]:printCecMessage, [4 -> e] len: 0, body:, result:no ack
05-23 16:14:06.710 732 732 D HdmiCecController: [P]:AllocatedAddress=[0]
05-23 16:14:07.866 1067 1200 I bluetooth: packages/modules/Bluetooth/system/gd/metrics/metrics_state.cc:177 AddStateChangedEvent: LEConnectionMetricsRemoteDevice: Transaction State 0x00000002, Connection Type 0x00000001, Origin Type 0x00000001
05-23 16:14:07.866 1067 1200 I bluetooth: packages/modules/Bluetooth/system/gd/metrics/metrics_state.cc:58 AddStateChangedEvent: LEConnectionMetricState: Origin Type: 0x00000001, Connection Type: 0x00000001, Transaction State: 0x00000002
05-23 16:14:07.866 1067 1200 I bluetooth: packages/modules/Bluetooth/system/gd/metrics/metrics_state.cc:161 UploadLEConnectionSession: LEConnectionMetricsRemoteDevice: The session is uploaded for xx:xx:xx:xx:c0:53
05-23 16:14:07.866 1067 1200 I bluetooth: packages/modules/Bluetooth/system/gd/hci/le_address_manager.cc:265 ack_pause: Client already in paused state
05-23 16:14:07.866 1067 1195 I bluetooth: packages/modules/Bluetooth/system/stack/gatt/connection_manager.cc:438 on_connection_complete: Le connection completed to device:xx:xx:xx:xx:c0:53
05-23 16:14:07.867 1067 1195 I bluetooth: packages/modules/Bluetooth/system/stack/gatt/connection_manager.cc:438 on_connection_complete: Le connection completed to device:xx:xx:xx:xx:c0:53
05-23 16:14:07.867 1067 1195 I bt_btm_ble: packages/modules/Bluetooth/system/stack/btm/btm_ble.cc:1730 btm_ble_connected: Updating device record timestamp for existing ble connection
05-23 16:14:07.867 1067 1200 I bluetooth: packages/modules/Bluetooth/system/gd/hci/le_address_manager.cc:265 ack_pause: Client already in paused state
05-23 16:14:07.867 1067 1200 I bluetooth: packages/modules/Bluetooth/system/gd/hci/le_address_manager.cc:265 ack_pause: Client already in paused state
05-23 16:14:07.874 1067 1200 I bluetooth: packages/modules/Bluetooth/system/gd/hci/le_address_manager.cc:596 OnCommandComplete: Received command complete with op_code LE_REMOVE_DEVICE_FROM_FILTER_ACCEPT_LIST
05-23 16:14:07.874 1067 1200 I bluetooth: packages/modules/Bluetooth/system/gd/hci/le_address_manager.cc:294 resume_registered_clients: Resuming registered clients
05-23 16:14:07.939 1067 1270 I bt_btif_dm: packages/modules/Bluetooth/system/btif/src/btif_dm.cc:695 btif_update_remote_properties: class of device (cod) is 0x00050c
05-23 16:14:07.947 1440 1440 E dangbei111: cccccc 检查遥控器是否连接: Dangbei E4:BB:D3:57:C0:53
05-23 16:14:07.951 1440 1440 E dangbei111: cccccc 检查遥控器是否连接: 蓝牙的结果 Dangbei E4:BB:D3:57:C0:53 false
05-23 16:14:07.951 1440 1440 E dangbei111: cccccc Name: Virtual
05-23 16:14:07.952 1440 1440 E dangbei111: cccccc Name: adc_keypad
05-23 16:14:07.953 1440 1440 E dangbei111: cccccc Name: ir_keypad0_0
05-23 16:14:07.954 1440 1440 E dangbei111: cccccc Name: ir_keypad0_1
05-23 16:14:07.955 1440 1440 E dangbei111: cccccc Name: gpio_keypad
05-23 16:14:07.956 1440 1440 E dangbei111: cccccc Name: cec_input
05-23 16:14:07.956 1440 1440 E dangbei111: cccccc Name: input_btrcu
05-23 16:14:07.957 1440 1440 E dangbei111: cccccc Name: input_ethrcu
05-23 16:14:07.958 1440 1440 E dangbei111: cccccc Name: vad_keypad
05-23 16:14:07.958 1067 1270 I bt_btif_dm: packages/modules/Bluetooth/system/btif/src/btif_dm.cc:695 btif_update_remote_properties: class of device (cod) is 0x00050c
05-23 16:14:07.959 1440 1440 E dangbei111: cccccc input中没有遥控器 存在 先什么都不操作 返回false
05-23 16:14:07.961 1440 1440 E dangbei111: cccccc 开始扫描
05-23 16:14:07.961 1440 1440 D BluetoothAdapter: isLeEnabled(): ON
05-23 16:14:07.964 1440 1440 E dangbei111: cccccc scan 得到的设备和状态 Dangbei E4:BB:D3:57:C0:53 12
05-23 16:14:07.966 1440 1440 E ccc : cccccc 搜索到bond 啥都先不处理 Dangbei E4:BB:D3:57:C0:53
05-23 16:14:07.974 1440 1440 E dangbei111: cccccc 检查遥控器是否连接: Dangbei E4:BB:D3:57:C0:53
05-23 16:14:07.977 1440 1440 E dangbei111: cccccc 检查遥控器是否连接: 蓝牙的结果 Dangbei E4:BB:D3:57:C0:53 false
05-23 16:14:07.977 1440 1440 E dangbei111: cccccc Name: Virtual
05-23 16:14:07.977 1440 1440 E dangbei111: cccccc Name: adc_keypad
05-23 16:14:07.977 1440 1440 E dangbei111: cccccc Name: ir_keypad0_0
05-23 16:14:07.978 1440 1440 E dangbei111: cccccc Name: ir_keypad0_1
05-23 16:14:07.978 1440 1440 E dangbei111: cccccc Name: gpio_keypad
05-23 16:14:07.978 1440 1440 E dangbei111: cccccc Name: cec_input
05-23 16:14:07.978 1440 1440 E dangbei111: cccccc Name: input_btrcu
05-23 16:14:07.978 1440 1440 E dangbei111: cccccc Name: input_ethrcu
05-23 16:14:07.978 1440 1440 E dangbei111: cccccc Name: vad_keypad
05-23 16:14:07.978 1440 1440 E dangbei111: cccccc input中没有遥控器 存在 先什么都不操作 返回false
05-23 16:14:07.980 1440 1440 E dangbei111: cccccc 开始扫描
05-23 16:14:07.980 1440 1440 D BluetoothAdapter: isLeEnabled(): ON
05-23 16:14:07.982 1440 1440 E dangbei111: cccccc scan 得到的设备和状态 Dangbei E4:BB:D3:57:C0:53 12
05-23 16:14:07.984 1440 1440 E ccc : cccccc 搜索到bond 啥都先不处理 Dangbei E4:BB:D3:57:C0:53
05-23 16:14:08.004 1067 1270 I bt_btif_dm: packages/modules/Bluetooth/system/btif/src/btif_dm.cc:695 btif_update_remote_properties: class of device (cod) is 0x00050c
05-23 16:14:08.010 1440 1440 E dangbei111: cccccc 检查遥控器是否连接: Dangbei E4:BB:D3:57:C0:53
05-23 16:14:08.014 1440 1440 E dangbei111: cccccc 检查遥控器是否连接: 蓝牙的结果 Dangbei E4:BB:D3:57:C0:53 false
05-23 16:14:08.014 1440 1440 E dangbei111: cccccc Name: Virtual
05-23 16:14:08.014 1440 1440 E dangbei111: cccccc Name: adc_keypad
05-23 16:14:08.014 1440 1440 E dangbei111: cccccc Name: ir_keypad0_0
05-23 16:14:08.014 1440 1440 E dangbei111: cccccc Name: ir_keypad0_1
05-23 16:14:08.014 1440 1440 E dangbei111: cccccc Name: gpio_keypad
05-23 16:14:08.014 1440 1440 E dangbei111: cccccc Name: cec_input
05-23 16:14:08.014 1440 1440 E dangbei111: cccccc Name: input_btrcu
05-23 16:14:08.014 1440 1440 E dangbei111: cccccc Name: input_ethrcu
05-23 16:14:08.014 1440 1440 E dangbei111: cccccc Name: vad_keypad
05-23 16:14:08.015 1440 1440 E dangbei111: cccccc input中没有遥控器 存在 先什么都不操作 返回false
05-23 16:14:08.017 1440 1440 E dangbei111: cccccc 开始扫描
05-23 16:14:08.017 1440 1440 D BluetoothAdapter: isLeEnabled(): ON
05-23 16:14:08.019 1440 1440 E dangbei111: cccccc scan 得到的设备和状态 Dangbei E4:BB:D3:57:C0:53 12
05-23 16:14:08.021 1440 1440 E ccc : cccccc 搜索到bond 啥都先不处理 Dangbei E4:BB:D3:57:C0:53
05-23 16:14:08.032 1067 1270 I bt_btif_dm: packages/modules/Bluetooth/system/btif/src/btif_dm.cc:695 btif_update_remote_properties: class of device (cod) is 0x00050c
05-23 16:14:08.039 1440 1440 E dangbei111: cccccc 检查遥控器是否连接: Dangbei E4:BB:D3:57:C0:53
05-23 16:14:08.043 1440 1440 E dangbei111: cccccc 检查遥控器是否连接: 蓝牙的结果 Dangbei E4:BB:D3:57:C0:53 false
05-23 16:14:08.043 1440 1440 E dangbei111: cccccc Name: Virtual
05-23 16:14:08.043 1440 1440 E dangbei111: cccccc Name: adc_keypad
05-23 16:14:08.043 1440 1440 E dangbei111: cccccc Name: ir_keypad0_0
05-23 16:14:08.043 1440 1440 E dangbei111: cccccc Name: ir_keypad0_1
05-23 16:14:08.043 1440 1440 E dangbei111: cccccc Name: gpio_keypad
05-23 16:14:08.043 1440 1440 E dangbei111: cccccc Name: cec_input
05-23 16:14:08.043 1440 1440 E dangbei111: cccccc Name: input_btrcu
05-23 16:14:08.043 1440 1440 E dangbei111: cccccc Name: input_ethrcu
05-23 16:14:08.043 1440 1440 E dangbei111: cccccc Name: vad_keypad
05-23 16:14:08.043 1440 1440 E dangbei111: cccccc input中没有遥控器 存在 先什么都不操作 返回false
05-23 16:14:08.045 1440 1440 E dangbei111: cccccc 开始扫描
05-23 16:14:08.045 1440 1440 D BluetoothAdapter: isLeEnabled(): ON
05-23 16:14:08.047 1440 1440 E dangbei111: cccccc scan 得到的设备和状态 Dangbei E4:BB:D3:57:C0:53 12
