05-23 09:26:53.325 304 358 D MesonHwc: received Uevent: LE_N=1
05-23 09:26:53.325 304 358 D MesonHwc: received Uevent: MODALIAS=of:NvoutT(null)Camlogic,_vout
05-23 09:26:53.325 304 358 D MesonHwc: received Uevent: SEQNUM=3566
05-23 09:26:53.325 304 358 D MesonHwc: received Uevent: Camlogic,_aocec-s7d
05-23 09:26:53.325 304 358 D MesonHwc: received Uevent: SEQNUM=3563
05-23 09:26:53.325 304 358 D MesonHwc: received Uevent: LL_HW_BLOCK_REASON=0x0
05-23 09:26:53.325 304 358 D MesonHwc: received Uevent: SEQNUM=3293
05-23 09:26:53.325 304 358 D MesonHwc: received Uevent: y@0
05-23 09:26:53.325 304 358 D MesonHwc: received Uevent: OF_COMPATIBLE_N=0
05-23 09:26:53.325 304 358 D MesonHwc: received Uevent: SEQNUM=3291
05-23 09:26:53.325 304 358 D MesonHwc: received Uevent: change@/devices/virtual/amhdmitx/amhdmitx0
05-23 09:26:53.325 304 358 D MesonHwc: received Uevent: ACTION=change
05-23 09:26:53.325 304 358 D MesonHwc: received Uevent: DEVPATH=/devices/virtual/amhdmitx/amhdmitx0
05-23 09:26:53.325 304 358 D MesonHwc: received Uevent: SUBSYSTEM=amhdmitx
05-23 09:26:53.325 304 358 D MesonHwc: received Uevent: hdmitx_hdr=1
05-23 09:26:53.325 304 358 D MesonHwc: received Uevent: MAJOR=492
05-23 09:26:53.325 304 358 D MesonHwc: received Uevent: MINOR=0
05-23 09:26:53.325 304 358 D MesonHwc: received Uevent: DEVNAME=amhdmitx0
05-23 09:26:53.325 304 358 D MesonHwc: received Uevent: SEQNUM=3570
05-23 09:26:53.325 304 358 D MesonHwc: received Uevent: SEQNUM=3569
05-23 09:26:53.325 304 358 D MesonHwc: received Uevent: LE_N=1
05-23 09:26:53.325 304 358 D MesonHwc: received Uevent: MODALIAS=of:NvoutT(null)Camlogic,_vout
05-23 09:26:53.325 304 358 D MesonHwc: received Uevent: SEQNUM=3566
05-23 09:26:53.325 304 358 D MesonHwc: received Uevent: Camlogic,_aocec-s7d
05-23 09:26:53.325 304 358 D MesonHwc: received Uevent: SEQNUM=3563
05-23 09:26:53.325 304 358 D MesonHwc: received Uevent: LL_HW_BLOCK_REASON=0x0
05-23 09:26:53.325 304 358 D MesonHwc: received Uevent: SEQNUM=3293
05-23 09:26:53.325 304 358 D MesonHwc: received Uevent: y@0
05-23 09:26:53.326 304 358 D MesonHwc: received Uevent: OF_COMPATIBLE_N=0
05-23 09:26:53.326 304 358 D MesonHwc: received Uevent: SEQNUM=3291
05-23 09:26:53.326 304 358 D MesonHwc: received Uevent: change@/devices/virtual/amhdmitx/amhdmitx0
05-23 09:26:53.326 304 358 D MesonHwc: received Uevent: ACTION=change
05-23 09:26:53.326 304 358 D MesonHwc: received Uevent: DEVPATH=/devices/virtual/amhdmitx/amhdmitx0
05-23 09:26:53.326 304 358 D MesonHwc: received Uevent: SUBSYSTEM=amhdmitx
05-23 09:26:53.326 304 358 D MesonHwc: received Uevent: hdmitx_hdr=1
05-23 09:26:53.326 304 358 D MesonHwc: received Uevent: MAJOR=492
05-23 09:26:53.326 304 358 D MesonHwc: received Uevent: MINOR=0
05-23 09:26:53.326 304 358 D MesonHwc: received Uevent: DEVNAME=amhdmitx0
05-23 09:26:53.326 304 358 D MesonHwc: received Uevent: SEQNUM=3570
05-23 09:26:53.326 304 358 D MesonHwc: received Uevent: SEQNUM=3569
05-23 09:26:53.326 304 358 D MesonHwc: received Uevent: LE_N=1
05-23 09:26:53.326 304 358 D MesonHwc: received Uevent: MODALIAS=of:NvoutT(null)Camlogic,_vout
05-23 09:26:53.326 304 358 D MesonHwc: received Uevent: SEQNUM=3566
05-23 09:26:53.326 304 358 D MesonHwc: received Uevent: Camlogic,_aocec-s7d
05-23 09:26:53.326 304 358 D MesonHwc: received Uevent: SEQNUM=3563
05-23 09:26:53.326 304 358 D MesonHwc: received Uevent: LL_HW_BLOCK_REASON=0x0
05-23 09:26:53.326 304 358 D MesonHwc: received Uevent: SEQNUM=3293
05-23 09:26:53.326 304 358 D MesonHwc: received Uevent: y@0
05-23 09:26:53.326 304 358 D MesonHwc: received Uevent: OF_COMPATIBLE_N=0
05-23 09:26:53.326 304 358 D MesonHwc: received Uevent: SEQNUM=3291
05-23 09:26:53.326 304 358 D MesonHwc: received Uevent: change@/devices/platform/vout
05-23 09:26:53.326 304 358 D MesonHwc: received Uevent: ACTION=change
05-23 09:26:53.326 304 358 D MesonHwc: received Uevent: DEVPATH=/devices/platform/vout
05-23 09:26:53.326 304 358 D MesonHwc: received Uevent: SUBSYSTEM=platform
05-23 09:26:53.326 304 358 D MesonHwc: received Uevent: vout_setmode=0
05-23 09:26:53.326 304 358 D MesonHwc: ModeChange state: [Complete]
05-23 09:26:53.326 304 358 D MesonHwc: DrmProperty: EDID (1), value [111]
05-23 09:26:53.326 304 358 D MesonHwc: DrmProperty: content type (77), value [0]
05-23 09:26:53.326 304 358 D MesonHwc: DrmProperty: vrr_capable (78), value [0]
05-23 09:26:53.326 304 358 D MesonHwc: DrmProperty: UPDATE (79), value [0]
05-23 09:26:53.326 304 358 D MesonHwc: DrmProperty: color_depth (80), value [10]
05-23 09:26:53.326 304 358 D MesonHwc: DrmProperty: color_space (81), value [3]
05-23 09:26:53.327 304 358 D MesonHwc: DrmProperty: MESON_DRM_HDMITX_PROP_AVMUTE (82), value [0]
05-23 09:26:53.327 304 358 D MesonHwc: DrmProperty: hdmi_hdr_status (83), value [3]
05-23 09:26:53.327 304 358 D MesonHwc: DrmProperty: dv_cap (85), value [0]
05-23 09:26:53.327 304 358 D MesonHwc: DrmProperty: contenttype_cap (89), value [31]
05-23 09:26:53.327 304 358 D MesonHwc: DrmProperty: hdr_priority (91), value [268435472]
05-23 09:26:53.327 304 358 D MesonHwc: DrmProperty: ready (92), value [1]
05-23 09:26:53.327 304 358 D MesonHwc: DrmProperty: allm_cap (95), value [0]
05-23 09:26:53.327 304 358 D MesonHwc: DrmProperty: dc_cap (96), value [1023]
05-23 09:26:53.327 304 358 E MesonHwc: dolby vision driver is not ready
05-23 09:26:53.328 304 358 I MesonHwc: hdr_preference (dolby_vision)
05-23 09:26:53.328 732 894 I AudioService: onAccessoryPlugMediaUnmute newDevice=1024 [hdmi]
05-23 09:26:53.328 304 358 E MesonHwc: dolby vision driver is not ready
05-23 09:26:53.328 304 358 D MesonHwc: dolby version:0, dv3:0, hlg:0, hdr10:1, hdr10+:0 max:0, avg:0, min:0
05-23 09:26:53.328 304 358 D MesonHwc: dolby version 4k30:0
05-23 09:26:53.328 732 891 I AS.AudioDeviceInventory: sendDeviceConnectionIntent(dev:0x400 state:0x1 address: name:);
05-23 09:26:53.328 304 358 D MesonHwc: Connector HDMI-A loadDisplayModes get 20 modes
05-23 09:26:53.328 304 358 D MesonHwc: add fraction display mode (1080p60hz)
05-23 09:26:53.328 304 358 I MesonHwc: add display mode (1080p60hz-1080p60hz-122, 1920x1080, 60.000000) dpi(39973,39756), hskew(1)
05-23 09:26:53.328 304 358 D MesonHwc: add fraction display mode (smpte60hz)
05-23 09:26:53.328 304 358 I MesonHwc: add display mode (smpte60hz-smpte60hz-125, 4096x2160, 60.000000) dpi(85277,79513), hskew(1)
05-23 09:26:53.328 304 358 I MesonHwc: add display mode (smpte50hz-smpte50hz-126, 4096x2160, 50.000000) dpi(85277,79513), hskew(1)
05-23 09:26:53.328 304 358 D MesonHwc: add fraction display mode (smpte30hz)
05-23 09:26:53.328 304 358 I MesonHwc: add display mode (smpte30hz-smpte30hz-127, 4096x2160, 30.000000) dpi(85277,79513), hskew(1)
05-23 09:26:53.328 304 358 I MesonHwc: add display mode (smpte25hz-smpte25hz-128, 4096x2160, 25.000000) dpi(85277,79513), hskew(1)
05-23 09:26:53.328 304 358 D MesonHwc: add fraction display mode (smpte24hz)
05-23 09:26:53.328 304 358 I MesonHwc: add display mode (smpte24hz-smpte24hz-129, 4096x2160, 24.000000) dpi(85277,79513), hskew(1)
05-23 09:26:53.328 304 358 D MesonHwc: add fraction display mode (2160p60hz)
05-23 09:26:53.328 304 358 I MesonHwc: add display mode (2160p60hz-2160p60hz-130, 3840x2160, 60.000000) dpi(79947,79513), hskew(1)
05-23 09:26:53.328 304 358 I MesonHwc: add display mode (2160p50hz-2160p50hz-131, 3840x2160, 50.000000) dpi(79947,79513), hskew(1)
05-23 09:26:53.328 304 358 D MesonHwc: add fraction display mode (2160p30hz)
05-23 09:26:53.328 304 358 I MesonHwc: add display mode (2160p30hz-2160p30hz-132, 3840x2160, 30.000000) dpi(79947,79513), hskew(1)
05-23 09:26:53.328 304 358 I MesonHwc: add display mode (2160p25hz-2160p25hz-133, 3840x2160, 25.000000) dpi(79947,79513), hskew(1)
05-23 09:26:53.328 304 358 D MesonHwc: add fraction display mode (2160p24hz)
05-23 09:26:53.328 304 358 I MesonHwc: add display mode (2160p24hz-2160p24hz-134, 3840x2160, 24.000000) dpi(79947,79513), hskew(1)
05-23 09:26:53.328 304 358 D MesonHwc: add fraction display mode (1080i60hz)
05-23 09:26:53.328 304 358 I MesonHwc: add display mode (1080i60hz-1080i60hz-135, 1920x1080, 60.000000) dpi(39973,39756), hskew(1)
05-23 09:26:53.328 304 358 I MesonHwc: add display mode (1080p50hz-1080p50hz-136, 1920x1080, 50.000000) dpi(39973,39756), hskew(1)
05-23 09:26:53.328 304 358 I MesonHwc: add display mode (1080i50hz-1080i50hz-137, 1920x1080, 50.000000) dpi(39973,39756), hskew(1)
05-23 09:26:53.328 304 358 D MesonHwc: add fraction display mode (720p60hz)
05-23 09:26:53.328 304 358 I MesonHwc: add display mode (720p60hz-720p60hz-138, 1280x720, 60.000000) dpi(26649,26504), hskew(1)
05-23 09:26:53.328 304 358 I MesonHwc: add display mode (720p50hz-720p50hz-139, 1280x720, 50.000000) dpi(26649,26504), hskew(1)
05-23 09:26:53.328 304 358 I MesonHwc: add display mode (576p50hz-576p50hz-140, 720x576, 50.000000) dpi(14990,21203), hskew(1)
05-23 09:26:53.328 304 358 I MesonHwc: add display mode (576i50hz-576i50hz-141, 720x576, 50.000000) dpi(14990,21203), hskew(1)
05-23 09:26:53.329 304 358 D MesonHwc: add fraction display mode (480p60hz)
05-23 09:26:53.329 304 358 I MesonHwc: add display mode (480p60hz-480p60hz-142, 720x480, 60.000000) dpi(14990,17669), hskew(1)
05-23 09:26:53.329 304 358 D MesonHwc: add fraction display mode (480i60hz)
05-23 09:26:53.329 304 358 I MesonHwc: add display mode (480i60hz-480i60hz-143, 720x480, 60.000000) dpi(14990,17669), hskew(1)
05-23 09:26:53.329 304 358 I MesonHwc: loadDisplayModes (31) end
05-23 09:26:53.329 304 358 D MesonHwc: ERR: PLEASE FIX NON-IMPLEMENT FUN(update).
05-23 09:26:53.329 304 358 D MesonHwc: RealModeMgr::update: nextModeId:27
05-23 09:26:53.329 304 358 D MesonHwc: RealModeMgr::update get current mode:smpte60hz
05-23 09:26:53.329 304 358 D MesonHwc: RealModeMgr::update use current mode (4096x2160-60.00)
05-23 09:26:53.329 304 358 D MesonHwc: On mode change state: [Complete]
05-23 09:26:53.329 304 358 D MesonHwc: getSupportedContentTypes: DrmConnector HDMI-A get supported content type 1
05-23 09:26:53.329 304 358 D MesonHwc: getSupportedContentTypes: DrmConnector HDMI-A get supported content type 2
05-23 09:26:53.329 304 358 D MesonHwc: getSupportedContentTypes: DrmConnector HDMI-A get supported content type 3
05-23 09:26:53.329 304 358 D MesonHwc: getSupportedContentTypes: DrmConnector HDMI-A get supported content type 4
05-23 09:26:53.329 304 358 D MesonHwc: Hwc2Display::onModeChanged getDisplayMode [smpte60hz]
05-23 09:26:53.329 304 358 D MesonHwc: [setConnectorStatus]: power mode 1
05-23 09:26:53.329 304 358 I MesonHwc: HwcConfig::default frame buffer size (1920 x 1080)
05-23 09:26:53.329 304 358 D MesonHwc: onModeChanged mObserver->onHotplug(true) hdrCapsChanged:0
05-23 09:26:53.329 304 358 D MesonHwc: drmplane clear drm bo caches
05-23 09:26:53.329 304 358 D MesonHwc: drmplane clear drm bo caches
05-23 09:26:53.329 304 358 D MesonHwc: cleanupBeforeDestroy displayId:0, clear layers
05-23 09:26:53.329 304 358 D MesonHwc: On hotplug, Fn: 0x5b8b931, Data: 0xf43817b0, display: 0, connection: 1
05-23 09:26:53.330 304 358 D MesonComposer3: halEventcallback onHotplug client3.0
05-23 09:26:53.330 304 365 E MesonHwc: getPort 11
05-23 09:26:53.330 329 937 I SystemControl: notify plugin
05-23 09:26:53.330 329 937 I SystemControl: [/SystemControlHal.cpp, onEvent, 72] onEvent event:3, client size:5
05-23 09:26:53.330 304 365 E MesonHwc: getPort 11
05-23 09:26:53.331 491 509 I SystemControlClient: notifyCallback event type:3
05-23 09:26:53.331 491 509 I SystemControlClient: notifyCallback: listener is NULL.
05-23 09:26:53.331 490 545 I SystemControlClient: notifyCallback event type:3
05-23 09:26:53.331 255 824 I SystemControlClient: notifyCallback event type:3
05-23 09:26:53.331 255 824 I SystemControlClient: notifyCallback: listener is NULL.
05-23 09:26:53.331 490 545 I SystemControlClient: notifyCallback: listener is NULL.
05-23 09:26:53.331 304 358 D MesonHwc: Display (0) ask for refresh.
05-23 09:26:53.331 489 1084 I SystemControlClient: notifyCallback event type:3
05-23 09:26:53.331 489 1084 I SystemControlClient: notifyCallback: listener is NULL.
05-23 09:26:53.331 1093 1170 I SystemControlEvent: system control callback event: 3
05-23 09:26:53.331 304 358 D MesonHwc: Update period fe502a->1312d00
05-23 09:26:53.331 304 358 D MesonHwc: Update period fe502a->1312d00
05-23 09:26:53.331 304 358 D MesonHwc: Update period fe502a->1312d00
05-23 09:26:53.331 304 358 D MesonHwc: received Uevent: change@/devices/virtual/amhdmitx/amhdmitx0
05-23 09:26:53.331 304 358 D MesonHwc: received Uevent: ACTION=change
05-23 09:26:53.331 304 358 D MesonHwc: received Uevent: DEVPATH=/devices/virtual/amhdmitx/amhdmitx0
05-23 09:26:53.331 304 358 D MesonHwc: received Uevent: SUBSYSTEM=amhdmitx
05-23 09:26:53.331 304 358 D MesonHwc: received Uevent: hdmitx_current_status=11
05-23 09:26:53.331 304 358 D MesonHwc: received Uevent: MAJOR=492
05-23 09:26:53.331 304 358 D MesonHwc: received Uevent: MINOR=0
05-23 09:26:53.331 304 358 D MesonHwc: received Uevent: DEVNAME=amhdmitx0
05-23 09:26:53.331 304 358 D MesonHwc: received Uevent: SEQNUM=3572
05-23 09:26:53.331 304 358 D MesonHwc: received Uevent: LE_N=1
05-23 09:26:53.331 304 358 D MesonHwc: received Uevent: MODALIAS=of:NvoutT(null)Camlogic,_vout
05-23 09:26:53.331 304 358 D MesonHwc: received Uevent: SEQNUM=3571
05-23 09:26:53.331 304 358 D MesonHwc: received Uevent: Camlogic,_aocec-s7d
05-23 09:26:53.331 304 358 D MesonHwc: received Uevent: SEQNUM=3563
05-23 09:26:53.331 304 358 D MesonHwc: received Uevent: LL_HW_BLOCK_REASON=0x0
05-23 09:26:53.331 304 358 D MesonHwc: received Uevent: SEQNUM=3293
05-23 09:26:53.331 304 358 D MesonHwc: received Uevent: y@0
05-23 09:26:53.331 304 358 D MesonHwc: received Uevent: OF_COMPATIBLE_N=0
05-23 09:26:53.331 304 358 D MesonHwc: received Uevent: SEQNUM=3291
05-23 09:26:53.331 304 358 D MesonHwc: received Uevent: change@/devices/virtual/amhdmitx/amhdmitx0
05-23 09:26:53.331 304 358 D MesonHwc: received Uevent: ACTION=change
05-23 09:26:53.331 304 358 D MesonHwc: received Uevent: DEVPATH=/devices/virtual/amhdmitx/amhdmitx0
05-23 09:26:53.331 304 358 D MesonHwc: received Uevent: SUBSYSTEM=amhdmitx
05-23 09:26:53.332 304 358 D MesonHwc: received Uevent: hdmitx_current_status=11
05-23 09:26:53.332 304 358 D MesonHwc: received Uevent: MAJOR=492
05-23 09:26:53.332 304 358 D MesonHwc: received Uevent: MINOR=0
05-23 09:26:53.332 304 358 D MesonHwc: received Uevent: DEVNAME=amhdmitx0
05-23 09:26:53.332 304 358 D MesonHwc: received Uevent: SEQNUM=3572
05-23 09:26:53.332 304 358 D MesonHwc: received Uevent: LE_N=1
05-23 09:26:53.332 304 358 D MesonHwc: received Uevent: MODALIAS=of:NvoutT(null)Camlogic,_vout
05-23 09:26:53.332 304 358 D MesonHwc: received Uevent: SEQNUM=3571
05-23 09:26:53.332 304 358 D MesonHwc: received Uevent: Camlogic,_aocec-s7d
05-23 09:26:53.332 304 358 D MesonHwc: received Uevent: SEQNUM=3563
05-23 09:26:53.332 304 358 D MesonHwc: received Uevent: LL_HW_BLOCK_REASON=0x0
05-23 09:26:53.332 304 358 D MesonHwc: received Uevent: SEQNUM=3293
05-23 09:26:53.332 304 358 D MesonHwc: received Uevent: y@0
05-23 09:26:53.332 304 358 D MesonHwc: received Uevent: OF_COMPATIBLE_N=0
05-23 09:26:53.332 304 358 D MesonHwc: received Uevent: SEQNUM=3291
05-23 09:26:53.333 1483 1483 E xxxxxxxxxxxxxxx: onReceive:mIsHDMIPlugged = true
05-23 09:26:53.340 275 275 I SurfaceFlinger: Reconnecting display 4625716335649126413 (HAL ID 0)
05-23 09:26:53.344 1067 1067 D AvrcpVolumeManager: onAudioDevicesAdded: Not expecting device changed
05-23 09:26:53.344 1067 1274 D ActiveDeviceManager: onAudioDevicesAdded
05-23 09:26:53.344 1067 1274 D ActiveDeviceManager: Audio device added: DBBOX-A3 type: 9
05-23 09:26:53.345 732 732 V MediaRouter: Audio routes updated: AudioRoutesInfo{ type=HDMI }, a2dp=false
05-23 09:26:53.345 732 732 V MediaRouter: Selecting route: RouteInfo{ name=外部设备, description=null, status=null, category=RouteCategory{ name=系统 types=ROUTE_TYPE_LIVE_AUDIO ROUTE_TYPE_LIVE_VIDEO groupable=false }, supportedTypes=ROUTE_TYPE_LIVE_AUDIO ROUTE_TYPE_LIVE_VIDEO , presentationDisplay=null }
05-23 09:26:53.345 957 957 V MediaRouter: Audio routes updated: AudioRoutesInfo{ type=HDMI }, a2dp=false
05-23 09:26:53.346 957 957 V MediaRouter: Selecting route: RouteInfo{ name=外部设备, description=null, status=null, category=RouteCategory{ name=系统 types=ROUTE_TYPE_LIVE_AUDIO ROUTE_TYPE_LIVE_VIDEO groupable=false }, supportedTypes=ROUTE_TYPE_LIVE_AUDIO ROUTE_TYPE_LIVE_VIDEO , presentationDisplay=null }
05-23 09:26:53.348 483 573 D xm_audio: adev_get_parameters
05-23 09:26:53.349 483 573 D xm_audio: adev_get_parameters
05-23 09:26:53.351 304 365 E MesonComposer3: destroyLayer: display:0 failed to destroy layer:4
05-23 09:26:53.352 275 275 E HwcComposer: destroyLayer failed Status(-8, EX_SERVICE_SPECIFIC): '3: '
05-23 09:26:53.352 275 275 E HWC2 : destroyLayer(0, 4) failed: BadLayer (3)
05-23 09:26:53.353 275 275 E HwcComposer: setClientTargetSlotCount failed Status(-8, EX_SERVICE_SPECIFIC): '4: '
05-23 09:26:53.353 275 275 I FramebufferSurface: Framebuffer size has been limited to [1920x1012] from [4096x2160]
05-23 09:26:53.361 483 708 D xm_audio: adev_get_parameters
05-23 09:26:53.362 483 708 D xm_audio: adev_get_parameters
05-23 09:26:53.365 275 275 I Scheduler: Display 4625716335649126413 is the pacesetter
05-23 09:26:53.365 275 369 E SchedulerTimer: Terminated
05-23 09:26:53.366 275 275 D SurfaceFlinger: Setting power mode 2 on display 4625716335649126413
05-23 09:26:53.366 304 365 D MesonHwc: setPowerMode 2
05-23 09:26:53.366 275 275 D SurfaceFlinger: Finished setting power mode 2 on display 4625716335649126413
05-23 09:26:53.372 304 365 I MesonDisplay: [/mode_policy.c, meson_mode_set_policy, 1177] connector:0 to policy:0
05-23 09:26:53.372 304 365 I MesonDisplay: [/mode_policy.c, is_dv_prefer, 66] not prefer dv, hdr_priority:10000010
05-23 09:26:53.372 304 365 I MesonDisplay: [/mode_policy.c, is_dv_prefer, 66] not prefer dv, hdr_priority:10000010
05-23 09:26:53.372 304 365 I MesonDisplay: [/mode_policy.c, hdr_scene_process, 724] policy:0 is_bestcolorspace:1 state:0
05-23 09:26:53.372 304 365 I MesonDisplay: [/mode_policy_parser.c, is_support_hdmimode, 110] is_support_hdmimode mode: smpte60hz
05-23 09:26:53.372 304 365 I MesonDisplay: [/mode_policy_parser.c, is_support_hdmimode, 110] is_support_hdmimode mode: 2160p60hz
05-23 09:26:53.372 304 365 D MesonDisplay: meson_write /sys/class/amhdmitx/amhdmitx0/valid_mode, outputmode:2160p60hz420,10bit
05-23 09:26:53.372 304 365 D MesonDisplay: valid mode is true!
05-23 09:26:53.372 304 365 I MesonDisplay: [/mode_policy.c, is_support_4kHDR, 499] is_support_4kHDR mode:[420,10bit], deep color:[2160p60hz]
05-23 09:26:53.372 304 365 I MesonDisplay: [/mode_policy.c, meson_mode_get_policy_output, 1289] final_displaymode:2160p60hz, final_deepcolor:420,10bit, amdv_type:0
05-23 09:26:53.372 304 365 I MesonHwc: getPreferredDisplayConfig [2160p60hz]
05-23 09:26:53.372 304 365 I MesonDisplay: [/mode_policy.c, meson_mode_set_policy, 1177] connector:0 to policy:8
05-23 09:26:53.372 304 365 D MesonHwc: getPreferredBootConfig outConfig = 36 (3840x2160@59.940060)
05-23 09:26:53.373 732 756 D LocalDisplayAdapter: The active mode was changed from SurfaceFlinger or the display device to {id=6, width=4096, height=2160, fps=60.000004, alternativeRefreshRates=[], supportedHdrTypes=[2]}
05-23 09:26:53.373 732 756 D LocalDisplayAdapter: The render frame rate was changed from SurfaceFlinger or the display device to 60.000004
05-23 09:26:53.374 732 756 D LocalDisplayAdapter: New display modes are added and the active mode has changed, use active mode as default mode.
05-23 09:26:53.374 732 756 W LocalDisplayAdapter: DisplayModeSpecs base mode no longer available, using currently active mode.
05-23 09:26:53.375 732 756 I DisplayDeviceRepository: Display device changed: DisplayDeviceInfo{"内置屏幕": uniqueId="local:4625716335649126413", 1280 x 720, modeId 1, renderFrameRate 50.0, defaultModeId 1, supportedModes [{id=1, width=1280, height=720, fps=50.0, alternativeRefreshRates=[], supportedHdrTypes=[]}, {id=2, width=1280, height=720, fps=60.000004, alternativeRefreshRates=[], supportedHdrTypes=[]}], colorMode 0, supportedColorModes [0], hdrCapabilities HdrCapabilities{mSupportedHdrTypes=[], mMaxLuminance=500.0, mMaxAverageLuminance=500.0, mMinLuminance=0.0}, allmSupported false, gameContentTypeSupported false, density 160, 0.0 x 0.0 dpi, appVsyncOff 2000000, presDeadline 17000000, touch INTERNAL, rotation 0, type INTERNAL, address {port=13, model=0x4031d87fca1678}, deviceProductInfo DeviceProductInfo{name=Linux FHD, manufacturerPnpId=LNX, productId=0, modelYear=null, manufactureDate=ManufactureDate{week=5, year=2012}, connectionToSinkType=0}, state ON, committedState ON, frameRateOverride , brightnessMinimum 0.0, brightnessMaximum 1.0, brightnessDefault 0.39763778, hdrSdrRatio NaN, FLAG_ALLOWED_TO_BE_DEFAULT_DISPLAY, FLAG_ROTATES_WITH_CONTENT, FLAG_SECURE, FLAG_SUPPORTS_PROTECTED_BUFFERS, FLAG_TRUSTED, installOrientation 0, displayShape DisplayShape{ spec=-1507169495 displayWidth=1280 displayHeight=720 physicalPixelDisplaySizeRatio=1.0 rotation=0 offsetX=0 offsetY=0 scale=1.0}}
05-23 09:26:53.375 483 708 D xm_audio: adev_get_parameters
05-23 09:26:53.378 732 757 W LocalDisplayAdapter: Ignoring request for invalid base mode id 1
05-23 09:26:53.380 732 756 I DisplayDeviceRepository: Display device changed: DisplayDeviceInfo{"内置屏幕": uniqueId="local:4625716335649126413", 4096 x 2160, modeId 6, renderFrameRate 60.000004, defaultModeId 6, supportedModes [{id=3, width=1920, height=1080, fps=59.94006, alternativeRefreshRates=[], supportedHdrTypes=[2]}, {id=4, width=1920, height=1080, fps=60.000004, alternativeRefreshRates=[], supportedHdrTypes=[2]}, {id=5, width=4096, height=2160, fps=59.94006, alternativeRefreshRates=[], supportedHdrTypes=[2]}, {id=6, width=4096, height=2160, fps=60.000004, alternativeRefreshRates=[], supportedHdrTypes=[2]}, {id=7, width=4096, height=2160, fps=50.0, alternativeRefreshRates=[], supportedHdrTypes=[2]}, {id=8, width=4096, height=2160, fps=29.97003, alternativeRefreshRates=[], supportedHdrTypes=[2]}, {id=9, width=4096, height=2160, fps=30.000002, alternativeRefreshRates=[], supportedHdrTypes=[2]}, {id=10, width=4096, height=2160, fps=23.976025, alternativeRefreshRates=[], supportedHdrTypes=[2]}, {id=11, width=4096, height=2160, fps=24.000002, alternativeRefreshRates=[], supportedHdrTypes=[2]}, {id=12, width=3840, height=2160, fps=59.94006, alternativeRefreshRates=[], supportedHdrTypes=[2]}, {id=13, width=3840, height=2160, fps=60.000004, alternativeRefreshRates=[], supportedHdrTypes=[2]}, {id=14, width=3840, height=2160, fps=50.0, alternativeRefreshRates=[], supportedHdrTypes=[2]}, {id=15, width=3840, height=2160, fps=29.97003, alternativeRefreshRates=[], supportedHdrTypes=[2]}, {id=16, width=3840, height=2160, fps=30.000002, alternativeRefreshRates=[], supportedHdrTypes=[2]}, {id=17, width=3840, height=2160, fps=25.0, alternativeRefreshRates=[], supportedHdrTypes=[2]}, {id=18, width=3840, height=2160, fps=23.976025, alternativeRefreshRates=[], supportedHdrTypes=[2]}, {id=19, width=3840, height=2160, fps=24.000002, alternativeRefreshRates=[], supportedHdrTypes=[2]}, {id=20, width=1920, height=1080, fps=50.0, alternativeRefreshRates=[], supportedHdrTypes=[2]}, {id=21, width=1280, height=720, fps=59.94006, alternativeRefreshRates=[], supportedHdrTypes=[2]}, {id=22, width=1280, height=720, fps=60.000004, alternativeRefreshRates=[], supportedHdrTypes=[2]}, {id=23, width=1280, height=720, fps=50.0, alternativeRefreshRates=[], supportedHdrTypes=[2]}, {id=24, width=720, height=576, fps=50.0, alternativeRefreshRates=[], supportedHdrTypes=[2]}, {id=25, width=720, height=480, fps=59.94006, alternativeRefreshRates=[], supportedHdrTypes=[2]}, {id=26, width=720, height=480, fps=60.000004, alternativeRefreshRates=[], supportedHdrTypes=[2]}], colorMode 0, supportedColorModes [0], hdrCapabilities HdrCapabilities{mSupportedHdrTypes=[2], mMaxLuminance=500.0, mMaxAverageLuminance=500.0, mMinLuminance=0.0}, allmSupported false, gameContentTypeSupported true, density 480, 85.277 x 79.513 dpi, appVsyncOff 2000000, presDeadline 13666666, touch INTERNAL, rotation 0, type INTERNAL, address {port=13, model=0x4031d87fca1678}, deviceProductInfo DeviceProductInfo{name=Mi TV, manufacturerPnpId=XMD, productId=74, modelYear=null, manufactureDate=ManufactureDate{week=13, year=2019}, connectionToSinkType=2}, state ON, committedState ON, frameRateOverride , brightnessMinimum 0.0, brightnessMaximum 1.0, brightnessDefault 0.39763778, hdrSdrRatio NaN, FLAG_ALLOWED_TO_BE_DEFAULT_DISPLAY, FLAG_ROTATES_WITH_CONTENT, FLAG_SECURE, FLAG_SUPPORTS_PROTECTED_BUFFERS, FLAG_TRUSTED, installOrientation 0, displayShape DisplayShape{ spec=215504843 displayWidth=4096 displayHeight=2160 physicalPixelDisplaySizeRatio=1.0 rotation=0 offsetX=0 offsetY=0 scale=1.0}}
05-23 09:26:53.380 732 756 I InputManager-JNI: Viewport [0] to add: local:4625716335649126413, isActive: true
05-23 09:26:53.381 732 841 I InputReader: Reconfiguring input devices, changes=DISPLAY_INFO
05-23 09:26:53.388 483 708 D xm_audio: adev_get_parameters
05-23 09:26:53.402 275 275 I RefreshRateSelector: Display 4625716335649126413 policy changed
05-23 09:26:53.402 275 275 I RefreshRateSelector: Previous: {defaultModeId=5, allowGroupSwitching=false, primaryRanges={physical=[0.00 Hz, 340282346638528859811704183484516925440.00 Hz], render=[0.00 Hz, 340282346638528859811704183484516925440.00 Hz]}, appRequestRanges={physical=[0.00 Hz, 340282346638528859811704183484516925440.00 Hz], render=[0.00 Hz, 340282346638528859811704183484516925440.00 Hz]}}
05-23 09:26:53.402 275 275 I RefreshRateSelector: Current: DisplayManagerPolicy{defaultModeId=5, allowGroupSwitching=false, primaryRanges={physical=[0.00 Hz, inf Hz], render=[0.00 Hz, 120.00 Hz]}, appRequestRanges={physical=[0.00 Hz, inf Hz], render=[0.00 Hz, inf Hz]}}
05-23 09:26:53.402 275 275 I RefreshRateSelector: 0 mode changes were performed under the previous policy
05-23 09:26:53.404 483 708 D xm_audio: adev_get_parameters
05-23 09:26:53.405 483 708 D xm_audio: adev_get_parameters
05-23 09:26:53.410 483 708 D xm_audio: adev_get_parameters
05-23 09:26:53.411 483 708 D xm_audio: adev_get_parameters
05-23 09:26:53.415 483 708 D xm_audio: adev_get_parameters
05-23 09:26:53.416 483 708 D xm_audio: adev_get_parameters
05-23 09:26:53.422 483 708 D xm_audio: adev_get_parameters
05-23 09:26:53.423 483 708 D xm_audio: adev_get_parameters
05-23 09:26:53.428 483 708 D xm_audio: adev_get_parameters
05-23 09:26:53.429 483 573 D xm_audio: adev_get_parameters
05-23 09:26:53.432 492 502 D hdmicecd: [CEC]:printCecMessage, [4 -> f] len: 4, body: 84 30 00 04, result:success
05-23 09:26:53.432 492 502 E IPCThreadState: binder thread pool (1 threads) starved for 152 ms
05-23 09:26:53.433 732 910 D HDMI : [S]: 4F:87:1C:A4:10
05-23 09:26:53.434 483 708 D xm_audio: adev_get_parameters
05-23 09:26:53.435 483 708 D xm_audio: adev_get_parameters
05-23 09:26:53.439 483 708 D xm_audio: adev_get_parameters
05-23 09:26:53.441 483 708 D xm_audio: adev_get_parameters
05-23 09:26:53.445 732 764 I ActivityManager: Waited long enough for: ServiceRecord{a9b297c u0 com.oranth.storage/.MainService}
05-23 09:26:53.445 483 708 D xm_audio: adev_get_parameters
05-23 09:26:53.446 483 708 D xm_audio: adev_get_parameters
05-23 09:26:53.451 957 1260 I vol.Events: writeEvent level_changed STREAM_VOICE_CALL 70
05-23 09:26:53.454 957 1260 I vol.Events: writeEvent level_changed STREAM_SYSTEM 70
05-23 09:26:53.454 957 1260 I vol.Events: writeEvent level_changed STREAM_RING 70
05-23 09:26:53.457 957 1260 I vol.Events: writeEvent level_changed STREAM_MUSIC 14
05-23 09:26:53.461 957 1260 I vol.Events: writeEvent level_changed STREAM_ALARM 70
01-01 08:00:40.157 0 0 I [0 T94 ..] [hdmitx: ] hdr_unmute_work_func: VID_UNMUTE
05-23 09:26:53.584 492 502 D hdmicecd: [CEC]:printCecMessage, [4 -> f] len: 4, body: 87 1c a4 10, result:success
05-23 09:26:53.584 492 502 E IPCThreadState: binder thread pool (1 threads) starved for 152 ms
05-23 09:26:53.585 732 910 D HDMI : [S]: 40:8C
05-23 09:26:53.642 492 502 D hdmicecd: [CEC]:printCecMessage, [4 -> 0] len: 1, body: 8c, result:no ack
05-23 09:26:53.702 492 502 D hdmicecd: [CEC]:printCecMessage, [4 -> 0] len: 1, body: 8c, result:no ack
05-23 09:26:53.703 732 910 D HDMI : [S]: 40:47
05-23 09:26:53.762 492 502 D hdmicecd: [CEC]:printCecMessage, [4 -> 0] len: 9, body: 47 44 42 42 4f 58 2d 41 33, result:no ack
05-23 09:26:53.772 732 764 I ActivityManager: Waited long enough for: ServiceRecord{4ed57e1 u0 com.droidlogic.mictoggle/.AssistantMicMuteService}
05-23 09:26:53.792 484 1255 I android.hardware.bluetooth@1.0-impl: [HandleIncomingEvent-549]: rec adv direct packet
05-23 09:26:53.802 2131 2139 I com.ktcp.video: Background concurrent copying GC freed 208029(10MB) AllocSpace objects, 102(8736KB) LOS objects, 49% free, 4795KB/9590KB, paused 146us,58us total 157.109ms
05-23 09:26:53.822 492 502 D hdmicecd: [CEC]:printCecMessage, [4 -> 0] len: 9, body: 47 44 42 42 4f 58 2d 41 33, result:no ack
05-23 09:26:53.823 732 910 D HDMI : [S]: 45:7D
05-23 09:26:53.823 732 732 D HDMI : Failed to send cec command 40:47
05-23 09:26:53.878 492 502 D hdmicecd: [CEC]:printCecMessage, [4 -> 5] len: 1, body: 7d, result:no ack
05-23 09:26:53.934 492 502 D hdmicecd: [CEC]:printCecMessage, [4 -> 5] len: 1, body: 7d, result:no ack
05-23 09:26:53.935 732 732 D HDMI : AVR did not respond to
05-23 09:26:53.936 732 732 D HdmiControlService: Switching to full volume behavior
05-23 09:26:53.990 492 502 D hdmicecd: [CEC]:printCecMessage, [4 -> e] len: 0, body:, result:no ack
05-23 09:26:54.030 732 829 D ActivityManager: freezing 2327 com.android.externalstorage
05-23 09:26:54.046 492 502 D hdmicecd: [CEC]:printCecMessage, [4 -> b] len: 0, body:, result:no ack
05-23 09:26:54.093 497 557 I WifiHAL : call wifi_get_link_stats handler
05-23 09:26:54.093 497 557 I WifiHAL : Creating message to get link statistics; iface = 16
05-23 09:26:54.094 497 557 D WifiHAL : error code -95 mapped to -3
05-23 09:26:54.094 732 873 E WifiStaIfaceAidlImpl: getLinkLayerStats failed with service-specific exception: android.os.ServiceSpecificException: (code 4)
05-23 09:26:54.102 492 502 D hdmicecd: [CEC]:printCecMessage, [4 -> 8] len: 0, body:, result:no ack
05-23 09:26:54.156 732 764 I ActivityManager: Waited long enough for: ServiceRecord{7fcc4e4 u0 com.dangbei.lerad.rocky/com.dangbei.phrike.core.PhrikeDownloadService}
05-23 09:26:54.158 492 502 D hdmicecd: [CEC]:printCecMessage, [4 -> 5] len: 0, body:, result:no ack
05-23 09:26:54.214 492 502 D hdmicecd: [CEC]:printCecMessage, [4 -> 3] len: 0, body:, result:no ack
05-23 09:26:54.270 492 502 D hdmicecd: [CEC]:printCecMessage, [4 -> 1] len: 0, body:, result:no ack
05-23 09:26:54.311 304 2631 D MesonDisplay: read /sys/class/amhdmitx/amhdmitx0/hdcp_lstore, result length:0, val:
05-23 09:26:54.330 492 502 D hdmicecd: [CEC]:printCecMessage, [4 -> 0] len: 0, body:, result:success
05-23 09:26:54.331 732 732 D HdmiCecController: [P]:AllocatedAddress=[0]
05-23 09:26:54.332 732 910 D HDMI : [S]: 40:83
05-23 09:26:54.396 1679 1761 I crashsdk: crashsdk uploading logs
05-23 09:26:54.411 492 502 D hdmicecd: [CEC]:printCecMessage, [4 -> 0] len: 1, body: 83, result:success
05-23 09:26:54.519 732 746 D CompatibilityChangeReporter: Compat change id reported: 161145287; UID 10077; state: DISABLED
05-23 09:26:54.528 2131 2131 I FileLockLib: [2131]file 95 unlocked. fl.pid=0
05-23 09:26:54.531 2131 2131 I PartnerManager: isLauncher, sPr: null
05-23 09:26:54.531 2131 2131 I LauncherBridge: getLauncherProxy, use default launcher proxy.
05-23 09:26:54.531 2131 2131 I LauncherBridge: get, mILauncherProxy: h4.c@b518c3e
05-23 09:26:54.532 732 746 D CompatibilityChangeReporter: Compat change id reported: 170503758; UID 10077; state: DISABLED
05-23 09:26:54.536 2131 2131 I Report_0: type=1400 audit(0.0:903): avc: denied { search } for name="net" dev="sysfs" ino=12344 scontext=u:r:untrusted_app_25:s0:c512,c768 tcontext=u:object_r:sysfs_net:s0 tclass=dir permissive=1 app=com.ktcp.video
05-23 09:26:54.536 2131 2131 I Report_0: type=1400 audit(0.0:904): avc: denied { read } for name="address" dev="sysfs" ino=22126 scontext=u:r:untrusted_app_25:s0:c512,c768 tcontext=u:object_r:sysfs_net:s0 tclass=file permissive=1 app=com.ktcp.video
05-23 09:26:54.536 2131 2131 I Report_0: type=1400 audit(0.0:905): avc: denied { open } for path="/sys/devices/virtual/net/dummy0/address" dev="sysfs" ino=22126 scontext=u:r:untrusted_app_25:s0:c512,c768 tcontext=u:object_r:sysfs_net:s0 tclass=file permissive=1 app=com.ktcp.video
05-23 09:26:54.536 2131 2131 I Report_0: type=1400 audit(0.0:906): avc: denied { getattr } for path="/sys/devices/virtual/net/dummy0/address" dev="sysfs" ino=22126 scontext=u:r:untrusted_app_25:s0:c512,c768 tcontext=u:object_r:sysfs_net:s0 tclass=file permissive=1 app=com.ktcp.video
05-23 09:26:54.562 2131 2643 D TrafficStats: tagSocket(211) with statsTag=0xffffffff, statsUid=-1
05-23 09:26:54.564 471 2645 I resolv : GetAddrInfoHandler::run: {100 262244 100 983140 10077 0}
05-23 09:26:54.564 2131 2644 D TrafficStats: tagSocket(213) with statsTag=0xffffffff, statsUid=-1
05-23 09:26:54.566 471 2646 I resolv : res_nmkquery: (QUERY, IN, A)
05-23 09:26:54.571 2131 2232 E com.ktcp.video: Attempt to load writable dex file: /data/user/0/com.ktcp.video/app_vp_a/-1956069130.jar
05-23 09:26:54.572 2131 2232 D CompatibilityChangeReporter: Compat change id reported: 218865702; UID 10077; state: DISABLED
05-23 09:26:54.572 471 2646 I resolv : res_nsend: used send_dg 504 terrno: 0
05-23 09:26:54.572 2131 2232 W com.ktcp.video: Unsupported class loader
05-23 09:26:54.572 471 2646 I resolv : doQuery: rcode=0, ancount=3, return value=504
05-23 09:26:54.575 2131 2641 I LauncherBridge: get, mILauncherProxy: h4.c@b518c3e
05-23 09:26:54.575 2131 2641 I LauncherBridge: get, mILauncherProxy: h4.c@b518c3e
05-23 09:26:54.579 2131 2641 I FileLockLib: [2131]file 95 unlocked. fl.pid=0
05-23 09:26:54.581 492 503 D hdmicecd: [CEC]:printCecMsgBuf, msg: 0f 84 00 00 00
05-23 09:26:54.583 2131 2641 I FileLockLib: [2131]file 95 unlocked. fl.pid=0
05-23 09:26:54.585 2131 2641 I FileLockLib: [2131]file 95 unlocked. fl.pid=0
05-23 09:26:54.585 732 732 D HDMI : [R]: 0F:84:00:00:00
05-23 09:26:54.586 2131 2641 I FileLockLib: [2131]file 95 unlocked. fl.pid=0
05-23 09:26:54.588 492 502 D hdmicecd: [HdmiCecControl]:getPhysicalAddress, physical addr: 3000, last pa: 3000, ret = 0
05-23 09:26:54.589 732 732 D HDMI : addCecDevice new:CEC: logical_address: 0x00 device_type: 0 cec_version: 5 vendor_id: 16777215 display_name: TV power_status: -1 physical_address: 0xFFFF port_id: -1 old:null
05-23 09:26:54.589 732 732 D HdmiControlService: Switching to full volume behavior
05-23 09:26:54.590 492 492 D hdmicecd: [HdmiCecControl]:getPhysicalAddress, physical addr: 3000, last pa: 3000, ret = 0
05-23 09:26:54.590 492 492 D hdmicecd: [HdmiCecControl]:getPhysicalAddress, physical addr: 3000, last pa: 3000, ret = 0
05-23 09:26:54.591 732 732 D HDMI : addCecDevice new:CEC: logical_address: 0x00 device_type: 0 cec_version: 5 vendor_id: 16777215 display_name: TV power_status: -1 physical_address: 0x0000 port_id: -1 old:CEC: logical_address: 0x00 device_type: 0 cec_version: 5 vendor_id: 16777215 display_name: TV power_status: -1 physical_address: 0xFFFF port_id: -1
05-23 09:26:54.591 732 732 D HdmiControlService: Switching to full volume behavior
05-23 09:26:54.591 732 732 D HDMI : TV is available now for receiving its message
05-23 09:26:54.592 732 732 D AudioService: onStatusChange cecEnabled:true available:true
05-23 09:26:54.592 732 732 D AudioService: TV, no CEC: setting HDMI as regular vol device
05-23 09:26:54.592 732 732 D AudioService: Removing DeviceType: 0x400 from mFullVolumeDevices
05-23 09:26:54.592 732 732 D AudioService: Removing DeviceType: 0x400 from mFixedVolumeDevices
05-23 09:26:54.592 732 732 D AudioService: Removing DeviceType: 0x400 from mAbsoluteVolumeDeviceInfoMap
05-23 09:26:54.593 492 502 D hdmicecd: [HdmiCecControl]:getPhysicalAddress, physical addr: 3000, last pa: 3000, ret = 0
05-23 09:26:54.594 732 910 D HDMI : [S]: 40:46
05-23 09:26:54.595 483 708 D xm_audio: adev_get_parameters
05-23 09:26:54.597 483 708 D xm_audio: adev_get_parameters
05-23 09:26:54.607 732 745 D ConnectivityService: requestNetwork for uid/pid:10077/2131 activeRequest: null callbackRequest: 55 [NetworkRequest [ REQUEST id=56, [ Capabilities: INTERNET&NOT_RESTRICTED&TRUSTED&NOT_VCN_MANAGED Uid: 10077 RequestorUid: 10077 RequestorPkg: com.ktcp.video UnderlyingNetworks: Null] ]] callback flags: 0 order: 2147483647
05-23 09:26:54.610 483 708 D xm_audio: adev_get_parameters
05-23 09:26:54.613 483 708 D xm_audio: adev_get_parameters
05-23 09:26:54.615 732 873 D WifiNetworkFactory: got request NetworkRequest [ REQUEST id=56, [ Capabilities: INTERNET&NOT_RESTRICTED&TRUSTED&NOT_VCN_MANAGED Uid: 10077 RequestorUid: 10077 RequestorPkg: com.ktcp.video UnderlyingNetworks: Null] ]
05-23 09:26:54.615 732 873 D UntrustedWifiNetworkFactory: got request NetworkRequest [ REQUEST id=56, [ Capabilities: INTERNET&NOT_RESTRICTED&TRUSTED&NOT_VCN_MANAGED Uid: 10077 RequestorUid: 10077 RequestorPkg: com.ktcp.video UnderlyingNetworks: Null] ]
05-23 09:26:54.615 732 873 D OemPaidWifiNetworkFactory: got request NetworkRequest [ REQUEST id=56, [ Capabilities: INTERNET&NOT_RESTRICTED&TRUSTED&NOT_VCN_MANAGED Uid: 10077 RequestorUid: 10077 RequestorPkg: com.ktcp.video UnderlyingNetworks: Null] ]
05-23 09:26:54.615 732 873 D MultiInternetWifiNetworkFactory: got request NetworkRequest [ REQUEST id=56, [ Capabilities: INTERNET&NOT_RESTRICTED&TRUSTED&NOT_VCN_MANAGED Uid: 10077 RequestorUid: 10077 RequestorPkg: com.ktcp.video UnderlyingNetworks: Null] ]
05-23 09:26:54.615 732 881 D ConnectivityService: NetReassign [56 : null → 100] [c 1] [a 5] [i 2]
05-23 09:26:54.620 483 708 D xm_audio: adev_get_parameters
05-23 09:26:54.623 2131 2641 I FileLockLib: [2131]file 95 unlocked. fl.pid=0
05-23 09:26:54.626 2131 2648 I FileLockLib: [2131]file 95 unlocked. fl.pid=0
05-23 09:26:54.627 2131 2648 I FileLockLib: [2131]file 95 unlocked. fl.pid=0
05-23 09:26:54.627 2131 2232 W com.ktcp.video: Unsupported class loader
05-23 09:26:54.627 2131 2232 W com.ktcp.video: Unsupported class loader
05-23 09:26:54.631 2131 2641 I FileLockLib: [2131]file 95 unlocked. fl.pid=0
05-23 09:26:54.632 2131 2650 D TrafficStats: tagSocket(213) with statsTag=0x0, statsUid=-1
05-23 09:26:54.632 483 708 D xm_audio: adev_get_parameters
05-23 09:26:54.635 2131 2641 I FileLockLib: [2131]file 95 unlocked. fl.pid=0
05-23 09:26:54.636 2131 2641 I FileLockLib: [2131]file 95 unlocked. fl.pid=0
05-23 09:26:54.641 483 708 D xm_audio: adev_get_parameters
05-23 09:26:54.643 483 573 D xm_audio: adev_get_parameters
05-23 09:26:54.647 2131 2648 I FileLockLib: [2131]file 95 unlocked. fl.pid=0
05-23 09:26:54.651 483 708 D xm_audio: adev_get_parameters
05-23 09:26:54.653 2131 2648 I FileLockLib: [2131]file 95 unlocked. fl.pid=0
05-23 09:26:54.654 483 483 D xm_audio: adev_get_parameters
05-23 09:26:54.654 2131 2648 I FileLockLib: [2131]file 95 unlocked. fl.pid=0
05-23 09:26:54.655 2131 2648 I FileLockLib: [2131]file 95 unlocked. fl.pid=0
05-23 09:26:54.655 2131 2648 I FileLockLib: [2131]file 95 unlocked. fl.pid=0
05-23 09:26:54.656 2131 2648 I FileLockLib: [2131]file 95 unlocked. fl.pid=0
05-23 09:26:54.656 2131 2648 I FileLockLib: [2131]file 95 unlocked. fl.pid=0
05-23 09:26:54.657 2131 2648 I FileLockLib: [2131]file 95 unlocked. fl.pid=0
05-23 09:26:54.660 483 708 D xm_audio: adev_get_parameters
05-23 09:26:54.661 483 708 D xm_audio: adev_get_parameters
05-23 09:26:54.665 483 708 D xm_audio: adev_get_parameters
05-23 09:26:54.667 483 708 D xm_audio: adev_get_parameters
05-23 09:26:54.673 483 708 D xm_audio: adev_get_parameters
05-23 09:26:54.675 483 708 D xm_audio: adev_get_parameters
05-23 09:26:54.681 483 708 D xm_audio: adev_get_parameters
05-23 09:26:54.682 483 708 D xm_audio: adev_get_parameters
05-23 09:26:54.684 1067 1076 I droid.bluetooth: Background concurrent copying GC freed 75228(3096KB) AllocSpace objects, 12(240KB) LOS objects, 49% free, 2291KB/4583KB, paused 91us,44us total 107.782ms
05-23 09:26:54.686 1067 1078 W System : A resource failed to call close.
05-23 09:26:54.689 2131 2641 I FileLockLib: [2131]file 95 unlocked. fl.pid=0
05-23 09:26:54.689 483 483 D xm_audio: adev_get_parameters
05-23 09:26:54.690 483 483 D xm_audio: adev_get_parameters
05-23 09:26:54.696 483 483 D xm_audio: adev_get_parameters
05-23 09:26:54.697 483 708 D xm_audio: adev_get_parameters
05-23 09:26:54.703 483 708 D xm_audio: adev_get_parameters
05-23 09:26:54.704 483 708 D xm_audio: adev_get_parameters
05-23 09:26:54.707 2131 2265 D TrafficStats: tagSocket(223) with statsTag=0x0, statsUid=-1
05-23 09:26:54.709 2131 2655 D TrafficStats: tagSocket(225) with statsTag=0xffffffff, statsUid=-1
05-23 09:26:54.711 483 708 D xm_audio: adev_get_parameters
05-23 09:26:54.713 483 708 D xm_audio: adev_get_parameters
05-23 09:26:54.717 483 708 D xm_audio: adev_get_parameters
05-23 09:26:54.719 483 708 D xm_audio: adev_get_parameters
05-23 09:26:54.726 483 708 D xm_audio: adev_get_parameters
05-23 09:26:54.727 483 708 D xm_audio: adev_get_parameters
05-23 09:26:54.735 483 708 D xm_audio: adev_get_parameters
05-23 09:26:54.737 492 503 D hdmicecd: [CEC]:printCecMsgBuf, msg: 0f 87 00 ec 0a
05-23 09:26:54.739 483 708 D xm_audio: adev_get_parameters
05-23 09:26:54.746 732 732 D HDMI : [R]: 0F:87:00:EC:0A
05-23 09:26:54.746 492 492 D hdmicecd: [HdmiCecControl]:getPhysicalAddress, physical addr: 3000, last pa: 3000, ret = 0
05-23 09:26:54.755 483 708 D xm_audio: adev_get_parameters
05-23 09:26:54.757 483 708 D xm_audio: adev_get_parameters
05-23 09:26:54.763 483 708 D xm_audio: adev_get_parameters
05-23 09:26:54.766 471 2658 I resolv : GetAddrInfoHandler::run: {100 262244 100 983140 10077 0}
05-23 09:26:54.766 483 708 D xm_audio: adev_get_parameters
05-23 09:26:54.768 2131 2641 D TrafficStats: tagSocket(226) with statsTag=0xffffffff, statsUid=-1
05-23 09:26:54.772 2131 2643 I FileLockLib: [2131]file 95 unlocked. fl.pid=0
05-23 09:26:54.772 2131 2643 I FileLockLib: [2131]file 95 unlocked. fl.pid=0
05-23 09:26:54.776 483 708 D xm_audio: adev_get_parameters
05-23 09:26:54.777 2131 2659 D TrafficStats: tagSocket(226) with statsTag=0xffffffff, statsUid=-1
05-23 09:26:54.778 483 708 D xm_audio: adev_get_parameters
05-23 09:26:54.787 483 708 D xm_audio: adev_get_parameters
05-23 09:26:54.788 483 708 D xm_audio: adev_get_parameters
05-23 09:26:54.790 2131 2643 I FileLockLib: [2131]file 95 unlocked. fl.pid=0
05-23 09:26:54.791 2131 2643 I FileLockLib: [2131]file 95 unlocked. fl.pid=0
05-23 09:26:54.796 2131 2643 I FileLockLib: [2131]file 95 unlocked. fl.pid=0
05-23 09:26:54.797 2131 2643 I FileLockLib: [2131]file 95 unlocked. fl.pid=0
05-23 09:26:54.801 2131 2643 I FileLockLib: [2131]file 95 unlocked. fl.pid=0
05-23 09:26:54.802 2131 2643 I FileLockLib: [2131]file 95 unlocked. fl.pid=0
05-23 09:26:54.819 492 503 D hdmicecd: [CEC]:printCecMsgBuf, msg: 0f 85
05-23 09:26:54.822 732 732 D HDMI : [R]: 0F:85
05-23 09:26:54.850 2131 2641 I FileLockLib: [2131]file 95 unlocked. fl.pid=0
05-23 09:26:54.850 2131 2641 I FileLockLib: [2131]file 95 unlocked. fl.pid=0
05-23 09:26:54.854 2131 2641 I FileLockLib: [2131]file 95 unlocked. fl.pid=0
05-23 09:26:54.855 2131 2641 I FileLockLib: [2131]file 95 unlocked. fl.pid=0
05-23 09:26:54.856 2131 2641 I FileLockLib: [2131]file 95 unlocked. fl.pid=0
05-23 09:26:54.860 2131 2641 D TrafficStats: tagSocket(229) with statsTag=0xffffffff, statsUid=-1
05-23 09:26:54.871 2131 2641 D TrafficStats: tagSocket(231) with statsTag=0xffffffff, statsUid=-1
05-23 09:26:54.875 2131 2641 D TrafficStats: tagSocket(232) with statsTag=0xffffffff, statsUid=-1
05-23 09:26:54.880 2131 2641 D TrafficStats: tagSocket(233) with statsTag=0xffffffff, statsUid=-1
05-23 09:26:54.883 492 502 D hdmicecd: [CEC]:printCecMessage, [4 -> 0] len: 1, body: 46, result:success
05-23 09:26:54.883 492 502 E IPCThreadState: binder thread pool (1 threads) starved for 289 ms
05-23 09:26:54.910 471 2669 I resolv : GetAddrInfoHandler::run: {100 262244 100 983140 10077 0}
05-23 09:26:54.921 2131 2652 D TrafficStats: tagSocket(237) with statsTag=0xffffffff, statsUid=-1
05-23 09:26:55.045 1483 1483 E xxxxxxxxxxxxxxx: onReceive: true , configuration = {1.0 ?mcc0mnc [zh_CN] ldltr sw720dp w1280dp h720dp 240dpi xlrg long land television -touch -keyb/v/h dpad/v winConfig={ mBounds=Rect(0, 0 - 1920, 1080) mAppBounds=Rect(0, 0 - 1920, 1080) mMaxBounds=Rect(0, 0 - 1920, 1080) mDisplayRotation=ROTATION_0 mWindowingMode=fullscreen mDisplayWindowingMode=fullscreen mActivityType=undefined mAlwaysOnTop=undefined mRotation=ROTATION_0} s.6 fontWeightAdjustment=0}
05-23 09:26:55.045 1483 1483 E xxxxxxxxxxxxxxx: isScreenSizeChange=false app onConfigurationChanged={1.0 ?mcc0mnc [zh_CN] ldltr sw720dp w1280dp h720dp 240dpi xlrg long land television -touch -keyb/v/h dpad/v winConfig={ mBounds=Rect(0, 0 - 1920, 1080) mAppBounds=Rect(0, 0 - 1920, 1080) mMaxBounds=Rect(0, 0 - 1920, 1080) mDisplayRotation=ROTATION_0 mWindowingMode=fullscreen mDisplayWindowingMode=fullscreen mActivityType=undefined mAlwaysOnTop=undefined mRotation=ROTATION_0} s.6 fontWeightAdjustment=0}
05-23 09:26:55.117 492 503 D hdmicecd: [CEC]:printCecMsgBuf, msg: 0f 84 00 00 00
05-23 09:26:55.118 732 732 D HDMI : [R]: 0F:84:00:00:00
05-23 09:26:55.119 492 502 D hdmicecd: [HdmiCecControl]:getPhysicalAddress, physical addr: 3000, last pa: 3000, ret = 0
05-23 09:26:55.119 492 492 D hdmicecd: [HdmiCecControl]:getPhysicalAddress, physical addr: 3000, last pa: 3000, ret = 0
05-23 09:26:55.120 732 732 D HDMI : addCecDevice new:CEC: logical_address: 0x00 device_type: 0 cec_version: 5 vendor_id: 60426 display_name: TV power_status: -1 physical_address: 0x0000 port_id: -1 old:CEC: logical_address: 0x00 device_type: 0 cec_version: 5 vendor_id: 60426 display_name: TV power_status: -1 physical_address: 0x0000 port_id: -1
05-23 09:26:55.120 732 732 D HdmiControlService: Switching to full volume behavior
05-23 09:26:55.120 732 732 I HdmiCecLocalDevice: Ignored while Device Discovery Action is in progress: 0F:84:00:00:00
05-23 09:26:55.157 2131 2655 I FileLockLib: [2131]file 95 unlocked. fl.pid=0
05-23 09:26:55.159 2131 2655 I FileLockLib: [2131]file 95 unlocked. fl.pid=0
05-23 09:26:55.159 2131 2655 I FileLockLib: [2131]file 95 unlocked. fl.pid=0
05-23 09:26:55.162 2131 2655 I FileLockLib: [2131]file 95 unlocked. fl.pid=0
05-23 09:26:55.163 2131 2655 I FileLockLib: [2131]file 95 unlocked. fl.pid=0
05-23 09:26:55.164 2131 2655 I FileLockLib: [2131]file 95 unlocked. fl.pid=0
05-23 09:26:55.169 2131 2655 I FileLockLib: [2131]file 95 unlocked. fl.pid=0
05-23 09:26:55.170 2131 2655 I FileLockLib: [2131]file 95 unlocked. fl.pid=0
05-23 09:26:55.170 2131 2655 I FileLockLib: [2131]file 95 unlocked. fl.pid=0
05-23 09:26:55.175 2131 2655 I FileLockLib: [2131]file 95 unlocked. fl.pid=0
05-23 09:26:55.176 2131 2655 I FileLockLib: [2131]file 95 unlocked. fl.pid=0
05-23 09:26:55.176 2131 2655 I FileLockLib: [2131]file 95 unlocked. fl.pid=0
05-23 09:26:55.272 1679 1679 I cling--ap-1: type=1400 audit(0.0:907): avc: denied { read } for name="address" dev="sysfs" ino=22126 scontext=u:r:untrusted_app_27:s0:c43,c256,c512,c768 tcontext=u:object_r:sysfs_net:s0 tclass=file permissive=1 app=com.dangbei.screencast
01-01 08:00:41.855 0 0 W [3 T2674 ..] audit: audit_lost=151 audit_rate_limit=5 audit_backlog_limit=64
01-01 08:00:41.856 0 0 E [3 T2674 ..] audit: rate limit exceeded
05-23 09:26:55.312 304 2631 D MesonDisplay: read /sys/class/amhdmitx/amhdmitx0/hdcp_lstore, result length:0, val:
05-23 09:26:55.437 296 1009 I keystore2: system/security/keystore2/src/watchdog.rs:319 - Watchdog thread idle -> terminating. Have a great day.
05-23 09:26:55.449 492 503 D hdmicecd: [CEC]:printCecMsgBuf, msg: 04 47 4d 69 54 56 2d 41 4e 53 50 30
05-23 09:26:55.449 732 732 D HDMI : [R]: 04:47
05-23 09:26:55.450 732 732 D HdmiCecNetwork: Updating device OSD name from TV to MiTV-ANSP0
05-23 09:26:55.450 492 492 D hdmicecd: [HdmiCecControl]:getPhysicalAddress, physical addr: 3000, last pa: 3000, ret = 0
05-23 09:26:55.451 732 910 D HDMI : [S]: 40:8F
05-23 09:26:55.522 2131 2253 D CompatibilityChangeReporter: Compat change id reported: 160794467; UID 10077; state: DISABLED
05-23 09:26:55.526 732 1018 D CompatibilityChangeReporter: Compat change id reported: 171306433; UID 10077; state: DISABLED
05-23 09:26:55.834 492 502 D hdmicecd: [CEC]:printCecMessage, [4 -> 0] len: 1, body: 8f, result:fail other
05-23 09:26:55.854 492 503 D hdmicecd: [CEC]:printCecMsgBuf, msg: 04 83
05-23 09:26:55.855 732 732 D HDMI : [R]: 04:83
05-23 09:26:55.856 492 492 D hdmicecd: [HdmiCecControl]:getPhysicalAddress, physical addr: 3000, last pa: 3000, ret = 0
05-23 09:26:55.919 492 502 D hdmicecd: [CEC]:printCecMessage, [4 -> 0] len: 1, body: 8f, result:success
05-23 09:26:55.920 732 910 D HDMI : [S]: 4F:84:30:00:04
05-23 09:26:55.920 492 502 E IPCThreadState: binder thread pool (1 threads) starved for 469 ms
05-23 09:26:55.950 2131 2139 I com.ktcp.video: Background concurrent copying GC freed 46319(3128KB) AllocSpace objects, 35(772KB) LOS objects, 49% free, 5686KB/11MB, paused 153us,79us total 140.837ms
05-23 09:26:56.072 492 502 D hdmicecd: [CEC]:printCecMessage, [4 -> f] len: 4, body: 84 30 00 04, result:success
05-23 09:26:56.072 492 502 E IPCThreadState: binder thread pool (1 threads) starved for 153 ms
05-23 09:26:56.196 492 503 D hdmicecd: [CEC]:printCecMsgBuf, msg: 04 90 00
05-23 09:26:56.196 492 503 D hdmicecd: [HdmiCecControl]:updateActiveState received tv power status 0
05-23 09:26:56.197 732 732 D HDMI : [R]: 04:90:00
05-23 09:26:56.198 492 502 D hdmicecd: [HdmiCecControl]:getPhysicalAddress, physical addr: 3000, last pa: 3000, ret = 0
05-23 09:26:56.199 492 492 D hdmicecd: [HdmiCecControl]:getPhysicalAddress, physical addr: 3000, last pa: 3000, ret = 0
