05-23 16:13:13.508 2915 2915 W System.err: java.lang.NullPointerException: Attempt to invoke virtual method 'byte[] java.net.NetworkInterface.getHardwareAddress()' on a null object reference
05-23 16:13:13.508 2915 2915 W System.err: at b.f.f.y.g.b(Unknown Source:11)
05-23 16:13:13.508 2915 2915 W System.err: at b.d.a.a.p.c0(Unknown Source:2)
05-23 16:13:13.508 2915 2915 W System.err: at b.f.f.w.b.(:16)
05-23 16:13:13.508 2915 2915 W System.err: at com.dangbei.screencast.startup.StartupService.w(:2)
05-23 16:13:13.509 2915 2915 W System.err: at b.f.f.h.g.b.run(:6)
05-23 16:13:13.509 2915 2915 W System.err: at b.d.a.a.n.a(Unknown Source:10)
05-23 16:13:13.509 2915 2915 W System.err: at b.f.f.h.g.j.onReceive(Unknown Source:20)
05-23 16:13:13.509 2915 2915 W System.err: at android.app.LoadedApk$ReceiverDispatcher$Args.lambda$getRunnable$0(LoadedApk.java:1811)
05-23 16:13:13.509 2915 2915 W System.err: at android.app.LoadedApk$ReceiverDispatcher$Args.$r8$lambda$gDuJqgxY6Zb-ifyeubKeivTLAwk(Unknown Source:0)
05-23 16:13:13.509 2915 2915 W System.err: at android.app.LoadedApk$ReceiverDispatcher$Args$$ExternalSyntheticLambda0.run(Unknown Source:2)
05-23 16:13:13.509 2915 2915 W System.err: at android.os.Handler.handleCallback(Handler.java:958)
05-23 16:13:13.509 2915 2915 W System.err: at android.os.Handler.dispatchMessage(Handler.java:99)
05-23 16:13:13.509 2915 2915 W System.err: at android.os.Looper.loopOnce(Looper.java:205)
05-23 16:13:13.509 2915 2915 W System.err: at android.os.Looper.loop(Looper.java:294)
05-23 16:13:13.509 2915 2915 W System.err: at android.app.ActivityThread.main(ActivityThread.java:8255)
05-23 16:13:13.509 2915 2915 W System.err: at java.lang.reflect.Method.invoke(Native Method)
05-23 16:13:13.509 2915 2915 W System.err: at com.android.internal.os.RuntimeInit$MethodAndArgsCaller.run(RuntimeInit.java:552)
05-23 16:13:13.509 2915 2915 W System.err: at com.android.internal.os.ZygoteInit.main(ZygoteInit.java:978)
05-23 16:13:13.548 2915 2956 W efs.info.manager: network change: wifi
05-23 16:13:13.557 471 3014 I resolv : GetAddrInfoHandler::run: {100 100 100 983140 10043 0}
05-23 16:13:13.557 471 3015 I resolv : res_nmkquery: (QUERY, IN, A)
05-23 16:13:13.568 471 3015 I resolv : res_nsend: used send_dg 465 terrno: 0
05-23 16:13:13.570 471 3015 I resolv : doQuery: rcode=0, ancount=4, return value=465
05-23 16:13:13.574 2915 2964 D TrafficStats: tagSocket(147) with statsTag=0xffffffff, statsUid=-1
05-23 16:13:13.678 2131 2161 W XLOGReport: OtherSize: 31504, MainSize: 364
05-23 16:13:13.701 2131 2139 I com.ktcp.video: Background concurrent copying GC freed 153707(7034KB) AllocSpace objects, 43(1880KB) LOS objects, 49% free, 7833KB/15MB, paused 152us,79us total 159.434ms
01-01 08:01:30.856 0 0 W : [1 T0 .s] [SP FRAME TX] arp req,vif_idx:0 sender:[1c:79:2d:20:62:97 192.168.3.167]receiver:[00:00:00:00:00:00 192.168.3.53]
05-23 16:13:14.603 471 2169 I netd : setProcSysNet(4, 2, wlan0, retrans_time_ms, 1000) <0.24ms>
05-23 16:13:14.603 471 2169 I netd : setProcSysNet(4, 2, wlan0, ucast_solicit, 15) <0.12ms>
05-23 16:13:14.604 471 2169 I netd : setProcSysNet(6, 2, wlan0, retrans_time_ms, 1000) <0.13ms>
05-23 16:13:14.604 471 2169 I netd : setProcSysNet(6, 2, wlan0, ucast_solicit, 15) <0.15ms>
05-23 16:13:14.954 732 807 W TelephonyPermissions: reportAccessDeniedToReadIdentifiers:com.dangbei.screencast:getSerial:-1
05-23 16:13:14.963 2839 2887 I efs.px.api: get config from server, url is https://errlog.umeng.com/apm_cc
05-23 16:13:14.967 471 3023 I resolv : GetAddrInfoHandler::run: {100 100 100 983140 10043 0}
05-23 16:13:14.968 471 3024 I resolv : res_nmkquery: (QUERY, IN, A)
05-23 16:13:14.968 471 3024 I resolv : resolv_cache_lookup: FOUND IN CACHE entry=0xf3cc70f0
05-23 16:13:14.968 471 3024 I resolv : doQuery: rcode=0, ancount=6, return value=488
05-23 16:13:14.969 2839 2887 D TrafficStats: tagSocket(142) with statsTag=0xffffffff, statsUid=-1
05-23 16:13:15.001 2839 2897 V NFC : this device does not have NFC support
05-23 16:13:15.007 497 557 I WifiHAL : call wifi_get_link_stats handler
05-23 16:13:15.007 497 557 I WifiHAL : Creating message to get link statistics; iface = 16
05-23 16:13:15.007 497 557 D WifiHAL : error code -95 mapped to -3
05-23 16:13:15.008 732 873 E WifiStaIfaceAidlImpl: getLinkLayerStats failed with service-specific exception: android.os.ServiceSpecificException: (code 4)
01-01 08:01:31.880 0 0 W : [2 T884 .s] [SP FRAME TX] arp req,vif_idx:0 sender:[1c:79:2d:20:62:97 192.168.3.167]receiver:[00:00:00:00:00:00 192.168.3.9]
01-01 08:01:31.881 0 0 W : [2 T884 .s] [SP FRAME TX] arp req,vif_idx:0 sender:[1c:79:2d:20:62:97 192.168.3.167]receiver:[00:00:00:00:00:00 192.168.3.230]
01-01 08:01:31.882 0 0 W : [2 T884 .s] [SP FRAME TX] arp req,vif_idx:0 sender:[1c:79:2d:20:62:97 192.168.3.167]receiver:[00:00:00:00:00:00 192.168.3.226]
01-01 08:01:31.884 0 0 W : [2 T884 .s] [SP FRAME TX] arp req,vif_idx:0 sender:[1c:79:2d:20:62:97 192.168.3.167]receiver:[00:00:00:00:00:00 192.168.3.225]
01-01 08:01:31.886 0 0 W : [2 T884 .s] [SP FRAME TX] arp req,vif_idx:0 sender:[1c:79:2d:20:62:97 192.168.3.167]receiver:[00:00:00:00:00:00 192.168.3.224]
01-01 08:01:31.887 0 0 W : [2 T884 .s] [SP FRAME TX] arp req,vif_idx:0 sender:[1c:79:2d:20:62:97 192.168.3.167]receiver:[00:00:00:00:00:00 192.168.3.223]
01-01 08:01:31.889 0 0 W : [2 T884 .s] [SP FRAME TX] arp req,vif_idx:0 sender:[1c:79:2d:20:62:97 192.168.3.167]receiver:[00:00:00:00:00:00 192.168.3.222]
01-01 08:01:31.890 0 0 W : [2 T884 .s] [SP FRAME TX] arp req,vif_idx:0 sender:[1c:79:2d:20:62:97 192.168.3.167]receiver:[00:00:00:00:00:00 192.168.3.221]
01-01 08:01:31.892 0 0 W : [2 T884 .s] [SP FRAME TX] arp req,vif_idx:0 sender:[1c:79:2d:20:62:97 192.168.3.167]receiver:[00:00:00:00:00:00 192.168.3.220]
01-01 08:01:31.893 0 0 W : [2 T884 .s] [SP FRAME TX] arp req,vif_idx:0 sender:[1c:79:2d:20:62:97 192.168.3.167]receiver:[00:00:00:00:00:00 192.168.3.217]
01-01 08:01:31.895 0 0 W : [2 T884 .s] [SP FRAME TX] arp req,vif_idx:0 sender:[1c:79:2d:20:62:97 192.168.3.167]receiver:[00:00:00:00:00:00 192.168.3.215]
01-01 08:01:31.896 0 0 W : [2 T884 .s] [SP FRAME TX] arp req,vif_idx:0 sender:[1c:79:2d:20:62:97 192.168.3.167]receiver:[00:00:00:00:00:00 192.168.3.213]
01-01 08:01:31.898 0 0 W : [2 T884 .s] [SP FRAME TX] arp req,vif_idx:0 sender:[1c:79:2d:20:62:97 192.168.3.167]receiver:[00:00:00:00:00:00 192.168.3.212]
01-01 08:01:31.900 0 0 W : [2 T884 .s] [SP FRAME TX] arp req,vif_idx:0 sender:[1c:79:2d:20:62:97 192.168.3.167]receiver:[00:00:00:00:00:00 192.168.3.211]
01-01 08:01:31.901 0 0 W : [2 T884 .s] [SP FRAME TX] arp req,vif_idx:0 sender:[1c:79:2d:20:62:97 192.168.3.167]receiver:[00:00:00:00:00:00 192.168.3.210]
01-01 08:01:31.903 0 0 W : [2 T884 .s] [SP FRAME TX] arp req,vif_idx:0 sender:[1c:79:2d:20:62:97 192.168.3.167]receiver:[00:00:00:00:00:00 192.168.3.207]
05-23 16:13:15.144 3026 3026 I ip : type=1400 audit(0.0:942): avc: denied { bind } for scontext=u:r:untrusted_app_27:s0:c43,c256,c512,c768 tcontext=u:r:untrusted_app_27:s0:c43,c256,c512,c768 tclass=netlink_route_socket permissive=1 app=com.dangbei.screencast
05-23 16:13:15.144 3026 3026 I ip : type=1400 audit(0.0:943): avc: denied { nlmsg_readpriv } for scontext=u:r:untrusted_app_27:s0:c43,c256,c512,c768 tcontext=u:r:untrusted_app_27:s0:c43,c256,c512,c768 tclass=netlink_route_socket permissive=1 app=com.dangbei.screencast
05-23 16:13:15.144 3026 3026 W ip : type=1400 audit(0.0:944): avc: granted { nlmsg_getneigh } for scontext=u:r:untrusted_app_27:s0:c43,c256,c512,c768 tcontext=u:r:untrusted_app_27:s0:c43,c256,c512,c768 tclass=netlink_route_socket app=com.dangbei.screencast
01-01 08:01:31.904 0 0 W : [2 T884 .s] [SP FRAME TX] arp req,vif_idx:0 sender:[1c:79:2d:20:62:97 192.168.3.167]receiver:[00:00:00:00:00:00 192.168.3.205]
01-01 08:01:31.906 0 0 W : [2 T884 .s] [SP FRAME TX] arp req,vif_idx:0 sender:[1c:79:2d:20:62:97 192.168.3.167]receiver:[00:00:00:00:00:00 192.168.3.202]
01-01 08:01:31.907 0 0 W : [2 T884 .s] [SP FRAME TX] arp req,vif_idx:0 sender:[1c:79:2d:20:62:97 192.168.3.167]receiver:[00:00:00:00:00:00 192.168.3.201]
01-01 08:01:31.909 0 0 W : [2 T884 .s] [SP FRAME TX] arp req,vif_idx:0 sender:[1c:79:2d:20:62:97 192.168.3.167]receiver:[00:00:00:00:00:00 192.168.3.198]
01-01 08:01:31.911 0 0 W : [2 T884 .s] [SP FRAME TX] arp req,vif_idx:0 sender:[1c:79:2d:20:62:97 192.168.3.167]receiver:[00:00:00:00:00:00 192.168.3.197]
01-01 08:01:31.912 0 0 W : [2 T884 .s] [SP FRAME TX] arp req,vif_idx:0 sender:[1c:79:2d:20:62:97 192.168.3.167]receiver:[00:00:00:00:00:00 192.168.3.195]
01-01 08:01:31.914 0 0 W : [2 T884 .s] [SP FRAME TX] arp req,vif_idx:0 sender:[1c:79:2d:20:62:97 192.168.3.167]receiver:[00:00:00:00:00:00 192.168.3.194]
01-01 08:01:31.915 0 0 W : [2 T884 .s] [SP FRAME TX] arp req,vif_idx:0 sender:[1c:79:2d:20:62:97 192.168.3.167]receiver:[00:00:00:00:00:00 192.168.3.191]
01-01 08:01:31.920 0 0 W : [2 T884 .s] [SP FRAME TX] arp req,vif_idx:0 sender:[1c:79:2d:20:62:97 192.168.3.167]receiver:[00:00:00:00:00:00 192.168.3.190]
01-01 08:01:31.921 0 0 W : [2 T884 .s] [SP FRAME TX] arp req,vif_idx:0 sender:[1c:79:2d:20:62:97 192.168.3.167]receiver:[00:00:00:00:00:00 192.168.3.189]
01-01 08:01:31.923 0 0 W : [2 T884 .s] [SP FRAME TX] arp req,vif_idx:0 sender:[1c:79:2d:20:62:97 192.168.3.167]receiver:[00:00:00:00:00:00 192.168.3.187]
01-01 08:01:31.928 0 0 W : [2 T884 .s] [SP FRAME TX] arp req,vif_idx:0 sender:[1c:79:2d:20:62:97 192.168.3.167]receiver:[00:00:00:00:00:00 192.168.3.184]
01-01 08:01:31.932 0 0 W : [2 T884 .s] [SP FRAME TX] arp req,vif_idx:0 sender:[1c:79:2d:20:62:97 192.168.3.167]receiver:[00:00:00:00:00:00 192.168.3.183]
01-01 08:01:31.934 0 0 W : [2 T884 .s] [SP FRAME TX] arp req,vif_idx:0 sender:[1c:79:2d:20:62:97 192.168.3.167]receiver:[00:00:00:00:00:00 192.168.3.179]
01-01 08:01:31.935 0 0 W : [2 T884 .s] [SP FRAME TX] arp req,vif_idx:0 sender:[1c:79:2d:20:62:97 192.168.3.167]receiver:[00:00:00:00:00:00 192.168.3.177]
01-01 08:01:31.937 0 0 W : [2 T884 .s] [SP FRAME TX] arp req,vif_idx:0 sender:[1c:79:2d:20:62:97 192.168.3.167]receiver:[00:00:00:00:00:00 192.168.3.176]
01-01 08:01:31.938 0 0 W : [2 T884 .s] [SP FRAME TX] arp req,vif_idx:0 sender:[1c:79:2d:20:62:97 192.168.3.167]receiver:[00:00:00:00:00:00 192.168.3.173]
01-01 08:01:31.940 0 0 W : [2 T884 .s] [SP FRAME TX] arp req,vif_idx:0 sender:[1c:79:2d:20:62:97 192.168.3.167]receiver:[00:00:00:00:00:00 192.168.3.172]
01-01 08:01:31.941 0 0 W : [2 T884 .s] [SP FRAME TX] arp req,vif_idx:0 sender:[1c:79:2d:20:62:97 192.168.3.167]receiver:[00:00:00:00:00:00 192.168.3.170]
01-01 08:01:31.943 0 0 W : [2 T884 .s] [SP FRAME TX] arp req,vif_idx:0 sender:[1c:79:2d:20:62:97 192.168.3.167]receiver:[00:00:00:00:00:00 192.168.3.166]
01-01 08:01:31.945 0 0 W : [2 T884 .s] [SP FRAME TX] arp req,vif_idx:0 sender:[1c:79:2d:20:62:97 192.168.3.167]receiver:[00:00:00:00:00:00 192.168.3.162]
01-01 08:01:31.946 0 0 W : [2 T884 .s] [SP FRAME TX] arp req,vif_idx:0 sender:[1c:79:2d:20:62:97 192.168.3.167]receiver:[00:00:00:00:00:00 192.168.3.161]
01-01 08:01:31.948 0 0 W : [2 T884 .s] [SP FRAME TX] arp req,vif_idx:0 sender:[1c:79:2d:20:62:97 192.168.3.167]receiver:[00:00:00:00:00:00 192.168.3.160]
01-01 08:01:31.949 0 0 W : [2 T884 .s] [SP FRAME TX] arp req,vif_idx:0 sender:[1c:79:2d:20:62:97 192.168.3.167]receiver:[00:00:00:00:00:00 192.168.3.159]
01-01 08:01:31.951 0 0 W : [2 T884 .s] [SP FRAME TX] arp req,vif_idx:0 sender:[1c:79:2d:20:62:97 192.168.3.167]receiver:[00:00:00:00:00:00 192.168.3.157]
01-01 08:01:31.952 0 0 W : [2 T884 .s] [SP FRAME TX] arp req,vif_idx:0 sender:[1c:79:2d:20:62:97 192.168.3.167]receiver:[00:00:00:00:00:00 192.168.3.155]
01-01 08:01:31.954 0 0 W : [2 T884 .s] [SP FRAME TX] arp req,vif_idx:0 sender:[1c:79:2d:20:62:97 192.168.3.167]receiver:[00:00:00:00:00:00 192.168.3.154]
01-01 08:01:31.955 0 0 W : [2 T884 .s] [SP FRAME TX] arp req,vif_idx:0 sender:[1c:79:2d:20:62:97 192.168.3.167]receiver:[00:00:00:00:00:00 192.168.3.153]
01-01 08:01:31.957 0 0 W : [2 T884 .s] [SP FRAME TX] arp req,vif_idx:0 sender:[1c:79:2d:20:62:97 192.168.3.167]receiver:[00:00:00:00:00:00 192.168.3.151]
01-01 08:01:31.959 0 0 W : [2 T884 .s] [SP FRAME TX] arp req,vif_idx:0 sender:[1c:79:2d:20:62:97 192.168.3.167]receiver:[00:00:00:00:00:00 192.168.3.150]
01-01 08:01:31.960 0 0 W : [2 T884 .s] [SP FRAME TX] arp req,vif_idx:0 sender:[1c:79:2d:20:62:97 192.168.3.167]receiver:[00:00:00:00:00:00 192.168.3.148]
01-01 08:01:31.962 0 0 W : [2 T884 .s] [SP FRAME TX] arp req,vif_idx:0 sender:[1c:79:2d:20:62:97 192.168.3.167]receiver:[00:00:00:00:00:00 192.168.3.147]
01-01 08:01:31.963 0 0 W : [2 T884 .s] [SP FRAME TX] arp req,vif_idx:0 sender:[1c:79:2d:20:62:97 192.168.3.167]receiver:[00:00:00:00:00:00 192.168.3.145]
01-01 08:01:31.965 0 0 W : [2 T884 .s] [SP FRAME TX] arp req,vif_idx:0 sender:[1c:79:2d:20:62:97 192.168.3.167]receiver:[00:00:00:00:00:00 192.168.3.142]
01-01 08:01:31.966 0 0 W : [2 T884 .s] [SP FRAME TX] arp req,vif_idx:0 sender:[1c:79:2d:20:62:97 192.168.3.167]receiver:[00:00:00:00:00:00 192.168.3.140]
01-01 08:01:31.968 0 0 W : [2 T884 .s] [SP FRAME TX] arp req,vif_idx:0 sender:[1c:79:2d:20:62:97 192.168.3.167]receiver:[00:00:00:00:00:00 192.168.3.139]
01-01 08:01:31.969 0 0 W : [2 T884 .s] [SP FRAME TX] arp req,vif_idx:0 sender:[1c:79:2d:20:62:97 192.168.3.167]receiver:[00:00:00:00:00:00 192.168.3.137]
01-01 08:01:31.971 0 0 W : [2 T884 .s] [SP FRAME TX] arp req,vif_idx:0 sender:[1c:79:2d:20:62:97 192.168.3.167]receiver:[00:00:00:00:00:00 192.168.3.136]
01-01 08:01:31.973 0 0 W : [2 T884 .s] [SP FRAME TX] arp req,vif_idx:0 sender:[1c:79:2d:20:62:97 192.168.3.167]receiver:[00:00:00:00:00:00 192.168.3.135]
01-01 08:01:31.974 0 0 W : [2 T884 .s] [SP FRAME TX] arp req,vif_idx:0 sender:[1c:79:2d:20:62:97 192.168.3.167]receiver:[00:00:00:00:00:00 192.168.3.134]
01-01 08:01:31.976 0 0 W : [2 T884 .s] [SP FRAME TX] arp req,vif_idx:0 sender:[1c:79:2d:20:62:97 192.168.3.167]receiver:[00:00:00:00:00:00 192.168.3.131]
01-01 08:01:31.977 0 0 W : [2 T884 .s] [SP FRAME TX] arp req,vif_idx:0 sender:[1c:79:2d:20:62:97 192.168.3.167]receiver:[00:00:00:00:00:00 192.168.3.130]
01-01 08:01:31.979 0 0 W : [2 T884 .s] [SP FRAME TX] arp req,vif_idx:0 sender:[1c:79:2d:20:62:97 192.168.3.167]receiver:[00:00:00:00:00:00 192.168.3.128]
01-01 08:01:31.980 0 0 W : [2 T884 .s] [SP FRAME TX] arp req,vif_idx:0 sender:[1c:79:2d:20:62:97 192.168.3.167]receiver:[00:00:00:00:00:00 192.168.3.126]
01-01 08:01:31.982 0 0 W : [2 T884 .s] [SP FRAME TX] arp req,vif_idx:0 sender:[1c:79:2d:20:62:97 192.168.3.167]receiver:[00:00:00:00:00:00 192.168.3.125]
01-01 08:01:31.984 0 0 W : [2 T884 .s] [SP FRAME TX] arp req,vif_idx:0 sender:[1c:79:2d:20:62:97 192.168.3.167]receiver:[00:00:00:00:00:00 192.168.3.124]
01-01 08:01:31.985 0 0 W : [2 T884 .s] [SP FRAME TX] arp req,vif_idx:0 sender:[1c:79:2d:20:62:97 192.168.3.167]receiver:[00:00:00:00:00:00 192.168.3.123]
01-01 08:01:31.987 0 0 W : [2 T884 .s] [SP FRAME TX] arp req,vif_idx:0 sender:[1c:79:2d:20:62:97 192.168.3.167]receiver:[00:00:00:00:00:00 192.168.3.122]
01-01 08:01:31.988 0 0 W : [2 T884 .s] [SP FRAME TX] arp req,vif_idx:0 sender:[1c:79:2d:20:62:97 192.168.3.167]receiver:[00:00:00:00:00:00 192.168.3.121]
01-01 08:01:31.990 0 0 W : [2 T884 .s] [SP FRAME TX] arp req,vif_idx:0 sender:[1c:79:2d:20:62:97 192.168.3.167]receiver:[00:00:00:00:00:00 192.168.3.120]
01-01 08:01:31.991 0 0 W : [2 T884 .s] [SP FRAME TX] arp req,vif_idx:0 sender:[1c:79:2d:20:62:97 192.168.3.167]receiver:[00:00:00:00:00:00 192.168.3.118]
01-01 08:01:31.993 0 0 W : [2 T884 .s] [SP FRAME TX] arp req,vif_idx:0 sender:[1c:79:2d:20:62:97 192.168.3.167]receiver:[00:00:00:00:00:00 192.168.3.117]
01-01 08:01:31.994 0 0 W : [2 T884 .s] [SP FRAME TX] arp req,vif_idx:0 sender:[1c:79:2d:20:62:97 192.168.3.167]receiver:[00:00:00:00:00:00 192.168.3.116]
01-01 08:01:31.996 0 0 W : [2 T884 .s] [SP FRAME TX] arp req,vif_idx:0 sender:[1c:79:2d:20:62:97 192.168.3.167]receiver:[00:00:00:00:00:00 192.168.3.115]
01-01 08:01:31.998 0 0 W : [2 T884 .s] [SP FRAME TX] arp req,vif_idx:0 sender:[1c:79:2d:20:62:97 192.168.3.167]receiver:[00:00:00:00:00:00 192.168.3.113]
01-01 08:01:31.999 0 0 W : [2 T884 .s] [SP FRAME TX] arp req,vif_idx:0 sender:[1c:79:2d:20:62:97 192.168.3.167]receiver:[00:00:00:00:00:00 192.168.3.112]
01-01 08:01:32.001 0 0 W : [2 T884 .s] [SP FRAME TX] arp req,vif_idx:0 sender:[1c:79:2d:20:62:97 192.168.3.167]receiver:[00:00:00:00:00:00 192.168.3.111]
01-01 08:01:32.002 0 0 W : [2 T884 .s] [SP FRAME TX] arp req,vif_idx:0 sender:[1c:79:2d:20:62:97 192.168.3.167]receiver:[00:00:00:00:00:00 192.168.3.110]
01-01 08:01:32.004 0 0 W : [2 T884 .s] [SP FRAME TX] arp req,vif_idx:0 sender:[1c:79:2d:20:62:97 192.168.3.167]receiver:[00:00:00:00:00:00 192.168.3.109]
01-01 08:01:32.005 0 0 W : [2 T884 .s] [SP FRAME TX] arp req,vif_idx:0 sender:[1c:79:2d:20:62:97 192.168.3.167]receiver:[00:00:00:00:00:00 192.168.3.108]
01-01 08:01:32.007 0 0 W : [2 T884 .s] [SP FRAME TX] arp req,vif_idx:0 sender:[1c:79:2d:20:62:97 192.168.3.167]receiver:[00:00:00:00:00:00 192.168.3.106]
01-01 08:01:32.009 0 0 W : [2 T884 .s] [SP FRAME TX] arp req,vif_idx:0 sender:[1c:79:2d:20:62:97 192.168.3.167]receiver:[00:00:00:00:00:00 192.168.3.105]
01-01 08:01:32.010 0 0 W : [2 T884 .s] [SP FRAME TX] arp req,vif_idx:0 sender:[1c:79:2d:20:62:97 192.168.3.167]receiver:[00:00:00:00:00:00 192.168.3.104]
01-01 08:01:32.012 0 0 W : [2 T884 .s] [SP FRAME TX] arp req,vif_idx:0 sender:[1c:79:2d:20:62:97 192.168.3.167]receiver:[00:00:00:00:00:00 192.168.3.103]
01-01 08:01:32.013 0 0 W : [2 T884 .s] [SP FRAME TX] arp req,vif_idx:0 sender:[1c:79:2d:20:62:97 192.168.3.167]receiver:[00:00:00:00:00:00 192.168.3.101]
01-01 08:01:32.015 0 0 W : [2 T884 .s] [SP FRAME TX] arp req,vif_idx:0 sender:[1c:79:2d:20:62:97 192.168.3.167]receiver:[00:00:00:00:00:00 192.168.3.100]
01-01 08:01:32.016 0 0 W : [2 T884 .s] [SP FRAME TX] arp req,vif_idx:0 sender:[1c:79:2d:20:62:97 192.168.3.167]receiver:[00:00:00:00:00:00 192.168.3.99]
01-01 08:01:32.018 0 0 W : [2 T884 .s] [SP FRAME TX] arp req,vif_idx:0 sender:[1c:79:2d:20:62:97 192.168.3.167]receiver:[00:00:00:00:00:00 192.168.3.98]
01-01 08:01:32.019 0 0 W : [2 T884 .s] [SP FRAME TX] arp req,vif_idx:0 sender:[1c:79:2d:20:62:97 192.168.3.167]receiver:[00:00:00:00:00:00 192.168.3.95]
01-01 08:01:32.021 0 0 W : [2 T884 .s] [SP FRAME TX] arp req,vif_idx:0 sender:[1c:79:2d:20:62:97 192.168.3.167]receiver:[00:00:00:00:00:00 192.168.3.94]
01-01 08:01:32.022 0 0 W : [2 T884 .s] [SP FRAME TX] arp req,vif_idx:0 sender:[1c:79:2d:20:62:97 192.168.3.167]receiver:[00:00:00:00:00:00 192.168.3.91]
01-01 08:01:32.024 0 0 W : [2 T884 .s] [SP FRAME TX] arp req,vif_idx:0 sender:[1c:79:2d:20:62:97 192.168.3.167]receiver:[00:00:00:00:00:00 192.168.3.90]
01-01 08:01:32.026 0 0 W : [2 T884 .s] [SP FRAME TX] arp req,vif_idx:0 sender:[1c:79:2d:20:62:97 192.168.3.167]receiver:[00:00:00:00:00:00 192.168.3.88]
01-01 08:01:32.027 0 0 W : [2 T884 .s] [SP FRAME TX] arp req,vif_idx:0 sender:[1c:79:2d:20:62:97 192.168.3.167]receiver:[00:00:00:00:00:00 192.168.3.87]
01-01 08:01:32.029 0 0 W : [2 T884 .s] [SP FRAME TX] arp req,vif_idx:0 sender:[1c:79:2d:20:62:97 192.168.3.167]receiver:[00:00:00:00:00:00 192.168.3.86]
01-01 08:01:32.030 0 0 W : [2 T884 .s] [SP FRAME TX] arp req,vif_idx:0 sender:[1c:79:2d:20:62:97 192.168.3.167]receiver:[00:00:00:00:00:00 192.168.3.85]
01-01 08:01:32.032 0 0 W : [2 T884 .s] [SP FRAME TX] arp req,vif_idx:0 sender:[1c:79:2d:20:62:97 192.168.3.167]receiver:[00:00:00:00:00:00 192.168.3.84]
01-01 08:01:32.033 0 0 W : [2 T884 .s] [SP FRAME TX] arp req,vif_idx:0 sender:[1c:79:2d:20:62:97 192.168.3.167]receiver:[00:00:00:00:00:00 192.168.3.83]
01-01 08:01:32.035 0 0 W : [2 T884 .s] [SP FRAME TX] arp req,vif_idx:0 sender:[1c:79:2d:20:62:97 192.168.3.167]receiver:[00:00:00:00:00:00 192.168.3.82]
01-01 08:01:32.036 0 0 W : [2 T884 .s] [SP FRAME TX] arp req,vif_idx:0 sender:[1c:79:2d:20:62:97 192.168.3.167]receiver:[00:00:00:00:00:00 192.168.3.79]
01-01 08:01:32.038 0 0 W : [2 T884 .s] [SP FRAME TX] arp req,vif_idx:0 sender:[1c:79:2d:20:62:97 192.168.3.167]receiver:[00:00:00:00:00:00 192.168.3.78]
01-01 08:01:32.039 0 0 W : [2 T884 .s] [SP FRAME TX] arp req,vif_idx:0 sender:[1c:79:2d:20:62:97 192.168.3.167]receiver:[00:00:00:00:00:00 192.168.3.77]
01-01 08:01:32.041 0 0 W : [2 T884 .s] [SP FRAME TX] arp req,vif_idx:0 sender:[1c:79:2d:20:62:97 192.168.3.167]receiver:[00:00:00:00:00:00 192.168.3.76]
01-01 08:01:32.043 0 0 W : [2 T884 .s] [SP FRAME TX] arp req,vif_idx:0 sender:[1c:79:2d:20:62:97 192.168.3.167]receiver:[00:00:00:00:00:00 192.168.3.75]
01-01 08:01:32.044 0 0 W : [2 T884 .s] [SP FRAME TX] arp req,vif_idx:0 sender:[1c:79:2d:20:62:97 192.168.3.167]receiver:[00:00:00:00:00:00 192.168.3.74]
01-01 08:01:32.046 0 0 W : [2 T884 .s] [SP FRAME TX] arp req,vif_idx:0 sender:[1c:79:2d:20:62:97 192.168.3.167]receiver:[00:00:00:00:00:00 192.168.3.73]
01-01 08:01:32.047 0 0 W : [2 T884 .s] [SP FRAME TX] arp req,vif_idx:0 sender:[1c:79:2d:20:62:97 192.168.3.167]receiver:[00:00:00:00:00:00 192.168.3.69]
01-01 08:01:32.049 0 0 W : [2 T884 .s] [SP FRAME TX] arp req,vif_idx:0 sender:[1c:79:2d:20:62:97 192.168.3.167]receiver:[00:00:00:00:00:00 192.168.3.68]
01-01 08:01:32.050 0 0 W : [2 T884 .s] [SP FRAME TX] arp req,vif_idx:0 sender:[1c:79:2d:20:62:97 192.168.3.167]receiver:[00:00:00:00:00:00 192.168.3.66]
01-01 08:01:32.052 0 0 W : [2 T884 .s] [SP FRAME TX] arp req,vif_idx:0 sender:[1c:79:2d:20:62:97 192.168.3.167]receiver:[00:00:00:00:00:00 192.168.3.65]
01-01 08:01:32.053 0 0 W : [2 T884 .s] [SP FRAME TX] arp req,vif_idx:0 sender:[1c:79:2d:20:62:97 192.168.3.167]receiver:[00:00:00:00:00:00 192.168.3.63]
01-01 08:01:32.055 0 0 W : [2 T884 .s] [SP FRAME TX] arp req,vif_idx:0 sender:[1c:79:2d:20:62:97 192.168.3.167]receiver:[00:00:00:00:00:00 192.168.3.62]
01-01 08:01:32.057 0 0 W : [2 T884 .s] [SP FRAME TX] arp req,vif_idx:0 sender:[1c:79:2d:20:62:97 192.168.3.167]receiver:[00:00:00:00:00:00 192.168.3.60]
01-01 08:01:32.058 0 0 W : [2 T884 .s] [SP FRAME TX] arp req,vif_idx:0 sender:[1c:79:2d:20:62:97 192.168.3.167]receiver:[00:00:00:00:00:00 192.168.3.59]
01-01 08:01:32.060 0 0 W : [2 T884 .s] [SP FRAME TX] arp req,vif_idx:0 sender:[1c:79:2d:20:62:97 192.168.3.167]receiver:[00:00:00:00:00:00 192.168.3.58]
01-01 08:01:32.061 0 0 W : [2 T884 .s] [SP FRAME TX] arp req,vif_idx:0 sender:[1c:79:2d:20:62:97 192.168.3.167]receiver:[00:00:00:00:00:00 192.168.3.57]
01-01 08:01:32.063 0 0 W : [2 T884 .s] [SP FRAME TX] arp req,vif_idx:0 sender:[1c:79:2d:20:62:97 192.168.3.167]receiver:[00:00:00:00:00:00 192.168.3.56]
01-01 08:01:32.064 0 0 W : [2 T884 .s] [SP FRAME TX] arp req,vif_idx:0 sender:[1c:79:2d:20:62:97 192.168.3.167]receiver:[00:00:00:00:00:00 192.168.3.52]
01-01 08:01:32.066 0 0 W : [2 T884 .s] [SP FRAME TX] arp req,vif_idx:0 sender:[1c:79:2d:20:62:97 192.168.3.167]receiver:[00:00:00:00:00:00 192.168.3.50]
01-01 08:01:32.067 0 0 W : [2 T884 .s] [SP FRAME TX] arp req,vif_idx:0 sender:[1c:79:2d:20:62:97 192.168.3.167]receiver:[00:00:00:00:00:00 192.168.3.48]
01-01 08:01:32.069 0 0 W : [2 T884 .s] [SP FRAME TX] arp req,vif_idx:0 sender:[1c:79:2d:20:62:97 192.168.3.167]receiver:[00:00:00:00:00:00 192.168.3.47]
01-01 08:01:32.070 0 0 W : [2 T884 .s] [SP FRAME TX] arp req,vif_idx:0 sender:[1c:79:2d:20:62:97 192.168.3.167]receiver:[00:00:00:00:00:00 192.168.3.46]
01-01 08:01:32.072 0 0 W : [2 T884 .s] [SP FRAME TX] arp req,vif_idx:0 sender:[1c:79:2d:20:62:97 192.168.3.167]receiver:[00:00:00:00:00:00 192.168.3.45]
01-01 08:01:32.074 0 0 W : [2 T884 .s] [SP FRAME TX] arp req,vif_idx:0 sender:[1c:79:2d:20:62:97 192.168.3.167]receiver:[00:00:00:00:00:00 192.168.3.44]
01-01 08:01:32.075 0 0 W : [2 T884 .s] [SP FRAME TX] arp req,vif_idx:0 sender:[1c:79:2d:20:62:97 192.168.3.167]receiver:[00:00:00:00:00:00 192.168.3.43]
01-01 08:01:32.077 0 0 W : [2 T884 .s] [SP FRAME TX] arp req,vif_idx:0 sender:[1c:79:2d:20:62:97 192.168.3.167]receiver:[00:00:00:00:00:00 192.168.3.42]
01-01 08:01:32.078 0 0 W : [2 T884 .s] [SP FRAME TX] arp req,vif_idx:0 sender:[1c:79:2d:20:62:97 192.168.3.167]receiver:[00:00:00:00:00:00 192.168.3.41]
01-01 08:01:32.080 0 0 W : [2 T884 .s] [SP FRAME TX] arp req,vif_idx:0 sender:[1c:79:2d:20:62:97 192.168.3.167]receiver:[00:00:00:00:00:00 192.168.3.40]
01-01 08:01:32.081 0 0 W : [2 T884 .s] [SP FRAME TX] arp req,vif_idx:0 sender:[1c:79:2d:20:62:97 192.168.3.167]receiver:[00:00:00:00:00:00 192.168.3.39]
01-01 08:01:32.083 0 0 W : [2 T884 .s] [SP FRAME TX] arp req,vif_idx:0 sender:[1c:79:2d:20:62:97 192.168.3.167]receiver:[00:00:00:00:00:00 192.168.3.37]
01-01 08:01:32.084 0 0 W : [2 T884 .s] [SP FRAME TX] arp req,vif_idx:0 sender:[1c:79:2d:20:62:97 192.168.3.167]receiver:[00:00:00:00:00:00 192.168.3.32]
01-01 08:01:32.086 0 0 W : [2 T884 .s] [SP FRAME TX] arp req,vif_idx:0 sender:[1c:79:2d:20:62:97 192.168.3.167]receiver:[00:00:00:00:00:00 192.168.3.31]
01-01 08:01:32.087 0 0 W : [2 T884 .s] [SP FRAME TX] arp req,vif_idx:0 sender:[1c:79:2d:20:62:97 192.168.3.167]receiver:[00:00:00:00:00:00 192.168.3.27]
01-01 08:01:32.089 0 0 W : [2 T34 .s] [SP FRAME TX] arp req,vif_idx:0 sender:[1c:79:2d:20:62:97 192.168.3.167]receiver:[00:00:00:00:00:00 192.168.3.25]
01-01 08:01:32.089 0 0 I [3 T688 ..] [snd-soc]: aml_audio_reset, reg 0xa, shift 9, use_vadtop 0
01-01 08:01:32.091 0 0 W : [2 T34 .s] [SP FRAME TX] arp req,vif_idx:0 sender:[1c:79:2d:20:62:97 192.168.3.167]receiver:[00:00:00:00:00:00 192.168.3.22]
01-01 08:01:32.092 0 0 W : [3 T948 ..] [SP FRAME RX] arp req,vif_idx:0 sender:[b4:2f:03:15:e9:0b 192.168.3.11]receiver:[00:00:00:00:00:00 192.168.3.167]
01-01 08:01:32.093 0 0 W : [2 T34 .s] [SP FRAME TX] arp req,vif_idx:0 sender:[1c:79:2d:20:62:97 192.168.3.167]receiver:[00:00:00:00:00:00 192.168.3.20]
01-01 08:01:32.095 0 0 W : [3 T948 ..] [SP FRAME RX] arp req,vif_idx:0 sender:[3a:fd:3d:ee:5f:54 192.168.3.118]receiver:[00:00:00:00:00:00 192.168.3.167]
01-01 08:01:32.096 0 0 W : [2 T34 .s] [SP FRAME TX] arp req,vif_idx:0 sender:[1c:79:2d:20:62:97 192.168.3.167]receiver:[00:00:00:00:00:00 192.168.3.19]
01-01 08:01:32.098 0 0 W : [3 T948 ..] [SP FRAME RX] arp rsp,vif_idx:0 sender:[b2:33:fc:c9:ef:d5 192.168.3.223]receiver:[1c:79:2d:20:62:97 192.168.3.167]
01-01 08:01:32.099 0 0 W : [2 T34 .s] [SP FRAME TX] arp req,vif_idx:0 sender:[1c:79:2d:20:62:97 192.168.3.167]receiver:[00:00:00:00:00:00 192.168.3.18]
05-23 16:13:15.321 483 688 E audio_hw_hal_alsamgr: aml_alsa_output_get_delayframe:824, pcm_ioctl fail, ret:0xffffffff, error info:Broken pipe
05-23 16:13:15.322 483 688 I audio_hw_hal_alsamgr: aml_alsa_output_write alsa_running_status[0xea401cd0] change from 1 to 0
05-23 16:13:15.322 483 688 W audio_hw_hal_alsamgr: [aml_alsa_output_write:616] alsa underrun
01-01 08:01:32.101 0 0 W : [3 T948 ..] [SP FRAME RX] arp rsp,vif_idx:0 sender:[42:87:91:b7:6d:20 192.168.3.226]receiver:[1c:79:2d:20:62:97 192.168.3.167]
01-01 08:01:32.102 0 0 W : [2 T34 .s] [SP FRAME TX] arp req,vif_idx:0 sender:[1c:79:2d:20:62:97 192.168.3.167]receiver:[00:00:00:00:00:00 192.168.3.16]
01-01 08:01:32.104 0 0 W : [3 T948 ..] [SP FRAME RX] arp rsp,vif_idx:0 sender:[fa:2f:29:9c:c5:88 192.168.3.230]receiver:[1c:79:2d:20:62:97 192.168.3.167]
01-01 08:01:32.106 0 0 W : [2 T34 .s] [SP FRAME TX] arp req,vif_idx:0 sender:[1c:79:2d:20:62:97 192.168.3.167]receiver:[00:00:00:00:00:00 192.168.3.15]
01-01 08:01:32.107 0 0 W : [3 T948 ..] [SP FRAME RX] arp rsp,vif_idx:0 sender:[cc:f9:e4:c5:46:30 192.168.3.207]receiver:[1c:79:2d:20:62:97 192.168.3.167]
01-01 08:01:32.109 0 0 W : [2 T34 .s] [SP FRAME TX] arp req,vif_idx:0 sender:[1c:79:2d:20:62:97 192.168.3.167]receiver:[00:00:00:00:00:00 192.168.3.13]
01-01 08:01:32.110 0 0 W : [3 T948 ..] [SP FRAME RX] arp rsp,vif_idx:0 sender:[14:75:5b:b2:79:79 192.168.3.201]receiver:[1c:79:2d:20:62:97 192.168.3.167]
01-01 08:01:32.112 0 0 W : [2 T34 .s] [SP FRAME TX] arp req,vif_idx:0 sender:[1c:79:2d:20:62:97 192.168.3.167]receiver:[00:00:00:00:00:00 192.168.3.12]
01-01 08:01:32.113 0 0 W : [3 T948 ..] [SP FRAME RX] arp req,vif_idx:0 sender:[de:90:cb:50:92:8f 192.168.3.252]receiver:[00:00:00:00:00:00 192.168.3.167]
01-01 08:01:32.115 0 0 W : [2 T34 .s] [SP FRAME TX] arp req,vif_idx:0 sender:[1c:79:2d:20:62:97 192.168.3.167]receiver:[00:00:00:00:00:00 192.168.3.11]
01-01 08:01:32.116 0 0 W : [3 T948 ..] [SP FRAME RX] arp req,vif_idx:0 sender:[02:18:5d:1c:ad:fa 192.168.3.19]receiver:[00:00:00:00:00:00 192.168.3.167]
01-01 08:01:32.118 0 0 W : [2 T34 .s] [SP FRAME TX] arp req,vif_idx:0 sender:[1c:79:2d:20:62:97 192.168.3.167]receiver:[00:00:00:00:00:00 192.168.3.5]
01-01 08:01:32.120 0 0 W : [3 T948 ..] [SP FRAME RX] arp rsp,vif_idx:0 sender:[0c:91:60:12:cd:da 192.168.3.221]receiver:[1c:79:2d:20:62:97 192.168.3.167]
01-01 08:01:32.121 0 0 W : [2 T34 .s] [SP FRAME TX] arp req,vif_idx:0 sender:[1c:79:2d:20:62:97 192.168.3.167]receiver:[00:00:00:00:00:00 192.168.3.53]
01-01 08:01:32.123 0 0 W : [3 T948 ..] [SP FRAME RX] arp req,vif_idx:0 sender:[02:91:37:fc:9e:f6 192.168.3.105]receiver:[00:00:00:00:00:00 192.168.3.167]
01-01 08:01:32.124 0 0 W : [2 T34 .s] [SP FRAME TX] arp req,vif_idx:0 sender:[1c:79:2d:20:62:97 192.168.3.167]receiver:[00:00:00:00:00:00 192.168.3.8]
01-01 08:01:32.126 0 0 W : [3 T948 ..] [SP FRAME RX] arp req,vif_idx:0 sender:[20:57:9e:67:7f:db 192.168.3.248]receiver:[00:00:00:00:00:00 192.168.3.167]
01-01 08:01:32.127 0 0 W : [2 T34 .s] [SP FRAME TX] arp rsp,vif_idx:0 sender:[1c:79:2d:20:62:97 192.168.3.167]receiver:[b4:2f:03:15:e9:0b 192.168.3.11]
01-01 08:01:32.129 0 0 W : [3 T948 ..] [SP FRAME RX] arp req,vif_idx:0 sender:[2e:b8:3b:16:08:4f 192.168.3.157]receiver:[00:00:00:00:00:00 192.168.3.167]
01-01 08:01:32.130 0 0 W : [2 T34 .s] [SP FRAME TX] arp rsp,vif_idx:0 sender:[1c:79:2d:20:62:97 192.168.3.167]receiver:[3a:fd:3d:ee:5f:54 192.168.3.118]
01-01 08:01:32.132 0 0 W : [3 T948 ..] [SP FRAME RX] arp req,vif_idx:0 sender:[32:d3:91:86:95:7c 192.168.3.134]receiver:[00:00:00:00:00:00 192.168.3.167]
01-01 08:01:32.133 0 0 W : [2 T34 .s] [SP FRAME TX] arp rsp,vif_idx:0 sender:[1c:79:2d:20:62:97 192.168.3.167]receiver:[de:90:cb:50:92:8f 192.168.3.252]
01-01 08:01:32.135 0 0 W : [3 T948 ..] [SP FRAME RX] arp req,vif_idx:0 sender:[1a:8c:ec:ac:60:cb 192.168.3.43]receiver:[00:00:00:00:00:00 192.168.3.167]
01-01 08:01:32.137 0 0 W : [2 T34 .s] [SP FRAME TX] arp rsp,vif_idx:0 sender:[1c:79:2d:20:62:97 192.168.3.167]receiver:[02:18:5d:1c:ad:fa 192.168.3.19]
01-01 08:01:32.138 0 0 W : [3 T948 ..] [SP FRAME RX] arp rsp,vif_idx:0 sender:[4c:6b:b8:99:cd:e4 192.168.3.205]receiver:[1c:79:2d:20:62:97 192.168.3.167]
01-01 08:01:32.140 0 0 W : [2 T34 .s] [SP FRAME TX] arp rsp,vif_idx:0 sender:[1c:79:2d:20:62:97 192.168.3.167]receiver:[02:91:37:fc:9e:f6 192.168.3.105]
01-01 08:01:32.141 0 0 W : [3 T948 ..] [SP FRAME RX] arp req,vif_idx:0 sender:[44:37:0b:0d:07:cd 192.168.3.234]receiver:[00:00:00:00:00:00 192.168.3.167]
01-01 08:01:32.143 0 0 W : [2 T34 .s] [SP FRAME TX] arp rsp,vif_idx:0 sender:[1c:79:2d:20:62:97 192.168.3.167]receiver:[20:57:9e:67:7f:db 192.168.3.248]
01-01 08:01:32.144 0 0 W : [3 T948 ..] [SP FRAME RX] arp rsp,vif_idx:0 sender:[fa:ff:42:eb:c0:04 192.168.3.9]receiver:[1c:79:2d:20:62:97 192.168.3.167]
01-01 08:01:32.146 0 0 W : [2 T34 .s] [SP FRAME TX] arp rsp,vif_idx:0 sender:[1c:79:2d:20:62:97 192.168.3.167]receiver:[2e:b8:3b:16:08:4f 192.168.3.157]
01-01 08:01:32.148 0 0 W : [3 T948 ..] [SP FRAME RX] arp rsp,vif_idx:0 sender:[94:b6:09:2b:02:aa 192.168.3.150]receiver:[1c:79:2d:20:62:97 192.168.3.167]
01-01 08:01:32.149 0 0 W : [2 T34 .s] [SP FRAME TX] arp rsp,vif_idx:0 sender:[1c:79:2d:20:62:97 192.168.3.167]receiver:[32:d3:91:86:95:7c 192.168.3.134]
01-01 08:01:32.151 0 0 W : [3 T948 ..] [SP FRAME RX] arp rsp,vif_idx:0 sender:[32:d3:91:86:95:7c 192.168.3.134]receiver:[1c:79:2d:20:62:97 192.168.3.167]
01-01 08:01:32.152 0 0 W : [2 T34 .s] [SP FRAME TX] arp rsp,vif_idx:0 sender:[1c:79:2d:20:62:97 192.168.3.167]receiver:[1a:8c:ec:ac:60:cb 192.168.3.43]
01-01 08:01:32.154 0 0 W : [3 T948 ..] [SP FRAME RX] arp rsp,vif_idx:0 sender:[20:0b:74:64:d4:e2 192.168.3.140]receiver:[1c:79:2d:20:62:97 192.168.3.167]
01-01 08:01:32.155 0 0 W : [2 T34 .s] [SP FRAME TX] arp req,vif_idx:0 sender:[1c:79:2d:20:62:97 192.168.3.167]receiver:[00:00:00:00:00:00 192.168.3.254]
01-01 08:01:32.157 0 0 W : [3 T948 ..] [SP FRAME RX] arp rsp,vif_idx:0 sender:[aa:e8:f8:38:9d:f2 192.168.3.147]receiver:[1c:79:2d:20:62:97 192.168.3.167]
01-01 08:01:32.158 0 0 W : [2 T34 .s] [SP FRAME TX] arp req,vif_idx:0 sender:[1c:79:2d:20:62:97 192.168.3.167]receiver:[00:00:00:00:00:00 192.168.3.253]
01-01 08:01:32.160 0 0 W : [3 T948 ..] [SP FRAME RX] arp rsp,vif_idx:0 sender:[86:c4:12:e3:5b:28 192.168.3.161]receiver:[1c:79:2d:20:62:97 192.168.3.167]
01-01 08:01:32.162 0 0 W : [2 T34 .s] [SP FRAME TX] arp req,vif_idx:0 sender:[1c:79:2d:20:62:97 192.168.3.167]receiver:[00:00:00:00:00:00 192.168.3.252]
01-01 08:01:32.163 0 0 W : [3 T948 ..] [SP FRAME RX] arp rsp,vif_idx:0 sender:[de:1c:02:1c:5c:c0 192.168.3.135]receiver:[1c:79:2d:20:62:97 192.168.3.167]
05-23 16:13:15.397 471 3028 I resolv : GetAddrInfoHandler::run: {100 100 100 983140 10043 0}
05-23 16:13:15.398 471 3029 I resolv : res_nmkquery: (QUERY, IN, A)
01-01 08:01:32.165 0 0 W : [2 T34 .s] [SP FRAME TX] arp req,vif_idx:0 sender:[1c:79:2d:20:62:97 192.168.3.167]receiver:[00:00:00:00:00:00 192.168.3.250]
01-01 08:01:32.166 0 0 W : [3 T948 ..] [SP FRAME RX] arp rsp,vif_idx:0 sender:[28:7b:11:70:75:f3 192.168.3.148]receiver:[1c:79:2d:20:62:97 192.168.3.167]
01-01 08:01:32.168 0 0 W : [2 T34 .s] [SP FRAME TX] arp req,vif_idx:0 sender:[1c:79:2d:20:62:97 192.168.3.167]receiver:[00:00:00:00:00:00 192.168.3.249]
01-01 08:01:32.169 0 0 W : [3 T948 ..] [SP FRAME RX] arp rsp,vif_idx:0 sender:[c8:5e:a9:73:41:6e 192.168.3.189]receiver:[1c:79:2d:20:62:97 192.168.3.167]
01-01 08:01:32.171 0 0 W : [2 T34 .s] [SP FRAME TX] arp req,vif_idx:0 sender:[1c:79:2d:20:62:97 192.168.3.167]receiver:[00:00:00:00:00:00 192.168.3.248]
01-01 08:01:32.172 0 0 W : [3 T948 ..] [SP FRAME RX] arp rsp,vif_idx:0 sender:[c0:e3:50:10:d6:46 192.168.3.183]receiver:[1c:79:2d:20:62:97 192.168.3.167]
01-01 08:01:32.174 0 0 W : [2 T34 .s] [SP FRAME TX] arp req,vif_idx:0 sender:[1c:79:2d:20:62:97 192.168.3.167]receiver:[00:00:00:00:00:00 192.168.3.247]
01-01 08:01:32.176 0 0 W : [3 T948 ..] [SP FRAME RX] arp rsp,vif_idx:0 sender:[6c:b7:49:92:e8:7f 192.168.3.128]receiver:[1c:79:2d:20:62:97 192.168.3.167]
01-01 08:01:32.177 0 0 W : [2 T34 .s] [SP FRAME TX] arp req,vif_idx:0 sender:[1c:79:2d:20:62:97 192.168.3.167]receiver:[00:00:00:00:00:00 192.168.3.246]
01-01 08:01:32.179 0 0 W : [3 T948 ..] [SP FRAME RX] arp req,vif_idx:0 sender:[1a:c7:63:a3:06:ca 192.168.3.137]receiver:[00:00:00:00:00:00 192.168.3.167]
01-01 08:01:32.180 0 0 W : [2 T34 .s] [SP FRAME TX] arp req,vif_idx:0 sender:[1c:79:2d:20:62:97 192.168.3.167]receiver:[00:00:00:00:00:00 192.168.3.245]
01-01 08:01:32.182 0 0 W : [3 T948 ..] [SP FRAME RX] arp rsp,vif_idx:0 sender:[c2:cc:66:a5:97:10 192.168.3.153]receiver:[1c:79:2d:20:62:97 192.168.3.167]
01-01 08:01:32.183 0 0 W : [2 T34 .s] [SP FRAME TX] arp req,vif_idx:0 sender:[1c:79:2d:20:62:97 192.168.3.167]receiver:[00:00:00:00:00:00 192.168.3.244]
01-01 08:01:32.185 0 0 W : [3 T948 ..] [SP FRAME RX] arp rsp,vif_idx:0 sender:[a6:8b:d2:cd:fe:9a 192.168.3.162]receiver:[1c:79:2d:20:62:97 192.168.3.167]
01-01 08:01:32.186 0 0 W : [2 T34 .s] [SP FRAME TX] arp req,vif_idx:0 sender:[1c:79:2d:20:62:97 192.168.3.167]receiver:[00:00:00:00:00:00 192.168.3.243]
01-01 08:01:32.188 0 0 W : [3 T948 ..] [SP FRAME RX] arp rsp,vif_idx:0 sender:[c2:07:3d:a6:ee:3e 192.168.3.116]receiver:[1c:79:2d:20:62:97 192.168.3.167]
01-01 08:01:32.190 0 0 W : [2 T34 .s] [SP FRAME TX] arp req,vif_idx:0 sender:[1c:79:2d:20:62:97 192.168.3.167]receiver:[00:00:00:00:00:00 192.168.3.240]
01-01 08:01:32.191 0 0 W : [3 T948 ..] [SP FRAME RX] arp rsp,vif_idx:0 sender:[c2:09:a1:aa:11:60 192.168.3.194]receiver:[1c:79:2d:20:62:97 192.168.3.167]
01-01 08:01:32.193 0 0 W : [2 T34 .s] [SP FRAME TX] arp req,vif_idx:0 sender:[1c:79:2d:20:62:97 192.168.3.167]receiver:[00:00:00:00:00:00 192.168.3.239]
01-01 08:01:32.194 0 0 W : [3 T948 ..] [SP FRAME RX] arp rsp,vif_idx:0 sender:[c0:e3:50:10:d6:46 192.168.3.183]receiver:[1c:79:2d:20:62:97 192.168.3.167]
01-01 08:01:32.196 0 0 W : [2 T34 .s] [SP FRAME TX] arp req,vif_idx:0 sender:[1c:79:2d:20:62:97 192.168.3.167]receiver:[00:00:00:00:00:00 192.168.3.237]
01-01 08:01:32.197 0 0 W : [3 T948 ..] [SP FRAME RX] arp rsp,vif_idx:0 sender:[6a:97:3d:42:60:a4 192.168.3.115]receiver:[1c:79:2d:20:62:97 192.168.3.167]
01-01 08:01:32.199 0 0 W : [2 T34 .s] [SP FRAME TX] arp req,vif_idx:0 sender:[1c:79:2d:20:62:97 192.168.3.167]receiver:[00:00:00:00:00:00 192.168.3.236]
01-01 08:01:32.201 0 0 W : [3 T948 ..] [SP FRAME RX] arp req,vif_idx:0 sender:[b6:b0:0e:25:f7:84 192.168.3.82]receiver:[00:00:00:00:00:00 192.168.3.167]
01-01 08:01:32.202 0 0 W : [2 T34 .s] [SP FRAME TX] arp req,vif_idx:0 sender:[1c:79:2d:20:62:97 192.168.3.167]receiver:[00:00:00:00:00:00 192.168.3.234]
01-01 08:01:32.204 0 0 W : [3 T948 ..] [SP FRAME RX] arp rsp,vif_idx:0 sender:[e4:b0:63:93:17:70 192.168.3.124]receiver:[1c:79:2d:20:62:97 192.168.3.167]
01-01 08:01:32.205 0 0 W : [2 T34 .s] [SP FRAME TX] arp req,vif_idx:0 sender:[1c:79:2d:20:62:97 192.168.3.167]receiver:[00:00:00:00:00:00 192.168.3.233]
01-01 08:01:32.207 0 0 W : [3 T948 ..] [SP FRAME RX] arp rsp,vif_idx:0 sender:[e0:8f:4c:0f:1a:95 192.168.3.110]receiver:[1c:79:2d:20:62:97 192.168.3.167]
01-01 08:01:32.208 0 0 W : [2 T34 .s] [SP FRAME TX] arp rsp,vif_idx:0 sender:[1c:79:2d:20:62:97 192.168.3.167]receiver:[44:37:0b:0d:07:cd 192.168.3.234]
01-01 08:01:32.210 0 0 W : [3 T948 ..] [SP FRAME RX] arp rsp,vif_idx:0 sender:[f0:a6:54:29:d5:2f 192.168.3.120]receiver:[1c:79:2d:20:62:97 192.168.3.167]
01-01 08:01:32.211 0 0 W : [2 T34 .s] [SP FRAME TX] arp rsp,vif_idx:0 sender:[1c:79:2d:20:62:97 192.168.3.167]receiver:[1a:c7:63:a3:06:ca 192.168.3.137]
01-01 08:01:32.213 0 0 W : [3 T948 ..] [SP FRAME RX] arp req,vif_idx:0 sender:[be:a5:e7:f2:9c:e1 192.168.3.94]receiver:[00:00:00:00:00:00 192.168.3.167]
01-01 08:01:32.215 0 0 W : [2 T34 .s] [SP FRAME TX] arp rsp,vif_idx:0 sender:[1c:79:2d:20:62:97 192.168.3.167]receiver:[b6:b0:0e:25:f7:84 192.168.3.82]
01-01 08:01:32.216 0 0 W : [3 T948 ..] [SP FRAME RX] arp rsp,vif_idx:0 sender:[16:8e:6e:17:dc:41 192.168.3.176]receiver:[1c:79:2d:20:62:97 192.168.3.167]
01-01 08:01:32.218 0 0 W : [2 T34 .s] [SP FRAME TX] arp rsp,vif_idx:0 sender:[1c:79:2d:20:62:97 192.168.3.167]receiver:[be:a5:e7:f2:9c:e1 192.168.3.94]
01-01 08:01:32.219 0 0 W : [3 T948 ..] [SP FRAME RX] arp req,vif_idx:0 sender:[42:f0:95:73:53:48 192.168.3.101]receiver:[00:00:00:00:00:00 192.168.3.167]
01-01 08:01:32.221 0 0 I [2 T688 ..] [snd-soc]: aml_audio_reset, reg 0xa, shift 14, use_vadtop 0
01-01 08:01:32.222 0 0 W : [3 T948 ..] [SP FRAME TX] arp rsp,vif_idx:0 sender:[1c:79:2d:20:62:97 192.168.3.167]receiver:[42:f0:95:73:53:48 192.168.3.101]
01-01 08:01:32.224 0 0 D [2 T688 ..] [snd-soc]: aml_spdif_fifo_ctrl, bit depth:16, frddr type:1, toddr:type:1
05-23 16:13:15.456 483 688 I audio_hw_hal_alsamgr: get_spdifout_mute_count mute_count:1
05-23 16:13:15.456 483 688 I audio_hw_hal_alsamgr: alsa_handle:0xed1c0390, spdif mute the data cnt =1
05-23 16:13:15.456 483 688 W audio_hw_hal_alsamgr: [aml_alsa_output_write_new:1213] format =0x9000000 alsa underrun
05-23 16:13:15.457 483 688 I audio_hw_hal_alsamgr: get_spdifout_mute_count mute_count:1
05-23 16:13:15.457 483 688 I audio_hw_hal_alsamgr: alsa_handle:0xed1c01d0, spdif mute the data cnt =1
05-23 16:13:15.457 483 688 W audio_hw_hal_alsamgr: [aml_alsa_output_write_new:1213] format =0xa000000 alsa underrun
01-01 08:01:32.225 0 0 I [2 T688 ..] [hdmitx: ] hdmitx_audio_notify_callback[804] type:1 rate:0 size:0 chs:0 i2s_ch_mask:0 aud_src_if:0
01-01 08:01:32.225 0 0 W : [3 T948 ..] [SP FRAME RX] arp rsp,vif_idx:0 sender:[4e:df:ee:48:4b:63 192.168.3.151]receiver:[1c:79:2d:20:62:97 192.168.3.167]
01-01 08:01:32.226 0 0 E [2 T688 ..] [hdmitx: ] *HDMITX_ERROR* audio chn setting, must be 2, 4, 6 or 8, Rst as def
01-01 08:01:32.228 0 0 W : [3 T948 ..] [SP FRAME RX] arp rsp,vif_idx:0 sender:[42:f0:95:73:53:48 192.168.3.101]receiver:[1c:79:2d:20:62:97 192.168.3.167]
01-01 08:01:32.229 0 0 I [2 T688 ..] [hdmitx: ] aout notify format CT_PCM
01-01 08:01:32.230 0 0 W : [3 T948 ..] [SP FRAME RX] arp rsp,vif_idx:0 sender:[98:bd:80:22:18:34 192.168.3.112]receiver:[1c:79:2d:20:62:97 192.168.3.167]
01-01 08:01:32.231 0 0 I [2 T688 ..] [hdmitx: ] set audio
01-01 08:01:32.233 0 0 W : [3 T948 ..] [SP FRAME RX] arp req,vif_idx:0 sender:[28:7b:11:70:75:f3 192.168.3.148]receiver:[00:00:00:00:00:00 192.168.3.167]
01-01 08:01:32.233 0 0 I [2 T688 ..] [hdmitx: ] audio_param->chs = -1
01-01 08:01:32.235 0 0 W : [3 T948 ..] [SP FRAME TX] arp rsp,vif_idx:0 sender:[1c:79:2d:20:62:97 192.168.3.167]receiver:[28:7b:11:70:75:f3 192.168.3.148]
01-01 08:01:32.235 0 0 I [2 T688 ..] [hdmitx: ] aud_src_if = 0
01-01 08:01:32.237 0 0 W : [3 T948 ..] [SP FRAME RX] arp rsp,vif_idx:0 sender:[1a:c7:63:a3:06:ca 192.168.3.137]receiver:[1c:79:2d:20:62:97 192.168.3.167]
01-01 08:01:32.238 0 0 I [2 T688 ..] [hdmitx: ] aud_n_para = 5120
01-01 08:01:32.239 0 0 W : [3 T948 ..] [SP FRAME RX] arp rsp,vif_idx:0 sender:[dc:46:28:8c:43:3f 192.168.3.98]receiver:[1c:79:2d:20:62:97 192.168.3.167]
01-01 08:01:32.240 0 0 I [2 T688 ..] [hdmitx: ] set audio param
01-01 08:01:32.241 0 0 W : [3 T948 ..] [SP FRAME RX] arp rsp,vif_idx:0 sender:[be:a5:e7:f2:9c:e1 192.168.3.94]receiver:[1c:79:2d:20:62:97 192.168.3.167]
01-01 08:01:32.242 0 0 I [2 T688 ..] [hdmitx: ] hdmitx_audio_notify_callback[804] type:10 rate:3 size:1 chs:2 i2s_ch_mask:1 aud_src_if:0
01-01 08:01:32.244 0 0 W : [3 T948 ..] [SP FRAME RX] arp rsp,vif_idx:0 sender:[2e:b8:3b:16:08:4f 192.168.3.157]receiver:[1c:79:2d:20:62:97 192.168.3.167]
01-01 08:01:32.245 0 0 I [2 T688 ..] [hdmitx: ] aout notify format CT_DOLBY_D
01-01 08:01:32.246 0 0 W : [3 T948 ..] [SP FRAME RX] arp rsp,vif_idx:0 sender:[f0:a6:54:29:ce:87 192.168.3.90]receiver:[1c:79:2d:20:62:97 192.168.3.167]
01-01 08:01:32.247 0 0 I [2 T688 ..] [hdmitx: ] set audio
01-01 08:01:32.249 0 0 W : [3 T948 ..] [SP FRAME RX] arp rsp,vif_idx:0 sender:[48:5c:2c:1c:7e:8a 192.168.3.109]receiver:[1c:79:2d:20:62:97 192.168.3.167]
01-01 08:01:32.249 0 0 I [2 T688 ..] [hdmitx: ] audio_param->chs = 1
01-01 08:01:32.251 0 0 W : [3 T948 ..] [SP FRAME RX] arp req,vif_idx:0 sender:[e0:ba:ad:3a:be:9a 192.168.3.66]receiver:[00:00:00:00:00:00 192.168.3.167]
01-01 08:01:32.251 0 0 I [2 T688 ..] [hdmitx: ] aud_src_if = 0
01-01 08:01:32.253 0 0 W : [3 T948 ..] [SP FRAME TX] arp rsp,vif_idx:0 sender:[1c:79:2d:20:62:97 192.168.3.167]receiver:[e0:ba:ad:3a:be:9a 192.168.3.66]
01-01 08:01:32.254 0 0 I [2 T688 ..] [hdmitx: ] aud_n_para = 20480
01-01 08:01:32.255 0 0 W : [3 T948 ..] [SP FRAME RX] arp rsp,vif_idx:0 sender:[46:6e:34:82:e0:0a 192.168.3.125]receiver:[1c:79:2d:20:62:97 192.168.3.167]
01-01 08:01:32.256 0 0 I [2 T688 ..] [hdmitx: ] set audio param
01-01 08:01:32.258 0 0 W : [3 T948 ..] [SP FRAME RX] arp rsp,vif_idx:0 sender:[f0:18:98:83:27:e9 192.168.3.130]receiver:[1c:79:2d:20:62:97 192.168.3.167]
01-01 08:01:32.258 0 0 D [2 T688 ..] [snd-soc]: aml_spdif_fifo_ctrl, bit depth:16, frddr type:1, toddr:type:1
01-01 08:01:32.260 0 0 W : [3 T948 ..] [SP FRAME RX] arp req,vif_idx:0 sender:[c2:cc:66:a5:97:10 192.168.3.153]receiver:[00:00:00:00:00:00 192.168.3.167]
01-01 08:01:32.261 0 0 W : [3 T948 ..] [SP FRAME TX] arp rsp,vif_idx:0 sender:[1c:79:2d:20:62:97 192.168.3.167]receiver:[c2:cc:66:a5:97:10 192.168.3.153]
05-23 16:13:15.492 304 358 D MesonHwc: received Uevent: change@/devices/virtual/amhdmitx/amhdmitx0
05-23 16:13:15.492 304 358 D MesonHwc: received Uevent: ACTION=change
05-23 16:13:15.492 304 358 D MesonHwc: received Uevent: DEVPATH=/devices/virtual/amhdmitx/amhdmitx0
05-23 16:13:15.492 304 358 D MesonHwc: received Uevent: SUBSYSTEM=amhdmitx
05-23 16:13:15.492 304 358 D MesonHwc: received Uevent: hdmitx_current_status=20
05-23 16:13:15.492 304 358 D MesonHwc: received Uevent: MAJOR=492
05-23 16:13:15.492 304 358 D MesonHwc: received Uevent: MINOR=0
05-23 16:13:15.492 304 358 D MesonHwc: received Uevent: DEVNAME=amhdmitx0
05-23 16:13:15.492 304 358 D MesonHwc: received Uevent: SEQNUM=3642
05-23 16:13:15.492 304 358 D MesonHwc: received Uevent: gic, aocec-s7d
05-23 16:13:15.492 304 358 D MesonHwc: received Uevent: OF_COMPATIBLE_N=1
05-23 16:13:15.492 304 358 D MesonHwc: received Uevent: MODALIAS=of:NaocecT(null)Camlogic,_aocec-s7d
05-23 16:13:15.492 304 358 D MesonHwc: received Uevent: SEQNUM=3641
05-23 16:13:15.492 304 358 D MesonHwc: received Uevent: LL_HW_BLOCK_REASON=0x0
05-23 16:13:15.492 304 358 D MesonHwc: received Uevent: SEQNUM=3293
05-23 16:13:15.492 304 358 D MesonHwc: received Uevent: y@0
05-23 16:13:15.492 304 358 D MesonHwc: received Uevent: OF_COMPATIBLE_N=0
05-23 16:13:15.492 304 358 D MesonHwc: received Uevent: SEQNUM=3291
05-23 16:13:15.492 304 358 D MesonHwc: received Uevent: change@/devices/virtual/amhdmitx/amhdmitx0
05-23 16:13:15.492 304 358 D MesonHwc: received Uevent: ACTION=change
05-23 16:13:15.492 304 358 D MesonHwc: received Uevent: DEVPATH=/devices/virtual/amhdmitx/amhdmitx0
05-23 16:13:15.492 304 358 D MesonHwc: received Uevent: SUBSYSTEM=amhdmitx
05-23 16:13:15.492 304 358 D MesonHwc: received Uevent: hdmitx_current_status=20
05-23 16:13:15.492 304 358 D MesonHwc: received Uevent: MAJOR=492
05-23 16:13:15.492 304 358 D MesonHwc: received Uevent: MINOR=0
05-23 16:13:15.492 304 358 D MesonHwc: received Uevent: DEVNAME=amhdmitx0
05-23 16:13:15.492 304 358 D MesonHwc: received Uevent: SEQNUM=3642
05-23 16:13:15.492 304 358 D MesonHwc: received Uevent: gic, aocec-s7d
05-23 16:13:15.492 304 358 D MesonHwc: received Uevent: OF_COMPATIBLE_N=1
05-23 16:13:15.492 304 358 D MesonHwc: received Uevent: MODALIAS=of:NaocecT(null)Camlogic,_aocec-s7d
05-23 16:13:15.492 304 358 D MesonHwc: received Uevent: SEQNUM=3641
05-23 16:13:15.493 304 358 D MesonHwc: received Uevent: LL_HW_BLOCK_REASON=0x0
05-23 16:13:15.493 304 358 D MesonHwc: received Uevent: SEQNUM=3293
05-23 16:13:15.493 304 358 D MesonHwc: received Uevent: y@0
05-23 16:13:15.493 304 358 D MesonHwc: received Uevent: OF_COMPATIBLE_N=0
05-23 16:13:15.493 304 358 D MesonHwc: received Uevent: SEQNUM=3291
05-23 16:13:15.493 329 338 I SystemControl: [/UEventObserver.cpp, HDMITxUenventThreadLoop, 451] HDMI TX switch_name:hdmitx_current_status, switch_state: 20
05-23 16:13:15.492 1962 1962 I xm_hidread: type=1400 audit(0.0:945): avc: denied { read } for scontext=u:r:init:s0 tcontext=u:r:init:s0 tclass=netlink_kobject_uevent_socket permissive=1
05-23 16:13:15.497 483 688 E audio_hw_hal_alsamgr: aml_alsa_output_get_delayframe:824, pcm_ioctl fail, ret:0xffffffff, error info:Broken pipe
05-23 16:13:15.497 483 688 I audio_hw_hal_ms12v2: dolby_ms12_threadloop alsa is not running
05-23 16:13:15.497 483 688 W audio_hw_hal_alsamgr: [aml_alsa_output_write:616] alsa underrun
01-01 08:01:32.265 0 0 W : [3 T948 ..] [SP FRAME RX] arp rsp,vif_idx:0 sender:[dc:46:28:e5:1c:e9 192.168.3.91]receiver:[1c:79:2d:20:62:97 192.168.3.167]
01-01 08:01:32.265 0 0 I [2 T688 ..] [snd-soc]: aml_audio_reset, reg 0xa, shift 9, use_vadtop 0
01-01 08:01:32.266 0 0 W : [3 T948 ..] [SP FRAME RX] arp rsp,vif_idx:0 sender:[a2:e5:10:70:56:3d 192.168.3.191]receiver:[1c:79:2d:20:62:97 192.168.3.167]
01-01 08:01:32.267 0 0 I [2 T688 ..] [snd-soc]: aml_audio_reset, reg 0xa, shift 14, use_vadtop 0
01-01 08:01:32.269 0 0 W : [3 T948 ..] [SP FRAME RX] arp req,vif_idx:0 sender:[86:c4:12:e3:5b:28 192.168.3.161]receiver:[00:00:00:00:00:00 192.168.3.167]
05-23 16:13:15.502 483 688 I audio_hw_hal_alsamgr: get_spdifout_mute_count mute_count:1
05-23 16:13:15.502 483 688 I audio_hw_hal_alsamgr: alsa_handle:0xed1c0390, spdif mute the data cnt =1
05-23 16:13:15.503 483 688 I audio_hw_hal_alsamgr: get_spdifout_mute_count mute_count:1
05-23 16:13:15.503 483 688 I audio_hw_hal_alsamgr: alsa_handle:0xed1c01d0, spdif mute the data cnt =1
01-01 08:01:32.271 0 0 W : [3 T948 ..] [SP FRAME TX] arp rsp,vif_idx:0 sender:[1c:79:2d:20:62:97 192.168.3.167]receiver:[86:c4:12:e3:5b:28 192.168.3.161]
01-01 08:01:32.273 0 0 W : [3 T948 ..] [SP FRAME RX] arp rsp,vif_idx:0 sender:[1e:8b:c9:90:6f:05 192.168.3.131]receiver:[1c:79:2d:20:62:97 192.168.3.167]
05-23 16:13:15.508 483 688 I audio_hw_hal_ms12v2: dolby_ms12_threadloop alsa is not running
05-23 16:13:15.508 483 688 I audio_hw_hal_alsamgr: aml_alsa_output_write alsa_running_status[0xea401cd0] change from 0 to 1
01-01 08:01:32.275 0 0 W : [3 T948 ..] [SP FRAME RX] arp req,vif_idx:0 sender:[48:5c:2c:1c:7e:8a 192.168.3.109]receiver:[00:00:00:00:00:00 192.168.3.167]
01-01 08:01:32.276 0 0 W : [3 T948 ..] [SP FRAME TX] arp rsp,vif_idx:0 sender:[1c:79:2d:20:62:97 192.168.3.167]receiver:[48:5c:2c:1c:7e:8a 192.168.3.109]
01-01 08:01:32.278 0 0 W : [3 T948 ..] [SP FRAME RX] arp rsp,vif_idx:0 sender:[c0:b8:83:0f:05:0f 192.168.3.121]receiver:[1c:79:2d:20:62:97 192.168.3.167]
01-01 08:01:32.279 0 0 W : [3 T948 ..] [SP FRAME RX] arp rsp,vif_idx:0 sender:[c4:3d:1a:ea:21:62 192.168.3.106]receiver:[1c:79:2d:20:62:97 192.168.3.167]
01-01 08:01:32.281 0 0 W : [3 T948 ..] [SP FRAME RX] arp rsp,vif_idx:0 sender:[02:91:37:fc:9e:f6 192.168.3.105]receiver:[1c:79:2d:20:62:97 192.168.3.167]
01-01 08:01:32.282 0 0 W : [3 T948 ..] [SP FRAME RX] arp req,vif_idx:0 sender:[c2:09:a1:aa:11:60 192.168.3.194]receiver:[00:00:00:00:00:00 192.168.3.167]
01-01 08:01:32.284 0 0 W : [3 T948 ..] [SP FRAME TX] arp rsp,vif_idx:0 sender:[1c:79:2d:20:62:97 192.168.3.167]receiver:[c2:09:a1:aa:11:60 192.168.3.194]
01-01 08:01:32.285 0 0 W : [3 T948 ..] [SP FRAME RX] arp req,vif_idx:0 sender:[1a:01:08:c1:b7:a5 192.168.3.225]receiver:[00:00:00:00:00:00 192.168.3.167]
01-01 08:01:32.287 0 0 W : [3 T948 ..] [SP FRAME TX] arp rsp,vif_idx:0 sender:[1c:79:2d:20:62:97 192.168.3.167]receiver:[1a:01:08:c1:b7:a5 192.168.3.225]
01-01 08:01:32.289 0 0 W : [3 T948 ..] [SP FRAME RX] arp rsp,vif_idx:0 sender:[22:2b:f8:c2:9b:dc 192.168.3.215]receiver:[1c:79:2d:20:62:97 192.168.3.167]
