05-23 09:26:37.002 732 756 D ActivityManagerTiming: OnBootPhase_1000_com.android.server.inputmethod.InputMethodManagerService$Lifecycle
05-23 09:26:37.002 732 756 V ActivityManagerTiming: OnBootPhase_1000_com.android.server.inputmethod.InputMethodManagerService$Lifecycle took to complete: 0ms
05-23 09:26:37.002 732 756 D ActivityManagerTiming: OnBootPhase_1000_com.android.server.accessibility.AccessibilityManagerService$Lifecycle
05-23 09:26:37.002 732 756 V ActivityManagerTiming: OnBootPhase_1000_com.android.server.accessibility.AccessibilityManagerService$Lifecycle took to complete: 0ms
05-23 09:26:37.002 732 756 D ActivityManagerTiming: OnBootPhase_1000_com.android.server.StorageManagerService$Lifecycle
05-23 09:26:37.002 732 756 V ActivityManagerTiming: OnBootPhase_1000_com.android.server.StorageManagerService$Lifecycle took to complete: 0ms
05-23 09:26:37.002 732 756 D ActivityManagerTiming: OnBootPhase_1000_com.android.server.usage.StorageStatsService$Lifecycle
05-23 09:26:37.002 732 756 V ActivityManagerTiming: OnBootPhase_1000_com.android.server.usage.StorageStatsService$Lifecycle took to complete: 0ms
05-23 09:26:37.002 732 756 D ActivityManagerTiming: OnBootPhase_1000_com.android.server.UiModeManagerService
05-23 09:26:37.002 732 756 V ActivityManagerTiming: OnBootPhase_1000_com.android.server.UiModeManagerService took to complete: 0ms
05-23 09:26:37.002 732 849 D StorageManagerService: Thinking about reset, mBootCompleted=true, mDaemonConnected=true
05-23 09:26:37.002 732 756 D ActivityManagerTiming: OnBootPhase_1000_com.android.server.locales.LocaleManagerService
05-23 09:26:37.002 732 756 V ActivityManagerTiming: OnBootPhase_1000_com.android.server.locales.LocaleManagerService took to complete: 0ms
05-23 09:26:37.002 732 756 D ActivityManagerTiming: OnBootPhase_1000_com.android.server.grammaticalinflection.GrammaticalInflectionService
05-23 09:26:37.002 732 756 V ActivityManagerTiming: OnBootPhase_1000_com.android.server.grammaticalinflection.GrammaticalInflectionService took to complete: 0ms
05-23 09:26:37.002 732 756 D ActivityManagerTiming: OnBootPhase_1000_com.android.server.apphibernation.AppHibernationService
05-23 09:26:37.002 732 849 I StorageSessionController: Started resetting external storage service...
05-23 09:26:37.002 732 849 I StorageSessionController: Finished resetting external storage service
05-23 09:26:37.003 732 849 I StorageManagerService: Resetting vold...
05-23 09:26:37.003 732 756 V ActivityManagerTiming: OnBootPhase_1000_com.android.server.apphibernation.AppHibernationService took to complete: 0ms
05-23 09:26:37.003 732 756 D ActivityManagerTiming: OnBootPhase_1000_com.android.server.locksettings.LockSettingsService$Lifecycle
05-23 09:26:37.003 732 756 V ActivityManagerTiming: OnBootPhase_1000_com.android.server.locksettings.LockSettingsService$Lifecycle took to complete: 0ms
05-23 09:26:37.003 732 756 D ActivityManagerTiming: OnBootPhase_1000_com.android.server.PersistentDataBlockService
05-23 09:26:37.003 732 756 V ActivityManagerTiming: OnBootPhase_1000_com.android.server.PersistentDataBlockService took to complete: 0ms
05-23 09:26:37.003 732 756 D ActivityManagerTiming: OnBootPhase_1000_com.android.server.testharness.TestHarnessModeService
05-23 09:26:37.003 732 756 D TestHarnessModeService: Completing Test Harness Mode setup.
05-23 09:26:37.003 732 849 I StorageManagerService: Reset vold
05-23 09:26:37.004 258 258 I vold : onUserAdded: 0
05-23 09:26:37.005 732 815 D AppStandbyController: Loaded headless system app cache in 3 ms: appIdleEnabled=true
05-23 09:26:37.006 732 1343 I HibernationStateDiskStore: No hibernation file on disk for file /data/system/hibernation/states
05-23 09:26:37.015 732 765 I ActivityManager: Start proc 1344:com.sohu.inputmethod.sogou.tv/u0a39 for service {com.sohu.inputmethod.sogou.tv/com.sohu.inputmethod.sogou.tv.SogouIME}
05-23 09:26:37.032 732 756 V ActivityManagerTiming: OnBootPhase_1000_com.android.server.testharness.TestHarnessModeService took to complete: 29ms
05-23 09:26:37.032 732 756 D ActivityManagerTiming: OnBootPhase_1000_com.android.server.oemlock.OemLockService
05-23 09:26:37.032 732 756 V ActivityManagerTiming: OnBootPhase_1000_com.android.server.oemlock.OemLockService took to complete: 0ms
05-23 09:26:37.032 732 756 D ActivityManagerTiming: OnBootPhase_1000_com.android.server.DeviceIdleController
05-23 09:26:37.032 732 756 V ActivityManagerTiming: OnBootPhase_1000_com.android.server.DeviceIdleController took to complete: 0ms
05-23 09:26:37.032 732 756 D ActivityManagerTiming: OnBootPhase_1000_com.android.server.devicepolicy.DevicePolicyManagerService$Lifecycle
05-23 09:26:37.032 732 756 V ActivityManagerTiming: OnBootPhase_1000_com.android.server.devicepolicy.DevicePolicyManagerService$Lifecycle took to complete: 0ms
05-23 09:26:37.032 732 756 D ActivityManagerTiming: OnBootPhase_1000_com.android.server.texttospeech.TextToSpeechManagerService
05-23 09:26:37.032 732 756 V ActivityManagerTiming: OnBootPhase_1000_com.android.server.texttospeech.TextToSpeechManagerService took to complete: 0ms
05-23 09:26:37.032 732 756 D ActivityManagerTiming: OnBootPhase_1000_com.android.server.ambientcontext.AmbientContextManagerService
05-23 09:26:37.032 732 756 V ActivityManagerTiming: OnBootPhase_1000_com.android.server.ambientcontext.AmbientContextManagerService took to complete: 0ms
05-23 09:26:37.032 732 756 D ActivityManagerTiming: OnBootPhase_1000_com.android.server.wearable.WearableSensingManagerService
05-23 09:26:37.032 732 756 V ActivityManagerTiming: OnBootPhase_1000_com.android.server.wearable.WearableSensingManagerService took to complete: 0ms
05-23 09:26:37.032 732 756 D ActivityManagerTiming: OnBootPhase_1000_com.android.server.speech.SpeechRecognitionManagerService
05-23 09:26:37.032 732 756 V ActivityManagerTiming: OnBootPhase_1000_com.android.server.speech.SpeechRecognitionManagerService took to complete: 0ms
05-23 09:26:37.032 732 756 D ActivityManagerTiming: OnBootPhase_1000_com.android.server.searchui.SearchUiManagerService
05-23 09:26:37.032 732 756 V ActivityManagerTiming: OnBootPhase_1000_com.android.server.searchui.SearchUiManagerService took to complete: 0ms
05-23 09:26:37.032 732 756 D ActivityManagerTiming: OnBootPhase_1000_com.android.server.smartspace.SmartspaceManagerService
05-23 09:26:37.032 732 756 V ActivityManagerTiming: OnBootPhase_1000_com.android.server.smartspace.SmartspaceManagerService took to complete: 0ms
05-23 09:26:37.032 732 756 D ActivityManagerTiming: OnBootPhase_1000_com.android.server.graphics.fonts.FontManagerService$Lifecycle
05-23 09:26:37.032 732 756 V ActivityManagerTiming: OnBootPhase_1000_com.android.server.graphics.fonts.FontManagerService$Lifecycle took to complete: 0ms
05-23 09:26:37.032 732 756 D ActivityManagerTiming: OnBootPhase_1000_com.android.server.textservices.TextServicesManagerService$Lifecycle
05-23 09:26:37.032 732 756 V ActivityManagerTiming: OnBootPhase_1000_com.android.server.textservices.TextServicesManagerService$Lifecycle took to complete: 0ms
05-23 09:26:37.032 732 756 D ActivityManagerTiming: OnBootPhase_1000_com.android.server.textclassifier.TextClassificationManagerService$Lifecycle
05-23 09:26:37.032 732 756 V ActivityManagerTiming: OnBootPhase_1000_com.android.server.textclassifier.TextClassificationManagerService$Lifecycle took to complete: 0ms
05-23 09:26:37.032 732 756 D ActivityManagerTiming: OnBootPhase_1000_com.android.server.NetworkScoreService$Lifecycle
05-23 09:26:37.032 732 756 V ActivityManagerTiming: OnBootPhase_1000_com.android.server.NetworkScoreService$Lifecycle took to complete: 0ms
05-23 09:26:37.033 732 756 D ActivityManagerTiming: OnBootPhase_1000_com.android.server.NetworkStatsServiceInitializer
05-23 09:26:37.033 732 756 V ActivityManagerTiming: OnBootPhase_1000_com.android.server.NetworkStatsServiceInitializer took to complete: 0ms
05-23 09:26:37.033 732 756 D ActivityManagerTiming: OnBootPhase_1000_com.android.server.wifi.WifiService
05-23 09:26:37.033 732 756 V ActivityManagerTiming: OnBootPhase_1000_com.android.server.wifi.WifiService took to complete: 0ms
05-23 09:26:37.033 732 756 D ActivityManagerTiming: OnBootPhase_1000_com.android.server.wifi.scanner.WifiScanningService
05-23 09:26:37.033 732 756 V ActivityManagerTiming: OnBootPhase_1000_com.android.server.wifi.scanner.WifiScanningService took to complete: 0ms
05-23 09:26:37.033 732 756 D ActivityManagerTiming: OnBootPhase_1000_com.android.server.wifi.p2p.WifiP2pService
05-23 09:26:37.034 732 756 V ActivityManagerTiming: OnBootPhase_1000_com.android.server.wifi.p2p.WifiP2pService took to complete: 1ms
05-23 09:26:37.034 732 756 D ActivityManagerTiming: OnBootPhase_1000_com.android.server.ConnectivityServiceInitializer
05-23 09:26:37.034 732 873 D CompatibilityChangeReporter: Compat change id reported: 161145287; UID 1000; state: ENABLED
05-23 09:26:37.034 732 873 D CompatibilityChangeReporter: Compat change id reported: 161145287; UID 1000; state: DISABLED
05-23 09:26:37.036 732 756 V ActivityManagerTiming: OnBootPhase_1000_com.android.server.ConnectivityServiceInitializer took to complete: 2ms
05-23 09:26:37.036 732 756 D ActivityManagerTiming: OnBootPhase_1000_com.android.server.notification.NotificationManagerService
05-23 09:26:37.036 732 756 V ActivityManagerTiming: OnBootPhase_1000_com.android.server.notification.NotificationManagerService took to complete: 0ms
05-23 09:26:37.036 732 756 D ActivityManagerTiming: OnBootPhase_1000_com.android.server.storage.DeviceStorageMonitorService
05-23 09:26:37.036 732 756 V ActivityManagerTiming: OnBootPhase_1000_com.android.server.storage.DeviceStorageMonitorService took to complete: 0ms
05-23 09:26:37.036 732 756 D ActivityManagerTiming: OnBootPhase_1000_com.android.server.timedetector.TimeDetectorService$Lifecycle
05-23 09:26:37.036 732 756 V ActivityManagerTiming: OnBootPhase_1000_com.android.server.timedetector.TimeDetectorService$Lifecycle took to complete: 0ms
05-23 09:26:37.036 732 756 D ActivityManagerTiming: OnBootPhase_1000_com.android.server.location.LocationManagerService$Lifecycle
05-23 09:26:37.036 732 756 V ActivityManagerTiming: OnBootPhase_1000_com.android.server.location.LocationManagerService$Lifecycle took to complete: 0ms
05-23 09:26:37.036 732 756 D ActivityManagerTiming: OnBootPhase_1000_com.android.server.timezonedetector.TimeZoneDetectorService$Lifecycle
05-23 09:26:37.036 732 756 V ActivityManagerTiming: OnBootPhase_1000_com.android.server.timezonedetector.TimeZoneDetectorService$Lifecycle took to complete: 0ms
05-23 09:26:37.036 732 756 D ActivityManagerTiming: OnBootPhase_1000_com.android.server.location.altitude.AltitudeService$Lifecycle
05-23 09:26:37.036 732 756 V ActivityManagerTiming: OnBootPhase_1000_com.android.server.location.altitude.AltitudeService$Lifecycle took to complete: 0ms
05-23 09:26:37.036 732 756 D ActivityManagerTiming: OnBootPhase_1000_com.android.server.timezonedetector.location.LocationTimeZoneManagerService$Lifecycle
05-23 09:26:37.037 732 756 V ActivityManagerTiming: OnBootPhase_1000_com.android.server.timezonedetector.location.LocationTimeZoneManagerService$Lifecycle took to complete: 0ms
05-23 09:26:37.037 732 756 D ActivityManagerTiming: OnBootPhase_1000_com.android.server.search.SearchManagerService$Lifecycle
05-23 09:26:37.037 732 756 V ActivityManagerTiming: OnBootPhase_1000_com.android.server.search.SearchManagerService$Lifecycle took to complete: 0ms
05-23 09:26:37.037 732 756 D ActivityManagerTiming: OnBootPhase_1000_com.android.server.wallpaper.WallpaperManagerService$Lifecycle
05-23 09:26:37.037 732 756 V ActivityManagerTiming: OnBootPhase_1000_com.android.server.wallpaper.WallpaperManagerService$Lifecycle took to complete: 0ms
05-23 09:26:37.037 732 756 D ActivityManagerTiming: OnBootPhase_1000_com.android.server.wallpapereffectsgeneration.WallpaperEffectsGenerationManagerService
05-23 09:26:37.037 732 756 V ActivityManagerTiming: OnBootPhase_1000_com.android.server.wallpapereffectsgeneration.WallpaperEffectsGenerationManagerService took to complete: 0ms
05-23 09:26:37.037 732 756 D ActivityManagerTiming: OnBootPhase_1000_com.android.server.audio.AudioService$Lifecycle
05-23 09:26:37.037 732 756 V ActivityManagerTiming: OnBootPhase_1000_com.android.server.audio.AudioService$Lifecycle took to complete: 0ms
05-23 09:26:37.037 732 756 D ActivityManagerTiming: OnBootPhase_1000_com.android.server.soundtrigger_middleware.SoundTriggerMiddlewareService$Lifecycle
05-23 09:26:37.037 732 756 V ActivityManagerTiming: OnBootPhase_1000_com.android.server.soundtrigger_middleware.SoundTriggerMiddlewareService$Lifecycle took to complete: 0ms
05-23 09:26:37.037 732 756 D ActivityManagerTiming: OnBootPhase_1000_com.android.server.adb.AdbService$Lifecycle
05-23 09:26:37.038 732 756 V ActivityManagerTiming: OnBootPhase_1000_com.android.server.adb.AdbService$Lifecycle took to complete: 0ms
05-23 09:26:37.038 732 756 D ActivityManagerTiming: OnBootPhase_1000_com.android.server.usb.UsbService$Lifecycle
05-23 09:26:37.038 732 756 V ActivityManagerTiming: OnBootPhase_1000_com.android.server.usb.UsbService$Lifecycle took to complete: 0ms
05-23 09:26:37.038 732 756 D ActivityManagerTiming: OnBootPhase_1000_com.android.server.twilight.TwilightService
05-23 09:26:37.039 732 753 I UsbDeviceManager: Setting USB config to
05-23 09:26:37.039 732 756 V ActivityManagerTiming: OnBootPhase_1000_com.android.server.twilight.TwilightService took to complete: 1ms
05-23 09:26:37.039 732 756 D ActivityManagerTiming: OnBootPhase_1000_com.android.server.display.color.ColorDisplayService
05-23 09:26:37.039 732 753 D UsbDeviceManager: setUsbConfig(1) request:1
05-23 09:26:37.039 732 756 V ActivityManagerTiming: OnBootPhase_1000_com.android.server.display.color.ColorDisplayService took to complete: 0ms
05-23 09:26:37.039 732 756 D ActivityManagerTiming: OnBootPhase_1000_com.android.server.job.JobSchedulerService
05-23 09:26:37.039 732 756 V ActivityManagerTiming: OnBootPhase_1000_com.android.server.job.JobSchedulerService took to complete: 0ms
05-23 09:26:37.039 732 756 D ActivityManagerTiming: OnBootPhase_1000_com.android.server.soundtrigger.SoundTriggerService
05-23 09:26:37.039 732 756 D SoundTriggerService: onBootPhase: 1000 : false
05-23 09:26:37.040 732 756 V ActivityManagerTiming: OnBootPhase_1000_com.android.server.soundtrigger.SoundTriggerService took to complete: 0ms
05-23 09:26:37.040 732 756 D ActivityManagerTiming: OnBootPhase_1000_com.android.server.trust.TrustManagerService
05-23 09:26:37.040 732 756 V ActivityManagerTiming: OnBootPhase_1000_com.android.server.trust.TrustManagerService took to complete: 1ms
05-23 09:26:37.040 732 756 D ActivityManagerTiming: OnBootPhase_1000_com.android.server.backup.BackupManagerService$Lifecycle
05-23 09:26:37.040 732 756 V ActivityManagerTiming: OnBootPhase_1000_com.android.server.backup.BackupManagerService$Lifecycle took to complete: 0ms
05-23 09:26:37.040 732 756 D ActivityManagerTiming: OnBootPhase_1000_com.android.server.appwidget.AppWidgetService
05-23 09:26:37.040 732 756 V ActivityManagerTiming: OnBootPhase_1000_com.android.server.appwidget.AppWidgetService took to complete: 0ms
05-23 09:26:37.040 732 756 D ActivityManagerTiming: OnBootPhase_1000_com.android.server.voiceinteraction.VoiceInteractionManagerService
05-23 09:26:37.040 732 756 V ActivityManagerTiming: OnBootPhase_1000_com.android.server.voiceinteraction.VoiceInteractionManagerService took to complete: 0ms
05-23 09:26:37.041 732 756 D ActivityManagerTiming: OnBootPhase_1000_com.android.server.GestureLauncherService
05-23 09:26:37.041 732 756 V ActivityManagerTiming: OnBootPhase_1000_com.android.server.GestureLauncherService took to complete: 0ms
05-23 09:26:37.041 732 756 D ActivityManagerTiming: OnBootPhase_1000_com.android.server.SensorNotificationService
05-23 09:26:37.042 732 756 D CompatibilityChangeReporter: Compat change id reported: 168936375; UID 1000; state: ENABLED
05-23 09:26:37.043 732 756 D CompatibilityChangeReporter: Compat change id reported: 168936375; UID 1000; state: DISABLED
05-23 09:26:37.050 732 756 D CompatibilityChangeReporter: Compat change id reported: 73144566; UID 1000; state: ENABLED
05-23 09:26:37.051 732 756 D CompatibilityChangeReporter: Compat change id reported: 73144566; UID 1000; state: DISABLED
05-23 09:26:37.053 732 756 V ActivityManagerTiming: OnBootPhase_1000_com.android.server.SensorNotificationService took to complete: 12ms
05-23 09:26:37.053 732 756 D ActivityManagerTiming: OnBootPhase_1000_com.android.server.emergency.EmergencyAffordanceService
05-23 09:26:37.053 732 756 V ActivityManagerTiming: OnBootPhase_1000_com.android.server.emergency.EmergencyAffordanceService took to complete: 0ms
05-23 09:26:37.053 732 756 D ActivityManagerTiming: OnBootPhase_1000_com.android.server.blob.BlobStoreManagerService
05-23 09:26:37.064 732 1018 D CompatibilityChangeReporter: Compat change id reported: 168419799; UID 10039; state: DISABLED
05-23 09:26:37.064 732 1018 D CompatibilityChangeReporter: Compat change id reported: 273564678; UID 10039; state: DISABLED
05-23 09:26:37.065 732 815 D CompatibilityChangeReporter: Compat change id reported: 218533173; UID 10039; state: DISABLED
05-23 09:26:37.065 732 815 D CompatibilityChangeReporter: Compat change id reported: 262645982; UID 10039; state: DISABLED
05-23 09:26:37.067 732 756 V ActivityManagerTiming: OnBootPhase_1000_com.android.server.blob.BlobStoreManagerService took to complete: 15ms
05-23 09:26:37.068 732 756 D ActivityManagerTiming: OnBootPhase_1000_com.android.server.dreams.DreamManagerService
05-23 09:26:37.068 732 756 V ActivityManagerTiming: OnBootPhase_1000_com.android.server.dreams.DreamManagerService took to complete: 0ms
05-23 09:26:37.068 732 756 D ActivityManagerTiming: OnBootPhase_1000_com.android.server.security.AttestationVerificationManagerService
05-23 09:26:37.068 732 756 V ActivityManagerTiming: OnBootPhase_1000_com.android.server.security.AttestationVerificationManagerService took to complete: 0ms
05-23 09:26:37.068 732 756 D ActivityManagerTiming: OnBootPhase_1000_com.android.server.restrictions.RestrictionsManagerService
05-23 09:26:37.068 732 756 V ActivityManagerTiming: OnBootPhase_1000_com.android.server.restrictions.RestrictionsManagerService took to complete: 0ms
05-23 09:26:37.068 732 756 D ActivityManagerTiming: OnBootPhase_1000_com.android.server.media.MediaSessionService
05-23 09:26:37.069 732 756 V ActivityManagerTiming: OnBootPhase_1000_com.android.server.media.MediaSessionService took to complete: 1ms
05-23 09:26:37.069 732 756 D ActivityManagerTiming: OnBootPhase_1000_com.android.server.hdmi.HdmiControlService
05-23 09:26:37.069 732 732 I HdmiControlService: bootCompleted
05-23 09:26:37.070 732 756 V ActivityManagerTiming: OnBootPhase_1000_com.android.server.hdmi.HdmiControlService took to complete: 0ms
05-23 09:26:37.070 732 756 D ActivityManagerTiming: OnBootPhase_1000_com.android.server.tv.interactive.TvInteractiveAppManagerService
05-23 09:26:37.070 732 756 V ActivityManagerTiming: OnBootPhase_1000_com.android.server.tv.interactive.TvInteractiveAppManagerService took to complete: 0ms
05-23 09:26:37.070 732 756 D ActivityManagerTiming: OnBootPhase_1000_com.android.server.tv.TvInputManagerService
05-23 09:26:37.070 732 756 V ActivityManagerTiming: OnBootPhase_1000_com.android.server.tv.TvInputManagerService took to complete: 0ms
05-23 09:26:37.070 732 756 D ActivityManagerTiming: OnBootPhase_1000_com.android.server.media.MediaResourceMonitorService
05-23 09:26:37.070 732 756 V ActivityManagerTiming: OnBootPhase_1000_com.android.server.media.MediaResourceMonitorService took to complete: 0ms
05-23 09:26:37.070 732 756 D ActivityManagerTiming: OnBootPhase_1000_com.android.server.tv.TvRemoteService
05-23 09:26:37.070 732 756 V ActivityManagerTiming: OnBootPhase_1000_com.android.server.tv.TvRemoteService took to complete: 0ms
05-23 09:26:37.070 732 756 D ActivityManagerTiming: OnBootPhase_1000_com.android.server.biometrics.BiometricService
05-23 09:26:37.070 732 756 V ActivityManagerTiming: OnBootPhase_1000_com.android.server.biometrics.BiometricService took to complete: 0ms
05-23 09:26:37.070 732 756 D ActivityManagerTiming: OnBootPhase_1000_com.android.server.biometrics.AuthService
05-23 09:26:37.070 732 756 V ActivityManagerTiming: OnBootPhase_1000_com.android.server.biometrics.AuthService took to complete: 0ms
05-23 09:26:37.070 732 756 D ActivityManagerTiming: OnBootPhase_1000_com.android.server.pm.ShortcutService$Lifecycle
05-23 09:26:37.070 732 756 V ActivityManagerTiming: OnBootPhase_1000_com.android.server.pm.ShortcutService$Lifecycle took to complete: 0ms
05-23 09:26:37.070 732 756 D ActivityManagerTiming: OnBootPhase_1000_com.android.server.pm.LauncherAppsService
05-23 09:26:37.070 732 756 V ActivityManagerTiming: OnBootPhase_1000_com.android.server.pm.LauncherAppsService took to complete: 0ms
05-23 09:26:37.070 732 756 D ActivityManagerTiming: OnBootPhase_1000_com.android.server.pm.CrossProfileAppsService
05-23 09:26:37.070 732 756 V ActivityManagerTiming: OnBootPhase_1000_com.android.server.pm.CrossProfileAppsService took to complete: 0ms
05-23 09:26:37.070 732 756 D ActivityManagerTiming: OnBootPhase_1000_com.android.server.people.PeopleService
05-23 09:26:37.070 732 756 V ActivityManagerTiming: OnBootPhase_1000_com.android.server.people.PeopleService took to complete: 0ms
05-23 09:26:37.070 732 756 D ActivityManagerTiming: OnBootPhase_1000_com.android.server.media.metrics.MediaMetricsManagerService
05-23 09:26:37.070 732 756 V ActivityManagerTiming: OnBootPhase_1000_com.android.server.media.metrics.MediaMetricsManagerService took to complete: 0ms
05-23 09:26:37.070 732 756 D ActivityManagerTiming: OnBootPhase_1000_com.android.server.pm.BackgroundInstallControlService
05-23 09:26:37.070 732 756 V ActivityManagerTiming: OnBootPhase_1000_com.android.server.pm.BackgroundInstallControlService took to complete: 0ms
05-23 09:26:37.070 732 756 D ActivityManagerTiming: OnBootPhase_1000_com.android.server.media.projection.MediaProjectionManagerService
05-23 09:26:37.070 732 756 V ActivityManagerTiming: OnBootPhase_1000_com.android.server.media.projection.MediaProjectionManagerService took to complete: 0ms
05-23 09:26:37.070 732 756 D ActivityManagerTiming: OnBootPhase_1000_com.android.server.slice.SliceManagerService$Lifecycle
05-23 09:26:37.070 732 756 V ActivityManagerTiming: OnBootPhase_1000_com.android.server.slice.SliceManagerService$Lifecycle took to complete: 1ms
05-23 09:26:37.070 732 756 D ActivityManagerTiming: OnBootPhase_1000_com.android.server.stats.StatsCompanion$Lifecycle
05-23 09:26:37.070 732 756 V ActivityManagerTiming: OnBootPhase_1000_com.android.server.stats.StatsCompanion$Lifecycle took to complete: 0ms
05-23 09:26:37.070 732 756 D ActivityManagerTiming: OnBootPhase_1000_com.android.server.scheduling.RebootReadinessManagerService$Lifecycle
05-23 09:26:37.070 732 756 V ActivityManagerTiming: OnBootPhase_1000_com.android.server.scheduling.RebootReadinessManagerService$Lifecycle took to complete: 0ms
05-23 09:26:37.070 732 756 D ActivityManagerTiming: OnBootPhase_1000_com.android.server.stats.pull.StatsPullAtomService
05-23 09:26:37.070 732 756 V ActivityManagerTiming: OnBootPhase_1000_com.android.server.stats.pull.StatsPullAtomService took to complete: 0ms
05-23 09:26:37.070 732 756 D ActivityManagerTiming: OnBootPhase_1000_com.android.server.stats.bootstrap.StatsBootstrapAtomService$Lifecycle
05-23 09:26:37.070 732 756 V ActivityManagerTiming: OnBootPhase_1000_com.android.server.stats.bootstrap.StatsBootstrapAtomService$Lifecycle took to complete: 0ms
05-23 09:26:37.070 732 756 D ActivityManagerTiming: OnBootPhase_1000_com.android.server.incident.IncidentCompanionService
05-23 09:26:37.071 732 756 V ActivityManagerTiming: OnBootPhase_1000_com.android.server.incident.IncidentCompanionService took to complete: 0ms
05-23 09:26:37.071 732 756 D ActivityManagerTiming: OnBootPhase_1000_com.android.server.sdksandbox.SdkSandboxManagerService$Lifecycle
05-23 09:26:37.071 732 756 V ActivityManagerTiming: OnBootPhase_1000_com.android.server.sdksandbox.SdkSandboxManagerService$Lifecycle took to complete: 0ms
05-23 09:26:37.071 732 756 D ActivityManagerTiming: OnBootPhase_1000_com.android.server.adservices.AdServicesManagerService$Lifecycle
05-23 09:26:37.071 732 756 V ActivityManagerTiming: OnBootPhase_1000_com.android.server.adservices.AdServicesManagerService$Lifecycle took to complete: 0ms
05-23 09:26:37.071 732 756 D ActivityManagerTiming: OnBootPhase_1000_com.android.server.ondevicepersonalization.OnDevicePersonalizationSystemService$Lifecycle
05-23 09:26:37.071 732 756 V ActivityManagerTiming: OnBootPhase_1000_com.android.server.ondevicepersonalization.OnDevicePersonalizationSystemService$Lifecycle took to complete: 0ms
05-23 09:26:37.071 732 756 D ActivityManagerTiming: OnBootPhase_1000_com.android.server.autofill.AutofillManagerService
05-23 09:26:37.071 732 756 V ActivityManagerTiming: OnBootPhase_1000_com.android.server.autofill.AutofillManagerService took to complete: 0ms
05-23 09:26:37.071 732 756 D ActivityManagerTiming: OnBootPhase_1000_com.android.server.clipboard.ClipboardService
05-23 09:26:37.071 732 756 V ActivityManagerTiming: OnBootPhase_1000_com.android.server.clipboard.ClipboardService took to complete: 0ms
05-23 09:26:37.071 732 756 D ActivityManagerTiming: OnBootPhase_1000_com.android.server.appbinding.AppBindingService$Lifecycle
05-23 09:26:37.071 732 756 V ActivityManagerTiming: OnBootPhase_1000_com.android.server.appbinding.AppBindingService$Lifecycle took to complete: 0ms
05-23 09:26:37.071 732 756 D ActivityManagerTiming: OnBootPhase_1000_com.android.server.tracing.TracingServiceProxy
05-23 09:26:37.071 732 756 V ActivityManagerTiming: OnBootPhase_1000_com.android.server.tracing.TracingServiceProxy took to complete: 0ms
05-23 09:26:37.071 732 756 D ActivityManagerTiming: OnBootPhase_1000_com.android.server.policy.PermissionPolicyService
05-23 09:26:37.071 732 756 V ActivityManagerTiming: OnBootPhase_1000_com.android.server.policy.PermissionPolicyService took to complete: 0ms
05-23 09:26:37.071 732 756 D ActivityManagerTiming: OnBootPhase_1000_com.android.server.pm.StagingManager$Lifecycle
05-23 09:26:37.072 732 756 V ActivityManagerTiming: OnBootPhase_1000_com.android.server.pm.StagingManager$Lifecycle took to complete: 1ms
05-23 09:26:37.072 732 756 D ActivityManagerTiming: OnBootPhase_1000_com.android.server.app.GameManagerService$Lifecycle
05-23 09:26:37.072 732 756 D GameManagerService: onBootCompleted
01-01 08:00:23.650 0 0 I [1 T440 ..] apexd: markBootCompleted() received by ApexService
05-23 09:26:37.074 732 756 V GameManagerService: Game loading power mode OFF (game manager service start/restart)
05-23 09:26:37.074 732 756 V GameManagerService: Game power mode OFF (game manager service start/restart)
05-23 09:26:37.075 732 756 V ActivityManagerTiming: OnBootPhase_1000_com.android.server.app.GameManagerService$Lifecycle took to complete: 3ms
05-23 09:26:37.075 732 756 D ActivityManagerTiming: OnBootPhase_1000_com.android.safetycenter.SafetyCenterService
05-23 09:26:37.075 732 756 V ActivityManagerTiming: OnBootPhase_1000_com.android.safetycenter.SafetyCenterService took to complete: 0ms
05-23 09:26:37.075 732 756 D ActivityManagerTiming: OnBootPhase_1000_com.android.server.appsearch.AppSearchModule$Lifecycle
05-23 09:26:37.076 732 756 V ActivityManagerTiming: OnBootPhase_1000_com.android.server.appsearch.AppSearchModule$Lifecycle took to complete: 0ms
05-23 09:26:37.076 732 756 D ActivityManagerTiming: OnBootPhase_1000_com.android.server.media.MediaCommunicationService
05-23 09:26:37.076 732 756 V ActivityManagerTiming: OnBootPhase_1000_com.android.server.media.MediaCommunicationService took to complete: 0ms
05-23 09:26:37.076 732 756 D ActivityManagerTiming: OnBootPhase_1000_com.android.server.compat.overrides.AppCompatOverridesService$Lifecycle
05-23 09:26:37.076 732 756 V ActivityManagerTiming: OnBootPhase_1000_com.android.server.compat.overrides.AppCompatOverridesService$Lifecycle took to complete: 0ms
05-23 09:26:37.076 732 756 D ActivityManagerTiming: OnBootPhase_1000_com.android.server.healthconnect.HealthConnectManagerService
05-23 09:26:37.076 732 756 V ActivityManagerTiming: OnBootPhase_1000_com.android.server.healthconnect.HealthConnectManagerService took to complete: 0ms
05-23 09:26:37.076 732 756 D ActivityManagerTiming: OnBootPhase_1000_com.android.server.devicelock.DeviceLockService
05-23 09:26:37.076 732 756 D DeviceLockService: onBootPhase: 1000
05-23 09:26:37.076 732 756 V ActivityManagerTiming: OnBootPhase_1000_com.android.server.devicelock.DeviceLockService took to complete: 0ms
05-23 09:26:37.076 732 756 V ActivityManagerTiming: OnBootPhase_1000 took to complete: 99ms
05-23 09:26:37.076 732 756 V ActivityManagerTiming: TotalBootTime took to complete: 11096ms
05-23 09:26:37.076 732 756 D SystemServerInitThreadPool: Shutdown requested
05-23 09:26:37.076 732 756 D SystemServerTiming: WaitInitThreadPoolShutdown
05-23 09:26:37.077 732 756 D SystemServerInitThreadPool: Shutdown successful
05-23 09:26:37.078 732 756 V SystemServerTiming: WaitInitThreadPoolShutdown took to complete: 2ms
05-23 09:26:37.084 732 756 I ActivityManager: User 0 state changed from BOOTING to RUNNING_LOCKED
05-23 09:26:37.088 732 756 I LockSettingsService: Unwrapping synthetic password for unsecured user 0
05-23 09:26:37.095 732 815 D CompatibilityChangeReporter: Compat change id reported: 265195908; UID 10039; state: ENABLED
05-23 09:26:37.106 258 258 D vold : fscrypt_unlock_user_key 0 serial=0
05-23 09:26:37.106 258 258 D vold : Trying user CE key /data/misc/vold/user_keys/ce/0/current
05-23 09:26:37.108 258 258 D vold : Successfully retrieved key
05-23 09:26:37.108 732 1018 D CompatibilityChangeReporter: Compat change id reported: 170503758; UID 10039; state: DISABLED
05-23 09:26:37.109 258 258 D vold : Installed fscrypt key with ref 34cb2d20570f09628c76b90271cdb68a to /data
05-23 09:26:37.109 258 258 D vold : Added fscrypt-provisioning key for 34cb2d20570f09628c76b90271cdb68a to session keyring
05-23 09:26:37.109 258 258 D vold : Installed ce key for user 0
05-23 09:26:37.110 732 756 I LockSettingsService: Unlocked CE storage for unsecured user 0
05-23 09:26:37.110 732 756 D SystemServerTiming: finishUserUnlocking-0
05-23 09:26:37.111 732 756 D ActivityManager: Started unlocking user 0
05-23 09:26:37.113 732 756 D ActivityManager: Unlocking user 0 progress 0
05-23 09:26:37.113 732 756 D ActivityManager: Unlocking user 0 progress 5
05-23 09:26:37.113 732 756 V SystemServerTiming: finishUserUnlocking-0 took to complete: 3ms
05-23 09:26:37.114 732 753 D SystemServerTiming: UM.onBeforeUnlockUser-0
05-23 09:26:37.114 732 753 D SystemServerTiming: prepareUserData-0
05-23 09:26:37.115 258 258 D vold : fscrypt_prepare_user_storage for volume null, user 0, serial 0, flags 2
05-23 09:26:37.115 258 258 D vold : Preparing: /data/system_ce/0
05-23 09:26:37.116 258 258 I vold : Verified that /data/system_ce/0 has the encryption policy 34cb2d20570f09628c76b90271cdb68a v2 modes 1/4 flags 0xa
05-23 09:26:37.116 258 258 D vold : Preparing: /data/vendor_ce/0
05-23 09:26:37.117 258 258 I vold : Verified that /data/vendor_ce/0 has the encryption policy 34cb2d20570f09628c76b90271cdb68a v2 modes 1/4 flags 0xa
05-23 09:26:37.117 258 258 D vold : Preparing: /data/media/0
05-23 09:26:37.119 258 258 I vold : Verified that /data/media/0 has the encryption policy 34cb2d20570f09628c76b90271cdb68a v2 modes 1/4 flags 0xa
05-23 09:26:37.120 258 258 D vold : Preparing: /data/misc_ce/0
05-23 09:26:37.120 258 258 I vold : Verified that /data/misc_ce/0 has the encryption policy 34cb2d20570f09628c76b90271cdb68a v2 modes 1/4 flags 0xa
05-23 09:26:37.120 258 258 D vold : Preparing: /data/user/0
05-23 09:26:37.121 258 258 I vold : Verified that /data/user/0 has the encryption policy 34cb2d20570f09628c76b90271cdb68a v2 modes 1/4 flags 0xa
05-23 09:26:37.121 258 258 D vold : Starting restorecon of /data/system_ce/0
05-23 09:26:37.123 732 756 V ActivityManagerTiming: FinishBooting took to complete: 150ms
05-23 09:26:37.124 732 756 V WindowManager: app ------------- force_land :0
05-23 09:26:37.125 258 258 D vold : Finished restorecon of /data/system_ce/0
05-23 09:26:37.125 258 258 D vold : Starting restorecon of /data/vendor_ce/0
01-01 08:00:23.703 0 0 I [1 T1367 ..] selinux: SELinux: Skipping restorecon on directory(/data/system_ce/0)
05-23 09:26:37.126 732 756 V WindowManager: app ------------- force_land :0
05-23 09:26:37.129 258 258 D vold : Finished restorecon of /data/vendor_ce/0
05-23 09:26:37.129 258 258 D vold : Starting restorecon of /data/misc_ce/0
01-01 08:00:23.707 0 0 I [2 T1368 ..] selinux: SELinux: Skipping restorecon on directory(/data/vendor_ce/0)
05-23 09:26:37.133 732 764 I ActivityManager: com.android.devicelockcontroller is exempt from freezer
05-23 09:26:37.134 732 764 D CompatibilityChangeReporter: Compat change id reported: 135634846; UID 10058; state: DISABLED
05-23 09:26:37.134 732 764 D CompatibilityChangeReporter: Compat change id reported: 177438394; UID 10058; state: DISABLED
05-23 09:26:37.134 732 764 D CompatibilityChangeReporter: Compat change id reported: 135772972; UID 10058; state: DISABLED
05-23 09:26:37.134 732 764 D CompatibilityChangeReporter: Compat change id reported: 135754954; UID 10058; state: ENABLED
05-23 09:26:37.135 732 756 D ColorDisplayService: setUp: currentUser=0
05-23 09:26:37.135 732 765 D CompatibilityChangeReporter: Compat change id reported: 143937733; UID 10058; state: ENABLED
05-23 09:26:37.136 258 258 D vold : Finished restorecon of /data/misc_ce/0
05-23 09:26:37.136 258 258 D vold : /system/bin/vold_prepare_subdirs
05-23 09:26:37.136 258 258 D vold : prepare
05-23 09:26:37.136 258 258 D vold :
05-23 09:26:37.136 258 258 D vold : 0
05-23 09:26:37.136 258 258 D vold : 2
01-01 08:00:23.714 0 0 I [0 T1369 ..] selinux: SELinux: Skipping restorecon on directory(/data/misc_ce/0)
05-23 09:26:37.149 732 765 I ActivityManager: Start proc 1371:com.android.devicelockcontroller/u0a58 for broadcast {com.android.devicelockcontroller/com.android.devicelockcontroller.receivers.LockedBootCompletedReceiver}
01-01 08:00:23.724 0 0 W : [2 T640 ..] [aml_cfg80211_scan 1812] n_channels:36,iftype:2
01-01 08:00:23.724 0 0 W : [2 T640 ..] [aml_send_scanu_req 2532] vif:0
01-01 08:00:23.724 0 0 W : [2 T640 ..] [aml_send_scanu_req 2563] len:4 ssid:DZNB
01-01 08:00:23.725 0 0 W : [2 T640 ..] >>> aml_send_msg()
01-01 08:00:23.731 0 0 W : [1 T947 ..] ipc_sdio_host_msgack_handler 000000008fa7eb1f
01-01 08:00:23.731 0 0 W : [1 T947 ..] [aml_msgackind 2038] msg ack hostid=0xffffff804ad63a00
01-01 08:00:23.732 0 0 W : [1 T947 ..] [cmd_mgr_llind 329] cmd tkn[21] flags:0008 result: -4 cmd:4096-SCANU_START_REQ - reqcfm( 0-none)
01-01 08:00:23.733 0 0 W : [1 T947 ..] [cmd_complete 65] cmd tkn[21] flags:0000 result: -4 cmd:4096-SCANU_START_REQ - reqcfm( 0-none)
01-01 08:00:23.759 0 0 E : [3 T170 ..] can't find node dmabuf_manage's config:secure_vdec_def_size_bytes
01-01 08:00:23.759 0 0 E : [3 T170 ..] set config failed dmabuf_manage.secure_vdec_def_size_bytes=16777216
05-23 09:26:37.191 732 808 D CompatibilityChangeReporter: Compat change id reported: 168419799; UID 10058; state: DISABLED
05-23 09:26:37.191 732 808 D CompatibilityChangeReporter: Compat change id reported: 273564678; UID 10058; state: DISABLED
05-23 09:26:37.194 732 815 D CompatibilityChangeReporter: Compat change id reported: 265195908; UID 10058; state: ENABLED
05-23 09:26:37.207 732 808 D CompatibilityChangeReporter: Compat change id reported: 170503758; UID 10058; state: ENABLED
05-23 09:26:37.208 732 1018 D CompatibilityChangeReporter: Compat change id reported: 261072174; UID 1000; state: ENABLED
05-23 09:26:37.209 732 1018 W StorageManagerService: No primary storage defined yet; hacking together a stub
05-23 09:26:37.213 732 1352 W AdbDebuggingManager: Read failed with count -1
05-23 09:26:37.213 732 1352 E AdbDebuggingManager: Caught an exception opening the socket: java.io.IOException: Connection refused
05-23 09:26:37.282 732 753 V UserDataPreparer: Found /data/user/0 with serial number 0
05-23 09:26:37.282 732 753 V UserDataPreparer: Found /data/system_ce/0 with serial number 0
05-23 09:26:37.283 732 753 D UserDataPreparer: Setting property: sys.user.0.ce_available=true
05-23 09:26:37.284 732 753 V SystemServerTiming: prepareUserData-0 took to complete: 171ms
05-23 09:26:37.285 732 753 D SystemServerTiming: reconcileAppsData-0
05-23 09:26:37.285 732 753 V PackageManager: reconcileAppsData for null u0 0x2 migrateAppData=false
05-23 09:26:37.288 732 753 W PackageManager: Skipping preparing app data for com.android.configinfrastructure
05-23 09:26:37.288 732 753 W PackageManager: Skipping preparing app data for com.android.appsearch
05-23 09:26:37.288 732 753 W PackageManager: Skipping preparing app data for com.android.adservices
05-23 09:26:37.288 732 753 W PackageManager: Skipping preparing app data for com.android.scheduling
05-23 09:26:37.288 732 753 W PackageManager: Skipping preparing app data for com.google.android.widevine.nonupdatable
05-23 09:26:37.288 732 753 W PackageManager: Skipping preparing app data for com.android.permission
05-23 09:26:37.289 732 753 W PackageManager: Skipping preparing app data for com.android.art
05-23 09:26:37.289 732 753 W PackageManager: Skipping preparing app data for com.android.uwb
05-23 09:26:37.289 732 753 W PackageManager: Skipping preparing app data for com.android.tethering
05-23 09:26:37.289 732 753 W PackageManager: Skipping preparing app data for com.android.btservices
05-23 09:26:37.289 732 753 W PackageManager: Skipping preparing app data for com.android.media.swcodec
05-23 09:26:37.289 732 753 W PackageManager: Skipping preparing app data for com.android.conscrypt
05-23 09:26:37.289 732 753 W PackageManager: Skipping preparing app data for com.android.adbd
05-23 09:26:37.289 732 753 W PackageManager: Skipping preparing app data for com.android.i18n
05-23 09:26:37.289 732 753 W PackageManager: Skipping preparing app data for com.android.rkpd
05-23 09:26:37.289 732 753 W PackageManager: Skipping preparing app data for com.android.virt
05-23 09:26:37.289 732 753 W PackageManager: Skipping preparing app data for com.android.wifi
05-23 09:26:37.289 732 753 W PackageManager: Skipping preparing app data for com.android.runtime
05-23 09:26:37.289 732 753 W PackageManager: Skipping preparing app data for com.android.devicelock
05-23 09:26:37.289 732 753 W PackageManager: Skipping preparing app data for com.android.apex.cts.shim
05-23 09:26:37.289 732 753 W PackageManager: Skipping preparing app data for com.android.neuralnetworks
05-23 09:26:37.289 732 753 W PackageManager: Skipping preparing app data for com.android.healthfitness
05-23 09:26:37.290 732 753 W PackageManager: Skipping preparing app data for com.android.resolv
05-23 09:26:37.290 732 753 W PackageManager: Skipping preparing app data for com.android.sdkext
05-23 09:26:37.290 732 753 W PackageManager: Skipping preparing app data for com.android.tzdata
05-23 09:26:37.290 732 753 W PackageManager: Skipping preparing app data for com.android.vndk.v34
05-23 09:26:37.290 732 753 W PackageManager: Skipping preparing app data for com.android.os.statsd
05-23 09:26:37.290 732 753 W PackageManager: Skipping preparing app data for com.android.extservices
05-23 09:26:37.290 732 753 W PackageManager: Skipping preparing app data for com.amlogic.mediaextractor
05-23 09:26:37.290 732 753 W PackageManager: Skipping preparing app data for com.android.ipsec
05-23 09:26:37.290 732 753 W PackageManager: Skipping preparing app data for com.android.media
05-23 09:26:37.290 732 753 W PackageManager: Skipping preparing app data for com.android.sdksandbox
05-23 09:26:37.290 732 753 W PackageManager: Skipping preparing app data for com.android.mediaprovider
05-23 09:26:37.290 732 753 W PackageManager: Skipping preparing app data for com.android.ondevicepersonalization
05-23 09:26:37.329 732 732 W NotificationHistory: Attempted to add notif for locked/gone/disabled user 0
05-23 09:26:37.331 1371 1371 I DeviceLockControllerApplication: onCreate
05-23 09:26:37.339 1371 1371 I DeviceStateControllerImpl: Starting state is 0
05-23 09:26:37.345 1371 1371 I UserRestrictionsPolicyHandler: Build type DEBUG = true
05-23 09:26:37.349 732 1018 W WindowManager: [addWindow] title:InputMethod
05-23 09:26:37.350 732 1018 D CompatibilityChangeReporter: Compat change id reported: 168419799; UID 10039; state: DISABLED
05-23 09:26:37.350 732 1018 D CompatibilityChangeReporter: Compat change id reported: 273564678; UID 10039; state: DISABLED
05-23 09:26:37.350 1371 1371 D DevicePolicyControllerImpl: onStateChanged (0)
05-23 09:26:37.350 1371 1371 V UserRestrictionsPolicyHandler: Setting restrictions for 0
05-23 09:26:37.358 732 1018 W ActivityTaskManager: Current config: {1.0 ?mcc0mnc [zh_CN] ldltr sw720dp w1280dp h720dp 240dpi xlrg long land television -touch -keyb/v/h dpad/v winConfig={ mBounds=Rect(0, 0 - 1920, 1080) mAppBounds=Rect(0, 0 - 1920, 1080) mMaxBounds=Rect(0, 0 - 1920, 1080) mDisplayRotation=ROTATION_0 mWindowingMode=fullscreen mDisplayWindowingMode=fullscreen mActivityType=undefined mAlwaysOnTop=undefined mRotation=ROTATION_0} s.6 fontWeightAdjustment=0} unchanged for IME proc com.sohu.inputmethod.sogou.tv
05-23 09:26:37.358 732 1018 W ActivityTaskManager: Current config: {1.0 ?mcc0mnc [zh_CN] ldltr sw720dp w1280dp h720dp 240dpi xlrg long land television -touch -keyb/v/h dpad/v winConfig={ mBounds=Rect(0, 0 - 1920, 1080) mAppBounds=Rect(0, 0 - 1920, 1080) mMaxBounds=Rect(0, 0 - 1920, 1080) mDisplayRotation=ROTATION_0 mWindowingMode=fullscreen mDisplayWindowingMode=fullscreen mActivityType=undefined mAlwaysOnTop=undefined mRotation=ROTATION_0} s.6 fontWeightAdjustment=0} unchanged for IME proc com.sohu.inputmethod.sogou.tv
05-23 09:26:37.365 732 807 D CompatibilityChangeReporter: Compat change id reported: 261072174; UID 10058; state: ENABLED
05-23 09:26:37.370 732 958 D CoreBackPreview: Window{d93b2ed u0 InputMethod}: Setting back callback OnBackInvokedCallbackInfo{mCallback=android.window.IOnBackInvokedCallback$Stub$Proxy@1b57421, mPriority=0, mIsAnimationCallback=false}
05-23 09:26:37.372 1371 1371 D SetupParametersService: onCreate
05-23 09:26:37.374 1371 1371 D LockedBootCompletedReceiver: Locked Boot completed
05-23 09:26:37.379 732 1018 D CompatibilityChangeReporter: Compat change id reported: 161145287; UID 10039; state: DISABLED
05-23 09:26:37.383 1371 1409 I DlcClient: Binding com.android.devicelockcontroller/.storage.SetupParametersService
05-23 09:26:37.388 1371 1371 I DeviceLockControllerApplication: Policies enforced
05-23 09:26:37.389 1371 1414 D PackagePolicyHandler: Kiosk package is not set for state: 0
05-23 09:26:37.464 732 958 W StorageManagerService: No primary storage defined yet; hacking together a stub
05-23 09:26:37.491 732 753 V PackageManager: reconcileAppsData finished 145 packages
05-23 09:26:37.491 732 753 V SystemServerTiming: reconcileAppsData-0 took to complete: 206ms
05-23 09:26:37.491 732 753 V SystemServerTiming: UM.onBeforeUnlockUser-0 took to complete: 377ms
05-23 09:26:37.491 732 753 I ActivityManager: User 0 state changed from RUNNING_LOCKED to RUNNING_UNLOCKING
05-23 09:26:37.492 732 753 D ActivityManager: Unlocking user 0 progress 20
05-23 09:26:37.493 732 753 W Looper : Slow dispatch took 379ms android.fg h=android.os.Handler c=com.android.server.am.UserController$$ExternalSyntheticLambda2@ea9a23d m=0
05-23 09:26:37.493 732 764 D SystemServerTimingAsync: ssm.UnlockingUser-0
05-23 09:26:37.493 732 764 I SystemServiceManager: Calling onUnlockingUser 0
05-23 09:26:37.493 732 753 W Looper : Slow delivery took 379ms android.fg h=android.os.Handler c=com.android.server.am.UserController$$ExternalSyntheticLambda9@5d6da32 m=0
05-23 09:26:37.493 732 764 D SystemServerTimingAsync: ssm.onUnlockingUser-0_com.android.server.security.FileIntegrityService
05-23 09:26:37.493 732 764 V SystemServerTimingAsync: ssm.onUnlockingUser-0_com.android.server.security.FileIntegrityService took to complete: 0ms
05-23 09:26:37.493 732 764 D SystemServerTimingAsync: ssm.onUnlockingUser-0_com.android.server.pm.Installer
05-23 09:26:37.493 732 764 V SystemServerTimingAsync: ssm.onUnlockingUser-0_com.android.server.pm.Installer took to complete: 0ms
05-23 09:26:37.493 732 764 D SystemServerTimingAsync: ssm.onUnlockingUser-0_com.android.server.os.DeviceIdentifiersPolicyService
05-23 09:26:37.493 732 764 V SystemServerTimingAsync: ssm.onUnlockingUser-0_com.android.server.os.DeviceIdentifiersPolicyService took to complete: 0ms
05-23 09:26:37.493 732 764 D SystemServerTimingAsync: ssm.onUnlockingUser-0_com.android.server.flags.FeatureFlagsService
05-23 09:26:37.493 732 764 V SystemServerTimingAsync: ssm.onUnlockingUser-0_com.android.server.flags.FeatureFlagsService took to complete: 0ms
05-23 09:26:37.493 732 764 D SystemServerTimingAsync: ssm.onUnlockingUser-0_com.android.server.uri.UriGrantsManagerService$Lifecycle
05-23 09:26:37.493 732 764 V SystemServerTimingAsync: ssm.onUnlockingUser-0_com.android.server.uri.UriGrantsManagerService$Lifecycle took to complete: 0ms
05-23 09:26:37.493 732 764 D SystemServerTimingAsync: ssm.onUnlockingUser-0_com.android.server.powerstats.PowerStatsService
05-23 09:26:37.493 732 764 V SystemServerTimingAsync: ssm.onUnlockingUser-0_com.android.server.powerstats.PowerStatsService took to complete: 0ms
05-23 09:26:37.493 732 764 D SystemServerTimingAsync: ssm.onUnlockingUser-0_com.android.server.permission.access.AccessCheckingService
05-23 09:26:37.493 732 764 V SystemServerTimingAsync: ssm.onUnlockingUser-0_com.android.server.permission.access.AccessCheckingService took to complete: 0ms
05-23 09:26:37.493 732 764 D SystemServerTimingAsync: ssm.onUnlockingUser-0_com.android.server.wm.ActivityTaskManagerService$Lifecycle
05-23 09:26:37.493 732 764 V SystemServerTimingAsync: ssm.onUnlockingUser-0_com.android.server.wm.ActivityTaskManagerService$Lifecycle took to complete: 0ms
05-23 09:26:37.493 732 764 D SystemServerTimingAsync: ssm.onUnlockingUser-0_com.android.server.am.ActivityManagerService$Lifecycle
05-23 09:26:37.493 732 764 V SystemServerTimingAsync: ssm.onUnlockingUser-0_com.android.server.am.ActivityManagerService$Lifecycle took to complete: 0ms
05-23 09:26:37.493 732 764 D SystemServerTimingAsync: ssm.onUnlockingUser-0_com.android.server.pm.DataLoaderManagerService
05-23 09:26:37.493 732 764 V SystemServerTimingAsync: ssm.onUnlockingUser-0_com.android.server.pm.DataLoaderManagerService took to complete: 0ms
05-23 09:26:37.493 732 764 D SystemServerTimingAsync: ssm.onUnlockingUser-0_com.android.server.power.PowerManagerService
05-23 09:26:37.493 732 764 V SystemServerTimingAsync: ssm.onUnlockingUser-0_com.android.server.power.PowerManagerService took to complete: 0ms
05-23 09:26:37.493 732 764 D SystemServerTimingAsync: ssm.onUnlockingUser-0_com.android.server.power.ThermalManagerService
05-23 09:26:37.493 732 764 V SystemServerTimingAsync: ssm.onUnlockingUser-0_com.android.server.power.ThermalManagerService took to complete: 0ms
05-23 09:26:37.493 732 764 D SystemServerTimingAsync: ssm.onUnlockingUser-0_com.android.server.power.hint.HintManagerService
05-23 09:26:37.493 732 764 V SystemServerTimingAsync: ssm.onUnlockingUser-0_com.android.server.power.hint.HintManagerService took to complete: 0ms
05-23 09:26:37.493 732 764 D SystemServerTimingAsync: ssm.onUnlockingUser-0_com.android.server.recoverysystem.RecoverySystemService$Lifecycle
05-23 09:26:37.493 732 764 V SystemServerTimingAsync: ssm.onUnlockingUser-0_com.android.server.recoverysystem.RecoverySystemService$Lifecycle took to complete: 0ms
05-23 09:26:37.493 732 764 D SystemServerTimingAsync: ssm.onUnlockingUser-0_com.android.server.lights.LightsService
05-23 09:26:37.493 732 764 V SystemServerTimingAsync: ssm.onUnlockingUser-0_com.android.server.lights.LightsService took to complete: 0ms
05-23 09:26:37.493 732 764 D SystemServerTimingAsync: ssm.onUnlockingUser-0_com.android.server.display.DisplayManagerService
05-23 09:26:37.493 732 772 I BroadcastQueue: BOOT_COMPLETED_BROADCAST_COMPLETION_LATENCY_REPORTED action:android.intent.action.LOCKED_BOOT_COMPLETED dispatchLatency:29 completeLatency:408 dispatchRealLatency:29 completeRealLatency:408 receiversSize:4 userId:0 userType:android.os.usertype.full.SYSTEM
05-23 09:26:37.494 732 764 V SystemServerTimingAsync: ssm.onUnlockingUser-0_com.android.server.display.DisplayManagerService took to complete: 0ms
05-23 09:26:37.494 732 764 D SystemServerTimingAsync: ssm.onUnlockingUser-0_com.android.server.pm.verify.domain.DomainVerificationService
05-23 09:26:37.494 732 764 V SystemServerTimingAsync: ssm.onUnlockingUser-0_com.android.server.pm.verify.domain.DomainVerificationService took to complete: 0ms
05-23 09:26:37.494 732 764 D SystemServerTimingAsync: ssm.onUnlockingUser-0_com.android.server.pm.PackageInstallerService$Lifecycle
05-23 09:26:37.494 732 764 V SystemServerTimingAsync: ssm.onUnlockingUser-0_com.android.server.pm.PackageInstallerService$Lifecycle took to complete: 0ms
05-23 09:26:37.494 732 764 D SystemServerTimingAsync: ssm.onUnlockingUser-0_com.android.server.pm.UserManagerService$LifeCycle
05-23 09:26:37.494 732 764 V SystemServerTimingAsync: ssm.onUnlockingUser-0_com.android.server.pm.UserManagerService$LifeCycle took to complete: 0ms
05-23 09:26:37.494 732 764 D SystemServerTimingAsync: ssm.onUnlockingUser-0_com.android.server.om.OverlayManagerService
05-23 09:26:37.494 732 764 V SystemServerTimingAsync: ssm.onUnlockingUser-0_com.android.server.om.OverlayManagerService took to complete: 0ms
05-23 09:26:37.494 732 764 D SystemServerTimingAsync: ssm.onUnlockingUser-0_com.android.server.resources.ResourcesManagerService
05-23 09:26:37.494 732 764 V SystemServerTimingAsync: ssm.onUnlockingUser-0_com.android.server.resources.ResourcesManagerService took to complete: 0ms
