05-23 09:26:30.598 732 732 V SystemServerTiming: OnBootPhase_500_com.android.server.DropBoxManagerService took to complete: 1ms
05-23 09:26:30.598 732 732 D SystemServerTiming: OnBootPhase_500_com.android.role.RoleService
05-23 09:26:30.598 732 732 V SystemServerTiming: OnBootPhase_500_com.android.role.RoleService took to complete: 0ms
05-23 09:26:30.598 732 732 D SystemServerTiming: OnBootPhase_500_com.android.server.vibrator.VibratorManagerService$Lifecycle
05-23 09:26:30.598 732 732 V VibratorManagerService: Initializing VibratorManager service...
05-23 09:26:30.615 732 732 V HistoricalRegistry: Interaction before persistence initialized
05-23 09:26:30.639 732 732 V VibratorManagerService: VibratorManager service initialized
05-23 09:26:30.639 732 732 V SystemServerTiming: OnBootPhase_500_com.android.server.vibrator.VibratorManagerService$Lifecycle took to complete: 40ms
05-23 09:26:30.639 732 732 D SystemServerTiming: OnBootPhase_500_com.android.server.tare.InternalResourceService
05-23 09:26:30.642 732 732 V SystemServerTiming: OnBootPhase_500_com.android.server.tare.InternalResourceService took to complete: 3ms
05-23 09:26:30.642 732 732 D SystemServerTiming: OnBootPhase_500_com.android.server.alarm.AlarmManagerService
05-23 09:26:30.643 732 732 E LazyAlarmStore: Removed TIME_TICK alarm
05-23 09:26:30.647 732 732 V SystemServerTiming: OnBootPhase_500_com.android.server.alarm.AlarmManagerService took to complete: 5ms
05-23 09:26:30.647 732 732 D SystemServerTiming: OnBootPhase_500_com.android.server.devicestate.DeviceStateManagerService
05-23 09:26:30.647 732 732 V SystemServerTiming: OnBootPhase_500_com.android.server.devicestate.DeviceStateManagerService took to complete: 0ms
05-23 09:26:30.647 732 732 D SystemServerTiming: OnBootPhase_500_com.android.server.camera.CameraServiceProxy
05-23 09:26:30.647 732 732 V SystemServerTiming: OnBootPhase_500_com.android.server.camera.CameraServiceProxy took to complete: 0ms
05-23 09:26:30.647 732 732 D SystemServerTiming: OnBootPhase_500_com.android.server.bluetooth.BluetoothService
05-23 09:26:30.648 732 732 V SystemServerTiming: OnBootPhase_500_com.android.server.bluetooth.BluetoothService took to complete: 1ms
05-23 09:26:30.648 732 732 D SystemServerTiming: OnBootPhase_500_com.android.server.connectivity.IpConnectivityMetrics
05-23 09:26:30.651 732 732 V SystemServerTiming: OnBootPhase_500_com.android.server.connectivity.IpConnectivityMetrics took to complete: 3ms
05-23 09:26:30.651 732 732 D SystemServerTiming: OnBootPhase_500_com.android.server.net.watchlist.NetworkWatchlistService$Lifecycle
05-23 09:26:30.651 732 732 V SystemServerTiming: OnBootPhase_500_com.android.server.net.watchlist.NetworkWatchlistService$Lifecycle took to complete: 0ms
05-23 09:26:30.651 732 732 D SystemServerTiming: OnBootPhase_500_com.android.server.PinnerService
05-23 09:26:30.652 732 732 V SystemServerTiming: OnBootPhase_500_com.android.server.PinnerService took to complete: 1ms
05-23 09:26:30.652 732 732 D SystemServerTiming: OnBootPhase_500_com.android.server.integrity.AppIntegrityManagerService
05-23 09:26:30.652 732 732 V SystemServerTiming: OnBootPhase_500_com.android.server.integrity.AppIntegrityManagerService took to complete: 0ms
05-23 09:26:30.652 732 732 D SystemServerTiming: OnBootPhase_500_com.android.server.logcat.LogcatManagerService
05-23 09:26:30.652 732 732 V SystemServerTiming: OnBootPhase_500_com.android.server.logcat.LogcatManagerService took to complete: 0ms
05-23 09:26:30.652 732 732 D SystemServerTiming: OnBootPhase_500_com.android.server.inputmethod.InputMethodManagerService$Lifecycle
05-23 09:26:30.652 732 732 V SystemServerTiming: OnBootPhase_500_com.android.server.inputmethod.InputMethodManagerService$Lifecycle took to complete: 0ms
05-23 09:26:30.652 732 732 D SystemServerTiming: OnBootPhase_500_com.android.server.accessibility.AccessibilityManagerService$Lifecycle
05-23 09:26:30.653 732 732 V SystemServerTiming: OnBootPhase_500_com.android.server.accessibility.AccessibilityManagerService$Lifecycle took to complete: 0ms
05-23 09:26:30.653 732 732 D SystemServerTiming: OnBootPhase_500_com.android.server.StorageManagerService$Lifecycle
05-23 09:26:30.654 732 732 V SystemServerTiming: OnBootPhase_500_com.android.server.StorageManagerService$Lifecycle took to complete: 1ms
05-23 09:26:30.654 732 732 D SystemServerTiming: OnBootPhase_500_com.android.server.usage.StorageStatsService$Lifecycle
05-23 09:26:30.654 732 732 V SystemServerTiming: OnBootPhase_500_com.android.server.usage.StorageStatsService$Lifecycle took to complete: 0ms
05-23 09:26:30.654 732 732 D SystemServerTiming: OnBootPhase_500_com.android.server.UiModeManagerService
05-23 09:26:30.660 732 732 I ActivityTaskManager: Config changes=200 {1.0 ?mcc0mnc [zh_CN] ldltr sw720dp w1280dp h720dp 240dpi xlrg long land television -touch -keyb/v/h dpad/v winConfig={ mBounds=Rect(0, 0 - 1920, 1080) mAppBounds=Rect(0, 0 - 1920, 1080) mMaxBounds=Rect(0, 0 - 1920, 1080) mDisplayRotation=ROTATION_0 mWindowingMode=fullscreen mDisplayWindowingMode=fullscreen mActivityType=undefined mAlwaysOnTop=undefined mRotation=ROTATION_0} s.4 ?fontWeightAdjustment}
05-23 09:26:30.662 732 732 I WindowManager: Override config changes=200 {1.0 ?mcc0mnc [zh_CN] ldltr sw720dp w1280dp h720dp 240dpi xlrg long land television -touch -keyb/v/h dpad/v winConfig={ mBounds=Rect(0, 0 - 1920, 1080) mAppBounds=Rect(0, 0 - 1920, 1080) mMaxBounds=Rect(0, 0 - 1920, 1080) mDisplayRotation=ROTATION_0 mWindowingMode=fullscreen mDisplayWindowingMode=fullscreen mActivityType=undefined mAlwaysOnTop=undefined mRotation=ROTATION_0} s.4 ?fontWeightAdjustment} for displayId=0
05-23 09:26:30.665 732 732 V SystemServerTiming: OnBootPhase_500_com.android.server.UiModeManagerService took to complete: 11ms
05-23 09:26:30.665 732 732 D SystemServerTiming: OnBootPhase_500_com.android.server.locales.LocaleManagerService
05-23 09:26:30.665 732 732 V SystemServerTiming: OnBootPhase_500_com.android.server.locales.LocaleManagerService took to complete: 0ms
05-23 09:26:30.665 732 732 D SystemServerTiming: OnBootPhase_500_com.android.server.grammaticalinflection.GrammaticalInflectionService
05-23 09:26:30.665 732 732 V SystemServerTiming: OnBootPhase_500_com.android.server.grammaticalinflection.GrammaticalInflectionService took to complete: 0ms
05-23 09:26:30.665 732 732 D SystemServerTiming: OnBootPhase_500_com.android.server.apphibernation.AppHibernationService
05-23 09:26:30.666 732 732 V SystemServerTiming: OnBootPhase_500_com.android.server.apphibernation.AppHibernationService took to complete: 2ms
05-23 09:26:30.666 732 732 D SystemServerTiming: OnBootPhase_500_com.android.server.locksettings.LockSettingsService$Lifecycle
05-23 09:26:30.666 732 732 V SystemServerTiming: OnBootPhase_500_com.android.server.locksettings.LockSettingsService$Lifecycle took to complete: 0ms
05-23 09:26:30.666 732 732 D SystemServerTiming: OnBootPhase_500_com.android.server.PersistentDataBlockService
05-23 09:26:30.667 732 732 V SystemServerTiming: OnBootPhase_500_com.android.server.PersistentDataBlockService took to complete: 0ms
05-23 09:26:30.667 732 732 D SystemServerTiming: OnBootPhase_500_com.android.server.testharness.TestHarnessModeService
05-23 09:26:30.667 732 732 D TestHarnessModeService: Setting up test harness mode
05-23 09:26:30.667 732 732 D TestHarnessModeService: Getting PersistentDataBlockManagerInternal from LocalServices
05-23 09:26:30.692 732 732 V SystemServerTiming: OnBootPhase_500_com.android.server.testharness.TestHarnessModeService took to complete: 25ms
05-23 09:26:30.692 732 732 D SystemServerTiming: OnBootPhase_500_com.android.server.oemlock.OemLockService
05-23 09:26:30.692 732 732 V SystemServerTiming: OnBootPhase_500_com.android.server.oemlock.OemLockService took to complete: 0ms
05-23 09:26:30.692 732 732 D SystemServerTiming: OnBootPhase_500_com.android.server.DeviceIdleController
05-23 09:26:30.702 732 732 V HistoricalRegistry: Interaction before persistence initialized
05-23 09:26:30.707 732 732 V SystemServerTiming: OnBootPhase_500_com.android.server.DeviceIdleController took to complete: 15ms
05-23 09:26:30.707 732 732 D SystemServerTiming: OnBootPhase_500_com.android.server.devicepolicy.DevicePolicyManagerService$Lifecycle
05-23 09:26:30.707 732 732 V SystemServerTiming: OnBootPhase_500_com.android.server.devicepolicy.DevicePolicyManagerService$Lifecycle took to complete: 0ms
05-23 09:26:30.707 732 732 D SystemServerTiming: OnBootPhase_500_com.android.server.texttospeech.TextToSpeechManagerService
05-23 09:26:30.707 732 732 V SystemServerTiming: OnBootPhase_500_com.android.server.texttospeech.TextToSpeechManagerService took to complete: 0ms
05-23 09:26:30.707 732 732 D SystemServerTiming: OnBootPhase_500_com.android.server.ambientcontext.AmbientContextManagerService
05-23 09:26:30.708 732 732 V SystemServerTiming: OnBootPhase_500_com.android.server.ambientcontext.AmbientContextManagerService took to complete: 1ms
05-23 09:26:30.708 732 732 D SystemServerTiming: OnBootPhase_500_com.android.server.wearable.WearableSensingManagerService
05-23 09:26:30.709 732 732 V SystemServerTiming: OnBootPhase_500_com.android.server.wearable.WearableSensingManagerService took to complete: 0ms
05-23 09:26:30.709 732 732 D SystemServerTiming: OnBootPhase_500_com.android.server.speech.SpeechRecognitionManagerService
05-23 09:26:30.709 732 732 V SystemServerTiming: OnBootPhase_500_com.android.server.speech.SpeechRecognitionManagerService took to complete: 0ms
05-23 09:26:30.709 732 732 D SystemServerTiming: OnBootPhase_500_com.android.server.searchui.SearchUiManagerService
05-23 09:26:30.709 732 732 V SystemServerTiming: OnBootPhase_500_com.android.server.searchui.SearchUiManagerService took to complete: 0ms
05-23 09:26:30.709 732 732 D SystemServerTiming: OnBootPhase_500_com.android.server.smartspace.SmartspaceManagerService
05-23 09:26:30.709 732 732 V SystemServerTiming: OnBootPhase_500_com.android.server.smartspace.SmartspaceManagerService took to complete: 0ms
05-23 09:26:30.709 732 732 D SystemServerTiming: OnBootPhase_500_com.android.server.graphics.fonts.FontManagerService$Lifecycle
05-23 09:26:30.709 732 732 V SystemServerTiming: OnBootPhase_500_com.android.server.graphics.fonts.FontManagerService$Lifecycle took to complete: 0ms
05-23 09:26:30.709 732 732 D SystemServerTiming: OnBootPhase_500_com.android.server.textservices.TextServicesManagerService$Lifecycle
05-23 09:26:30.709 732 732 V SystemServerTiming: OnBootPhase_500_com.android.server.textservices.TextServicesManagerService$Lifecycle took to complete: 0ms
05-23 09:26:30.709 732 732 D SystemServerTiming: OnBootPhase_500_com.android.server.textclassifier.TextClassificationManagerService$Lifecycle
05-23 09:26:30.709 732 732 V SystemServerTiming: OnBootPhase_500_com.android.server.textclassifier.TextClassificationManagerService$Lifecycle took to complete: 0ms
05-23 09:26:30.709 732 732 D SystemServerTiming: OnBootPhase_500_com.android.server.NetworkScoreService$Lifecycle
05-23 09:26:30.710 732 732 V SystemServerTiming: OnBootPhase_500_com.android.server.NetworkScoreService$Lifecycle took to complete: 1ms
05-23 09:26:30.710 732 732 D SystemServerTiming: OnBootPhase_500_com.android.server.NetworkStatsServiceInitializer
05-23 09:26:30.710 732 732 V SystemServerTiming: OnBootPhase_500_com.android.server.NetworkStatsServiceInitializer took to complete: 0ms
05-23 09:26:30.710 732 732 D SystemServerTiming: OnBootPhase_500_com.android.server.wifi.WifiService
05-23 09:26:30.711 732 732 V SystemServerTiming: OnBootPhase_500_com.android.server.wifi.WifiService took to complete: 1ms
05-23 09:26:30.711 732 732 D SystemServerTiming: OnBootPhase_500_com.android.server.wifi.scanner.WifiScanningService
05-23 09:26:30.711 732 732 V SystemServerTiming: OnBootPhase_500_com.android.server.wifi.scanner.WifiScanningService took to complete: 0ms
05-23 09:26:30.711 732 732 D SystemServerTiming: OnBootPhase_500_com.android.server.wifi.p2p.WifiP2pService
05-23 09:26:30.713 732 732 V SystemServerTiming: OnBootPhase_500_com.android.server.wifi.p2p.WifiP2pService took to complete: 2ms
05-23 09:26:30.713 732 732 D SystemServerTiming: OnBootPhase_500_com.android.server.ConnectivityServiceInitializer
05-23 09:26:30.715 732 732 V SystemServerTiming: OnBootPhase_500_com.android.server.ConnectivityServiceInitializer took to complete: 1ms
05-23 09:26:30.715 732 732 D SystemServerTiming: OnBootPhase_500_com.android.server.notification.NotificationManagerService
05-23 09:26:30.722 732 732 V SystemServerTiming: OnBootPhase_500_com.android.server.notification.NotificationManagerService took to complete: 7ms
05-23 09:26:30.722 732 732 D SystemServerTiming: OnBootPhase_500_com.android.server.storage.DeviceStorageMonitorService
05-23 09:26:30.722 732 732 V SystemServerTiming: OnBootPhase_500_com.android.server.storage.DeviceStorageMonitorService took to complete: 0ms
05-23 09:26:30.722 732 732 D SystemServerTiming: OnBootPhase_500_com.android.server.timedetector.TimeDetectorService$Lifecycle
05-23 09:26:30.722 732 732 V SystemServerTiming: OnBootPhase_500_com.android.server.timedetector.TimeDetectorService$Lifecycle took to complete: 0ms
05-23 09:26:30.722 732 732 D SystemServerTiming: OnBootPhase_500_com.android.server.location.LocationManagerService$Lifecycle
05-23 09:26:30.724 732 732 V HistoricalRegistry: Interaction before persistence initialized
05-23 09:26:30.725 732 732 V SystemServerTiming: OnBootPhase_500_com.android.server.location.LocationManagerService$Lifecycle took to complete: 3ms
05-23 09:26:30.725 732 732 D SystemServerTiming: OnBootPhase_500_com.android.server.timezonedetector.TimeZoneDetectorService$Lifecycle
05-23 09:26:30.725 732 732 V SystemServerTiming: OnBootPhase_500_com.android.server.timezonedetector.TimeZoneDetectorService$Lifecycle took to complete: 0ms
05-23 09:26:30.725 732 732 D SystemServerTiming: OnBootPhase_500_com.android.server.location.altitude.AltitudeService$Lifecycle
05-23 09:26:30.725 732 732 V SystemServerTiming: OnBootPhase_500_com.android.server.location.altitude.AltitudeService$Lifecycle took to complete: 0ms
05-23 09:26:30.725 732 732 D SystemServerTiming: OnBootPhase_500_com.android.server.timezonedetector.location.LocationTimeZoneManagerService$Lifecycle
05-23 09:26:30.725 732 732 V SystemServerTiming: OnBootPhase_500_com.android.server.timezonedetector.location.LocationTimeZoneManagerService$Lifecycle took to complete: 0ms
05-23 09:26:30.725 732 732 D SystemServerTiming: OnBootPhase_500_com.android.server.search.SearchManagerService$Lifecycle
05-23 09:26:30.725 732 732 V SystemServerTiming: OnBootPhase_500_com.android.server.search.SearchManagerService$Lifecycle took to complete: 0ms
05-23 09:26:30.725 732 732 D SystemServerTiming: OnBootPhase_500_com.android.server.wallpaper.WallpaperManagerService$Lifecycle
05-23 09:26:30.726 732 732 V SystemServerTiming: OnBootPhase_500_com.android.server.wallpaper.WallpaperManagerService$Lifecycle took to complete: 0ms
05-23 09:26:30.726 732 732 D SystemServerTiming: OnBootPhase_500_com.android.server.wallpapereffectsgeneration.WallpaperEffectsGenerationManagerService
05-23 09:26:30.726 732 732 V SystemServerTiming: OnBootPhase_500_com.android.server.wallpapereffectsgeneration.WallpaperEffectsGenerationManagerService took to complete: 0ms
05-23 09:26:30.726 732 732 D SystemServerTiming: OnBootPhase_500_com.android.server.audio.AudioService$Lifecycle
05-23 09:26:30.726 732 732 V SystemServerTiming: OnBootPhase_500_com.android.server.audio.AudioService$Lifecycle took to complete: 0ms
05-23 09:26:30.726 732 732 D SystemServerTiming: OnBootPhase_500_com.android.server.soundtrigger_middleware.SoundTriggerMiddlewareService$Lifecycle
05-23 09:26:30.726 732 732 V SystemServerTiming: OnBootPhase_500_com.android.server.soundtrigger_middleware.SoundTriggerMiddlewareService$Lifecycle took to complete: 0ms
05-23 09:26:30.726 732 732 D SystemServerTiming: OnBootPhase_500_com.android.server.adb.AdbService$Lifecycle
05-23 09:26:30.726 732 732 V SystemServerTiming: OnBootPhase_500_com.android.server.adb.AdbService$Lifecycle took to complete: 0ms
05-23 09:26:30.726 732 732 D SystemServerTiming: OnBootPhase_500_com.android.server.usb.UsbService$Lifecycle
05-23 09:26:30.726 732 732 V SystemServerTiming: OnBootPhase_500_com.android.server.usb.UsbService$Lifecycle took to complete: 0ms
05-23 09:26:30.726 732 732 D SystemServerTiming: OnBootPhase_500_com.android.server.twilight.TwilightService
05-23 09:26:30.726 732 732 V SystemServerTiming: OnBootPhase_500_com.android.server.twilight.TwilightService took to complete: 0ms
05-23 09:26:30.726 732 732 D SystemServerTiming: OnBootPhase_500_com.android.server.display.color.ColorDisplayService
05-23 09:26:30.726 732 732 V SystemServerTiming: OnBootPhase_500_com.android.server.display.color.ColorDisplayService took to complete: 0ms
05-23 09:26:30.726 732 732 D SystemServerTiming: OnBootPhase_500_com.android.server.job.JobSchedulerService
05-23 09:26:30.728 732 873 W BroadcastLoopers: Found previously unknown looper Thread[WifiHandlerThread,5,main]
05-23 09:26:30.751 497 557 W android.hardware.wifi-service.droidlogic: Duplicate death notification registration
05-23 09:26:30.751 732 732 V HistoricalRegistry: Interaction before persistence initialized
05-23 09:26:30.753 732 732 V SystemServerTiming: OnBootPhase_500_com.android.server.job.JobSchedulerService took to complete: 27ms
05-23 09:26:30.753 732 732 D SystemServerTiming: OnBootPhase_500_com.android.server.soundtrigger.SoundTriggerService
05-23 09:26:30.753 732 732 D SoundTriggerService: onBootPhase: 500 : false
05-23 09:26:30.753 732 732 V SystemServerTiming: OnBootPhase_500_com.android.server.soundtrigger.SoundTriggerService took to complete: 0ms
05-23 09:26:30.753 732 732 D SystemServerTiming: OnBootPhase_500_com.android.server.trust.TrustManagerService
05-23 09:26:30.754 732 732 V SystemServerTiming: OnBootPhase_500_com.android.server.trust.TrustManagerService took to complete: 1ms
05-23 09:26:30.755 732 732 D SystemServerTiming: OnBootPhase_500_com.android.server.backup.BackupManagerService$Lifecycle
05-23 09:26:30.755 732 732 V SystemServerTiming: OnBootPhase_500_com.android.server.backup.BackupManagerService$Lifecycle took to complete: 0ms
05-23 09:26:30.755 732 732 D SystemServerTiming: OnBootPhase_500_com.android.server.appwidget.AppWidgetService
05-23 09:26:30.755 732 732 V SystemServerTiming: OnBootPhase_500_com.android.server.appwidget.AppWidgetService took to complete: 0ms
05-23 09:26:30.755 732 732 D SystemServerTiming: OnBootPhase_500_com.android.server.voiceinteraction.VoiceInteractionManagerService
05-23 09:26:30.755 732 732 V SystemServerTiming: OnBootPhase_500_com.android.server.voiceinteraction.VoiceInteractionManagerService took to complete: 0ms
05-23 09:26:30.755 732 732 D SystemServerTiming: OnBootPhase_500_com.android.server.GestureLauncherService
05-23 09:26:30.755 732 732 V SystemServerTiming: OnBootPhase_500_com.android.server.GestureLauncherService took to complete: 0ms
05-23 09:26:30.755 732 732 D SystemServerTiming: OnBootPhase_500_com.android.server.SensorNotificationService
05-23 09:26:30.755 732 732 V SystemServerTiming: OnBootPhase_500_com.android.server.SensorNotificationService took to complete: 0ms
05-23 09:26:30.755 732 732 D SystemServerTiming: OnBootPhase_500_com.android.server.emergency.EmergencyAffordanceService
05-23 09:26:30.755 732 732 V SystemServerTiming: OnBootPhase_500_com.android.server.emergency.EmergencyAffordanceService took to complete: 0ms
05-23 09:26:30.755 732 732 D SystemServerTiming: OnBootPhase_500_com.android.server.blob.BlobStoreManagerService
05-23 09:26:30.755 732 732 V SystemServerTiming: OnBootPhase_500_com.android.server.blob.BlobStoreManagerService took to complete: 0ms
05-23 09:26:30.755 732 732 D SystemServerTiming: OnBootPhase_500_com.android.server.dreams.DreamManagerService
05-23 09:26:30.755 732 732 V SystemServerTiming: OnBootPhase_500_com.android.server.dreams.DreamManagerService took to complete: 0ms
05-23 09:26:30.755 732 732 D SystemServerTiming: OnBootPhase_500_com.android.server.security.AttestationVerificationManagerService
05-23 09:26:30.755 732 732 V SystemServerTiming: OnBootPhase_500_com.android.server.security.AttestationVerificationManagerService took to complete: 0ms
05-23 09:26:30.755 732 732 D SystemServerTiming: OnBootPhase_500_com.android.server.restrictions.RestrictionsManagerService
05-23 09:26:30.755 732 732 V SystemServerTiming: OnBootPhase_500_com.android.server.restrictions.RestrictionsManagerService took to complete: 0ms
05-23 09:26:30.755 732 732 D SystemServerTiming: OnBootPhase_500_com.android.server.media.MediaSessionService
05-23 09:26:30.755 732 732 V SystemServerTiming: OnBootPhase_500_com.android.server.media.MediaSessionService took to complete: 0ms
05-23 09:26:30.755 732 732 D SystemServerTiming: OnBootPhase_500_com.android.server.hdmi.HdmiControlService
05-23 09:26:30.758 732 732 V SystemServerTiming: OnBootPhase_500_com.android.server.hdmi.HdmiControlService took to complete: 3ms
05-23 09:26:30.758 732 732 D SystemServerTiming: OnBootPhase_500_com.android.server.tv.interactive.TvInteractiveAppManagerService
05-23 09:26:30.759 732 732 V SystemServerTiming: OnBootPhase_500_com.android.server.tv.interactive.TvInteractiveAppManagerService took to complete: 2ms
05-23 09:26:30.759 732 732 D SystemServerTiming: OnBootPhase_500_com.android.server.tv.TvInputManagerService
05-23 09:26:30.763 732 732 D HDMI : Process pid:732 is calling addHotplugEventListener
05-23 09:26:30.765 732 732 V SystemServerTiming: OnBootPhase_500_com.android.server.tv.TvInputManagerService took to complete: 3ms
05-23 09:26:30.765 732 732 D SystemServerTiming: OnBootPhase_500_com.android.server.media.MediaResourceMonitorService
05-23 09:26:30.765 732 732 V SystemServerTiming: OnBootPhase_500_com.android.server.media.MediaResourceMonitorService took to complete: 0ms
05-23 09:26:30.765 732 732 D SystemServerTiming: OnBootPhase_500_com.android.server.tv.TvRemoteService
05-23 09:26:30.765 732 732 V SystemServerTiming: OnBootPhase_500_com.android.server.tv.TvRemoteService took to complete: 0ms
05-23 09:26:30.765 732 732 D SystemServerTiming: OnBootPhase_500_com.android.server.biometrics.BiometricService
05-23 09:26:30.765 732 732 V SystemServerTiming: OnBootPhase_500_com.android.server.biometrics.BiometricService took to complete: 0ms
05-23 09:26:30.765 732 732 D SystemServerTiming: OnBootPhase_500_com.android.server.biometrics.AuthService
05-23 09:26:30.765 732 732 V SystemServerTiming: OnBootPhase_500_com.android.server.biometrics.AuthService took to complete: 0ms
05-23 09:26:30.765 732 732 D SystemServerTiming: OnBootPhase_500_com.android.server.pm.ShortcutService$Lifecycle
05-23 09:26:30.765 732 732 V SystemServerTiming: OnBootPhase_500_com.android.server.pm.ShortcutService$Lifecycle took to complete: 0ms
05-23 09:26:30.765 732 732 D SystemServerTiming: OnBootPhase_500_com.android.server.pm.LauncherAppsService
05-23 09:26:30.765 732 732 V SystemServerTiming: OnBootPhase_500_com.android.server.pm.LauncherAppsService took to complete: 0ms
05-23 09:26:30.765 732 732 D SystemServerTiming: OnBootPhase_500_com.android.server.pm.CrossProfileAppsService
05-23 09:26:30.765 732 732 V SystemServerTiming: OnBootPhase_500_com.android.server.pm.CrossProfileAppsService took to complete: 0ms
05-23 09:26:30.765 732 732 D SystemServerTiming: OnBootPhase_500_com.android.server.people.PeopleService
05-23 09:26:30.766 497 557 W android.hardware.wifi-service.droidlogic: --------------------------------
05-23 09:26:30.766 497 557 W android.hardware.wifi-service.droidlogic: Wi-Fi Hal(Amlogic multi-wifi so library) build info:
05-23 09:26:30.766 497 557 W android.hardware.wifi-service.droidlogic: Author: ShenZhen wifi platform team
05-23 09:26:30.766 497 557 W android.hardware.wifi-service.droidlogic: Branch name: s-amlogic
05-23 09:26:30.766 497 557 W android.hardware.wifi-service.droidlogic: Last Commit Info:
05-23 09:26:30.766 497 557 W android.hardware.wifi-service.droidlogic: commit 261ff018afdce4373c75fbf43963aa0d35f58dc5
05-23 09:26:30.766 497 557 W android.hardware.wifi-service.droidlogic: Author: li.dong
05-23 09:26:30.766 497 557 W android.hardware.wifi-service.droidlogic: Date: 2024-06-18 11:01:08 +0800
05-23 09:26:30.766 497 557 W android.hardware.wifi-service.droidlogic: PD#SWPL-164711
05-23 09:26:30.766 497 557 W android.hardware.wifi-service.droidlogic: Change-Id: I2961daeab82941e3ed12007689a93099019d1795
05-23 09:26:30.766 497 557 W android.hardware.wifi-service.droidlogic: uncommit file num: 0
05-23 09:26:30.766 497 557 W android.hardware.wifi-service.droidlogic: Build name: li.dong
05-23 09:26:30.766 497 557 W android.hardware.wifi-service.droidlogic: Build time: 2024-09-06 11:01:40 +0800
05-23 09:26:30.766 497 557 W android.hardware.wifi-service.droidlogic: Build arch: arm
05-23 09:26:30.766 497 557 W android.hardware.wifi-service.droidlogic: Build use wifi_info so library: true
05-23 09:26:30.766 497 557 W android.hardware.wifi-service.droidlogic: --------------------------------
05-23 09:26:30.766 497 557 W android.hardware.wifi-service.droidlogic: use wifi info
05-23 09:26:30.767 732 732 V SystemServerTiming: OnBootPhase_500_com.android.server.people.PeopleService took to complete: 1ms
05-23 09:26:30.767 732 732 D SystemServerTiming: OnBootPhase_500_com.android.server.media.metrics.MediaMetricsManagerService
05-23 09:26:30.767 732 732 V SystemServerTiming: OnBootPhase_500_com.android.server.media.metrics.MediaMetricsManagerService took to complete: 0ms
05-23 09:26:30.767 732 732 D SystemServerTiming: OnBootPhase_500_com.android.server.pm.BackgroundInstallControlService
05-23 09:26:30.767 732 732 V SystemServerTiming: OnBootPhase_500_com.android.server.pm.BackgroundInstallControlService took to complete: 0ms
05-23 09:26:30.767 732 732 D SystemServerTiming: OnBootPhase_500_com.android.server.media.projection.MediaProjectionManagerService
05-23 09:26:30.767 732 732 V SystemServerTiming: OnBootPhase_500_com.android.server.media.projection.MediaProjectionManagerService took to complete: 0ms
05-23 09:26:30.767 732 732 D SystemServerTiming: OnBootPhase_500_com.android.server.slice.SliceManagerService$Lifecycle
05-23 09:26:30.767 732 732 V SystemServerTiming: OnBootPhase_500_com.android.server.slice.SliceManagerService$Lifecycle took to complete: 0ms
05-23 09:26:30.767 732 732 D SystemServerTiming: OnBootPhase_500_com.android.server.stats.StatsCompanion$Lifecycle
05-23 09:26:30.767 732 732 V SystemServerTiming: OnBootPhase_500_com.android.server.stats.StatsCompanion$Lifecycle took to complete: 0ms
05-23 09:26:30.767 732 732 D SystemServerTiming: OnBootPhase_500_com.android.server.scheduling.RebootReadinessManagerService$Lifecycle
05-23 09:26:30.767 732 732 V SystemServerTiming: OnBootPhase_500_com.android.server.scheduling.RebootReadinessManagerService$Lifecycle took to complete: 0ms
05-23 09:26:30.767 732 732 D SystemServerTiming: OnBootPhase_500_com.android.server.stats.pull.StatsPullAtomService
05-23 09:26:30.767 732 732 V SystemServerTiming: OnBootPhase_500_com.android.server.stats.pull.StatsPullAtomService took to complete: 0ms
05-23 09:26:30.767 732 732 D SystemServerTiming: OnBootPhase_500_com.android.server.stats.bootstrap.StatsBootstrapAtomService$Lifecycle
05-23 09:26:30.767 732 732 V SystemServerTiming: OnBootPhase_500_com.android.server.stats.bootstrap.StatsBootstrapAtomService$Lifecycle took to complete: 0ms
05-23 09:26:30.767 732 732 D SystemServerTiming: OnBootPhase_500_com.android.server.incident.IncidentCompanionService
05-23 09:26:30.767 732 732 V SystemServerTiming: OnBootPhase_500_com.android.server.incident.IncidentCompanionService took to complete: 0ms
05-23 09:26:30.767 732 732 D SystemServerTiming: OnBootPhase_500_com.android.server.sdksandbox.SdkSandboxManagerService$Lifecycle
05-23 09:26:30.767 732 732 V SystemServerTiming: OnBootPhase_500_com.android.server.sdksandbox.SdkSandboxManagerService$Lifecycle took to complete: 0ms
05-23 09:26:30.767 732 732 D SystemServerTiming: OnBootPhase_500_com.android.server.adservices.AdServicesManagerService$Lifecycle
05-23 09:26:30.767 732 732 V SystemServerTiming: OnBootPhase_500_com.android.server.adservices.AdServicesManagerService$Lifecycle took to complete: 0ms
05-23 09:26:30.767 732 732 D SystemServerTiming: OnBootPhase_500_com.android.server.ondevicepersonalization.OnDevicePersonalizationSystemService$Lifecycle
05-23 09:26:30.767 732 732 V SystemServerTiming: OnBootPhase_500_com.android.server.ondevicepersonalization.OnDevicePersonalizationSystemService$Lifecycle took to complete: 0ms
05-23 09:26:30.767 732 732 D SystemServerTiming: OnBootPhase_500_com.android.server.autofill.AutofillManagerService
05-23 09:26:30.767 732 732 V SystemServerTiming: OnBootPhase_500_com.android.server.autofill.AutofillManagerService took to complete: 0ms
05-23 09:26:30.767 732 732 D SystemServerTiming: OnBootPhase_500_com.android.server.clipboard.ClipboardService
05-23 09:26:30.767 732 732 V SystemServerTiming: OnBootPhase_500_com.android.server.clipboard.ClipboardService took to complete: 0ms
05-23 09:26:30.767 732 732 D SystemServerTiming: OnBootPhase_500_com.android.server.appbinding.AppBindingService$Lifecycle
05-23 09:26:30.767 732 732 V SystemServerTiming: OnBootPhase_500_com.android.server.appbinding.AppBindingService$Lifecycle took to complete: 0ms
05-23 09:26:30.768 732 732 D SystemServerTiming: OnBootPhase_500_com.android.server.tracing.TracingServiceProxy
05-23 09:26:30.768 732 732 V SystemServerTiming: OnBootPhase_500_com.android.server.tracing.TracingServiceProxy took to complete: 0ms
05-23 09:26:30.768 732 732 V SystemServerTiming: OnBootPhase_500 took to complete: 248ms
05-23 09:26:30.768 732 732 V SystemServerTiming: StartBootPhaseSystemServicesReady took to complete: 248ms
05-23 09:26:30.768 732 732 D SystemServerTiming: MakeWindowManagerServiceReady
01-01 08:00:17.345 0 0 I [3 T557 ..] [wireless]: [wifi_mac_write] wifi rand mac is 1c:a4:10:1a:41:17
01-01 08:00:17.346 0 0 I [3 T557 ..] [wireless]: [pci_remove] pci remove!
05-23 09:26:30.773 732 732 V SystemServerTiming: MakeWindowManagerServiceReady took to complete: 5ms
05-23 09:26:30.773 732 732 D SystemServerTiming: RegisterLogMteState
05-23 09:26:30.774 732 732 V SystemServerTiming: RegisterLogMteState took to complete: 1ms
05-23 09:26:30.776 732 763 I HealthServiceWrapperAidl: health: HealthServiceWrapper listening to AIDL HAL
05-23 09:26:30.777 732 732 D SystemServerTiming: StartPermissionPolicyService
05-23 09:26:30.777 732 732 I SystemServiceManager: Starting com.android.server.policy.PermissionPolicyService
05-23 09:26:30.781 732 763 D StatsPullAtomService: Registering pullers with statsd
05-23 09:26:30.785 732 763 I StatsPullAtomService: register thermal listener successfully
05-23 09:26:30.787 732 732 V SystemServerTiming: StartPermissionPolicyService took to complete: 10ms
05-23 09:26:30.787 732 732 D SystemServerTiming: MakePackageManagerServiceReady
05-23 09:26:30.793 732 732 V HistoricalRegistry: Interaction before persistence initialized
05-23 09:26:30.793 732 732 V HistoricalRegistry: Interaction before persistence initialized
05-23 09:26:30.799 732 732 V UserDataPreparer: Found /data/user_de/0 with serial number 0
05-23 09:26:30.799 732 732 V UserDataPreparer: Found /data/user/0 with serial number 0
05-23 09:26:30.799 732 732 V UserDataPreparer: Found /data/system_de/0 with serial number 0
05-23 09:26:30.799 732 732 V UserDataPreparer: Found /data/system_ce/0 with serial number 0
05-23 09:26:30.800 732 732 V UserDataPreparer: Found /data/misc_ce/0 with serial number 0
05-23 09:26:30.800 732 732 I PermissionManager: Permission ownership changed. Updating all permissions.
05-23 09:26:30.801 732 732 W PermissionManager: Package com.android.adservices.api is an APK in APEX, but has permission allowlist on the system image. Please bundle the allowlist in the com.android.adservices APEX instead.
05-23 09:26:30.827 732 732 W PermissionManager: Privileged permission android.permission.LOCAL_MAC_ADDRESS for package com.dangbei.hqguide (/system/priv-app/dangbei-boot-guide) not in privapp-permissions allowlist
05-23 09:26:30.828 732 732 W PermissionManager: Privileged permission android.permission.BLUETOOTH_PRIVILEGED for package com.dangbei.hqguide (/system/priv-app/dangbei-boot-guide) not in privapp-permissions allowlist
05-23 09:26:30.828 732 732 W PermissionManager: Privileged permission android.permission.WRITE_SECURE_SETTINGS for package com.dangbei.hqguide (/system/priv-app/dangbei-boot-guide) not in privapp-permissions allowlist
01-01 08:00:17.420 0 0 I : [2 T569 ..] meson8b-dwmac fe368000.ethernet eth0: PHY [0.0:00] driver [Generic PHY] (irq=POLL)
01-01 08:00:17.423 0 0 I : [3 T569 ..] meson8b-dwmac fe368000.ethernet eth0: Register MEM_TYPE_PAGE_POOL RxQ-0
05-23 09:26:30.850 732 732 W PermissionManager: Package com.android.providers.media.module is an APK in APEX, but has permission allowlist on the system image. Please bundle the allowlist in the com.android.mediaprovider APEX instead.
05-23 09:26:30.850 732 732 W PermissionManager: Package com.android.providers.media.module is an APK in APEX, but has permission allowlist on the system image. Please bundle the allowlist in the com.android.mediaprovider APEX instead.
05-23 09:26:30.850 732 732 W PermissionManager: Package com.android.providers.media.module is an APK in APEX, but has permission allowlist on the system image. Please bundle the allowlist in the com.android.mediaprovider APEX instead.
05-23 09:26:30.850 732 732 W PermissionManager: Package com.android.providers.media.module is an APK in APEX, but has permission allowlist on the system image. Please bundle the allowlist in the com.android.mediaprovider APEX instead.
05-23 09:26:30.850 732 732 W PermissionManager: Package com.android.providers.media.module is an APK in APEX, but has permission allowlist on the system image. Please bundle the allowlist in the com.android.mediaprovider APEX instead.
05-23 09:26:30.850 732 732 W PermissionManager: Package com.android.providers.media.module is an APK in APEX, but has permission allowlist on the system image. Please bundle the allowlist in the com.android.mediaprovider APEX instead.
05-23 09:26:30.850 732 732 W PermissionManager: Package com.android.providers.media.module is an APK in APEX, but has permission allowlist on the system image. Please bundle the allowlist in the com.android.mediaprovider APEX instead.
05-23 09:26:30.850 732 732 W PermissionManager: Package com.android.providers.media.module is an APK in APEX, but has permission allowlist on the system image. Please bundle the allowlist in the com.android.mediaprovider APEX instead.
05-23 09:26:30.850 732 732 W PermissionManager: Package com.android.providers.media.module is an APK in APEX, but has permission allowlist on the system image. Please bundle the allowlist in the com.android.mediaprovider APEX instead.
05-23 09:26:30.850 732 732 W PermissionManager: Package com.android.providers.media.module is an APK in APEX, but has permission allowlist on the system image. Please bundle the allowlist in the com.android.mediaprovider APEX instead.
05-23 09:26:30.850 732 732 W PermissionManager: Package com.android.providers.media.module is an APK in APEX, but has permission allowlist on the system image. Please bundle the allowlist in the com.android.mediaprovider APEX instead.
05-23 09:26:30.850 732 732 W PermissionManager: Package com.android.providers.media.module is an APK in APEX, but has permission allowlist on the system image. Please bundle the allowlist in the com.android.mediaprovider APEX instead.
05-23 09:26:30.850 732 732 W PermissionManager: Package com.android.providers.media.module is an APK in APEX, but has permission allowlist on the system image. Please bundle the allowlist in the com.android.mediaprovider APEX instead.
05-23 09:26:30.865 732 786 E DefaultPermGrantPolicy: Package not found: com.droidlogic.FileBrower
05-23 09:26:30.865 732 786 E DefaultPermGrantPolicy: Package not found: com.droidlogic.videoplayer
05-23 09:26:30.866 732 786 E DefaultPermGrantPolicy: Package not found: com.android.chrome
05-23 09:26:30.866 732 786 E DefaultPermGrantPolicy: Package not found: com.android.vending
05-23 09:26:30.866 732 786 E DefaultPermGrantPolicy: Package not found: com.google.android.youtube.tv
05-23 09:26:30.868 732 732 V StagingManagerTiming: restoreSessions took to complete: 3ms
05-23 09:26:30.869 732 732 V SystemServerTiming: MakePackageManagerServiceReady took to complete: 82ms
05-23 09:26:30.869 732 732 D SystemServerTiming: MakeDisplayManagerServiceReady
01-01 08:00:17.446 0 0 I [2 T440 ..] apexd: getSessions() received by ApexService
01-01 08:00:17.458 0 0 I [2 T365 ..] [hdmitx: ] avmute_store 1
01-01 08:00:17.552 0 0 I [3 T557 ..] [wireless]: [usb_power_control] Set WiFi power down
01-01 08:00:17.552 0 0 I [3 T557 ..] [wireless]: [usb_power_control] Set WiFi power on !
01-01 08:00:17.559 0 0 I [2 T365 ..] [hdmitx: ] phy_store 0
01-01 08:00:17.559 0 0 I [2 T365 ..] [hdmitx: ] not have vsync intr, manually turn off phy
01-01 08:00:17.677 0 0 I [2 T365 ..] [hdmitx: ] avmute_store -1
05-23 09:26:31.271 296 319 I keystore2: system/security/keystore2/src/watchdog.rs:319 - Watchdog thread idle -> terminating. Have a great day.
01-01 08:00:17.857 0 0 I [3 T235 ..] [mmc]: r: b_s = b, b_sz = 2e, f: b_s = 23, b_sz = 1d
01-01 08:00:17.858 0 0 I [3 T235 ..] [mmc]: the final result: sel = 1, rx = 22
01-01 08:00:17.864 0 0 I [3 T235 ..] mmc1: new ultra high speed SDR104 SDIO card at address 0000
01-01 08:00:17.866 0 0 W [3 T235 ..] aml_wifi_sdio_probe: 137, sdio probe product id 0x640
01-01 08:00:17.866 0 0 W [3 T235 ..] aml_wifi_sdio_probe: ********get chip type: aml_w2_s
01-01 08:00:17.881 0 0 W [3 T235 ..] aml_wifi_sdio_probe: 137, sdio probe product id 0x640
01-01 08:00:17.881 0 0 W [3 T235 ..] aml_wifi_sdio_probe: ********get chip type: aml_w2_s
01-01 08:00:17.890 0 0 W [3 T235 ..] aml_wifi_sdio_probe: 137, sdio probe product id 0x640
01-01 08:00:17.891 0 0 W [3 T235 ..] aml_wifi_sdio_probe: ********get chip type: aml_w2_s
01-01 08:00:17.893 0 0 W [3 T235 ..] aml_wifi_sdio_probe: 137, sdio probe product id 0x640
01-01 08:00:17.894 0 0 W [3 T235 ..] aml_wifi_sdio_probe: ********get chip type: aml_w2_s
01-01 08:00:17.904 0 0 W [3 T235 ..] aml_wifi_sdio_probe: 137, sdio probe product id 0x640
01-01 08:00:17.904 0 0 W [3 T235 ..] aml_wifi_sdio_probe: ********get chip type: aml_w2_s
01-01 08:00:17.907 0 0 W [3 T235 ..] aml_wifi_sdio_probe: 137, sdio probe product id 0x640
01-01 08:00:17.907 0 0 W [3 T235 ..] aml_wifi_sdio_probe: ********get chip type: aml_w2_s
01-01 08:00:17.916 0 0 W [3 T235 ..] aml_wifi_sdio_probe: 137, sdio probe product id 0x640
01-01 08:00:17.916 0 0 W [3 T235 ..] aml_wifi_sdio_probe: ********get chip type: aml_w2_s
01-01 08:00:17.919 0 0 I [2 T557 ..] [wireless]: [usb_power_control] Set WiFi power on !
01-01 08:00:17.920 0 0 I [2 T557 ..] [wireless]: [pci_reinit] pci wifi reinit!
01-01 08:00:17.921 0 0 I [2 T557 ..] [wireless]: [wifi_power_ioctl] Set sdio wifi power up!
05-23 09:26:31.643 497 557 E android.hardware.wifi-service.droidlogic: get aml true wifi is aml_w2_s
05-23 09:26:31.645 497 557 E android.hardware.wifi-service.droidlogic: multiwifi will rmmod wifi comm
01-01 08:00:18.221 0 0 I [2 T557 ..] [wireless]: [wifi_power_ioctl] wifi interface dev type: mmc1, length = 4
01-01 08:00:18.222 0 0 I [2 T557 ..] [wireless]: [wifi_power_ioctl] aml module chip is aml_w2_s
01-01 08:00:18.224 0 0 I [3 T557 ..] usbcore: deregistering interface driver wifi_usb_common
01-01 08:00:18.225 0 0 W : [3 T557 ..] aml_usb_common->
01-01 08:00:18.225 0 0 W : [3 T557 ..] aml_wifi_usb_rmmod(146) aml common driver rmmod
01-01 08:00:18.226 0 0 W : [3 T557 ..] aml_sdio_exit++
01-01 08:00:18.227 0 0 W : [3 T557 ..]
01-01 08:00:18.227 0 0 W : [3 T557 ..] ==========================================
01-01 08:00:18.228 0 0 W : [3 T557 ..] aml_sdio_remove++ func->num =7
01-01 08:00:18.229 0 0 W : [3 T557 ..] ==========================================
01-01 08:00:18.229 0 0 W : [0 T557 ..]
01-01 08:00:18.229 0 0 W : [0 T557 ..] ==========================================
01-01 08:00:18.230 0 0 W : [0 T557 ..] aml_sdio_remove++ func->num =6
01-01 08:00:18.231 0 0 W : [0 T557 ..] ==========================================
01-01 08:00:18.232 0 0 W : [0 T557 ..]
01-01 08:00:18.232 0 0 W : [0 T557 ..] ==========================================
01-01 08:00:18.233 0 0 W : [0 T557 ..] aml_sdio_remove++ func->num =5
01-01 08:00:18.234 0 0 W : [0 T557 ..] ==========================================
01-01 08:00:18.235 0 0 W : [0 T557 ..]
01-01 08:00:18.235 0 0 W : [0 T557 ..] ==========================================
01-01 08:00:18.235 0 0 W : [0 T557 ..] aml_sdio_remove++ func->num =4
01-01 08:00:18.236 0 0 W : [0 T557 ..] ==========================================
01-01 08:00:18.237 0 0 W : [0 T557 ..]
01-01 08:00:18.237 0 0 W : [0 T557 ..] ==========================================
01-01 08:00:18.238 0 0 W : [0 T557 ..] aml_sdio_remove++ func->num =3
01-01 08:00:18.239 0 0 W : [0 T557 ..] ==========================================
01-01 08:00:18.240 0 0 W : [0 T557 ..]
01-01 08:00:18.240 0 0 W : [0 T557 ..] ==========================================
01-01 08:00:18.241 0 0 W : [0 T557 ..] aml_sdio_remove++ func->num =2
01-01 08:00:18.241 0 0 W : [0 T557 ..] ==========================================
01-01 08:00:18.242 0 0 W : [0 T557 ..]
01-01 08:00:18.242 0 0 W : [0 T557 ..] ==========================================
01-01 08:00:18.243 0 0 W : [0 T557 ..] aml_sdio_remove++ func->num =1
01-01 08:00:18.244 0 0 W : [0 T557 ..] ==========================================
05-23 09:26:31.668 497 557 I android.hardware.wifi-service.droidlogic: found the match wifi is: aml_w2_s
05-23 09:26:31.668 497 557 I android.hardware.wifi-service.droidlogic: insmod driver: /vendor/lib/modules/w2_comm.ko
01-01 08:00:18.245 0 0 W : [0 T557 ..] *****************aml sdio common driver is rmmoded********************
01-01 08:00:18.246 0 0 W : [0 T557 ..] rmmod aml wifi comm
01-01 08:00:18.252 0 0 I : [1 T557 ..] aml_init_wlan_mem ok
01-01 08:00:18.253 0 0 W [0 T557 ..] aml_sdio_probe(177): func->num 1 sdio block size=512,
01-01 08:00:18.254 0 0 W [0 T557 ..] aml_sdio_probe(187): func->num 1 sdio_func=00000000dcbdbf52,
01-01 08:00:18.255 0 0 W [0 T557 ..] aml_sdio_probe(194): func_num=1, last func num=7
01-01 08:00:18.256 0 0 W [0 T557 ..] aml_sdio_probe(177): func->num 2 sdio block size=512,
01-01 08:00:18.256 0 0 W [0 T557 ..] aml_sdio_probe(187): func->num 2 sdio_func=00000000830dd751,
01-01 08:00:18.257 0 0 W [0 T557 ..] aml_sdio_probe(194): func_num=2, last func num=7
01-01 08:00:18.259 0 0 W [0 T557 ..] aml_sdio_probe(177): func->num 3 sdio block size=512,
01-01 08:00:18.259 0 0 W [0 T557 ..] aml_sdio_probe(187): func->num 3 sdio_func=00000000e5856646,
01-01 08:00:18.260 0 0 W [0 T557 ..] aml_sdio_probe(194): func_num=3, last func num=7
01-01 08:00:18.262 0 0 W [0 T557 ..] aml_sdio_probe(177): func->num 4 sdio block size=512,
01-01 08:00:18.262 0 0 W [0 T557 ..] aml_sdio_probe(187): func->num 4 sdio_func=00000000a2a5c2c0,
01-01 08:00:18.263 0 0 W [0 T557 ..] aml_sdio_probe(194): func_num=4, last func num=7
01-01 08:00:18.269 0 0 W [0 T557 ..] aml_sdio_probe(177): func->num 5 sdio block size=512,
01-01 08:00:18.270 0 0 W [0 T557 ..] aml_sdio_probe(187): func->num 5 sdio_func=00000000a14b4297,
01-01 08:00:18.271 0 0 W [0 T557 ..] aml_sdio_probe(194): func_num=5, last func num=7
01-01 08:00:18.274 0 0 W [0 T557 ..] aml_sdio_probe(177): func->num 6 sdio block size=512,
01-01 08:00:18.275 0 0 W [0 T557 ..] aml_sdio_probe(187): func->num 6 sdio_func=0000000011644c83,
01-01 08:00:18.276 0 0 W [0 T557 ..] aml_sdio_probe(194): func_num=6, last func num=7
01-01 08:00:18.277 0 0 W [0 T557 ..] aml_sdio_probe(177): func->num 7 sdio block size=512,
01-01 08:00:18.278 0 0 W [0 T557 ..] aml_sdio_probe(187): func->num 7 sdio_func=00000000c0ef29d2,
01-01 08:00:18.279 0 0 W [0 T557 ..] aml_sdio_probe: 197, sdio probe success
01-01 08:00:18.279 0 0 I : [0 T557 ..] sectoin 25, size 327680
01-01 08:00:18.286 0 0 W : [0 T557 ..] *****************aml sdio common driver is insmoded********************
01-01 08:00:18.287 0 0 W : [0 T557 ..] aml_sdio_insmod(449) start...
05-23 09:26:31.710 497 557 I android.hardware.wifi-service.droidlogic: insmod driver: /vendor/lib/modules/aml_bt.ko
01-01 08:00:18.291 0 0 W [3 T557 ..] aml_bt: no symbol version for aml_pci_read_for_bt
01-01 08:00:18.293 0 0 I [3 T557 ..] BTI: amlbt_init, type:1536
01-01 08:00:18.293 0 0 I [3 T557 ..] BTI: amlbt_init, type:0x600 inter AMLBT_INTF_SDIO, family AMLBT_FAMILY_W2
01-01 08:00:18.295 0 0 I [3 T557 ..] BTI: amlbt_sdio_probe
01-01 08:00:18.295 0 0 I [3 T557 ..] BTI: BTAML version:0x20240820
01-01 08:00:18.296 0 0 I [3 T557 ..] BTI: ++++++sdio bt driver insmod start.++++++
01-01 08:00:18.296 0 0 I [3 T557 ..] BTI: major number:466
01-01 08:00:18.297 0 0 I [3 T557 ..] BTI: BT_sdiodev driver(major 466) installed.
01-01 08:00:18.298 0 0 I [3 T557 ..] BTI: amlbt_sdio_init: BT_major 466
01-01 08:00:18.300 0 0 I [3 T557 ..] BTI: amlbt_sdio_init: devID 488636416
01-01 08:00:18.300 0 0 I [3 T557 ..] BTI: ------sdio bt driver insmod end.------
05-23 09:26:31.724 497 557 I android.hardware.wifi-service.droidlogic: insmod driver: /vendor/lib/modules/w2.ko
01-01 08:00:18.302 0 0 I : [3 T557 ..] sdio_bt sdio_bt: Init 1536 OK!
01-01 08:00:18.327 0 0 W : [3 T557 ..] >>> aml_mod_init()
01-01 08:00:18.327 0 0 W : [3 T557 ..] v1.9.10_2024-12.20-w2 driver:daba90760+469302
01-01 08:00:18.327 0 0 W : [3 T557 ..] aml_bus_type = 0.
01-01 08:00:18.328 0 0 W : [3 T557 ..] >>> aml_platform_init()
01-01 08:00:18.328 0 0 W : [3 T557 ..] >>> aml_cfg80211_init()
01-01 08:00:18.329 0 0 I : [3 T557 ..] sectoin 24, size 122880
01-01 08:00:18.329 0 0 I : [3 T557 ..] sectoin 7, size 11088
01-01 08:00:18.330 0 0 W [3 T557 ..] aml_cfg80211_init: 6472
01-01 08:00:18.332 0 0 W [3 T557 ..] aml_cfg80211_init: 6476
01-01 08:00:18.332 0 0 W : [3 T557 ..] [aml_apply_regdom 143] apply regdom alpha=00
01-01 08:00:18.426 0 0 E : [2 T569 ..] meson8b-dwmac fe368000.ethernet: Failed to reset the dma
01-01 08:00:18.427 0 0 E : [2 T569 ..] meson8b-dwmac fe368000.ethernet eth0: stmmac_hw_setup: DMA engine initialization failed
01-01 08:00:18.428 0 0 E : [2 T569 ..] meson8b-dwmac fe368000.ethernet eth0: stmmac_open: Hw setup failed
01-01 08:00:18.486 0 0 W : [3 T557 ..] [aml_cfg80211_init 6535] set REGULATORY_COUNTRY_IE_IGNORE
01-01 08:00:18.487 0 0 W [3 T557 ..] aml_cfg80211_init: 6572
01-01 08:00:18.487 0 0 W : [3 T557 ..] aml_rxbuf_list_init host_buf:49c00000
01-01 08:00:18.488 0 0 W : [3 T557 ..] aml_sdio_calibration right, use this config: i:0, j:0, k:0, l:0
01-01 08:00:18.491 0 0 W : [0 T557 ..] bbpll done !
01-01 08:00:18.491 0 0 W : [0 T557 ..] bbpll init ok!
01-01 08:00:18.491 0 0 W [0 T557 ..] aml_platform_reset: 900, offset 8010e0 regval 2
01-01 08:00:18.492 0 0 W [0 T557 ..] aml_platform_reset: 909 before regval_status:0
01-01 08:00:18.503 0 0 W [0 T557 ..] aml_platform_reset: 919 regval_aml:2, regval_cpu:70004, regval_status:0
01-01 08:00:18.503 0 0 W [0 T557 ..] aml_platform_reset: 928
01-01 08:00:18.514 0 0 W [0 T557 ..] aml_plat_stop_agcfsm: 571, read 0xc0b390, 0x11003
01-01 08:00:18.515 0 0 W [0 T557 ..] aml_plat_stop_agcfsm: 578, read 0xc00874, 0x0
01-01 08:00:18.515 0 0 W [0 T557 ..] aml_plat_agc_load: 681, agc_addr c0b390, memclk 0, agc_ver 2, clkctrladdr c00874
01-01 08:00:18.516 0 0 W [0 T557 ..] aml_plat_agc_download: 206, src addr 0x60c0a000, size 2048
01-01 08:00:18.518 0 0 W [0 T557 ..] aml_download_wifi_fw_img: 1164
01-01 08:00:18.532 0 0 I : [0 T557 ..] sectoin 20, size 262144
01-01 08:00:18.539 0 0 W [0 T557 ..] aml_download_wifi_fw_img(1205): img len 0x40000, start download fw
01-01 08:00:18.546 0 0 W : [0 T557 ..] Host HAL: write ICCM SUCCESS!!!!
01-01 08:00:18.552 0 0 W [0 T557 ..] aml_download_wifi_fw_img(1260): dccm img len 0x40000, start download dccm
01-01 08:00:18.558 0 0 W : [0 T557 ..] Host HAL: write DCCM SUCCESS!!!!
01-01 08:00:18.558 0 0 W : [0 T557 ..] >>> aml_ipc_init()
01-01 08:00:18.559 0 0 W : [0 T557 ..] >>> aml_cmd_mgr_init()
01-01 08:00:18.559 0 0 W : [0 T557 ..] >>> aml_elems_allocs()
01-01 08:00:18.560 0 0 I : [0 T557 ..] sectoin 11, size 1111588
05-23 09:26:32.102 732 756 E DisplayModeDirector: Asked about unknown display, returning empty display mode specs!(id=0)
05-23 09:26:32.102 732 756 E DisplayModeDirector: Asked about unknown display, returning empty display mode specs!(id=0)
05-23 09:26:32.107 732 732 I BrightnessSynchronizer: Initial brightness readings: 102(int), 0.39763778(float)
05-23 09:26:32.110 732 732 V SystemServerTiming: MakeDisplayManagerServiceReady took to complete: 1240ms
05-23 09:26:32.110 732 732 D SystemServerTiming: StartDeviceSpecificServices
05-23 09:26:32.110 732 732 V SystemServerTiming: StartDeviceSpecificServices took to complete: 0ms
05-23 09:26:32.110 732 732 D SystemServerTiming: GameManagerService
05-23 09:26:32.110 732 732 I SystemServiceManager: Starting com.android.server.app.GameManagerService$Lifecycle
05-23 09:26:32.117 732 732 V HistoricalRegistry: Interaction before persistence initialized
05-23 09:26:32.120 732 732 V SystemServerTiming: GameManagerService took to complete: 10ms
05-23 09:26:32.120 732 732 D SystemServerTiming: StartBootPhaseDeviceSpecificServicesReady
05-23 09:26:32.120 732 732 I SystemServiceManager: Starting phase 520
05-23 09:26:32.120 732 732 D SystemServerTiming: OnBootPhase_520
05-23 09:26:32.120 732 732 D SystemServerTiming: OnBootPhase_520_com.android.server.security.FileIntegrityService
05-23 09:26:32.120 732 732 V SystemServerTiming: OnBootPhase_520_com.android.server.security.FileIntegrityService took to complete: 0ms
05-23 09:26:32.120 732 732 D SystemServerTiming: OnBootPhase_520_com.android.server.pm.Installer
