05-23 09:26:34.692 732 732 D SystemServerTimingAsync: ssm.onStartUser-0_com.android.server.NetworkScoreService$Lifecycle
05-23 09:26:34.692 732 732 V SystemServerTimingAsync: ssm.onStartUser-0_com.android.server.NetworkScoreService$Lifecycle took to complete: 0ms
05-23 09:26:34.692 732 732 D SystemServerTimingAsync: ssm.onStartUser-0_com.android.server.NetworkStatsServiceInitializer
05-23 09:26:34.692 732 732 V SystemServerTimingAsync: ssm.onStartUser-0_com.android.server.NetworkStatsServiceInitializer took to complete: 0ms
05-23 09:26:34.692 732 732 D SystemServerTimingAsync: ssm.onStartUser-0_com.android.server.wifi.WifiService
05-23 09:26:34.692 732 732 V SystemServerTimingAsync: ssm.onStartUser-0_com.android.server.wifi.WifiService took to complete: 0ms
05-23 09:26:34.692 732 732 D SystemServerTimingAsync: ssm.onStartUser-0_com.android.server.wifi.scanner.WifiScanningService
05-23 09:26:34.692 732 732 V SystemServerTimingAsync: ssm.onStartUser-0_com.android.server.wifi.scanner.WifiScanningService took to complete: 0ms
05-23 09:26:34.692 732 732 D SystemServerTimingAsync: ssm.onStartUser-0_com.android.server.wifi.p2p.WifiP2pService
05-23 09:26:34.692 732 732 V SystemServerTimingAsync: ssm.onStartUser-0_com.android.server.wifi.p2p.WifiP2pService took to complete: 0ms
05-23 09:26:34.692 732 732 D SystemServerTimingAsync: ssm.onStartUser-0_com.android.server.ConnectivityServiceInitializer
05-23 09:26:34.692 732 732 V SystemServerTimingAsync: ssm.onStartUser-0_com.android.server.ConnectivityServiceInitializer took to complete: 0ms
05-23 09:26:34.692 732 732 D SystemServerTimingAsync: ssm.onStartUser-0_com.android.server.notification.NotificationManagerService
05-23 09:26:34.692 732 732 V SystemServerTimingAsync: ssm.onStartUser-0_com.android.server.notification.NotificationManagerService took to complete: 0ms
05-23 09:26:34.692 732 732 D SystemServerTimingAsync: ssm.onStartUser-0_com.android.server.storage.DeviceStorageMonitorService
05-23 09:26:34.692 732 732 V SystemServerTimingAsync: ssm.onStartUser-0_com.android.server.storage.DeviceStorageMonitorService took to complete: 0ms
05-23 09:26:34.692 732 732 D SystemServerTimingAsync: ssm.onStartUser-0_com.android.server.timedetector.TimeDetectorService$Lifecycle
05-23 09:26:34.692 732 732 V SystemServerTimingAsync: ssm.onStartUser-0_com.android.server.timedetector.TimeDetectorService$Lifecycle took to complete: 0ms
05-23 09:26:34.692 732 732 D SystemServerTimingAsync: ssm.onStartUser-0_com.android.server.location.LocationManagerService$Lifecycle
05-23 09:26:34.693 732 732 V SystemServerTimingAsync: ssm.onStartUser-0_com.android.server.location.LocationManagerService$Lifecycle took to complete: 1ms
05-23 09:26:34.693 732 732 D SystemServerTimingAsync: ssm.onStartUser-0_com.android.server.timezonedetector.TimeZoneDetectorService$Lifecycle
05-23 09:26:34.693 732 732 V SystemServerTimingAsync: ssm.onStartUser-0_com.android.server.timezonedetector.TimeZoneDetectorService$Lifecycle took to complete: 0ms
05-23 09:26:34.694 732 732 D SystemServerTimingAsync: ssm.onStartUser-0_com.android.server.location.altitude.AltitudeService$Lifecycle
05-23 09:26:34.694 732 732 V SystemServerTimingAsync: ssm.onStartUser-0_com.android.server.location.altitude.AltitudeService$Lifecycle took to complete: 0ms
05-23 09:26:34.694 732 732 D SystemServerTimingAsync: ssm.onStartUser-0_com.android.server.timezonedetector.location.LocationTimeZoneManagerService$Lifecycle
05-23 09:26:34.694 732 732 V SystemServerTimingAsync: ssm.onStartUser-0_com.android.server.timezonedetector.location.LocationTimeZoneManagerService$Lifecycle took to complete: 0ms
05-23 09:26:34.694 732 732 D SystemServerTimingAsync: ssm.onStartUser-0_com.android.server.search.SearchManagerService$Lifecycle
05-23 09:26:34.694 732 732 V SystemServerTimingAsync: ssm.onStartUser-0_com.android.server.search.SearchManagerService$Lifecycle took to complete: 0ms
05-23 09:26:34.694 732 732 D SystemServerTimingAsync: ssm.onStartUser-0_com.android.server.wallpaper.WallpaperManagerService$Lifecycle
05-23 09:26:34.694 732 732 V SystemServerTimingAsync: ssm.onStartUser-0_com.android.server.wallpaper.WallpaperManagerService$Lifecycle took to complete: 0ms
05-23 09:26:34.694 732 732 D SystemServerTimingAsync: ssm.onStartUser-0_com.android.server.wallpapereffectsgeneration.WallpaperEffectsGenerationManagerService
05-23 09:26:34.694 732 732 V SystemServerTimingAsync: ssm.onStartUser-0_com.android.server.wallpapereffectsgeneration.WallpaperEffectsGenerationManagerService took to complete: 0ms
05-23 09:26:34.694 732 732 D SystemServerTimingAsync: ssm.onStartUser-0_com.android.server.audio.AudioService$Lifecycle
05-23 09:26:34.694 732 732 V SystemServerTimingAsync: ssm.onStartUser-0_com.android.server.audio.AudioService$Lifecycle took to complete: 0ms
05-23 09:26:34.694 732 732 D SystemServerTimingAsync: ssm.onStartUser-0_com.android.server.soundtrigger_middleware.SoundTriggerMiddlewareService$Lifecycle
05-23 09:26:34.694 732 732 V SystemServerTimingAsync: ssm.onStartUser-0_com.android.server.soundtrigger_middleware.SoundTriggerMiddlewareService$Lifecycle took to complete: 0ms
05-23 09:26:34.694 732 732 D SystemServerTimingAsync: ssm.onStartUser-0_com.android.server.adb.AdbService$Lifecycle
05-23 09:26:34.694 732 732 V SystemServerTimingAsync: ssm.onStartUser-0_com.android.server.adb.AdbService$Lifecycle took to complete: 0ms
05-23 09:26:34.695 957 1021 V WindowManagerShell: BackAnimationController init took 12ms
05-23 09:26:34.695 957 1021 W Looper : Slow dispatch took 106ms wmshell.main h=android.os.Handler c=com.android.wm.shell.common.ShellExecutor$$ExternalSyntheticLambda0@15899c1 m=0
05-23 09:26:34.696 957 1021 V ShellDragAndDrop: Display added: 0
05-23 09:26:34.694 732 732 D SystemServerTimingAsync: ssm.onStartUser-0_com.android.server.usb.UsbService$Lifecycle
05-23 09:26:34.697 732 732 V SystemServerTimingAsync: ssm.onStartUser-0_com.android.server.usb.UsbService$Lifecycle took to complete: 0ms
05-23 09:26:34.697 732 732 D SystemServerTimingAsync: ssm.onStartUser-0_com.android.server.twilight.TwilightService
05-23 09:26:34.698 732 732 V SystemServerTimingAsync: ssm.onStartUser-0_com.android.server.twilight.TwilightService took to complete: 0ms
05-23 09:26:34.698 732 732 D SystemServerTimingAsync: ssm.onStartUser-0_com.android.server.display.color.ColorDisplayService
05-23 09:26:34.698 732 732 V SystemServerTimingAsync: ssm.onStartUser-0_com.android.server.display.color.ColorDisplayService took to complete: 0ms
05-23 09:26:34.698 732 732 D SystemServerTimingAsync: ssm.onStartUser-0_com.android.server.job.JobSchedulerService
05-23 09:26:34.698 732 732 V SystemServerTimingAsync: ssm.onStartUser-0_com.android.server.job.JobSchedulerService took to complete: 0ms
05-23 09:26:34.698 732 732 D SystemServerTimingAsync: ssm.onStartUser-0_com.android.server.soundtrigger.SoundTriggerService
05-23 09:26:34.698 732 732 V SystemServerTimingAsync: ssm.onStartUser-0_com.android.server.soundtrigger.SoundTriggerService took to complete: 0ms
05-23 09:26:34.698 732 732 D SystemServerTimingAsync: ssm.onStartUser-0_com.android.server.trust.TrustManagerService
05-23 09:26:34.698 732 732 V SystemServerTimingAsync: ssm.onStartUser-0_com.android.server.trust.TrustManagerService took to complete: 0ms
05-23 09:26:34.698 732 732 D SystemServerTimingAsync: ssm.onStartUser-0_com.android.server.backup.BackupManagerService$Lifecycle
05-23 09:26:34.698 732 732 V SystemServerTimingAsync: ssm.onStartUser-0_com.android.server.backup.BackupManagerService$Lifecycle took to complete: 0ms
05-23 09:26:34.698 732 732 D SystemServerTimingAsync: ssm.onStartUser-0_com.android.server.appwidget.AppWidgetService
05-23 09:26:34.698 732 732 V SystemServerTimingAsync: ssm.onStartUser-0_com.android.server.appwidget.AppWidgetService took to complete: 0ms
05-23 09:26:34.698 732 732 D SystemServerTimingAsync: ssm.onStartUser-0_com.android.server.voiceinteraction.VoiceInteractionManagerService
05-23 09:26:34.700 732 732 W VoiceInteractionManager: no available voice recognition services found for user 0
05-23 09:26:34.700 732 732 V SystemServerTimingAsync: ssm.onStartUser-0_com.android.server.voiceinteraction.VoiceInteractionManagerService took to complete: 1ms
05-23 09:26:34.700 732 732 D SystemServerTimingAsync: ssm.onStartUser-0_com.android.server.GestureLauncherService
05-23 09:26:34.700 732 732 V SystemServerTimingAsync: ssm.onStartUser-0_com.android.server.GestureLauncherService took to complete: 0ms
05-23 09:26:34.700 732 732 D SystemServerTimingAsync: ssm.onStartUser-0_com.android.server.SensorNotificationService
05-23 09:26:34.700 732 732 V SystemServerTimingAsync: ssm.onStartUser-0_com.android.server.SensorNotificationService took to complete: 0ms
05-23 09:26:34.700 732 732 D SystemServerTimingAsync: ssm.onStartUser-0_com.android.server.emergency.EmergencyAffordanceService
05-23 09:26:34.700 732 732 V SystemServerTimingAsync: ssm.onStartUser-0_com.android.server.emergency.EmergencyAffordanceService took to complete: 0ms
05-23 09:26:34.700 732 732 D SystemServerTimingAsync: ssm.onStartUser-0_com.android.server.blob.BlobStoreManagerService
05-23 09:26:34.700 732 732 V SystemServerTimingAsync: ssm.onStartUser-0_com.android.server.blob.BlobStoreManagerService took to complete: 0ms
05-23 09:26:34.700 732 732 D SystemServerTimingAsync: ssm.onStartUser-0_com.android.server.dreams.DreamManagerService
05-23 09:26:34.700 732 732 V SystemServerTimingAsync: ssm.onStartUser-0_com.android.server.dreams.DreamManagerService took to complete: 0ms
05-23 09:26:34.700 732 732 D SystemServerTimingAsync: ssm.onStartUser-0_com.android.server.security.AttestationVerificationManagerService
05-23 09:26:34.700 732 732 V SystemServerTimingAsync: ssm.onStartUser-0_com.android.server.security.AttestationVerificationManagerService took to complete: 0ms
05-23 09:26:34.700 732 732 D SystemServerTimingAsync: ssm.onStartUser-0_com.android.server.restrictions.RestrictionsManagerService
05-23 09:26:34.700 732 732 V SystemServerTimingAsync: ssm.onStartUser-0_com.android.server.restrictions.RestrictionsManagerService took to complete: 0ms
05-23 09:26:34.700 732 732 D SystemServerTimingAsync: ssm.onStartUser-0_com.android.server.media.MediaSessionService
05-23 09:26:34.701 732 732 V SystemServerTimingAsync: ssm.onStartUser-0_com.android.server.media.MediaSessionService took to complete: 0ms
05-23 09:26:34.701 732 732 D SystemServerTimingAsync: ssm.onStartUser-0_com.android.server.hdmi.HdmiControlService
05-23 09:26:34.701 732 732 V SystemServerTimingAsync: ssm.onStartUser-0_com.android.server.hdmi.HdmiControlService took to complete: 0ms
05-23 09:26:34.701 732 732 D SystemServerTimingAsync: ssm.onStartUser-0_com.android.server.tv.interactive.TvInteractiveAppManagerService
05-23 09:26:34.701 732 732 V SystemServerTimingAsync: ssm.onStartUser-0_com.android.server.tv.interactive.TvInteractiveAppManagerService took to complete: 0ms
05-23 09:26:34.701 732 732 D SystemServerTimingAsync: ssm.onStartUser-0_com.android.server.tv.TvInputManagerService
05-23 09:26:34.701 732 732 V SystemServerTimingAsync: ssm.onStartUser-0_com.android.server.tv.TvInputManagerService took to complete: 0ms
05-23 09:26:34.701 732 732 D SystemServerTimingAsync: ssm.onStartUser-0_com.android.server.media.MediaResourceMonitorService
05-23 09:26:34.701 732 732 V SystemServerTimingAsync: ssm.onStartUser-0_com.android.server.media.MediaResourceMonitorService took to complete: 0ms
05-23 09:26:34.701 732 732 D SystemServerTimingAsync: ssm.onStartUser-0_com.android.server.tv.TvRemoteService
05-23 09:26:34.701 732 732 V SystemServerTimingAsync: ssm.onStartUser-0_com.android.server.tv.TvRemoteService took to complete: 0ms
05-23 09:26:34.701 732 732 D SystemServerTimingAsync: ssm.onStartUser-0_com.android.server.biometrics.BiometricService
05-23 09:26:34.701 732 732 V SystemServerTimingAsync: ssm.onStartUser-0_com.android.server.biometrics.BiometricService took to complete: 0ms
05-23 09:26:34.701 732 732 D SystemServerTimingAsync: ssm.onStartUser-0_com.android.server.biometrics.AuthService
05-23 09:26:34.701 732 732 V SystemServerTimingAsync: ssm.onStartUser-0_com.android.server.biometrics.AuthService took to complete: 0ms
05-23 09:26:34.701 732 732 D SystemServerTimingAsync: ssm.onStartUser-0_com.android.server.pm.ShortcutService$Lifecycle
05-23 09:26:34.701 732 732 V SystemServerTimingAsync: ssm.onStartUser-0_com.android.server.pm.ShortcutService$Lifecycle took to complete: 0ms
05-23 09:26:34.701 732 732 D SystemServerTimingAsync: ssm.onStartUser-0_com.android.server.pm.LauncherAppsService
05-23 09:26:34.701 732 732 V SystemServerTimingAsync: ssm.onStartUser-0_com.android.server.pm.LauncherAppsService took to complete: 0ms
05-23 09:26:34.701 732 732 D SystemServerTimingAsync: ssm.onStartUser-0_com.android.server.pm.CrossProfileAppsService
05-23 09:26:34.701 732 732 V SystemServerTimingAsync: ssm.onStartUser-0_com.android.server.pm.CrossProfileAppsService took to complete: 0ms
05-23 09:26:34.701 732 732 D SystemServerTimingAsync: ssm.onStartUser-0_com.android.server.people.PeopleService
05-23 09:26:34.701 732 732 V SystemServerTimingAsync: ssm.onStartUser-0_com.android.server.people.PeopleService took to complete: 0ms
05-23 09:26:34.701 732 732 D SystemServerTimingAsync: ssm.onStartUser-0_com.android.server.media.metrics.MediaMetricsManagerService
05-23 09:26:34.701 732 732 V SystemServerTimingAsync: ssm.onStartUser-0_com.android.server.media.metrics.MediaMetricsManagerService took to complete: 0ms
05-23 09:26:34.701 732 732 D SystemServerTimingAsync: ssm.onStartUser-0_com.android.server.pm.BackgroundInstallControlService
05-23 09:26:34.701 732 732 V SystemServerTimingAsync: ssm.onStartUser-0_com.android.server.pm.BackgroundInstallControlService took to complete: 0ms
05-23 09:26:34.701 732 732 D SystemServerTimingAsync: ssm.onStartUser-0_com.android.server.media.projection.MediaProjectionManagerService
05-23 09:26:34.701 732 732 V SystemServerTimingAsync: ssm.onStartUser-0_com.android.server.media.projection.MediaProjectionManagerService took to complete: 0ms
05-23 09:26:34.702 732 732 D SystemServerTimingAsync: ssm.onStartUser-0_com.android.server.slice.SliceManagerService$Lifecycle
05-23 09:26:34.702 732 732 V SystemServerTimingAsync: ssm.onStartUser-0_com.android.server.slice.SliceManagerService$Lifecycle took to complete: 0ms
05-23 09:26:34.702 732 732 D SystemServerTimingAsync: ssm.onStartUser-0_com.android.server.stats.StatsCompanion$Lifecycle
05-23 09:26:34.702 732 732 V SystemServerTimingAsync: ssm.onStartUser-0_com.android.server.stats.StatsCompanion$Lifecycle took to complete: 0ms
05-23 09:26:34.702 732 732 D SystemServerTimingAsync: ssm.onStartUser-0_com.android.server.scheduling.RebootReadinessManagerService$Lifecycle
05-23 09:26:34.702 732 732 V SystemServerTimingAsync: ssm.onStartUser-0_com.android.server.scheduling.RebootReadinessManagerService$Lifecycle took to complete: 0ms
05-23 09:26:34.702 732 732 D SystemServerTimingAsync: ssm.onStartUser-0_com.android.server.stats.pull.StatsPullAtomService
05-23 09:26:34.702 732 732 V SystemServerTimingAsync: ssm.onStartUser-0_com.android.server.stats.pull.StatsPullAtomService took to complete: 0ms
05-23 09:26:34.702 732 732 D SystemServerTimingAsync: ssm.onStartUser-0_com.android.server.stats.bootstrap.StatsBootstrapAtomService$Lifecycle
05-23 09:26:34.702 732 732 V SystemServerTimingAsync: ssm.onStartUser-0_com.android.server.stats.bootstrap.StatsBootstrapAtomService$Lifecycle took to complete: 0ms
05-23 09:26:34.702 732 732 D SystemServerTimingAsync: ssm.onStartUser-0_com.android.server.incident.IncidentCompanionService
05-23 09:26:34.702 732 732 V SystemServerTimingAsync: ssm.onStartUser-0_com.android.server.incident.IncidentCompanionService took to complete: 0ms
05-23 09:26:34.702 732 732 D SystemServerTimingAsync: ssm.onStartUser-0_com.android.server.sdksandbox.SdkSandboxManagerService$Lifecycle
05-23 09:26:34.702 732 732 V SystemServerTimingAsync: ssm.onStartUser-0_com.android.server.sdksandbox.SdkSandboxManagerService$Lifecycle took to complete: 0ms
05-23 09:26:34.702 732 732 D SystemServerTimingAsync: ssm.onStartUser-0_com.android.server.adservices.AdServicesManagerService$Lifecycle
05-23 09:26:34.702 732 732 V SystemServerTimingAsync: ssm.onStartUser-0_com.android.server.adservices.AdServicesManagerService$Lifecycle took to complete: 0ms
05-23 09:26:34.702 732 732 D SystemServerTimingAsync: ssm.onStartUser-0_com.android.server.ondevicepersonalization.OnDevicePersonalizationSystemService$Lifecycle
05-23 09:26:34.702 732 732 V SystemServerTimingAsync: ssm.onStartUser-0_com.android.server.ondevicepersonalization.OnDevicePersonalizationSystemService$Lifecycle took to complete: 0ms
05-23 09:26:34.702 732 732 D SystemServerTimingAsync: ssm.onStartUser-0_com.android.server.autofill.AutofillManagerService
05-23 09:26:34.702 732 732 V SystemServerTimingAsync: ssm.onStartUser-0_com.android.server.autofill.AutofillManagerService took to complete: 0ms
05-23 09:26:34.702 732 732 D SystemServerTimingAsync: ssm.onStartUser-0_com.android.server.clipboard.ClipboardService
05-23 09:26:34.702 732 732 V SystemServerTimingAsync: ssm.onStartUser-0_com.android.server.clipboard.ClipboardService took to complete: 0ms
05-23 09:26:34.702 732 732 D SystemServerTimingAsync: ssm.onStartUser-0_com.android.server.appbinding.AppBindingService$Lifecycle
05-23 09:26:34.702 732 732 W AppBindingService: [Default SMS app] u0 Target package not found
05-23 09:26:34.702 732 732 V SystemServerTimingAsync: ssm.onStartUser-0_com.android.server.appbinding.AppBindingService$Lifecycle took to complete: 1ms
05-23 09:26:34.702 732 732 D SystemServerTimingAsync: ssm.onStartUser-0_com.android.server.tracing.TracingServiceProxy
05-23 09:26:34.703 732 732 V SystemServerTimingAsync: ssm.onStartUser-0_com.android.server.tracing.TracingServiceProxy took to complete: 0ms
05-23 09:26:34.703 732 732 D SystemServerTimingAsync: ssm.onStartUser-0_com.android.server.policy.PermissionPolicyService
05-23 09:26:34.704 732 732 V SystemServerTimingAsync: ssm.onStartUser-0_com.android.server.policy.PermissionPolicyService took to complete: 0ms
05-23 09:26:34.704 732 732 D SystemServerTimingAsync: ssm.onStartUser-0_com.android.server.pm.StagingManager$Lifecycle
05-23 09:26:34.704 732 732 V SystemServerTimingAsync: ssm.onStartUser-0_com.android.server.pm.StagingManager$Lifecycle took to complete: 0ms
05-23 09:26:34.704 732 732 D SystemServerTimingAsync: ssm.onStartUser-0_com.android.server.app.GameManagerService$Lifecycle
05-23 09:26:34.704 732 732 D GameManagerService: Starting user 0
05-23 09:26:34.722 732 732 V SystemServerTimingAsync: ssm.onStartUser-0_com.android.server.app.GameManagerService$Lifecycle took to complete: 17ms
05-23 09:26:34.722 732 732 D SystemServerTimingAsync: ssm.onStartUser-0_com.android.safetycenter.SafetyCenterService
05-23 09:26:34.722 732 732 V SystemServerTimingAsync: ssm.onStartUser-0_com.android.safetycenter.SafetyCenterService took to complete: 0ms
05-23 09:26:34.722 732 732 D SystemServerTimingAsync: ssm.onStartUser-0_com.android.server.appsearch.AppSearchModule$Lifecycle
05-23 09:26:34.722 732 732 V SystemServerTimingAsync: ssm.onStartUser-0_com.android.server.appsearch.AppSearchModule$Lifecycle took to complete: 0ms
05-23 09:26:34.722 732 732 D SystemServerTimingAsync: ssm.onStartUser-0_com.android.server.media.MediaCommunicationService
05-23 09:26:34.722 732 732 V SystemServerTimingAsync: ssm.onStartUser-0_com.android.server.media.MediaCommunicationService took to complete: 0ms
05-23 09:26:34.722 732 732 D SystemServerTimingAsync: ssm.onStartUser-0_com.android.server.compat.overrides.AppCompatOverridesService$Lifecycle
05-23 09:26:34.722 732 732 V SystemServerTimingAsync: ssm.onStartUser-0_com.android.server.compat.overrides.AppCompatOverridesService$Lifecycle took to complete: 0ms
05-23 09:26:34.722 732 732 D SystemServerTimingAsync: ssm.onStartUser-0_com.android.server.healthconnect.HealthConnectManagerService
05-23 09:26:34.722 732 732 V SystemServerTimingAsync: ssm.onStartUser-0_com.android.server.healthconnect.HealthConnectManagerService took to complete: 0ms
05-23 09:26:34.722 732 732 D SystemServerTimingAsync: ssm.onStartUser-0_com.android.server.devicelock.DeviceLockService
05-23 09:26:34.722 732 732 V SystemServerTimingAsync: ssm.onStartUser-0_com.android.server.devicelock.DeviceLockService took to complete: 0ms
05-23 09:26:34.722 732 732 V SystemServerTimingAsync: ssm.StartUser-0 took to complete: 558ms
05-23 09:26:34.723 732 732 D SystemServerTiming: startPersistentApps
05-23 09:26:34.724 732 732 I ActivityManager: com.droidlogic is exempt from freezer
05-23 09:26:34.725 732 732 D CompatibilityChangeReporter: Compat change id reported: 135634846; UID 1000; state: DISABLED
05-23 09:26:34.728 732 732 D CompatibilityChangeReporter: Compat change id reported: 135634846; UID 1068; state: DISABLED
05-23 09:26:34.728 732 732 V SystemServerTiming: startPersistentApps took to complete: 6ms
05-23 09:26:34.729 732 732 D SystemServerTiming: startHomeOnAllDisplays
05-23 09:26:34.731 732 732 D WindowManager: ThemeHomeDelay: Home launch was deferred.
05-23 09:26:34.732 732 732 V SystemServerTiming: startHomeOnAllDisplays took to complete: 3ms
05-23 09:26:34.732 732 732 D SystemServerTiming: showSystemReadyErrorDialogs
05-23 09:26:34.762 732 1019 D CompatibilityChangeReporter: Compat change id reported: 171306433; UID 1000; state: ENABLED
05-23 09:26:34.768 732 1019 W WindowManager: [addWindow] title:ShellDropTarget
05-23 09:26:34.806 732 763 D CountryDetector: Using custom country detector class: com.android.server.location.ComprehensiveCountryDetector
05-23 09:26:34.807 732 763 E CountryDetector: Could not instantiate the custom country detector class
05-23 09:26:34.807 732 763 D CountryDetector: Using default country detector
05-23 09:26:34.877 732 732 E Build : Vendor interface is incompatible, error=1
05-23 09:26:34.877 732 732 E ActivityTaskManager: Build fingerprint is not consistent, warning user
05-23 09:26:34.877 732 732 V SystemServerTiming: showSystemReadyErrorDialogs took to complete: 144ms
05-23 09:26:34.877 732 732 D SystemServerTiming: sendUserStartBroadcast
05-23 09:26:34.879 732 732 V SystemServerTiming: sendUserStartBroadcast took to complete: 2ms
05-23 09:26:34.879 732 732 D SystemServerTiming: resumeTopActivities
05-23 09:26:34.889 732 732 V SystemServerTiming: resumeTopActivities took to complete: 10ms
05-23 09:26:34.889 732 732 D SystemServerTiming: sendUserSwitchBroadcasts
05-23 09:26:34.890 732 732 V SystemServerTiming: sendUserSwitchBroadcasts took to complete: 2ms
05-23 09:26:34.890 732 732 D SystemServerTiming: setBinderProxies
05-23 09:26:34.891 732 732 V SystemServerTiming: setBinderProxies took to complete: 0ms
05-23 09:26:34.891 732 732 V SystemServerTiming: ActivityManagerStartApps took to complete: 728ms
05-23 09:26:34.891 732 732 D SystemServerTiming: componentAlias
05-23 09:26:34.891 732 732 D ComponentAliasResolver: Compat listener set.
05-23 09:26:34.892 732 732 V SystemServerTiming: componentAlias took to complete: 1ms
05-23 09:26:34.892 732 732 V SystemServerTiming: PhaseActivityManagerReady took to complete: 2713ms
05-23 09:26:34.892 732 732 D SystemServerTiming: LockSettingsThirdPartyAppsStarted
05-23 09:26:34.892 732 732 V SystemServerTiming: LockSettingsThirdPartyAppsStarted took to complete: 0ms
05-23 09:26:34.892 732 732 D SystemServerTiming: StartSystemUI
05-23 09:26:34.893 957 1021 W Looper : Slow delivery took 63ms wmshell.main h=android.os.Handler c=com.android.wm.shell.draganddrop.DragAndDropController$$ExternalSyntheticLambda0@87f8706 m=0
05-23 09:26:34.893 957 1021 W Looper : Slow dispatch took 197ms wmshell.main h=android.os.Handler c=com.android.wm.shell.draganddrop.DragAndDropController$$ExternalSyntheticLambda0@87f8706 m=0
05-23 09:26:34.893 957 1021 D WindowManagerShell: TvPipController: onImeVisibilityChanged(), visible=false, height=0
05-23 09:26:34.894 732 732 W ActivityManager: Unable to start service Intent { flg=0x100 cmp=com.droidlogic/.StubKeyguardService } U=0: not found
05-23 09:26:34.895 732 732 V SystemServerTiming: StartSystemUI took to complete: 3ms
05-23 09:26:34.895 732 732 V SystemServerTiming: startOtherServices took to complete: 6065ms
05-23 09:26:34.895 732 732 D SystemServerTiming: startApexServices
05-23 09:26:34.895 732 732 D SystemServerTiming: starting com.android.server.scheduling.RebootReadinessManagerService$Lifecycle
05-23 09:26:34.895 732 958 D CompatibilityChangeReporter: Compat change id reported: 161145287; UID 1073; state: ENABLED
05-23 09:26:34.895 732 732 I SystemServiceManager: Starting com.android.server.scheduling.RebootReadinessManagerService$Lifecycle
05-23 09:26:34.895 732 732 I SystemServiceManager: Not starting an already started service com.android.server.scheduling.RebootReadinessManagerService$Lifecycle
05-23 09:26:34.895 732 732 V SystemServerTiming: starting com.android.server.scheduling.RebootReadinessManagerService$Lifecycle took to complete: 1ms
05-23 09:26:34.895 732 732 V SystemServerTiming: startApexServices took to complete: 1ms
05-23 09:26:34.895 732 732 D SystemServerTiming: UpdateWatchdogTimeout
05-23 09:26:34.896 732 732 I Watchdog: Watchdog timeout updated to 60000 millis
05-23 09:26:34.896 732 732 V SystemServerTiming: UpdateWatchdogTimeout took to complete: 0ms
05-23 09:26:34.896 732 732 V SystemServerTiming: StartServices took to complete: 8108ms
05-23 09:26:34.900 732 765 W ActivityManager: Slow operation: 176ms so far, now at startProcess: done updating battery stats
05-23 09:26:34.900 732 765 W ActivityManager: Slow operation: 177ms so far, now at startProcess: building log message
05-23 09:26:34.900 732 765 I ActivityManager: Start proc 1093:com.droidlogic/1000 for added application com.droidlogic
05-23 09:26:34.901 732 765 W ActivityManager: Slow operation: 177ms so far, now at startProcess: starting to update pids map
05-23 09:26:34.901 732 807 D CoreBackPreview: Window{8d94011 u0 ShellDropTarget}: Setting back callback OnBackInvokedCallbackInfo{mCallback=android.window.IOnBackInvokedCallback$Stub$Proxy@9b8128b, mPriority=0, mIsAnimationCallback=false}
05-23 09:26:34.901 732 765 W ActivityManager: Slow operation: 177ms so far, now at startProcess: done updating pids map
05-23 09:26:34.901 732 765 W ActivityManager: Slow operation: 174ms so far, now at startProcess: asking zygote to start proc
05-23 09:26:34.906 732 746 D CompatibilityChangeReporter: Compat change id reported: 168419799; UID 1000; state: DISABLED
05-23 09:26:34.907 732 746 D CompatibilityChangeReporter: Compat change id reported: 273564678; UID 1000; state: DISABLED
05-23 09:26:34.912 732 815 D CompatibilityChangeReporter: Compat change id reported: 218533173; UID 10070; state: DISABLED
05-23 09:26:34.917 732 765 W ActivityManager: Slow operation: 190ms so far, now at startProcess: returned from zygote!
05-23 09:26:34.917 732 815 D CompatibilityChangeReporter: Compat change id reported: 262645982; UID 10070; state: DISABLED
05-23 09:26:34.919 732 815 D CompatibilityChangeReporter: Compat change id reported: 218533173; UID 10072; state: ENABLED
05-23 09:26:34.919 732 815 D CompatibilityChangeReporter: Compat change id reported: 262645982; UID 10072; state: ENABLED
05-23 09:26:34.920 732 765 W ActivityManager: Slow operation: 193ms so far, now at startProcess: done updating battery stats
05-23 09:26:34.920 732 765 W ActivityManager: Slow operation: 194ms so far, now at startProcess: building log message
05-23 09:26:34.920 732 765 I ActivityManager: Start proc 1110:com.android.se/1068 for added application com.android.se
05-23 09:26:34.920 732 765 W ActivityManager: Slow operation: 194ms so far, now at startProcess: starting to update pids map
05-23 09:26:34.921 732 765 W ActivityManager: Slow operation: 194ms so far, now at startProcess: done updating pids map
05-23 09:26:34.924 732 732 W Looper : Slow delivery took 7610ms main h=android.app.PropertyInvalidatedCache$AutoCorker$1 c=null m=0
05-23 09:26:34.926 732 815 D CompatibilityChangeReporter: Compat change id reported: 218533173; UID 10053; state: ENABLED
05-23 09:26:34.927 732 815 D CompatibilityChangeReporter: Compat change id reported: 262645982; UID 10053; state: ENABLED
05-23 09:26:34.930 732 815 D CompatibilityChangeReporter: Compat change id reported: 218533173; UID 10062; state: ENABLED
05-23 09:26:34.931 732 815 D CompatibilityChangeReporter: Compat change id reported: 262645982; UID 10062; state: ENABLED
05-23 09:26:34.939 732 815 D CompatibilityChangeReporter: Compat change id reported: 218533173; UID 10016; state: ENABLED
05-23 09:26:34.939 732 815 D CompatibilityChangeReporter: Compat change id reported: 262645982; UID 10016; state: ENABLED
05-23 09:26:34.947 732 756 I DisplayDeviceRepository: Display device changed: DisplayDeviceInfo{"内置屏幕": uniqueId="local:4625716335649126413", 1280 x 720, modeId 1, renderFrameRate 50.0, defaultModeId 1, supportedModes [{id=1, width=1280, height=720, fps=50.0, alternativeRefreshRates=[], supportedHdrTypes=[]}, {id=2, width=1280, height=720, fps=60.000004, alternativeRefreshRates=[], supportedHdrTypes=[]}], colorMode 0, supportedColorModes [0], hdrCapabilities HdrCapabilities{mSupportedHdrTypes=[], mMaxLuminance=500.0, mMaxAverageLuminance=500.0, mMinLuminance=0.0}, allmSupported false, gameContentTypeSupported false, density 160, 0.0 x 0.0 dpi, appVsyncOff 2000000, presDeadline 17000000, touch INTERNAL, rotation 0, type INTERNAL, address {port=13, model=0x4031d87fca1678}, deviceProductInfo DeviceProductInfo{name=Linux FHD, manufacturerPnpId=LNX, productId=0, modelYear=null, manufactureDate=ManufactureDate{week=5, year=2012}, connectionToSinkType=0}, state ON, committedState ON, frameRateOverride , brightnessMinimum 0.0, brightnessMaximum 1.0, brightnessDefault 0.39763778, hdrSdrRatio NaN, FLAG_ALLOWED_TO_BE_DEFAULT_DISPLAY, FLAG_ROTATES_WITH_CONTENT, FLAG_SECURE, FLAG_SUPPORTS_PROTECTED_BUFFERS, FLAG_TRUSTED, installOrientation 0, displayShape DisplayShape{ spec=-1507169495 displayWidth=1280 displayHeight=720 physicalPixelDisplaySizeRatio=1.0 rotation=0 offsetX=0 offsetY=0 scale=1.0}}
05-23 09:26:34.980 732 815 D CompatibilityChangeReporter: Compat change id reported: 218533173; UID 10018; state: ENABLED
05-23 09:26:34.986 732 958 D CompatibilityChangeReporter: Compat change id reported: 168419799; UID 1068; state: DISABLED
05-23 09:26:34.987 732 958 D CompatibilityChangeReporter: Compat change id reported: 273564678; UID 1068; state: DISABLED
05-23 09:26:34.998 957 1021 W Looper : Drained
05-23 09:26:35.002 732 815 D CompatibilityChangeReporter: Compat change id reported: 262645982; UID 10018; state: ENABLED
05-23 09:26:35.004 732 815 D CompatibilityChangeReporter: Compat change id reported: 218533173; UID 10063; state: ENABLED
05-23 09:26:35.005 732 815 D CompatibilityChangeReporter: Compat change id reported: 262645982; UID 10063; state: ENABLED
05-23 09:26:35.008 732 732 D ConditionProviders.SCP: onConnected
05-23 09:26:35.008 732 732 D ConditionProviders.SCP: onSubscribe condition://android/schedule?days=1.2.3.4.5.6.7&start=22.0&end=7.0&exitAtAlarm=true
05-23 09:26:35.009 732 732 D ConditionProviders.SCP: setRegistered true
05-23 09:26:35.011 732 889 W ActivityThread: Failed to find provider info for com.android.calendar (user not unlocked)
05-23 09:26:35.011 732 889 W ActivityThread: Failed to find provider info for com.android.calendar (user not unlocked)
05-23 09:26:35.013 732 889 D CompatibilityChangeReporter: Compat change id reported: 218533173; UID 1000; state: ENABLED
05-23 09:26:35.020 732 815 D CompatibilityChangeReporter: Compat change id reported: 218533173; UID 10066; state: ENABLED
05-23 09:26:35.021 732 815 D CompatibilityChangeReporter: Compat change id reported: 262645982; UID 10066; state: ENABLED
05-23 09:26:35.030 732 815 D CompatibilityChangeReporter: Compat change id reported: 218533173; UID 10039; state: DISABLED
05-23 09:26:35.031 732 815 D CompatibilityChangeReporter: Compat change id reported: 262645982; UID 10039; state: DISABLED
05-23 09:26:35.033 732 815 D CompatibilityChangeReporter: Compat change id reported: 218533173; UID 10007; state: ENABLED
05-23 09:26:35.036 732 732 D ConditionProviders.SCP: evaluateSubscriptionLocked cal=ScheduleCalendar[mDays={1, 2, 3, 4, 5, 6, 7}, mSchedule=ScheduleInfo{days=[1, 2, 3, 4, 5, 6, 7], startHour=22, startMinute=0, endHour=7, endMinute=0, exitAtAlarm=true, nextAlarm=Thu Jan 01 08:00:00 GMT+08:00 1970 (0)}], now=Fri May 23 09:26:35 GMT+08:00 2025 (1747963595009), nextUserAlarmTime=Thu Jan 01 08:00:00 GMT+08:00 1970 (0)
05-23 09:26:35.036 732 732 D ConditionProviders.SCP: notifyCondition condition://android/schedule?days=1.2.3.4.5.6.7&start=22.0&end=7.0&exitAtAlarm=true STATE_FALSE reason=!meetsSchedule
05-23 09:26:35.036 732 815 D CompatibilityChangeReporter: Compat change id reported: 262645982; UID 10007; state: ENABLED
05-23 09:26:35.040 732 732 D ConditionProviders.SCP: Scheduling evaluate for Fri May 23 22:00:00 GMT+08:00 2025 (1748008800000), in +12h33m24s991ms, now=Fri May 23 09:26:35 GMT+08:00 2025 (1747963595009)
05-23 09:26:35.042 732 815 D CompatibilityChangeReporter: Compat change id reported: 218533173; UID 10019; state: ENABLED
05-23 09:26:35.043 732 815 D CompatibilityChangeReporter: Compat change id reported: 262645982; UID 10019; state: ENABLED
05-23 09:26:35.043 732 815 D CompatibilityChangeReporter: Compat change id reported: 218533173; UID 10036; state: ENABLED
05-23 09:26:35.044 732 815 D CompatibilityChangeReporter: Compat change id reported: 262645982; UID 10036; state: ENABLED
05-23 09:26:35.045 732 732 D HDMI : [R]: EF:86:10:00
05-23 09:26:35.045 732 815 D CompatibilityChangeReporter: Compat change id reported: 218533173; UID 10035; state: ENABLED
05-23 09:26:35.046 732 815 D CompatibilityChangeReporter: Compat change id reported: 262645982; UID 10035; state: ENABLED
05-23 09:26:35.047 732 815 D CompatibilityChangeReporter: Compat change id reported: 218533173; UID 10026; state: ENABLED
05-23 09:26:35.047 732 815 D CompatibilityChangeReporter: Compat change id reported: 262645982; UID 10026; state: ENABLED
05-23 09:26:35.048 732 815 D CompatibilityChangeReporter: Compat change id reported: 218533173; UID 10068; state: ENABLED
05-23 09:26:35.048 732 815 D CompatibilityChangeReporter: Compat change id reported: 262645982; UID 10068; state: ENABLED
05-23 09:26:35.049 732 815 D CompatibilityChangeReporter: Compat change id reported: 218533173; UID 10006; state: ENABLED
05-23 09:26:35.050 732 745 D CompatibilityChangeReporter: Compat change id reported: 182478738; UID 1073; state: ENABLED
05-23 09:26:35.050 732 815 D CompatibilityChangeReporter: Compat change id reported: 262645982; UID 10006; state: ENABLED
05-23 09:26:35.050 732 815 D CompatibilityChangeReporter: Compat change id reported: 218533173; UID 10077; state: DISABLED
05-23 09:26:35.051 732 815 D CompatibilityChangeReporter: Compat change id reported: 262645982; UID 10077; state: DISABLED
05-23 09:26:35.051 732 815 D CompatibilityChangeReporter: Compat change id reported: 171306433; UID 10077; state: DISABLED
05-23 09:26:35.052 732 815 D CompatibilityChangeReporter: Compat change id reported: 218533173; UID 10042; state: DISABLED
05-23 09:26:35.052 732 815 D CompatibilityChangeReporter: Compat change id reported: 262645982; UID 10042; state: DISABLED
05-23 09:26:35.053 732 815 D CompatibilityChangeReporter: Compat change id reported: 218533173; UID 10008; state: ENABLED
05-23 09:26:35.054 732 815 D CompatibilityChangeReporter: Compat change id reported: 262645982; UID 10008; state: ENABLED
05-23 09:26:35.055 732 815 D CompatibilityChangeReporter: Compat change id reported: 218533173; UID 10064; state: ENABLED
05-23 09:26:35.056 732 815 D CompatibilityChangeReporter: Compat change id reported: 262645982; UID 10064; state: ENABLED
05-23 09:26:35.057 732 732 D HDMI : addCecDevice new:CEC: logical_address: 0x0E device_type: 2 cec_version: 5 vendor_id: 16777215 display_name: Secondary_TV power_status: -1 physical_address: 0xFFFF port_id: -1 old:null
05-23 09:26:35.059 732 815 D CompatibilityChangeReporter: Compat change id reported: 218533173; UID 10037; state: ENABLED
05-23 09:26:35.060 732 815 D CompatibilityChangeReporter: Compat change id reported: 262645982; UID 10037; state: ENABLED
05-23 09:26:35.063 732 815 D CompatibilityChangeReporter: Compat change id reported: 218533173; UID 10059; state: ENABLED
05-23 09:26:35.063 732 815 D CompatibilityChangeReporter: Compat change id reported: 262645982; UID 10059; state: ENABLED
05-23 09:26:35.064 732 815 D CompatibilityChangeReporter: Compat change id reported: 218533173; UID 10047; state: DISABLED
05-23 09:26:35.064 732 815 D CompatibilityChangeReporter: Compat change id reported: 262645982; UID 10047; state: DISABLED
05-23 09:26:35.066 732 815 D CompatibilityChangeReporter: Compat change id reported: 218533173; UID 10034; state: ENABLED
05-23 09:26:35.067 732 815 D CompatibilityChangeReporter: Compat change id reported: 262645982; UID 10034; state: ENABLED
05-23 09:26:35.068 732 815 D CompatibilityChangeReporter: Compat change id reported: 218533173; UID 10057; state: ENABLED
05-23 09:26:35.069 732 815 D CompatibilityChangeReporter: Compat change id reported: 262645982; UID 10057; state: ENABLED
05-23 09:26:35.073 732 815 D CompatibilityChangeReporter: Compat change id reported: 218533173; UID 10015; state: ENABLED
05-23 09:26:35.074 732 815 D CompatibilityChangeReporter: Compat change id reported: 262645982; UID 10015; state: ENABLED
05-23 09:26:35.075 732 732 D CompatibilityChangeReporter: Compat change id reported: 135634846; UID 10073; state: DISABLED
05-23 09:26:35.075 732 815 D CompatibilityChangeReporter: Compat change id reported: 218533173; UID 10012; state: ENABLED
05-23 09:26:35.076 732 815 D CompatibilityChangeReporter: Compat change id reported: 262645982; UID 10012; state: ENABLED
05-23 09:26:35.076 732 765 D CompatibilityChangeReporter: Compat change id reported: 143937733; UID 10073; state: ENABLED
05-23 09:26:35.077 732 815 D CompatibilityChangeReporter: Compat change id reported: 218533173; UID 10005; state: ENABLED
05-23 09:26:35.078 732 745 D CompatibilityChangeReporter: Compat change id reported: 157233955; UID 10052; state: ENABLED
05-23 09:26:35.081 732 732 D HDMI : addCecDevice new:CEC: logical_address: 0x04 device_type: 4 cec_version: 5 vendor_id: 1877008 display_name: DBBOX-A3 power_status: 0 physical_address: 0xFFFF port_id: 0 old:null
05-23 09:26:35.085 732 815 D CompatibilityChangeReporter: Compat change id reported: 262645982; UID 10005; state: ENABLED
05-23 09:26:35.087 732 815 D CompatibilityChangeReporter: Compat change id reported: 218533173; UID 10028; state: DISABLED
05-23 09:26:35.087 732 815 D CompatibilityChangeReporter: Compat change id reported: 262645982; UID 10028; state: DISABLED
05-23 09:26:35.089 732 815 D CompatibilityChangeReporter: Compat change id reported: 218533173; UID 10043; state: DISABLED
05-23 09:26:35.090 732 815 D CompatibilityChangeReporter: Compat change id reported: 262645982; UID 10043; state: DISABLED
05-23 09:26:35.091 732 815 D CompatibilityChangeReporter: Compat change id reported: 218533173; UID 10046; state: DISABLED
05-23 09:26:35.092 732 815 D CompatibilityChangeReporter: Compat change id reported: 262645982; UID 10046; state: DISABLED
05-23 09:26:35.092 732 815 D CompatibilityChangeReporter: Compat change id reported: 218533173; UID 10076; state: DISABLED
05-23 09:26:35.093 732 765 I ActivityManager: Start proc 1131:android.ext.services/u0a73 for service {android.ext.services/android.ext.services.autofill.InlineSuggestionRenderServiceImpl}
05-23 09:26:35.093 732 815 D CompatibilityChangeReporter: Compat change id reported: 262645982; UID 10076; state: DISABLED
05-23 09:26:35.096 732 732 D HDMI : onInitializeCecComplete 1
05-23 09:26:35.096 732 732 D HdmiControlService: Local device is under address allocation. Queue display callback for later process.
05-23 09:26:35.099 732 732 D HDMI : onAddressAllocated address:4 reason:1
05-23 09:26:35.103 732 910 D HDMI : [S]: 4F:84:FF:FF:04
05-23 09:26:35.106 732 815 D CompatibilityChangeReporter: Compat change id reported: 218533173; UID 10024; state: ENABLED
05-23 09:26:35.137 732 732 D HDMI : DeviceDiscoveryAction start com.android.server.hdmi.DeviceDiscoveryAction@d033ff5
05-23 09:26:35.155 732 1019 D CompatibilityChangeReporter: Compat change id reported: 168419799; UID 10073; state: DISABLED
05-23 09:26:35.155 732 1019 D CompatibilityChangeReporter: Compat change id reported: 273564678; UID 10073; state: DISABLED
05-23 09:26:35.162 732 815 D CompatibilityChangeReporter: Compat change id reported: 262645982; UID 10024; state: ENABLED
05-23 09:26:35.169 732 807 D CompatibilityChangeReporter: Compat change id reported: 161145287; UID 1068; state: ENABLED
05-23 09:26:35.172 732 815 D CompatibilityChangeReporter: Compat change id reported: 218533173; UID 10038; state: ENABLED
05-23 09:26:35.172 732 815 D CompatibilityChangeReporter: Compat change id reported: 262645982; UID 10038; state: ENABLED
05-23 09:26:35.175 732 815 D CompatibilityChangeReporter: Compat change id reported: 218533173; UID 10030; state: ENABLED
05-23 09:26:35.177 732 815 D CompatibilityChangeReporter: Compat change id reported: 262645982; UID 10030; state: ENABLED
05-23 09:26:35.178 732 815 D CompatibilityChangeReporter: Compat change id reported: 218533173; UID 10051; state: ENABLED
05-23 09:26:35.179 732 815 D CompatibilityChangeReporter: Compat change id reported: 262645982; UID 10051; state: ENABLED
05-23 09:26:35.180 732 815 D CompatibilityChangeReporter: Compat change id reported: 218533173; UID 10061; state: ENABLED
05-23 09:26:35.183 732 815 D CompatibilityChangeReporter: Compat change id reported: 262645982; UID 10061; state: ENABLED
05-23 09:26:35.185 732 815 D CompatibilityChangeReporter: Compat change id reported: 218533173; UID 10009; state: ENABLED
05-23 09:26:35.185 732 815 D CompatibilityChangeReporter: Compat change id reported: 262645982; UID 10009; state: ENABLED
05-23 09:26:35.190 732 815 D CompatibilityChangeReporter: Compat change id reported: 218533173; UID 10022; state: ENABLED
05-23 09:26:35.191 732 815 D CompatibilityChangeReporter: Compat change id reported: 262645982; UID 10022; state: ENABLED
05-23 09:26:35.192 732 815 D CompatibilityChangeReporter: Compat change id reported: 218533173; UID 10029; state: DISABLED
05-23 09:26:35.194 732 815 D CompatibilityChangeReporter: Compat change id reported: 262645982; UID 10029; state: DISABLED
05-23 09:26:35.194 732 815 D CompatibilityChangeReporter: Compat change id reported: 218533173; UID 10075; state: DISABLED
05-23 09:26:35.196 732 815 D CompatibilityChangeReporter: Compat change id reported: 262645982; UID 10075; state: DISABLED
05-23 09:26:35.209 732 732 W Looper : Slow dispatch took 124ms main h=android.os.Handler c=com.android.server.hdmi.WorkSourceUidPreservingRunnable@b2e56f9 m=0
05-23 09:26:35.214 732 1019 D CompatibilityChangeReporter: Compat change id reported: 170503758; UID 10073; state: ENABLED
05-23 09:26:35.215 732 815 D CompatibilityChangeReporter: Compat change id reported: 218533173; UID 10003; state: ENABLED
05-23 09:26:35.215 732 732 D HDMI : receive android.intent.action.CONFIGURATION_CHANGED
05-23 09:26:35.215 732 815 D CompatibilityChangeReporter: Compat change id reported: 262645982; UID 10003; state: ENABLED
05-23 09:26:35.218 732 732 D HDMI : receive android.intent.action.CONFIGURATION_CHANGED
05-23 09:26:35.224 732 732 I HdmiCecLocalDeviceSource: queryDisplayStatus already in progress
05-23 09:26:35.234 732 732 I PackageWatchdog: Syncing health check requests for packages: {}
05-23 09:26:35.234 732 732 I ExplicitHealthCheckController: Service not ready to get health check supported packages. Binding...
05-23 09:26:35.237 732 732 I ExplicitHealthCheckController: Explicit health check service is bound
05-23 09:26:35.241 732 815 D CompatibilityChangeReporter: Compat change id reported: 218533173; UID 10033; state: ENABLED
05-23 09:26:35.243 732 1019 I MR2ServiceImpl: registerManager | uid: 10052, pid: 957, package: com.android.systemui, user: 0
05-23 09:26:35.244 732 815 D CompatibilityChangeReporter: Compat change id reported: 262645982; UID 10033; state: ENABLED
05-23 09:26:35.255 732 815 D CompatibilityChangeReporter: Compat change id reported: 218533173; UID 10001; state: ENABLED
05-23 09:26:35.257 732 910 D HDMI : [S]: 4F:87:1C:A4:10
05-23 09:26:35.263 732 815 D CompatibilityChangeReporter: Compat change id reported: 262645982; UID 10001; state: ENABLED
05-23 09:26:35.278 732 732 D CompatibilityChangeReporter: Compat change id reported: 161145287; UID 1000; state: ENABLED
05-23 09:26:35.279 732 732 D CompatibilityChangeReporter: Compat change id reported: 161145287; UID 1000; state: DISABLED
05-23 09:26:35.282 732 815 D CompatibilityChangeReporter: Compat change id reported: 218533173; UID 10073; state: ENABLED
05-23 09:26:35.282 732 815 D CompatibilityChangeReporter: Compat change id reported: 262645982; UID 10073; state: ENABLED
05-23 09:26:35.283 732 815 D CompatibilityChangeReporter: Compat change id reported: 218533173; UID 10055; state: ENABLED
05-23 09:26:35.284 732 815 D CompatibilityChangeReporter: Compat change id reported: 262645982; UID 10055; state: ENABLED
05-23 09:26:35.284 732 815 D CompatibilityChangeReporter: Compat change id reported: 218533173; UID 10031; state: ENABLED
05-23 09:26:35.285 732 815 D CompatibilityChangeReporter: Compat change id reported: 262645982; UID 10031; state: ENABLED
05-23 09:26:35.286 732 815 D CompatibilityChangeReporter: Compat change id reported: 218533173; UID 10014; state: ENABLED
05-23 09:26:35.286 732 815 D CompatibilityChangeReporter: Compat change id reported: 262645982; UID 10014; state: ENABLED
05-23 09:26:35.288 732 815 D CompatibilityChangeReporter: Compat change id reported: 218533173; UID 10025; state: ENABLED
05-23 09:26:35.288 732 815 D CompatibilityChangeReporter: Compat change id reported: 262645982; UID 10025; state: ENABLED
05-23 09:26:35.290 732 815 D CompatibilityChangeReporter: Compat change id reported: 218533173; UID 10023; state: ENABLED
05-23 09:26:35.290 732 815 D CompatibilityChangeReporter: Compat change id reported: 262645982; UID 10023; state: ENABLED
05-23 09:26:35.291 732 815 D CompatibilityChangeReporter: Compat change id reported: 218533173; UID 10020; state: ENABLED
05-23 09:26:35.291 732 815 D CompatibilityChangeReporter: Compat change id reported: 262645982; UID 10020; state: ENABLED
05-23 09:26:35.292 732 815 D CompatibilityChangeReporter: Compat change id reported: 218533173; UID 10060; state: ENABLED
05-23 09:26:35.292 732 815 D CompatibilityChangeReporter: Compat change id reported: 262645982; UID 10060; state: ENABLED
05-23 09:26:35.293 732 815 D CompatibilityChangeReporter: Compat change id reported: 218533173; UID 10021; state: ENABLED
05-23 09:26:35.294 732 815 D CompatibilityChangeReporter: Compat change id reported: 262645982; UID 10021; state: ENABLED
05-23 09:26:35.297 732 815 D CompatibilityChangeReporter: Compat change id reported: 218533173; UID 10000; state: ENABLED
05-23 09:26:35.301 732 815 D CompatibilityChangeReporter: Compat change id reported: 262645982; UID 10000; state: ENABLED
05-23 09:26:35.302 732 815 D CompatibilityChangeReporter: Compat change id reported: 218533173; UID 10011; state: ENABLED
05-23 09:26:35.302 732 815 D CompatibilityChangeReporter: Compat change id reported: 262645982; UID 10011; state: ENABLED
05-23 09:26:35.303 732 815 D CompatibilityChangeReporter: Compat change id reported: 218533173; UID 10041; state: DISABLED
05-23 09:26:35.304 732 815 D CompatibilityChangeReporter: Compat change id reported: 262645982; UID 10041; state: DISABLED
05-23 09:26:35.304 732 815 D CompatibilityChangeReporter: Compat change id reported: 218533173; UID 10071; state: DISABLED
05-23 09:26:35.305 732 815 D CompatibilityChangeReporter: Compat change id reported: 262645982; UID 10071; state: DISABLED
05-23 09:26:35.306 732 815 D CompatibilityChangeReporter: Compat change id reported: 218533173; UID 10044; state: ENABLED
05-23 09:26:35.307 732 815 D CompatibilityChangeReporter: Compat change id reported: 262645982; UID 10044; state: ENABLED
05-23 09:26:35.307 732 815 D CompatibilityChangeReporter: Compat change id reported: 218533173; UID 10010; state: ENABLED
05-23 09:26:35.308 732 815 D CompatibilityChangeReporter: Compat change id reported: 262645982; UID 10010; state: ENABLED
05-23 09:26:35.309 732 815 D CompatibilityChangeReporter: Compat change id reported: 218533173; UID 10027; state: ENABLED
05-23 09:26:35.309 732 815 D CompatibilityChangeReporter: Compat change id reported: 262645982; UID 10027; state: ENABLED
05-23 09:26:35.310 732 732 D HDMI : addCecDevice new:CEC: logical_address: 0x0E device_type: 2 cec_version: 5 vendor_id: 16777215 display_name: Secondary_TV power_status: -1 physical_address: 0xFFFF port_id: -1 old:null
05-23 09:26:35.310 732 815 D CompatibilityChangeReporter: Compat change id reported: 218533173; UID 10049; state: DISABLED
05-23 09:26:35.310 732 815 D CompatibilityChangeReporter: Compat change id reported: 262645982; UID 10049; state: DISABLED
05-23 09:26:35.311 732 732 D HdmiControlService: Switching to full volume behavior
05-23 09:26:35.311 732 815 D CompatibilityChangeReporter: Compat change id reported: 218533173; UID 10054; state: ENABLED
05-23 09:26:35.312 732 815 D CompatibilityChangeReporter: Compat change id reported: 262645982; UID 10054; state: ENABLED
05-23 09:26:35.312 732 732 D HDMI : setActiveSource logical:0xffffffff physical:0x1000 HdmiCecLocalDeviceSource#handleSetStreamPath()
05-23 09:26:35.312 732 815 D CompatibilityChangeReporter: Compat change id reported: 218533173; UID 10017; state: ENABLED
05-23 09:26:35.313 732 815 D CompatibilityChangeReporter: Compat change id reported: 262645982; UID 10017; state: ENABLED
