05-23 09:26:32.204 732 805 D SystemServerTimingAsync: InitThreadPoolExec:Update app-ops uidState in case package android changed
05-23 09:26:32.204 732 805 D SystemServerInitThreadPool: Started executing Update app-ops uidState in case package android changed
05-23 09:26:32.204 732 805 D SystemServerInitThreadPool: Finished executing Update app-ops uidState in case package android changed
05-23 09:26:32.204 732 805 V SystemServerTimingAsync: InitThreadPoolExec:Update app-ops uidState in case package android changed took to complete: 0ms
05-23 09:26:32.204 732 805 D SystemServerTimingAsync: InitThreadPoolExec:Update app-ops uidState in case package com.dangbei.leard.leradlauncher changed
05-23 09:26:32.204 732 805 D SystemServerInitThreadPool: Started executing Update app-ops uidState in case package com.dangbei.leard.leradlauncher changed
05-23 09:26:32.204 732 805 D SystemServerInitThreadPool: Finished executing Update app-ops uidState in case package com.dangbei.leard.leradlauncher changed
05-23 09:26:32.204 732 805 V SystemServerTimingAsync: InitThreadPoolExec:Update app-ops uidState in case package com.dangbei.leard.leradlauncher changed took to complete: 0ms
05-23 09:26:32.204 732 805 D SystemServerTimingAsync: InitThreadPoolExec:Update app-ops uidState in case package com.android.providers.settings changed
05-23 09:26:32.204 732 805 D SystemServerInitThreadPool: Started executing Update app-ops uidState in case package com.android.providers.settings changed
05-23 09:26:32.204 732 805 D SystemServerInitThreadPool: Finished executing Update app-ops uidState in case package com.android.providers.settings changed
05-23 09:26:32.204 732 805 V SystemServerTimingAsync: InitThreadPoolExec:Update app-ops uidState in case package com.android.providers.settings changed took to complete: 0ms
05-23 09:26:32.204 732 805 D SystemServerTimingAsync: InitThreadPoolExec:Update app-ops uidState in case package com.android.inputdevices changed
05-23 09:26:32.204 732 805 D SystemServerInitThreadPool: Started executing Update app-ops uidState in case package com.android.inputdevices changed
05-23 09:26:32.204 732 805 D SystemServerInitThreadPool: Finished executing Update app-ops uidState in case package com.android.inputdevices changed
05-23 09:26:32.204 732 805 V SystemServerTimingAsync: InitThreadPoolExec:Update app-ops uidState in case package com.android.inputdevices changed took to complete: 0ms
05-23 09:26:32.204 732 805 D SystemServerTimingAsync: InitThreadPoolExec:Update app-ops uidState in case package com.oranth.inputmacsn changed
05-23 09:26:32.204 732 805 D SystemServerInitThreadPool: Started executing Update app-ops uidState in case package com.oranth.inputmacsn changed
05-23 09:26:32.204 732 805 D SystemServerInitThreadPool: Finished executing Update app-ops uidState in case package com.oranth.inputmacsn changed
05-23 09:26:32.204 732 805 V SystemServerTimingAsync: InitThreadPoolExec:Update app-ops uidState in case package com.oranth.inputmacsn changed took to complete: 0ms
05-23 09:26:32.204 732 805 D SystemServerTimingAsync: InitThreadPoolExec:Update app-ops uidState in case package com.android.keychain changed
05-23 09:26:32.204 732 805 D SystemServerInitThreadPool: Started executing Update app-ops uidState in case package com.android.keychain changed
05-23 09:26:32.204 732 805 D SystemServerInitThreadPool: Finished executing Update app-ops uidState in case package com.android.keychain changed
05-23 09:26:32.204 732 805 V SystemServerTimingAsync: InitThreadPoolExec:Update app-ops uidState in case package com.android.keychain changed took to complete: 1ms
05-23 09:26:32.204 732 805 D SystemServerTimingAsync: InitThreadPoolExec:Update app-ops uidState in case package com.android.localtransport changed
05-23 09:26:32.204 732 805 D SystemServerInitThreadPool: Started executing Update app-ops uidState in case package com.android.localtransport changed
05-23 09:26:32.204 732 805 D SystemServerInitThreadPool: Finished executing Update app-ops uidState in case package com.android.localtransport changed
05-23 09:26:32.204 732 805 V SystemServerTimingAsync: InitThreadPoolExec:Update app-ops uidState in case package com.android.localtransport changed took to complete: 0ms
05-23 09:26:32.204 732 805 D SystemServerTimingAsync: InitThreadPoolExec:Update app-ops uidState in case package com.droidlogic.mictoggle changed
05-23 09:26:32.204 732 805 D SystemServerInitThreadPool: Started executing Update app-ops uidState in case package com.droidlogic.mictoggle changed
05-23 09:26:32.204 732 805 D SystemServerInitThreadPool: Finished executing Update app-ops uidState in case package com.droidlogic.mictoggle changed
05-23 09:26:32.204 732 805 V SystemServerTimingAsync: InitThreadPoolExec:Update app-ops uidState in case package com.droidlogic.mictoggle changed took to complete: 0ms
05-23 09:26:32.204 732 805 D SystemServerTimingAsync: InitThreadPoolExec:Update app-ops uidState in case package com.cskj.factorytest changed
05-23 09:26:32.204 732 805 D SystemServerInitThreadPool: Started executing Update app-ops uidState in case package com.cskj.factorytest changed
05-23 09:26:32.204 732 805 D SystemServerInitThreadPool: Finished executing Update app-ops uidState in case package com.cskj.factorytest changed
05-23 09:26:32.204 732 805 V SystemServerTimingAsync: InitThreadPoolExec:Update app-ops uidState in case package com.cskj.factorytest changed took to complete: 0ms
05-23 09:26:32.205 732 805 D SystemServerTimingAsync: InitThreadPoolExec:Update app-ops uidState in case package com.oranth.usbopenft changed
05-23 09:26:32.205 732 805 D SystemServerInitThreadPool: Started executing Update app-ops uidState in case package com.oranth.usbopenft changed
05-23 09:26:32.205 732 805 D SystemServerInitThreadPool: Finished executing Update app-ops uidState in case package com.oranth.usbopenft changed
05-23 09:26:32.205 732 805 V SystemServerTimingAsync: InitThreadPoolExec:Update app-ops uidState in case package com.oranth.usbopenft changed took to complete: 0ms
05-23 09:26:32.205 732 805 D SystemServerTimingAsync: InitThreadPoolExec:Update app-ops uidState in case package com.dangbei.lerad.etna.haqu changed
05-23 09:26:32.205 732 805 D SystemServerInitThreadPool: Started executing Update app-ops uidState in case package com.dangbei.lerad.etna.haqu changed
05-23 09:26:32.205 732 805 D SystemServerInitThreadPool: Finished executing Update app-ops uidState in case package com.dangbei.lerad.etna.haqu changed
05-23 09:26:32.205 732 805 V SystemServerTimingAsync: InitThreadPoolExec:Update app-ops uidState in case package com.dangbei.lerad.etna.haqu changed took to complete: 0ms
05-23 09:26:32.205 732 805 D SystemServerTimingAsync: InitThreadPoolExec:Update app-ops uidState in case package com.droidlogic.miracast changed
05-23 09:26:32.205 732 805 D SystemServerInitThreadPool: Started executing Update app-ops uidState in case package com.droidlogic.miracast changed
05-23 09:26:32.205 732 805 D SystemServerInitThreadPool: Finished executing Update app-ops uidState in case package com.droidlogic.miracast changed
05-23 09:26:32.205 732 805 V SystemServerTimingAsync: InitThreadPoolExec:Update app-ops uidState in case package com.droidlogic.miracast changed took to complete: 0ms
05-23 09:26:32.205 732 805 D SystemServerTimingAsync: InitThreadPoolExec:Update app-ops uidState in case package com.oranth.powerwindow changed
05-23 09:26:32.205 732 805 D SystemServerInitThreadPool: Started executing Update app-ops uidState in case package com.oranth.powerwindow changed
05-23 09:26:32.205 732 805 D SystemServerInitThreadPool: Finished executing Update app-ops uidState in case package com.oranth.powerwindow changed
05-23 09:26:32.205 732 805 V SystemServerTimingAsync: InitThreadPoolExec:Update app-ops uidState in case package com.oranth.powerwindow changed took to complete: 0ms
05-23 09:26:32.205 732 805 D SystemServerTimingAsync: InitThreadPoolExec:Update app-ops uidState in case package com.android.wallpaperbackup changed
05-23 09:26:32.205 732 805 D SystemServerInitThreadPool: Started executing Update app-ops uidState in case package com.android.wallpaperbackup changed
05-23 09:26:32.205 732 805 D SystemServerInitThreadPool: Finished executing Update app-ops uidState in case package com.android.wallpaperbackup changed
05-23 09:26:32.205 732 805 V SystemServerTimingAsync: InitThreadPoolExec:Update app-ops uidState in case package com.android.wallpaperbackup changed took to complete: 0ms
05-23 09:26:32.205 732 805 D SystemServerTimingAsync: InitThreadPoolExec:Update app-ops uidState in case package com.oranth.storage changed
05-23 09:26:32.205 732 805 D SystemServerInitThreadPool: Started executing Update app-ops uidState in case package com.oranth.storage changed
05-23 09:26:32.205 732 805 D SystemServerInitThreadPool: Finished executing Update app-ops uidState in case package com.oranth.storage changed
05-23 09:26:32.205 732 805 V SystemServerTimingAsync: InitThreadPoolExec:Update app-ops uidState in case package com.oranth.storage changed took to complete: 0ms
05-23 09:26:32.205 732 805 D SystemServerTimingAsync: InitThreadPoolExec:Update app-ops uidState in case package com.android.location.fused changed
05-23 09:26:32.205 732 805 D SystemServerInitThreadPool: Started executing Update app-ops uidState in case package com.android.location.fused changed
05-23 09:26:32.205 732 805 D SystemServerInitThreadPool: Finished executing Update app-ops uidState in case package com.android.location.fused changed
05-23 09:26:32.205 732 805 V SystemServerTimingAsync: InitThreadPoolExec:Update app-ops uidState in case package com.android.location.fused changed took to complete: 0ms
05-23 09:26:32.205 732 805 D SystemServerTimingAsync: InitThreadPoolExec:Update app-ops uidState in case package com.dangbei.haqusetting changed
05-23 09:26:32.205 732 805 D SystemServerInitThreadPool: Started executing Update app-ops uidState in case package com.dangbei.haqusetting changed
05-23 09:26:32.205 732 805 D SystemServerInitThreadPool: Finished executing Update app-ops uidState in case package com.dangbei.haqusetting changed
05-23 09:26:32.206 732 805 V SystemServerTimingAsync: InitThreadPoolExec:Update app-ops uidState in case package com.dangbei.haqusetting changed took to complete: 0ms
05-23 09:26:32.209 732 822 D SystemServerInitThreadPool: Finished executing Update app-ops uidState in case package com.dangbei.lerad.videoposter changed
05-23 09:26:32.209 732 760 V SystemServerTimingAsync: InitThreadPoolExec:Update app-ops uidState in case package com.droidlogic.overlay changed took to complete: 0ms
05-23 09:26:32.209 732 812 D SystemServerInitThreadPool: Started executing Update app-ops uidState in case package com.dlg.framework.overlay changed
05-23 09:26:32.210 732 812 D SystemServerInitThreadPool: Finished executing Update app-ops uidState in case package com.dlg.framework.overlay changed
05-23 09:26:32.210 732 812 V SystemServerTimingAsync: InitThreadPoolExec:Update app-ops uidState in case package com.dlg.framework.overlay changed took to complete: 7ms
05-23 09:26:32.210 732 822 V SystemServerTimingAsync: InitThreadPoolExec:Update app-ops uidState in case package com.dangbei.lerad.videoposter changed took to complete: 17ms
05-23 09:26:32.211 732 732 V SystemServerTiming: controllersReady took to complete: 32ms
05-23 09:26:32.212 732 732 D SystemServerTiming: killProcesses
05-23 09:26:32.212 732 732 V SystemServerTiming: killProcesses took to complete: 1ms
05-23 09:26:32.212 732 732 I ActivityManager: System now ready
05-23 09:26:32.212 732 732 D SystemServerTiming: updateTopComponentForFactoryTest
05-23 09:26:32.213 732 732 V SystemServerTiming: updateTopComponentForFactoryTest took to complete: 0ms
05-23 09:26:32.213 732 732 D SystemServerTiming: registerActivityLaunchObserver
05-23 09:26:32.213 732 732 V SystemServerTiming: registerActivityLaunchObserver took to complete: 0ms
05-23 09:26:32.213 732 732 D SystemServerTiming: watchDeviceProvisioning
05-23 09:26:32.217 732 732 V SystemServerTiming: watchDeviceProvisioning took to complete: 5ms
05-23 09:26:32.217 732 732 D SystemServerTiming: retrieveSettings
05-23 09:26:32.219 732 732 I ActivityTaskManager: Config changes=10000000 {1.0 ?mcc0mnc [zh_CN] ldltr sw720dp w1280dp h720dp 240dpi xlrg long land television -touch -keyb/v/h dpad/v winConfig={ mBounds=Rect(0, 0 - 1920, 1080) mAppBounds=Rect(0, 0 - 1920, 1080) mMaxBounds=Rect(0, 0 - 1920, 1080) mDisplayRotation=ROTATION_0 mWindowingMode=fullscreen mDisplayWindowingMode=fullscreen mActivityType=undefined mAlwaysOnTop=undefined mRotation=ROTATION_0} s.6 fontWeightAdjustment=0}
05-23 09:26:32.220 732 732 I WindowManager: Override config changes=10000000 {1.0 ?mcc0mnc [zh_CN] ldltr sw720dp w1280dp h720dp 240dpi xlrg long land television -touch -keyb/v/h dpad/v winConfig={ mBounds=Rect(0, 0 - 1920, 1080) mAppBounds=Rect(0, 0 - 1920, 1080) mMaxBounds=Rect(0, 0 - 1920, 1080) mDisplayRotation=ROTATION_0 mWindowingMode=fullscreen mDisplayWindowingMode=fullscreen mActivityType=undefined mAlwaysOnTop=undefined mRotation=ROTATION_0} s.6 fontWeightAdjustment=0} for displayId=0
05-23 09:26:32.223 732 732 V SystemServerTiming: retrieveSettings took to complete: 6ms
05-23 09:26:32.224 732 732 D SystemServerTiming: Ugm.onSystemReady
05-23 09:26:32.224 732 732 V SystemServerTiming: Ugm.onSystemReady took to complete: 0ms
05-23 09:26:32.224 732 732 D SystemServerTiming: updateForceBackgroundCheck
05-23 09:26:32.225 732 732 V SystemServerTiming: updateForceBackgroundCheck took to complete: 0ms
05-23 09:26:32.225 732 732 I SystemServer: Making services ready
05-23 09:26:32.225 732 732 D SystemServerTiming: StartActivityManagerReadyPhase
05-23 09:26:32.225 732 732 I SystemServiceManager: Starting phase 550
05-23 09:26:32.225 732 732 D SystemServerTiming: OnBootPhase_550
05-23 09:26:32.225 732 732 D SystemServerTiming: OnBootPhase_550_com.android.server.security.FileIntegrityService
05-23 09:26:32.225 732 732 V SystemServerTiming: OnBootPhase_550_com.android.server.security.FileIntegrityService took to complete: 0ms
05-23 09:26:32.225 732 732 D SystemServerTiming: OnBootPhase_550_com.android.server.pm.Installer
05-23 09:26:32.225 732 732 V SystemServerTiming: OnBootPhase_550_com.android.server.pm.Installer took to complete: 0ms
05-23 09:26:32.225 732 732 D SystemServerTiming: OnBootPhase_550_com.android.server.os.DeviceIdentifiersPolicyService
05-23 09:26:32.225 732 732 V SystemServerTiming: OnBootPhase_550_com.android.server.os.DeviceIdentifiersPolicyService took to complete: 0ms
05-23 09:26:32.225 732 732 D SystemServerTiming: OnBootPhase_550_com.android.server.flags.FeatureFlagsService
05-23 09:26:32.225 732 732 V SystemServerTiming: OnBootPhase_550_com.android.server.flags.FeatureFlagsService took to complete: 0ms
05-23 09:26:32.225 732 732 D SystemServerTiming: OnBootPhase_550_com.android.server.uri.UriGrantsManagerService$Lifecycle
05-23 09:26:32.225 732 732 V SystemServerTiming: OnBootPhase_550_com.android.server.uri.UriGrantsManagerService$Lifecycle took to complete: 0ms
05-23 09:26:32.225 732 732 D SystemServerTiming: OnBootPhase_550_com.android.server.powerstats.PowerStatsService
05-23 09:26:32.225 732 732 V SystemServerTiming: OnBootPhase_550_com.android.server.powerstats.PowerStatsService took to complete: 0ms
05-23 09:26:32.225 732 732 D SystemServerTiming: OnBootPhase_550_com.android.server.permission.access.AccessCheckingService
05-23 09:26:32.225 732 732 V SystemServerTiming: OnBootPhase_550_com.android.server.permission.access.AccessCheckingService took to complete: 0ms
05-23 09:26:32.225 732 732 D SystemServerTiming: OnBootPhase_550_com.android.server.wm.ActivityTaskManagerService$Lifecycle
05-23 09:26:32.225 732 732 V SystemServerTiming: OnBootPhase_550_com.android.server.wm.ActivityTaskManagerService$Lifecycle took to complete: 0ms
05-23 09:26:32.225 732 732 D SystemServerTiming: OnBootPhase_550_com.android.server.am.ActivityManagerService$Lifecycle
05-23 09:26:32.227 732 732 V SystemServerTiming: OnBootPhase_550_com.android.server.am.ActivityManagerService$Lifecycle took to complete: 2ms
05-23 09:26:32.227 732 732 D SystemServerTiming: OnBootPhase_550_com.android.server.pm.DataLoaderManagerService
05-23 09:26:32.227 732 732 V SystemServerTiming: OnBootPhase_550_com.android.server.pm.DataLoaderManagerService took to complete: 0ms
05-23 09:26:32.227 732 732 D SystemServerTiming: OnBootPhase_550_com.android.server.power.PowerManagerService
05-23 09:26:32.227 732 732 V SystemServerTiming: OnBootPhase_550_com.android.server.power.PowerManagerService took to complete: 0ms
05-23 09:26:32.227 732 732 D SystemServerTiming: OnBootPhase_550_com.android.server.power.ThermalManagerService
05-23 09:26:32.229 732 732 I ThermalHalWrapper: Thermal HAL AIDL service connected.
05-23 09:26:32.234 732 732 E ThermalHalWrapper: Couldn't getTemperatureThresholds due to invalid status
05-23 09:26:32.234 732 732 E ThermalHalWrapper: java.lang.IllegalStateException: ThermalHal cannot read any sensor data
05-23 09:26:32.234 732 732 E ThermalHalWrapper: at android.os.Parcel.createExceptionOrNull(Parcel.java:3065)
05-23 09:26:32.234 732 732 E ThermalHalWrapper: at android.os.Parcel.createException(Parcel.java:3041)
05-23 09:26:32.234 732 732 E ThermalHalWrapper: at android.os.Parcel.readException(Parcel.java:3024)
05-23 09:26:32.234 732 732 E ThermalHalWrapper: at android.os.Parcel.readException(Parcel.java:2966)
05-23 09:26:32.234 732 732 E ThermalHalWrapper: at android.hardware.thermal.IThermal$Stub$Proxy.getTemperatureThresholdsWithType(IThermal.java:399)
05-23 09:26:32.234 732 732 E ThermalHalWrapper: at com.android.server.power.ThermalManagerService$ThermalHalAidlWrapper.getTemperatureThresholds(ThermalManagerService.java:831)
05-23 09:26:32.234 732 732 E ThermalHalWrapper: at com.android.server.power.ThermalManagerService$TemperatureWatcher.updateSevereThresholds(ThermalManagerService.java:1358)
05-23 09:26:32.234 732 732 E ThermalHalWrapper: at com.android.server.power.ThermalManagerService.onActivityManagerReady(ThermalManagerService.java:184)
05-23 09:26:32.234 732 732 E ThermalHalWrapper: at com.android.server.power.ThermalManagerService.onBootPhase(ThermalManagerService.java:146)
05-23 09:26:32.234 732 732 E ThermalHalWrapper: at com.android.server.SystemServiceManager.startBootPhase(SystemServiceManager.java:291)
05-23 09:26:32.234 732 732 E ThermalHalWrapper: at com.android.server.SystemServer.lambda$startOtherServices$6(SystemServer.java:2910)
05-23 09:26:32.234 732 732 E ThermalHalWrapper: at com.android.server.SystemServer.$r8$lambda$j-o4YiFI6CGg9c4nnNy8d-lY-7g(SystemServer.java:0)
05-23 09:26:32.234 732 732 E ThermalHalWrapper: at com.android.server.SystemServer$$ExternalSyntheticLambda6.run(R8$$SyntheticClass:0)
05-23 09:26:32.234 732 732 E ThermalHalWrapper: at com.android.server.am.ActivityManagerService.systemReady(ActivityManagerService.java:8683)
05-23 09:26:32.234 732 732 E ThermalHalWrapper: at com.android.server.SystemServer.startOtherServices(SystemServer.java:2907)
05-23 09:26:32.234 732 732 E ThermalHalWrapper: at com.android.server.SystemServer.run(SystemServer.java:946)
05-23 09:26:32.234 732 732 E ThermalHalWrapper: at com.android.server.SystemServer.main(SystemServer.java:668)
05-23 09:26:32.234 732 732 E ThermalHalWrapper: at java.lang.reflect.Method.invoke(Native Method)
05-23 09:26:32.234 732 732 E ThermalHalWrapper: at com.android.internal.os.RuntimeInit$MethodAndArgsCaller.run(RuntimeInit.java:552)
05-23 09:26:32.234 732 732 E ThermalHalWrapper: at com.android.internal.os.ZygoteInit.main(ZygoteInit.java:956)
05-23 09:26:32.234 732 732 V SystemServerTiming: OnBootPhase_550_com.android.server.power.ThermalManagerService took to complete: 6ms
05-23 09:26:32.234 732 732 D SystemServerTiming: OnBootPhase_550_com.android.server.power.hint.HintManagerService
05-23 09:26:32.234 732 732 V SystemServerTiming: OnBootPhase_550_com.android.server.power.hint.HintManagerService took to complete: 0ms
05-23 09:26:32.234 732 732 D SystemServerTiming: OnBootPhase_550_com.android.server.recoverysystem.RecoverySystemService$Lifecycle
05-23 09:26:32.234 732 732 V SystemServerTiming: OnBootPhase_550_com.android.server.recoverysystem.RecoverySystemService$Lifecycle took to complete: 0ms
05-23 09:26:32.234 732 732 D SystemServerTiming: OnBootPhase_550_com.android.server.lights.LightsService
05-23 09:26:32.234 732 732 V SystemServerTiming: OnBootPhase_550_com.android.server.lights.LightsService took to complete: 0ms
05-23 09:26:32.234 732 732 D SystemServerTiming: OnBootPhase_550_com.android.server.display.DisplayManagerService
05-23 09:26:32.234 732 732 V SystemServerTiming: OnBootPhase_550_com.android.server.display.DisplayManagerService took to complete: 0ms
05-23 09:26:32.234 732 732 D SystemServerTiming: OnBootPhase_550_com.android.server.pm.verify.domain.DomainVerificationService
05-23 09:26:32.234 732 732 V SystemServerTiming: OnBootPhase_550_com.android.server.pm.verify.domain.DomainVerificationService took to complete: 0ms
05-23 09:26:32.234 732 732 D SystemServerTiming: OnBootPhase_550_com.android.server.pm.PackageInstallerService$Lifecycle
05-23 09:26:32.234 732 732 V SystemServerTiming: OnBootPhase_550_com.android.server.pm.PackageInstallerService$Lifecycle took to complete: 0ms
05-23 09:26:32.234 732 732 D SystemServerTiming: OnBootPhase_550_com.android.server.pm.UserManagerService$LifeCycle
05-23 09:26:32.235 732 732 V SystemServerTiming: OnBootPhase_550_com.android.server.pm.UserManagerService$LifeCycle took to complete: 0ms
05-23 09:26:32.235 732 732 D SystemServerTiming: OnBootPhase_550_com.android.server.om.OverlayManagerService
05-23 09:26:32.235 732 732 V SystemServerTiming: OnBootPhase_550_com.android.server.om.OverlayManagerService took to complete: 0ms
05-23 09:26:32.235 732 732 D SystemServerTiming: OnBootPhase_550_com.android.server.resources.ResourcesManagerService
05-23 09:26:32.235 732 732 V SystemServerTiming: OnBootPhase_550_com.android.server.resources.ResourcesManagerService took to complete: 0ms
05-23 09:26:32.235 732 732 D SystemServerTiming: OnBootPhase_550_com.android.server.sensorprivacy.SensorPrivacyService
05-23 09:26:32.235 732 732 V SystemServerTiming: OnBootPhase_550_com.android.server.sensorprivacy.SensorPrivacyService took to complete: 0ms
05-23 09:26:32.235 732 732 D SystemServerTiming: OnBootPhase_550_com.android.server.sensors.SensorService
05-23 09:26:32.235 732 732 V SystemServerTiming: OnBootPhase_550_com.android.server.sensors.SensorService took to complete: 0ms
05-23 09:26:32.235 732 732 D SystemServerTiming: OnBootPhase_550_com.android.server.SystemConfigService
05-23 09:26:32.235 732 732 V SystemServerTiming: OnBootPhase_550_com.android.server.SystemConfigService took to complete: 0ms
05-23 09:26:32.235 732 732 D SystemServerTiming: OnBootPhase_550_com.android.server.BatteryService
05-23 09:26:32.236 732 732 V SystemServerTiming: OnBootPhase_550_com.android.server.BatteryService took to complete: 0ms
05-23 09:26:32.236 732 732 D SystemServerTiming: OnBootPhase_550_com.android.server.usage.UsageStatsService
05-23 09:26:32.236 732 732 V SystemServerTiming: OnBootPhase_550_com.android.server.usage.UsageStatsService took to complete: 0ms
05-23 09:26:32.236 732 732 D SystemServerTiming: OnBootPhase_550_com.android.server.webkit.WebViewUpdateService
05-23 09:26:32.236 732 732 V SystemServerTiming: OnBootPhase_550_com.android.server.webkit.WebViewUpdateService took to complete: 0ms
05-23 09:26:32.236 732 732 D SystemServerTiming: OnBootPhase_550_com.android.server.CachedDeviceStateService
05-23 09:26:32.236 732 732 V SystemServerTiming: OnBootPhase_550_com.android.server.CachedDeviceStateService took to complete: 0ms
05-23 09:26:32.236 732 732 D SystemServerTiming: OnBootPhase_550_com.android.server.BinderCallsStatsService$LifeCycle
05-23 09:26:32.236 732 732 V SystemServerTiming: OnBootPhase_550_com.android.server.BinderCallsStatsService$LifeCycle took to complete: 0ms
05-23 09:26:32.236 732 732 D SystemServerTiming: OnBootPhase_550_com.android.server.LooperStatsService$Lifecycle
05-23 09:26:32.237 732 732 V SystemServerTiming: OnBootPhase_550_com.android.server.LooperStatsService$Lifecycle took to complete: 0ms
05-23 09:26:32.237 732 732 D SystemServerTiming: OnBootPhase_550_com.android.server.rollback.RollbackManagerService
05-23 09:26:32.237 732 732 V SystemServerTiming: OnBootPhase_550_com.android.server.rollback.RollbackManagerService took to complete: 0ms
05-23 09:26:32.237 732 732 D SystemServerTiming: OnBootPhase_550_com.android.server.os.NativeTombstoneManagerService
05-23 09:26:32.238 732 732 V SystemServerTiming: OnBootPhase_550_com.android.server.os.NativeTombstoneManagerService took to complete: 1ms
05-23 09:26:32.238 732 732 D SystemServerTiming: OnBootPhase_550_com.android.server.os.BugreportManagerService
05-23 09:26:32.238 732 732 V SystemServerTiming: OnBootPhase_550_com.android.server.os.BugreportManagerService took to complete: 0ms
05-23 09:26:32.238 732 732 D SystemServerTiming: OnBootPhase_550_com.android.server.gpu.GpuService
05-23 09:26:32.238 732 732 V SystemServerTiming: OnBootPhase_550_com.android.server.gpu.GpuService took to complete: 0ms
05-23 09:26:32.238 732 732 D SystemServerTiming: OnBootPhase_550_com.android.server.security.rkp.RemoteProvisioningService
05-23 09:26:32.238 732 732 V SystemServerTiming: OnBootPhase_550_com.android.server.security.rkp.RemoteProvisioningService took to complete: 0ms
05-23 09:26:32.238 732 732 D SystemServerTiming: OnBootPhase_550_com.android.server.cpu.CpuMonitorService
05-23 09:26:32.238 732 732 V SystemServerTiming: OnBootPhase_550_com.android.server.cpu.CpuMonitorService took to complete: 0ms
05-23 09:26:32.238 732 732 D SystemServerTiming: OnBootPhase_550_com.android.server.security.KeyChainSystemService
05-23 09:26:32.238 732 732 V SystemServerTiming: OnBootPhase_550_com.android.server.security.KeyChainSystemService took to complete: 0ms
05-23 09:26:32.238 732 732 D SystemServerTiming: OnBootPhase_550_com.android.server.BinaryTransparencyService
05-23 09:26:32.238 732 732 V SystemServerTiming: OnBootPhase_550_com.android.server.BinaryTransparencyService took to complete: 0ms
05-23 09:26:32.238 732 732 D SystemServerTiming: OnBootPhase_550_com.android.server.accounts.AccountManagerService$Lifecycle
05-23 09:26:32.238 732 732 V SystemServerTiming: OnBootPhase_550_com.android.server.accounts.AccountManagerService$Lifecycle took to complete: 0ms
05-23 09:26:32.238 732 732 D SystemServerTiming: OnBootPhase_550_com.android.server.content.ContentService$Lifecycle
05-23 09:26:32.242 732 820 E NativeTombstoneManager: Tombstone's UID (1002) not an app, ignoring
05-23 09:26:32.242 732 732 I SyncManager: No initial accounts
05-23 09:26:32.251 732 820 I BootReceiver: Copying /data/tombstones/tombstone_00 to DropBox (SYSTEM_TOMBSTONE)
05-23 09:26:32.252 732 820 I DropBoxManagerService: add tag=SYSTEM_TOMBSTONE isTagEnabled=true flags=0x6
05-23 09:26:32.254 732 732 V SystemServerTiming: OnBootPhase_550_com.android.server.content.ContentService$Lifecycle took to complete: 16ms
05-23 09:26:32.254 732 732 D SystemServerTiming: OnBootPhase_550_com.android.server.deviceconfig.DeviceConfigInit$Lifecycle
05-23 09:26:32.254 732 732 V SystemServerTiming: OnBootPhase_550_com.android.server.deviceconfig.DeviceConfigInit$Lifecycle took to complete: 0ms
05-23 09:26:32.254 732 732 D SystemServerTiming: OnBootPhase_550_com.android.server.DropBoxManagerService
05-23 09:26:32.254 732 732 V SystemServerTiming: OnBootPhase_550_com.android.server.DropBoxManagerService took to complete: 0ms
05-23 09:26:32.254 732 732 D SystemServerTiming: OnBootPhase_550_com.android.role.RoleService
05-23 09:26:32.254 732 732 V SystemServerTiming: OnBootPhase_550_com.android.role.RoleService took to complete: 0ms
05-23 09:26:32.254 732 732 D SystemServerTiming: OnBootPhase_550_com.android.server.vibrator.VibratorManagerService$Lifecycle
05-23 09:26:32.254 732 732 V SystemServerTiming: OnBootPhase_550_com.android.server.vibrator.VibratorManagerService$Lifecycle took to complete: 0ms
05-23 09:26:32.254 732 732 D SystemServerTiming: OnBootPhase_550_com.android.server.tare.InternalResourceService
05-23 09:26:32.254 732 732 V SystemServerTiming: OnBootPhase_550_com.android.server.tare.InternalResourceService took to complete: 0ms
05-23 09:26:32.254 732 732 D SystemServerTiming: OnBootPhase_550_com.android.server.alarm.AlarmManagerService
05-23 09:26:32.254 732 732 V SystemServerTiming: OnBootPhase_550_com.android.server.alarm.AlarmManagerService took to complete: 0ms
05-23 09:26:32.254 732 732 D SystemServerTiming: OnBootPhase_550_com.android.server.devicestate.DeviceStateManagerService
05-23 09:26:32.254 732 732 V SystemServerTiming: OnBootPhase_550_com.android.server.devicestate.DeviceStateManagerService took to complete: 0ms
05-23 09:26:32.254 732 732 D SystemServerTiming: OnBootPhase_550_com.android.server.camera.CameraServiceProxy
05-23 09:26:32.254 732 732 V SystemServerTiming: OnBootPhase_550_com.android.server.camera.CameraServiceProxy took to complete: 0ms
05-23 09:26:32.254 732 732 D SystemServerTiming: OnBootPhase_550_com.android.server.bluetooth.BluetoothService
05-23 09:26:32.254 732 732 V SystemServerTiming: OnBootPhase_550_com.android.server.bluetooth.BluetoothService took to complete: 0ms
05-23 09:26:32.254 732 732 D SystemServerTiming: OnBootPhase_550_com.android.server.connectivity.IpConnectivityMetrics
05-23 09:26:32.254 732 732 V SystemServerTiming: OnBootPhase_550_com.android.server.connectivity.IpConnectivityMetrics took to complete: 0ms
05-23 09:26:32.254 732 732 D SystemServerTiming: OnBootPhase_550_com.android.server.net.watchlist.NetworkWatchlistService$Lifecycle
05-23 09:26:32.257 732 732 V SystemServerTiming: OnBootPhase_550_com.android.server.net.watchlist.NetworkWatchlistService$Lifecycle took to complete: 2ms
05-23 09:26:32.257 732 732 D SystemServerTiming: OnBootPhase_550_com.android.server.PinnerService
05-23 09:26:32.257 732 732 V SystemServerTiming: OnBootPhase_550_com.android.server.PinnerService took to complete: 0ms
05-23 09:26:32.257 732 732 D SystemServerTiming: OnBootPhase_550_com.android.server.integrity.AppIntegrityManagerService
05-23 09:26:32.257 732 732 V SystemServerTiming: OnBootPhase_550_com.android.server.integrity.AppIntegrityManagerService took to complete: 0ms
05-23 09:26:32.257 732 732 D SystemServerTiming: OnBootPhase_550_com.android.server.logcat.LogcatManagerService
05-23 09:26:32.257 732 732 V SystemServerTiming: OnBootPhase_550_com.android.server.logcat.LogcatManagerService took to complete: 0ms
05-23 09:26:32.257 732 732 D SystemServerTiming: OnBootPhase_550_com.android.server.inputmethod.InputMethodManagerService$Lifecycle
05-23 09:26:32.258 732 805 D SystemServerTimingAsync: InitThreadPoolExec:Lazily initialize IMMS#mImeDrawsImeNavBarRes
05-23 09:26:32.258 732 805 D SystemServerInitThreadPool: Started executing Lazily initialize IMMS#mImeDrawsImeNavBarRes
01-01 08:00:18.857 0 0 I : [3 T557 ..] sectoin 26, size 384640
01-01 08:00:18.857 0 0 W : [0 T557 ..] aml_pci_platform_enable(2493) irq_flag=0x418 irq=69
01-01 08:00:18.858 0 0 W : [0 T557 ..] aml_pci_platform_enable(2495) request_irq ret=0
01-01 08:00:18.858 0 0 W : [0 T557 ..] aml_sdio_platform_on 1990 end
01-01 08:00:18.859 0 0 W [0 T557 ..] aml_cfg80211_init: 6583
01-01 08:00:18.860 0 0 W : [0 T557 ..] >>> aml_send_reset()
01-01 08:00:18.860 0 0 W [0 T557 ..] aml_send_reset: 558
01-01 08:00:18.861 0 0 W : [0 T557 ..] >>> aml_send_msg()
01-01 08:00:18.862 0 0 W : [2 T947 ..] ipc_sdio_host_msgack_handler 00000000fd68b31d
01-01 08:00:18.862 0 0 W : [2 T947 ..] [aml_msgackind 2038] msg ack hostid=0xffffff8048d5ad80
01-01 08:00:18.863 0 0 W : [2 T947 ..] [cmd_mgr_llind 329] cmd tkn[0] flags:001a result: -4 cmd: 0-MM_RESET_REQ - reqcfm( 1-MM_RESET_CFM)
01-01 08:00:18.865 0 0 W : [2 T947 ..] [cmd_mgr_msgind 409] cmd tkn[0] flags:0012 result: -4 cmd: 0-MM_RESET_REQ - reqcfm( 1-MM_RESET_CFM)
01-01 08:00:18.866 0 0 W : [2 T947 ..] [cmd_complete 65] cmd tkn[0] flags:0002 result: -4 cmd: 0-MM_RESET_REQ - reqcfm( 1-MM_RESET_CFM)
01-01 08:00:18.868 0 0 W : [2 T557 ..] >>> aml_send_version_req()
01-01 08:00:18.869 0 0 W : [2 T557 ..] >>> aml_send_msg()
01-01 08:00:18.869 0 0 W : [2 T947 ..] ipc_sdio_host_msgack_handler 00000000b5ca4f4d
01-01 08:00:18.870 0 0 W : [2 T947 ..] [aml_msgackind 2038] msg ack hostid=0xffffff8011aabf00
01-01 08:00:18.871 0 0 W : [2 T947 ..] [cmd_mgr_llind 329] cmd tkn[1] flags:001a result: -4 cmd: 4-MM_VERSION_REQ - reqcfm( 5-MM_VERSION_CFM)
01-01 08:00:18.873 0 0 W : [2 T947 ..] [cmd_mgr_msgind 409] cmd tkn[1] flags:0012 result: -4 cmd: 4-MM_VERSION_REQ - reqcfm( 5-MM_VERSION_CFM)
01-01 08:00:18.874 0 0 W : [2 T947 ..] [cmd_complete 65] cmd tkn[1] flags:0002 result: -4 cmd: 4-MM_VERSION_REQ - reqcfm( 5-MM_VERSION_CFM)
01-01 08:00:18.876 0 0 W : [2 T557 ..] >>> aml_set_vers()
01-01 08:00:18.876 0 0 I : [2 T557 ..] ieee80211 phy0: PHY features: [NSS=2][CHBW=80][LDPC][VHT][HE][BFMEE][MUMIMORX]
01-01 08:00:18.878 0 0 I : [2 T557 ..] ieee80211 phy0: FW features: [BCN][RADAR][PS][UAPSD][AMPDU][AMSDU][P2P][P2P_GO][UMAC][VHT][HE][BFMEE][WAPI][MFP][MU_MIMO_RX][TDLS][TWT][FTM_INIT][FAKE_FTM_RSP]
01-01 08:00:18.882 0 0 W : [2 T557 ..] >>> aml_send_me_config_req()
01-01 08:00:18.882 0 0 I : [2 T557 ..] ieee80211 phy0: HT supp 1, VHT supp 1, HE supp 1
01-01 08:00:18.882 0 0 W : [2 T557 ..] >>> aml_send_msg()
01-01 08:00:18.883 0 0 W : [2 T947 ..] ipc_sdio_host_msgack_handler 00000000c4e918a2
01-01 08:00:18.884 0 0 W : [2 T947 ..] [aml_msgackind 2038] msg ack hostid=0xffffff804525c200
01-01 08:00:18.885 0 0 W : [2 T947 ..] [cmd_mgr_llind 329] cmd tkn[2] flags:001a result: -4 cmd:5120-ME_CONFIG_REQ - reqcfm(5121-ME_CONFIG_CFM)
01-01 08:00:18.887 0 0 W : [2 T947 ..] [cmd_mgr_msgind 409] cmd tkn[2] flags:0012 result: -4 cmd:5120-ME_CONFIG_REQ - reqcfm(5121-ME_CONFIG_CFM)
01-01 08:00:18.888 0 0 W : [2 T947 ..] [cmd_complete 65] cmd tkn[2] flags:0002 result: -4 cmd:5120-ME_CONFIG_REQ - reqcfm(5121-ME_CONFIG_CFM)
01-01 08:00:18.890 0 0 W : [1 T557 ..] >>> aml_send_extcapab_req()
01-01 08:00:18.890 0 0 W : [1 T557 ..] >>> aml_send_msg()
01-01 08:00:18.891 0 0 W : [2 T947 ..] ipc_sdio_host_msgack_handler 00000000edc3a070
01-01 08:00:18.892 0 0 W : [2 T947 ..] [aml_msgackind 2038] msg ack hostid=0xffffff801c95a380
01-01 08:00:18.893 0 0 W : [2 T947 ..] [cmd_mgr_llind 329] cmd tkn[3] flags:0008 result: -4 cmd: 105-MM_EXT_CAPAB - reqcfm(1023-none)
01-01 08:00:18.894 0 0 W : [2 T947 ..] [cmd_complete 65] cmd tkn[3] flags:0000 result: -4 cmd: 105-MM_EXT_CAPAB - reqcfm(1023-none)
01-01 08:00:18.897 0 0 W : [1 T557 ..] [aml_reg_notifier 6037] initiator=0, hint_type=0, alpha=00, region=0
01-01 08:00:18.897 0 0 W : [1 T557 ..] >>> aml_send_me_chan_config_req()
01-01 08:00:18.898 0 0 W : [1 T557 ..] >>> aml_send_msg()
01-01 08:00:18.899 0 0 W : [2 T947 ..] ipc_sdio_host_msgack_handler 00000000edc3a070
01-01 08:00:18.900 0 0 W : [2 T947 ..] [aml_msgackind 2038] msg ack hostid=0xffffff801c95a380
01-01 08:00:18.901 0 0 W : [2 T947 ..] [cmd_mgr_llind 329] cmd tkn[4] flags:001a result: -4 cmd:5122-ME_CHAN_CONFIG_REQ - reqcfm(5123-ME_CHAN_CONFIG_CFM)
01-01 08:00:18.902 0 0 W : [2 T947 ..] [cmd_mgr_msgind 409] cmd tkn[4] flags:0012 result: -4 cmd:5122-ME_CHAN_CONFIG_REQ - reqcfm(5123-ME_CHAN_CONFIG_CFM)
01-01 08:00:18.904 0 0 W : [2 T947 ..] [cmd_complete 65] cmd tkn[4] flags:0002 result: -4 cmd:5122-ME_CHAN_CONFIG_REQ - reqcfm(5123-ME_CHAN_CONFIG_CFM)
05-23 09:26:32.330 732 820 E NativeTombstoneManager: Tombstone's UID (1002) not an app, ignoring
05-23 09:26:32.335 732 820 I DropBoxManagerService: add tag=SYSTEM_TOMBSTONE_PROTO_WITH_HEADERS isTagEnabled=true flags=0x4
05-23 09:26:32.346 732 732 W SystemServiceManager: Service com.android.server.inputmethod.InputMethodManagerService$Lifecycle took 89 ms in onBootPhase
05-23 09:26:32.346 732 732 V SystemServerTiming: OnBootPhase_550_com.android.server.inputmethod.InputMethodManagerService$Lifecycle took to complete: 89ms
05-23 09:26:32.346 732 732 D SystemServerTiming: OnBootPhase_550_com.android.server.accessibility.AccessibilityManagerService$Lifecycle
05-23 09:26:32.346 732 732 V SystemServerTiming: OnBootPhase_550_com.android.server.accessibility.AccessibilityManagerService$Lifecycle took to complete: 0ms
05-23 09:26:32.346 732 732 D SystemServerTiming: OnBootPhase_550_com.android.server.StorageManagerService$Lifecycle
05-23 09:26:32.347 732 732 V SystemServerTiming: OnBootPhase_550_com.android.server.StorageManagerService$Lifecycle took to complete: 0ms
05-23 09:26:32.347 732 732 D SystemServerTiming: OnBootPhase_550_com.android.server.usage.StorageStatsService$Lifecycle
05-23 09:26:32.347 732 732 V SystemServerTiming: OnBootPhase_550_com.android.server.usage.StorageStatsService$Lifecycle took to complete: 0ms
05-23 09:26:32.347 732 732 D SystemServerTiming: OnBootPhase_550_com.android.server.UiModeManagerService
05-23 09:26:32.347 732 732 V SystemServerTiming: OnBootPhase_550_com.android.server.UiModeManagerService took to complete: 0ms
05-23 09:26:32.347 732 732 D SystemServerTiming: OnBootPhase_550_com.android.server.locales.LocaleManagerService
05-23 09:26:32.347 732 732 V SystemServerTiming: OnBootPhase_550_com.android.server.locales.LocaleManagerService took to complete: 0ms
05-23 09:26:32.347 732 732 D SystemServerTiming: OnBootPhase_550_com.android.server.grammaticalinflection.GrammaticalInflectionService
05-23 09:26:32.347 732 732 V SystemServerTiming: OnBootPhase_550_com.android.server.grammaticalinflection.GrammaticalInflectionService took to complete: 0ms
05-23 09:26:32.347 732 732 D SystemServerTiming: OnBootPhase_550_com.android.server.apphibernation.AppHibernationService
05-23 09:26:32.347 732 732 V SystemServerTiming: OnBootPhase_550_com.android.server.apphibernation.AppHibernationService took to complete: 0ms
05-23 09:26:32.347 732 732 D SystemServerTiming: OnBootPhase_550_com.android.server.locksettings.LockSettingsService$Lifecycle
05-23 09:26:32.348 732 732 I RebootEscrowManager: No reboot escrow data found for users, skipping loading escrow data
01-01 08:00:18.915 0 0 W : [2 T557 ..] [aml_wq_init 162] workqueue init
01-01 08:00:18.924 0 0 W : [2 T557 ..] [aml_send_sync_trace 4388] sync token[25234]
01-01 08:00:18.924 0 0 W : [2 T557 ..] >>> aml_send_msg()
01-01 08:00:18.925 0 0 F [2 T557 ..] aml_send_msg: bypassing (AML_DEV_RESTARTING set) 0x00
01-01 08:00:18.926 0 0 W : [2 T557 ..] [aml_trace_buf_init 1015] trace mutex init
01-01 08:00:18.926 0 0 W : [2 T557 ..] [recy_dbg][aml_recy_init 745] recovery func init
01-01 08:00:18.927 0 0 W : [2 T557 ..] >>> aml_send_me_chan_config_req()
05-23 09:26:32.350 732 732 V SystemServerTiming: OnBootPhase_550_com.android.server.locksettings.LockSettingsService$Lifecycle took to complete: 4ms
05-23 09:26:32.351 732 732 D SystemServerTiming: OnBootPhase_550_com.android.server.PersistentDataBlockService
05-23 09:26:32.351 732 732 V SystemServerTiming: OnBootPhase_550_com.android.server.PersistentDataBlockService took to complete: 0ms
05-23 09:26:32.351 732 732 D SystemServerTiming: OnBootPhase_550_com.android.server.testharness.TestHarnessModeService
05-23 09:26:32.351 732 732 V SystemServerTiming: OnBootPhase_550_com.android.server.testharness.TestHarnessModeService took to complete: 0ms
05-23 09:26:32.351 732 732 D SystemServerTiming: OnBootPhase_550_com.android.server.oemlock.OemLockService
05-23 09:26:32.351 732 732 V SystemServerTiming: OnBootPhase_550_com.android.server.oemlock.OemLockService took to complete: 0ms
05-23 09:26:32.351 732 732 D SystemServerTiming: OnBootPhase_550_com.android.server.DeviceIdleController
05-23 09:26:32.351 732 732 V SystemServerTiming: OnBootPhase_550_com.android.server.DeviceIdleController took to complete: 0ms
05-23 09:26:32.351 732 732 D SystemServerTiming: OnBootPhase_550_com.android.server.devicepolicy.DevicePolicyManagerService$Lifecycle
05-23 09:26:32.351 732 732 V SystemServerTiming: OnBootPhase_550_com.android.server.devicepolicy.DevicePolicyManagerService$Lifecycle took to complete: 0ms
05-23 09:26:32.351 732 732 D SystemServerTiming: OnBootPhase_550_com.android.server.texttospeech.TextToSpeechManagerService
05-23 09:26:32.351 732 732 V SystemServerTiming: OnBootPhase_550_com.android.server.texttospeech.TextToSpeechManagerService took to complete: 0ms
05-23 09:26:32.351 732 732 D SystemServerTiming: OnBootPhase_550_com.android.server.ambientcontext.AmbientContextManagerService
05-23 09:26:32.351 732 732 V SystemServerTiming: OnBootPhase_550_com.android.server.ambientcontext.AmbientContextManagerService took to complete: 0ms
05-23 09:26:32.351 732 732 D SystemServerTiming: OnBootPhase_550_com.android.server.wearable.WearableSensingManagerService
05-23 09:26:32.351 732 732 V SystemServerTiming: OnBootPhase_550_com.android.server.wearable.WearableSensingManagerService took to complete: 0ms
05-23 09:26:32.351 732 732 D SystemServerTiming: OnBootPhase_550_com.android.server.speech.SpeechRecognitionManagerService
05-23 09:26:32.351 732 732 V SystemServerTiming: OnBootPhase_550_com.android.server.speech.SpeechRecognitionManagerService took to complete: 0ms
05-23 09:26:32.351 732 732 D SystemServerTiming: OnBootPhase_550_com.android.server.searchui.SearchUiManagerService
05-23 09:26:32.351 732 732 V SystemServerTiming: OnBootPhase_550_com.android.server.searchui.SearchUiManagerService took to complete: 0ms
05-23 09:26:32.351 732 732 D SystemServerTiming: OnBootPhase_550_com.android.server.smartspace.SmartspaceManagerService
05-23 09:26:32.351 732 732 V SystemServerTiming: OnBootPhase_550_com.android.server.smartspace.SmartspaceManagerService took to complete: 0ms
05-23 09:26:32.351 732 732 D SystemServerTiming: OnBootPhase_550_com.android.server.graphics.fonts.FontManagerService$Lifecycle
05-23 09:26:32.351 732 732 V SystemServerTiming: OnBootPhase_550_com.android.server.graphics.fonts.FontManagerService$Lifecycle took to complete: 0ms
05-23 09:26:32.351 732 732 D SystemServerTiming: OnBootPhase_550_com.android.server.textservices.TextServicesManagerService$Lifecycle
05-23 09:26:32.351 732 732 V SystemServerTiming: OnBootPhase_550_com.android.server.textservices.TextServicesManagerService$Lifecycle took to complete: 0ms
05-23 09:26:32.351 732 732 D SystemServerTiming: OnBootPhase_550_com.android.server.textclassifier.TextClassificationManagerService$Lifecycle
05-23 09:26:32.351 732 732 V SystemServerTiming: OnBootPhase_550_com.android.server.textclassifier.TextClassificationManagerService$Lifecycle took to complete: 0ms
05-23 09:26:32.351 732 732 D SystemServerTiming: OnBootPhase_550_com.android.server.NetworkScoreService$Lifecycle
05-23 09:26:32.351 732 732 V SystemServerTiming: OnBootPhase_550_com.android.server.NetworkScoreService$Lifecycle took to complete: 0ms
05-23 09:26:32.351 732 732 D SystemServerTiming: OnBootPhase_550_com.android.server.NetworkStatsServiceInitializer
01-01 08:00:18.929 0 0 W : [2 T557 ..] >>> aml_send_msg()
05-23 09:26:32.357 732 805 D SystemServerInitThreadPool: Finished executing Lazily initialize IMMS#mImeDrawsImeNavBarRes
05-23 09:26:32.357 732 805 V SystemServerTimingAsync: InitThreadPoolExec:Lazily initialize IMMS#mImeDrawsImeNavBarRes took to complete: 98ms
01-01 08:00:18.934 0 0 W : [2 T947 ..] ipc_sdio_host_msgack_handler 000000007d9c6c5e
01-01 08:00:18.935 0 0 W : [2 T947 ..] [aml_msgackind 2038] msg ack hostid=0xffffff804525ca80
01-01 08:00:18.935 0 0 W : [2 T947 ..] [cmd_mgr_llind 329] cmd tkn[5] flags:001a result: -4 cmd:5122-ME_CHAN_CONFIG_REQ - reqcfm(5123-ME_CHAN_CONFIG_CFM)
01-01 08:00:18.937 0 0 W : [2 T947 ..] [cmd_mgr_msgind 409] cmd tkn[5] flags:0012 result: -4 cmd:5122-ME_CHAN_CONFIG_REQ - reqcfm(5123-ME_CHAN_CONFIG_CFM)
01-01 08:00:18.939 0 0 W : [2 T947 ..] [cmd_complete 65] cmd tkn[5] flags:0002 result: -4 cmd:5122-ME_CHAN_CONFIG_REQ - reqcfm(5123-ME_CHAN_CONFIG_CFM)
01-01 08:00:18.941 0 0 W : [2 T557 ..] >>> aml_send_msg()
01-01 08:00:18.941 0 0 W : [2 T947 ..] ipc_sdio_host_msgack_handler 000000007d9c6c5e
05-23 09:26:32.363 732 820 E NativeTombstoneManager: Tombstone's UID (1002) not an app, ignoring
01-01 08:00:18.942 0 0 W : [2 T947 ..] [aml_msgackind 2038] msg ack hostid=0xffffff804525ca80
01-01 08:00:18.943 0 0 W : [2 T947 ..] [cmd_mgr_llind 329] cmd tkn[6] flags:001a result: -4 cmd: 105-MM_SUB_READ_EFUSE - reqcfm(16391-unknown)
01-01 08:00:18.945 0 0 W : [2 T947 ..] [cmd_mgr_msgind 409] cmd tkn[6] flags:0012 result: -4 cmd: 105-MM_SUB_READ_EFUSE - reqcfm(16391-unknown)
01-01 08:00:18.946 0 0 W : [2 T947 ..] [cmd_complete 65] cmd tkn[6] flags:0002 result: -4 cmd: 105-MM_SUB_READ_EFUSE - reqcfm(16391-unknown)
01-01 08:00:18.948 0 0 W [2 T557 ..] read_efuse: value = 40129a29
05-23 09:26:32.373 732 820 I BootReceiver: Copying /data/tombstones/tombstone_01 to DropBox (SYSTEM_TOMBSTONE)
05-23 09:26:32.373 732 820 I DropBoxManagerService: add tag=SYSTEM_TOMBSTONE isTagEnabled=true flags=0x6
01-01 08:00:18.949 0 0 W : [2 T557 ..] >>> aml_send_msg()
01-01 08:00:18.949 0 0 W : [2 T947 ..] fmac efuse read: address:0x8 value:0x40129A29
01-01 08:00:18.949 0 0 W : [2 T947 ..] ipc_sdio_host_msgack_handler 000000007d9c6c5e
01-01 08:00:18.951 0 0 W : [2 T947 ..] [aml_msgackind 2038] msg ack hostid=0xffffff804525ca80
01-01 08:00:18.952 0 0 W : [2 T947 ..] [cmd_mgr_llind 329] cmd tkn[7] flags:001a result: -4 cmd: 105-MM_SUB_READ_EFUSE - reqcfm(16391-unknown)
01-01 08:00:18.953 0 0 W : [2 T947 ..] [cmd_mgr_msgind 409] cmd tkn[7] flags:0012 result: -4 cmd: 105-MM_SUB_READ_EFUSE - reqcfm(16391-unknown)
01-01 08:00:18.955 0 0 W : [2 T947 ..] [cmd_complete 65] cmd tkn[7] flags:0002 result: -4 cmd: 105-MM_SUB_READ_EFUSE - reqcfm(16391-unknown)
01-01 08:00:18.957 0 0 W [2 T557 ..] read_efuse: value = 3fff1218
01-01 08:00:18.957 0 0 W : [2 T557 ..] [aml_cfg_get_chipid 167] get_chipid from efuse:121840129a29
01-01 08:00:18.957 0 0 W : [2 T947 ..] fmac efuse read: address:0x9 value:0x3FFF1218
01-01 08:00:18.958 0 0 W : [2 T557 ..] >>> aml_send_msg()
05-23 09:26:32.392 732 820 E NativeTombstoneManager: Tombstone's UID (1002) not an app, ignoring
01-01 08:00:18.968 0 0 W : [2 T947 ..] ipc_sdio_host_msgack_handler 000000007d9c6c5e
01-01 08:00:18.968 0 0 W : [2 T947 ..] [aml_msgackind 2038] msg ack hostid=0xffffff804525ca80
01-01 08:00:18.969 0 0 W : [2 T947 ..] [cmd_mgr_llind 329] cmd tkn[8] flags:001a result: -4 cmd: 105-MM_SUB_READ_EFUSE - reqcfm(16391-unknown)
01-01 08:00:18.971 0 0 W : [2 T947 ..] [cmd_mgr_msgind 409] cmd tkn[8] flags:0012 result: -4 cmd: 105-MM_SUB_READ_EFUSE - reqcfm(16391-unknown)
01-01 08:00:18.972 0 0 W : [2 T947 ..] [cmd_complete 65] cmd tkn[8] flags:0002 result: -4 cmd: 105-MM_SUB_READ_EFUSE - reqcfm(16391-unknown)
01-01 08:00:18.974 0 0 W [2 T557 ..] read_efuse: value = 1ffff
01-01 08:00:18.974 0 0 W : [2 T557 ..] >>> aml_send_msg()
01-01 08:00:18.974 0 0 W : [2 T947 ..] fmac efuse read: address:0x7 value:0x1FFFF
01-01 08:00:18.975 0 0 W : [2 T947 ..] ipc_sdio_host_msgack_handler 00000000e925a858
01-01 08:00:18.976 0 0 W : [2 T947 ..] [aml_msgackind 2038] msg ack hostid=0xffffff8010927280
05-23 09:26:32.401 732 732 V SystemServerTiming: OnBootPhase_550_com.android.server.NetworkStatsServiceInitializer took to complete: 48ms
05-23 09:26:32.401 732 732 D SystemServerTiming: OnBootPhase_550_com.android.server.wifi.WifiService
05-23 09:26:32.401 732 732 V SystemServerTiming: OnBootPhase_550_com.android.server.wifi.WifiService took to complete: 0ms
05-23 09:26:32.401 732 732 D SystemServerTiming: OnBootPhase_550_com.android.server.wifi.scanner.WifiScanningService
05-23 09:26:32.401 732 732 V SystemServerTiming: OnBootPhase_550_com.android.server.wifi.scanner.WifiScanningService took to complete: 1ms
05-23 09:26:32.401 732 732 D SystemServerTiming: OnBootPhase_550_com.android.server.wifi.p2p.WifiP2pService
05-23 09:26:32.401 732 732 V SystemServerTiming: OnBootPhase_550_com.android.server.wifi.p2p.WifiP2pService took to complete: 0ms
05-23 09:26:32.401 732 732 D SystemServerTiming: OnBootPhase_550_com.android.server.ConnectivityServiceInitializer
05-23 09:26:32.401 732 732 V SystemServerTiming: OnBootPhase_550_com.android.server.ConnectivityServiceInitializer took to complete: 0ms
05-23 09:26:32.401 732 732 D SystemServerTiming: OnBootPhase_550_com.android.server.notification.NotificationManagerService
05-23 09:26:32.402 732 732 V SystemServerTiming: OnBootPhase_550_com.android.server.notification.NotificationManagerService took to complete: 0ms
05-23 09:26:32.402 732 732 D SystemServerTiming: OnBootPhase_550_com.android.server.storage.DeviceStorageMonitorService
05-23 09:26:32.402 732 732 V SystemServerTiming: OnBootPhase_550_com.android.server.storage.DeviceStorageMonitorService took to complete: 0ms
05-23 09:26:32.402 732 732 D SystemServerTiming: OnBootPhase_550_com.android.server.timedetector.TimeDetectorService$Lifecycle
05-23 09:26:32.402 732 732 V SystemServerTiming: OnBootPhase_550_com.android.server.timedetector.TimeDetectorService$Lifecycle took to complete: 0ms
05-23 09:26:32.402 732 732 D SystemServerTiming: OnBootPhase_550_com.android.server.location.LocationManagerService$Lifecycle
05-23 09:26:32.402 732 732 V SystemServerTiming: OnBootPhase_550_com.android.server.location.LocationManagerService$Lifecycle took to complete: 0ms
05-23 09:26:32.402 732 732 D SystemServerTiming: OnBootPhase_550_com.android.server.timezonedetector.TimeZoneDetectorService$Lifecycle
05-23 09:26:32.402 732 732 V SystemServerTiming: OnBootPhase_550_com.android.server.timezonedetector.TimeZoneDetectorService$Lifecycle took to complete: 0ms
05-23 09:26:32.402 732 732 D SystemServerTiming: OnBootPhase_550_com.android.server.location.altitude.AltitudeService$Lifecycle
01-01 08:00:18.977 0 0 W : [2 T947 ..] [cmd_mgr_llind 329] cmd tkn[9] flags:001a result: -4 cmd: 105-MM_SUB_READ_EFUSE - reqcfm(16391-unknown)
01-01 08:00:18.979 0 0 W : [2 T947 ..] [cmd_mgr_msgind 409] cmd tkn[9] flags:0012 result: -4 cmd: 105-MM_SUB_READ_EFUSE - reqcfm(16391-unknown)
